May 28 02:00:02.841605 np0000177136 devstack@neutron-api.service[103147]: INFO neutron.api.extensions [None req-c9eab564-74b6-41f1-ae06-4a5ea6500bd5 None None] Loaded extension: extraroute-atomic
May 28 02:00:02.841692 np0000177136 devstack@neutron-api.service[103147]: DEBUG neutron.api.extensions [None req-c9eab564-74b6-41f1-ae06-4a5ea6500bd5 None None] Loading extension file: filter_validation.py {{(pid=103147) _load_all_extensions_from_path /opt/stack/neutron/neutron/api/extensions.py:449}}
May 28 02:00:02.841781 np0000177136 devstack@neutron-api.service[103145]: DEBUG neutron_lib.callbacks.manager [None req-7f6e5890-9c6f-41bb-b6a0-6c1075da0659 None None] Subscribe: ._register_pvlan_driver at 0x7bf78b69ca40> pvlan_plugin after_init 55550000, False {{(pid=103145) subscribe /opt/stack/data/venv/lib/python3.12/site-packages/neutron_lib/callbacks/manager.py:52}}
May 28 02:00:02.841983 np0000177136 devstack@neutron-api.service[103147]: DEBUG neutron.api.extensions [None req-c9eab564-74b6-41f1-ae06-4a5ea6500bd5 None None] Ext name="Filter parameters validation" alias="filter-validation" description="Provides validation on filter parameters." updated="2018-07-04T10:00:00-00:00" {{(pid=103147) _check_extension /opt/stack/neutron/neutron/api/extensions.py:415}}
May 28 02:00:02.842124 np0000177136 devstack@neutron-api.service[103147]: INFO neutron.api.extensions [None req-c9eab564-74b6-41f1-ae06-4a5ea6500bd5 None None] Loaded extension: filter-validation
May 28 02:00:02.842268 np0000177136 devstack@neutron-api.service[103147]: DEBUG neutron.api.extensions [None req-c9eab564-74b6-41f1-ae06-4a5ea6500bd5 None None] Loading extension file: fip_pf_description.py {{(pid=103147) _load_all_extensions_from_path /opt/stack/neutron/neutron/api/extensions.py:449}}
May 28 02:00:02.842453 np0000177136 devstack@neutron-api.service[103147]: DEBUG neutron.api.extensions [None req-c9eab564-74b6-41f1-ae06-4a5ea6500bd5 None None] Ext name="Floating IP Port Forwarding new attribute description" alias="floating-ip-port-forwarding-description" description="Add a description field to Port Forwarding rules" updated="2019-11-01T10:00:00-00:00" {{(pid=103147) _check_extension /opt/stack/neutron/neutron/api/extensions.py:415}}
May 28 02:00:02.842622 np0000177136 devstack@neutron-api.service[103147]: INFO neutron.api.extensions [None req-c9eab564-74b6-41f1-ae06-4a5ea6500bd5 None None] Extension floating-ip-port-forwarding-description not supported by any of loaded plugins
May 28 02:00:02.842701 np0000177136 devstack@neutron-api.service[103147]: DEBUG neutron.api.extensions [None req-c9eab564-74b6-41f1-ae06-4a5ea6500bd5 None None] Loading extension file: fip_pf_detail.py {{(pid=103147) _load_all_extensions_from_path /opt/stack/neutron/neutron/api/extensions.py:449}}
May 28 02:00:02.842735 np0000177136 devstack@neutron-api.service[103148]: DEBUG neutron_lib.callbacks.manager [None req-726a0a91-db20-4d48-a207-6bb8464d6065 None None] Subscribe: > router before_delete 55550000, False {{(pid=103148) subscribe /opt/stack/data/venv/lib/python3.12/site-packages/neutron_lib/callbacks/manager.py:52}}
May 28 02:00:02.842969 np0000177136 devstack@neutron-api.service[103148]: DEBUG neutron_lib.callbacks.manager [None req-726a0a91-db20-4d48-a207-6bb8464d6065 None None] Subscribe: port before_update 55550000, False {{(pid=103148) subscribe /opt/stack/data/venv/lib/python3.12/site-packages/neutron_lib/callbacks/manager.py:52}}
May 28 02:00:02.843161 np0000177136 devstack@neutron-api.service[103148]: DEBUG neutron_lib.callbacks.manager [None req-726a0a91-db20-4d48-a207-6bb8464d6065 None None] Subscribe: port after_update 55550000, False {{(pid=103148) subscribe /opt/stack/data/venv/lib/python3.12/site-packages/neutron_lib/callbacks/manager.py:52}}
May 28 02:00:02.843351 np0000177136 devstack@neutron-api.service[103148]: DEBUG neutron_lib.callbacks.manager [None req-726a0a91-db20-4d48-a207-6bb8464d6065 None None] Subscribe: > port precommit_delete 55550000, False {{(pid=103148) subscribe /opt/stack/data/venv/lib/python3.12/site-packages/neutron_lib/callbacks/manager.py:52}}
May 28 02:00:02.843498 np0000177136 devstack@neutron-api.service[103148]: DEBUG neutron_lib.callbacks.manager [None req-726a0a91-db20-4d48-a207-6bb8464d6065 None None] Subscribe: port before_update 55550000, False {{(pid=103148) subscribe /opt/stack/data/venv/lib/python3.12/site-packages/neutron_lib/callbacks/manager.py:52}}
May 28 02:00:02.843681 np0000177136 devstack@neutron-api.service[103147]: DEBUG neutron.api.extensions [None req-c9eab564-74b6-41f1-ae06-4a5ea6500bd5 None None] Ext name="Floating IP port forwarding detail" alias="floating-ip-port-forwarding-detail" description="Allow list floating ip return more port forwarding data, include'id' and 'internal_port_id'" updated="2022-05-06T10:00:00-00:00" {{(pid=103147) _check_extension /opt/stack/neutron/neutron/api/extensions.py:415}}
May 28 02:00:02.843727 np0000177136 devstack@neutron-api.service[103148]: DEBUG neutron_lib.callbacks.manager [None req-726a0a91-db20-4d48-a207-6bb8464d6065 None None] Subscribe: port before_delete 55550000, False {{(pid=103148) subscribe /opt/stack/data/venv/lib/python3.12/site-packages/neutron_lib/callbacks/manager.py:52}}
May 28 02:00:02.843856 np0000177136 devstack@neutron-api.service[103148]: DEBUG neutron_lib.callbacks.manager [None req-726a0a91-db20-4d48-a207-6bb8464d6065 None None] Subscribe: > router precommit_create 55550000, False {{(pid=103148) subscribe /opt/stack/data/venv/lib/python3.12/site-packages/neutron_lib/callbacks/manager.py:52}}
May 28 02:00:02.844156 np0000177136 devstack@neutron-api.service[103147]: INFO neutron.api.extensions [None req-c9eab564-74b6-41f1-ae06-4a5ea6500bd5 None None] Loaded extension: floating-ip-port-forwarding-detail
May 28 02:00:02.844156 np0000177136 devstack@neutron-api.service[103147]: DEBUG neutron.api.extensions [None req-c9eab564-74b6-41f1-ae06-4a5ea6500bd5 None None] Loading extension file: fip_pf_port_range.py {{(pid=103147) _load_all_extensions_from_path /opt/stack/neutron/neutron/api/extensions.py:449}}
May 28 02:00:02.844412 np0000177136 devstack@neutron-api.service[103145]: DEBUG neutron.plugins.ml2.plugin [None req-7f6e5890-9c6f-41bb-b6a0-6c1075da0659 None None] neutron.plugins.ml2.plugin.Ml2Plugin method _start_rpc_notifiers called with arguments () {} {{(pid=103145) wrapper /opt/stack/data/venv/lib/python3.12/site-packages/oslo_log/helpers.py:77}}
May 28 02:00:02.844528 np0000177136 devstack@neutron-api.service[103148]: DEBUG neutron_lib.callbacks.manager [None req-726a0a91-db20-4d48-a207-6bb8464d6065 None None] Subscribe: > router precommit_create 55550000, False {{(pid=103148) subscribe /opt/stack/data/venv/lib/python3.12/site-packages/neutron_lib/callbacks/manager.py:52}}
May 28 02:00:02.844528 np0000177136 devstack@neutron-api.service[103148]: DEBUG neutron_lib.callbacks.manager [None req-726a0a91-db20-4d48-a207-6bb8464d6065 None None] Subscribe: > router precommit_update 55550000, False {{(pid=103148) subscribe /opt/stack/data/venv/lib/python3.12/site-packages/neutron_lib/callbacks/manager.py:52}}
May 28 02:00:02.844745 np0000177136 devstack@neutron-api.service[103147]: DEBUG neutron.api.extensions [None req-c9eab564-74b6-41f1-ae06-4a5ea6500bd5 None None] Ext name="Floating IP Port Forwarding support port ranges" alias="floating-ip-port-forwarding-port-ranges" description="Add support to port ranges" updated="2020-07-01T10:00:00-00:00" {{(pid=103147) _check_extension /opt/stack/neutron/neutron/api/extensions.py:415}}
May 28 02:00:02.844806 np0000177136 devstack@neutron-api.service[103145]: DEBUG neutron_lib.callbacks.manager [None req-7f6e5890-9c6f-41bb-b6a0-6c1075da0659 None None] Subscribe: > port after_create 55550000, False {{(pid=103145) subscribe /opt/stack/data/venv/lib/python3.12/site-packages/neutron_lib/callbacks/manager.py:52}}
May 28 02:00:02.844933 np0000177136 devstack@neutron-api.service[103148]: DEBUG neutron_lib.callbacks.manager [None req-726a0a91-db20-4d48-a207-6bb8464d6065 None None] Subscribe: subnet after_update 55550000, False {{(pid=103148) subscribe /opt/stack/data/venv/lib/python3.12/site-packages/neutron_lib/callbacks/manager.py:52}}
May 28 02:00:02.845062 np0000177136 devstack@neutron-api.service[103147]: INFO neutron.api.extensions [None req-c9eab564-74b6-41f1-ae06-4a5ea6500bd5 None None] Extension floating-ip-port-forwarding-port-ranges not supported by any of loaded plugins
May 28 02:00:02.845176 np0000177136 devstack@neutron-api.service[103145]: DEBUG neutron_lib.callbacks.manager [None req-7f6e5890-9c6f-41bb-b6a0-6c1075da0659 None None] Subscribe: > port after_update 55550000, False {{(pid=103145) subscribe /opt/stack/data/venv/lib/python3.12/site-packages/neutron_lib/callbacks/manager.py:52}}
May 28 02:00:02.845327 np0000177136 devstack@neutron-api.service[103147]: DEBUG neutron.api.extensions [None req-c9eab564-74b6-41f1-ae06-4a5ea6500bd5 None None] Loading extension file: fip_port_details.py {{(pid=103147) _load_all_extensions_from_path /opt/stack/neutron/neutron/api/extensions.py:449}}
May 28 02:00:02.845455 np0000177136 devstack@neutron-api.service[103145]: DEBUG neutron_lib.callbacks.manager [None req-7f6e5890-9c6f-41bb-b6a0-6c1075da0659 None None] Subscribe: > port after_delete 55550000, False {{(pid=103145) subscribe /opt/stack/data/venv/lib/python3.12/site-packages/neutron_lib/callbacks/manager.py:52}}
May 28 02:00:02.845455 np0000177136 devstack@neutron-api.service[103145]: DEBUG neutron_lib.callbacks.manager [None req-7f6e5890-9c6f-41bb-b6a0-6c1075da0659 None None] Subscribe: > subnet after_create 55550000, False {{(pid=103145) subscribe /opt/stack/data/venv/lib/python3.12/site-packages/neutron_lib/callbacks/manager.py:52}}
May 28 02:00:02.845677 np0000177136 devstack@neutron-api.service[103148]: DEBUG neutron.quota.resource_registry [None req-726a0a91-db20-4d48-a207-6bb8464d6065 None None] Tracking information for resource: router configured {{(pid=103148) set_tracked_resource /opt/stack/neutron/neutron/quota/resource_registry.py:203}}
May 28 02:00:02.845742 np0000177136 devstack@neutron-api.service[103147]: DEBUG neutron.api.extensions [None req-c9eab564-74b6-41f1-ae06-4a5ea6500bd5 None None] Ext name="Floating IP Port Details Extension" alias="fip-port-details" description="Add port_details attribute to Floating IP resource" updated="2018-04-09T10:00:00-00:00" {{(pid=103147) _check_extension /opt/stack/neutron/neutron/api/extensions.py:415}}
May 28 02:00:02.845868 np0000177136 devstack@neutron-api.service[103145]: DEBUG neutron_lib.callbacks.manager [None req-7f6e5890-9c6f-41bb-b6a0-6c1075da0659 None None] Subscribe: > subnet after_update 55550000, False {{(pid=103145) subscribe /opt/stack/data/venv/lib/python3.12/site-packages/neutron_lib/callbacks/manager.py:52}}
May 28 02:00:02.845868 np0000177136 devstack@neutron-api.service[103145]: DEBUG neutron_lib.callbacks.manager [None req-7f6e5890-9c6f-41bb-b6a0-6c1075da0659 None None] Subscribe: > subnet after_delete 55550000, False {{(pid=103145) subscribe /opt/stack/data/venv/lib/python3.12/site-packages/neutron_lib/callbacks/manager.py:52}}
May 28 02:00:02.846088 np0000177136 devstack@neutron-api.service[103148]: DEBUG neutron.quota.resource_registry [None req-726a0a91-db20-4d48-a207-6bb8464d6065 None None] Tracking information for resource: floatingip configured {{(pid=103148) set_tracked_resource /opt/stack/neutron/neutron/quota/resource_registry.py:203}}
May 28 02:00:02.846210 np0000177136 devstack@neutron-api.service[103147]: INFO neutron.api.extensions [None req-c9eab564-74b6-41f1-ae06-4a5ea6500bd5 None None] Loaded extension: fip-port-details
May 28 02:00:02.846287 np0000177136 devstack@neutron-api.service[103145]: DEBUG neutron_lib.callbacks.manager [None req-7f6e5890-9c6f-41bb-b6a0-6c1075da0659 None None] Subscribe: > network after_create 55550000, False {{(pid=103145) subscribe /opt/stack/data/venv/lib/python3.12/site-packages/neutron_lib/callbacks/manager.py:52}}
May 28 02:00:02.846427 np0000177136 devstack@neutron-api.service[103147]: DEBUG neutron.api.extensions [None req-c9eab564-74b6-41f1-ae06-4a5ea6500bd5 None None] Loading extension file: flavors.py {{(pid=103147) _load_all_extensions_from_path /opt/stack/neutron/neutron/api/extensions.py:449}}
May 28 02:00:02.846568 np0000177136 devstack@neutron-api.service[103148]: INFO neutron.services.ovn_l3.plugin [None req-726a0a91-db20-4d48-a207-6bb8464d6065 None None] Starting OVNL3RouterPlugin
May 28 02:00:02.846768 np0000177136 devstack@neutron-api.service[103145]: DEBUG neutron_lib.callbacks.manager [None req-7f6e5890-9c6f-41bb-b6a0-6c1075da0659 None None] Subscribe: > network after_update 55550000, False {{(pid=103145) subscribe /opt/stack/data/venv/lib/python3.12/site-packages/neutron_lib/callbacks/manager.py:52}}
May 28 02:00:02.846768 np0000177136 devstack@neutron-api.service[103145]: DEBUG neutron_lib.callbacks.manager [None req-7f6e5890-9c6f-41bb-b6a0-6c1075da0659 None None] Subscribe: > network after_delete 55550000, False {{(pid=103145) subscribe /opt/stack/data/venv/lib/python3.12/site-packages/neutron_lib/callbacks/manager.py:52}}
May 28 02:00:02.846768 np0000177136 devstack@neutron-api.service[103145]: DEBUG neutron_lib.callbacks.manager [None req-7f6e5890-9c6f-41bb-b6a0-6c1075da0659 None None] Subscribe: > security_group after_create 55550000, False {{(pid=103145) subscribe /opt/stack/data/venv/lib/python3.12/site-packages/neutron_lib/callbacks/manager.py:52}}
May 28 02:00:02.846945 np0000177136 devstack@neutron-api.service[103147]: DEBUG neutron.api.extensions [None req-c9eab564-74b6-41f1-ae06-4a5ea6500bd5 None None] Ext name="Neutron Service Flavors" alias="flavors" description="Flavor specification for Neutron advanced services." updated="2015-09-17T10:00:00-00:00" {{(pid=103147) _check_extension /opt/stack/neutron/neutron/api/extensions.py:415}}
May 28 02:00:02.847185 np0000177136 devstack@neutron-api.service[103145]: DEBUG neutron_lib.callbacks.manager [None req-7f6e5890-9c6f-41bb-b6a0-6c1075da0659 None None] Subscribe: > security_group after_update 55550000, False {{(pid=103145) subscribe /opt/stack/data/venv/lib/python3.12/site-packages/neutron_lib/callbacks/manager.py:52}}
May 28 02:00:02.848443 np0000177136 devstack@neutron-api.service[103148]: DEBUG neutron_lib.callbacks.manager [None req-726a0a91-db20-4d48-a207-6bb8464d6065 None None] Subscribe: > port_forwarding_plugin after_init 55550000, False {{(pid=103148) subscribe /opt/stack/data/venv/lib/python3.12/site-packages/neutron_lib/callbacks/manager.py:52}}
May 28 02:00:02.848666 np0000177136 devstack@neutron-api.service[103145]: DEBUG neutron_lib.callbacks.manager [None req-7f6e5890-9c6f-41bb-b6a0-6c1075da0659 None None] Subscribe: > security_group after_delete 55550000, False {{(pid=103145) subscribe /opt/stack/data/venv/lib/python3.12/site-packages/neutron_lib/callbacks/manager.py:52}}
May 28 02:00:02.848821 np0000177136 devstack@neutron-api.service[103147]: INFO neutron.api.extensions [None req-c9eab564-74b6-41f1-ae06-4a5ea6500bd5 None None] Loaded extension: flavors
May 28 02:00:02.848821 np0000177136 devstack@neutron-api.service[103147]: DEBUG neutron.api.extensions [None req-c9eab564-74b6-41f1-ae06-4a5ea6500bd5 None None] Loading extension file: floating_ip_port_forwarding.py {{(pid=103147) _load_all_extensions_from_path /opt/stack/neutron/neutron/api/extensions.py:449}}
May 28 02:00:02.848963 np0000177136 devstack@neutron-api.service[103145]: DEBUG neutron_lib.callbacks.manager [None req-7f6e5890-9c6f-41bb-b6a0-6c1075da0659 None None] Subscribe: > security_group_rule after_create 55550000, False {{(pid=103145) subscribe /opt/stack/data/venv/lib/python3.12/site-packages/neutron_lib/callbacks/manager.py:52}}
May 28 02:00:02.848963 np0000177136 devstack@neutron-api.service[103145]: DEBUG neutron_lib.callbacks.manager [None req-7f6e5890-9c6f-41bb-b6a0-6c1075da0659 None None] Subscribe: > security_group_rule after_update 55550000, False {{(pid=103145) subscribe /opt/stack/data/venv/lib/python3.12/site-packages/neutron_lib/callbacks/manager.py:52}}
May 28 02:00:02.848963 np0000177136 devstack@neutron-api.service[103145]: DEBUG neutron_lib.callbacks.manager [None req-7f6e5890-9c6f-41bb-b6a0-6c1075da0659 None None] Subscribe: > security_group_rule after_delete 55550000, False {{(pid=103145) subscribe /opt/stack/data/venv/lib/python3.12/site-packages/neutron_lib/callbacks/manager.py:52}}
May 28 02:00:02.849199 np0000177136 devstack@neutron-api.service[103148]: DEBUG neutron_lib.callbacks.manager [None req-726a0a91-db20-4d48-a207-6bb8464d6065 None None] Subscribe: > router before_create 55550100, False {{(pid=103148) subscribe /opt/stack/data/venv/lib/python3.12/site-packages/neutron_lib/callbacks/manager.py:52}}
May 28 02:00:02.849311 np0000177136 devstack@neutron-api.service[103145]: DEBUG neutron_lib.callbacks.manager [None req-7f6e5890-9c6f-41bb-b6a0-6c1075da0659 None None] Subscribe: > address_group after_create 55550000, False {{(pid=103145) subscribe /opt/stack/data/venv/lib/python3.12/site-packages/neutron_lib/callbacks/manager.py:52}}
May 28 02:00:02.849359 np0000177136 devstack@neutron-api.service[103147]: DEBUG neutron.api.extensions [None req-c9eab564-74b6-41f1-ae06-4a5ea6500bd5 None None] Ext name="Floating IP Port Forwarding" alias="floating-ip-port-forwarding" description="Allow port forwarding from floating IP port to an internal port" updated="2018-01-19T10:00:00-00:00" {{(pid=103147) _check_extension /opt/stack/neutron/neutron/api/extensions.py:415}}
May 28 02:00:02.849469 np0000177136 devstack@neutron-api.service[103148]: DEBUG neutron_lib.callbacks.manager [None req-726a0a91-db20-4d48-a207-6bb8464d6065 None None] Subscribe: > router precommit_delete 55550100, False {{(pid=103148) subscribe /opt/stack/data/venv/lib/python3.12/site-packages/neutron_lib/callbacks/manager.py:52}}
May 28 02:00:02.849566 np0000177136 devstack@neutron-api.service[103145]: DEBUG neutron_lib.callbacks.manager [None req-7f6e5890-9c6f-41bb-b6a0-6c1075da0659 None None] Subscribe: > address_group after_update 55550000, False {{(pid=103145) subscribe /opt/stack/data/venv/lib/python3.12/site-packages/neutron_lib/callbacks/manager.py:52}}
May 28 02:00:02.849566 np0000177136 devstack@neutron-api.service[103145]: DEBUG neutron_lib.callbacks.manager [None req-7f6e5890-9c6f-41bb-b6a0-6c1075da0659 None None] Subscribe: > address_group after_delete 55550000, False {{(pid=103145) subscribe /opt/stack/data/venv/lib/python3.12/site-packages/neutron_lib/callbacks/manager.py:52}}
May 28 02:00:02.849656 np0000177136 devstack@neutron-api.service[103147]: INFO neutron.api.extensions [None req-c9eab564-74b6-41f1-ae06-4a5ea6500bd5 None None] Extension floating-ip-port-forwarding not supported by any of loaded plugins
May 28 02:00:02.849802 np0000177136 devstack@neutron-api.service[103148]: DEBUG neutron_lib.callbacks.manager [None req-726a0a91-db20-4d48-a207-6bb8464d6065 None None] Subscribe: > router precommit_create 55550100, False {{(pid=103148) subscribe /opt/stack/data/venv/lib/python3.12/site-packages/neutron_lib/callbacks/manager.py:52}}
May 28 02:00:02.849853 np0000177136 devstack@neutron-api.service[103147]: DEBUG neutron.api.extensions [None req-c9eab564-74b6-41f1-ae06-4a5ea6500bd5 None None] Loading extension file: floatingip_pools.py {{(pid=103147) _load_all_extensions_from_path /opt/stack/neutron/neutron/api/extensions.py:449}}
May 28 02:00:02.849952 np0000177136 devstack@neutron-api.service[103145]: DEBUG neutron.plugins.ml2.ovo_rpc [None req-7f6e5890-9c6f-41bb-b6a0-6c1075da0659 None None] ML2 OVO RPC backend initialized. {{(pid=103145) __init__ /opt/stack/neutron/neutron/plugins/ml2/ovo_rpc.py:117}}
May 28 02:00:02.850045 np0000177136 devstack@neutron-api.service[103148]: DEBUG neutron_lib.callbacks.manager [None req-726a0a91-db20-4d48-a207-6bb8464d6065 None None] Subscribe: > router precommit_update 55550100, False {{(pid=103148) subscribe /opt/stack/data/venv/lib/python3.12/site-packages/neutron_lib/callbacks/manager.py:52}}
May 28 02:00:02.850094 np0000177136 devstack@neutron-api.service[103147]: DEBUG neutron.api.extensions [None req-c9eab564-74b6-41f1-ae06-4a5ea6500bd5 None None] Ext name="Floating IP Pools Extension" alias="floatingip-pools" description="Provides a floating IP pools API." updated="2018-03-21T10:00:00-00:00" {{(pid=103147) _check_extension /opt/stack/neutron/neutron/api/extensions.py:415}}
May 28 02:00:02.850094 np0000177136 devstack@neutron-api.service[103147]: INFO neutron.api.extensions [None req-c9eab564-74b6-41f1-ae06-4a5ea6500bd5 None None] Loaded extension: floatingip-pools
May 28 02:00:02.850094 np0000177136 devstack@neutron-api.service[103147]: DEBUG neutron.api.extensions [None req-c9eab564-74b6-41f1-ae06-4a5ea6500bd5 None None] Loading extension file: ip_allocation.py {{(pid=103147) _load_all_extensions_from_path /opt/stack/neutron/neutron/api/extensions.py:449}}
May 28 02:00:02.850094 np0000177136 devstack@neutron-api.service[103147]: DEBUG neutron.api.extensions [None req-c9eab564-74b6-41f1-ae06-4a5ea6500bd5 None None] Ext name="IP Allocation" alias="ip_allocation" description="IP allocation extension." updated="2016-06-10T23:00:00-00:00" {{(pid=103147) _check_extension /opt/stack/neutron/neutron/api/extensions.py:415}}
May 28 02:00:02.850375 np0000177136 devstack@neutron-api.service[103145]: INFO neutron.quota [None req-7f6e5890-9c6f-41bb-b6a0-6c1075da0659 None None] Loaded quota_driver: .
May 28 02:00:02.850375 np0000177136 devstack@neutron-api.service[103145]: INFO neutron.plugins.ml2.plugin [None req-7f6e5890-9c6f-41bb-b6a0-6c1075da0659 None None] Modular L2 Plugin initialization complete
May 28 02:00:02.850563 np0000177136 devstack@neutron-api.service[103147]: INFO neutron.api.extensions [None req-c9eab564-74b6-41f1-ae06-4a5ea6500bd5 None None] Extension ip_allocation not supported by any of loaded plugins
May 28 02:00:02.850563 np0000177136 devstack@neutron-api.service[103147]: DEBUG neutron.api.extensions [None req-c9eab564-74b6-41f1-ae06-4a5ea6500bd5 None None] Loading extension file: ip_substring_port_filtering.py {{(pid=103147) _load_all_extensions_from_path /opt/stack/neutron/neutron/api/extensions.py:449}}
May 28 02:00:02.850707 np0000177136 devstack@neutron-api.service[103145]: DEBUG neutron.manager [None req-7f6e5890-9c6f-41bb-b6a0-6c1075da0659 None None] Loading services supported by the core plugin {{(pid=103145) _load_services_from_core_plugin /opt/stack/neutron/neutron/manager.py:170}}
May 28 02:00:02.850707 np0000177136 devstack@neutron-api.service[103145]: INFO neutron.plugins.ml2.managers [None req-7f6e5890-9c6f-41bb-b6a0-6c1075da0659 None None] Got port-security extension from driver 'port_security'
May 28 02:00:02.850903 np0000177136 devstack@neutron-api.service[103147]: DEBUG neutron.api.extensions [None req-c9eab564-74b6-41f1-ae06-4a5ea6500bd5 None None] Ext name="IP address substring filtering" alias="ip-substring-filtering" description="Provides IP address substring filtering when listing ports" updated="2017-11-28T09:00:00-00:00" {{(pid=103147) _check_extension /opt/stack/neutron/neutron/api/extensions.py:415}}
May 28 02:00:02.850903 np0000177136 devstack@neutron-api.service[103147]: INFO neutron.api.extensions [None req-c9eab564-74b6-41f1-ae06-4a5ea6500bd5 None None] Extension ip-substring-filtering not supported by any of loaded plugins
May 28 02:00:02.850903 np0000177136 devstack@neutron-api.service[103147]: DEBUG neutron.api.extensions [None req-c9eab564-74b6-41f1-ae06-4a5ea6500bd5 None None] Loading extension file: l2_adjacency.py {{(pid=103147) _load_all_extensions_from_path /opt/stack/neutron/neutron/api/extensions.py:449}}
May 28 02:00:02.850903 np0000177136 devstack@neutron-api.service[103147]: DEBUG neutron.api.extensions [None req-c9eab564-74b6-41f1-ae06-4a5ea6500bd5 None None] Ext name="L2 Adjacency" alias="l2_adjacency" description="Display L2 Adjacency for Neutron Networks." updated="2016-04-12T16:00:00-00:00" {{(pid=103147) _check_extension /opt/stack/neutron/neutron/api/extensions.py:415}}
May 28 02:00:02.850903 np0000177136 devstack@neutron-api.service[103147]: INFO neutron.api.extensions [None req-c9eab564-74b6-41f1-ae06-4a5ea6500bd5 None None] Extension l2_adjacency not supported by any of loaded plugins
May 28 02:00:02.850903 np0000177136 devstack@neutron-api.service[103147]: DEBUG neutron.api.extensions [None req-c9eab564-74b6-41f1-ae06-4a5ea6500bd5 None None] Loading extension file: l3.py {{(pid=103147) _load_all_extensions_from_path /opt/stack/neutron/neutron/api/extensions.py:449}}
May 28 02:00:02.851177 np0000177136 devstack@neutron-api.service[103145]: DEBUG neutron.manager [None req-7f6e5890-9c6f-41bb-b6a0-6c1075da0659 None None] Loading service plugins: ['ovn-router', 'auto_allocate', 'tag', 'timestamp', 'network_ip_availability', 'flavors', 'revisions'] {{(pid=103145) _load_service_plugins /opt/stack/neutron/neutron/manager.py:195}}
May 28 02:00:02.851177 np0000177136 devstack@neutron-api.service[103145]: INFO neutron.manager [None req-7f6e5890-9c6f-41bb-b6a0-6c1075da0659 None None] Loading Plugin: ovn-router
May 28 02:00:02.851408 np0000177136 devstack@neutron-api.service[103147]: DEBUG neutron.api.extensions [None req-c9eab564-74b6-41f1-ae06-4a5ea6500bd5 None None] Ext name="Neutron L3 Router" alias="router" description="Router abstraction for basic L3 forwarding between L2 Neutron networks and access to external networks via a NAT gateway." updated="2012-07-20T10:00:00-00:00" {{(pid=103147) _check_extension /opt/stack/neutron/neutron/api/extensions.py:415}}
May 28 02:00:02.851408 np0000177136 devstack@neutron-api.service[103147]: INFO neutron.api.extensions [None req-c9eab564-74b6-41f1-ae06-4a5ea6500bd5 None None] Loaded extension: router
May 28 02:00:02.851408 np0000177136 devstack@neutron-api.service[103147]: DEBUG neutron.api.extensions [None req-c9eab564-74b6-41f1-ae06-4a5ea6500bd5 None None] Loading extension file: l3_conntrack_helper.py {{(pid=103147) _load_all_extensions_from_path /opt/stack/neutron/neutron/api/extensions.py:449}}
May 28 02:00:02.851408 np0000177136 devstack@neutron-api.service[103147]: DEBUG neutron.api.extensions [None req-c9eab564-74b6-41f1-ae06-4a5ea6500bd5 None None] Ext name="L3 Conntrack helper" alias="l3-conntrack-helper" description="Allow adding CT target rules for conntrack helper" updated="2019-04-04T10:00:00-00:00" {{(pid=103147) _check_extension /opt/stack/neutron/neutron/api/extensions.py:415}}
May 28 02:00:02.851408 np0000177136 devstack@neutron-api.service[103147]: INFO neutron.api.extensions [None req-c9eab564-74b6-41f1-ae06-4a5ea6500bd5 None None] Extension l3-conntrack-helper not supported by any of loaded plugins
May 28 02:00:02.851408 np0000177136 devstack@neutron-api.service[103147]: DEBUG neutron.api.extensions [None req-c9eab564-74b6-41f1-ae06-4a5ea6500bd5 None None] Loading extension file: l3_enable_default_route_bfd.py {{(pid=103147) _load_all_extensions_from_path /opt/stack/neutron/neutron/api/extensions.py:449}}
May 28 02:00:02.851825 np0000177136 devstack@neutron-api.service[103147]: DEBUG neutron.api.extensions [None req-c9eab564-74b6-41f1-ae06-4a5ea6500bd5 None None] Ext name="Enable Default Route BFD" alias="enable-default-route-bfd" description="Enables configurable BFD behavior for default routes" updated="2023-02-27T00:00:00-00:00" {{(pid=103147) _check_extension /opt/stack/neutron/neutron/api/extensions.py:415}}
May 28 02:00:02.851825 np0000177136 devstack@neutron-api.service[103147]: INFO neutron.api.extensions [None req-c9eab564-74b6-41f1-ae06-4a5ea6500bd5 None None] Loaded extension: enable-default-route-bfd
May 28 02:00:02.851825 np0000177136 devstack@neutron-api.service[103147]: DEBUG neutron.api.extensions [None req-c9eab564-74b6-41f1-ae06-4a5ea6500bd5 None None] Loading extension file: l3_enable_default_route_ecmp.py {{(pid=103147) _load_all_extensions_from_path /opt/stack/neutron/neutron/api/extensions.py:449}}
May 28 02:00:02.851825 np0000177136 devstack@neutron-api.service[103147]: DEBUG neutron.api.extensions [None req-c9eab564-74b6-41f1-ae06-4a5ea6500bd5 None None] Ext name="Enable Default Route ECMP" alias="enable-default-route-ecmp" description="Enables configurable ECMP behavior for default routes" updated="2023-02-27T00:00:00-00:00" {{(pid=103147) _check_extension /opt/stack/neutron/neutron/api/extensions.py:415}}
May 28 02:00:02.851825 np0000177136 devstack@neutron-api.service[103147]: INFO neutron.api.extensions [None req-c9eab564-74b6-41f1-ae06-4a5ea6500bd5 None None] Loaded extension: enable-default-route-ecmp
May 28 02:00:02.851825 np0000177136 devstack@neutron-api.service[103147]: DEBUG neutron.api.extensions [None req-c9eab564-74b6-41f1-ae06-4a5ea6500bd5 None None] Loading extension file: l3_ext_gw_mode.py {{(pid=103147) _load_all_extensions_from_path /opt/stack/neutron/neutron/api/extensions.py:449}}
May 28 02:00:02.852440 np0000177136 devstack@neutron-api.service[103147]: DEBUG neutron.api.extensions [None req-c9eab564-74b6-41f1-ae06-4a5ea6500bd5 None None] Ext name="Neutron L3 Configurable external gateway mode" alias="ext-gw-mode" description="Extension of the router abstraction for specifying whether SNAT should occur on the external gateway" updated="2013-03-28T10:00:00-00:00" {{(pid=103147) _check_extension /opt/stack/neutron/neutron/api/extensions.py:415}}
May 28 02:00:02.852440 np0000177136 devstack@neutron-api.service[103147]: INFO neutron.api.extensions [None req-c9eab564-74b6-41f1-ae06-4a5ea6500bd5 None None] Loaded extension: ext-gw-mode
May 28 02:00:02.852440 np0000177136 devstack@neutron-api.service[103147]: DEBUG neutron.api.extensions [None req-c9eab564-74b6-41f1-ae06-4a5ea6500bd5 None None] Loading extension file: l3_ext_ha_mode.py {{(pid=103147) _load_all_extensions_from_path /opt/stack/neutron/neutron/api/extensions.py:449}}
May 28 02:00:02.852440 np0000177136 devstack@neutron-api.service[103147]: DEBUG neutron.api.extensions [None req-c9eab564-74b6-41f1-ae06-4a5ea6500bd5 None None] Ext name="HA Router extension" alias="l3-ha" description="Adds HA capability to routers." updated="2014-04-26T00:00:00-00:00" {{(pid=103147) _check_extension /opt/stack/neutron/neutron/api/extensions.py:415}}
May 28 02:00:02.852440 np0000177136 devstack@neutron-api.service[103147]: INFO neutron.api.extensions [None req-c9eab564-74b6-41f1-ae06-4a5ea6500bd5 None None] Loaded extension: l3-ha
May 28 02:00:02.852440 np0000177136 devstack@neutron-api.service[103147]: DEBUG neutron.api.extensions [None req-c9eab564-74b6-41f1-ae06-4a5ea6500bd5 None None] Loading extension file: l3_ext_ndp_proxy.py {{(pid=103147) _load_all_extensions_from_path /opt/stack/neutron/neutron/api/extensions.py:449}}
May 28 02:00:02.852987 np0000177136 devstack@neutron-api.service[103148]: DEBUG neutron.services.provider_configuration [None req-726a0a91-db20-4d48-a207-6bb8464d6065 None None] Service providers = [] {{(pid=103148) parse_service_provider_opt /opt/stack/neutron/neutron/services/provider_configuration.py:170}}
May 28 02:00:02.853152 np0000177136 devstack@neutron-api.service[103147]: DEBUG neutron.api.extensions [None req-c9eab564-74b6-41f1-ae06-4a5ea6500bd5 None None] Ext name="Router support to enable NDP proxy" alias="l3-ext-ndp-proxy" description="Router extension to enable ndp proxy" updated="2020-08-25T00:00:00-00:00" {{(pid=103147) _check_extension /opt/stack/neutron/neutron/api/extensions.py:415}}
May 28 02:00:02.853270 np0000177136 devstack@neutron-api.service[103148]: DEBUG neutron.db.servicetype_db [None req-726a0a91-db20-4d48-a207-6bb8464d6065 None None] Adding provider configuration for service L3_ROUTER_NAT {{(pid=103148) add_provider_configuration /opt/stack/neutron/neutron/db/servicetype_db.py:45}}
May 28 02:00:02.853371 np0000177136 devstack@neutron-api.service[103147]: INFO neutron.api.extensions [None req-c9eab564-74b6-41f1-ae06-4a5ea6500bd5 None None] Extension l3-ext-ndp-proxy not supported by any of loaded plugins
May 28 02:00:02.853371 np0000177136 devstack@neutron-api.service[103147]: DEBUG neutron.api.extensions [None req-c9eab564-74b6-41f1-ae06-4a5ea6500bd5 None None] Loading extension file: l3_extra_gws.py {{(pid=103147) _load_all_extensions_from_path /opt/stack/neutron/neutron/api/extensions.py:449}}
May 28 02:00:02.853371 np0000177136 devstack@neutron-api.service[103147]: DEBUG neutron.api.extensions [None req-c9eab564-74b6-41f1-ae06-4a5ea6500bd5 None None] Ext name="Neutron L3 External Gateway Multihoming" alias="external-gateway-multihoming" description="Allow multiple external gateway ports per router" updated="2023-01-18T00:00:00-00:00" {{(pid=103147) _check_extension /opt/stack/neutron/neutron/api/extensions.py:415}}
May 28 02:00:02.853371 np0000177136 devstack@neutron-api.service[103147]: INFO neutron.api.extensions [None req-c9eab564-74b6-41f1-ae06-4a5ea6500bd5 None None] Loaded extension: external-gateway-multihoming
May 28 02:00:02.853371 np0000177136 devstack@neutron-api.service[103147]: DEBUG neutron.api.extensions [None req-c9eab564-74b6-41f1-ae06-4a5ea6500bd5 None None] Loading extension file: l3_flavors.py {{(pid=103147) _load_all_extensions_from_path /opt/stack/neutron/neutron/api/extensions.py:449}}
May 28 02:00:02.853371 np0000177136 devstack@neutron-api.service[103147]: DEBUG neutron.api.extensions [None req-c9eab564-74b6-41f1-ae06-4a5ea6500bd5 None None] Ext name="Router Flavor Extension" alias="l3-flavors" description="Flavor support for routers." updated="2016-05-17T00:00:00-00:00" {{(pid=103147) _check_extension /opt/stack/neutron/neutron/api/extensions.py:415}}
May 28 02:00:02.853371 np0000177136 devstack@neutron-api.service[103147]: INFO neutron.api.extensions [None req-c9eab564-74b6-41f1-ae06-4a5ea6500bd5 None None] Loaded extension: l3-flavors
May 28 02:00:02.853371 np0000177136 devstack@neutron-api.service[103147]: DEBUG neutron.api.extensions [None req-c9eab564-74b6-41f1-ae06-4a5ea6500bd5 None None] Loading extension file: l3_ndp_proxy.py {{(pid=103147) _load_all_extensions_from_path /opt/stack/neutron/neutron/api/extensions.py:449}}
May 28 02:00:02.853735 np0000177136 devstack@neutron-api.service[103147]: DEBUG neutron.api.extensions [None req-c9eab564-74b6-41f1-ae06-4a5ea6500bd5 None None] Ext name="name" alias="l3-ndp-proxy" description="description" updated="2021-06-29T10:00:00-00:00" {{(pid=103147) _check_extension /opt/stack/neutron/neutron/api/extensions.py:415}}
May 28 02:00:02.853735 np0000177136 devstack@neutron-api.service[103147]: INFO neutron.api.extensions [None req-c9eab564-74b6-41f1-ae06-4a5ea6500bd5 None None] Extension l3-ndp-proxy not supported by any of loaded plugins
May 28 02:00:02.853735 np0000177136 devstack@neutron-api.service[103147]: DEBUG neutron.api.extensions [None req-c9eab564-74b6-41f1-ae06-4a5ea6500bd5 None None] Loading extension file: l3_port_ip_change_not_allowed.py {{(pid=103147) _load_all_extensions_from_path /opt/stack/neutron/neutron/api/extensions.py:449}}
May 28 02:00:02.853735 np0000177136 devstack@neutron-api.service[103147]: DEBUG neutron.api.extensions [None req-c9eab564-74b6-41f1-ae06-4a5ea6500bd5 None None] Ext name="Prevent L3 router ports IP address change extension" alias="l3-port-ip-change-not-allowed" description="Prevent change of IP address for some L3 router ports" updated="2018-10-09T10:00:00-00:00" {{(pid=103147) _check_extension /opt/stack/neutron/neutron/api/extensions.py:415}}
May 28 02:00:02.854001 np0000177136 devstack@neutron-api.service[103148]: DEBUG neutron_lib.callbacks.manager [None req-726a0a91-db20-4d48-a207-6bb8464d6065 None None] Subscribe: > router precommit_create 55549900, False {{(pid=103148) subscribe /opt/stack/data/venv/lib/python3.12/site-packages/neutron_lib/callbacks/manager.py:52}}
May 28 02:00:02.854052 np0000177136 devstack@neutron-api.service[103147]: INFO neutron.api.extensions [None req-c9eab564-74b6-41f1-ae06-4a5ea6500bd5 None None] Extension l3-port-ip-change-not-allowed not supported by any of loaded plugins
May 28 02:00:02.854052 np0000177136 devstack@neutron-api.service[103147]: DEBUG neutron.api.extensions [None req-c9eab564-74b6-41f1-ae06-4a5ea6500bd5 None None] Loading extension file: l3agentscheduler.py {{(pid=103147) _load_all_extensions_from_path /opt/stack/neutron/neutron/api/extensions.py:449}}
May 28 02:00:02.854094 np0000177136 devstack@neutron-api.service[103148]: DEBUG neutron_lib.callbacks.manager [None req-726a0a91-db20-4d48-a207-6bb8464d6065 None None] Subscribe: > router_interface after_create 55550000, False {{(pid=103148) subscribe /opt/stack/data/venv/lib/python3.12/site-packages/neutron_lib/callbacks/manager.py:52}}
May 28 02:00:02.854094 np0000177136 devstack@neutron-api.service[103148]: DEBUG neutron_lib.callbacks.manager [None req-726a0a91-db20-4d48-a207-6bb8464d6065 None None] Subscribe: > floatingip after_create 55550000, False {{(pid=103148) subscribe /opt/stack/data/venv/lib/python3.12/site-packages/neutron_lib/callbacks/manager.py:52}}
May 28 02:00:02.854094 np0000177136 devstack@neutron-api.service[103148]: DEBUG neutron_lib.callbacks.manager [None req-726a0a91-db20-4d48-a207-6bb8464d6065 None None] Subscribe: > floatingip precommit_create 55550000, False {{(pid=103148) subscribe /opt/stack/data/venv/lib/python3.12/site-packages/neutron_lib/callbacks/manager.py:52}}
May 28 02:00:02.854402 np0000177136 devstack@neutron-api.service[103148]: DEBUG neutron_lib.callbacks.manager [None req-726a0a91-db20-4d48-a207-6bb8464d6065 None None] Subscribe: > floatingip precommit_update 55550000, False {{(pid=103148) subscribe /opt/stack/data/venv/lib/python3.12/site-packages/neutron_lib/callbacks/manager.py:52}}
May 28 02:00:02.854513 np0000177136 devstack@neutron-api.service[103147]: DEBUG neutron.api.extensions [None req-c9eab564-74b6-41f1-ae06-4a5ea6500bd5 None None] Ext name="L3 Agent Scheduler" alias="l3_agent_scheduler" description="Schedule routers among l3 agents" updated="2013-02-07T10:00:00-00:00" {{(pid=103147) _check_extension /opt/stack/neutron/neutron/api/extensions.py:415}}
May 28 02:00:02.854568 np0000177136 devstack@neutron-api.service[103148]: DEBUG neutron_lib.callbacks.manager [None req-726a0a91-db20-4d48-a207-6bb8464d6065 None None] Subscribe: > floatingip after_delete 55550000, False {{(pid=103148) subscribe /opt/stack/data/venv/lib/python3.12/site-packages/neutron_lib/callbacks/manager.py:52}}
May 28 02:00:02.854665 np0000177136 devstack@neutron-api.service[103147]: INFO neutron.api.extensions [None req-c9eab564-74b6-41f1-ae06-4a5ea6500bd5 None None] Extension l3_agent_scheduler not supported by any of loaded plugins
May 28 02:00:02.854665 np0000177136 devstack@neutron-api.service[103147]: DEBUG neutron.api.extensions [None req-c9eab564-74b6-41f1-ae06-4a5ea6500bd5 None None] Loading extension file: local_ip.py {{(pid=103147) _load_all_extensions_from_path /opt/stack/neutron/neutron/api/extensions.py:449}}
May 28 02:00:02.854791 np0000177136 devstack@neutron-api.service[103148]: DEBUG neutron_lib.callbacks.manager [None req-726a0a91-db20-4d48-a207-6bb8464d6065 None None] Subscribe: > floatingip after_status_update 55550000, False {{(pid=103148) subscribe /opt/stack/data/venv/lib/python3.12/site-packages/neutron_lib/callbacks/manager.py:52}}
May 28 02:00:02.854791 np0000177136 devstack@neutron-api.service[103148]: DEBUG neutron_lib.callbacks.manager [None req-726a0a91-db20-4d48-a207-6bb8464d6065 None None] Subscribe: > floatingip after_update 55550000, False {{(pid=103148) subscribe /opt/stack/data/venv/lib/python3.12/site-packages/neutron_lib/callbacks/manager.py:52}}
May 28 02:00:02.854922 np0000177136 devstack@neutron-api.service[103147]: DEBUG neutron.api.extensions [None req-c9eab564-74b6-41f1-ae06-4a5ea6500bd5 None None] Ext name="Local IP" alias="local_ip" description="Support Node Local Virtual IP" updated="2021-07-26T10:00:00-00:00" {{(pid=103147) _check_extension /opt/stack/neutron/neutron/api/extensions.py:415}}
May 28 02:00:02.854976 np0000177136 devstack@neutron-api.service[103148]: DEBUG neutron_lib.callbacks.manager [None req-726a0a91-db20-4d48-a207-6bb8464d6065 None None] Subscribe: > port_forwarding after_create 55550000, False {{(pid=103148) subscribe /opt/stack/data/venv/lib/python3.12/site-packages/neutron_lib/callbacks/manager.py:52}}
May 28 02:00:02.855098 np0000177136 devstack@neutron-api.service[103147]: INFO neutron.api.extensions [None req-c9eab564-74b6-41f1-ae06-4a5ea6500bd5 None None] Extension local_ip not supported by any of loaded plugins
May 28 02:00:02.855157 np0000177136 devstack@neutron-api.service[103148]: DEBUG neutron_lib.callbacks.manager [None req-726a0a91-db20-4d48-a207-6bb8464d6065 None None] Subscribe: > router_interface after_delete 55550000, False {{(pid=103148) subscribe /opt/stack/data/venv/lib/python3.12/site-packages/neutron_lib/callbacks/manager.py:52}}
May 28 02:00:02.855211 np0000177136 devstack@neutron-api.service[103147]: DEBUG neutron.api.extensions [None req-c9eab564-74b6-41f1-ae06-4a5ea6500bd5 None None] Loading extension file: logging.py {{(pid=103147) _load_all_extensions_from_path /opt/stack/neutron/neutron/api/extensions.py:449}}
May 28 02:00:02.855318 np0000177136 devstack@neutron-api.service[103148]: DEBUG neutron_lib.callbacks.manager [None req-726a0a91-db20-4d48-a207-6bb8464d6065 None None] Subscribe: > router after_create 55550000, False {{(pid=103148) subscribe /opt/stack/data/venv/lib/python3.12/site-packages/neutron_lib/callbacks/manager.py:52}}
May 28 02:00:02.855471 np0000177136 devstack@neutron-api.service[103148]: DEBUG neutron_lib.callbacks.manager [None req-726a0a91-db20-4d48-a207-6bb8464d6065 None None] Subscribe: > router precommit_create 55550000, False {{(pid=103148) subscribe /opt/stack/data/venv/lib/python3.12/site-packages/neutron_lib/callbacks/manager.py:52}}
May 28 02:00:02.855503 np0000177136 devstack@neutron-api.service[103147]: DEBUG neutron.api.extensions [None req-c9eab564-74b6-41f1-ae06-4a5ea6500bd5 None None] Ext name="Logging API Extension" alias="logging" description="Provides a logging API for resources such as security group and firewall." updated="2017-01-01T10:00:00-00:00" {{(pid=103147) _check_extension /opt/stack/neutron/neutron/api/extensions.py:415}}
May 28 02:00:02.855638 np0000177136 devstack@neutron-api.service[103148]: DEBUG neutron_lib.callbacks.manager [None req-726a0a91-db20-4d48-a207-6bb8464d6065 None None] Subscribe: > router after_delete 55550000, False {{(pid=103148) subscribe /opt/stack/data/venv/lib/python3.12/site-packages/neutron_lib/callbacks/manager.py:52}}
May 28 02:00:02.855702 np0000177136 devstack@neutron-api.service[103147]: INFO neutron.api.extensions [None req-c9eab564-74b6-41f1-ae06-4a5ea6500bd5 None None] Extension logging not supported by any of loaded plugins
May 28 02:00:02.855802 np0000177136 devstack@neutron-api.service[103147]: DEBUG neutron.api.extensions [None req-c9eab564-74b6-41f1-ae06-4a5ea6500bd5 None None] Loading extension file: metering.py {{(pid=103147) _load_all_extensions_from_path /opt/stack/neutron/neutron/api/extensions.py:449}}
May 28 02:00:02.855829 np0000177136 devstack@neutron-api.service[103148]: DEBUG neutron_lib.callbacks.manager [None req-726a0a91-db20-4d48-a207-6bb8464d6065 None None] Subscribe: > router after_update 55550000, False {{(pid=103148) subscribe /opt/stack/data/venv/lib/python3.12/site-packages/neutron_lib/callbacks/manager.py:52}}
May 28 02:00:02.855964 np0000177136 devstack@neutron-api.service[103148]: DEBUG neutron.services.service_base [None req-726a0a91-db20-4d48-a207-6bb8464d6065 None None] Loaded 'neutron.services.ovn_l3.service_providers.ovn.OvnDriver' provider for service L3_ROUTER_NAT {{(pid=103148) load_drivers /opt/stack/neutron/neutron/services/service_base.py:49}}
May 28 02:00:02.856155 np0000177136 devstack@neutron-api.service[103148]: DEBUG neutron_lib.callbacks.manager [None req-726a0a91-db20-4d48-a207-6bb8464d6065 None None] Subscribe: > process after_init 55550001, True {{(pid=103148) subscribe /opt/stack/data/venv/lib/python3.12/site-packages/neutron_lib/callbacks/manager.py:52}}
May 28 02:00:02.856384 np0000177136 devstack@neutron-api.service[103148]: DEBUG neutron.manager [None req-726a0a91-db20-4d48-a207-6bb8464d6065 None None] Successfully loaded L3_ROUTER_NAT plugin. Description: L3 Router Service Plugin for basic L3 forwarding using OVN {{(pid=103148) _create_and_add_service_plugin /opt/stack/neutron/neutron/manager.py:239}}
May 28 02:00:02.856533 np0000177136 devstack@neutron-api.service[103148]: INFO neutron.manager [None req-726a0a91-db20-4d48-a207-6bb8464d6065 None None] Loading Plugin: auto_allocate
May 28 02:00:02.857878 np0000177136 devstack@neutron-api.service[103148]: DEBUG neutron_lib.callbacks.manager [None req-726a0a91-db20-4d48-a207-6bb8464d6065 None None] Subscribe: network precommit_update 55550000, False {{(pid=103148) subscribe /opt/stack/data/venv/lib/python3.12/site-packages/neutron_lib/callbacks/manager.py:52}}
May 28 02:00:02.858046 np0000177136 devstack@neutron-api.service[103148]: DEBUG neutron_lib.callbacks.manager [None req-726a0a91-db20-4d48-a207-6bb8464d6065 None None] Subscribe: network precommit_create 55550000, False {{(pid=103148) subscribe /opt/stack/data/venv/lib/python3.12/site-packages/neutron_lib/callbacks/manager.py:52}}
May 28 02:00:02.858385 np0000177136 devstack@neutron-api.service[103148]: DEBUG neutron.manager [None req-726a0a91-db20-4d48-a207-6bb8464d6065 None None] Successfully loaded auto-allocated-topology plugin. Description: Auto Allocated Topology - aka get me a network. {{(pid=103148) _create_and_add_service_plugin /opt/stack/neutron/neutron/manager.py:239}}
May 28 02:00:02.858561 np0000177136 devstack@neutron-api.service[103148]: INFO neutron.manager [None req-726a0a91-db20-4d48-a207-6bb8464d6065 None None] Loading Plugin: tag
May 28 02:00:02.861375 np0000177136 devstack@neutron-api.service[103145]: DEBUG neutron_lib.callbacks.manager [None req-7f6e5890-9c6f-41bb-b6a0-6c1075da0659 None None] Subscribe: > router before_delete 55550000, False {{(pid=103145) subscribe /opt/stack/data/venv/lib/python3.12/site-packages/neutron_lib/callbacks/manager.py:52}}
May 28 02:00:02.861567 np0000177136 devstack@neutron-api.service[103145]: DEBUG neutron_lib.callbacks.manager [None req-7f6e5890-9c6f-41bb-b6a0-6c1075da0659 None None] Subscribe: port before_update 55550000, False {{(pid=103145) subscribe /opt/stack/data/venv/lib/python3.12/site-packages/neutron_lib/callbacks/manager.py:52}}
May 28 02:00:02.861708 np0000177136 devstack@neutron-api.service[103145]: DEBUG neutron_lib.callbacks.manager [None req-7f6e5890-9c6f-41bb-b6a0-6c1075da0659 None None] Subscribe: port after_update 55550000, False {{(pid=103145) subscribe /opt/stack/data/venv/lib/python3.12/site-packages/neutron_lib/callbacks/manager.py:52}}
May 28 02:00:02.861812 np0000177136 devstack@neutron-api.service[103148]: DEBUG neutron.manager [None req-726a0a91-db20-4d48-a207-6bb8464d6065 None None] Successfully loaded TAG plugin. Description: Tag support {{(pid=103148) _create_and_add_service_plugin /opt/stack/neutron/neutron/manager.py:239}}
May 28 02:00:02.861845 np0000177136 devstack@neutron-api.service[103145]: DEBUG neutron_lib.callbacks.manager [None req-7f6e5890-9c6f-41bb-b6a0-6c1075da0659 None None] Subscribe: > port precommit_delete 55550000, False {{(pid=103145) subscribe /opt/stack/data/venv/lib/python3.12/site-packages/neutron_lib/callbacks/manager.py:52}}
May 28 02:00:02.861911 np0000177136 devstack@neutron-api.service[103148]: INFO neutron.manager [None req-726a0a91-db20-4d48-a207-6bb8464d6065 None None] Loading Plugin: timestamp
May 28 02:00:02.862022 np0000177136 devstack@neutron-api.service[103145]: DEBUG neutron_lib.callbacks.manager [None req-7f6e5890-9c6f-41bb-b6a0-6c1075da0659 None None] Subscribe: port before_update 55550000, False {{(pid=103145) subscribe /opt/stack/data/venv/lib/python3.12/site-packages/neutron_lib/callbacks/manager.py:52}}
May 28 02:00:02.862155 np0000177136 devstack@neutron-api.service[103145]: DEBUG neutron_lib.callbacks.manager [None req-7f6e5890-9c6f-41bb-b6a0-6c1075da0659 None None] Subscribe: port before_delete 55550000, False {{(pid=103145) subscribe /opt/stack/data/venv/lib/python3.12/site-packages/neutron_lib/callbacks/manager.py:52}}
May 28 02:00:02.862309 np0000177136 devstack@neutron-api.service[103145]: DEBUG neutron_lib.callbacks.manager [None req-7f6e5890-9c6f-41bb-b6a0-6c1075da0659 None None] Subscribe: > router precommit_create 55550000, False {{(pid=103145) subscribe /opt/stack/data/venv/lib/python3.12/site-packages/neutron_lib/callbacks/manager.py:52}}
May 28 02:00:02.862462 np0000177136 devstack@neutron-api.service[103145]: DEBUG neutron_lib.callbacks.manager [None req-7f6e5890-9c6f-41bb-b6a0-6c1075da0659 None None] Subscribe: > router precommit_create 55550000, False {{(pid=103145) subscribe /opt/stack/data/venv/lib/python3.12/site-packages/neutron_lib/callbacks/manager.py:52}}
May 28 02:00:02.862592 np0000177136 devstack@neutron-api.service[103145]: DEBUG neutron_lib.callbacks.manager [None req-7f6e5890-9c6f-41bb-b6a0-6c1075da0659 None None] Subscribe: > router precommit_update 55550000, False {{(pid=103145) subscribe /opt/stack/data/venv/lib/python3.12/site-packages/neutron_lib/callbacks/manager.py:52}}
May 28 02:00:02.862735 np0000177136 devstack@neutron-api.service[103145]: DEBUG neutron_lib.callbacks.manager [None req-7f6e5890-9c6f-41bb-b6a0-6c1075da0659 None None] Subscribe: subnet after_update 55550000, False {{(pid=103145) subscribe /opt/stack/data/venv/lib/python3.12/site-packages/neutron_lib/callbacks/manager.py:52}}
May 28 02:00:02.862976 np0000177136 devstack@neutron-api.service[103145]: DEBUG neutron.quota.resource_registry [None req-7f6e5890-9c6f-41bb-b6a0-6c1075da0659 None None] Tracking information for resource: router configured {{(pid=103145) set_tracked_resource /opt/stack/neutron/neutron/quota/resource_registry.py:203}}
