Apr 14 08:08:26.983573 np0000166135 neutron-periodic-workers[105761]: DEBUG cotyledon.oslo_config_glue [-] ml2.path_mtu = 0 {{(pid=105761) log_opt_values /opt/stack/data/venv/lib/python3.12/site-packages/oslo_config/cfg.py:3006}}
Apr 14 08:08:26.983573 np0000166135 neutron-periodic-workers[105761]: DEBUG cotyledon.oslo_config_glue [-] ml2.physical_network_mtus = {} {{(pid=105761) log_opt_values /opt/stack/data/venv/lib/python3.12/site-packages/oslo_config/cfg.py:3006}}
Apr 14 08:08:26.983573 np0000166135 neutron-periodic-workers[105761]: DEBUG cotyledon.oslo_config_glue [-] ml2.project_network_types = ['geneve'] {{(pid=105761) log_opt_values /opt/stack/data/venv/lib/python3.12/site-packages/oslo_config/cfg.py:3006}}
Apr 14 08:08:26.983573 np0000166135 neutron-periodic-workers[105761]: DEBUG cotyledon.oslo_config_glue [-] ml2.tunnelled_network_rp_name = rp_tunnelled {{(pid=105761) log_opt_values /opt/stack/data/venv/lib/python3.12/site-packages/oslo_config/cfg.py:3006}}
Apr 14 08:08:26.983573 np0000166135 neutron-periodic-workers[105761]: DEBUG cotyledon.oslo_config_glue [-] ml2.type_drivers = ['local', 'flat', 'vlan', 'geneve'] {{(pid=105761) log_opt_values /opt/stack/data/venv/lib/python3.12/site-packages/oslo_config/cfg.py:3006}}
Apr 14 08:08:26.983947 np0000166135 neutron-periodic-workers[105761]: DEBUG cotyledon.oslo_config_glue [-] ml2_type_flat.flat_networks = ['public'] {{(pid=105761) log_opt_values /opt/stack/data/venv/lib/python3.12/site-packages/oslo_config/cfg.py:3006}}
Apr 14 08:08:26.983947 np0000166135 neutron-periodic-workers[105761]: DEBUG cotyledon.oslo_config_glue [-] ml2_type_geneve.max_header_size = 38 {{(pid=105761) log_opt_values /opt/stack/data/venv/lib/python3.12/site-packages/oslo_config/cfg.py:3006}}
Apr 14 08:08:26.983947 np0000166135 neutron-periodic-workers[105761]: DEBUG cotyledon.oslo_config_glue [-] ml2_type_geneve.vni_ranges = ['1:65536'] {{(pid=105761) log_opt_values /opt/stack/data/venv/lib/python3.12/site-packages/oslo_config/cfg.py:3006}}
Apr 14 08:08:26.983947 np0000166135 neutron-periodic-workers[105761]: DEBUG cotyledon.oslo_config_glue [-] ml2_type_vlan.network_vlan_ranges = ['public'] {{(pid=105761) log_opt_values /opt/stack/data/venv/lib/python3.12/site-packages/oslo_config/cfg.py:3006}}
Apr 14 08:08:26.983947 np0000166135 neutron-periodic-workers[105761]: DEBUG cotyledon.oslo_config_glue [-] network_log.burst_limit = 25 {{(pid=105761) log_opt_values /opt/stack/data/venv/lib/python3.12/site-packages/oslo_config/cfg.py:3006}}
Apr 14 08:08:26.983947 np0000166135 neutron-periodic-workers[105761]: DEBUG cotyledon.oslo_config_glue [-] network_log.local_output_log_base = None {{(pid=105761) log_opt_values /opt/stack/data/venv/lib/python3.12/site-packages/oslo_config/cfg.py:3006}}
Apr 14 08:08:26.983947 np0000166135 neutron-periodic-workers[105761]: DEBUG cotyledon.oslo_config_glue [-] network_log.rate_limit = 100 {{(pid=105761) log_opt_values /opt/stack/data/venv/lib/python3.12/site-packages/oslo_config/cfg.py:3006}}
Apr 14 08:08:26.983947 np0000166135 neutron-periodic-workers[105761]: DEBUG cotyledon.oslo_config_glue [-] database.asyncio_connection = **** {{(pid=105761) log_opt_values /opt/stack/data/venv/lib/python3.12/site-packages/oslo_config/cfg.py:3006}}
Apr 14 08:08:26.983947 np0000166135 neutron-periodic-workers[105761]: DEBUG cotyledon.oslo_config_glue [-] database.asyncio_slave_connection = **** {{(pid=105761) log_opt_values /opt/stack/data/venv/lib/python3.12/site-packages/oslo_config/cfg.py:3006}}
Apr 14 08:08:26.984355 np0000166135 neutron-periodic-workers[105761]: DEBUG cotyledon.oslo_config_glue [-] database.backend = sqlalchemy {{(pid=105761) log_opt_values /opt/stack/data/venv/lib/python3.12/site-packages/oslo_config/cfg.py:3006}}
Apr 14 08:08:26.984355 np0000166135 neutron-periodic-workers[105761]: DEBUG cotyledon.oslo_config_glue [-] database.connection = **** {{(pid=105761) log_opt_values /opt/stack/data/venv/lib/python3.12/site-packages/oslo_config/cfg.py:3006}}
Apr 14 08:08:26.984355 np0000166135 neutron-periodic-workers[105761]: DEBUG cotyledon.oslo_config_glue [-] database.connection_debug = 0 {{(pid=105761) log_opt_values /opt/stack/data/venv/lib/python3.12/site-packages/oslo_config/cfg.py:3006}}
Apr 14 08:08:26.984355 np0000166135 neutron-periodic-workers[105761]: DEBUG cotyledon.oslo_config_glue [-] database.connection_parameters = {{(pid=105761) log_opt_values /opt/stack/data/venv/lib/python3.12/site-packages/oslo_config/cfg.py:3006}}
Apr 14 08:08:26.984355 np0000166135 neutron-periodic-workers[105761]: DEBUG cotyledon.oslo_config_glue [-] database.connection_recycle_time = 3600 {{(pid=105761) log_opt_values /opt/stack/data/venv/lib/python3.12/site-packages/oslo_config/cfg.py:3006}}
Apr 14 08:08:26.984355 np0000166135 neutron-periodic-workers[105761]: DEBUG cotyledon.oslo_config_glue [-] database.connection_trace = False {{(pid=105761) log_opt_values /opt/stack/data/venv/lib/python3.12/site-packages/oslo_config/cfg.py:3006}}
Apr 14 08:08:26.984355 np0000166135 neutron-periodic-workers[105761]: DEBUG cotyledon.oslo_config_glue [-] database.db_inc_retry_interval = True {{(pid=105761) log_opt_values /opt/stack/data/venv/lib/python3.12/site-packages/oslo_config/cfg.py:3006}}
Apr 14 08:08:26.984355 np0000166135 neutron-periodic-workers[105761]: DEBUG cotyledon.oslo_config_glue [-] database.db_max_retries = 20 {{(pid=105761) log_opt_values /opt/stack/data/venv/lib/python3.12/site-packages/oslo_config/cfg.py:3006}}
Apr 14 08:08:26.984355 np0000166135 neutron-periodic-workers[105761]: DEBUG cotyledon.oslo_config_glue [-] database.db_max_retry_interval = 10 {{(pid=105761) log_opt_values /opt/stack/data/venv/lib/python3.12/site-packages/oslo_config/cfg.py:3006}}
Apr 14 08:08:26.984786 np0000166135 neutron-periodic-workers[105761]: DEBUG cotyledon.oslo_config_glue [-] database.db_retry_interval = 1 {{(pid=105761) log_opt_values /opt/stack/data/venv/lib/python3.12/site-packages/oslo_config/cfg.py:3006}}
Apr 14 08:08:26.984786 np0000166135 neutron-periodic-workers[105761]: DEBUG cotyledon.oslo_config_glue [-] database.max_overflow = 50 {{(pid=105761) log_opt_values /opt/stack/data/venv/lib/python3.12/site-packages/oslo_config/cfg.py:3006}}
Apr 14 08:08:26.984786 np0000166135 neutron-periodic-workers[105761]: DEBUG cotyledon.oslo_config_glue [-] database.max_pool_size = 5 {{(pid=105761) log_opt_values /opt/stack/data/venv/lib/python3.12/site-packages/oslo_config/cfg.py:3006}}
Apr 14 08:08:26.984786 np0000166135 neutron-periodic-workers[105761]: DEBUG cotyledon.oslo_config_glue [-] database.max_retries = 10 {{(pid=105761) log_opt_values /opt/stack/data/venv/lib/python3.12/site-packages/oslo_config/cfg.py:3006}}
Apr 14 08:08:26.984786 np0000166135 neutron-periodic-workers[105761]: DEBUG cotyledon.oslo_config_glue [-] database.mysql_sql_mode = TRADITIONAL {{(pid=105761) log_opt_values /opt/stack/data/venv/lib/python3.12/site-packages/oslo_config/cfg.py:3006}}
Apr 14 08:08:26.984786 np0000166135 neutron-periodic-workers[105761]: DEBUG cotyledon.oslo_config_glue [-] database.mysql_wsrep_sync_wait = None {{(pid=105761) log_opt_values /opt/stack/data/venv/lib/python3.12/site-packages/oslo_config/cfg.py:3006}}
Apr 14 08:08:26.984786 np0000166135 neutron-periodic-workers[105761]: DEBUG cotyledon.oslo_config_glue [-] database.pool_timeout = None {{(pid=105761) log_opt_values /opt/stack/data/venv/lib/python3.12/site-packages/oslo_config/cfg.py:3006}}
Apr 14 08:08:26.984786 np0000166135 neutron-periodic-workers[105761]: DEBUG cotyledon.oslo_config_glue [-] database.retry_interval = 10 {{(pid=105761) log_opt_values /opt/stack/data/venv/lib/python3.12/site-packages/oslo_config/cfg.py:3006}}
Apr 14 08:08:26.984786 np0000166135 neutron-periodic-workers[105761]: DEBUG cotyledon.oslo_config_glue [-] database.slave_connection = **** {{(pid=105761) log_opt_values /opt/stack/data/venv/lib/python3.12/site-packages/oslo_config/cfg.py:3006}}
Apr 14 08:08:26.985182 np0000166135 neutron-periodic-workers[105761]: DEBUG cotyledon.oslo_config_glue [-] database.sqlite_synchronous = True {{(pid=105761) log_opt_values /opt/stack/data/venv/lib/python3.12/site-packages/oslo_config/cfg.py:3006}}
Apr 14 08:08:26.985182 np0000166135 neutron-periodic-workers[105761]: DEBUG cotyledon.oslo_config_glue [-] database.synchronous_reader = True {{(pid=105761) log_opt_values /opt/stack/data/venv/lib/python3.12/site-packages/oslo_config/cfg.py:3006}}
Apr 14 08:08:26.985182 np0000166135 neutron-periodic-workers[105761]: DEBUG cotyledon.oslo_config_glue [-] database.use_db_reconnect = False {{(pid=105761) log_opt_values /opt/stack/data/venv/lib/python3.12/site-packages/oslo_config/cfg.py:3006}}
Apr 14 08:08:26.985182 np0000166135 neutron-periodic-workers[105761]: DEBUG cotyledon.oslo_config_glue [-] ovn.bfd_min_rx = 1000 {{(pid=105761) log_opt_values /opt/stack/data/venv/lib/python3.12/site-packages/oslo_config/cfg.py:3006}}
Apr 14 08:08:26.985182 np0000166135 neutron-periodic-workers[105761]: DEBUG cotyledon.oslo_config_glue [-] ovn.bfd_min_tx = 100 {{(pid=105761) log_opt_values /opt/stack/data/venv/lib/python3.12/site-packages/oslo_config/cfg.py:3006}}
Apr 14 08:08:26.985182 np0000166135 neutron-periodic-workers[105761]: DEBUG cotyledon.oslo_config_glue [-] ovn.bfd_mult = 3 {{(pid=105761) log_opt_values /opt/stack/data/venv/lib/python3.12/site-packages/oslo_config/cfg.py:3006}}
Apr 14 08:08:26.985182 np0000166135 neutron-periodic-workers[105761]: DEBUG cotyledon.oslo_config_glue [-] ovn.broadcast_arps_to_all_routers = True {{(pid=105761) log_opt_values /opt/stack/data/venv/lib/python3.12/site-packages/oslo_config/cfg.py:3006}}
Apr 14 08:08:26.985182 np0000166135 neutron-periodic-workers[105761]: DEBUG cotyledon.oslo_config_glue [-] ovn.dhcp_default_lease_time = 43200 {{(pid=105761) log_opt_values /opt/stack/data/venv/lib/python3.12/site-packages/oslo_config/cfg.py:3006}}
Apr 14 08:08:26.985182 np0000166135 neutron-periodic-workers[105761]: DEBUG cotyledon.oslo_config_glue [-] ovn.disable_ovn_dhcp_for_baremetal_ports = False {{(pid=105761) log_opt_values /opt/stack/data/venv/lib/python3.12/site-packages/oslo_config/cfg.py:3006}}
Apr 14 08:08:26.985664 np0000166135 neutron-periodic-workers[105761]: DEBUG cotyledon.oslo_config_glue [-] ovn.dns_records_ovn_owned = False {{(pid=105761) log_opt_values /opt/stack/data/venv/lib/python3.12/site-packages/oslo_config/cfg.py:3006}}
Apr 14 08:08:26.985664 np0000166135 neutron-periodic-workers[105761]: DEBUG cotyledon.oslo_config_glue [-] ovn.dns_servers = [] {{(pid=105761) log_opt_values /opt/stack/data/venv/lib/python3.12/site-packages/oslo_config/cfg.py:3006}}
Apr 14 08:08:26.985664 np0000166135 neutron-periodic-workers[105761]: DEBUG cotyledon.oslo_config_glue [-] ovn.enable_distributed_floating_ip = False {{(pid=105761) log_opt_values /opt/stack/data/venv/lib/python3.12/site-packages/oslo_config/cfg.py:3006}}
Apr 14 08:08:26.985664 np0000166135 neutron-periodic-workers[105761]: DEBUG cotyledon.oslo_config_glue [-] ovn.fdb_age_threshold = 300 {{(pid=105761) log_opt_values /opt/stack/data/venv/lib/python3.12/site-packages/oslo_config/cfg.py:3006}}
Apr 14 08:08:26.985664 np0000166135 neutron-periodic-workers[105761]: DEBUG cotyledon.oslo_config_glue [-] ovn.ha_failover_strategy = normal {{(pid=105761) log_opt_values /opt/stack/data/venv/lib/python3.12/site-packages/oslo_config/cfg.py:3006}}
Apr 14 08:08:26.985664 np0000166135 neutron-periodic-workers[105761]: DEBUG cotyledon.oslo_config_glue [-] ovn.live_migration_activation_strategy = rarp {{(pid=105761) log_opt_values /opt/stack/data/venv/lib/python3.12/site-packages/oslo_config/cfg.py:3006}}
Apr 14 08:08:26.985664 np0000166135 neutron-periodic-workers[105761]: DEBUG cotyledon.oslo_config_glue [-] ovn.localnet_learn_fdb = False {{(pid=105761) log_opt_values /opt/stack/data/venv/lib/python3.12/site-packages/oslo_config/cfg.py:3006}}
Apr 14 08:08:26.985664 np0000166135 neutron-periodic-workers[105761]: DEBUG cotyledon.oslo_config_glue [-] ovn.mac_binding_age_threshold = 300 {{(pid=105761) log_opt_values /opt/stack/data/venv/lib/python3.12/site-packages/oslo_config/cfg.py:3006}}
Apr 14 08:08:26.985664 np0000166135 neutron-periodic-workers[105761]: DEBUG cotyledon.oslo_config_glue [-] ovn.neutron_sync_mode = log {{(pid=105761) log_opt_values /opt/stack/data/venv/lib/python3.12/site-packages/oslo_config/cfg.py:3006}}
Apr 14 08:08:26.986098 np0000166135 neutron-periodic-workers[105761]: DEBUG cotyledon.oslo_config_glue [-] ovn.ovn_dhcp4_global_options = {} {{(pid=105761) log_opt_values /opt/stack/data/venv/lib/python3.12/site-packages/oslo_config/cfg.py:3006}}
Apr 14 08:08:26.986098 np0000166135 neutron-periodic-workers[105761]: DEBUG cotyledon.oslo_config_glue [-] ovn.ovn_dhcp6_global_options = {} {{(pid=105761) log_opt_values /opt/stack/data/venv/lib/python3.12/site-packages/oslo_config/cfg.py:3006}}
Apr 14 08:08:26.986098 np0000166135 neutron-periodic-workers[105761]: DEBUG cotyledon.oslo_config_glue [-] ovn.ovn_l3_scheduler = leastloaded {{(pid=105761) log_opt_values /opt/stack/data/venv/lib/python3.12/site-packages/oslo_config/cfg.py:3006}}
Apr 14 08:08:26.986098 np0000166135 neutron-periodic-workers[105761]: DEBUG cotyledon.oslo_config_glue [-] ovn.ovn_metadata_enabled = True {{(pid=105761) log_opt_values /opt/stack/data/venv/lib/python3.12/site-packages/oslo_config/cfg.py:3006}}
Apr 14 08:08:26.986098 np0000166135 neutron-periodic-workers[105761]: DEBUG cotyledon.oslo_config_glue [-] ovn.ovn_nb_ca_cert = /opt/stack/data/CA/int-ca/ca-chain.pem {{(pid=105761) log_opt_values /opt/stack/data/venv/lib/python3.12/site-packages/oslo_config/cfg.py:3006}}
Apr 14 08:08:26.986098 np0000166135 neutron-periodic-workers[105761]: DEBUG cotyledon.oslo_config_glue [-] ovn.ovn_nb_certificate = /opt/stack/data/CA/int-ca/devstack-cert.crt {{(pid=105761) log_opt_values /opt/stack/data/venv/lib/python3.12/site-packages/oslo_config/cfg.py:3006}}
Apr 14 08:08:26.986098 np0000166135 neutron-periodic-workers[105761]: DEBUG cotyledon.oslo_config_glue [-] ovn.ovn_nb_connection = ['ssl:199.204.45.140:6641'] {{(pid=105761) log_opt_values /opt/stack/data/venv/lib/python3.12/site-packages/oslo_config/cfg.py:3006}}
Apr 14 08:08:26.986098 np0000166135 neutron-periodic-workers[105761]: DEBUG cotyledon.oslo_config_glue [-] ovn.ovn_nb_private_key = /opt/stack/data/CA/int-ca/private/devstack-cert.key {{(pid=105761) log_opt_values /opt/stack/data/venv/lib/python3.12/site-packages/oslo_config/cfg.py:3006}}
Apr 14 08:08:26.986499 np0000166135 neutron-periodic-workers[105761]: DEBUG cotyledon.oslo_config_glue [-] ovn.ovn_router_indirect_snat = False {{(pid=105761) log_opt_values /opt/stack/data/venv/lib/python3.12/site-packages/oslo_config/cfg.py:3006}}
Apr 14 08:08:26.986499 np0000166135 neutron-periodic-workers[105761]: DEBUG cotyledon.oslo_config_glue [-] ovn.ovn_sb_ca_cert = /opt/stack/data/CA/int-ca/ca-chain.pem {{(pid=105761) log_opt_values /opt/stack/data/venv/lib/python3.12/site-packages/oslo_config/cfg.py:3006}}
Apr 14 08:08:26.986499 np0000166135 neutron-periodic-workers[105761]: DEBUG cotyledon.oslo_config_glue [-] ovn.ovn_sb_certificate = /opt/stack/data/CA/int-ca/devstack-cert.crt {{(pid=105761) log_opt_values /opt/stack/data/venv/lib/python3.12/site-packages/oslo_config/cfg.py:3006}}
Apr 14 08:08:26.986499 np0000166135 neutron-periodic-workers[105761]: DEBUG cotyledon.oslo_config_glue [-] ovn.ovn_sb_connection = ['ssl:199.204.45.140:6642'] {{(pid=105761) log_opt_values /opt/stack/data/venv/lib/python3.12/site-packages/oslo_config/cfg.py:3006}}
Apr 14 08:08:26.986499 np0000166135 neutron-periodic-workers[105761]: DEBUG cotyledon.oslo_config_glue [-] ovn.ovn_sb_private_key = /opt/stack/data/CA/int-ca/private/devstack-cert.key {{(pid=105761) log_opt_values /opt/stack/data/venv/lib/python3.12/site-packages/oslo_config/cfg.py:3006}}
Apr 14 08:08:26.986499 np0000166135 neutron-periodic-workers[105761]: DEBUG cotyledon.oslo_config_glue [-] ovn.ovs_create_tap = False {{(pid=105761) log_opt_values /opt/stack/data/venv/lib/python3.12/site-packages/oslo_config/cfg.py:3006}}
Apr 14 08:08:26.986499 np0000166135 neutron-periodic-workers[105761]: DEBUG cotyledon.oslo_config_glue [-] ovn.ovsdb_connection_timeout = 180 {{(pid=105761) log_opt_values /opt/stack/data/venv/lib/python3.12/site-packages/oslo_config/cfg.py:3006}}
Apr 14 08:08:26.986499 np0000166135 neutron-periodic-workers[105761]: DEBUG cotyledon.oslo_config_glue [-] ovn.ovsdb_log_level = INFO {{(pid=105761) log_opt_values /opt/stack/data/venv/lib/python3.12/site-packages/oslo_config/cfg.py:3006}}
Apr 14 08:08:26.986782 np0000166135 neutron-periodic-workers[105761]: DEBUG cotyledon.oslo_config_glue [-] ovn.ovsdb_probe_interval = 60000 {{(pid=105761) log_opt_values /opt/stack/data/venv/lib/python3.12/site-packages/oslo_config/cfg.py:3006}}
Apr 14 08:08:26.986782 np0000166135 neutron-periodic-workers[105761]: DEBUG cotyledon.oslo_config_glue [-] ovn.ovsdb_retry_max_interval = 180 {{(pid=105761) log_opt_values /opt/stack/data/venv/lib/python3.12/site-packages/oslo_config/cfg.py:3006}}
Apr 14 08:08:26.986782 np0000166135 neutron-periodic-workers[105761]: DEBUG cotyledon.oslo_config_glue [-] ovn.stateless_nat_enabled = False {{(pid=105761) log_opt_values /opt/stack/data/venv/lib/python3.12/site-packages/oslo_config/cfg.py:3006}}
Apr 14 08:08:26.986782 np0000166135 neutron-periodic-workers[105761]: DEBUG cotyledon.oslo_config_glue [-] ovn.vhost_sock_dir = /var/run/openvswitch {{(pid=105761) log_opt_values /opt/stack/data/venv/lib/python3.12/site-packages/oslo_config/cfg.py:3006}}
Apr 14 08:08:26.986782 np0000166135 neutron-periodic-workers[105761]: DEBUG cotyledon.oslo_config_glue [-] OVS.bridge_mac_table_size = 50000 {{(pid=105761) log_opt_values /opt/stack/data/venv/lib/python3.12/site-packages/oslo_config/cfg.py:3006}}
Apr 14 08:08:26.986782 np0000166135 neutron-periodic-workers[105761]: DEBUG cotyledon.oslo_config_glue [-] OVS.igmp_flood = False {{(pid=105761) log_opt_values /opt/stack/data/venv/lib/python3.12/site-packages/oslo_config/cfg.py:3006}}
Apr 14 08:08:26.986782 np0000166135 neutron-periodic-workers[105761]: DEBUG cotyledon.oslo_config_glue [-] OVS.igmp_flood_reports = True {{(pid=105761) log_opt_values /opt/stack/data/venv/lib/python3.12/site-packages/oslo_config/cfg.py:3006}}
Apr 14 08:08:26.986782 np0000166135 neutron-periodic-workers[105761]: DEBUG cotyledon.oslo_config_glue [-] OVS.igmp_flood_unregistered = False {{(pid=105761) log_opt_values /opt/stack/data/venv/lib/python3.12/site-packages/oslo_config/cfg.py:3006}}
Apr 14 08:08:26.986782 np0000166135 neutron-periodic-workers[105761]: DEBUG cotyledon.oslo_config_glue [-] OVS.igmp_snooping_enable = False {{(pid=105761) log_opt_values /opt/stack/data/venv/lib/python3.12/site-packages/oslo_config/cfg.py:3006}}
Apr 14 08:08:26.987052 np0000166135 neutron-periodic-workers[105761]: DEBUG cotyledon.oslo_config_glue [-] OVS.ovsdb_timeout = 10 {{(pid=105761) log_opt_values /opt/stack/data/venv/lib/python3.12/site-packages/oslo_config/cfg.py:3006}}
Apr 14 08:08:26.987052 np0000166135 neutron-periodic-workers[105761]: DEBUG cotyledon.oslo_config_glue [-] ovn_nb_global.fdb_removal_limit = 0 {{(pid=105761) log_opt_values /opt/stack/data/venv/lib/python3.12/site-packages/oslo_config/cfg.py:3006}}
Apr 14 08:08:26.987052 np0000166135 neutron-periodic-workers[105761]: DEBUG cotyledon.oslo_config_glue [-] ovn_nb_global.ignore_lsp_down = False {{(pid=105761) log_opt_values /opt/stack/data/venv/lib/python3.12/site-packages/oslo_config/cfg.py:3006}}
Apr 14 08:08:26.987052 np0000166135 neutron-periodic-workers[105761]: DEBUG cotyledon.oslo_config_glue [-] ovn_nb_global.mac_binding_removal_limit = 0 {{(pid=105761) log_opt_values /opt/stack/data/venv/lib/python3.12/site-packages/oslo_config/cfg.py:3006}}
Apr 14 08:08:26.987052 np0000166135 neutron-periodic-workers[105761]: DEBUG cotyledon.oslo_config_glue [-] ******************************************************************************** {{(pid=105761) log_opt_values /opt/stack/data/venv/lib/python3.12/site-packages/oslo_config/cfg.py:3013}}
Apr 14 08:08:26.987052 np0000166135 neutron-periodic-workers[105761]: DEBUG cotyledon._service_worker [-] Run service ServiceWrapper(0) [105761] {{(pid=105761) wait_forever /opt/stack/data/venv/lib/python3.12/site-packages/cotyledon/_service_worker.py:218}}
Apr 14 08:08:36.577254 np0000166135 neutron-periodic-workers[104936]: DEBUG dbcounter [-] [104936] Writing DB stats neutron:SELECT=4 {{(pid=104936) stat_writer /opt/stack/data/venv/lib/python3.12/site-packages/dbcounter.py:115}}
Apr 14 08:09:24.969563 np0000166135 neutron-periodic-workers[105746]: DEBUG oslo_db.sqlalchemy.engines [None req-e6f58e3e-67b8-4bf1-86c5-8580cab4b38d None None] Parent process 104936 forked (105746) with an open database connection, which is being discarded and recreated. {{(pid=105746) checkout /opt/stack/data/venv/lib/python3.12/site-packages/oslo_db/sqlalchemy/engines.py:402}}
Apr 14 08:09:24.978701 np0000166135 neutron-periodic-workers[105746]: DEBUG dbcounter [-] [105746] Writer thread running {{(pid=105746) stat_writer /opt/stack/data/venv/lib/python3.12/site-packages/dbcounter.py:102}}
Apr 14 08:09:24.982383 np0000166135 neutron-periodic-workers[105746]: DEBUG neutron.db.agents_db [None req-e6f58e3e-67b8-4bf1-86c5-8580cab4b38d None None] Agent healthcheck: found 0 active agents {{(pid=105746) agent_health_check /opt/stack/neutron/neutron/db/agents_db.py:317}}
Apr 14 08:09:24.982730 np0000166135 neutron-periodic-workers[105746]: DEBUG oslo.service.backend._threading.loopingcall [None req-e6f58e3e-67b8-4bf1-86c5-8580cab4b38d None None] Fixed interval looping call 'neutron.plugins.ml2.plugin.AgentDbMixin.agent_health_check' sleeping for 36.98 seconds {{(pid=105746) _run_loop /opt/stack/data/venv/lib/python3.12/site-packages/oslo_service/backend/_threading/loopingcall.py:125}}
Apr 14 08:09:31.941974 np0000166135 neutron-periodic-workers[105730]: DEBUG dbcounter [-] [105730] Writer thread running {{(pid=105730) stat_writer /opt/stack/data/venv/lib/python3.12/site-packages/dbcounter.py:102}}
Apr 14 08:09:31.950958 np0000166135 neutron-periodic-workers[105730]: DEBUG oslo.service.backend._threading.loopingcall [None req-786d4cee-eba2-429c-a2fa-18aee78786c9 None None] Fixed interval looping call 'neutron.services.ovn_l3.plugin.L3_NAT_dbonly_mixin._clean_garbage' sleeping for 299.96 seconds {{(pid=105730) _run_loop /opt/stack/data/venv/lib/python3.12/site-packages/oslo_service/backend/_threading/loopingcall.py:125}}
Apr 14 08:09:34.980054 np0000166135 neutron-periodic-workers[105746]: DEBUG dbcounter [-] [105746] Writing DB stats neutron:SELECT=1 {{(pid=105746) stat_writer /opt/stack/data/venv/lib/python3.12/site-packages/dbcounter.py:115}}
Apr 14 08:09:37.944389 np0000166135 neutron-periodic-workers[105740]: DEBUG dbcounter [-] [105740] Writer thread running {{(pid=105740) stat_writer /opt/stack/data/venv/lib/python3.12/site-packages/dbcounter.py:102}}
Apr 14 08:09:37.955324 np0000166135 neutron-periodic-workers[105740]: DEBUG oslo.service.backend._threading.loopingcall [None req-67c01e92-fd7e-4c70-b7af-859473b04832 None None] Fixed interval looping call 'neutron.plugins.ml2.plugin.DhcpAgentSchedulerDbMixin.remove_networks_from_down_agents' sleeping for 36.98 seconds {{(pid=105740) _run_loop /opt/stack/data/venv/lib/python3.12/site-packages/oslo_service/backend/_threading/loopingcall.py:125}}
Apr 14 08:09:41.942264 np0000166135 neutron-periodic-workers[105730]: DEBUG dbcounter [-] [105730] Writing DB stats neutron:SELECT=1 {{(pid=105730) stat_writer /opt/stack/data/venv/lib/python3.12/site-packages/dbcounter.py:115}}
Apr 14 08:09:47.953836 np0000166135 neutron-periodic-workers[105740]: DEBUG dbcounter [-] [105740] Writing DB stats neutron:SELECT=3 {{(pid=105740) stat_writer /opt/stack/data/venv/lib/python3.12/site-packages/dbcounter.py:115}}
Apr 14 08:10:01.968419 np0000166135 neutron-periodic-workers[105746]: DEBUG neutron.db.agents_db [None req-e6f58e3e-67b8-4bf1-86c5-8580cab4b38d None None] Agent healthcheck: found 0 active agents {{(pid=105746) agent_health_check /opt/stack/neutron/neutron/db/agents_db.py:317}}
Apr 14 08:10:01.968877 np0000166135 neutron-periodic-workers[105746]: DEBUG oslo.service.backend._threading.loopingcall [None req-e6f58e3e-67b8-4bf1-86c5-8580cab4b38d None None] Fixed interval looping call 'neutron.plugins.ml2.plugin.AgentDbMixin.agent_health_check' sleeping for 36.99 seconds {{(pid=105746) _run_loop /opt/stack/data/venv/lib/python3.12/site-packages/oslo_service/backend/_threading/loopingcall.py:125}}
Apr 14 08:10:11.967177 np0000166135 neutron-periodic-workers[105746]: DEBUG dbcounter [-] [105746] Writing DB stats neutron:SELECT=1 {{(pid=105746) stat_writer /opt/stack/data/venv/lib/python3.12/site-packages/dbcounter.py:115}}
Apr 14 08:10:14.944519 np0000166135 neutron-periodic-workers[105740]: DEBUG oslo.service.backend._threading.loopingcall [None req-67c01e92-fd7e-4c70-b7af-859473b04832 None None] Fixed interval looping call 'neutron.plugins.ml2.plugin.DhcpAgentSchedulerDbMixin.remove_networks_from_down_agents' sleeping for 36.99 seconds {{(pid=105740) _run_loop /opt/stack/data/venv/lib/python3.12/site-packages/oslo_service/backend/_threading/loopingcall.py:125}}
Apr 14 08:10:24.943055 np0000166135 neutron-periodic-workers[105740]: DEBUG dbcounter [-] [105740] Writing DB stats neutron:SELECT=3 {{(pid=105740) stat_writer /opt/stack/data/venv/lib/python3.12/site-packages/dbcounter.py:115}}
Apr 14 08:10:26.993274 np0000166135 neutron-periodic-workers[105761]: DEBUG dbcounter [-] [105761] Writer thread running {{(pid=105761) stat_writer /opt/stack/data/venv/lib/python3.12/site-packages/dbcounter.py:102}}
Apr 14 08:10:26.996798 np0000166135 neutron-periodic-workers[105761]: DEBUG oslo.service.backend._threading.loopingcall [None req-3295ea68-d713-4f0d-aad5-451e4e699446 None None] Fixed interval looping call 'neutron.db.quota.driver_nolock.DbQuotaNoLockDriver._remove_expired_reservations' sleeping for 119.98 seconds {{(pid=105761) _run_loop /opt/stack/data/venv/lib/python3.12/site-packages/oslo_service/backend/_threading/loopingcall.py:125}}
Apr 14 08:10:36.993834 np0000166135 neutron-periodic-workers[105761]: DEBUG dbcounter [-] [105761] Writing DB stats neutron:DELETE=1 {{(pid=105761) stat_writer /opt/stack/data/venv/lib/python3.12/site-packages/dbcounter.py:115}}
Apr 14 08:10:38.963607 np0000166135 neutron-periodic-workers[105746]: DEBUG neutron.db.agents_db [None req-e6f58e3e-67b8-4bf1-86c5-8580cab4b38d None None] Agent healthcheck: found 0 active agents {{(pid=105746) agent_health_check /opt/stack/neutron/neutron/db/agents_db.py:317}}
Apr 14 08:10:38.964173 np0000166135 neutron-periodic-workers[105746]: DEBUG oslo.service.backend._threading.loopingcall [None req-e6f58e3e-67b8-4bf1-86c5-8580cab4b38d None None] Fixed interval looping call 'neutron.plugins.ml2.plugin.AgentDbMixin.agent_health_check' sleeping for 37.00 seconds {{(pid=105746) _run_loop /opt/stack/data/venv/lib/python3.12/site-packages/oslo_service/backend/_threading/loopingcall.py:125}}
Apr 14 08:10:48.962326 np0000166135 neutron-periodic-workers[105746]: DEBUG dbcounter [-] [105746] Writing DB stats neutron:SELECT=1 {{(pid=105746) stat_writer /opt/stack/data/venv/lib/python3.12/site-packages/dbcounter.py:115}}
Apr 14 08:10:51.944690 np0000166135 neutron-periodic-workers[105740]: DEBUG oslo.service.backend._threading.loopingcall [None req-67c01e92-fd7e-4c70-b7af-859473b04832 None None] Fixed interval looping call 'neutron.plugins.ml2.plugin.DhcpAgentSchedulerDbMixin.remove_networks_from_down_agents' sleeping for 36.99 seconds {{(pid=105740) _run_loop /opt/stack/data/venv/lib/python3.12/site-packages/oslo_service/backend/_threading/loopingcall.py:125}}
Apr 14 08:11:01.943130 np0000166135 neutron-periodic-workers[105740]: DEBUG dbcounter [-] [105740] Writing DB stats neutron:SELECT=3 {{(pid=105740) stat_writer /opt/stack/data/venv/lib/python3.12/site-packages/dbcounter.py:115}}
Apr 14 08:11:15.969352 np0000166135 neutron-periodic-workers[105746]: DEBUG neutron.db.agents_db [None req-e6f58e3e-67b8-4bf1-86c5-8580cab4b38d None None] Agent healthcheck: found 0 active agents {{(pid=105746) agent_health_check /opt/stack/neutron/neutron/db/agents_db.py:317}}
Apr 14 08:11:15.970102 np0000166135 neutron-periodic-workers[105746]: DEBUG oslo.service.backend._threading.loopingcall [None req-e6f58e3e-67b8-4bf1-86c5-8580cab4b38d None None] Fixed interval looping call 'neutron.plugins.ml2.plugin.AgentDbMixin.agent_health_check' sleeping for 36.99 seconds {{(pid=105746) _run_loop /opt/stack/data/venv/lib/python3.12/site-packages/oslo_service/backend/_threading/loopingcall.py:125}}
Apr 14 08:11:25.968059 np0000166135 neutron-periodic-workers[105746]: DEBUG dbcounter [-] [105746] Writing DB stats neutron:SELECT=1 {{(pid=105746) stat_writer /opt/stack/data/venv/lib/python3.12/site-packages/dbcounter.py:115}}
Apr 14 08:11:28.941248 np0000166135 neutron-periodic-workers[105740]: DEBUG oslo.service.backend._threading.loopingcall [None req-67c01e92-fd7e-4c70-b7af-859473b04832 None None] Fixed interval looping call 'neutron.plugins.ml2.plugin.DhcpAgentSchedulerDbMixin.remove_networks_from_down_agents' sleeping for 36.99 seconds {{(pid=105740) _run_loop /opt/stack/data/venv/lib/python3.12/site-packages/oslo_service/backend/_threading/loopingcall.py:125}}
Apr 14 08:11:38.940645 np0000166135 neutron-periodic-workers[105740]: DEBUG dbcounter [-] [105740] Writing DB stats neutron:SELECT=3 {{(pid=105740) stat_writer /opt/stack/data/venv/lib/python3.12/site-packages/dbcounter.py:115}}
Apr 14 08:11:52.965782 np0000166135 neutron-periodic-workers[105746]: DEBUG neutron.db.agents_db [None req-e6f58e3e-67b8-4bf1-86c5-8580cab4b38d None None] Agent healthcheck: found 0 active agents {{(pid=105746) agent_health_check /opt/stack/neutron/neutron/db/agents_db.py:317}}
Apr 14 08:11:52.966380 np0000166135 neutron-periodic-workers[105746]: DEBUG oslo.service.backend._threading.loopingcall [None req-e6f58e3e-67b8-4bf1-86c5-8580cab4b38d None None] Fixed interval looping call 'neutron.plugins.ml2.plugin.AgentDbMixin.agent_health_check' sleeping for 36.99 seconds {{(pid=105746) _run_loop /opt/stack/data/venv/lib/python3.12/site-packages/oslo_service/backend/_threading/loopingcall.py:125}}
Apr 14 08:12:02.963520 np0000166135 neutron-periodic-workers[105746]: DEBUG dbcounter [-] [105746] Writing DB stats neutron:SELECT=1 {{(pid=105746) stat_writer /opt/stack/data/venv/lib/python3.12/site-packages/dbcounter.py:115}}
Apr 14 08:12:05.943591 np0000166135 neutron-periodic-workers[105740]: DEBUG oslo.service.backend._threading.loopingcall [None req-67c01e92-fd7e-4c70-b7af-859473b04832 None None] Fixed interval looping call 'neutron.plugins.ml2.plugin.DhcpAgentSchedulerDbMixin.remove_networks_from_down_agents' sleeping for 36.99 seconds {{(pid=105740) _run_loop /opt/stack/data/venv/lib/python3.12/site-packages/oslo_service/backend/_threading/loopingcall.py:125}}
Apr 14 08:12:15.942312 np0000166135 neutron-periodic-workers[105740]: DEBUG dbcounter [-] [105740] Writing DB stats neutron:SELECT=3 {{(pid=105740) stat_writer /opt/stack/data/venv/lib/python3.12/site-packages/dbcounter.py:115}}
Apr 14 08:12:26.982347 np0000166135 neutron-periodic-workers[105761]: DEBUG oslo.service.backend._threading.loopingcall [None req-3295ea68-d713-4f0d-aad5-451e4e699446 None None] Fixed interval looping call 'neutron.db.quota.driver_nolock.DbQuotaNoLockDriver._remove_expired_reservations' sleeping for 120.00 seconds {{(pid=105761) _run_loop /opt/stack/data/venv/lib/python3.12/site-packages/oslo_service/backend/_threading/loopingcall.py:125}}
Apr 14 08:12:29.961420 np0000166135 neutron-periodic-workers[105746]: DEBUG neutron.db.agents_db [None req-e6f58e3e-67b8-4bf1-86c5-8580cab4b38d None None] Agent healthcheck: found 0 active agents {{(pid=105746) agent_health_check /opt/stack/neutron/neutron/db/agents_db.py:317}}
Apr 14 08:12:29.961720 np0000166135 neutron-periodic-workers[105746]: DEBUG oslo.service.backend._threading.loopingcall [None req-e6f58e3e-67b8-4bf1-86c5-8580cab4b38d None None] Fixed interval looping call 'neutron.plugins.ml2.plugin.AgentDbMixin.agent_health_check' sleeping for 36.99 seconds {{(pid=105746) _run_loop /opt/stack/data/venv/lib/python3.12/site-packages/oslo_service/backend/_threading/loopingcall.py:125}}
Apr 14 08:12:36.981044 np0000166135 neutron-periodic-workers[105761]: DEBUG dbcounter [-] [105761] Writing DB stats neutron:DELETE=1 {{(pid=105761) stat_writer /opt/stack/data/venv/lib/python3.12/site-packages/dbcounter.py:115}}
Apr 14 08:12:39.961061 np0000166135 neutron-periodic-workers[105746]: DEBUG dbcounter [-] [105746] Writing DB stats neutron:SELECT=1 {{(pid=105746) stat_writer /opt/stack/data/venv/lib/python3.12/site-packages/dbcounter.py:115}}
Apr 14 08:12:42.944058 np0000166135 neutron-periodic-workers[105740]: DEBUG oslo.service.backend._threading.loopingcall [None req-67c01e92-fd7e-4c70-b7af-859473b04832 None None] Fixed interval looping call 'neutron.plugins.ml2.plugin.DhcpAgentSchedulerDbMixin.remove_networks_from_down_agents' sleeping for 36.99 seconds {{(pid=105740) _run_loop /opt/stack/data/venv/lib/python3.12/site-packages/oslo_service/backend/_threading/loopingcall.py:125}}
Apr 14 08:12:52.943046 np0000166135 neutron-periodic-workers[105740]: DEBUG dbcounter [-] [105740] Writing DB stats neutron:SELECT=3 {{(pid=105740) stat_writer /opt/stack/data/venv/lib/python3.12/site-packages/dbcounter.py:115}}
Apr 14 08:13:06.956832 np0000166135 neutron-periodic-workers[105746]: DEBUG neutron.db.agents_db [None req-e6f58e3e-67b8-4bf1-86c5-8580cab4b38d None None] Agent healthcheck: found 0 active agents {{(pid=105746) agent_health_check /opt/stack/neutron/neutron/db/agents_db.py:317}}
Apr 14 08:13:06.956832 np0000166135 neutron-periodic-workers[105746]: DEBUG oslo.service.backend._threading.loopingcall [None req-e6f58e3e-67b8-4bf1-86c5-8580cab4b38d None None] Fixed interval looping call 'neutron.plugins.ml2.plugin.AgentDbMixin.agent_health_check' sleeping for 37.00 seconds {{(pid=105746) _run_loop /opt/stack/data/venv/lib/python3.12/site-packages/oslo_service/backend/_threading/loopingcall.py:125}}
Apr 14 08:13:16.955129 np0000166135 neutron-periodic-workers[105746]: DEBUG dbcounter [-] [105746] Writing DB stats neutron:SELECT=1 {{(pid=105746) stat_writer /opt/stack/data/venv/lib/python3.12/site-packages/dbcounter.py:115}}
Apr 14 08:13:19.946269 np0000166135 neutron-periodic-workers[105740]: DEBUG oslo.service.backend._threading.loopingcall [None req-67c01e92-fd7e-4c70-b7af-859473b04832 None None] Fixed interval looping call 'neutron.plugins.ml2.plugin.DhcpAgentSchedulerDbMixin.remove_networks_from_down_agents' sleeping for 36.99 seconds {{(pid=105740) _run_loop /opt/stack/data/venv/lib/python3.12/site-packages/oslo_service/backend/_threading/loopingcall.py:125}}
Apr 14 08:13:30.343376 np0000166135 neutron-periodic-workers[105740]: DEBUG dbcounter [-] [105740] Writing DB stats neutron:SELECT=3 {{(pid=105740) stat_writer /opt/stack/data/venv/lib/python3.12/site-packages/dbcounter.py:115}}
Apr 14 08:13:43.962996 np0000166135 neutron-periodic-workers[105746]: DEBUG neutron.db.agents_db [None req-e6f58e3e-67b8-4bf1-86c5-8580cab4b38d None None] Agent healthcheck: found 0 active agents {{(pid=105746) agent_health_check /opt/stack/neutron/neutron/db/agents_db.py:317}}
Apr 14 08:13:43.963694 np0000166135 neutron-periodic-workers[105746]: DEBUG oslo.service.backend._threading.loopingcall [None req-e6f58e3e-67b8-4bf1-86c5-8580cab4b38d None None] Fixed interval looping call 'neutron.plugins.ml2.plugin.AgentDbMixin.agent_health_check' sleeping for 36.99 seconds {{(pid=105746) _run_loop /opt/stack/data/venv/lib/python3.12/site-packages/oslo_service/backend/_threading/loopingcall.py:125}}
Apr 14 08:13:53.960511 np0000166135 neutron-periodic-workers[105746]: DEBUG dbcounter [-] [105746] Writing DB stats neutron:SELECT=1 {{(pid=105746) stat_writer /opt/stack/data/venv/lib/python3.12/site-packages/dbcounter.py:115}}
Apr 14 08:13:56.947548 np0000166135 neutron-periodic-workers[105740]: DEBUG oslo.service.backend._threading.loopingcall [None req-67c01e92-fd7e-4c70-b7af-859473b04832 None None] Fixed interval looping call 'neutron.plugins.ml2.plugin.DhcpAgentSchedulerDbMixin.remove_networks_from_down_agents' sleeping for 36.99 seconds {{(pid=105740) _run_loop /opt/stack/data/venv/lib/python3.12/site-packages/oslo_service/backend/_threading/loopingcall.py:125}}
Apr 14 08:14:06.945897 np0000166135 neutron-periodic-workers[105740]: DEBUG dbcounter [-] [105740] Writing DB stats neutron:SELECT=3 {{(pid=105740) stat_writer /opt/stack/data/venv/lib/python3.12/site-packages/dbcounter.py:115}}
Apr 14 08:14:20.959719 np0000166135 neutron-periodic-workers[105746]: DEBUG neutron.db.agents_db [None req-e6f58e3e-67b8-4bf1-86c5-8580cab4b38d None None] Agent healthcheck: found 0 active agents {{(pid=105746) agent_health_check /opt/stack/neutron/neutron/db/agents_db.py:317}}
Apr 14 08:14:20.960120 np0000166135 neutron-periodic-workers[105746]: DEBUG oslo.service.backend._threading.loopingcall [None req-e6f58e3e-67b8-4bf1-86c5-8580cab4b38d None None] Fixed interval looping call 'neutron.plugins.ml2.plugin.AgentDbMixin.agent_health_check' sleeping for 36.99 seconds {{(pid=105746) _run_loop /opt/stack/data/venv/lib/python3.12/site-packages/oslo_service/backend/_threading/loopingcall.py:125}}
Apr 14 08:14:26.988438 np0000166135 neutron-periodic-workers[105761]: DEBUG oslo.service.backend._threading.loopingcall [None req-3295ea68-d713-4f0d-aad5-451e4e699446 None None] Fixed interval looping call 'neutron.db.quota.driver_nolock.DbQuotaNoLockDriver._remove_expired_reservations' sleeping for 119.99 seconds {{(pid=105761) _run_loop /opt/stack/data/venv/lib/python3.12/site-packages/oslo_service/backend/_threading/loopingcall.py:125}}
Apr 14 08:14:30.958032 np0000166135 neutron-periodic-workers[105746]: DEBUG dbcounter [-] [105746] Writing DB stats neutron:SELECT=1 {{(pid=105746) stat_writer /opt/stack/data/venv/lib/python3.12/site-packages/dbcounter.py:115}}
Apr 14 08:14:31.918671 np0000166135 neutron-periodic-workers[105730]: DEBUG oslo.service.backend._threading.loopingcall [None req-786d4cee-eba2-429c-a2fa-18aee78786c9 None None] Fixed interval looping call 'neutron.services.ovn_l3.plugin.L3_NAT_dbonly_mixin._clean_garbage' sleeping for 299.99 seconds {{(pid=105730) _run_loop /opt/stack/data/venv/lib/python3.12/site-packages/oslo_service/backend/_threading/loopingcall.py:125}}
Apr 14 08:14:33.946574 np0000166135 neutron-periodic-workers[105740]: DEBUG oslo.service.backend._threading.loopingcall [None req-67c01e92-fd7e-4c70-b7af-859473b04832 None None] Fixed interval looping call 'neutron.plugins.ml2.plugin.DhcpAgentSchedulerDbMixin.remove_networks_from_down_agents' sleeping for 36.99 seconds {{(pid=105740) _run_loop /opt/stack/data/venv/lib/python3.12/site-packages/oslo_service/backend/_threading/loopingcall.py:125}}
Apr 14 08:14:36.986649 np0000166135 neutron-periodic-workers[105761]: DEBUG dbcounter [-] [105761] Writing DB stats neutron:DELETE=1 {{(pid=105761) stat_writer /opt/stack/data/venv/lib/python3.12/site-packages/dbcounter.py:115}}
Apr 14 08:14:41.913640 np0000166135 neutron-periodic-workers[105730]: DEBUG dbcounter [-] [105730] Writing DB stats neutron:SELECT=1 {{(pid=105730) stat_writer /opt/stack/data/venv/lib/python3.12/site-packages/dbcounter.py:115}}
Apr 14 08:14:43.946033 np0000166135 neutron-periodic-workers[105740]: DEBUG dbcounter [-] [105740] Writing DB stats neutron:SELECT=3 {{(pid=105740) stat_writer /opt/stack/data/venv/lib/python3.12/site-packages/dbcounter.py:115}}
Apr 14 08:14:57.956010 np0000166135 neutron-periodic-workers[105746]: DEBUG neutron.db.agents_db [None req-e6f58e3e-67b8-4bf1-86c5-8580cab4b38d None None] Agent healthcheck: found 0 active agents {{(pid=105746) agent_health_check /opt/stack/neutron/neutron/db/agents_db.py:317}}
Apr 14 08:14:57.956674 np0000166135 neutron-periodic-workers[105746]: DEBUG oslo.service.backend._threading.loopingcall [None req-e6f58e3e-67b8-4bf1-86c5-8580cab4b38d None None] Fixed interval looping call 'neutron.plugins.ml2.plugin.AgentDbMixin.agent_health_check' sleeping for 36.99 seconds {{(pid=105746) _run_loop /opt/stack/data/venv/lib/python3.12/site-packages/oslo_service/backend/_threading/loopingcall.py:125}}
Apr 14 08:15:07.954295 np0000166135 neutron-periodic-workers[105746]: DEBUG dbcounter [-] [105746] Writing DB stats neutron:SELECT=1 {{(pid=105746) stat_writer /opt/stack/data/venv/lib/python3.12/site-packages/dbcounter.py:115}}
Apr 14 08:15:10.947438 np0000166135 neutron-periodic-workers[105740]: DEBUG oslo.service.backend._threading.loopingcall [None req-67c01e92-fd7e-4c70-b7af-859473b04832 None None] Fixed interval looping call 'neutron.plugins.ml2.plugin.DhcpAgentSchedulerDbMixin.remove_networks_from_down_agents' sleeping for 36.99 seconds {{(pid=105740) _run_loop /opt/stack/data/venv/lib/python3.12/site-packages/oslo_service/backend/_threading/loopingcall.py:125}}
Apr 14 08:15:20.945859 np0000166135 neutron-periodic-workers[105740]: DEBUG dbcounter [-] [105740] Writing DB stats neutron:SELECT=3 {{(pid=105740) stat_writer /opt/stack/data/venv/lib/python3.12/site-packages/dbcounter.py:115}}
Apr 14 08:15:34.952017 np0000166135 neutron-periodic-workers[105746]: DEBUG neutron.db.agents_db [None req-e6f58e3e-67b8-4bf1-86c5-8580cab4b38d None None] Agent healthcheck: found 0 active agents {{(pid=105746) agent_health_check /opt/stack/neutron/neutron/db/agents_db.py:317}}
Apr 14 08:15:34.952884 np0000166135 neutron-periodic-workers[105746]: DEBUG oslo.service.backend._threading.loopingcall [None req-e6f58e3e-67b8-4bf1-86c5-8580cab4b38d None None] Fixed interval looping call 'neutron.plugins.ml2.plugin.AgentDbMixin.agent_health_check' sleeping for 36.99 seconds {{(pid=105746) _run_loop /opt/stack/data/venv/lib/python3.12/site-packages/oslo_service/backend/_threading/loopingcall.py:125}}
Apr 14 08:15:44.949840 np0000166135 neutron-periodic-workers[105746]: DEBUG dbcounter [-] [105746] Writing DB stats neutron:SELECT=1 {{(pid=105746) stat_writer /opt/stack/data/venv/lib/python3.12/site-packages/dbcounter.py:115}}
Apr 14 08:15:47.945764 np0000166135 neutron-periodic-workers[105740]: DEBUG oslo.service.backend._threading.loopingcall [None req-67c01e92-fd7e-4c70-b7af-859473b04832 None None] Fixed interval looping call 'neutron.plugins.ml2.plugin.DhcpAgentSchedulerDbMixin.remove_networks_from_down_agents' sleeping for 36.99 seconds {{(pid=105740) _run_loop /opt/stack/data/venv/lib/python3.12/site-packages/oslo_service/backend/_threading/loopingcall.py:125}}
Apr 14 08:15:57.944848 np0000166135 neutron-periodic-workers[105740]: DEBUG dbcounter [-] [105740] Writing DB stats neutron:SELECT=3 {{(pid=105740) stat_writer /opt/stack/data/venv/lib/python3.12/site-packages/dbcounter.py:115}}
Apr 14 08:16:11.947540 np0000166135 neutron-periodic-workers[105746]: DEBUG neutron.db.agents_db [None req-e6f58e3e-67b8-4bf1-86c5-8580cab4b38d None None] Agent healthcheck: found 0 active agents {{(pid=105746) agent_health_check /opt/stack/neutron/neutron/db/agents_db.py:317}}
Apr 14 08:16:11.948103 np0000166135 neutron-periodic-workers[105746]: DEBUG oslo.service.backend._threading.loopingcall [None req-e6f58e3e-67b8-4bf1-86c5-8580cab4b38d None None] Fixed interval looping call 'neutron.plugins.ml2.plugin.AgentDbMixin.agent_health_check' sleeping for 36.99 seconds {{(pid=105746) _run_loop /opt/stack/data/venv/lib/python3.12/site-packages/oslo_service/backend/_threading/loopingcall.py:125}}
Apr 14 08:16:21.946173 np0000166135 neutron-periodic-workers[105746]: DEBUG dbcounter [-] [105746] Writing DB stats neutron:SELECT=1 {{(pid=105746) stat_writer /opt/stack/data/venv/lib/python3.12/site-packages/dbcounter.py:115}}
Apr 14 08:16:24.943466 np0000166135 neutron-periodic-workers[105740]: DEBUG oslo.service.backend._threading.loopingcall [None req-67c01e92-fd7e-4c70-b7af-859473b04832 None None] Fixed interval looping call 'neutron.plugins.ml2.plugin.DhcpAgentSchedulerDbMixin.remove_networks_from_down_agents' sleeping for 36.99 seconds {{(pid=105740) _run_loop /opt/stack/data/venv/lib/python3.12/site-packages/oslo_service/backend/_threading/loopingcall.py:125}}
Apr 14 08:16:26.981148 np0000166135 neutron-periodic-workers[105761]: DEBUG oslo.service.backend._threading.loopingcall [None req-3295ea68-d713-4f0d-aad5-451e4e699446 None None] Fixed interval looping call 'neutron.db.quota.driver_nolock.DbQuotaNoLockDriver._remove_expired_reservations' sleeping for 120.00 seconds {{(pid=105761) _run_loop /opt/stack/data/venv/lib/python3.12/site-packages/oslo_service/backend/_threading/loopingcall.py:125}}
Apr 14 08:16:34.942317 np0000166135 neutron-periodic-workers[105740]: DEBUG dbcounter [-] [105740] Writing DB stats neutron:SELECT=3 {{(pid=105740) stat_writer /opt/stack/data/venv/lib/python3.12/site-packages/dbcounter.py:115}}
Apr 14 08:16:36.980706 np0000166135 neutron-periodic-workers[105761]: DEBUG dbcounter [-] [105761] Writing DB stats neutron:DELETE=1 {{(pid=105761) stat_writer /opt/stack/data/venv/lib/python3.12/site-packages/dbcounter.py:115}}
Apr 14 08:16:48.942918 np0000166135 neutron-periodic-workers[105746]: DEBUG neutron.db.agents_db [None req-e6f58e3e-67b8-4bf1-86c5-8580cab4b38d None None] Agent healthcheck: found 0 active agents {{(pid=105746) agent_health_check /opt/stack/neutron/neutron/db/agents_db.py:317}}
Apr 14 08:16:48.943577 np0000166135 neutron-periodic-workers[105746]: DEBUG oslo.service.backend._threading.loopingcall [None req-e6f58e3e-67b8-4bf1-86c5-8580cab4b38d None None] Fixed interval looping call 'neutron.plugins.ml2.plugin.AgentDbMixin.agent_health_check' sleeping for 36.99 seconds {{(pid=105746) _run_loop /opt/stack/data/venv/lib/python3.12/site-packages/oslo_service/backend/_threading/loopingcall.py:125}}
Apr 14 08:16:58.941836 np0000166135 neutron-periodic-workers[105746]: DEBUG dbcounter [-] [105746] Writing DB stats neutron:SELECT=1 {{(pid=105746) stat_writer /opt/stack/data/venv/lib/python3.12/site-packages/dbcounter.py:115}}
Apr 14 08:17:01.943350 np0000166135 neutron-periodic-workers[105740]: DEBUG oslo.service.backend._threading.loopingcall [None req-67c01e92-fd7e-4c70-b7af-859473b04832 None None] Fixed interval looping call 'neutron.plugins.ml2.plugin.DhcpAgentSchedulerDbMixin.remove_networks_from_down_agents' sleeping for 36.99 seconds {{(pid=105740) _run_loop /opt/stack/data/venv/lib/python3.12/site-packages/oslo_service/backend/_threading/loopingcall.py:125}}
Apr 14 08:17:11.942197 np0000166135 neutron-periodic-workers[105740]: DEBUG dbcounter [-] [105740] Writing DB stats neutron:SELECT=3 {{(pid=105740) stat_writer /opt/stack/data/venv/lib/python3.12/site-packages/dbcounter.py:115}}
Apr 14 08:17:25.938087 np0000166135 neutron-periodic-workers[105746]: DEBUG neutron.db.agents_db [None req-e6f58e3e-67b8-4bf1-86c5-8580cab4b38d None None] Agent healthcheck: found 0 active agents {{(pid=105746) agent_health_check /opt/stack/neutron/neutron/db/agents_db.py:317}}
Apr 14 08:17:25.938471 np0000166135 neutron-periodic-workers[105746]: DEBUG oslo.service.backend._threading.loopingcall [None req-e6f58e3e-67b8-4bf1-86c5-8580cab4b38d None None] Fixed interval looping call 'neutron.plugins.ml2.plugin.AgentDbMixin.agent_health_check' sleeping for 37.00 seconds {{(pid=105746) _run_loop /opt/stack/data/venv/lib/python3.12/site-packages/oslo_service/backend/_threading/loopingcall.py:125}}
Apr 14 08:17:35.936751 np0000166135 neutron-periodic-workers[105746]: DEBUG dbcounter [-] [105746] Writing DB stats neutron:SELECT=1 {{(pid=105746) stat_writer /opt/stack/data/venv/lib/python3.12/site-packages/dbcounter.py:115}}
Apr 14 08:17:38.941845 np0000166135 neutron-periodic-workers[105740]: DEBUG oslo.service.backend._threading.loopingcall [None req-67c01e92-fd7e-4c70-b7af-859473b04832 None None] Fixed interval looping call 'neutron.plugins.ml2.plugin.DhcpAgentSchedulerDbMixin.remove_networks_from_down_agents' sleeping for 36.99 seconds {{(pid=105740) _run_loop /opt/stack/data/venv/lib/python3.12/site-packages/oslo_service/backend/_threading/loopingcall.py:125}}
Apr 14 08:17:48.939889 np0000166135 neutron-periodic-workers[105740]: DEBUG dbcounter [-] [105740] Writing DB stats neutron:SELECT=3 {{(pid=105740) stat_writer /opt/stack/data/venv/lib/python3.12/site-packages/dbcounter.py:115}}
Apr 14 08:18:02.943057 np0000166135 neutron-periodic-workers[105746]: DEBUG neutron.db.agents_db [None req-e6f58e3e-67b8-4bf1-86c5-8580cab4b38d None None] Agent healthcheck: found 0 active agents {{(pid=105746) agent_health_check /opt/stack/neutron/neutron/db/agents_db.py:317}}
Apr 14 08:18:02.943584 np0000166135 neutron-periodic-workers[105746]: DEBUG oslo.service.backend._threading.loopingcall [None req-e6f58e3e-67b8-4bf1-86c5-8580cab4b38d None None] Fixed interval looping call 'neutron.plugins.ml2.plugin.AgentDbMixin.agent_health_check' sleeping for 37.00 seconds {{(pid=105746) _run_loop /opt/stack/data/venv/lib/python3.12/site-packages/oslo_service/backend/_threading/loopingcall.py:125}}
Apr 14 08:18:12.942093 np0000166135 neutron-periodic-workers[105746]: DEBUG dbcounter [-] [105746] Writing DB stats neutron:SELECT=1 {{(pid=105746) stat_writer /opt/stack/data/venv/lib/python3.12/site-packages/dbcounter.py:115}}
Apr 14 08:18:15.940038 np0000166135 neutron-periodic-workers[105740]: DEBUG oslo.service.backend._threading.loopingcall [None req-67c01e92-fd7e-4c70-b7af-859473b04832 None None] Fixed interval looping call 'neutron.plugins.ml2.plugin.DhcpAgentSchedulerDbMixin.remove_networks_from_down_agents' sleeping for 36.99 seconds {{(pid=105740) _run_loop /opt/stack/data/venv/lib/python3.12/site-packages/oslo_service/backend/_threading/loopingcall.py:125}}
Apr 14 08:18:25.939004 np0000166135 neutron-periodic-workers[105740]: DEBUG dbcounter [-] [105740] Writing DB stats neutron:SELECT=3 {{(pid=105740) stat_writer /opt/stack/data/venv/lib/python3.12/site-packages/dbcounter.py:115}}
