Mar 23 13:21:58.673172 np0000160361 systemd[1]: Starting devstack@n-api.service - Devstack devstack@n-api.service...
Mar 23 13:21:58.680272 np0000160361 devstack@n-api.service[99410]: [uWSGI] getting INI configuration from /etc/nova/nova-api-uwsgi.ini
Mar 23 13:21:58.681128 np0000160361 devstack@n-api.service[99410]: open("./http_plugin.so"): No such file or directory [core/utils.c line 3709]
Mar 23 13:21:58.681128 np0000160361 devstack@n-api.service[99410]: !!! UNABLE to load uWSGI plugin: ./http_plugin.so: cannot open shared object file: No such file or directory !!!
Mar 23 13:21:58.681128 np0000160361 devstack@n-api.service[99410]: open("./python3_plugin.so"): No such file or directory [core/utils.c line 3709]
Mar 23 13:21:58.681128 np0000160361 devstack@n-api.service[99410]: !!! UNABLE to load uWSGI plugin: ./python3_plugin.so: cannot open shared object file: No such file or directory !!!
Mar 23 13:21:58.681128 np0000160361 devstack@n-api.service[99410]: *** Starting uWSGI 2.0.31 (64bit) on [Mon Mar 23 13:21:58 2026] ***
Mar 23 13:21:58.681128 np0000160361 devstack@n-api.service[99410]: compiled with version: 13.3.0 on 23 March 2026 13:09:34
Mar 23 13:21:58.681128 np0000160361 devstack@n-api.service[99410]: os: Linux-6.8.0-106-generic #106-Ubuntu SMP PREEMPT_DYNAMIC Fri Mar 6 07:58:08 UTC 2026
Mar 23 13:21:58.681128 np0000160361 devstack@n-api.service[99410]: nodename: np0000160361
Mar 23 13:21:58.681128 np0000160361 devstack@n-api.service[99410]: machine: x86_64
Mar 23 13:21:58.681128 np0000160361 devstack@n-api.service[99410]: clock source: unix
Mar 23 13:21:58.681128 np0000160361 devstack@n-api.service[99410]: pcre jit disabled
Mar 23 13:21:58.681128 np0000160361 devstack@n-api.service[99410]: detected number of CPU cores: 16
Mar 23 13:21:58.681128 np0000160361 devstack@n-api.service[99410]: current working directory: /
Mar 23 13:21:58.681128 np0000160361 devstack@n-api.service[99410]: detected binary path: /opt/stack/data/venv/bin/uwsgi
Mar 23 13:21:58.681128 np0000160361 devstack@n-api.service[99410]: your processes number limit is 256917
Mar 23 13:21:58.681128 np0000160361 devstack@n-api.service[99410]: your memory page size is 4096 bytes
Mar 23 13:21:58.681128 np0000160361 devstack@n-api.service[99410]: detected max file descriptor number: 2048
Mar 23 13:21:58.681128 np0000160361 devstack@n-api.service[99410]: lock engine: pthread robust mutexes
Mar 23 13:21:58.681128 np0000160361 devstack@n-api.service[99410]: thunder lock: enabled
Mar 23 13:21:58.681128 np0000160361 devstack@n-api.service[99410]: uwsgi socket 0 bound to UNIX address /var/run/uwsgi/nova-api.socket fd 4
Mar 23 13:21:58.681128 np0000160361 devstack@n-api.service[99410]: Python version: 3.12.3 (main, Mar 3 2026, 12:15:18) [GCC 13.3.0]
Mar 23 13:21:58.681128 np0000160361 devstack@n-api.service[99410]: PEP 405 virtualenv detected: /opt/stack/data/venv
Mar 23 13:21:58.681128 np0000160361 devstack@n-api.service[99410]: Set PythonHome to /opt/stack/data/venv
Mar 23 13:21:58.716495 np0000160361 devstack@n-api.service[99410]: Python main interpreter initialized at 0x76469baa3668
Mar 23 13:21:58.716495 np0000160361 devstack@n-api.service[99410]: python threads support enabled
Mar 23 13:21:58.716495 np0000160361 devstack@n-api.service[99410]: your server socket listen backlog is limited to 100 connections
Mar 23 13:21:58.716495 np0000160361 devstack@n-api.service[99410]: your mercy for graceful operations on workers is 80 seconds
Mar 23 13:21:58.717025 np0000160361 devstack@n-api.service[99410]: mapped 671795 bytes (656 KB) for 4 cores
Mar 23 13:21:58.717104 np0000160361 devstack@n-api.service[99410]: *** Operational MODE: preforking ***
Mar 23 13:21:58.717374 np0000160361 devstack@n-api.service[99410]: *** uWSGI is running in multiple interpreter mode ***
Mar 23 13:21:58.717374 np0000160361 devstack@n-api.service[99410]: spawned uWSGI master process (pid: 99410)
Mar 23 13:21:58.717705 np0000160361 systemd[1]: Started devstack@n-api.service - Devstack devstack@n-api.service.
Mar 23 13:21:58.718260 np0000160361 devstack@n-api.service[99410]: spawned uWSGI worker 1 (pid: 99411, cores: 1)
Mar 23 13:21:58.718680 np0000160361 devstack@n-api.service[99410]: spawned uWSGI worker 2 (pid: 99412, cores: 1)
Mar 23 13:21:58.719065 np0000160361 devstack@n-api.service[99410]: spawned uWSGI worker 3 (pid: 99413, cores: 1)
Mar 23 13:21:58.719457 np0000160361 devstack@n-api.service[99410]: spawned uWSGI worker 4 (pid: 99414, cores: 1)
Mar 23 13:21:58.719567 np0000160361 devstack@n-api.service[99410]: running "unix_signal:15 gracefully_kill_them_all" (master-start)...
Mar 23 13:21:59.083232 np0000160361 devstack@n-api.service[99412]: Service is starting with native threading. This is currently experimental. Do not use it in production without first testing it in pre-production.
Mar 23 13:21:59.084964 np0000160361 devstack@n-api.service[99414]: Service is starting with native threading. This is currently experimental. Do not use it in production without first testing it in pre-production.
Mar 23 13:21:59.085794 np0000160361 devstack@n-api.service[99413]: Service is starting with native threading. This is currently experimental. Do not use it in production without first testing it in pre-production.
Mar 23 13:21:59.087300 np0000160361 devstack@n-api.service[99411]: Service is starting with native threading. This is currently experimental. Do not use it in production without first testing it in pre-production.
Mar 23 13:22:01.139256 np0000160361 devstack@n-api.service[99412]: INFO dbcounter [None req-43b4b6f8-4369-4e76-8593-4b306cda9f59 None None] Registered counter for database nova_api
Mar 23 13:22:01.142745 np0000160361 devstack@n-api.service[99413]: INFO dbcounter [None req-cab85616-f01c-4fe9-8528-02fd280ce387 None None] Registered counter for database nova_api
Mar 23 13:22:01.156011 np0000160361 devstack@n-api.service[99412]: DEBUG oslo_db.sqlalchemy.engines [None req-43b4b6f8-4369-4e76-8593-4b306cda9f59 None None] MySQL server mode set to STRICT_TRANS_TABLES,STRICT_ALL_TABLES,NO_ZERO_IN_DATE,NO_ZERO_DATE,ERROR_FOR_DIVISION_BY_ZERO,TRADITIONAL,NO_ENGINE_SUBSTITUTION {{(pid=99412) _check_effective_sql_mode /opt/stack/data/venv/lib/python3.12/site-packages/oslo_db/sqlalchemy/engines.py:325}}
Mar 23 13:22:01.156489 np0000160361 devstack@n-api.service[99413]: DEBUG oslo_db.sqlalchemy.engines [None req-cab85616-f01c-4fe9-8528-02fd280ce387 None None] MySQL server mode set to STRICT_TRANS_TABLES,STRICT_ALL_TABLES,NO_ZERO_IN_DATE,NO_ZERO_DATE,ERROR_FOR_DIVISION_BY_ZERO,TRADITIONAL,NO_ENGINE_SUBSTITUTION {{(pid=99413) _check_effective_sql_mode /opt/stack/data/venv/lib/python3.12/site-packages/oslo_db/sqlalchemy/engines.py:325}}
Mar 23 13:22:01.164150 np0000160361 devstack@n-api.service[99411]: INFO dbcounter [None req-dae9ab48-6815-437b-abb6-424d1da7621b None None] Registered counter for database nova_api
Mar 23 13:22:01.175652 np0000160361 devstack@n-api.service[99411]: DEBUG oslo_db.sqlalchemy.engines [None req-dae9ab48-6815-437b-abb6-424d1da7621b None None] MySQL server mode set to STRICT_TRANS_TABLES,STRICT_ALL_TABLES,NO_ZERO_IN_DATE,NO_ZERO_DATE,ERROR_FOR_DIVISION_BY_ZERO,TRADITIONAL,NO_ENGINE_SUBSTITUTION {{(pid=99411) _check_effective_sql_mode /opt/stack/data/venv/lib/python3.12/site-packages/oslo_db/sqlalchemy/engines.py:325}}
Mar 23 13:22:01.186051 np0000160361 devstack@n-api.service[99414]: INFO dbcounter [None req-30af4d8f-bef0-4f13-836e-f8885c25ce04 None None] Registered counter for database nova_api
Mar 23 13:22:01.190225 np0000160361 devstack@n-api.service[99413]: DEBUG dbcounter [-] [99413] Writer thread running {{(pid=99413) stat_writer /opt/stack/data/venv/lib/python3.12/site-packages/dbcounter.py:102}}
Mar 23 13:22:01.190513 np0000160361 devstack@n-api.service[99412]: DEBUG dbcounter [-] [99412] Writer thread running {{(pid=99412) stat_writer /opt/stack/data/venv/lib/python3.12/site-packages/dbcounter.py:102}}
Mar 23 13:22:01.192601 np0000160361 devstack@n-api.service[99412]: DEBUG nova.context [None req-43b4b6f8-4369-4e76-8593-4b306cda9f59 None None] Found 2 cells: 00000000-0000-0000-0000-000000000000(cell0),36383230-7e87-494a-99b8-33b2a201cd9f(cell1) {{(pid=99412) load_cells /opt/stack/nova/nova/context.py:509}}
Mar 23 13:22:01.192821 np0000160361 devstack@n-api.service[99412]: INFO nova.utils [None req-43b4b6f8-4369-4e76-8593-4b306cda9f59 None None] The cell worker thread pool MainProcess.cell_worker is initialized
Mar 23 13:22:01.192930 np0000160361 devstack@n-api.service[99413]: DEBUG nova.context [None req-cab85616-f01c-4fe9-8528-02fd280ce387 None None] Found 2 cells: 00000000-0000-0000-0000-000000000000(cell0),36383230-7e87-494a-99b8-33b2a201cd9f(cell1) {{(pid=99413) load_cells /opt/stack/nova/nova/context.py:509}}
Mar 23 13:22:01.193166 np0000160361 devstack@n-api.service[99413]: INFO nova.utils [None req-cab85616-f01c-4fe9-8528-02fd280ce387 None None] The cell worker thread pool MainProcess.cell_worker is initialized
Mar 23 13:22:01.194564 np0000160361 devstack@n-api.service[99412]: DEBUG oslo_concurrency.lockutils [None req-43b4b6f8-4369-4e76-8593-4b306cda9f59 None None] Acquiring lock "00000000-0000-0000-0000-000000000000" by "nova.context.set_target_cell..get_or_set_cached_cell_and_set_connections" {{(pid=99412) inner /opt/stack/data/venv/lib/python3.12/site-packages/oslo_concurrency/lockutils.py:506}}
Mar 23 13:22:01.194760 np0000160361 devstack@n-api.service[99412]: DEBUG oslo_concurrency.lockutils [None req-43b4b6f8-4369-4e76-8593-4b306cda9f59 None None] Lock "00000000-0000-0000-0000-000000000000" acquired by "nova.context.set_target_cell..get_or_set_cached_cell_and_set_connections" :: waited 0.000s {{(pid=99412) inner /opt/stack/data/venv/lib/python3.12/site-packages/oslo_concurrency/lockutils.py:519}}
Mar 23 13:22:01.195066 np0000160361 devstack@n-api.service[99412]: DEBUG oslo_concurrency.lockutils [None req-43b4b6f8-4369-4e76-8593-4b306cda9f59 None None] Lock "00000000-0000-0000-0000-000000000000" "released" by "nova.context.set_target_cell..get_or_set_cached_cell_and_set_connections" :: held 0.000s {{(pid=99412) inner /opt/stack/data/venv/lib/python3.12/site-packages/oslo_concurrency/lockutils.py:538}}
Mar 23 13:22:01.195234 np0000160361 devstack@n-api.service[99413]: DEBUG oslo_concurrency.lockutils [None req-cab85616-f01c-4fe9-8528-02fd280ce387 None None] Acquiring lock "00000000-0000-0000-0000-000000000000" by "nova.context.set_target_cell..get_or_set_cached_cell_and_set_connections" {{(pid=99413) inner /opt/stack/data/venv/lib/python3.12/site-packages/oslo_concurrency/lockutils.py:506}}
Mar 23 13:22:01.195466 np0000160361 devstack@n-api.service[99413]: DEBUG oslo_concurrency.lockutils [None req-cab85616-f01c-4fe9-8528-02fd280ce387 None None] Lock "00000000-0000-0000-0000-000000000000" acquired by "nova.context.set_target_cell..get_or_set_cached_cell_and_set_connections" :: waited 0.000s {{(pid=99413) inner /opt/stack/data/venv/lib/python3.12/site-packages/oslo_concurrency/lockutils.py:519}}
Mar 23 13:22:01.195833 np0000160361 devstack@n-api.service[99412]: DEBUG oslo_concurrency.lockutils [None req-43b4b6f8-4369-4e76-8593-4b306cda9f59 None None] Acquiring lock "36383230-7e87-494a-99b8-33b2a201cd9f" by "nova.context.set_target_cell..get_or_set_cached_cell_and_set_connections" {{(pid=99412) inner /opt/stack/data/venv/lib/python3.12/site-packages/oslo_concurrency/lockutils.py:506}}
Mar 23 13:22:01.196015 np0000160361 devstack@n-api.service[99413]: DEBUG oslo_concurrency.lockutils [None req-cab85616-f01c-4fe9-8528-02fd280ce387 None None] Lock "00000000-0000-0000-0000-000000000000" "released" by "nova.context.set_target_cell..get_or_set_cached_cell_and_set_connections" :: held 0.000s {{(pid=99413) inner /opt/stack/data/venv/lib/python3.12/site-packages/oslo_concurrency/lockutils.py:538}}
Mar 23 13:22:01.196102 np0000160361 devstack@n-api.service[99412]: DEBUG oslo_concurrency.lockutils [None req-43b4b6f8-4369-4e76-8593-4b306cda9f59 None None] Lock "36383230-7e87-494a-99b8-33b2a201cd9f" acquired by "nova.context.set_target_cell..get_or_set_cached_cell_and_set_connections" :: waited 0.000s {{(pid=99412) inner /opt/stack/data/venv/lib/python3.12/site-packages/oslo_concurrency/lockutils.py:519}}
Mar 23 13:22:01.196806 np0000160361 devstack@n-api.service[99412]: DEBUG oslo_concurrency.lockutils [None req-43b4b6f8-4369-4e76-8593-4b306cda9f59 None None] Lock "36383230-7e87-494a-99b8-33b2a201cd9f" "released" by "nova.context.set_target_cell..get_or_set_cached_cell_and_set_connections" :: held 0.001s {{(pid=99412) inner /opt/stack/data/venv/lib/python3.12/site-packages/oslo_concurrency/lockutils.py:538}}
Mar 23 13:22:01.196947 np0000160361 devstack@n-api.service[99413]: DEBUG oslo_concurrency.lockutils [None req-cab85616-f01c-4fe9-8528-02fd280ce387 None None] Acquiring lock "36383230-7e87-494a-99b8-33b2a201cd9f" by "nova.context.set_target_cell..get_or_set_cached_cell_and_set_connections" {{(pid=99413) inner /opt/stack/data/venv/lib/python3.12/site-packages/oslo_concurrency/lockutils.py:506}}
Mar 23 13:22:01.197017 np0000160361 devstack@n-api.service[99413]: DEBUG oslo_concurrency.lockutils [None req-cab85616-f01c-4fe9-8528-02fd280ce387 None None] Lock "36383230-7e87-494a-99b8-33b2a201cd9f" acquired by "nova.context.set_target_cell..get_or_set_cached_cell_and_set_connections" :: waited 0.000s {{(pid=99413) inner /opt/stack/data/venv/lib/python3.12/site-packages/oslo_concurrency/lockutils.py:519}}
Mar 23 13:22:01.198252 np0000160361 devstack@n-api.service[99413]: DEBUG oslo_concurrency.lockutils [None req-cab85616-f01c-4fe9-8528-02fd280ce387 None None] Lock "36383230-7e87-494a-99b8-33b2a201cd9f" "released" by "nova.context.set_target_cell..get_or_set_cached_cell_and_set_connections" :: held 0.001s {{(pid=99413) inner /opt/stack/data/venv/lib/python3.12/site-packages/oslo_concurrency/lockutils.py:538}}
Mar 23 13:22:01.199259 np0000160361 devstack@n-api.service[99412]: INFO dbcounter [None req-43b4b6f8-4369-4e76-8593-4b306cda9f59 None None] Registered counter for database nova_cell0
Mar 23 13:22:01.200503 np0000160361 devstack@n-api.service[99413]: INFO dbcounter [None req-cab85616-f01c-4fe9-8528-02fd280ce387 None None] Registered counter for database nova_cell0
Mar 23 13:22:01.200746 np0000160361 devstack@n-api.service[99414]: DEBUG oslo_db.sqlalchemy.engines [None req-30af4d8f-bef0-4f13-836e-f8885c25ce04 None None] MySQL server mode set to STRICT_TRANS_TABLES,STRICT_ALL_TABLES,NO_ZERO_IN_DATE,NO_ZERO_DATE,ERROR_FOR_DIVISION_BY_ZERO,TRADITIONAL,NO_ENGINE_SUBSTITUTION {{(pid=99414) _check_effective_sql_mode /opt/stack/data/venv/lib/python3.12/site-packages/oslo_db/sqlalchemy/engines.py:325}}
Mar 23 13:22:01.203627 np0000160361 devstack@n-api.service[99412]: INFO dbcounter [None req-43b4b6f8-4369-4e76-8593-4b306cda9f59 None None] Registered counter for database nova_cell1
Mar 23 13:22:01.204795 np0000160361 devstack@n-api.service[99413]: INFO dbcounter [None req-cab85616-f01c-4fe9-8528-02fd280ce387 None None] Registered counter for database nova_cell1
Mar 23 13:22:01.207728 np0000160361 devstack@n-api.service[99411]: DEBUG dbcounter [-] [99411] Writer thread running {{(pid=99411) stat_writer /opt/stack/data/venv/lib/python3.12/site-packages/dbcounter.py:102}}
Mar 23 13:22:01.210134 np0000160361 devstack@n-api.service[99411]: DEBUG nova.context [None req-dae9ab48-6815-437b-abb6-424d1da7621b None None] Found 2 cells: 00000000-0000-0000-0000-000000000000(cell0),36383230-7e87-494a-99b8-33b2a201cd9f(cell1) {{(pid=99411) load_cells /opt/stack/nova/nova/context.py:509}}
Mar 23 13:22:01.210370 np0000160361 devstack@n-api.service[99411]: INFO nova.utils [None req-dae9ab48-6815-437b-abb6-424d1da7621b None None] The cell worker thread pool MainProcess.cell_worker is initialized
Mar 23 13:22:01.212069 np0000160361 devstack@n-api.service[99411]: DEBUG oslo_concurrency.lockutils [None req-dae9ab48-6815-437b-abb6-424d1da7621b None None] Acquiring lock "00000000-0000-0000-0000-000000000000" by "nova.context.set_target_cell..get_or_set_cached_cell_and_set_connections" {{(pid=99411) inner /opt/stack/data/venv/lib/python3.12/site-packages/oslo_concurrency/lockutils.py:506}}
Mar 23 13:22:01.212245 np0000160361 devstack@n-api.service[99411]: DEBUG oslo_concurrency.lockutils [None req-dae9ab48-6815-437b-abb6-424d1da7621b None None] Lock "00000000-0000-0000-0000-000000000000" acquired by "nova.context.set_target_cell..get_or_set_cached_cell_and_set_connections" :: waited 0.000s {{(pid=99411) inner /opt/stack/data/venv/lib/python3.12/site-packages/oslo_concurrency/lockutils.py:519}}
Mar 23 13:22:01.212574 np0000160361 devstack@n-api.service[99411]: DEBUG oslo_concurrency.lockutils [None req-dae9ab48-6815-437b-abb6-424d1da7621b None None] Lock "00000000-0000-0000-0000-000000000000" "released" by "nova.context.set_target_cell..get_or_set_cached_cell_and_set_connections" :: held 0.000s {{(pid=99411) inner /opt/stack/data/venv/lib/python3.12/site-packages/oslo_concurrency/lockutils.py:538}}
Mar 23 13:22:01.213104 np0000160361 devstack@n-api.service[99413]: DEBUG oslo_db.sqlalchemy.engines [None req-cab85616-f01c-4fe9-8528-02fd280ce387 None None] MySQL server mode set to STRICT_TRANS_TABLES,STRICT_ALL_TABLES,NO_ZERO_IN_DATE,NO_ZERO_DATE,ERROR_FOR_DIVISION_BY_ZERO,TRADITIONAL,NO_ENGINE_SUBSTITUTION {{(pid=99413) _check_effective_sql_mode /opt/stack/data/venv/lib/python3.12/site-packages/oslo_db/sqlalchemy/engines.py:325}}
Mar 23 13:22:01.213332 np0000160361 devstack@n-api.service[99411]: DEBUG oslo_concurrency.lockutils [None req-dae9ab48-6815-437b-abb6-424d1da7621b None None] Acquiring lock "36383230-7e87-494a-99b8-33b2a201cd9f" by "nova.context.set_target_cell..get_or_set_cached_cell_and_set_connections" {{(pid=99411) inner /opt/stack/data/venv/lib/python3.12/site-packages/oslo_concurrency/lockutils.py:506}}
Mar 23 13:22:01.213464 np0000160361 devstack@n-api.service[99411]: DEBUG oslo_concurrency.lockutils [None req-dae9ab48-6815-437b-abb6-424d1da7621b None None] Lock "36383230-7e87-494a-99b8-33b2a201cd9f" acquired by "nova.context.set_target_cell..get_or_set_cached_cell_and_set_connections" :: waited 0.000s {{(pid=99411) inner /opt/stack/data/venv/lib/python3.12/site-packages/oslo_concurrency/lockutils.py:519}}
Mar 23 13:22:01.214298 np0000160361 devstack@n-api.service[99411]: DEBUG oslo_concurrency.lockutils [None req-dae9ab48-6815-437b-abb6-424d1da7621b None None] Lock "36383230-7e87-494a-99b8-33b2a201cd9f" "released" by "nova.context.set_target_cell..get_or_set_cached_cell_and_set_connections" :: held 0.001s {{(pid=99411) inner /opt/stack/data/venv/lib/python3.12/site-packages/oslo_concurrency/lockutils.py:538}}
Mar 23 13:22:01.215569 np0000160361 devstack@n-api.service[99412]: DEBUG oslo_db.sqlalchemy.engines [None req-43b4b6f8-4369-4e76-8593-4b306cda9f59 None None] MySQL server mode set to STRICT_TRANS_TABLES,STRICT_ALL_TABLES,NO_ZERO_IN_DATE,NO_ZERO_DATE,ERROR_FOR_DIVISION_BY_ZERO,TRADITIONAL,NO_ENGINE_SUBSTITUTION {{(pid=99412) _check_effective_sql_mode /opt/stack/data/venv/lib/python3.12/site-packages/oslo_db/sqlalchemy/engines.py:325}}
Mar 23 13:22:01.216759 np0000160361 devstack@n-api.service[99411]: INFO dbcounter [None req-dae9ab48-6815-437b-abb6-424d1da7621b None None] Registered counter for database nova_cell0
Mar 23 13:22:01.221969 np0000160361 devstack@n-api.service[99411]: INFO dbcounter [None req-dae9ab48-6815-437b-abb6-424d1da7621b None None] Registered counter for database nova_cell1
Mar 23 13:22:01.226191 np0000160361 devstack@n-api.service[99412]: DEBUG oslo_db.sqlalchemy.engines [None req-43b4b6f8-4369-4e76-8593-4b306cda9f59 None None] MySQL server mode set to STRICT_TRANS_TABLES,STRICT_ALL_TABLES,NO_ZERO_IN_DATE,NO_ZERO_DATE,ERROR_FOR_DIVISION_BY_ZERO,TRADITIONAL,NO_ENGINE_SUBSTITUTION {{(pid=99412) _check_effective_sql_mode /opt/stack/data/venv/lib/python3.12/site-packages/oslo_db/sqlalchemy/engines.py:325}}
Mar 23 13:22:01.233285 np0000160361 devstack@n-api.service[99413]: DEBUG oslo_db.sqlalchemy.engines [None req-cab85616-f01c-4fe9-8528-02fd280ce387 None None] MySQL server mode set to STRICT_TRANS_TABLES,STRICT_ALL_TABLES,NO_ZERO_IN_DATE,NO_ZERO_DATE,ERROR_FOR_DIVISION_BY_ZERO,TRADITIONAL,NO_ENGINE_SUBSTITUTION {{(pid=99413) _check_effective_sql_mode /opt/stack/data/venv/lib/python3.12/site-packages/oslo_db/sqlalchemy/engines.py:325}}
Mar 23 13:22:01.233439 np0000160361 devstack@n-api.service[99414]: DEBUG dbcounter [-] [99414] Writer thread running {{(pid=99414) stat_writer /opt/stack/data/venv/lib/python3.12/site-packages/dbcounter.py:102}}
Mar 23 13:22:01.235358 np0000160361 devstack@n-api.service[99411]: DEBUG oslo_db.sqlalchemy.engines [None req-dae9ab48-6815-437b-abb6-424d1da7621b None None] MySQL server mode set to STRICT_TRANS_TABLES,STRICT_ALL_TABLES,NO_ZERO_IN_DATE,NO_ZERO_DATE,ERROR_FOR_DIVISION_BY_ZERO,TRADITIONAL,NO_ENGINE_SUBSTITUTION {{(pid=99411) _check_effective_sql_mode /opt/stack/data/venv/lib/python3.12/site-packages/oslo_db/sqlalchemy/engines.py:325}}
Mar 23 13:22:01.235941 np0000160361 devstack@n-api.service[99414]: DEBUG nova.context [None req-30af4d8f-bef0-4f13-836e-f8885c25ce04 None None] Found 2 cells: 00000000-0000-0000-0000-000000000000(cell0),36383230-7e87-494a-99b8-33b2a201cd9f(cell1) {{(pid=99414) load_cells /opt/stack/nova/nova/context.py:509}}
Mar 23 13:22:01.236274 np0000160361 devstack@n-api.service[99414]: INFO nova.utils [None req-30af4d8f-bef0-4f13-836e-f8885c25ce04 None None] The cell worker thread pool MainProcess.cell_worker is initialized
Mar 23 13:22:01.238156 np0000160361 devstack@n-api.service[99414]: DEBUG oslo_concurrency.lockutils [None req-30af4d8f-bef0-4f13-836e-f8885c25ce04 None None] Acquiring lock "00000000-0000-0000-0000-000000000000" by "nova.context.set_target_cell..get_or_set_cached_cell_and_set_connections" {{(pid=99414) inner /opt/stack/data/venv/lib/python3.12/site-packages/oslo_concurrency/lockutils.py:506}}
Mar 23 13:22:01.238463 np0000160361 devstack@n-api.service[99414]: DEBUG oslo_concurrency.lockutils [None req-30af4d8f-bef0-4f13-836e-f8885c25ce04 None None] Lock "00000000-0000-0000-0000-000000000000" acquired by "nova.context.set_target_cell..get_or_set_cached_cell_and_set_connections" :: waited 0.000s {{(pid=99414) inner /opt/stack/data/venv/lib/python3.12/site-packages/oslo_concurrency/lockutils.py:519}}
Mar 23 13:22:01.238969 np0000160361 devstack@n-api.service[99414]: DEBUG oslo_concurrency.lockutils [None req-30af4d8f-bef0-4f13-836e-f8885c25ce04 None None] Lock "00000000-0000-0000-0000-000000000000" "released" by "nova.context.set_target_cell..get_or_set_cached_cell_and_set_connections" :: held 0.001s {{(pid=99414) inner /opt/stack/data/venv/lib/python3.12/site-packages/oslo_concurrency/lockutils.py:538}}
Mar 23 13:22:01.240009 np0000160361 devstack@n-api.service[99414]: DEBUG oslo_concurrency.lockutils [None req-30af4d8f-bef0-4f13-836e-f8885c25ce04 None None] Acquiring lock "36383230-7e87-494a-99b8-33b2a201cd9f" by "nova.context.set_target_cell..get_or_set_cached_cell_and_set_connections" {{(pid=99414) inner /opt/stack/data/venv/lib/python3.12/site-packages/oslo_concurrency/lockutils.py:506}}
Mar 23 13:22:01.240253 np0000160361 devstack@n-api.service[99414]: DEBUG oslo_concurrency.lockutils [None req-30af4d8f-bef0-4f13-836e-f8885c25ce04 None None] Lock "36383230-7e87-494a-99b8-33b2a201cd9f" acquired by "nova.context.set_target_cell..get_or_set_cached_cell_and_set_connections" :: waited 0.000s {{(pid=99414) inner /opt/stack/data/venv/lib/python3.12/site-packages/oslo_concurrency/lockutils.py:519}}
Mar 23 13:22:01.241237 np0000160361 devstack@n-api.service[99411]: DEBUG oslo_db.sqlalchemy.engines [None req-dae9ab48-6815-437b-abb6-424d1da7621b None None] MySQL server mode set to STRICT_TRANS_TABLES,STRICT_ALL_TABLES,NO_ZERO_IN_DATE,NO_ZERO_DATE,ERROR_FOR_DIVISION_BY_ZERO,TRADITIONAL,NO_ENGINE_SUBSTITUTION {{(pid=99411) _check_effective_sql_mode /opt/stack/data/venv/lib/python3.12/site-packages/oslo_db/sqlalchemy/engines.py:325}}
Mar 23 13:22:01.241404 np0000160361 devstack@n-api.service[99414]: DEBUG oslo_concurrency.lockutils [None req-30af4d8f-bef0-4f13-836e-f8885c25ce04 None None] Lock "36383230-7e87-494a-99b8-33b2a201cd9f" "released" by "nova.context.set_target_cell..get_or_set_cached_cell_and_set_connections" :: held 0.001s {{(pid=99414) inner /opt/stack/data/venv/lib/python3.12/site-packages/oslo_concurrency/lockutils.py:538}}
Mar 23 13:22:01.244779 np0000160361 devstack@n-api.service[99414]: INFO dbcounter [None req-30af4d8f-bef0-4f13-836e-f8885c25ce04 None None] Registered counter for database nova_cell0
Mar 23 13:22:01.250728 np0000160361 devstack@n-api.service[99414]: INFO dbcounter [None req-30af4d8f-bef0-4f13-836e-f8885c25ce04 None None] Registered counter for database nova_cell1
Mar 23 13:22:01.259341 np0000160361 devstack@n-api.service[99414]: DEBUG oslo_db.sqlalchemy.engines [None req-30af4d8f-bef0-4f13-836e-f8885c25ce04 None None] MySQL server mode set to STRICT_TRANS_TABLES,STRICT_ALL_TABLES,NO_ZERO_IN_DATE,NO_ZERO_DATE,ERROR_FOR_DIVISION_BY_ZERO,TRADITIONAL,NO_ENGINE_SUBSTITUTION {{(pid=99414) _check_effective_sql_mode /opt/stack/data/venv/lib/python3.12/site-packages/oslo_db/sqlalchemy/engines.py:325}}
Mar 23 13:22:01.266979 np0000160361 devstack@n-api.service[99414]: DEBUG oslo_db.sqlalchemy.engines [None req-30af4d8f-bef0-4f13-836e-f8885c25ce04 None None] MySQL server mode set to STRICT_TRANS_TABLES,STRICT_ALL_TABLES,NO_ZERO_IN_DATE,NO_ZERO_DATE,ERROR_FOR_DIVISION_BY_ZERO,TRADITIONAL,NO_ENGINE_SUBSTITUTION {{(pid=99414) _check_effective_sql_mode /opt/stack/data/venv/lib/python3.12/site-packages/oslo_db/sqlalchemy/engines.py:325}}
Mar 23 13:22:01.315561 np0000160361 devstack@n-api.service[99413]: DEBUG dbcounter [-] [99413] Writer thread running {{(pid=99413) stat_writer /opt/stack/data/venv/lib/python3.12/site-packages/dbcounter.py:102}}
Mar 23 13:22:01.316189 np0000160361 devstack@n-api.service[99412]: DEBUG dbcounter [-] [99412] Writer thread running {{(pid=99412) stat_writer /opt/stack/data/venv/lib/python3.12/site-packages/dbcounter.py:102}}
Mar 23 13:22:01.319951 np0000160361 devstack@n-api.service[99413]: DEBUG dbcounter [-] [99413] Writer thread running {{(pid=99413) stat_writer /opt/stack/data/venv/lib/python3.12/site-packages/dbcounter.py:102}}
Mar 23 13:22:01.322954 np0000160361 devstack@n-api.service[99413]: INFO dbcounter [None req-cab85616-f01c-4fe9-8528-02fd280ce387 None None] Registered counter for database nova_cell0
Mar 23 13:22:01.323092 np0000160361 devstack@n-api.service[99412]: DEBUG dbcounter [-] [99412] Writer thread running {{(pid=99412) stat_writer /opt/stack/data/venv/lib/python3.12/site-packages/dbcounter.py:102}}
Mar 23 13:22:01.331102 np0000160361 devstack@n-api.service[99413]: DEBUG oslo_db.sqlalchemy.engines [None req-cab85616-f01c-4fe9-8528-02fd280ce387 None None] MySQL server mode set to STRICT_TRANS_TABLES,STRICT_ALL_TABLES,NO_ZERO_IN_DATE,NO_ZERO_DATE,ERROR_FOR_DIVISION_BY_ZERO,TRADITIONAL,NO_ENGINE_SUBSTITUTION {{(pid=99413) _check_effective_sql_mode /opt/stack/data/venv/lib/python3.12/site-packages/oslo_db/sqlalchemy/engines.py:325}}
Mar 23 13:22:01.342223 np0000160361 devstack@n-api.service[99413]: DEBUG dbcounter [-] [99413] Writer thread running {{(pid=99413) stat_writer /opt/stack/data/venv/lib/python3.12/site-packages/dbcounter.py:102}}
Mar 23 13:22:01.344149 np0000160361 devstack@n-api.service[99411]: DEBUG dbcounter [-] [99411] Writer thread running {{(pid=99411) stat_writer /opt/stack/data/venv/lib/python3.12/site-packages/dbcounter.py:102}}
Mar 23 13:22:01.344789 np0000160361 devstack@n-api.service[99411]: DEBUG dbcounter [-] [99411] Writer thread running {{(pid=99411) stat_writer /opt/stack/data/venv/lib/python3.12/site-packages/dbcounter.py:102}}
Mar 23 13:22:01.362483 np0000160361 devstack@n-api.service[99414]: DEBUG dbcounter [-] [99414] Writer thread running {{(pid=99414) stat_writer /opt/stack/data/venv/lib/python3.12/site-packages/dbcounter.py:102}}
Mar 23 13:22:01.363117 np0000160361 devstack@n-api.service[99414]: DEBUG dbcounter [-] [99414] Writer thread running {{(pid=99414) stat_writer /opt/stack/data/venv/lib/python3.12/site-packages/dbcounter.py:102}}
Mar 23 13:22:01.377370 np0000160361 devstack@n-api.service[99412]: INFO dbcounter [None req-43b4b6f8-4369-4e76-8593-4b306cda9f59 None None] Registered counter for database nova_cell0
Mar 23 13:22:01.379286 np0000160361 devstack@n-api.service[99414]: INFO dbcounter [None req-30af4d8f-bef0-4f13-836e-f8885c25ce04 None None] Registered counter for database nova_cell0
Mar 23 13:22:01.379819 np0000160361 devstack@n-api.service[99411]: INFO dbcounter [None req-dae9ab48-6815-437b-abb6-424d1da7621b None None] Registered counter for database nova_cell0
Mar 23 13:22:01.387624 np0000160361 devstack@n-api.service[99412]: DEBUG oslo_db.sqlalchemy.engines [None req-43b4b6f8-4369-4e76-8593-4b306cda9f59 None None] MySQL server mode set to STRICT_TRANS_TABLES,STRICT_ALL_TABLES,NO_ZERO_IN_DATE,NO_ZERO_DATE,ERROR_FOR_DIVISION_BY_ZERO,TRADITIONAL,NO_ENGINE_SUBSTITUTION {{(pid=99412) _check_effective_sql_mode /opt/stack/data/venv/lib/python3.12/site-packages/oslo_db/sqlalchemy/engines.py:325}}
Mar 23 13:22:01.391944 np0000160361 devstack@n-api.service[99414]: DEBUG oslo_db.sqlalchemy.engines [None req-30af4d8f-bef0-4f13-836e-f8885c25ce04 None None] MySQL server mode set to STRICT_TRANS_TABLES,STRICT_ALL_TABLES,NO_ZERO_IN_DATE,NO_ZERO_DATE,ERROR_FOR_DIVISION_BY_ZERO,TRADITIONAL,NO_ENGINE_SUBSTITUTION {{(pid=99414) _check_effective_sql_mode /opt/stack/data/venv/lib/python3.12/site-packages/oslo_db/sqlalchemy/engines.py:325}}
Mar 23 13:22:01.395699 np0000160361 devstack@n-api.service[99411]: DEBUG oslo_db.sqlalchemy.engines [None req-dae9ab48-6815-437b-abb6-424d1da7621b None None] MySQL server mode set to STRICT_TRANS_TABLES,STRICT_ALL_TABLES,NO_ZERO_IN_DATE,NO_ZERO_DATE,ERROR_FOR_DIVISION_BY_ZERO,TRADITIONAL,NO_ENGINE_SUBSTITUTION {{(pid=99411) _check_effective_sql_mode /opt/stack/data/venv/lib/python3.12/site-packages/oslo_db/sqlalchemy/engines.py:325}}
Mar 23 13:22:01.397280 np0000160361 devstack@n-api.service[99412]: DEBUG dbcounter [-] [99412] Writer thread running {{(pid=99412) stat_writer /opt/stack/data/venv/lib/python3.12/site-packages/dbcounter.py:102}}
Mar 23 13:22:01.399520 np0000160361 devstack@n-api.service[99414]: DEBUG dbcounter [-] [99414] Writer thread running {{(pid=99414) stat_writer /opt/stack/data/venv/lib/python3.12/site-packages/dbcounter.py:102}}
Mar 23 13:22:01.405510 np0000160361 devstack@n-api.service[99411]: DEBUG dbcounter [-] [99411] Writer thread running {{(pid=99411) stat_writer /opt/stack/data/venv/lib/python3.12/site-packages/dbcounter.py:102}}
Mar 23 13:22:01.752633 np0000160361 devstack@n-api.service[99414]: DEBUG oslo_concurrency.processutils [None req-30af4d8f-bef0-4f13-836e-f8885c25ce04 None None] Running cmd (subprocess): grep -F node.session.scan /sbin/iscsiadm {{(pid=99414) execute /opt/stack/data/venv/lib/python3.12/site-packages/oslo_concurrency/processutils.py:440}}
Mar 23 13:22:01.753189 np0000160361 devstack@n-api.service[99413]: DEBUG oslo_concurrency.processutils [None req-cab85616-f01c-4fe9-8528-02fd280ce387 None None] Running cmd (subprocess): grep -F node.session.scan /sbin/iscsiadm {{(pid=99413) execute /opt/stack/data/venv/lib/python3.12/site-packages/oslo_concurrency/processutils.py:440}}
Mar 23 13:22:01.756140 np0000160361 devstack@n-api.service[99411]: DEBUG oslo_concurrency.processutils [None req-dae9ab48-6815-437b-abb6-424d1da7621b None None] Running cmd (subprocess): grep -F node.session.scan /sbin/iscsiadm {{(pid=99411) execute /opt/stack/data/venv/lib/python3.12/site-packages/oslo_concurrency/processutils.py:440}}
Mar 23 13:22:01.757129 np0000160361 devstack@n-api.service[99412]: DEBUG oslo_concurrency.processutils [None req-43b4b6f8-4369-4e76-8593-4b306cda9f59 None None] Running cmd (subprocess): grep -F node.session.scan /sbin/iscsiadm {{(pid=99412) execute /opt/stack/data/venv/lib/python3.12/site-packages/oslo_concurrency/processutils.py:440}}
Mar 23 13:22:01.767376 np0000160361 devstack@n-api.service[99414]: DEBUG oslo_concurrency.processutils [None req-30af4d8f-bef0-4f13-836e-f8885c25ce04 None None] CMD "grep -F node.session.scan /sbin/iscsiadm" returned: 0 in 0.015s {{(pid=99414) execute /opt/stack/data/venv/lib/python3.12/site-packages/oslo_concurrency/processutils.py:468}}
Mar 23 13:22:01.771518 np0000160361 devstack@n-api.service[99411]: DEBUG oslo_concurrency.processutils [None req-dae9ab48-6815-437b-abb6-424d1da7621b None None] CMD "grep -F node.session.scan /sbin/iscsiadm" returned: 0 in 0.015s {{(pid=99411) execute /opt/stack/data/venv/lib/python3.12/site-packages/oslo_concurrency/processutils.py:468}}
Mar 23 13:22:01.774800 np0000160361 devstack@n-api.service[99413]: DEBUG oslo_concurrency.processutils [None req-cab85616-f01c-4fe9-8528-02fd280ce387 None None] CMD "grep -F node.session.scan /sbin/iscsiadm" returned: 0 in 0.022s {{(pid=99413) execute /opt/stack/data/venv/lib/python3.12/site-packages/oslo_concurrency/processutils.py:468}}
Mar 23 13:22:01.776689 np0000160361 devstack@n-api.service[99412]: DEBUG oslo_concurrency.processutils [None req-43b4b6f8-4369-4e76-8593-4b306cda9f59 None None] CMD "grep -F node.session.scan /sbin/iscsiadm" returned: 0 in 0.019s {{(pid=99412) execute /opt/stack/data/venv/lib/python3.12/site-packages/oslo_concurrency/processutils.py:468}}
Mar 23 13:22:02.276053 np0000160361 devstack@n-api.service[99413]: WARNING keystonemiddleware.auth_token [None req-cab85616-f01c-4fe9-8528-02fd280ce387 None None] AuthToken middleware is set with keystone_authtoken.service_token_roles_required set to False. This is backwards compatible but deprecated behaviour. Please set this to True.
Mar 23 13:22:02.278267 np0000160361 devstack@n-api.service[99412]: WARNING keystonemiddleware.auth_token [None req-43b4b6f8-4369-4e76-8593-4b306cda9f59 None None] AuthToken middleware is set with keystone_authtoken.service_token_roles_required set to False. This is backwards compatible but deprecated behaviour. Please set this to True.
Mar 23 13:22:02.279095 np0000160361 devstack@n-api.service[99411]: WARNING keystonemiddleware.auth_token [None req-dae9ab48-6815-437b-abb6-424d1da7621b None None] AuthToken middleware is set with keystone_authtoken.service_token_roles_required set to False. This is backwards compatible but deprecated behaviour. Please set this to True.
Mar 23 13:22:02.282063 np0000160361 devstack@n-api.service[99414]: WARNING keystonemiddleware.auth_token [None req-30af4d8f-bef0-4f13-836e-f8885c25ce04 None None] AuthToken middleware is set with keystone_authtoken.service_token_roles_required set to False. This is backwards compatible but deprecated behaviour. Please set this to True.
Mar 23 13:22:02.344148 np0000160361 devstack@n-api.service[99412]: WARNING keystonemiddleware.auth_token [None req-43b4b6f8-4369-4e76-8593-4b306cda9f59 None None] AuthToken middleware is set with keystone_authtoken.service_token_roles_required set to False. This is backwards compatible but deprecated behaviour. Please set this to True.
Mar 23 13:22:02.345972 np0000160361 devstack@n-api.service[99413]: WARNING keystonemiddleware.auth_token [None req-cab85616-f01c-4fe9-8528-02fd280ce387 None None] AuthToken middleware is set with keystone_authtoken.service_token_roles_required set to False. This is backwards compatible but deprecated behaviour. Please set this to True.
Mar 23 13:22:02.349866 np0000160361 devstack@n-api.service[99412]: DEBUG nova.api.openstack.wsgi_app [None req-43b4b6f8-4369-4e76-8593-4b306cda9f59 None None] ******************************************************************************** {{(pid=99412) log_opt_values /opt/stack/data/venv/lib/python3.12/site-packages/oslo_config/cfg.py:2979}}
Mar 23 13:22:02.350018 np0000160361 devstack@n-api.service[99412]: DEBUG nova.api.openstack.wsgi_app [None req-43b4b6f8-4369-4e76-8593-4b306cda9f59 None None] Configuration options gathered from: {{(pid=99412) log_opt_values /opt/stack/data/venv/lib/python3.12/site-packages/oslo_config/cfg.py:2980}}
Mar 23 13:22:02.350392 np0000160361 devstack@n-api.service[99412]: DEBUG nova.api.openstack.wsgi_app [None req-43b4b6f8-4369-4e76-8593-4b306cda9f59 None None] command line args: [] {{(pid=99412) log_opt_values /opt/stack/data/venv/lib/python3.12/site-packages/oslo_config/cfg.py:2981}}
Mar 23 13:22:02.350673 np0000160361 devstack@n-api.service[99412]: DEBUG nova.api.openstack.wsgi_app [None req-43b4b6f8-4369-4e76-8593-4b306cda9f59 None None] config files: ['/etc/nova/api-paste.ini', '/etc/nova/nova.conf'] {{(pid=99412) log_opt_values /opt/stack/data/venv/lib/python3.12/site-packages/oslo_config/cfg.py:2982}}
Mar 23 13:22:02.350824 np0000160361 devstack@n-api.service[99412]: DEBUG nova.api.openstack.wsgi_app [None req-43b4b6f8-4369-4e76-8593-4b306cda9f59 None None] ================================================================================ {{(pid=99412) log_opt_values /opt/stack/data/venv/lib/python3.12/site-packages/oslo_config/cfg.py:2987}}
Mar 23 13:22:02.351062 np0000160361 devstack@n-api.service[99412]: DEBUG nova.api.openstack.wsgi_app [None req-43b4b6f8-4369-4e76-8593-4b306cda9f59 None None] allow_resize_to_same_host = True {{(pid=99412) log_opt_values /opt/stack/data/venv/lib/python3.12/site-packages/oslo_config/cfg.py:2995}}
Mar 23 13:22:02.351259 np0000160361 devstack@n-api.service[99412]: DEBUG nova.api.openstack.wsgi_app [None req-43b4b6f8-4369-4e76-8593-4b306cda9f59 None None] arq_binding_timeout = 300 {{(pid=99412) log_opt_values /opt/stack/data/venv/lib/python3.12/site-packages/oslo_config/cfg.py:2995}}
Mar 23 13:22:02.351457 np0000160361 devstack@n-api.service[99412]: DEBUG nova.api.openstack.wsgi_app [None req-43b4b6f8-4369-4e76-8593-4b306cda9f59 None None] block_device_allocate_retries = 60 {{(pid=99412) log_opt_values /opt/stack/data/venv/lib/python3.12/site-packages/oslo_config/cfg.py:2995}}
Mar 23 13:22:02.351708 np0000160361 devstack@n-api.service[99412]: DEBUG nova.api.openstack.wsgi_app [None req-43b4b6f8-4369-4e76-8593-4b306cda9f59 None None] block_device_allocate_retries_interval = 3 {{(pid=99412) log_opt_values /opt/stack/data/venv/lib/python3.12/site-packages/oslo_config/cfg.py:2995}}
Mar 23 13:22:02.351903 np0000160361 devstack@n-api.service[99412]: DEBUG nova.api.openstack.wsgi_app [None req-43b4b6f8-4369-4e76-8593-4b306cda9f59 None None] cell_worker_thread_pool_size = 5 {{(pid=99412) log_opt_values /opt/stack/data/venv/lib/python3.12/site-packages/oslo_config/cfg.py:2995}}
Mar 23 13:22:02.352197 np0000160361 devstack@n-api.service[99412]: DEBUG nova.api.openstack.wsgi_app [None req-43b4b6f8-4369-4e76-8593-4b306cda9f59 None None] cert = self.pem {{(pid=99412) log_opt_values /opt/stack/data/venv/lib/python3.12/site-packages/oslo_config/cfg.py:2995}}
Mar 23 13:22:02.352309 np0000160361 devstack@n-api.service[99412]: DEBUG nova.api.openstack.wsgi_app [None req-43b4b6f8-4369-4e76-8593-4b306cda9f59 None None] compute_driver = libvirt.LibvirtDriver {{(pid=99412) log_opt_values /opt/stack/data/venv/lib/python3.12/site-packages/oslo_config/cfg.py:2995}}
Mar 23 13:22:02.352499 np0000160361 devstack@n-api.service[99412]: DEBUG nova.api.openstack.wsgi_app [None req-43b4b6f8-4369-4e76-8593-4b306cda9f59 None None] compute_monitors = [] {{(pid=99412) log_opt_values /opt/stack/data/venv/lib/python3.12/site-packages/oslo_config/cfg.py:2995}}
Mar 23 13:22:02.352718 np0000160361 devstack@n-api.service[99412]: DEBUG nova.api.openstack.wsgi_app [None req-43b4b6f8-4369-4e76-8593-4b306cda9f59 None None] config_dir = [] {{(pid=99412) log_opt_values /opt/stack/data/venv/lib/python3.12/site-packages/oslo_config/cfg.py:2995}}
Mar 23 13:22:02.352920 np0000160361 devstack@n-api.service[99412]: DEBUG nova.api.openstack.wsgi_app [None req-43b4b6f8-4369-4e76-8593-4b306cda9f59 None None] config_drive_format = iso9660 {{(pid=99412) log_opt_values /opt/stack/data/venv/lib/python3.12/site-packages/oslo_config/cfg.py:2995}}
Mar 23 13:22:02.353077 np0000160361 devstack@n-api.service[99412]: DEBUG nova.api.openstack.wsgi_app [None req-43b4b6f8-4369-4e76-8593-4b306cda9f59 None None] config_file = ['/etc/nova/api-paste.ini', '/etc/nova/nova.conf'] {{(pid=99412) log_opt_values /opt/stack/data/venv/lib/python3.12/site-packages/oslo_config/cfg.py:2995}}
Mar 23 13:22:02.353267 np0000160361 devstack@n-api.service[99412]: DEBUG nova.api.openstack.wsgi_app [None req-43b4b6f8-4369-4e76-8593-4b306cda9f59 None None] config_source = [] {{(pid=99412) log_opt_values /opt/stack/data/venv/lib/python3.12/site-packages/oslo_config/cfg.py:2995}}
Mar 23 13:22:02.353469 np0000160361 devstack@n-api.service[99412]: DEBUG nova.api.openstack.wsgi_app [None req-43b4b6f8-4369-4e76-8593-4b306cda9f59 None None] console_host = np0000160361 {{(pid=99412) log_opt_values /opt/stack/data/venv/lib/python3.12/site-packages/oslo_config/cfg.py:2995}}
Mar 23 13:22:02.353684 np0000160361 devstack@n-api.service[99412]: DEBUG nova.api.openstack.wsgi_app [None req-43b4b6f8-4369-4e76-8593-4b306cda9f59 None None] control_exchange = nova {{(pid=99412) log_opt_values /opt/stack/data/venv/lib/python3.12/site-packages/oslo_config/cfg.py:2995}}
Mar 23 13:22:02.353877 np0000160361 devstack@n-api.service[99412]: DEBUG nova.api.openstack.wsgi_app [None req-43b4b6f8-4369-4e76-8593-4b306cda9f59 None None] cpu_allocation_ratio = None {{(pid=99412) log_opt_values /opt/stack/data/venv/lib/python3.12/site-packages/oslo_config/cfg.py:2995}}
Mar 23 13:22:02.354067 np0000160361 devstack@n-api.service[99412]: DEBUG nova.api.openstack.wsgi_app [None req-43b4b6f8-4369-4e76-8593-4b306cda9f59 None None] daemon = False {{(pid=99412) log_opt_values /opt/stack/data/venv/lib/python3.12/site-packages/oslo_config/cfg.py:2995}}
Mar 23 13:22:02.354263 np0000160361 devstack@n-api.service[99412]: DEBUG nova.api.openstack.wsgi_app [None req-43b4b6f8-4369-4e76-8593-4b306cda9f59 None None] debug = True {{(pid=99412) log_opt_values /opt/stack/data/venv/lib/python3.12/site-packages/oslo_config/cfg.py:2995}}
Mar 23 13:22:02.354450 np0000160361 devstack@n-api.service[99412]: DEBUG nova.api.openstack.wsgi_app [None req-43b4b6f8-4369-4e76-8593-4b306cda9f59 None None] default_access_ip_network_name = None {{(pid=99412) log_opt_values /opt/stack/data/venv/lib/python3.12/site-packages/oslo_config/cfg.py:2995}}
Mar 23 13:22:02.354712 np0000160361 devstack@n-api.service[99412]: DEBUG nova.api.openstack.wsgi_app [None req-43b4b6f8-4369-4e76-8593-4b306cda9f59 None None] default_availability_zone = nova {{(pid=99412) log_opt_values /opt/stack/data/venv/lib/python3.12/site-packages/oslo_config/cfg.py:2995}}
Mar 23 13:22:02.354877 np0000160361 devstack@n-api.service[99412]: DEBUG nova.api.openstack.wsgi_app [None req-43b4b6f8-4369-4e76-8593-4b306cda9f59 None None] default_ephemeral_format = ext4 {{(pid=99412) log_opt_values /opt/stack/data/venv/lib/python3.12/site-packages/oslo_config/cfg.py:2995}}
Mar 23 13:22:02.355079 np0000160361 devstack@n-api.service[99412]: DEBUG nova.api.openstack.wsgi_app [None req-43b4b6f8-4369-4e76-8593-4b306cda9f59 None None] default_green_pool_size = 1000 {{(pid=99412) log_opt_values /opt/stack/data/venv/lib/python3.12/site-packages/oslo_config/cfg.py:2995}}
Mar 23 13:22:02.355238 np0000160361 devstack@n-api.service[99414]: WARNING keystonemiddleware.auth_token [None req-30af4d8f-bef0-4f13-836e-f8885c25ce04 None None] AuthToken middleware is set with keystone_authtoken.service_token_roles_required set to False. This is backwards compatible but deprecated behaviour. Please set this to True.
Mar 23 13:22:02.355383 np0000160361 devstack@n-api.service[99412]: DEBUG nova.api.openstack.wsgi_app [None req-43b4b6f8-4369-4e76-8593-4b306cda9f59 None None] default_log_levels = ['amqp=WARN', 'boto=WARN', 'sqlalchemy=WARN', 'suds=INFO', 'oslo.messaging=INFO', 'oslo_messaging=INFO', 'iso8601=WARN', 'requests.packages.urllib3.connectionpool=WARN', 'urllib3.connectionpool=WARN', 'websocket=WARN', 'requests.packages.urllib3.util.retry=WARN', 'urllib3.util.retry=WARN', 'keystonemiddleware=WARN', 'routes.middleware=WARN', 'stevedore=WARN', 'taskflow=WARN', 'keystoneauth=WARN', 'oslo.cache=INFO', 'oslo_policy=INFO', 'dogpile.core.dogpile=INFO', 'glanceclient=WARN', 'oslo.privsep.daemon=INFO'] {{(pid=99412) log_opt_values /opt/stack/data/venv/lib/python3.12/site-packages/oslo_config/cfg.py:2995}}
Mar 23 13:22:02.355597 np0000160361 devstack@n-api.service[99412]: DEBUG nova.api.openstack.wsgi_app [None req-43b4b6f8-4369-4e76-8593-4b306cda9f59 None None] default_schedule_zone = None {{(pid=99412) log_opt_values /opt/stack/data/venv/lib/python3.12/site-packages/oslo_config/cfg.py:2995}}
Mar 23 13:22:02.355792 np0000160361 devstack@n-api.service[99412]: DEBUG nova.api.openstack.wsgi_app [None req-43b4b6f8-4369-4e76-8593-4b306cda9f59 None None] default_thread_pool_size = 10 {{(pid=99412) log_opt_values /opt/stack/data/venv/lib/python3.12/site-packages/oslo_config/cfg.py:2995}}
Mar 23 13:22:02.355980 np0000160361 devstack@n-api.service[99412]: DEBUG nova.api.openstack.wsgi_app [None req-43b4b6f8-4369-4e76-8593-4b306cda9f59 None None] disk_allocation_ratio = None {{(pid=99412) log_opt_values /opt/stack/data/venv/lib/python3.12/site-packages/oslo_config/cfg.py:2995}}
Mar 23 13:22:02.356168 np0000160361 devstack@n-api.service[99412]: DEBUG nova.api.openstack.wsgi_app [None req-43b4b6f8-4369-4e76-8593-4b306cda9f59 None None] enable_new_services = True {{(pid=99412) log_opt_values /opt/stack/data/venv/lib/python3.12/site-packages/oslo_config/cfg.py:2995}}
Mar 23 13:22:02.356361 np0000160361 devstack@n-api.service[99412]: DEBUG nova.api.openstack.wsgi_app [None req-43b4b6f8-4369-4e76-8593-4b306cda9f59 None None] flat_injected = False {{(pid=99412) log_opt_values /opt/stack/data/venv/lib/python3.12/site-packages/oslo_config/cfg.py:2995}}
Mar 23 13:22:02.356570 np0000160361 devstack@n-api.service[99412]: DEBUG nova.api.openstack.wsgi_app [None req-43b4b6f8-4369-4e76-8593-4b306cda9f59 None None] force_config_drive = False {{(pid=99412) log_opt_values /opt/stack/data/venv/lib/python3.12/site-packages/oslo_config/cfg.py:2995}}
Mar 23 13:22:02.356760 np0000160361 devstack@n-api.service[99412]: DEBUG nova.api.openstack.wsgi_app [None req-43b4b6f8-4369-4e76-8593-4b306cda9f59 None None] force_raw_images = True {{(pid=99412) log_opt_values /opt/stack/data/venv/lib/python3.12/site-packages/oslo_config/cfg.py:2995}}
Mar 23 13:22:02.356961 np0000160361 devstack@n-api.service[99412]: DEBUG nova.api.openstack.wsgi_app [None req-43b4b6f8-4369-4e76-8593-4b306cda9f59 None None] graceful_shutdown_timeout = 5 {{(pid=99412) log_opt_values /opt/stack/data/venv/lib/python3.12/site-packages/oslo_config/cfg.py:2995}}
Mar 23 13:22:02.357151 np0000160361 devstack@n-api.service[99412]: DEBUG nova.api.openstack.wsgi_app [None req-43b4b6f8-4369-4e76-8593-4b306cda9f59 None None] heal_instance_info_cache_interval = -1 {{(pid=99412) log_opt_values /opt/stack/data/venv/lib/python3.12/site-packages/oslo_config/cfg.py:2995}}
Mar 23 13:22:02.357398 np0000160361 devstack@n-api.service[99412]: DEBUG nova.api.openstack.wsgi_app [None req-43b4b6f8-4369-4e76-8593-4b306cda9f59 None None] host = np0000160361 {{(pid=99412) log_opt_values /opt/stack/data/venv/lib/python3.12/site-packages/oslo_config/cfg.py:2995}}
Mar 23 13:22:02.357624 np0000160361 devstack@n-api.service[99412]: DEBUG nova.api.openstack.wsgi_app [None req-43b4b6f8-4369-4e76-8593-4b306cda9f59 None None] initial_cpu_allocation_ratio = 4.0 {{(pid=99412) log_opt_values /opt/stack/data/venv/lib/python3.12/site-packages/oslo_config/cfg.py:2995}}
Mar 23 13:22:02.357813 np0000160361 devstack@n-api.service[99412]: DEBUG nova.api.openstack.wsgi_app [None req-43b4b6f8-4369-4e76-8593-4b306cda9f59 None None] initial_disk_allocation_ratio = 1.0 {{(pid=99412) log_opt_values /opt/stack/data/venv/lib/python3.12/site-packages/oslo_config/cfg.py:2995}}
Mar 23 13:22:02.358003 np0000160361 devstack@n-api.service[99412]: DEBUG nova.api.openstack.wsgi_app [None req-43b4b6f8-4369-4e76-8593-4b306cda9f59 None None] initial_ram_allocation_ratio = 1.0 {{(pid=99412) log_opt_values /opt/stack/data/venv/lib/python3.12/site-packages/oslo_config/cfg.py:2995}}
Mar 23 13:22:02.358249 np0000160361 devstack@n-api.service[99412]: DEBUG nova.api.openstack.wsgi_app [None req-43b4b6f8-4369-4e76-8593-4b306cda9f59 None None] injected_network_template = /opt/stack/nova/nova/virt/interfaces.template {{(pid=99412) log_opt_values /opt/stack/data/venv/lib/python3.12/site-packages/oslo_config/cfg.py:2995}}
Mar 23 13:22:02.358434 np0000160361 devstack@n-api.service[99412]: DEBUG nova.api.openstack.wsgi_app [None req-43b4b6f8-4369-4e76-8593-4b306cda9f59 None None] instance_build_timeout = 0 {{(pid=99412) log_opt_values /opt/stack/data/venv/lib/python3.12/site-packages/oslo_config/cfg.py:2995}}
Mar 23 13:22:02.358645 np0000160361 devstack@n-api.service[99412]: DEBUG nova.api.openstack.wsgi_app [None req-43b4b6f8-4369-4e76-8593-4b306cda9f59 None None] instance_delete_interval = 300 {{(pid=99412) log_opt_values /opt/stack/data/venv/lib/python3.12/site-packages/oslo_config/cfg.py:2995}}
Mar 23 13:22:02.358888 np0000160361 devstack@n-api.service[99412]: DEBUG nova.api.openstack.wsgi_app [None req-43b4b6f8-4369-4e76-8593-4b306cda9f59 None None] instance_format = [instance: %(uuid)s] {{(pid=99412) log_opt_values /opt/stack/data/venv/lib/python3.12/site-packages/oslo_config/cfg.py:2995}}
Mar 23 13:22:02.359078 np0000160361 devstack@n-api.service[99412]: DEBUG nova.api.openstack.wsgi_app [None req-43b4b6f8-4369-4e76-8593-4b306cda9f59 None None] instance_name_template = instance-%08x {{(pid=99412) log_opt_values /opt/stack/data/venv/lib/python3.12/site-packages/oslo_config/cfg.py:2995}}
Mar 23 13:22:02.359272 np0000160361 devstack@n-api.service[99412]: DEBUG nova.api.openstack.wsgi_app [None req-43b4b6f8-4369-4e76-8593-4b306cda9f59 None None] instance_usage_audit = False {{(pid=99412) log_opt_values /opt/stack/data/venv/lib/python3.12/site-packages/oslo_config/cfg.py:2995}}
