2026-03-09 16:40:13.233 8 INFO neutron_taas.services.taas.tap_mirror_plugin [None req-cb65c0c8-b859-44d4-87c6-093aa78a481d 9d04b22c9ebb4aacaf8845001133a8c5 de4a64b0ee204b2789c84741ac2f76a4 - - default default] Tap Mirror: Handle Delete Port: 2d70f136-e8de-472e-b47e-4ff72ab2096f
2026-03-09 16:40:13.440 8 INFO neutron.services.segments.plugin [-] Segment e2801b95-d3fd-434d-83ca-6f36b53c3af4 resource provider aggregate not found
2026-03-09 16:40:13.449 8 INFO neutron.services.segments.plugin [-] Segment e2801b95-d3fd-434d-83ca-6f36b53c3af4 resource provider aggregate not found
2026-03-09 16:40:13.472 8 INFO neutron.services.segments.plugin [-] Segment e2801b95-d3fd-434d-83ca-6f36b53c3af4 resource provider not found; error: Placement Client Error (4xx): {"errors": [{"status": 404, "title": "Not Found", "detail": "The resource could not be found.\n\n No resource provider with uuid e2801b95-d3fd-434d-83ca-6f36b53c3af4 found for delete ", "request_id": "req-4a931e50-d8cd-4155-b10f-5affa73b18c4"}]}
2026-03-09 16:40:13.472 8 INFO neutron.services.segments.plugin [-] Segment e2801b95-d3fd-434d-83ca-6f36b53c3af4 resource provider not found; error: Placement Client Error (4xx): {"errors": [{"status": 404, "title": "Not Found", "detail": "The resource could not be found.\n\n No resource provider with uuid e2801b95-d3fd-434d-83ca-6f36b53c3af4 found for delete ", "request_id": "req-e133af4a-4243-4218-bae5-3d8afebadece"}]} [pid: 8|app: 0|req: 704/1439] 10.0.0.92 () {32 vars in 724 bytes} [Mon Mar 9 16:40:13 2026] DELETE /v2.0/networks/20fa8c8b-5897-4140-9cbe-cf5da8344b42 => generated 0 bytes in 420 msecs (HTTP/1.1 204) 3 headers in 131 bytes (1 switches on core 0)
2026-03-09 16:40:13.550 8 INFO neutron.notifiers.nova [-] Nova event matching ['req-18633a0b-b7b6-4158-9aba-7f58c0f0e35e'] response: {'server_uuid': '3429540d-b930-4aa1-837c-16e538c420c2', 'name': 'network-vif-plugged', 'status': 'completed', 'tag': '70d5d5e6-a3c1-4eb6-b2c9-ec08dd5fb1de', 'code': 200}
2026-03-09 16:40:13.551 8 INFO neutron.notifiers.nova [-] Nova event matching ['req-18633a0b-b7b6-4158-9aba-7f58c0f0e35e'] response: {'server_uuid': '3429540d-b930-4aa1-837c-16e538c420c2', 'name': 'network-vif-plugged', 'status': 'completed', 'tag': '70d5d5e6-a3c1-4eb6-b2c9-ec08dd5fb1de', 'code': 200}
2026-03-09 16:40:13.697 7 INFO neutron.db.ovn_revision_numbers_db [None req-4d42c11d-f05d-4d5b-848a-3fdbae88bb9f be38ff4f88944abc834bfc03b3dc4be6 dac9577220534c43bbf073408e21c9e3 - - default default] Successfully bumped revision number for resource 65c9cea5-74ee-4559-bda2-912eb92d643c (type: security_groups) to 1
2026-03-09 16:40:13.714 8 INFO neutron_taas.services.taas.taas_plugin [None req-6b934b02-9fc6-4c7a-9cf8-9fcd9d1c77c6 9d04b22c9ebb4aacaf8845001133a8c5 de4a64b0ee204b2789c84741ac2f76a4 - - default default] TaaS: Handle Delete Port: d727e286-cc0f-493a-9f41-8fff5e2820ca
2026-03-09 16:40:13.716 7 INFO neutron.db.ovn_revision_numbers_db [None req-4d42c11d-f05d-4d5b-848a-3fdbae88bb9f be38ff4f88944abc834bfc03b3dc4be6 dac9577220534c43bbf073408e21c9e3 - - default default] Successfully bumped revision number for resource 06ff55fd-5ae6-47eb-8c1a-28ed6cc31390 (type: security_group_rules) to 0
2026-03-09 16:40:13.716 8 INFO neutron_taas.services.taas.tap_mirror_plugin [None req-6b934b02-9fc6-4c7a-9cf8-9fcd9d1c77c6 9d04b22c9ebb4aacaf8845001133a8c5 de4a64b0ee204b2789c84741ac2f76a4 - - default default] Tap Mirror: Handle Delete Port: d727e286-cc0f-493a-9f41-8fff5e2820ca
2026-03-09 16:40:13.730 7 INFO neutron.db.ovn_revision_numbers_db [None req-4d42c11d-f05d-4d5b-848a-3fdbae88bb9f be38ff4f88944abc834bfc03b3dc4be6 dac9577220534c43bbf073408e21c9e3 - - default default] Successfully bumped revision number for resource 1969e489-8e30-4614-8b96-c158f9efbb79 (type: security_group_rules) to 0
2026-03-09 16:40:13.741 7 INFO neutron.db.ovn_revision_numbers_db [None req-4d42c11d-f05d-4d5b-848a-3fdbae88bb9f be38ff4f88944abc834bfc03b3dc4be6 dac9577220534c43bbf073408e21c9e3 - - default default] Successfully bumped revision number for resource 36fbfa31-7244-444c-b896-166b2a716fc8 (type: security_group_rules) to 0
2026-03-09 16:40:13.755 7 INFO neutron.db.ovn_revision_numbers_db [None req-4d42c11d-f05d-4d5b-848a-3fdbae88bb9f be38ff4f88944abc834bfc03b3dc4be6 dac9577220534c43bbf073408e21c9e3 - - default default] Successfully bumped revision number for resource ed90995c-dc1e-40dc-b948-e3eecd67f8f0 (type: security_group_rules) to 0
2026-03-09 16:40:14.013 7 INFO neutron.db.ovn_revision_numbers_db [None req-4d42c11d-f05d-4d5b-848a-3fdbae88bb9f be38ff4f88944abc834bfc03b3dc4be6 dac9577220534c43bbf073408e21c9e3 - - default default] Successfully bumped revision number for resource 2f73a0fb-b654-44fb-803a-9e73e555111b (type: security_groups) to 1
2026-03-09 16:40:14.031 7 INFO neutron.db.ovn_revision_numbers_db [None req-4d42c11d-f05d-4d5b-848a-3fdbae88bb9f be38ff4f88944abc834bfc03b3dc4be6 dac9577220534c43bbf073408e21c9e3 - - default default] Successfully bumped revision number for resource 10f1ab7b-719b-415d-a0cc-52777114f1bd (type: security_group_rules) to 0
2026-03-09 16:40:14.048 7 INFO neutron.db.ovn_revision_numbers_db [None req-4d42c11d-f05d-4d5b-848a-3fdbae88bb9f be38ff4f88944abc834bfc03b3dc4be6 dac9577220534c43bbf073408e21c9e3 - - default default] Successfully bumped revision number for resource 766a7722-6891-4215-8438-bb3061feacfc (type: security_group_rules) to 0 [pid: 8|app: 0|req: 705/1440] 10.0.0.92 () {32 vars in 724 bytes} [Mon Mar 9 16:40:13 2026] DELETE /v2.0/networks/49511e72-7348-4d5a-b175-cea919a58400 => generated 0 bytes in 573 msecs (HTTP/1.1 204) 3 headers in 131 bytes (1 switches on core 0) [pid: 7|app: 0|req: 736/1441] 10.0.0.92 () {34 vars in 682 bytes} [Mon Mar 9 16:40:13 2026] POST /v2.0/security-groups => generated 1624 bytes in 747 msecs (HTTP/1.1 201) 4 headers in 163 bytes (1 switches on core 0) [pid: 8|app: 0|req: 706/1442] 10.0.0.227 () {34 vars in 989 bytes} [Mon Mar 9 16:40:14 2026] GET /v2.0/ports?device_id=3429540d-b930-4aa1-837c-16e538c420c2 => generated 971 bytes in 31 msecs (HTTP/1.1 200) 4 headers in 157 bytes (1 switches on core 0) [pid: 8|app: 0|req: 707/1443] 10.0.0.92 () {32 vars in 661 bytes} [Mon Mar 9 16:40:14 2026] GET /v2.0/security-groups => generated 4529 bytes in 31 msecs (HTTP/1.1 200) 4 headers in 158 bytes (1 switches on core 0) [pid: 8|app: 0|req: 708/1444] 10.0.0.227 () {34 vars in 1039 bytes} [Mon Mar 9 16:40:14 2026] GET /v2.0/security-groups?id=e6155e3d-b60a-4c88-8f76-316925012aad&fields=id&fields=name => generated 114 bytes in 41 msecs (HTTP/1.1 200) 4 headers in 157 bytes (1 switches on core 0)
2026-03-09 16:40:14.277 8 INFO neutron.db.ovn_revision_numbers_db [None req-fbe5403f-9214-4e32-8a99-cabf697d0848 be38ff4f88944abc834bfc03b3dc4be6 dac9577220534c43bbf073408e21c9e3 - - default default] Successfully bumped revision number for resource 2f73a0fb-b654-44fb-803a-9e73e555111b (type: security_groups) to 2
2026-03-09 16:40:14.303 7 INFO neutron_taas.services.taas.taas_plugin [None req-c8b222f2-6f15-4c70-9cb5-83abff0b9990 9d04b22c9ebb4aacaf8845001133a8c5 de4a64b0ee204b2789c84741ac2f76a4 - - default default] TaaS: Handle Delete Port: 9b121b1d-2df6-4e4d-91f8-b6b545281cc1 [pid: 8|app: 0|req: 709/1445] 10.0.0.92 () {34 vars in 756 bytes} [Mon Mar 9 16:40:14 2026] PUT /v2.0/security-groups/2f73a0fb-b654-44fb-803a-9e73e555111b => generated 1662 bytes in 97 msecs (HTTP/1.1 200) 4 headers in 158 bytes (1 switches on core 0)
2026-03-09 16:40:14.306 7 INFO neutron_taas.services.taas.tap_mirror_plugin [None req-c8b222f2-6f15-4c70-9cb5-83abff0b9990 9d04b22c9ebb4aacaf8845001133a8c5 de4a64b0ee204b2789c84741ac2f76a4 - - default default] Tap Mirror: Handle Delete Port: 9b121b1d-2df6-4e4d-91f8-b6b545281cc1 [pid: 8|app: 0|req: 710/1446] 10.0.0.92 () {32 vars in 735 bytes} [Mon Mar 9 16:40:14 2026] GET /v2.0/security-groups/2f73a0fb-b654-44fb-803a-9e73e555111b => generated 1662 bytes in 16 msecs (HTTP/1.1 200) 4 headers in 158 bytes (1 switches on core 0)
2026-03-09 16:40:14.521 7 INFO neutron.services.segments.plugin [-] Segment d0a84a36-dd86-4fba-a588-7075400ec71d resource provider aggregate not found
2026-03-09 16:40:14.528 7 INFO neutron.services.segments.plugin [-] Segment d0a84a36-dd86-4fba-a588-7075400ec71d resource provider aggregate not found
2026-03-09 16:40:14.543 7 INFO neutron.services.segments.plugin [-] Segment d0a84a36-dd86-4fba-a588-7075400ec71d resource provider not found; error: Placement Client Error (4xx): {"errors": [{"status": 404, "title": "Not Found", "detail": "The resource could not be found.\n\n No resource provider with uuid d0a84a36-dd86-4fba-a588-7075400ec71d found for delete ", "request_id": "req-7af03dae-442a-44f0-8488-581bba4e3775"}]}
2026-03-09 16:40:14.549 7 INFO neutron.services.segments.plugin [-] Segment d0a84a36-dd86-4fba-a588-7075400ec71d resource provider not found; error: Placement Client Error (4xx): {"errors": [{"status": 404, "title": "Not Found", "detail": "The resource could not be found.\n\n No resource provider with uuid d0a84a36-dd86-4fba-a588-7075400ec71d found for delete ", "request_id": "req-5ce86033-ff75-4556-9a2d-b6265a741f74"}]} [pid: 7|app: 0|req: 737/1447] 10.0.0.92 () {32 vars in 724 bytes} [Mon Mar 9 16:40:14 2026] DELETE /v2.0/networks/30046229-b02d-4a79-a5a7-27f2d7b19222 => generated 0 bytes in 452 msecs (HTTP/1.1 204) 3 headers in 131 bytes (1 switches on core 0) [pid: 8|app: 0|req: 711/1448] 10.0.0.92 () {32 vars in 738 bytes} [Mon Mar 9 16:40:14 2026] DELETE /v2.0/security-groups/2f73a0fb-b654-44fb-803a-9e73e555111b => generated 0 bytes in 246 msecs (HTTP/1.1 204) 2 headers in 112 bytes (1 switches on core 0)
2026-03-09 16:40:14.700 8 INFO neutron_taas.services.taas.taas_plugin [None req-99384573-a1e0-455b-8193-f68db39d062b 9d04b22c9ebb4aacaf8845001133a8c5 de4a64b0ee204b2789c84741ac2f76a4 - - default default] TaaS: Handle Delete Port: b0179020-1463-4b90-8678-a486b854451e
2026-03-09 16:40:14.702 8 INFO neutron_taas.services.taas.tap_mirror_plugin [None req-99384573-a1e0-455b-8193-f68db39d062b 9d04b22c9ebb4aacaf8845001133a8c5 de4a64b0ee204b2789c84741ac2f76a4 - - default default] Tap Mirror: Handle Delete Port: b0179020-1463-4b90-8678-a486b854451e
2026-03-09 16:40:15.038 7 INFO neutron.db.ovn_revision_numbers_db [None req-6d0fa69e-0d7a-4921-b0b9-b0958c095656 d0fe7113795a4db5aa04b9e9031b17ff a534d85effce4c6caf29c7f2b3a31b5b - - default default] Successfully bumped revision number for resource 03df9f59-5296-4b79-95ca-b8a516468920 (type: security_groups) to 1
2026-03-09 16:40:15.052 7 INFO neutron.db.ovn_revision_numbers_db [None req-6d0fa69e-0d7a-4921-b0b9-b0958c095656 d0fe7113795a4db5aa04b9e9031b17ff a534d85effce4c6caf29c7f2b3a31b5b - - default default] Successfully bumped revision number for resource 327e7d9a-3ba1-4f21-899f-350a296eadab (type: security_group_rules) to 0
2026-03-09 16:40:15.068 7 INFO neutron.db.ovn_revision_numbers_db [None req-6d0fa69e-0d7a-4921-b0b9-b0958c095656 d0fe7113795a4db5aa04b9e9031b17ff a534d85effce4c6caf29c7f2b3a31b5b - - default default] Successfully bumped revision number for resource 3bf4c926-aa2c-4b51-9064-a9e90616fec2 (type: security_group_rules) to 0 [pid: 8|app: 0|req: 712/1449] 10.0.0.92 () {32 vars in 724 bytes} [Mon Mar 9 16:40:14 2026] DELETE /v2.0/networks/502fd206-de6d-4e85-838f-9ab4475de69f => generated 0 bytes in 487 msecs (HTTP/1.1 204) 3 headers in 131 bytes (1 switches on core 0)
2026-03-09 16:40:15.085 7 INFO neutron.db.ovn_revision_numbers_db [None req-6d0fa69e-0d7a-4921-b0b9-b0958c095656 d0fe7113795a4db5aa04b9e9031b17ff a534d85effce4c6caf29c7f2b3a31b5b - - default default] Successfully bumped revision number for resource 587a4fb1-b055-481e-9e65-89e7bc5e57a5 (type: security_group_rules) to 0
2026-03-09 16:40:15.100 7 INFO neutron.db.ovn_revision_numbers_db [None req-6d0fa69e-0d7a-4921-b0b9-b0958c095656 d0fe7113795a4db5aa04b9e9031b17ff a534d85effce4c6caf29c7f2b3a31b5b - - default default] Successfully bumped revision number for resource b8b5c871-4145-473a-8242-d92831d877c7 (type: security_group_rules) to 0 [pid: 8|app: 0|req: 713/1450] 10.0.0.92 () {32 vars in 661 bytes} [Mon Mar 9 16:40:15 2026] GET /v2.0/security-groups => generated 2925 bytes in 36 msecs (HTTP/1.1 200) 4 headers in 158 bytes (1 switches on core 0)
2026-03-09 16:40:15.126 8 INFO neutron.api.v2.resource [None req-221b7ce6-27ad-419b-9cfd-51154c9c009d be38ff4f88944abc834bfc03b3dc4be6 dac9577220534c43bbf073408e21c9e3 - - default default] delete failed (client error): The resource could not be found. [pid: 8|app: 0|req: 714/1451] 10.0.0.92 () {32 vars in 738 bytes} [Mon Mar 9 16:40:15 2026] DELETE /v2.0/security-groups/2f73a0fb-b654-44fb-803a-9e73e555111b => generated 146 bytes in 15 msecs (HTTP/1.1 404) 4 headers in 164 bytes (1 switches on core 0)
2026-03-09 16:40:15.179 7 INFO neutron.db.segments_db [None req-6d0fa69e-0d7a-4921-b0b9-b0958c095656 d0fe7113795a4db5aa04b9e9031b17ff a534d85effce4c6caf29c7f2b3a31b5b - - default default] Added segment a31b3421-9cf7-447d-b449-37426ea39ff0 of type geneve for network 230b2472-739e-4b99-93f1-e46d4c5583f7
2026-03-09 16:40:15.359 7 INFO neutron.db.ovn_revision_numbers_db [None req-6d0fa69e-0d7a-4921-b0b9-b0958c095656 d0fe7113795a4db5aa04b9e9031b17ff a534d85effce4c6caf29c7f2b3a31b5b - - default default] Successfully bumped revision number for resource 230b2472-739e-4b99-93f1-e46d4c5583f7 (type: networks) to 1
2026-03-09 16:40:15.361 8 INFO neutron.db.ovn_revision_numbers_db [None req-88fb24bb-7e52-4892-8c70-da197753fc95 be38ff4f88944abc834bfc03b3dc4be6 dac9577220534c43bbf073408e21c9e3 - - default default] Successfully bumped revision number for resource 4240c050-0c3c-41c7-a72c-c04ee7a14b85 (type: security_groups) to 1
2026-03-09 16:40:15.374 8 INFO neutron.db.ovn_revision_numbers_db [None req-88fb24bb-7e52-4892-8c70-da197753fc95 be38ff4f88944abc834bfc03b3dc4be6 dac9577220534c43bbf073408e21c9e3 - - default default] Successfully bumped revision number for resource 16cecf00-0fd8-475b-9304-e33a043c01b3 (type: security_group_rules) to 0
2026-03-09 16:40:15.388 8 INFO neutron.db.ovn_revision_numbers_db [None req-88fb24bb-7e52-4892-8c70-da197753fc95 be38ff4f88944abc834bfc03b3dc4be6 dac9577220534c43bbf073408e21c9e3 - - default default] Successfully bumped revision number for resource feff9026-d460-4e0e-898b-c0a07d33c80d (type: security_group_rules) to 0 [pid: 8|app: 0|req: 715/1452] 10.0.0.92 () {34 vars in 682 bytes} [Mon Mar 9 16:40:15 2026] POST /v2.0/security-groups => generated 1625 bytes in 293 msecs (HTTP/1.1 201) 4 headers in 163 bytes (1 switches on core 0)
2026-03-09 16:40:15.504 7 WARNING neutron.scheduler.dhcp_agent_scheduler [None req-6d0fa69e-0d7a-4921-b0b9-b0958c095656 d0fe7113795a4db5aa04b9e9031b17ff a534d85effce4c6caf29c7f2b3a31b5b - - default default] No more DHCP agents
2026-03-09 16:40:15.505 7 WARNING neutron.api.rpc.agentnotifiers.dhcp_rpc_agent_api [None req-6d0fa69e-0d7a-4921-b0b9-b0958c095656 d0fe7113795a4db5aa04b9e9031b17ff a534d85effce4c6caf29c7f2b3a31b5b - - default default] Unable to schedule network 230b2472-739e-4b99-93f1-e46d4c5583f7: no agents available; will retry on subsequent port and subnet creation events.
2026-03-09 16:40:15.507 8 INFO neutron.services.segments.plugin [-] Segment c5a7900e-21af-47c3-abdd-e1afe89f1be8 resource provider aggregate not found
2026-03-09 16:40:15.509 8 INFO neutron.services.segments.plugin [-] Segment c5a7900e-21af-47c3-abdd-e1afe89f1be8 resource provider aggregate not found
2026-03-09 16:40:15.522 8 INFO neutron.services.segments.plugin [-] Segment c5a7900e-21af-47c3-abdd-e1afe89f1be8 resource provider not found; error: Placement Client Error (4xx): {"errors": [{"status": 404, "title": "Not Found", "detail": "The resource could not be found.\n\n No resource provider with uuid c5a7900e-21af-47c3-abdd-e1afe89f1be8 found for delete ", "request_id": "req-16a57143-8222-4a46-84ff-af4cdce25b21"}]}
2026-03-09 16:40:15.531 8 INFO neutron.services.segments.plugin [-] Segment c5a7900e-21af-47c3-abdd-e1afe89f1be8 resource provider not found; error: Placement Client Error (4xx): {"errors": [{"status": 404, "title": "Not Found", "detail": "The resource could not be found.\n\n No resource provider with uuid c5a7900e-21af-47c3-abdd-e1afe89f1be8 found for delete ", "request_id": "req-5620aaaf-c42b-41bb-b6fe-988e302ac59f"}]}
2026-03-09 16:40:15.548 8 INFO neutron.services.segments.plugin [-] Segment 93ba7839-3257-4a6a-801d-e44e29db9e26 resource provider aggregate not found
2026-03-09 16:40:15.573 8 INFO neutron.services.segments.plugin [-] Segment 93ba7839-3257-4a6a-801d-e44e29db9e26 resource provider aggregate not found
2026-03-09 16:40:15.589 8 INFO neutron.services.segments.plugin [-] Segment 93ba7839-3257-4a6a-801d-e44e29db9e26 resource provider not found; error: Placement Client Error (4xx): {"errors": [{"status": 404, "title": "Not Found", "detail": "The resource could not be found.\n\n No resource provider with uuid 93ba7839-3257-4a6a-801d-e44e29db9e26 found for delete ", "request_id": "req-cf914754-964e-4e58-955f-9ebc156de8da"}]} [pid: 8|app: 0|req: 716/1453] 10.0.0.227 () {34 vars in 989 bytes} [Mon Mar 9 16:40:15 2026] GET /v2.0/ports?device_id=3429540d-b930-4aa1-837c-16e538c420c2 => generated 971 bytes in 164 msecs (HTTP/1.1 200) 4 headers in 157 bytes (1 switches on core 0)
2026-03-09 16:40:15.622 8 INFO neutron.services.segments.plugin [-] Segment 93ba7839-3257-4a6a-801d-e44e29db9e26 resource provider not found; error: Placement Client Error (4xx): {"errors": [{"status": 404, "title": "Not Found", "detail": "The resource could not be found.\n\n No resource provider with uuid 93ba7839-3257-4a6a-801d-e44e29db9e26 found for delete ", "request_id": "req-166c6a8c-1267-411c-aaa6-5f594381b000"}]}
2026-03-09 16:40:15.625 7 INFO neutron.db.ovn_revision_numbers_db [None req-6d0fa69e-0d7a-4921-b0b9-b0958c095656 d0fe7113795a4db5aa04b9e9031b17ff a534d85effce4c6caf29c7f2b3a31b5b - - default default] Successfully bumped revision number for resource eb243112-e8bb-475b-a032-3ebee6299303 (type: ports) to 1 [pid: 7|app: 0|req: 738/1454] 10.0.0.92 () {34 vars in 668 bytes} [Mon Mar 9 16:40:14 2026] POST /v2.0/networks => generated 664 bytes in 1069 msecs (HTTP/1.1 201) 4 headers in 162 bytes (1 switches on core 0)
2026-03-09 16:40:15.655 8 INFO neutron.plugins.ml2.drivers.ovn.mech_driver.mech_driver [None req-23159d2b-b94c-48d5-a2d0-3c27f3098ef0 - - - - - -] OVN reports status down for port: eb243112-e8bb-475b-a032-3ebee6299303 [pid: 7|app: 0|req: 739/1455] 10.0.0.227 () {34 vars in 1039 bytes} [Mon Mar 9 16:40:15 2026] GET /v2.0/security-groups?id=e6155e3d-b60a-4c88-8f76-316925012aad&fields=id&fields=name => generated 114 bytes in 36 msecs (HTTP/1.1 200) 4 headers in 157 bytes (1 switches on core 0) [pid: 7|app: 0|req: 740/1456] 10.0.0.92 () {32 vars in 772 bytes} [Mon Mar 9 16:40:15 2026] GET /v2.0/security-groups?tenant_id=de4a64b0ee204b2789c84741ac2f76a4&name=default => generated 2925 bytes in 127 msecs (HTTP/1.1 200) 4 headers in 158 bytes (1 switches on core 0)
2026-03-09 16:40:15.816 8 INFO neutron.db.ovn_revision_numbers_db [None req-2913a892-ccb6-4d81-952c-40528f5789a3 be38ff4f88944abc834bfc03b3dc4be6 dac9577220534c43bbf073408e21c9e3 - - default default] Successfully bumped revision number for resource 0b5bc70f-5615-4c51-920b-cbcb955d4559 (type: security_group_rules) to 0 [pid: 8|app: 0|req: 717/1457] 10.0.0.92 () {34 vars in 693 bytes} [Mon Mar 9 16:40:15 2026] POST /v2.0/security-group-rules => generated 601 bytes in 248 msecs (HTTP/1.1 201) 4 headers in 162 bytes (1 switches on core 0)
2026-03-09 16:40:16.046 7 WARNING neutron.scheduler.dhcp_agent_scheduler [None req-8186b53b-9965-4bf4-8664-db0d912a6cec d0fe7113795a4db5aa04b9e9031b17ff a534d85effce4c6caf29c7f2b3a31b5b - - default default] No more DHCP agents
2026-03-09 16:40:16.047 7 WARNING neutron.api.rpc.agentnotifiers.dhcp_rpc_agent_api [None req-8186b53b-9965-4bf4-8664-db0d912a6cec d0fe7113795a4db5aa04b9e9031b17ff a534d85effce4c6caf29c7f2b3a31b5b - - default default] Unable to schedule network 230b2472-739e-4b99-93f1-e46d4c5583f7: no agents available; will retry on subsequent port and subnet creation events.
2026-03-09 16:40:16.169 8 INFO neutron.plugins.ml2.drivers.ovn.mech_driver.mech_driver [None req-23159d2b-b94c-48d5-a2d0-3c27f3098ef0 - - - - - -] OVN reports status down for port: b3b14242-d4ce-4292-b609-79fd520dee64
2026-03-09 16:40:16.227 7 INFO neutron.db.ovn_revision_numbers_db [None req-8186b53b-9965-4bf4-8664-db0d912a6cec d0fe7113795a4db5aa04b9e9031b17ff a534d85effce4c6caf29c7f2b3a31b5b - - default default] Successfully bumped revision number for resource b3b14242-d4ce-4292-b609-79fd520dee64 (type: ports) to 1 [pid: 8|app: 0|req: 718/1458] 10.0.0.92 () {32 vars in 738 bytes} [Mon Mar 9 16:40:15 2026] DELETE /v2.0/security-groups/229a63e2-0255-4cb0-be1b-be307abcc596 => generated 0 bytes in 427 msecs (HTTP/1.1 204) 2 headers in 112 bytes (1 switches on core 0) [pid: 8|app: 0|req: 719/1459] 10.0.0.92 () {32 vars in 745 bytes} [Mon Mar 9 16:40:16 2026] GET /v2.0/security-group-rules/0b5bc70f-5615-4c51-920b-cbcb955d4559 => generated 601 bytes in 36 msecs (HTTP/1.1 200) 4 headers in 157 bytes (1 switches on core 0) [pid: 7|app: 0|req: 741/1460] 10.0.0.92 () {34 vars in 663 bytes} [Mon Mar 9 16:40:15 2026] POST /v2.0/ports => generated 775 bytes in 512 msecs (HTTP/1.1 201) 4 headers in 162 bytes (1 switches on core 0) /var/lib/openstack/lib/python3.12/site-packages/pycadf/identifier.py:70: UserWarning: Invalid uuid: neutron. To ensure interoperability, identifiers should be a valid uuid. warnings.warn(('Invalid uuid: %s. To ensure interoperability, ' [pid: 8|app: 0|req: 720/1461] 10.0.0.92 () {32 vars in 671 bytes} [Mon Mar 9 16:40:16 2026] GET /v2.0/security-group-rules => generated 4138 bytes in 94 msecs (HTTP/1.1 200) 4 headers in 158 bytes (1 switches on core 0)
2026-03-09 16:40:16.421 7 INFO neutron.db.segments_db [None req-f58c14a9-b6d8-4fe8-bbe9-8ea3154d4874 d0fe7113795a4db5aa04b9e9031b17ff a534d85effce4c6caf29c7f2b3a31b5b - - default default] Added segment bcbe3707-f619-44db-b96c-5dc34c30f817 of type geneve for network 84f8285e-8dca-4f7f-8a0e-5e8b31ff4f49 [pid: 8|app: 0|req: 721/1462] 10.0.0.92 () {32 vars in 748 bytes} [Mon Mar 9 16:40:16 2026] DELETE /v2.0/security-group-rules/0b5bc70f-5615-4c51-920b-cbcb955d4559 => generated 0 bytes in 151 msecs (HTTP/1.1 204) 2 headers in 112 bytes (1 switches on core 0)
2026-03-09 16:40:16.573 7 INFO neutron.db.ovn_revision_numbers_db [None req-f58c14a9-b6d8-4fe8-bbe9-8ea3154d4874 d0fe7113795a4db5aa04b9e9031b17ff a534d85effce4c6caf29c7f2b3a31b5b - - default default] Successfully bumped revision number for resource 84f8285e-8dca-4f7f-8a0e-5e8b31ff4f49 (type: networks) to 1 [pid: 8|app: 0|req: 722/1463] 10.0.0.92 () {32 vars in 671 bytes} [Mon Mar 9 16:40:16 2026] GET /v2.0/security-group-rules => generated 3560 bytes in 60 msecs (HTTP/1.1 200) 4 headers in 158 bytes (1 switches on core 0)
2026-03-09 16:40:16.786 8 INFO neutron.db.ovn_revision_numbers_db [None req-e3b2c861-af70-4bf4-b569-32aee9220d8c be38ff4f88944abc834bfc03b3dc4be6 dac9577220534c43bbf073408e21c9e3 - - default default] Successfully bumped revision number for resource e3b9cb29-c728-468a-8e6e-73316269090d (type: security_group_rules) to 0
2026-03-09 16:40:16.788 7 WARNING neutron.scheduler.dhcp_agent_scheduler [None req-f58c14a9-b6d8-4fe8-bbe9-8ea3154d4874 d0fe7113795a4db5aa04b9e9031b17ff a534d85effce4c6caf29c7f2b3a31b5b - - default default] No more DHCP agents
2026-03-09 16:40:16.789 7 WARNING neutron.api.rpc.agentnotifiers.dhcp_rpc_agent_api [None req-f58c14a9-b6d8-4fe8-bbe9-8ea3154d4874 d0fe7113795a4db5aa04b9e9031b17ff a534d85effce4c6caf29c7f2b3a31b5b - - default default] Unable to schedule network 84f8285e-8dca-4f7f-8a0e-5e8b31ff4f49: no agents available; will retry on subsequent port and subnet creation events. [pid: 8|app: 0|req: 723/1464] 10.0.0.92 () {34 vars in 693 bytes} [Mon Mar 9 16:40:16 2026] POST /v2.0/security-group-rules => generated 601 bytes in 196 msecs (HTTP/1.1 201) 4 headers in 162 bytes (1 switches on core 0) [pid: 8|app: 0|req: 724/1465] 10.0.0.92 () {32 vars in 745 bytes} [Mon Mar 9 16:40:16 2026] GET /v2.0/security-group-rules/e3b9cb29-c728-468a-8e6e-73316269090d => generated 601 bytes in 28 msecs (HTTP/1.1 200) 4 headers in 157 bytes (1 switches on core 0)
2026-03-09 16:40:16.867 8 INFO neutron.plugins.ml2.drivers.ovn.mech_driver.mech_driver [None req-23159d2b-b94c-48d5-a2d0-3c27f3098ef0 - - - - - -] OVN reports status down for port: 168c567b-1f67-4646-876b-f48a327406b0
2026-03-09 16:40:16.902 7 INFO neutron.db.ovn_revision_numbers_db [None req-f58c14a9-b6d8-4fe8-bbe9-8ea3154d4874 d0fe7113795a4db5aa04b9e9031b17ff a534d85effce4c6caf29c7f2b3a31b5b - - default default] Successfully bumped revision number for resource 168c567b-1f67-4646-876b-f48a327406b0 (type: ports) to 1 [pid: 7|app: 0|req: 742/1466] 10.0.0.92 () {34 vars in 668 bytes} [Mon Mar 9 16:40:16 2026] POST /v2.0/networks => generated 650 bytes in 600 msecs (HTTP/1.1 201) 4 headers in 162 bytes (1 switches on core 0) [pid: 8|app: 0|req: 725/1467] 10.0.0.92 () {32 vars in 671 bytes} [Mon Mar 9 16:40:16 2026] GET /v2.0/security-group-rules => generated 4138 bytes in 111 msecs (HTTP/1.1 200) 4 headers in 158 bytes (1 switches on core 0) [pid: 8|app: 0|req: 726/1468] 10.0.0.92 () {32 vars in 748 bytes} [Mon Mar 9 16:40:16 2026] DELETE /v2.0/security-group-rules/e3b9cb29-c728-468a-8e6e-73316269090d => generated 0 bytes in 138 msecs (HTTP/1.1 204) 2 headers in 112 bytes (1 switches on core 0)
2026-03-09 16:40:17.149 7 WARNING neutron.scheduler.dhcp_agent_scheduler [None req-b92a623a-bed3-40a6-baf4-7374641529ec d0fe7113795a4db5aa04b9e9031b17ff a534d85effce4c6caf29c7f2b3a31b5b - - default default] No more DHCP agents
2026-03-09 16:40:17.151 7 WARNING neutron.api.rpc.agentnotifiers.dhcp_rpc_agent_api [None req-b92a623a-bed3-40a6-baf4-7374641529ec d0fe7113795a4db5aa04b9e9031b17ff a534d85effce4c6caf29c7f2b3a31b5b - - default default] Unable to schedule network 84f8285e-8dca-4f7f-8a0e-5e8b31ff4f49: no agents available; will retry on subsequent port and subnet creation events. [pid: 8|app: 0|req: 727/1469] 10.0.0.92 () {32 vars in 671 bytes} [Mon Mar 9 16:40:17 2026] GET /v2.0/security-group-rules => generated 3560 bytes in 60 msecs (HTTP/1.1 200) 4 headers in 158 bytes (1 switches on core 0)
2026-03-09 16:40:17.299 8 INFO neutron.db.ovn_revision_numbers_db [None req-a4f97033-88ca-4078-a10b-6e915a7b01dd be38ff4f88944abc834bfc03b3dc4be6 dac9577220534c43bbf073408e21c9e3 - - default default] Successfully bumped revision number for resource 3b6d9668-b165-4ef2-ae9f-afcac63b74d0 (type: security_group_rules) to 0 [pid: 8|app: 0|req: 728/1470] 10.0.0.92 () {34 vars in 693 bytes} [Mon Mar 9 16:40:17 2026] POST /v2.0/security-group-rules => generated 602 bytes in 141 msecs (HTTP/1.1 201) 4 headers in 162 bytes (1 switches on core 0) [pid: 8|app: 0|req: 729/1471] 10.0.0.92 () {32 vars in 745 bytes} [Mon Mar 9 16:40:17 2026] GET /v2.0/security-group-rules/3b6d9668-b165-4ef2-ae9f-afcac63b74d0 => generated 602 bytes in 16 msecs (HTTP/1.1 200) 4 headers in 157 bytes (1 switches on core 0) [pid: 8|app: 0|req: 730/1472] 10.0.0.92 () {32 vars in 671 bytes} [Mon Mar 9 16:40:17 2026] GET /v2.0/security-group-rules => generated 4139 bytes in 73 msecs (HTTP/1.1 200) 4 headers in 158 bytes (1 switches on core 0) [pid: 8|app: 0|req: 731/1473] 10.0.0.92 () {32 vars in 748 bytes} [Mon Mar 9 16:40:17 2026] DELETE /v2.0/security-group-rules/3b6d9668-b165-4ef2-ae9f-afcac63b74d0 => generated 0 bytes in 119 msecs (HTTP/1.1 204) 2 headers in 112 bytes (1 switches on core 0)
2026-03-09 16:40:17.625 7 INFO neutron.db.ovn_revision_numbers_db [None req-ea4b725a-8cb8-449d-ad76-27da1088968b - - - - - -] Successfully bumped revision number for resource 168c567b-1f67-4646-876b-f48a327406b0 (type: ports) to 2 [pid: 8|app: 0|req: 732/1474] 10.0.0.92 () {32 vars in 671 bytes} [Mon Mar 9 16:40:17 2026] GET /v2.0/security-group-rules => generated 3560 bytes in 107 msecs (HTTP/1.1 200) 4 headers in 158 bytes (1 switches on core 0)
2026-03-09 16:40:17.670 7 INFO neutron.db.ovn_revision_numbers_db [None req-ea4b725a-8cb8-449d-ad76-27da1088968b - - - - - -] Successfully bumped revision number for resource 89474c30-d65e-47b0-b758-87d85059811e (type: subnets) to 0 [pid: 7|app: 0|req: 743/1475] 10.0.0.92 () {34 vars in 667 bytes} [Mon Mar 9 16:40:16 2026] POST /v2.0/subnets => generated 626 bytes in 760 msecs (HTTP/1.1 201) 4 headers in 162 bytes (1 switches on core 0) [pid: 8|app: 0|req: 733/1476] 10.0.0.92 () {32 vars in 738 bytes} [Mon Mar 9 16:40:17 2026] DELETE /v2.0/security-groups/4240c050-0c3c-41c7-a72c-c04ee7a14b85 => generated 0 bytes in 172 msecs (HTTP/1.1 204) 2 headers in 112 bytes (1 switches on core 0) [pid: 8|app: 0|req: 734/1477] 10.0.0.92 () {32 vars in 661 bytes} [Mon Mar 9 16:40:17 2026] GET /v2.0/security-groups => generated 2925 bytes in 32 msecs (HTTP/1.1 200) 4 headers in 158 bytes (1 switches on core 0) [pid: 8|app: 0|req: 735/1478] 10.0.0.92 () {32 vars in 661 bytes} [Mon Mar 9 16:40:17 2026] GET /v2.0/security-groups => generated 2925 bytes in 28 msecs (HTTP/1.1 200) 4 headers in 158 bytes (1 switches on core 0)
2026-03-09 16:40:18.006 7 WARNING neutron.scheduler.dhcp_agent_scheduler [None req-733b627e-d2da-45d7-95c8-4553b2b401ef d0fe7113795a4db5aa04b9e9031b17ff a534d85effce4c6caf29c7f2b3a31b5b - - default default] No more DHCP agents
2026-03-09 16:40:18.007 7 WARNING neutron.api.rpc.agentnotifiers.dhcp_rpc_agent_api [None req-733b627e-d2da-45d7-95c8-4553b2b401ef d0fe7113795a4db5aa04b9e9031b17ff a534d85effce4c6caf29c7f2b3a31b5b - - default default] Unable to schedule network 84f8285e-8dca-4f7f-8a0e-5e8b31ff4f49: no agents available; will retry on subsequent port and subnet creation events.
2026-03-09 16:40:18.146 8 INFO neutron.plugins.ml2.drivers.ovn.mech_driver.mech_driver [None req-23159d2b-b94c-48d5-a2d0-3c27f3098ef0 - - - - - -] OVN reports status down for port: 102c8a2d-77c4-4df9-9b0c-620ca4ba4815
2026-03-09 16:40:18.202 7 INFO neutron.db.ovn_revision_numbers_db [None req-733b627e-d2da-45d7-95c8-4553b2b401ef d0fe7113795a4db5aa04b9e9031b17ff a534d85effce4c6caf29c7f2b3a31b5b - - default default] Successfully bumped revision number for resource 102c8a2d-77c4-4df9-9b0c-620ca4ba4815 (type: ports) to 1 [pid: 7|app: 0|req: 744/1479] 10.0.0.92 () {34 vars in 663 bytes} [Mon Mar 9 16:40:17 2026] POST /v2.0/ports => generated 949 bytes in 527 msecs (HTTP/1.1 201) 4 headers in 162 bytes (1 switches on core 0) /var/lib/openstack/lib/python3.12/site-packages/pycadf/identifier.py:70: UserWarning: Invalid uuid: neutron. To ensure interoperability, identifiers should be a valid uuid. warnings.warn(('Invalid uuid: %s. To ensure interoperability, '
2026-03-09 16:40:18.405 8 INFO neutron.db.ovn_revision_numbers_db [None req-b695d699-f085-4def-af1f-f8d23e5595e5 b4d982a7d0c64ff597c62fe02ead6536 2023842cbcd94374880b628a835a2fa8 - - default default] Successfully bumped revision number for resource 85e5f874-c85e-4b81-b842-6be3d2c9d505 (type: security_groups) to 1
2026-03-09 16:40:18.413 7 INFO neutron_taas.services.taas.taas_plugin [None req-a548ede7-6727-4d7f-b93d-6417075cd827 d0fe7113795a4db5aa04b9e9031b17ff a534d85effce4c6caf29c7f2b3a31b5b - - default default] TaaS: Handle Delete Port: 102c8a2d-77c4-4df9-9b0c-620ca4ba4815
2026-03-09 16:40:18.417 7 INFO neutron_taas.services.taas.tap_mirror_plugin [None req-a548ede7-6727-4d7f-b93d-6417075cd827 d0fe7113795a4db5aa04b9e9031b17ff a534d85effce4c6caf29c7f2b3a31b5b - - default default] Tap Mirror: Handle Delete Port: 102c8a2d-77c4-4df9-9b0c-620ca4ba4815
2026-03-09 16:40:18.418 8 INFO neutron.db.ovn_revision_numbers_db [None req-b695d699-f085-4def-af1f-f8d23e5595e5 b4d982a7d0c64ff597c62fe02ead6536 2023842cbcd94374880b628a835a2fa8 - - default default] Successfully bumped revision number for resource 22949532-d3e5-4500-86e3-c7a161575355 (type: security_group_rules) to 0
2026-03-09 16:40:18.437 8 INFO neutron.db.ovn_revision_numbers_db [None req-b695d699-f085-4def-af1f-f8d23e5595e5 b4d982a7d0c64ff597c62fe02ead6536 2023842cbcd94374880b628a835a2fa8 - - default default] Successfully bumped revision number for resource cca6eab5-ccee-4ef6-b85b-f245d14235b7 (type: security_group_rules) to 0
2026-03-09 16:40:18.449 8 INFO neutron.db.ovn_revision_numbers_db [None req-b695d699-f085-4def-af1f-f8d23e5595e5 b4d982a7d0c64ff597c62fe02ead6536 2023842cbcd94374880b628a835a2fa8 - - default default] Successfully bumped revision number for resource e8ef85b3-af7d-48b5-9eb3-c6abe1109d0a (type: security_group_rules) to 0
2026-03-09 16:40:18.464 8 INFO neutron.db.ovn_revision_numbers_db [None req-b695d699-f085-4def-af1f-f8d23e5595e5 b4d982a7d0c64ff597c62fe02ead6536 2023842cbcd94374880b628a835a2fa8 - - default default] Successfully bumped revision number for resource edffe637-1577-4891-beb4-648674ea2480 (type: security_group_rules) to 0
2026-03-09 16:40:18.559 8 INFO neutron.db.segments_db [None req-b695d699-f085-4def-af1f-f8d23e5595e5 b4d982a7d0c64ff597c62fe02ead6536 2023842cbcd94374880b628a835a2fa8 - - default default] Added segment f7674b45-3c1c-48da-91af-57d6118e85f0 of type geneve for network 6a262eb9-44eb-4115-8ec1-a0486cf83226 [pid: 7|app: 0|req: 745/1480] 10.0.0.92 () {32 vars in 718 bytes} [Mon Mar 9 16:40:18 2026] DELETE /v2.0/ports/102c8a2d-77c4-4df9-9b0c-620ca4ba4815 => generated 0 bytes in 414 msecs (HTTP/1.1 204) 3 headers in 131 bytes (1 switches on core 0)
2026-03-09 16:40:18.743 8 INFO neutron.db.ovn_revision_numbers_db [None req-b695d699-f085-4def-af1f-f8d23e5595e5 b4d982a7d0c64ff597c62fe02ead6536 2023842cbcd94374880b628a835a2fa8 - - default default] Successfully bumped revision number for resource 6a262eb9-44eb-4115-8ec1-a0486cf83226 (type: networks) to 1 [pid: 7|app: 0|req: 746/1481] 10.0.0.92 () {32 vars in 772 bytes} [Mon Mar 9 16:40:18 2026] GET /v2.0/security-groups?tenant_id=dac9577220534c43bbf073408e21c9e3&name=default => generated 2925 bytes in 136 msecs (HTTP/1.1 200) 4 headers in 158 bytes (1 switches on core 0)
2026-03-09 16:40:18.800 7 INFO neutron.pecan_wsgi.hooks.translation [None req-d63c6fe2-3a04-4851-8798-a90aca48585b d0fe7113795a4db5aa04b9e9031b17ff a534d85effce4c6caf29c7f2b3a31b5b - - default default] DELETE failed (client error): The resource could not be found. [pid: 7|app: 0|req: 747/1482] 10.0.0.92 () {32 vars in 718 bytes} [Mon Mar 9 16:40:18 2026] DELETE /v2.0/ports/102c8a2d-77c4-4df9-9b0c-620ca4ba4815 => generated 132 bytes in 17 msecs (HTTP/1.1 404) 4 headers in 164 bytes (1 switches on core 0)
2026-03-09 16:40:18.929 8 WARNING neutron.scheduler.dhcp_agent_scheduler [None req-b695d699-f085-4def-af1f-f8d23e5595e5 b4d982a7d0c64ff597c62fe02ead6536 2023842cbcd94374880b628a835a2fa8 - - default default] No more DHCP agents
2026-03-09 16:40:18.931 8 WARNING neutron.api.rpc.agentnotifiers.dhcp_rpc_agent_api [None req-b695d699-f085-4def-af1f-f8d23e5595e5 b4d982a7d0c64ff597c62fe02ead6536 2023842cbcd94374880b628a835a2fa8 - - default default] Unable to schedule network 6a262eb9-44eb-4115-8ec1-a0486cf83226: no agents available; will retry on subsequent port and subnet creation events.
2026-03-09 16:40:19.022 8 INFO neutron.plugins.ml2.drivers.ovn.mech_driver.mech_driver [None req-23159d2b-b94c-48d5-a2d0-3c27f3098ef0 - - - - - -] OVN reports status down for port: afec3533-0025-46bd-a96c-a1446225f709
2026-03-09 16:40:19.107 8 INFO neutron.db.ovn_revision_numbers_db [None req-b695d699-f085-4def-af1f-f8d23e5595e5 b4d982a7d0c64ff597c62fe02ead6536 2023842cbcd94374880b628a835a2fa8 - - default default] Successfully bumped revision number for resource afec3533-0025-46bd-a96c-a1446225f709 (type: ports) to 1 [pid: 7|app: 0|req: 748/1483] 10.0.0.92 () {32 vars in 738 bytes} [Mon Mar 9 16:40:18 2026] DELETE /v2.0/security-groups/65c9cea5-74ee-4559-bda2-912eb92d643c => generated 0 bytes in 318 msecs (HTTP/1.1 204) 2 headers in 112 bytes (1 switches on core 0)
2026-03-09 16:40:19.134 7 INFO neutron.pecan_wsgi.hooks.translation [None req-aea694b7-3197-4d99-a23e-17a3f893929a d0fe7113795a4db5aa04b9e9031b17ff a534d85effce4c6caf29c7f2b3a31b5b - - default default] GET failed (client error): The resource could not be found. [pid: 7|app: 0|req: 749/1484] 10.0.0.92 () {32 vars in 715 bytes} [Mon Mar 9 16:40:19 2026] GET /v2.0/ports/102c8a2d-77c4-4df9-9b0c-620ca4ba4815 => generated 132 bytes in 14 msecs (HTTP/1.1 404) 4 headers in 164 bytes (1 switches on core 0) [pid: 8|app: 0|req: 736/1485] 10.0.0.92 () {34 vars in 668 bytes} [Mon Mar 9 16:40:18 2026] POST /v2.0/networks => generated 667 bytes in 1154 msecs (HTTP/1.1 201) 4 headers in 162 bytes (1 switches on core 0) [pid: 7|app: 0|req: 750/1486] 10.0.0.92 () {32 vars in 722 bytes} [Mon Mar 9 16:40:19 2026] DELETE /v2.0/subnets/89474c30-d65e-47b0-b758-87d85059811e => generated 0 bytes in 202 msecs (HTTP/1.1 204) 3 headers in 131 bytes (1 switches on core 0)
2026-03-09 16:40:19.460 8 INFO neutron_taas.services.taas.taas_plugin [None req-2c6e34f6-ccac-4e08-a38e-edd2689653d8 d0fe7113795a4db5aa04b9e9031b17ff a534d85effce4c6caf29c7f2b3a31b5b - - default default] TaaS: Handle Delete Port: 168c567b-1f67-4646-876b-f48a327406b0
2026-03-09 16:40:19.463 8 INFO neutron_taas.services.taas.tap_mirror_plugin [None req-2c6e34f6-ccac-4e08-a38e-edd2689653d8 d0fe7113795a4db5aa04b9e9031b17ff a534d85effce4c6caf29c7f2b3a31b5b - - default default] Tap Mirror: Handle Delete Port: 168c567b-1f67-4646-876b-f48a327406b0
2026-03-09 16:40:19.665 8 INFO neutron.services.segments.plugin [-] Segment bcbe3707-f619-44db-b96c-5dc34c30f817 resource provider aggregate not found
2026-03-09 16:40:19.670 8 INFO neutron.services.segments.plugin [-] Segment bcbe3707-f619-44db-b96c-5dc34c30f817 resource provider aggregate not found
2026-03-09 16:40:19.689 8 INFO neutron.services.segments.plugin [-] Segment bcbe3707-f619-44db-b96c-5dc34c30f817 resource provider not found; error: Placement Client Error (4xx): {"errors": [{"status": 404, "title": "Not Found", "detail": "The resource could not be found.\n\n No resource provider with uuid bcbe3707-f619-44db-b96c-5dc34c30f817 found for delete ", "request_id": "req-3c642fb2-448c-41b7-a698-dd80db1264a2"}]}
2026-03-09 16:40:19.693 8 INFO neutron.services.segments.plugin [-] Segment bcbe3707-f619-44db-b96c-5dc34c30f817 resource provider not found; error: Placement Client Error (4xx): {"errors": [{"status": 404, "title": "Not Found", "detail": "The resource could not be found.\n\n No resource provider with uuid bcbe3707-f619-44db-b96c-5dc34c30f817 found for delete ", "request_id": "req-7da61c05-a460-426f-982f-4ff70b4cd282"}]} [pid: 8|app: 0|req: 737/1487] 10.0.0.92 () {32 vars in 724 bytes} [Mon Mar 9 16:40:19 2026] DELETE /v2.0/networks/84f8285e-8dca-4f7f-8a0e-5e8b31ff4f49 => generated 0 bytes in 384 msecs (HTTP/1.1 204) 3 headers in 131 bytes (1 switches on core 0)
2026-03-09 16:40:19.801 7 WARNING neutron.scheduler.dhcp_agent_scheduler [None req-150a5454-a79f-4a40-b6c8-3996ef7655a7 b4d982a7d0c64ff597c62fe02ead6536 2023842cbcd94374880b628a835a2fa8 - - default default] No more DHCP agents
2026-03-09 16:40:19.802 7 WARNING neutron.api.rpc.agentnotifiers.dhcp_rpc_agent_api [None req-150a5454-a79f-4a40-b6c8-3996ef7655a7 b4d982a7d0c64ff597c62fe02ead6536 2023842cbcd94374880b628a835a2fa8 - - default default] Unable to schedule network 6a262eb9-44eb-4115-8ec1-a0486cf83226: no agents available; will retry on subsequent port and subnet creation events.
2026-03-09 16:40:19.838 8 INFO neutron.db.segments_db [None req-a871dd48-d27c-4122-8faa-a685425f19fe d0fe7113795a4db5aa04b9e9031b17ff a534d85effce4c6caf29c7f2b3a31b5b - - default default] Added segment b104db32-9831-4375-be83-ab40353fa2e5 of type geneve for network 41d3ed66-6e2f-45e9-9dfc-b13d11d3ee36
2026-03-09 16:40:19.850 7 INFO neutron.db.ovn_revision_numbers_db [None req-150a5454-a79f-4a40-b6c8-3996ef7655a7 b4d982a7d0c64ff597c62fe02ead6536 2023842cbcd94374880b628a835a2fa8 - - default default] Successfully bumped revision number for resource 1183e010-18e6-45a9-aa99-ce79c69cec51 (type: subnets) to 0 [pid: 7|app: 0|req: 751/1488] 10.0.0.92 () {34 vars in 667 bytes} [Mon Mar 9 16:40:19 2026] POST /v2.0/subnets => generated 673 bytes in 242 msecs (HTTP/1.1 201) 4 headers in 162 bytes (1 switches on core 0)
2026-03-09 16:40:19.966 7 INFO neutron.db.segments_db [None req-df1500ad-0682-4205-b9f3-627875fd9c37 b4d982a7d0c64ff597c62fe02ead6536 2023842cbcd94374880b628a835a2fa8 - - default default] Added segment 25920f51-cae9-4ba9-ab8c-781c3326e9d8 of type geneve for network 30f16d14-b00c-4063-bc93-9c3de4abbc71
2026-03-09 16:40:19.971 8 INFO neutron.db.ovn_revision_numbers_db [None req-a871dd48-d27c-4122-8faa-a685425f19fe d0fe7113795a4db5aa04b9e9031b17ff a534d85effce4c6caf29c7f2b3a31b5b - - default default] Successfully bumped revision number for resource 41d3ed66-6e2f-45e9-9dfc-b13d11d3ee36 (type: networks) to 1
2026-03-09 16:40:20.086 7 INFO neutron.db.ovn_revision_numbers_db [None req-df1500ad-0682-4205-b9f3-627875fd9c37 b4d982a7d0c64ff597c62fe02ead6536 2023842cbcd94374880b628a835a2fa8 - - default default] Successfully bumped revision number for resource 30f16d14-b00c-4063-bc93-9c3de4abbc71 (type: networks) to 1
2026-03-09 16:40:20.170 8 WARNING neutron.scheduler.dhcp_agent_scheduler [None req-a871dd48-d27c-4122-8faa-a685425f19fe d0fe7113795a4db5aa04b9e9031b17ff a534d85effce4c6caf29c7f2b3a31b5b - - default default] No more DHCP agents
2026-03-09 16:40:20.171 8 WARNING neutron.api.rpc.agentnotifiers.dhcp_rpc_agent_api [None req-a871dd48-d27c-4122-8faa-a685425f19fe d0fe7113795a4db5aa04b9e9031b17ff a534d85effce4c6caf29c7f2b3a31b5b - - default default] Unable to schedule network 41d3ed66-6e2f-45e9-9dfc-b13d11d3ee36: no agents available; will retry on subsequent port and subnet creation events.
2026-03-09 16:40:20.246 8 INFO neutron.plugins.ml2.drivers.ovn.mech_driver.mech_driver [None req-23159d2b-b94c-48d5-a2d0-3c27f3098ef0 - - - - - -] OVN reports status down for port: ca28deb5-872f-47ac-af8c-b0846a8be537
2026-03-09 16:40:20.301 7 WARNING neutron.scheduler.dhcp_agent_scheduler [None req-df1500ad-0682-4205-b9f3-627875fd9c37 b4d982a7d0c64ff597c62fe02ead6536 2023842cbcd94374880b628a835a2fa8 - - default default] No more DHCP agents
2026-03-09 16:40:20.303 7 WARNING neutron.api.rpc.agentnotifiers.dhcp_rpc_agent_api [None req-df1500ad-0682-4205-b9f3-627875fd9c37 b4d982a7d0c64ff597c62fe02ead6536 2023842cbcd94374880b628a835a2fa8 - - default default] Unable to schedule network 30f16d14-b00c-4063-bc93-9c3de4abbc71: no agents available; will retry on subsequent port and subnet creation events.
2026-03-09 16:40:20.314 8 INFO neutron.db.ovn_revision_numbers_db [None req-a871dd48-d27c-4122-8faa-a685425f19fe d0fe7113795a4db5aa04b9e9031b17ff a534d85effce4c6caf29c7f2b3a31b5b - - default default] Successfully bumped revision number for resource ca28deb5-872f-47ac-af8c-b0846a8be537 (type: ports) to 1
2026-03-09 16:40:20.406 7 INFO neutron.db.ovn_revision_numbers_db [None req-df1500ad-0682-4205-b9f3-627875fd9c37 b4d982a7d0c64ff597c62fe02ead6536 2023842cbcd94374880b628a835a2fa8 - - default default] Successfully bumped revision number for resource 2c98ee5f-b65a-49ff-a75d-8ca614000fe9 (type: ports) to 1 [pid: 8|app: 0|req: 738/1489] 10.0.0.92 () {34 vars in 668 bytes} [Mon Mar 9 16:40:19 2026] POST /v2.0/networks => generated 651 bytes in 671 msecs (HTTP/1.1 201) 4 headers in 162 bytes (1 switches on core 0) [pid: 7|app: 0|req: 752/1490] 10.0.0.92 () {34 vars in 668 bytes} [Mon Mar 9 16:40:19 2026] POST /v2.0/networks => generated 666 bytes in 558 msecs (HTTP/1.1 201) 4 headers in 162 bytes (1 switches on core 0)
2026-03-09 16:40:20.451 8 INFO neutron.plugins.ml2.drivers.ovn.mech_driver.mech_driver [None req-23159d2b-b94c-48d5-a2d0-3c27f3098ef0 - - - - - -] OVN reports status down for port: 2c98ee5f-b65a-49ff-a75d-8ca614000fe9
2026-03-09 16:40:20.569 7 INFO neutron.db.ovn_revision_numbers_db [None req-b979e687-a122-413d-b600-5f82c6febaef b4d982a7d0c64ff597c62fe02ead6536 2023842cbcd94374880b628a835a2fa8 - - default default] Successfully bumped revision number for resource 30f16d14-b00c-4063-bc93-9c3de4abbc71 (type: networks) to 2 [pid: 7|app: 0|req: 753/1491] 10.0.0.92 () {34 vars in 741 bytes} [Mon Mar 9 16:40:20 2026] PUT /v2.0/networks/30f16d14-b00c-4063-bc93-9c3de4abbc71 => generated 636 bytes in 137 msecs (HTTP/1.1 200) 4 headers in 157 bytes (1 switches on core 0)
2026-03-09 16:40:20.674 8 WARNING neutron.scheduler.dhcp_agent_scheduler [None req-9c4aed6c-21c8-47b1-8277-fd630b7ddddf d0fe7113795a4db5aa04b9e9031b17ff a534d85effce4c6caf29c7f2b3a31b5b - - default default] No more DHCP agents
2026-03-09 16:40:20.675 8 WARNING neutron.api.rpc.agentnotifiers.dhcp_rpc_agent_api [None req-9c4aed6c-21c8-47b1-8277-fd630b7ddddf d0fe7113795a4db5aa04b9e9031b17ff a534d85effce4c6caf29c7f2b3a31b5b - - default default] Unable to schedule network 41d3ed66-6e2f-45e9-9dfc-b13d11d3ee36: no agents available; will retry on subsequent port and subnet creation events.
2026-03-09 16:40:20.737 7 WARNING neutron.scheduler.dhcp_agent_scheduler [None req-02b36481-fc4b-4930-94bd-3e2009d0302b b4d982a7d0c64ff597c62fe02ead6536 2023842cbcd94374880b628a835a2fa8 - - default default] No more DHCP agents
2026-03-09 16:40:20.739 7 WARNING neutron.api.rpc.agentnotifiers.dhcp_rpc_agent_api [None req-02b36481-fc4b-4930-94bd-3e2009d0302b b4d982a7d0c64ff597c62fe02ead6536 2023842cbcd94374880b628a835a2fa8 - - default default] Unable to schedule network 30f16d14-b00c-4063-bc93-9c3de4abbc71: no agents available; will retry on subsequent port and subnet creation events.
2026-03-09 16:40:20.776 7 INFO neutron.db.ovn_revision_numbers_db [None req-02b36481-fc4b-4930-94bd-3e2009d0302b b4d982a7d0c64ff597c62fe02ead6536 2023842cbcd94374880b628a835a2fa8 - - default default] Successfully bumped revision number for resource 552653d8-95f0-4faa-9a3b-79ed125c698e (type: subnets) to 0 [pid: 7|app: 0|req: 754/1492] 10.0.0.92 () {34 vars in 667 bytes} [Mon Mar 9 16:40:20 2026] POST /v2.0/subnets => generated 646 bytes in 223 msecs (HTTP/1.1 201) 4 headers in 162 bytes (1 switches on core 0) [pid: 7|app: 0|req: 755/1493] 10.0.0.92 () {32 vars in 621 bytes} [Mon Mar 9 16:40:20 2026] GET / => generated 151 bytes in 2 msecs (HTTP/1.1 200) 3 headers in 91 bytes (1 switches on core 0)
2026-03-09 16:40:21.192 8 INFO neutron.db.ovn_revision_numbers_db [None req-a62ed6f5-d047-46b6-86be-25a86957de11 - - - - - -] Successfully bumped revision number for resource ca28deb5-872f-47ac-af8c-b0846a8be537 (type: ports) to 2
2026-03-09 16:40:21.231 8 INFO neutron.db.ovn_revision_numbers_db [None req-a62ed6f5-d047-46b6-86be-25a86957de11 - - - - - -] Successfully bumped revision number for resource 862a43bb-455d-4303-9f9b-e159cc2a0100 (type: subnets) to 0 [pid: 8|app: 0|req: 739/1494] 10.0.0.92 () {34 vars in 667 bytes} [Mon Mar 9 16:40:20 2026] POST /v2.0/subnets => generated 626 bytes in 836 msecs (HTTP/1.1 201) 4 headers in 162 bytes (1 switches on core 0) [pid: 8|app: 0|req: 740/1495] 10.0.0.92 () {32 vars in 631 bytes} [Mon Mar 9 16:40:21 2026] GET /v2.0/ => generated 632 bytes in 173 msecs (HTTP/1.1 200) 4 headers in 157 bytes (1 switches on core 0)
2026-03-09 16:40:21.522 7 INFO neutron.db.ovn_revision_numbers_db [None req-a2f88a34-e178-4dd1-9216-fbeebf412333 - - - - - -] Successfully bumped revision number for resource 2c98ee5f-b65a-49ff-a75d-8ca614000fe9 (type: ports) to 2
2026-03-09 16:40:21.584 7 INFO neutron.db.ovn_revision_numbers_db [None req-a2f88a34-e178-4dd1-9216-fbeebf412333 - - - - - -] Successfully bumped revision number for resource 552653d8-95f0-4faa-9a3b-79ed125c698e (type: subnets) to 1 [pid: 7|app: 0|req: 756/1496] 10.0.0.92 () {34 vars in 739 bytes} [Mon Mar 9 16:40:20 2026] PUT /v2.0/subnets/552653d8-95f0-4faa-9a3b-79ed125c698e => generated 656 bytes in 780 msecs (HTTP/1.1 200) 4 headers in 157 bytes (1 switches on core 0)
2026-03-09 16:40:21.725 8 WARNING neutron.scheduler.dhcp_agent_scheduler [None req-2e490d10-92a2-4864-8d72-051795dd7b38 d0fe7113795a4db5aa04b9e9031b17ff a534d85effce4c6caf29c7f2b3a31b5b - - default default] No more DHCP agents
2026-03-09 16:40:21.727 8 WARNING neutron.api.rpc.agentnotifiers.dhcp_rpc_agent_api [None req-2e490d10-92a2-4864-8d72-051795dd7b38 d0fe7113795a4db5aa04b9e9031b17ff a534d85effce4c6caf29c7f2b3a31b5b - - default default] Unable to schedule network 41d3ed66-6e2f-45e9-9dfc-b13d11d3ee36: no agents available; will retry on subsequent port and subnet creation events.
2026-03-09 16:40:21.760 7 INFO neutron_taas.services.taas.taas_plugin [None req-a146ce17-739f-4239-aa90-3ad12563ad62 b4d982a7d0c64ff597c62fe02ead6536 2023842cbcd94374880b628a835a2fa8 - - default default] TaaS: Handle Delete Port: 2c98ee5f-b65a-49ff-a75d-8ca614000fe9
2026-03-09 16:40:21.763 7 INFO neutron_taas.services.taas.tap_mirror_plugin [None req-a146ce17-739f-4239-aa90-3ad12563ad62 b4d982a7d0c64ff597c62fe02ead6536 2023842cbcd94374880b628a835a2fa8 - - default default] Tap Mirror: Handle Delete Port: 2c98ee5f-b65a-49ff-a75d-8ca614000fe9
2026-03-09 16:40:21.874 8 INFO neutron.plugins.ml2.drivers.ovn.mech_driver.mech_driver [None req-23159d2b-b94c-48d5-a2d0-3c27f3098ef0 - - - - - -] OVN reports status down for port: dd6c09a2-773b-492c-9e92-ddc0c0ec5bea
2026-03-09 16:40:21.965 8 INFO neutron.db.ovn_revision_numbers_db [None req-2e490d10-92a2-4864-8d72-051795dd7b38 d0fe7113795a4db5aa04b9e9031b17ff a534d85effce4c6caf29c7f2b3a31b5b - - default default] Successfully bumped revision number for resource dd6c09a2-773b-492c-9e92-ddc0c0ec5bea (type: ports) to 1 [pid: 8|app: 0|req: 741/1497] 10.0.0.92 () {34 vars in 663 bytes} [Mon Mar 9 16:40:21 2026] POST /v2.0/ports => generated 916 bytes in 627 msecs (HTTP/1.1 201) 4 headers in 162 bytes (1 switches on core 0)
2026-03-09 16:40:22.136 7 INFO neutron.services.segments.plugin [-] Segment 25920f51-cae9-4ba9-ab8c-781c3326e9d8 resource provider aggregate not found
2026-03-09 16:40:22.139 7 INFO neutron.services.segments.plugin [-] Segment 25920f51-cae9-4ba9-ab8c-781c3326e9d8 resource provider aggregate not found
