Apr 21 13:29:23.425800 np0000168688 devstack@neutron-api.service[104011]: DEBUG ovsdbapp.backend.ovs_idl [None req-c26ef0b0-a7a2-4720-939f-d10b4efc622e None None] Created schema index Copp.name {{(pid=104011) autocreate_indices /opt/stack/data/venv/lib/python3.12/site-packages/ovsdbapp/backend/ovs_idl/__init__.py:106}}
Apr 21 13:29:23.425800 np0000168688 devstack@neutron-api.service[104011]: DEBUG ovsdbapp.backend.ovs_idl [None req-c26ef0b0-a7a2-4720-939f-d10b4efc622e None None] Created schema index Meter.name {{(pid=104011) autocreate_indices /opt/stack/data/venv/lib/python3.12/site-packages/ovsdbapp/backend/ovs_idl/__init__.py:106}}
Apr 21 13:29:23.425800 np0000168688 devstack@neutron-api.service[104011]: DEBUG ovsdbapp.backend.ovs_idl [None req-c26ef0b0-a7a2-4720-939f-d10b4efc622e None None] Created schema index Load_Balancer_Group.name {{(pid=104011) autocreate_indices /opt/stack/data/venv/lib/python3.12/site-packages/ovsdbapp/backend/ovs_idl/__init__.py:106}}
Apr 21 13:29:23.426138 np0000168688 devstack@neutron-api.service[104011]: DEBUG ovsdbapp.backend.ovs_idl [None req-c26ef0b0-a7a2-4720-939f-d10b4efc622e None None] Created schema index HA_Chassis_Group.name {{(pid=104011) autocreate_indices /opt/stack/data/venv/lib/python3.12/site-packages/ovsdbapp/backend/ovs_idl/__init__.py:106}}
Apr 21 13:29:23.426138 np0000168688 devstack@neutron-api.service[104011]: DEBUG ovsdbapp.backend.ovs_idl [None req-c26ef0b0-a7a2-4720-939f-d10b4efc622e None None] Created schema index Address_Set.name {{(pid=104011) autocreate_indices /opt/stack/data/venv/lib/python3.12/site-packages/ovsdbapp/backend/ovs_idl/__init__.py:106}}
Apr 21 13:29:23.426138 np0000168688 devstack@neutron-api.service[104011]: DEBUG ovsdbapp.backend.ovs_idl [None req-c26ef0b0-a7a2-4720-939f-d10b4efc622e None None] Created schema index Connection.target {{(pid=104011) autocreate_indices /opt/stack/data/venv/lib/python3.12/site-packages/ovsdbapp/backend/ovs_idl/__init__.py:106}}
Apr 21 13:29:23.426326 np0000168688 devstack@neutron-api.service[104011]: DEBUG ovsdbapp.backend.ovs_idl [None req-c26ef0b0-a7a2-4720-939f-d10b4efc622e None None] Created schema index Gateway_Chassis.name {{(pid=104011) autocreate_indices /opt/stack/data/venv/lib/python3.12/site-packages/ovsdbapp/backend/ovs_idl/__init__.py:106}}
Apr 21 13:29:23.426326 np0000168688 devstack@neutron-api.service[104011]: DEBUG ovsdbapp.backend.ovs_idl [None req-c26ef0b0-a7a2-4720-939f-d10b4efc622e None None] Created schema index Mirror.name {{(pid=104011) autocreate_indices /opt/stack/data/venv/lib/python3.12/site-packages/ovsdbapp/backend/ovs_idl/__init__.py:106}}
Apr 21 13:29:23.426457 np0000168688 devstack@neutron-api.service[104011]: DEBUG ovsdbapp.backend.ovs_idl [None req-c26ef0b0-a7a2-4720-939f-d10b4efc622e None None] Created schema index Chassis_Template_Var.chassis {{(pid=104011) autocreate_indices /opt/stack/data/venv/lib/python3.12/site-packages/ovsdbapp/backend/ovs_idl/__init__.py:106}}
Apr 21 13:29:23.426607 np0000168688 devstack@neutron-api.service[104011]: DEBUG ovsdbapp.backend.ovs_idl [None req-c26ef0b0-a7a2-4720-939f-d10b4efc622e None None] Created schema index Logical_Router_Port.name {{(pid=104011) autocreate_indices /opt/stack/data/venv/lib/python3.12/site-packages/ovsdbapp/backend/ovs_idl/__init__.py:106}}
Apr 21 13:29:23.426731 np0000168688 devstack@neutron-api.service[104011]: DEBUG ovsdbapp.backend.ovs_idl [None req-c26ef0b0-a7a2-4720-939f-d10b4efc622e None None] Created schema index Port_Group.name {{(pid=104011) autocreate_indices /opt/stack/data/venv/lib/python3.12/site-packages/ovsdbapp/backend/ovs_idl/__init__.py:106}}
Apr 21 13:29:23.426811 np0000168688 devstack@neutron-api.service[104011]: DEBUG ovsdbapp.backend.ovs_idl [None req-c26ef0b0-a7a2-4720-939f-d10b4efc622e None None] Created schema index Logical_Switch_Port.name {{(pid=104011) autocreate_indices /opt/stack/data/venv/lib/python3.12/site-packages/ovsdbapp/backend/ovs_idl/__init__.py:106}}
Apr 21 13:29:23.430980 np0000168688 devstack@neutron-api.service[104011]: INFO ovsdbapp.backend.ovs_idl.vlog [None req-c26ef0b0-a7a2-4720-939f-d10b4efc622e None None] ssl:199.19.213.86:6641: connecting...
Apr 21 13:29:23.437691 np0000168688 devstack@neutron-api.service[104011]: INFO ovsdbapp.backend.ovs_idl.vlog [None req-c26ef0b0-a7a2-4720-939f-d10b4efc622e None None] ssl:199.19.213.86:6641: connected
Apr 21 13:29:23.468415 np0000168688 devstack@neutron-api.service[104011]: DEBUG neutron.common.ovn.hash_ring_manager [None req-c26ef0b0-a7a2-4720-939f-d10b4efc622e None None] Disallow caching, nodes 1<4 {{(pid=104011) _wait_startup_before_caching /opt/stack/neutron/neutron/common/ovn/hash_ring_manager.py:72}}
Apr 21 13:29:23.473525 np0000168688 devstack@neutron-api.service[104011]: DEBUG neutron.common.ovn.hash_ring_manager [None req-c26ef0b0-a7a2-4720-939f-d10b4efc622e None None] Hash Ring loaded. 1 active nodes. 0 offline nodes {{(pid=104011) _load_hash_ring /opt/stack/neutron/neutron/common/ovn/hash_ring_manager.py:102}}
Apr 21 13:29:23.473798 np0000168688 devstack@neutron-api.service[104011]: DEBUG neutron.plugins.ml2.drivers.ovn.mech_driver.ovsdb.ovsdb_monitor [None req-c26ef0b0-a7a2-4720-939f-d10b4efc622e None None] Hash Ring: Node 55ff205523775a2299499c551b75303a (host: np0000168688) handling event "create" for row 24ba4cd6-be7b-4981-8d73-7f8089fa9dfb (table: ACL) {{(pid=104011) notify /opt/stack/neutron/neutron/plugins/ml2/drivers/ovn/mech_driver/ovsdb/ovsdb_monitor.py:914}}
Apr 21 13:29:23.479469 np0000168688 devstack@neutron-api.service[104011]: DEBUG neutron.common.ovn.hash_ring_manager [None req-c26ef0b0-a7a2-4720-939f-d10b4efc622e None None] Hash Ring loaded. 1 active nodes. 0 offline nodes {{(pid=104011) _load_hash_ring /opt/stack/neutron/neutron/common/ovn/hash_ring_manager.py:102}}
Apr 21 13:29:23.479643 np0000168688 devstack@neutron-api.service[104011]: DEBUG neutron.plugins.ml2.drivers.ovn.mech_driver.ovsdb.ovsdb_monitor [None req-c26ef0b0-a7a2-4720-939f-d10b4efc622e None None] Hash Ring: Node 55ff205523775a2299499c551b75303a (host: np0000168688) handling event "create" for row 6184e0ca-3ec2-4308-8dcf-c036ee34870c (table: ACL) {{(pid=104011) notify /opt/stack/neutron/neutron/plugins/ml2/drivers/ovn/mech_driver/ovsdb/ovsdb_monitor.py:914}}
Apr 21 13:29:23.484044 np0000168688 devstack@neutron-api.service[104011]: DEBUG neutron.common.ovn.hash_ring_manager [None req-c26ef0b0-a7a2-4720-939f-d10b4efc622e None None] Hash Ring loaded. 1 active nodes. 0 offline nodes {{(pid=104011) _load_hash_ring /opt/stack/neutron/neutron/common/ovn/hash_ring_manager.py:102}}
Apr 21 13:29:23.484223 np0000168688 devstack@neutron-api.service[104011]: DEBUG neutron.plugins.ml2.drivers.ovn.mech_driver.ovsdb.ovsdb_monitor [None req-c26ef0b0-a7a2-4720-939f-d10b4efc622e None None] Hash Ring: Node 55ff205523775a2299499c551b75303a (host: np0000168688) handling event "create" for row 5b50f861-98a8-49e5-a113-4ae2d1e62e4e (table: Connection) {{(pid=104011) notify /opt/stack/neutron/neutron/plugins/ml2/drivers/ovn/mech_driver/ovsdb/ovsdb_monitor.py:914}}
Apr 21 13:29:23.488901 np0000168688 devstack@neutron-api.service[104011]: DEBUG neutron.common.ovn.hash_ring_manager [None req-c26ef0b0-a7a2-4720-939f-d10b4efc622e None None] Hash Ring loaded. 1 active nodes. 0 offline nodes {{(pid=104011) _load_hash_ring /opt/stack/neutron/neutron/common/ovn/hash_ring_manager.py:102}}
Apr 21 13:29:23.489063 np0000168688 devstack@neutron-api.service[104011]: DEBUG neutron.plugins.ml2.drivers.ovn.mech_driver.ovsdb.ovsdb_monitor [None req-c26ef0b0-a7a2-4720-939f-d10b4efc622e None None] Hash Ring: Node 55ff205523775a2299499c551b75303a (host: np0000168688) handling event "create" for row a0f3cbda-1e55-457f-b60a-83747181aa64 (table: NB_Global) {{(pid=104011) notify /opt/stack/neutron/neutron/plugins/ml2/drivers/ovn/mech_driver/ovsdb/ovsdb_monitor.py:914}}
Apr 21 13:29:23.493693 np0000168688 devstack@neutron-api.service[104011]: DEBUG neutron.common.ovn.hash_ring_manager [None req-c26ef0b0-a7a2-4720-939f-d10b4efc622e None None] Hash Ring loaded. 1 active nodes. 0 offline nodes {{(pid=104011) _load_hash_ring /opt/stack/neutron/neutron/common/ovn/hash_ring_manager.py:102}}
Apr 21 13:29:23.493871 np0000168688 devstack@neutron-api.service[104011]: DEBUG neutron.plugins.ml2.drivers.ovn.mech_driver.ovsdb.ovsdb_monitor [None req-c26ef0b0-a7a2-4720-939f-d10b4efc622e None None] Hash Ring: Node 55ff205523775a2299499c551b75303a (host: np0000168688) handling event "create" for row b3c0315c-c8b4-45f1-bb65-edeeb148208e (table: Port_Group) {{(pid=104011) notify /opt/stack/neutron/neutron/plugins/ml2/drivers/ovn/mech_driver/ovsdb/ovsdb_monitor.py:914}}
Apr 21 13:29:23.498374 np0000168688 devstack@neutron-api.service[104011]: DEBUG neutron.common.ovn.hash_ring_manager [None req-c26ef0b0-a7a2-4720-939f-d10b4efc622e None None] Hash Ring loaded. 1 active nodes. 0 offline nodes {{(pid=104011) _load_hash_ring /opt/stack/neutron/neutron/common/ovn/hash_ring_manager.py:102}}
Apr 21 13:29:23.498540 np0000168688 devstack@neutron-api.service[104011]: DEBUG neutron.plugins.ml2.drivers.ovn.mech_driver.ovsdb.ovsdb_monitor [None req-c26ef0b0-a7a2-4720-939f-d10b4efc622e None None] Hash Ring: Node 55ff205523775a2299499c551b75303a (host: np0000168688) handling event "create" for row 9ad5d18f-9edd-41e8-b525-e8e547b3b51c (table: SSL) {{(pid=104011) notify /opt/stack/neutron/neutron/plugins/ml2/drivers/ovn/mech_driver/ovsdb/ovsdb_monitor.py:914}}
Apr 21 13:29:23.499641 np0000168688 devstack@neutron-api.service[104011]: INFO neutron.plugins.ml2.drivers.ovn.mech_driver.ovsdb.impl_idl_ovn [None req-c26ef0b0-a7a2-4720-939f-d10b4efc622e None None] Getting OvsdbSbOvnIdl for WorkerService with retry
Apr 21 13:29:23.528751 np0000168688 devstack@neutron-api.service[104011]: DEBUG ovsdbapp.backend.ovs_idl [None req-c26ef0b0-a7a2-4720-939f-d10b4efc622e None None] Created lookup_table index Chassis.name {{(pid=104011) autocreate_indices /opt/stack/data/venv/lib/python3.12/site-packages/ovsdbapp/backend/ovs_idl/__init__.py:87}}
Apr 21 13:29:23.528864 np0000168688 devstack@neutron-api.service[104011]: DEBUG ovsdbapp.backend.ovs_idl [None req-c26ef0b0-a7a2-4720-939f-d10b4efc622e None None] Created lookup_table index Port_Binding.logical_port {{(pid=104011) autocreate_indices /opt/stack/data/venv/lib/python3.12/site-packages/ovsdbapp/backend/ovs_idl/__init__.py:87}}
Apr 21 13:29:23.529001 np0000168688 devstack@neutron-api.service[104011]: DEBUG ovsdbapp.backend.ovs_idl [None req-c26ef0b0-a7a2-4720-939f-d10b4efc622e None None] Created schema index Chassis_Private.name {{(pid=104011) autocreate_indices /opt/stack/data/venv/lib/python3.12/site-packages/ovsdbapp/backend/ovs_idl/__init__.py:106}}
Apr 21 13:29:23.529142 np0000168688 devstack@neutron-api.service[104011]: DEBUG ovsdbapp.backend.ovs_idl [None req-c26ef0b0-a7a2-4720-939f-d10b4efc622e None None] Created schema index Datapath_Binding.tunnel_key {{(pid=104011) autocreate_indices /opt/stack/data/venv/lib/python3.12/site-packages/ovsdbapp/backend/ovs_idl/__init__.py:106}}
Apr 21 13:29:23.531186 np0000168688 devstack@neutron-api.service[104011]: INFO ovsdbapp.backend.ovs_idl.vlog [None req-c26ef0b0-a7a2-4720-939f-d10b4efc622e None None] ssl:199.19.213.86:6642: connecting...
Apr 21 13:29:23.536641 np0000168688 devstack@neutron-api.service[104011]: INFO ovsdbapp.backend.ovs_idl.vlog [None req-c26ef0b0-a7a2-4720-939f-d10b4efc622e None None] ssl:199.19.213.86:6642: connected
Apr 21 13:29:23.564429 np0000168688 devstack@neutron-api.service[104011]: DEBUG neutron.common.ovn.hash_ring_manager [None req-c26ef0b0-a7a2-4720-939f-d10b4efc622e None None] Disallow caching, nodes 1<4 {{(pid=104011) _wait_startup_before_caching /opt/stack/neutron/neutron/common/ovn/hash_ring_manager.py:72}}
Apr 21 13:29:23.567800 np0000168688 devstack@neutron-api.service[104011]: DEBUG neutron.common.ovn.hash_ring_manager [None req-c26ef0b0-a7a2-4720-939f-d10b4efc622e None None] Hash Ring loaded. 1 active nodes. 0 offline nodes {{(pid=104011) _load_hash_ring /opt/stack/neutron/neutron/common/ovn/hash_ring_manager.py:102}}
Apr 21 13:29:23.567926 np0000168688 devstack@neutron-api.service[104011]: DEBUG neutron.plugins.ml2.drivers.ovn.mech_driver.ovsdb.ovsdb_monitor [None req-c26ef0b0-a7a2-4720-939f-d10b4efc622e None None] Hash Ring: Node 55ff205523775a2299499c551b75303a (host: np0000168688) handling event "create" for row c3c28c1d-984d-4dcd-879b-97bc28888a0e (table: Chassis) {{(pid=104011) notify /opt/stack/neutron/neutron/plugins/ml2/drivers/ovn/mech_driver/ovsdb/ovsdb_monitor.py:914}}
Apr 21 13:29:23.568636 np0000168688 devstack@neutron-api.service[104011]: DEBUG ovsdbapp.backend.ovs_idl.event [None req-c26ef0b0-a7a2-4720-939f-d10b4efc622e None None] Matched CREATE: ChassisBandwidthConfigEvent(events=('create', 'update'), table='Chassis', conditions=None, old_conditions=None), priority=20 to row=Chassis(uuid=c3c28c1d-984d-4dcd-879b-97bc28888a0e, encaps=[c31dca73-5dfb-4851-a262-0f710095c9c5], external_ids={}, hostname='np0000168688', name='27f467c0-a74a-4bc5-9cac-d4ea2716e85a', nb_cfg=0, other_config={'ct-commit-nat-v2': 'true', 'ct-commit-to-zone': 'true', 'ct-next-zone': 'true', 'ct-no-masked-label': 'true', 'ct-state-save': 'true', 'datapath-type': 'system', 'fdb-timestamp': 'true', 'iface-types': 'afxdp,afxdp-nonpmd,bareudp,erspan,geneve,gre,gtpu,internal,ip6erspan,ip6gre,lisp,patch,srv6,stt,system,tap,vxlan', 'is-interconn': 'false', 'ls-dpg-column': 'true', 'mac-binding-timestamp': 'true', 'ovn-bridge-mappings': 'public:br-ex', 'ovn-chassis-mac-mappings': '', 'ovn-cms-options': 'enable-chassis-as-gw', 'ovn-ct-lb-related': 'true', 'ovn-enable-lflow-cache': 'true', 'ovn-limit-lflow-cache': '', 'ovn-memlimit-lflow-cache-kb': '', 'ovn-monitor-all': 'false', 'ovn-trim-limit-lflow-cache': '', 'ovn-trim-timeout-ms': '', 'ovn-trim-wmark-perc-lflow-cache': '', 'port-up-notif': 'true'}, transport_zones=[], vtep_logical_switches=[]) old= {{(pid=104011) matches /opt/stack/data/venv/lib/python3.12/site-packages/ovsdbapp/backend/ovs_idl/event.py:55}}
Apr 21 13:29:23.569119 np0000168688 devstack@neutron-api.service[104011]: DEBUG neutron.plugins.ml2.drivers.ovn.mech_driver.ovsdb.ovsdb_monitor [None req-c26ef0b0-a7a2-4720-939f-d10b4efc622e None None] ChassisOVNAgentWriteEvent : Matched Chassis_Private, create, None None {{(pid=104011) matches /opt/stack/neutron/neutron/plugins/ml2/drivers/ovn/mech_driver/ovsdb/ovsdb_monitor.py:64}}
Apr 21 13:29:23.569271 np0000168688 devstack@neutron-api.service[104011]: DEBUG neutron.plugins.ml2.drivers.ovn.mech_driver.ovsdb.ovsdb_monitor [None req-c26ef0b0-a7a2-4720-939f-d10b4efc622e None None] ChassisAgentWriteEvent : Matched Chassis_Private, create, None None {{(pid=104011) matches /opt/stack/neutron/neutron/plugins/ml2/drivers/ovn/mech_driver/ovsdb/ovsdb_monitor.py:64}}
Apr 21 13:29:23.573739 np0000168688 devstack@neutron-api.service[104011]: DEBUG neutron.common.ovn.hash_ring_manager [None req-c26ef0b0-a7a2-4720-939f-d10b4efc622e None None] Hash Ring loaded. 1 active nodes. 0 offline nodes {{(pid=104011) _load_hash_ring /opt/stack/neutron/neutron/common/ovn/hash_ring_manager.py:102}}
Apr 21 13:29:23.573843 np0000168688 devstack@neutron-api.service[104011]: DEBUG neutron.plugins.ml2.drivers.ovn.mech_driver.ovsdb.ovsdb_monitor [None req-c26ef0b0-a7a2-4720-939f-d10b4efc622e None None] Hash Ring: Node 55ff205523775a2299499c551b75303a (host: np0000168688) handling event "create" for row 7778ecda-8c2f-41c9-bb33-a3924bd3393e (table: Chassis_Private) {{(pid=104011) notify /opt/stack/neutron/neutron/plugins/ml2/drivers/ovn/mech_driver/ovsdb/ovsdb_monitor.py:914}}
Apr 21 13:29:23.578858 np0000168688 devstack@neutron-api.service[104011]: DEBUG neutron.common.ovn.hash_ring_manager [None req-c26ef0b0-a7a2-4720-939f-d10b4efc622e None None] Hash Ring loaded. 1 active nodes. 0 offline nodes {{(pid=104011) _load_hash_ring /opt/stack/neutron/neutron/common/ovn/hash_ring_manager.py:102}}
Apr 21 13:29:23.578969 np0000168688 devstack@neutron-api.service[104011]: DEBUG neutron.plugins.ml2.drivers.ovn.mech_driver.ovsdb.ovsdb_monitor [None req-c26ef0b0-a7a2-4720-939f-d10b4efc622e None None] Hash Ring: Node 55ff205523775a2299499c551b75303a (host: np0000168688) handling event "create" for row c31dca73-5dfb-4851-a262-0f710095c9c5 (table: Encap) {{(pid=104011) notify /opt/stack/neutron/neutron/plugins/ml2/drivers/ovn/mech_driver/ovsdb/ovsdb_monitor.py:914}}
Apr 21 13:29:23.580198 np0000168688 devstack@neutron-api.service[104011]: INFO neutron.plugins.ml2.drivers.ovn.mech_driver.mech_driver [None req-c26ef0b0-a7a2-4720-939f-d10b4efc622e None None] WorkerService process has finished the post initialization
Apr 21 13:29:23.581197 np0000168688 devstack@neutron-api.service[104011]: INFO neutron.plugins.ml2.drivers.ovn.mech_driver.ovsdb.extensions.qos [-] Starting OVNClientQosExtension
Apr 21 13:29:23.581622 np0000168688 devstack@neutron-api.service[104011]: INFO neutron.plugins.ml2.drivers.ovn.mech_driver.ovsdb.extensions.placement [-] Starting OVNClientPlacementExtension
Apr 21 13:29:23.582416 np0000168688 devstack@neutron-api.service[104011]: WSGI app 0 (mountpoint='') ready in 6 seconds on interpreter 0x710d12aa3668 pid: 104011 (default app)
Apr 21 13:29:23.586382 np0000168688 devstack@neutron-api.service[104011]: [pid: 104011|app: 0|req: 1/1] 199.19.213.86 () {62 vars in 981 bytes} [Tue Apr 21 13:29:23 2026] GET /networking => generated 129 bytes in 3 msecs (HTTP/1.1 200) 3 headers in 91 bytes (1 switches on core 0)
Apr 21 13:29:23.702695 np0000168688 devstack@neutron-api.service[104010]: INFO neutron.plugins.ml2.managers [None req-205246ce-363c-4943-add2-6c6d8fa9262c None None] Initializing driver for type 'local'
Apr 21 13:29:23.702862 np0000168688 devstack@neutron-api.service[104010]: INFO neutron.plugins.ml2.managers [None req-205246ce-363c-4943-add2-6c6d8fa9262c None None] Initializing driver for type 'vlan'
Apr 21 13:29:23.726874 np0000168688 devstack@neutron-api.service[104009]: INFO neutron.plugins.ml2.managers [None req-c68ad450-00ba-4c0f-88fd-f2234d400454 None None] Initializing driver for type 'local'
Apr 21 13:29:23.727061 np0000168688 devstack@neutron-api.service[104009]: INFO neutron.plugins.ml2.managers [None req-c68ad450-00ba-4c0f-88fd-f2234d400454 None None] Initializing driver for type 'vlan'
Apr 21 13:29:23.743347 np0000168688 devstack@neutron-api.service[104012]: INFO neutron.plugins.ml2.managers [None req-5c0c4606-c7de-441a-8aa0-027b1e72b2be None None] Initializing driver for type 'local'
Apr 21 13:29:23.743582 np0000168688 devstack@neutron-api.service[104012]: INFO neutron.plugins.ml2.managers [None req-5c0c4606-c7de-441a-8aa0-027b1e72b2be None None] Initializing driver for type 'vlan'
Apr 21 13:29:23.795677 np0000168688 devstack@neutron-api.service[104011]: DEBUG neutron.common.ovn.hash_ring_manager [-] Hash Ring loaded. 1 active nodes. 0 offline nodes {{(pid=104011) _load_hash_ring /opt/stack/neutron/neutron/common/ovn/hash_ring_manager.py:102}}
Apr 21 13:29:23.795849 np0000168688 devstack@neutron-api.service[104011]: DEBUG neutron.plugins.ml2.drivers.ovn.mech_driver.ovsdb.ovsdb_monitor [-] Hash Ring: Node 55ff205523775a2299499c551b75303a (host: np0000168688) handling event "update" for row 5b50f861-98a8-49e5-a113-4ae2d1e62e4e (table: Connection) {{(pid=104011) notify /opt/stack/neutron/neutron/plugins/ml2/drivers/ovn/mech_driver/ovsdb/ovsdb_monitor.py:914}}
Apr 21 13:29:23.862700 np0000168688 devstack@neutron-api.service[104010]: INFO neutron.plugins.ml2.drivers.type_vlan [None req-205246ce-363c-4943-add2-6c6d8fa9262c None None] VlanTypeDriver initialization complete
Apr 21 13:29:23.862988 np0000168688 devstack@neutron-api.service[104010]: INFO neutron.plugins.ml2.managers [None req-205246ce-363c-4943-add2-6c6d8fa9262c None None] Initializing extension driver 'port_security'
Apr 21 13:29:23.862988 np0000168688 devstack@neutron-api.service[104010]: INFO neutron.plugins.ml2.extensions.port_security [None req-205246ce-363c-4943-add2-6c6d8fa9262c None None] PortSecurityExtensionDriver initialization complete
Apr 21 13:29:23.862988 np0000168688 devstack@neutron-api.service[104010]: INFO neutron.plugins.ml2.managers [None req-205246ce-363c-4943-add2-6c6d8fa9262c None None] Initializing extension driver 'qos'
Apr 21 13:29:23.863506 np0000168688 devstack@neutron-api.service[104010]: DEBUG neutron.plugins.ml2.extensions.qos [None req-205246ce-363c-4943-add2-6c6d8fa9262c None None] QosExtensionDriver initialization complete {{(pid=104010) initialize /opt/stack/neutron/neutron/plugins/ml2/extensions/qos.py:31}}
Apr 21 13:29:23.863506 np0000168688 devstack@neutron-api.service[104010]: INFO neutron.plugins.ml2.managers [None req-205246ce-363c-4943-add2-6c6d8fa9262c None None] Initializing mechanism driver 'ovn'
Apr 21 13:29:23.863506 np0000168688 devstack@neutron-api.service[104010]: INFO neutron.plugins.ml2.drivers.ovn.mech_driver.mech_driver [None req-205246ce-363c-4943-add2-6c6d8fa9262c None None] Starting OVNMechanismDriver
Apr 21 13:29:23.865008 np0000168688 devstack@neutron-api.service[104010]: DEBUG neutron_lib.callbacks.manager [None req-205246ce-363c-4943-add2-6c6d8fa9262c None None] Subscribe: > process before_spawn 55550000, False {{(pid=104010) subscribe /opt/stack/data/venv/lib/python3.12/site-packages/neutron_lib/callbacks/manager.py:52}}
Apr 21 13:29:23.865114 np0000168688 devstack@neutron-api.service[104010]: DEBUG neutron_lib.callbacks.manager [None req-205246ce-363c-4943-add2-6c6d8fa9262c None None] Subscribe: > process after_init 55550000, True {{(pid=104010) subscribe /opt/stack/data/venv/lib/python3.12/site-packages/neutron_lib/callbacks/manager.py:52}}
Apr 21 13:29:23.865380 np0000168688 devstack@neutron-api.service[104010]: DEBUG neutron_lib.callbacks.manager [None req-205246ce-363c-4943-add2-6c6d8fa9262c None None] Subscribe: > segment after_create 55550000, False {{(pid=104010) subscribe /opt/stack/data/venv/lib/python3.12/site-packages/neutron_lib/callbacks/manager.py:52}}
Apr 21 13:29:23.865448 np0000168688 devstack@neutron-api.service[104010]: DEBUG neutron_lib.callbacks.manager [None req-205246ce-363c-4943-add2-6c6d8fa9262c None None] Subscribe: > segment after_create 55550000, False {{(pid=104010) subscribe /opt/stack/data/venv/lib/python3.12/site-packages/neutron_lib/callbacks/manager.py:52}}
Apr 21 13:29:23.865560 np0000168688 devstack@neutron-api.service[104010]: DEBUG neutron_lib.callbacks.manager [None req-205246ce-363c-4943-add2-6c6d8fa9262c None None] Subscribe: > segment after_delete 55550000, False {{(pid=104010) subscribe /opt/stack/data/venv/lib/python3.12/site-packages/neutron_lib/callbacks/manager.py:52}}
Apr 21 13:29:23.865723 np0000168688 devstack@neutron-api.service[104010]: DEBUG neutron_lib.callbacks.manager [None req-205246ce-363c-4943-add2-6c6d8fa9262c None None] Subscribe: > allowed_address_pair before_create 55550000, False {{(pid=104010) subscribe /opt/stack/data/venv/lib/python3.12/site-packages/neutron_lib/callbacks/manager.py:52}}
Apr 21 13:29:23.865826 np0000168688 devstack@neutron-api.service[104010]: DEBUG neutron_lib.callbacks.manager [None req-205246ce-363c-4943-add2-6c6d8fa9262c None None] Subscribe: > security_group precommit_create 55550000, False {{(pid=104010) subscribe /opt/stack/data/venv/lib/python3.12/site-packages/neutron_lib/callbacks/manager.py:52}}
Apr 21 13:29:23.865963 np0000168688 devstack@neutron-api.service[104010]: DEBUG neutron_lib.callbacks.manager [None req-205246ce-363c-4943-add2-6c6d8fa9262c None None] Subscribe: > security_group after_update 55550000, False {{(pid=104010) subscribe /opt/stack/data/venv/lib/python3.12/site-packages/neutron_lib/callbacks/manager.py:52}}
Apr 21 13:29:23.866094 np0000168688 devstack@neutron-api.service[104010]: DEBUG neutron_lib.callbacks.manager [None req-205246ce-363c-4943-add2-6c6d8fa9262c None None] Subscribe: > security_group after_create 55550000, False {{(pid=104010) subscribe /opt/stack/data/venv/lib/python3.12/site-packages/neutron_lib/callbacks/manager.py:52}}
Apr 21 13:29:23.866247 np0000168688 devstack@neutron-api.service[104010]: DEBUG neutron_lib.callbacks.manager [None req-205246ce-363c-4943-add2-6c6d8fa9262c None None] Subscribe: > security_group precommit_delete 55550000, False {{(pid=104010) subscribe /opt/stack/data/venv/lib/python3.12/site-packages/neutron_lib/callbacks/manager.py:52}}
Apr 21 13:29:23.866396 np0000168688 devstack@neutron-api.service[104010]: DEBUG neutron_lib.callbacks.manager [None req-205246ce-363c-4943-add2-6c6d8fa9262c None None] Subscribe: > security_group after_delete 55550000, False {{(pid=104010) subscribe /opt/stack/data/venv/lib/python3.12/site-packages/neutron_lib/callbacks/manager.py:52}}
Apr 21 13:29:23.866532 np0000168688 devstack@neutron-api.service[104010]: DEBUG neutron_lib.callbacks.manager [None req-205246ce-363c-4943-add2-6c6d8fa9262c None None] Subscribe: > security_group_rule precommit_create 55550000, False {{(pid=104010) subscribe /opt/stack/data/venv/lib/python3.12/site-packages/neutron_lib/callbacks/manager.py:52}}
Apr 21 13:29:23.866653 np0000168688 devstack@neutron-api.service[104010]: DEBUG neutron_lib.callbacks.manager [None req-205246ce-363c-4943-add2-6c6d8fa9262c None None] Subscribe: > security_group_rule after_create 55550000, False {{(pid=104010) subscribe /opt/stack/data/venv/lib/python3.12/site-packages/neutron_lib/callbacks/manager.py:52}}
Apr 21 13:29:23.866745 np0000168688 devstack@neutron-api.service[104010]: DEBUG neutron_lib.callbacks.manager [None req-205246ce-363c-4943-add2-6c6d8fa9262c None None] Subscribe: > security_group_rule before_delete 55550000, False {{(pid=104010) subscribe /opt/stack/data/venv/lib/python3.12/site-packages/neutron_lib/callbacks/manager.py:52}}
Apr 21 13:29:23.866852 np0000168688 devstack@neutron-api.service[104010]: DEBUG neutron_lib.callbacks.manager [None req-205246ce-363c-4943-add2-6c6d8fa9262c None None] Subscribe: > address_group after_create 55550000, False {{(pid=104010) subscribe /opt/stack/data/venv/lib/python3.12/site-packages/neutron_lib/callbacks/manager.py:52}}
Apr 21 13:29:23.866960 np0000168688 devstack@neutron-api.service[104010]: DEBUG neutron_lib.callbacks.manager [None req-205246ce-363c-4943-add2-6c6d8fa9262c None None] Subscribe: > address_group after_update 55550000, False {{(pid=104010) subscribe /opt/stack/data/venv/lib/python3.12/site-packages/neutron_lib/callbacks/manager.py:52}}
Apr 21 13:29:23.867077 np0000168688 devstack@neutron-api.service[104010]: DEBUG neutron_lib.callbacks.manager [None req-205246ce-363c-4943-add2-6c6d8fa9262c None None] Subscribe: > address_group after_delete 55550000, False {{(pid=104010) subscribe /opt/stack/data/venv/lib/python3.12/site-packages/neutron_lib/callbacks/manager.py:52}}
Apr 21 13:29:23.867312 np0000168688 devstack@neutron-api.service[104010]: DEBUG neutron_lib.callbacks.manager [None req-205246ce-363c-4943-add2-6c6d8fa9262c None None] Subscribe: > qos_plugin after_init 55550000, False {{(pid=104010) subscribe /opt/stack/data/venv/lib/python3.12/site-packages/neutron_lib/callbacks/manager.py:52}}
Apr 21 13:29:23.867499 np0000168688 devstack@neutron-api.service[104010]: DEBUG neutron_lib.callbacks.manager [None req-205246ce-363c-4943-add2-6c6d8fa9262c None None] Subscribe: > trunk_plugin after_init 55550000, False {{(pid=104010) subscribe /opt/stack/data/venv/lib/python3.12/site-packages/neutron_lib/callbacks/manager.py:52}}
Apr 21 13:29:23.867682 np0000168688 devstack@neutron-api.service[104010]: DEBUG neutron_lib.callbacks.manager [None req-205246ce-363c-4943-add2-6c6d8fa9262c None None] Subscribe: > logging-plugin after_init 55550000, False {{(pid=104010) subscribe /opt/stack/data/venv/lib/python3.12/site-packages/neutron_lib/callbacks/manager.py:52}}
Apr 21 13:29:23.868161 np0000168688 devstack@neutron-api.service[104010]: INFO neutron.services.logapi.drivers.ovn.driver [None req-205246ce-363c-4943-add2-6c6d8fa9262c None None] OVN logging driver registered
Apr 21 13:29:23.869998 np0000168688 devstack@neutron-api.service[104010]: DEBUG neutron.plugins.ml2.plugin [None req-205246ce-363c-4943-add2-6c6d8fa9262c None None] neutron.plugins.ml2.plugin.Ml2Plugin method _start_rpc_notifiers called with arguments () {} {{(pid=104010) wrapper /opt/stack/data/venv/lib/python3.12/site-packages/oslo_log/helpers.py:77}}
Apr 21 13:29:23.870289 np0000168688 devstack@neutron-api.service[104010]: DEBUG neutron_lib.callbacks.manager [None req-205246ce-363c-4943-add2-6c6d8fa9262c None None] Subscribe: > port after_create 55550000, False {{(pid=104010) subscribe /opt/stack/data/venv/lib/python3.12/site-packages/neutron_lib/callbacks/manager.py:52}}
Apr 21 13:29:23.870415 np0000168688 devstack@neutron-api.service[104010]: DEBUG neutron_lib.callbacks.manager [None req-205246ce-363c-4943-add2-6c6d8fa9262c None None] Subscribe: > port after_update 55550000, False {{(pid=104010) subscribe /opt/stack/data/venv/lib/python3.12/site-packages/neutron_lib/callbacks/manager.py:52}}
Apr 21 13:29:23.870515 np0000168688 devstack@neutron-api.service[104010]: DEBUG neutron_lib.callbacks.manager [None req-205246ce-363c-4943-add2-6c6d8fa9262c None None] Subscribe: > port after_delete 55550000, False {{(pid=104010) subscribe /opt/stack/data/venv/lib/python3.12/site-packages/neutron_lib/callbacks/manager.py:52}}
Apr 21 13:29:23.870634 np0000168688 devstack@neutron-api.service[104010]: DEBUG neutron_lib.callbacks.manager [None req-205246ce-363c-4943-add2-6c6d8fa9262c None None] Subscribe: > subnet after_create 55550000, False {{(pid=104010) subscribe /opt/stack/data/venv/lib/python3.12/site-packages/neutron_lib/callbacks/manager.py:52}}
Apr 21 13:29:23.870716 np0000168688 devstack@neutron-api.service[104010]: DEBUG neutron_lib.callbacks.manager [None req-205246ce-363c-4943-add2-6c6d8fa9262c None None] Subscribe: > subnet after_update 55550000, False {{(pid=104010) subscribe /opt/stack/data/venv/lib/python3.12/site-packages/neutron_lib/callbacks/manager.py:52}}
Apr 21 13:29:23.870822 np0000168688 devstack@neutron-api.service[104010]: DEBUG neutron_lib.callbacks.manager [None req-205246ce-363c-4943-add2-6c6d8fa9262c None None] Subscribe: > subnet after_delete 55550000, False {{(pid=104010) subscribe /opt/stack/data/venv/lib/python3.12/site-packages/neutron_lib/callbacks/manager.py:52}}
Apr 21 13:29:23.870937 np0000168688 devstack@neutron-api.service[104010]: DEBUG neutron_lib.callbacks.manager [None req-205246ce-363c-4943-add2-6c6d8fa9262c None None] Subscribe: > network after_create 55550000, False {{(pid=104010) subscribe /opt/stack/data/venv/lib/python3.12/site-packages/neutron_lib/callbacks/manager.py:52}}
Apr 21 13:29:23.871069 np0000168688 devstack@neutron-api.service[104010]: DEBUG neutron_lib.callbacks.manager [None req-205246ce-363c-4943-add2-6c6d8fa9262c None None] Subscribe: > network after_update 55550000, False {{(pid=104010) subscribe /opt/stack/data/venv/lib/python3.12/site-packages/neutron_lib/callbacks/manager.py:52}}
Apr 21 13:29:23.871158 np0000168688 devstack@neutron-api.service[104010]: DEBUG neutron_lib.callbacks.manager [None req-205246ce-363c-4943-add2-6c6d8fa9262c None None] Subscribe: > network after_delete 55550000, False {{(pid=104010) subscribe /opt/stack/data/venv/lib/python3.12/site-packages/neutron_lib/callbacks/manager.py:52}}
Apr 21 13:29:23.871309 np0000168688 devstack@neutron-api.service[104010]: DEBUG neutron_lib.callbacks.manager [None req-205246ce-363c-4943-add2-6c6d8fa9262c None None] Subscribe: > security_group after_create 55550000, False {{(pid=104010) subscribe /opt/stack/data/venv/lib/python3.12/site-packages/neutron_lib/callbacks/manager.py:52}}
Apr 21 13:29:23.871467 np0000168688 devstack@neutron-api.service[104010]: DEBUG neutron_lib.callbacks.manager [None req-205246ce-363c-4943-add2-6c6d8fa9262c None None] Subscribe: > security_group after_update 55550000, False {{(pid=104010) subscribe /opt/stack/data/venv/lib/python3.12/site-packages/neutron_lib/callbacks/manager.py:52}}
Apr 21 13:29:23.871572 np0000168688 devstack@neutron-api.service[104010]: DEBUG neutron_lib.callbacks.manager [None req-205246ce-363c-4943-add2-6c6d8fa9262c None None] Subscribe: > security_group after_delete 55550000, False {{(pid=104010) subscribe /opt/stack/data/venv/lib/python3.12/site-packages/neutron_lib/callbacks/manager.py:52}}
Apr 21 13:29:23.871676 np0000168688 devstack@neutron-api.service[104010]: DEBUG neutron_lib.callbacks.manager [None req-205246ce-363c-4943-add2-6c6d8fa9262c None None] Subscribe: > security_group_rule after_create 55550000, False {{(pid=104010) subscribe /opt/stack/data/venv/lib/python3.12/site-packages/neutron_lib/callbacks/manager.py:52}}
Apr 21 13:29:23.871775 np0000168688 devstack@neutron-api.service[104010]: DEBUG neutron_lib.callbacks.manager [None req-205246ce-363c-4943-add2-6c6d8fa9262c None None] Subscribe: > security_group_rule after_update 55550000, False {{(pid=104010) subscribe /opt/stack/data/venv/lib/python3.12/site-packages/neutron_lib/callbacks/manager.py:52}}
Apr 21 13:29:23.871875 np0000168688 devstack@neutron-api.service[104010]: DEBUG neutron_lib.callbacks.manager [None req-205246ce-363c-4943-add2-6c6d8fa9262c None None] Subscribe: > security_group_rule after_delete 55550000, False {{(pid=104010) subscribe /opt/stack/data/venv/lib/python3.12/site-packages/neutron_lib/callbacks/manager.py:52}}
Apr 21 13:29:23.871975 np0000168688 devstack@neutron-api.service[104010]: DEBUG neutron_lib.callbacks.manager [None req-205246ce-363c-4943-add2-6c6d8fa9262c None None] Subscribe: > address_group after_create 55550000, False {{(pid=104010) subscribe /opt/stack/data/venv/lib/python3.12/site-packages/neutron_lib/callbacks/manager.py:52}}
Apr 21 13:29:23.872091 np0000168688 devstack@neutron-api.service[104010]: DEBUG neutron_lib.callbacks.manager [None req-205246ce-363c-4943-add2-6c6d8fa9262c None None] Subscribe: > address_group after_update 55550000, False {{(pid=104010) subscribe /opt/stack/data/venv/lib/python3.12/site-packages/neutron_lib/callbacks/manager.py:52}}
Apr 21 13:29:23.872169 np0000168688 devstack@neutron-api.service[104010]: DEBUG neutron_lib.callbacks.manager [None req-205246ce-363c-4943-add2-6c6d8fa9262c None None] Subscribe: > address_group after_delete 55550000, False {{(pid=104010) subscribe /opt/stack/data/venv/lib/python3.12/site-packages/neutron_lib/callbacks/manager.py:52}}
Apr 21 13:29:23.872282 np0000168688 devstack@neutron-api.service[104010]: DEBUG neutron.plugins.ml2.ovo_rpc [None req-205246ce-363c-4943-add2-6c6d8fa9262c None None] ML2 OVO RPC backend initialized. {{(pid=104010) __init__ /opt/stack/neutron/neutron/plugins/ml2/ovo_rpc.py:117}}
Apr 21 13:29:23.873117 np0000168688 devstack@neutron-api.service[104010]: INFO neutron.quota [None req-205246ce-363c-4943-add2-6c6d8fa9262c None None] Loaded quota_driver: .
Apr 21 13:29:23.873221 np0000168688 devstack@neutron-api.service[104010]: INFO neutron.plugins.ml2.plugin [None req-205246ce-363c-4943-add2-6c6d8fa9262c None None] Modular L2 Plugin initialization complete
Apr 21 13:29:23.873364 np0000168688 devstack@neutron-api.service[104010]: DEBUG neutron.manager [None req-205246ce-363c-4943-add2-6c6d8fa9262c None None] Loading services supported by the core plugin {{(pid=104010) _load_services_from_core_plugin /opt/stack/neutron/neutron/manager.py:170}}
Apr 21 13:29:23.873473 np0000168688 devstack@neutron-api.service[104010]: INFO neutron.plugins.ml2.managers [None req-205246ce-363c-4943-add2-6c6d8fa9262c None None] Got port-security extension from driver 'port_security'
Apr 21 13:29:23.873738 np0000168688 devstack@neutron-api.service[104010]: DEBUG neutron.manager [None req-205246ce-363c-4943-add2-6c6d8fa9262c None None] Loading service plugins: ['ovn-router', 'auto_allocate', 'tag', 'timestamp', 'network_ip_availability', 'flavors', 'revisions'] {{(pid=104010) _load_service_plugins /opt/stack/neutron/neutron/manager.py:195}}
Apr 21 13:29:23.873829 np0000168688 devstack@neutron-api.service[104010]: INFO neutron.manager [None req-205246ce-363c-4943-add2-6c6d8fa9262c None None] Loading Plugin: ovn-router
Apr 21 13:29:23.880127 np0000168688 devstack@neutron-api.service[104009]: INFO neutron.plugins.ml2.drivers.type_vlan [None req-c68ad450-00ba-4c0f-88fd-f2234d400454 None None] VlanTypeDriver initialization complete
Apr 21 13:29:23.880335 np0000168688 devstack@neutron-api.service[104009]: INFO neutron.plugins.ml2.managers [None req-c68ad450-00ba-4c0f-88fd-f2234d400454 None None] Initializing extension driver 'port_security'
Apr 21 13:29:23.880495 np0000168688 devstack@neutron-api.service[104009]: INFO neutron.plugins.ml2.extensions.port_security [None req-c68ad450-00ba-4c0f-88fd-f2234d400454 None None] PortSecurityExtensionDriver initialization complete
Apr 21 13:29:23.880615 np0000168688 devstack@neutron-api.service[104009]: INFO neutron.plugins.ml2.managers [None req-c68ad450-00ba-4c0f-88fd-f2234d400454 None None] Initializing extension driver 'qos'
Apr 21 13:29:23.880726 np0000168688 devstack@neutron-api.service[104009]: DEBUG neutron.plugins.ml2.extensions.qos [None req-c68ad450-00ba-4c0f-88fd-f2234d400454 None None] QosExtensionDriver initialization complete {{(pid=104009) initialize /opt/stack/neutron/neutron/plugins/ml2/extensions/qos.py:31}}
Apr 21 13:29:23.880853 np0000168688 devstack@neutron-api.service[104009]: INFO neutron.plugins.ml2.managers [None req-c68ad450-00ba-4c0f-88fd-f2234d400454 None None] Initializing mechanism driver 'ovn'
Apr 21 13:29:23.880959 np0000168688 devstack@neutron-api.service[104009]: INFO neutron.plugins.ml2.drivers.ovn.mech_driver.mech_driver [None req-c68ad450-00ba-4c0f-88fd-f2234d400454 None None] Starting OVNMechanismDriver
Apr 21 13:29:23.882603 np0000168688 devstack@neutron-api.service[104009]: DEBUG neutron_lib.callbacks.manager [None req-c68ad450-00ba-4c0f-88fd-f2234d400454 None None] Subscribe: > process before_spawn 55550000, False {{(pid=104009) subscribe /opt/stack/data/venv/lib/python3.12/site-packages/neutron_lib/callbacks/manager.py:52}}
Apr 21 13:29:23.882735 np0000168688 devstack@neutron-api.service[104009]: DEBUG neutron_lib.callbacks.manager [None req-c68ad450-00ba-4c0f-88fd-f2234d400454 None None] Subscribe: > process after_init 55550000, True {{(pid=104009) subscribe /opt/stack/data/venv/lib/python3.12/site-packages/neutron_lib/callbacks/manager.py:52}}
Apr 21 13:29:23.882880 np0000168688 devstack@neutron-api.service[104009]: DEBUG neutron_lib.callbacks.manager [None req-c68ad450-00ba-4c0f-88fd-f2234d400454 None None] Subscribe: > segment after_create 55550000, False {{(pid=104009) subscribe /opt/stack/data/venv/lib/python3.12/site-packages/neutron_lib/callbacks/manager.py:52}}
Apr 21 13:29:23.882953 np0000168688 devstack@neutron-api.service[104009]: DEBUG neutron_lib.callbacks.manager [None req-c68ad450-00ba-4c0f-88fd-f2234d400454 None None] Subscribe: > segment after_create 55550000, False {{(pid=104009) subscribe /opt/stack/data/venv/lib/python3.12/site-packages/neutron_lib/callbacks/manager.py:52}}
Apr 21 13:29:23.883055 np0000168688 devstack@neutron-api.service[104009]: DEBUG neutron_lib.callbacks.manager [None req-c68ad450-00ba-4c0f-88fd-f2234d400454 None None] Subscribe: > segment after_delete 55550000, False {{(pid=104009) subscribe /opt/stack/data/venv/lib/python3.12/site-packages/neutron_lib/callbacks/manager.py:52}}
Apr 21 13:29:23.883158 np0000168688 devstack@neutron-api.service[104009]: DEBUG neutron_lib.callbacks.manager [None req-c68ad450-00ba-4c0f-88fd-f2234d400454 None None] Subscribe: > allowed_address_pair before_create 55550000, False {{(pid=104009) subscribe /opt/stack/data/venv/lib/python3.12/site-packages/neutron_lib/callbacks/manager.py:52}}
Apr 21 13:29:23.883291 np0000168688 devstack@neutron-api.service[104009]: DEBUG neutron_lib.callbacks.manager [None req-c68ad450-00ba-4c0f-88fd-f2234d400454 None None] Subscribe: > security_group precommit_create 55550000, False {{(pid=104009) subscribe /opt/stack/data/venv/lib/python3.12/site-packages/neutron_lib/callbacks/manager.py:52}}
Apr 21 13:29:23.883366 np0000168688 devstack@neutron-api.service[104010]: DEBUG neutron_lib.callbacks.manager [None req-205246ce-363c-4943-add2-6c6d8fa9262c None None] Subscribe: > router before_delete 55550000, False {{(pid=104010) subscribe /opt/stack/data/venv/lib/python3.12/site-packages/neutron_lib/callbacks/manager.py:52}}
Apr 21 13:29:23.883398 np0000168688 devstack@neutron-api.service[104009]: DEBUG neutron_lib.callbacks.manager [None req-c68ad450-00ba-4c0f-88fd-f2234d400454 None None] Subscribe: > security_group after_update 55550000, False {{(pid=104009) subscribe /opt/stack/data/venv/lib/python3.12/site-packages/neutron_lib/callbacks/manager.py:52}}
Apr 21 13:29:23.883503 np0000168688 devstack@neutron-api.service[104009]: DEBUG neutron_lib.callbacks.manager [None req-c68ad450-00ba-4c0f-88fd-f2234d400454 None None] Subscribe: > security_group after_create 55550000, False {{(pid=104009) subscribe /opt/stack/data/venv/lib/python3.12/site-packages/neutron_lib/callbacks/manager.py:52}}
Apr 21 13:29:23.883541 np0000168688 devstack@neutron-api.service[104010]: DEBUG neutron_lib.callbacks.manager [None req-205246ce-363c-4943-add2-6c6d8fa9262c None None] Subscribe: port after_update 55550000, False {{(pid=104010) subscribe /opt/stack/data/venv/lib/python3.12/site-packages/neutron_lib/callbacks/manager.py:52}}
Apr 21 13:29:23.883628 np0000168688 devstack@neutron-api.service[104009]: DEBUG neutron_lib.callbacks.manager [None req-c68ad450-00ba-4c0f-88fd-f2234d400454 None None] Subscribe: > security_group precommit_delete 55550000, False {{(pid=104009) subscribe /opt/stack/data/venv/lib/python3.12/site-packages/neutron_lib/callbacks/manager.py:52}}
Apr 21 13:29:23.883677 np0000168688 devstack@neutron-api.service[104010]: DEBUG neutron_lib.callbacks.manager [None req-205246ce-363c-4943-add2-6c6d8fa9262c None None] Subscribe: port after_delete 55550000, False {{(pid=104010) subscribe /opt/stack/data/venv/lib/python3.12/site-packages/neutron_lib/callbacks/manager.py:52}}
Apr 21 13:29:23.883728 np0000168688 devstack@neutron-api.service[104009]: DEBUG neutron_lib.callbacks.manager [None req-c68ad450-00ba-4c0f-88fd-f2234d400454 None None] Subscribe: > security_group after_delete 55550000, False {{(pid=104009) subscribe /opt/stack/data/venv/lib/python3.12/site-packages/neutron_lib/callbacks/manager.py:52}}
Apr 21 13:29:23.883841 np0000168688 devstack@neutron-api.service[104009]: DEBUG neutron_lib.callbacks.manager [None req-c68ad450-00ba-4c0f-88fd-f2234d400454 None None] Subscribe: > security_group_rule precommit_create 55550000, False {{(pid=104009) subscribe /opt/stack/data/venv/lib/python3.12/site-packages/neutron_lib/callbacks/manager.py:52}}
Apr 21 13:29:23.883872 np0000168688 devstack@neutron-api.service[104010]: DEBUG neutron_lib.callbacks.manager [None req-205246ce-363c-4943-add2-6c6d8fa9262c None None] Subscribe: subnet after_update 55550000, False {{(pid=104010) subscribe /opt/stack/data/venv/lib/python3.12/site-packages/neutron_lib/callbacks/manager.py:52}}
Apr 21 13:29:23.883903 np0000168688 devstack@neutron-api.service[104009]: DEBUG neutron_lib.callbacks.manager [None req-c68ad450-00ba-4c0f-88fd-f2234d400454 None None] Subscribe: > security_group_rule after_create 55550000, False {{(pid=104009) subscribe /opt/stack/data/venv/lib/python3.12/site-packages/neutron_lib/callbacks/manager.py:52}}
Apr 21 13:29:23.883932 np0000168688 devstack@neutron-api.service[104010]: DEBUG neutron_lib.callbacks.manager [None req-205246ce-363c-4943-add2-6c6d8fa9262c None None] Subscribe: subnetpool_address_scope after_update 55550000, False {{(pid=104010) subscribe /opt/stack/data/venv/lib/python3.12/site-packages/neutron_lib/callbacks/manager.py:52}}
Apr 21 13:29:23.884011 np0000168688 devstack@neutron-api.service[104009]: DEBUG neutron_lib.callbacks.manager [None req-c68ad450-00ba-4c0f-88fd-f2234d400454 None None] Subscribe: > security_group_rule before_delete 55550000, False {{(pid=104009) subscribe /opt/stack/data/venv/lib/python3.12/site-packages/neutron_lib/callbacks/manager.py:52}}
Apr 21 13:29:23.884079 np0000168688 devstack@neutron-api.service[104010]: DEBUG neutron_lib.callbacks.manager [None req-205246ce-363c-4943-add2-6c6d8fa9262c None None] Subscribe: port before_update 55550000, False {{(pid=104010) subscribe /opt/stack/data/venv/lib/python3.12/site-packages/neutron_lib/callbacks/manager.py:52}}
Apr 21 13:29:23.884128 np0000168688 devstack@neutron-api.service[104009]: DEBUG neutron_lib.callbacks.manager [None req-c68ad450-00ba-4c0f-88fd-f2234d400454 None None] Subscribe: > address_group after_create 55550000, False {{(pid=104009) subscribe /opt/stack/data/venv/lib/python3.12/site-packages/neutron_lib/callbacks/manager.py:52}}
Apr 21 13:29:23.884245 np0000168688 devstack@neutron-api.service[104010]: DEBUG neutron_lib.callbacks.manager [None req-205246ce-363c-4943-add2-6c6d8fa9262c None None] Subscribe: port after_update 55550000, False {{(pid=104010) subscribe /opt/stack/data/venv/lib/python3.12/site-packages/neutron_lib/callbacks/manager.py:52}}
Apr 21 13:29:23.884277 np0000168688 devstack@neutron-api.service[104009]: DEBUG neutron_lib.callbacks.manager [None req-c68ad450-00ba-4c0f-88fd-f2234d400454 None None] Subscribe: > address_group after_update 55550000, False {{(pid=104009) subscribe /opt/stack/data/venv/lib/python3.12/site-packages/neutron_lib/callbacks/manager.py:52}}
Apr 21 13:29:23.884538 np0000168688 devstack@neutron-api.service[104009]: DEBUG neutron_lib.callbacks.manager [None req-c68ad450-00ba-4c0f-88fd-f2234d400454 None None] Subscribe: > address_group after_delete 55550000, False {{(pid=104009) subscribe /opt/stack/data/venv/lib/python3.12/site-packages/neutron_lib/callbacks/manager.py:52}}
Apr 21 13:29:23.884630 np0000168688 devstack@neutron-api.service[104010]: DEBUG neutron_lib.callbacks.manager [None req-205246ce-363c-4943-add2-6c6d8fa9262c None None] Subscribe: > port precommit_delete 55550000, False {{(pid=104010) subscribe /opt/stack/data/venv/lib/python3.12/site-packages/neutron_lib/callbacks/manager.py:52}}
Apr 21 13:29:23.884630 np0000168688 devstack@neutron-api.service[104010]: DEBUG neutron_lib.callbacks.manager [None req-205246ce-363c-4943-add2-6c6d8fa9262c None None] Subscribe: port before_update 55550000, False {{(pid=104010) subscribe /opt/stack/data/venv/lib/python3.12/site-packages/neutron_lib/callbacks/manager.py:52}}
Apr 21 13:29:23.884694 np0000168688 devstack@neutron-api.service[104009]: DEBUG neutron_lib.callbacks.manager [None req-c68ad450-00ba-4c0f-88fd-f2234d400454 None None] Subscribe: > qos_plugin after_init 55550000, False {{(pid=104009) subscribe /opt/stack/data/venv/lib/python3.12/site-packages/neutron_lib/callbacks/manager.py:52}}
Apr 21 13:29:23.884725 np0000168688 devstack@neutron-api.service[104010]: DEBUG neutron_lib.callbacks.manager [None req-205246ce-363c-4943-add2-6c6d8fa9262c None None] Subscribe: port before_delete 55550000, False {{(pid=104010) subscribe /opt/stack/data/venv/lib/python3.12/site-packages/neutron_lib/callbacks/manager.py:52}}
Apr 21 13:29:23.884725 np0000168688 devstack@neutron-api.service[104010]: DEBUG neutron_lib.callbacks.manager [None req-205246ce-363c-4943-add2-6c6d8fa9262c None None] Subscribe: > router precommit_create 55550000, False {{(pid=104010) subscribe /opt/stack/data/venv/lib/python3.12/site-packages/neutron_lib/callbacks/manager.py:52}}
Apr 21 13:29:23.884777 np0000168688 devstack@neutron-api.service[104009]: DEBUG neutron_lib.callbacks.manager [None req-c68ad450-00ba-4c0f-88fd-f2234d400454 None None] Subscribe: > trunk_plugin after_init 55550000, False {{(pid=104009) subscribe /opt/stack/data/venv/lib/python3.12/site-packages/neutron_lib/callbacks/manager.py:52}}
Apr 21 13:29:23.884809 np0000168688 devstack@neutron-api.service[104010]: DEBUG neutron_lib.callbacks.manager [None req-205246ce-363c-4943-add2-6c6d8fa9262c None None] Subscribe: > router precommit_create 55550000, False {{(pid=104010) subscribe /opt/stack/data/venv/lib/python3.12/site-packages/neutron_lib/callbacks/manager.py:52}}
Apr 21 13:29:23.884922 np0000168688 devstack@neutron-api.service[104010]: DEBUG neutron_lib.callbacks.manager [None req-205246ce-363c-4943-add2-6c6d8fa9262c None None] Subscribe: > router precommit_update 55550000, False {{(pid=104010) subscribe /opt/stack/data/venv/lib/python3.12/site-packages/neutron_lib/callbacks/manager.py:52}}
Apr 21 13:29:23.885005 np0000168688 devstack@neutron-api.service[104009]: DEBUG neutron_lib.callbacks.manager [None req-c68ad450-00ba-4c0f-88fd-f2234d400454 None None] Subscribe: > logging-plugin after_init 55550000, False {{(pid=104009) subscribe /opt/stack/data/venv/lib/python3.12/site-packages/neutron_lib/callbacks/manager.py:52}}
Apr 21 13:29:23.885031 np0000168688 devstack@neutron-api.service[104010]: DEBUG neutron_lib.callbacks.manager [None req-205246ce-363c-4943-add2-6c6d8fa9262c None None] Subscribe: subnet after_update 55550000, False {{(pid=104010) subscribe /opt/stack/data/venv/lib/python3.12/site-packages/neutron_lib/callbacks/manager.py:52}}
Apr 21 13:29:23.885424 np0000168688 devstack@neutron-api.service[104009]: INFO neutron.services.logapi.drivers.ovn.driver [None req-c68ad450-00ba-4c0f-88fd-f2234d400454 None None] OVN logging driver registered
Apr 21 13:29:23.885943 np0000168688 devstack@neutron-api.service[104010]: DEBUG neutron.quota.resource_registry [None req-205246ce-363c-4943-add2-6c6d8fa9262c None None] Tracking information for resource: router configured {{(pid=104010) set_tracked_resource /opt/stack/neutron/neutron/quota/resource_registry.py:203}}
Apr 21 13:29:23.886121 np0000168688 devstack@neutron-api.service[104010]: DEBUG neutron.quota.resource_registry [None req-205246ce-363c-4943-add2-6c6d8fa9262c None None] Tracking information for resource: floatingip configured {{(pid=104010) set_tracked_resource /opt/stack/neutron/neutron/quota/resource_registry.py:203}}
