Mar 26 01:07:39.118975 np0000160897 devstack@neutron-api.service[103149]: DEBUG ovsdbapp.backend.ovs_idl [None req-170f709c-f64d-47ec-84aa-11b91afcdbaa None None] Created lookup_table index Chassis.name {{(pid=103149) autocreate_indices /opt/stack/data/venv/lib/python3.12/site-packages/ovsdbapp/backend/ovs_idl/__init__.py:87}}
Mar 26 01:07:39.119096 np0000160897 devstack@neutron-api.service[103149]: DEBUG ovsdbapp.backend.ovs_idl [None req-170f709c-f64d-47ec-84aa-11b91afcdbaa None None] Created lookup_table index Port_Binding.logical_port {{(pid=103149) autocreate_indices /opt/stack/data/venv/lib/python3.12/site-packages/ovsdbapp/backend/ovs_idl/__init__.py:87}}
Mar 26 01:07:39.119240 np0000160897 devstack@neutron-api.service[103149]: DEBUG ovsdbapp.backend.ovs_idl [None req-170f709c-f64d-47ec-84aa-11b91afcdbaa None None] Created schema index Chassis_Private.name {{(pid=103149) autocreate_indices /opt/stack/data/venv/lib/python3.12/site-packages/ovsdbapp/backend/ovs_idl/__init__.py:106}}
Mar 26 01:07:39.119373 np0000160897 devstack@neutron-api.service[103149]: DEBUG ovsdbapp.backend.ovs_idl [None req-170f709c-f64d-47ec-84aa-11b91afcdbaa None None] Created schema index Datapath_Binding.tunnel_key {{(pid=103149) autocreate_indices /opt/stack/data/venv/lib/python3.12/site-packages/ovsdbapp/backend/ovs_idl/__init__.py:106}}
Mar 26 01:07:39.121237 np0000160897 devstack@neutron-api.service[103149]: INFO ovsdbapp.backend.ovs_idl.vlog [None req-170f709c-f64d-47ec-84aa-11b91afcdbaa None None] ssl:199.19.213.3:6642: connecting...
Mar 26 01:07:39.122259 np0000160897 devstack@neutron-api.service[103150]: INFO ovsdbapp.backend.ovs_idl.vlog [None req-166af781-eab8-443b-887a-e14315590f6a None None] ssl:199.19.213.3:6642: connected
Mar 26 01:07:39.127161 np0000160897 devstack@neutron-api.service[103151]: DEBUG ovsdbapp.backend.ovs_idl [None req-6e9e66c0-08f9-40b6-a2fe-387706a4278e None None] Created lookup_table index Chassis.name {{(pid=103151) autocreate_indices /opt/stack/data/venv/lib/python3.12/site-packages/ovsdbapp/backend/ovs_idl/__init__.py:87}}
Mar 26 01:07:39.127256 np0000160897 devstack@neutron-api.service[103151]: DEBUG ovsdbapp.backend.ovs_idl [None req-6e9e66c0-08f9-40b6-a2fe-387706a4278e None None] Created lookup_table index Port_Binding.logical_port {{(pid=103151) autocreate_indices /opt/stack/data/venv/lib/python3.12/site-packages/ovsdbapp/backend/ovs_idl/__init__.py:87}}
Mar 26 01:07:39.127339 np0000160897 devstack@neutron-api.service[103149]: INFO ovsdbapp.backend.ovs_idl.vlog [None req-170f709c-f64d-47ec-84aa-11b91afcdbaa None None] ssl:199.19.213.3:6642: connected
Mar 26 01:07:39.127383 np0000160897 devstack@neutron-api.service[103151]: DEBUG ovsdbapp.backend.ovs_idl [None req-6e9e66c0-08f9-40b6-a2fe-387706a4278e None None] Created schema index Chassis_Private.name {{(pid=103151) autocreate_indices /opt/stack/data/venv/lib/python3.12/site-packages/ovsdbapp/backend/ovs_idl/__init__.py:106}}
Mar 26 01:07:39.127439 np0000160897 devstack@neutron-api.service[103151]: DEBUG ovsdbapp.backend.ovs_idl [None req-6e9e66c0-08f9-40b6-a2fe-387706a4278e None None] Created schema index Datapath_Binding.tunnel_key {{(pid=103151) autocreate_indices /opt/stack/data/venv/lib/python3.12/site-packages/ovsdbapp/backend/ovs_idl/__init__.py:106}}
Mar 26 01:07:39.129192 np0000160897 devstack@neutron-api.service[103151]: INFO ovsdbapp.backend.ovs_idl.vlog [None req-6e9e66c0-08f9-40b6-a2fe-387706a4278e None None] ssl:199.19.213.3:6642: connecting...
Mar 26 01:07:39.134319 np0000160897 devstack@neutron-api.service[103151]: INFO ovsdbapp.backend.ovs_idl.vlog [None req-6e9e66c0-08f9-40b6-a2fe-387706a4278e None None] ssl:199.19.213.3:6642: connected
Mar 26 01:07:39.158437 np0000160897 devstack@neutron-api.service[103151]: DEBUG neutron.common.ovn.hash_ring_manager [None req-6e9e66c0-08f9-40b6-a2fe-387706a4278e None None] Allow caching, nodes 4>=4 {{(pid=103151) _wait_startup_before_caching /opt/stack/neutron/neutron/common/ovn/hash_ring_manager.py:65}}
Mar 26 01:07:39.158584 np0000160897 devstack@neutron-api.service[103149]: DEBUG neutron.common.ovn.hash_ring_manager [None req-170f709c-f64d-47ec-84aa-11b91afcdbaa None None] Allow caching, nodes 4>=4 {{(pid=103149) _wait_startup_before_caching /opt/stack/neutron/neutron/common/ovn/hash_ring_manager.py:65}}
Mar 26 01:07:39.160203 np0000160897 devstack@neutron-api.service[103150]: DEBUG neutron.common.ovn.hash_ring_manager [None req-166af781-eab8-443b-887a-e14315590f6a None None] Allow caching, nodes 4>=4 {{(pid=103150) _wait_startup_before_caching /opt/stack/neutron/neutron/common/ovn/hash_ring_manager.py:65}}
Mar 26 01:07:39.161818 np0000160897 devstack@neutron-api.service[103151]: DEBUG neutron.common.ovn.hash_ring_manager [None req-6e9e66c0-08f9-40b6-a2fe-387706a4278e None None] Hash Ring loaded. 4 active nodes. 0 offline nodes {{(pid=103151) _load_hash_ring /opt/stack/neutron/neutron/common/ovn/hash_ring_manager.py:102}}
Mar 26 01:07:39.162038 np0000160897 devstack@neutron-api.service[103151]: DEBUG neutron.plugins.ml2.drivers.ovn.mech_driver.ovsdb.ovsdb_monitor [None req-6e9e66c0-08f9-40b6-a2fe-387706a4278e None None] ChassisOVNAgentWriteEvent : Matched Chassis_Private, create, None None {{(pid=103151) matches /opt/stack/neutron/neutron/plugins/ml2/drivers/ovn/mech_driver/ovsdb/ovsdb_monitor.py:64}}
Mar 26 01:07:39.162115 np0000160897 devstack@neutron-api.service[103151]: DEBUG neutron.plugins.ml2.drivers.ovn.mech_driver.ovsdb.ovsdb_monitor [None req-6e9e66c0-08f9-40b6-a2fe-387706a4278e None None] ChassisAgentWriteEvent : Matched Chassis_Private, create, None None {{(pid=103151) matches /opt/stack/neutron/neutron/plugins/ml2/drivers/ovn/mech_driver/ovsdb/ovsdb_monitor.py:64}}
Mar 26 01:07:39.162438 np0000160897 devstack@neutron-api.service[103151]: DEBUG neutron.plugins.ml2.drivers.ovn.mech_driver.ovsdb.ovsdb_monitor [None req-6e9e66c0-08f9-40b6-a2fe-387706a4278e None None] Hash Ring: Node f5dc935c060958b3bbd1e195970acb86 (host: np0000160897) handling event "create" for row 7a494740-1776-4c2f-937c-d5ed051aed3c (table: Chassis_Private) {{(pid=103151) notify /opt/stack/neutron/neutron/plugins/ml2/drivers/ovn/mech_driver/ovsdb/ovsdb_monitor.py:912}}
Mar 26 01:07:39.163797 np0000160897 devstack@neutron-api.service[103150]: DEBUG neutron.common.ovn.hash_ring_manager [None req-166af781-eab8-443b-887a-e14315590f6a None None] Hash Ring loaded. 4 active nodes. 0 offline nodes {{(pid=103150) _load_hash_ring /opt/stack/neutron/neutron/common/ovn/hash_ring_manager.py:102}}
Mar 26 01:07:39.163901 np0000160897 devstack@neutron-api.service[103150]: DEBUG neutron.plugins.ml2.drivers.ovn.mech_driver.ovsdb.ovsdb_monitor [None req-166af781-eab8-443b-887a-e14315590f6a None None] Hash Ring: Node 75d2c0476d5e59199dffbd092e50d3d5 (host: np0000160897) handling event "create" for row c291923d-adae-4696-a924-75d1c2f43c63 (table: Chassis) {{(pid=103150) notify /opt/stack/neutron/neutron/plugins/ml2/drivers/ovn/mech_driver/ovsdb/ovsdb_monitor.py:912}}
Mar 26 01:07:39.164562 np0000160897 devstack@neutron-api.service[103151]: INFO neutron.plugins.ml2.drivers.ovn.mech_driver.mech_driver [None req-6e9e66c0-08f9-40b6-a2fe-387706a4278e None None] WorkerService process has finished the post initialization
Mar 26 01:07:39.164654 np0000160897 devstack@neutron-api.service[103150]: DEBUG ovsdbapp.backend.ovs_idl.event [None req-166af781-eab8-443b-887a-e14315590f6a None None] Matched CREATE: ChassisBandwidthConfigEvent(events=('create', 'update'), table='Chassis', conditions=None, old_conditions=None), priority=20 to row=Chassis(uuid=c291923d-adae-4696-a924-75d1c2f43c63, encaps=[3be76ed7-c256-410c-8f98-4c45a7951052], external_ids={}, hostname='np0000160897', name='5af5920e-72b0-4eb1-8d2f-5b8385cc3035', nb_cfg=0, other_config={'ct-commit-nat-v2': 'true', 'ct-commit-to-zone': 'true', 'ct-next-zone': 'true', 'ct-no-masked-label': 'true', 'ct-state-save': 'true', 'datapath-type': 'system', 'fdb-timestamp': 'true', 'iface-types': 'afxdp,afxdp-nonpmd,bareudp,erspan,geneve,gre,gtpu,internal,ip6erspan,ip6gre,lisp,patch,srv6,stt,system,tap,vxlan', 'is-interconn': 'false', 'ls-dpg-column': 'true', 'mac-binding-timestamp': 'true', 'ovn-bridge-mappings': 'public:br-ex', 'ovn-chassis-mac-mappings': '', 'ovn-cms-options': 'enable-chassis-as-gw', 'ovn-ct-lb-related': 'true', 'ovn-enable-lflow-cache': 'true', 'ovn-limit-lflow-cache': '', 'ovn-memlimit-lflow-cache-kb': '', 'ovn-monitor-all': 'false', 'ovn-trim-limit-lflow-cache': '', 'ovn-trim-timeout-ms': '', 'ovn-trim-wmark-perc-lflow-cache': '', 'port-up-notif': 'true'}, transport_zones=[], vtep_logical_switches=[]) old= {{(pid=103150) matches /opt/stack/data/venv/lib/python3.12/site-packages/ovsdbapp/backend/ovs_idl/event.py:55}}
Mar 26 01:07:39.164757 np0000160897 devstack@neutron-api.service[103149]: DEBUG neutron.common.ovn.hash_ring_manager [None req-170f709c-f64d-47ec-84aa-11b91afcdbaa None None] Hash Ring loaded. 4 active nodes. 0 offline nodes {{(pid=103149) _load_hash_ring /opt/stack/neutron/neutron/common/ovn/hash_ring_manager.py:102}}
Mar 26 01:07:39.164854 np0000160897 devstack@neutron-api.service[103149]: DEBUG neutron.plugins.ml2.drivers.ovn.mech_driver.ovsdb.ovsdb_monitor [None req-170f709c-f64d-47ec-84aa-11b91afcdbaa None None] ChassisAgentWriteEvent : Matched Chassis_Private, create, None None {{(pid=103149) matches /opt/stack/neutron/neutron/plugins/ml2/drivers/ovn/mech_driver/ovsdb/ovsdb_monitor.py:64}}
Mar 26 01:07:39.164964 np0000160897 devstack@neutron-api.service[103149]: DEBUG neutron.plugins.ml2.drivers.ovn.mech_driver.ovsdb.ovsdb_monitor [None req-170f709c-f64d-47ec-84aa-11b91afcdbaa None None] ChassisOVNAgentWriteEvent : Matched Chassis_Private, create, None None {{(pid=103149) matches /opt/stack/neutron/neutron/plugins/ml2/drivers/ovn/mech_driver/ovsdb/ovsdb_monitor.py:64}}
Mar 26 01:07:39.165193 np0000160897 devstack@neutron-api.service[103150]: DEBUG neutron.plugins.ml2.drivers.ovn.mech_driver.ovsdb.ovsdb_monitor [None req-166af781-eab8-443b-887a-e14315590f6a None None] ChassisOVNAgentWriteEvent : Matched Chassis_Private, create, None None {{(pid=103150) matches /opt/stack/neutron/neutron/plugins/ml2/drivers/ovn/mech_driver/ovsdb/ovsdb_monitor.py:64}}
Mar 26 01:07:39.165297 np0000160897 devstack@neutron-api.service[103150]: DEBUG neutron.plugins.ml2.drivers.ovn.mech_driver.ovsdb.ovsdb_monitor [None req-166af781-eab8-443b-887a-e14315590f6a None None] ChassisAgentWriteEvent : Matched Chassis_Private, create, None None {{(pid=103150) matches /opt/stack/neutron/neutron/plugins/ml2/drivers/ovn/mech_driver/ovsdb/ovsdb_monitor.py:64}}
Mar 26 01:07:39.165640 np0000160897 devstack@neutron-api.service[103151]: WSGI app 0 (mountpoint='') ready in 8 seconds on interpreter 0x759cbdea3668 pid: 103151 (default app)
Mar 26 01:07:39.166713 np0000160897 devstack@neutron-api.service[103150]: INFO neutron.plugins.ml2.drivers.ovn.mech_driver.mech_driver [None req-166af781-eab8-443b-887a-e14315590f6a None None] WorkerService process has finished the post initialization
Mar 26 01:07:39.167149 np0000160897 devstack@neutron-api.service[103149]: INFO neutron.plugins.ml2.drivers.ovn.mech_driver.mech_driver [None req-170f709c-f64d-47ec-84aa-11b91afcdbaa None None] WorkerService process has finished the post initialization
Mar 26 01:07:39.167704 np0000160897 devstack@neutron-api.service[103150]: INFO neutron.plugins.ml2.drivers.ovn.mech_driver.ovsdb.extensions.qos [-] Starting OVNClientQosExtension
Mar 26 01:07:39.168503 np0000160897 devstack@neutron-api.service[103150]: INFO neutron.plugins.ml2.drivers.ovn.mech_driver.ovsdb.extensions.placement [-] Starting OVNClientPlacementExtension
Mar 26 01:07:39.168749 np0000160897 devstack@neutron-api.service[103149]: WSGI app 0 (mountpoint='') ready in 8 seconds on interpreter 0x759cbdea3668 pid: 103149 (default app)
Mar 26 01:07:39.170812 np0000160897 devstack@neutron-api.service[103150]: WSGI app 0 (mountpoint='') ready in 8 seconds on interpreter 0x759cbdea3668 pid: 103150 (default app)
Mar 26 01:07:40.412973 np0000160897 devstack@neutron-api.service[103150]: DEBUG neutron.plugins.ml2.drivers.ovn.mech_driver.ovsdb.ovsdb_monitor [-] Hash Ring: Node 75d2c0476d5e59199dffbd092e50d3d5 (host: np0000160897) handling event "update" for row d6d392b0-6a64-48da-ac6d-37ae8246b72e (table: Connection) {{(pid=103150) notify /opt/stack/neutron/neutron/plugins/ml2/drivers/ovn/mech_driver/ovsdb/ovsdb_monitor.py:912}}
Mar 26 01:07:40.419940 np0000160897 devstack@neutron-api.service[103148]: DEBUG neutron.common.ovn.hash_ring_manager [-] Allow caching, nodes 4>=4 {{(pid=103148) _wait_startup_before_caching /opt/stack/neutron/neutron/common/ovn/hash_ring_manager.py:65}}
Mar 26 01:07:40.420364 np0000160897 devstack@neutron-api.service[103148]: DEBUG neutron.plugins.ml2.drivers.ovn.mech_driver.ovsdb.ovsdb_monitor [-] Hash Ring: Node 0c009a1754ec5660b7f1ed1399f1fc61 (host: np0000160897) handling event "update" for row d6d392b0-6a64-48da-ac6d-37ae8246b72e (table: Connection) {{(pid=103148) notify /opt/stack/neutron/neutron/plugins/ml2/drivers/ovn/mech_driver/ovsdb/ovsdb_monitor.py:912}}
Mar 26 01:07:42.915284 np0000160897 devstack@neutron-api.service[103148]: DEBUG neutron.plugins.ml2.drivers.ovn.mech_driver.ovsdb.ovsdb_monitor [-] Hash Ring: Node 0c009a1754ec5660b7f1ed1399f1fc61 (host: np0000160897) handling event "update" for row d6d392b0-6a64-48da-ac6d-37ae8246b72e (table: Connection) {{(pid=103148) notify /opt/stack/neutron/neutron/plugins/ml2/drivers/ovn/mech_driver/ovsdb/ovsdb_monitor.py:912}}
Mar 26 01:07:42.915851 np0000160897 devstack@neutron-api.service[103150]: DEBUG neutron.plugins.ml2.drivers.ovn.mech_driver.ovsdb.ovsdb_monitor [-] Hash Ring: Node 75d2c0476d5e59199dffbd092e50d3d5 (host: np0000160897) handling event "update" for row d6d392b0-6a64-48da-ac6d-37ae8246b72e (table: Connection) {{(pid=103150) notify /opt/stack/neutron/neutron/plugins/ml2/drivers/ovn/mech_driver/ovsdb/ovsdb_monitor.py:912}}
Mar 26 01:07:45.337371 np0000160897 devstack@neutron-api.service[103148]: DEBUG neutron.api.wsgi [None req-0fa3e261-847b-410f-a449-4a2858eb7e27 admin admin] Missing Content-Type {{(pid=103148) get_content_type /opt/stack/neutron/neutron/api/wsgi.py:85}}
Mar 26 01:07:45.338141 np0000160897 devstack@neutron-api.service[103148]: DEBUG neutron.api.wsgi [None req-0fa3e261-847b-410f-a449-4a2858eb7e27 admin admin] https://199.19.213.3/networking/v2.0/extensions returned with HTTP 200 {{(pid=103148) __call__ /opt/stack/neutron/neutron/api/wsgi.py:545}}
Mar 26 01:07:45.338141 np0000160897 devstack@neutron-api.service[103148]: [pid: 103148|app: 0|req: 2/2] 199.19.213.3 () {64 vars in 1309 bytes} [Thu Mar 26 01:07:45 2026] GET /networking/v2.0/extensions => generated 15208 bytes in 294 msecs (HTTP/1.1 200) 4 headers in 159 bytes (1 switches on core 0)
Mar 26 01:07:45.734229 np0000160897 devstack@neutron-api.service[103151]: DEBUG neutron.api.v2.base [None req-d8255488-e7ef-4fd6-8aba-4a7dc1ae826e admin admin] Request body: {'subnetpool': {'is_default': True, 'default_prefixlen': 26, 'prefixes': ['10.1.0.0/20'], 'shared': True, 'name': 'shared-default-subnetpool-v4'}} {{(pid=103151) prepare_request_body /opt/stack/neutron/neutron/api/v2/base.py:729}}
Mar 26 01:07:45.930065 np0000160897 devstack@neutron-api.service[103151]: DEBUG neutron.policy [None req-d8255488-e7ef-4fd6-8aba-4a7dc1ae826e admin admin] Loaded default policies from ['neutron'] under neutron.policies entry points {{(pid=103151) register_rules /opt/stack/neutron/neutron/policy.py:65}}
Mar 26 01:07:46.075285 np0000160897 devstack@neutron-api.service[103151]: DEBUG neutron_lib.callbacks.manager [None req-d8255488-e7ef-4fd6-8aba-4a7dc1ae826e admin admin] Publish callbacks ['neutron.objects.securitygroup.RbacNeutronDbObjectMixin.validate_rbac_policy_change-2912528349502', 'neutron.objects.address_group.RbacNeutronDbObjectMixin.validate_rbac_policy_change-2912527848183', 'neutron.objects.network.RbacNeutronDbObjectMixin.validate_rbac_policy_change-2912527899180', 'neutron.objects.qos.policy.RbacNeutronDbObjectMixin.validate_rbac_policy_change-2912527898499', 'neutron.objects.subnetpool.RbacNeutronDbObjectMixin.validate_rbac_policy_change-2912527883910', 'neutron.objects.address_scope.RbacNeutronDbObjectMixin.validate_rbac_policy_change-2912527886120', 'neutron.plugins.ml2.plugin.External_net_db_mixin._process_ext_policy_create-78460', 'neutron.plugins.ml2.plugin.NeutronDbPluginV2.validate_network_rbac_policy_change-192860'] for rbac-policy (None), before_create {{(pid=103151) _notify_loop /opt/stack/data/venv/lib/python3.12/site-packages/neutron_lib/callbacks/manager.py:184}}
Mar 26 01:07:46.122676 np0000160897 devstack@neutron-api.service[103151]: DEBUG neutron_lib.callbacks.manager [None req-d8255488-e7ef-4fd6-8aba-4a7dc1ae826e admin admin] Publish callbacks [] for subnetpool (None), before_response {{(pid=103151) _notify_loop /opt/stack/data/venv/lib/python3.12/site-packages/neutron_lib/callbacks/manager.py:184}}
Mar 26 01:07:46.123454 np0000160897 devstack@neutron-api.service[103151]: [pid: 103151|app: 0|req: 1/3] 199.19.213.3 () {68 vars in 1353 bytes} [Thu Mar 26 01:07:45 2026] POST /networking/v2.0/subnetpools => generated 533 bytes in 499 msecs (HTTP/1.1 201) 4 headers in 162 bytes (1 switches on core 0)
Mar 26 01:07:46.454156 np0000160897 devstack@neutron-api.service[103149]: DEBUG neutron.api.v2.base [None req-96f333f7-3d56-40ed-b4da-9598cfe185e9 admin admin] Request body: {'subnetpool': {'is_default': True, 'default_prefixlen': 64, 'prefixes': ['fd41:2e02:e26b::/56'], 'shared': True, 'name': 'shared-default-subnetpool-v6'}} {{(pid=103149) prepare_request_body /opt/stack/neutron/neutron/api/v2/base.py:729}}
Mar 26 01:07:46.632131 np0000160897 devstack@neutron-api.service[103149]: DEBUG neutron.policy [None req-96f333f7-3d56-40ed-b4da-9598cfe185e9 admin admin] Loaded default policies from ['neutron'] under neutron.policies entry points {{(pid=103149) register_rules /opt/stack/neutron/neutron/policy.py:65}}
Mar 26 01:07:46.783515 np0000160897 devstack@neutron-api.service[103149]: DEBUG neutron_lib.callbacks.manager [None req-96f333f7-3d56-40ed-b4da-9598cfe185e9 admin admin] Publish callbacks ['neutron.objects.securitygroup.RbacNeutronDbObjectMixin.validate_rbac_policy_change-2912528264216', 'neutron.objects.address_group.RbacNeutronDbObjectMixin.validate_rbac_policy_change-2912528287829', 'neutron.objects.network.RbacNeutronDbObjectMixin.validate_rbac_policy_change-2912527893689', 'neutron.objects.qos.policy.RbacNeutronDbObjectMixin.validate_rbac_policy_change-2912527877463', 'neutron.objects.subnetpool.RbacNeutronDbObjectMixin.validate_rbac_policy_change-2912527902451', 'neutron.objects.address_scope.RbacNeutronDbObjectMixin.validate_rbac_policy_change-2912527924370', 'neutron.plugins.ml2.plugin.External_net_db_mixin._process_ext_policy_create-15837951', 'neutron.plugins.ml2.plugin.NeutronDbPluginV2.validate_network_rbac_policy_change-15891419'] for rbac-policy (None), before_create {{(pid=103149) _notify_loop /opt/stack/data/venv/lib/python3.12/site-packages/neutron_lib/callbacks/manager.py:184}}
Mar 26 01:07:46.829645 np0000160897 devstack@neutron-api.service[103149]: DEBUG neutron_lib.callbacks.manager [None req-96f333f7-3d56-40ed-b4da-9598cfe185e9 admin admin] Publish callbacks [] for subnetpool (None), before_response {{(pid=103149) _notify_loop /opt/stack/data/venv/lib/python3.12/site-packages/neutron_lib/callbacks/manager.py:184}}
Mar 26 01:07:46.830311 np0000160897 devstack@neutron-api.service[103149]: [pid: 103149|app: 0|req: 1/4] 199.19.213.3 () {68 vars in 1353 bytes} [Thu Mar 26 01:07:46 2026] POST /networking/v2.0/subnetpools => generated 543 bytes in 502 msecs (HTTP/1.1 201) 4 headers in 162 bytes (1 switches on core 0)
Mar 26 01:07:47.248678 np0000160897 devstack@neutron-api.service[103150]: DEBUG neutron.api.v2.base [None req-41067d0d-37f2-4016-93c0-a3334ce7f134 admin admin] Request body: {'network': {'name': 'private', 'admin_state_up': True}} {{(pid=103150) prepare_request_body /opt/stack/neutron/neutron/api/v2/base.py:729}}
Mar 26 01:07:47.278169 np0000160897 devstack@neutron-api.service[103150]: DEBUG neutron.pecan_wsgi.hooks.quota_enforcement [None req-41067d0d-37f2-4016-93c0-a3334ce7f134 admin admin] Made reservation on behalf of 21c8342b9ff747b89b2d6fef7dbd7447 for: {'network': 1} {{(pid=103150) before /opt/stack/neutron/neutron/pecan_wsgi/hooks/quota_enforcement.py:66}}
Mar 26 01:07:47.461893 np0000160897 devstack@neutron-api.service[103150]: DEBUG neutron.policy [None req-41067d0d-37f2-4016-93c0-a3334ce7f134 admin admin] Loaded default policies from ['neutron'] under neutron.policies entry points {{(pid=103150) register_rules /opt/stack/neutron/neutron/policy.py:65}}
Mar 26 01:07:47.566277 np0000160897 devstack@neutron-api.service[103150]: DEBUG neutron_lib.callbacks.manager [None req-41067d0d-37f2-4016-93c0-a3334ce7f134 admin admin] Publish callbacks ['neutron.plugins.ml2.plugin.SecurityGroupDbMixin._ensure_default_security_group_handler-156141'] for network (None), before_create {{(pid=103150) _notify_loop /opt/stack/data/venv/lib/python3.12/site-packages/neutron_lib/callbacks/manager.py:184}}
Mar 26 01:07:47.586310 np0000160897 devstack@neutron-api.service[103150]: DEBUG neutron_lib.callbacks.manager [None req-41067d0d-37f2-4016-93c0-a3334ce7f134 admin admin] Publish callbacks [] for security_group (None), before_create {{(pid=103150) _notify_loop /opt/stack/data/venv/lib/python3.12/site-packages/neutron_lib/callbacks/manager.py:184}}
Mar 26 01:07:47.681455 np0000160897 devstack@neutron-api.service[103150]: DEBUG neutron_lib.callbacks.manager [None req-41067d0d-37f2-4016-93c0-a3334ce7f134 admin admin] Publish callbacks ['neutron.plugins.ml2.drivers.ovn.mech_driver.mech_driver.OVNMechanismDriver._create_security_group_precommit-1851540'] for security_group (112013ab-0d13-4a12-818c-db687efa81e2), precommit_create {{(pid=103150) _notify_loop /opt/stack/data/venv/lib/python3.12/site-packages/neutron_lib/callbacks/manager.py:184}}
Mar 26 01:07:47.681699 np0000160897 devstack@neutron-api.service[103150]: DEBUG neutron.db.ovn_revision_numbers_db [None req-41067d0d-37f2-4016-93c0-a3334ce7f134 admin admin] create_initial_revision uuid=112013ab-0d13-4a12-818c-db687efa81e2, type=security_groups, rev=-1 {{(pid=103150) create_initial_revision /opt/stack/neutron/neutron/db/ovn_revision_numbers_db.py:98}}
Mar 26 01:07:47.683877 np0000160897 devstack@neutron-api.service[103150]: DEBUG neutron.db.ovn_revision_numbers_db [None req-41067d0d-37f2-4016-93c0-a3334ce7f134 admin admin] create_initial_revision uuid=0d6b8127-0b44-4981-bb07-1b51bba19692, type=security_group_rules, rev=-1 {{(pid=103150) create_initial_revision /opt/stack/neutron/neutron/db/ovn_revision_numbers_db.py:98}}
Mar 26 01:07:47.684945 np0000160897 devstack@neutron-api.service[103150]: DEBUG neutron.db.ovn_revision_numbers_db [None req-41067d0d-37f2-4016-93c0-a3334ce7f134 admin admin] create_initial_revision uuid=0e3b466e-d8aa-418f-8754-2fcac60d6349, type=security_group_rules, rev=-1 {{(pid=103150) create_initial_revision /opt/stack/neutron/neutron/db/ovn_revision_numbers_db.py:98}}
Mar 26 01:07:47.685946 np0000160897 devstack@neutron-api.service[103150]: DEBUG neutron.db.ovn_revision_numbers_db [None req-41067d0d-37f2-4016-93c0-a3334ce7f134 admin admin] create_initial_revision uuid=4cdd78bb-b2fc-4614-82c3-7d49b733497a, type=security_group_rules, rev=-1 {{(pid=103150) create_initial_revision /opt/stack/neutron/neutron/db/ovn_revision_numbers_db.py:98}}
Mar 26 01:07:47.687277 np0000160897 devstack@neutron-api.service[103150]: DEBUG neutron.db.ovn_revision_numbers_db [None req-41067d0d-37f2-4016-93c0-a3334ce7f134 admin admin] create_initial_revision uuid=bf415484-527e-486a-84dc-be5cc854e4d7, type=security_group_rules, rev=-1 {{(pid=103150) create_initial_revision /opt/stack/neutron/neutron/db/ovn_revision_numbers_db.py:98}}
Mar 26 01:07:47.695211 np0000160897 devstack@neutron-api.service[103150]: DEBUG neutron_lib.callbacks.manager [None req-41067d0d-37f2-4016-93c0-a3334ce7f134 admin admin] Publish callbacks ['neutron.plugins.ml2.drivers.ovn.mech_driver.mech_driver.OVNMechanismDriver._create_security_group-1851546', 'neutron.plugins.ml2.ovo_rpc._ObjectChangeHandler.handle_event-1526661'] for security_group (112013ab-0d13-4a12-818c-db687efa81e2), after_create {{(pid=103150) _notify_loop /opt/stack/data/venv/lib/python3.12/site-packages/neutron_lib/callbacks/manager.py:184}}
Mar 26 01:07:47.696379 np0000160897 devstack@neutron-api.service[103150]: DEBUG ovsdbapp.backend.ovs_idl.transaction [-] Running txn n=1 command(idx=0): PgAddCommand(_result=None, name=pg_112013ab_0d13_4a12_818c_db687efa81e2, may_exist=False, columns={'acls': [], 'external_ids': {'neutron:security_group_id': '112013ab-0d13-4a12-818c-db687efa81e2'}}) {{(pid=103150) do_commit /opt/stack/data/venv/lib/python3.12/site-packages/ovsdbapp/backend/ovs_idl/transaction.py:89}}
Mar 26 01:07:47.699979 np0000160897 devstack@neutron-api.service[103150]: DEBUG ovsdbapp.backend.ovs_idl.transaction [-] Running txn n=1 command(idx=1): PgAclAddCommand(_result=None, entity=pg_112013ab_0d13_4a12_818c_db687efa81e2, direction=from-lport, priority=1002, match=inport == @pg_112013ab_0d13_4a12_818c_db687efa81e2 && ip4, action=allow-related, log=False, may_exist=True, severity=[], name=[], meter=[], external_ids={'neutron:security_group_rule_id': '0d6b8127-0b44-4981-bb07-1b51bba19692'}) {{(pid=103150) do_commit /opt/stack/data/venv/lib/python3.12/site-packages/ovsdbapp/backend/ovs_idl/transaction.py:89}}
Mar 26 01:07:47.700691 np0000160897 devstack@neutron-api.service[103150]: DEBUG ovsdbapp.backend.ovs_idl.transaction [-] Running txn n=1 command(idx=2): PgAclAddCommand(_result=None, entity=pg_112013ab_0d13_4a12_818c_db687efa81e2, direction=to-lport, priority=1002, match=outport == @pg_112013ab_0d13_4a12_818c_db687efa81e2 && ip6 && ip6.src == $pg_112013ab_0d13_4a12_818c_db687efa81e2_ip6, action=allow-related, log=False, may_exist=True, severity=[], name=[], meter=[], external_ids={'neutron:security_group_rule_id': '0e3b466e-d8aa-418f-8754-2fcac60d6349'}) {{(pid=103150) do_commit /opt/stack/data/venv/lib/python3.12/site-packages/ovsdbapp/backend/ovs_idl/transaction.py:89}}
Mar 26 01:07:47.701242 np0000160897 devstack@neutron-api.service[103150]: DEBUG ovsdbapp.backend.ovs_idl.transaction [-] Running txn n=1 command(idx=3): PgAclAddCommand(_result=None, entity=pg_112013ab_0d13_4a12_818c_db687efa81e2, direction=from-lport, priority=1002, match=inport == @pg_112013ab_0d13_4a12_818c_db687efa81e2 && ip6, action=allow-related, log=False, may_exist=True, severity=[], name=[], meter=[], external_ids={'neutron:security_group_rule_id': '4cdd78bb-b2fc-4614-82c3-7d49b733497a'}) {{(pid=103150) do_commit /opt/stack/data/venv/lib/python3.12/site-packages/ovsdbapp/backend/ovs_idl/transaction.py:89}}
Mar 26 01:07:47.701696 np0000160897 devstack@neutron-api.service[103150]: DEBUG ovsdbapp.backend.ovs_idl.transaction [-] Running txn n=1 command(idx=4): PgAclAddCommand(_result=None, entity=pg_112013ab_0d13_4a12_818c_db687efa81e2, direction=to-lport, priority=1002, match=outport == @pg_112013ab_0d13_4a12_818c_db687efa81e2 && ip4 && ip4.src == $pg_112013ab_0d13_4a12_818c_db687efa81e2_ip4, action=allow-related, log=False, may_exist=True, severity=[], name=[], meter=[], external_ids={'neutron:security_group_rule_id': 'bf415484-527e-486a-84dc-be5cc854e4d7'}) {{(pid=103150) do_commit /opt/stack/data/venv/lib/python3.12/site-packages/ovsdbapp/backend/ovs_idl/transaction.py:89}}
Mar 26 01:07:47.709007 np0000160897 devstack@neutron-api.service[103150]: DEBUG neutron.plugins.ml2.drivers.ovn.mech_driver.ovsdb.ovsdb_monitor [-] Hash Ring: Node 75d2c0476d5e59199dffbd092e50d3d5 (host: np0000160897) handling event "create" for row 36d334e9-4f89-465d-aa8c-73ee2bd430bb (table: ACL) {{(pid=103150) notify /opt/stack/neutron/neutron/plugins/ml2/drivers/ovn/mech_driver/ovsdb/ovsdb_monitor.py:912}}
Mar 26 01:07:47.709289 np0000160897 devstack@neutron-api.service[103150]: DEBUG neutron.plugins.ml2.drivers.ovn.mech_driver.ovsdb.ovsdb_monitor [-] Hash Ring: Node 75d2c0476d5e59199dffbd092e50d3d5 (host: np0000160897) handling event "create" for row 9a1d1a15-1eab-4053-9c94-9bde10a0390f (table: ACL) {{(pid=103150) notify /opt/stack/neutron/neutron/plugins/ml2/drivers/ovn/mech_driver/ovsdb/ovsdb_monitor.py:912}}
Mar 26 01:07:47.709548 np0000160897 devstack@neutron-api.service[103148]: DEBUG neutron.plugins.ml2.drivers.ovn.mech_driver.ovsdb.ovsdb_monitor [-] Hash Ring: Node 0c009a1754ec5660b7f1ed1399f1fc61 (host: np0000160897) handling event "create" for row 36d334e9-4f89-465d-aa8c-73ee2bd430bb (table: ACL) {{(pid=103148) notify /opt/stack/neutron/neutron/plugins/ml2/drivers/ovn/mech_driver/ovsdb/ovsdb_monitor.py:912}}
Mar 26 01:07:47.709838 np0000160897 devstack@neutron-api.service[103148]: DEBUG neutron.plugins.ml2.drivers.ovn.mech_driver.ovsdb.ovsdb_monitor [-] Hash Ring: Node 0c009a1754ec5660b7f1ed1399f1fc61 (host: np0000160897) handling event "create" for row 4ea37cb7-29f6-4bf6-b721-4178865c3efe (table: ACL) {{(pid=103148) notify /opt/stack/neutron/neutron/plugins/ml2/drivers/ovn/mech_driver/ovsdb/ovsdb_monitor.py:912}}
Mar 26 01:07:47.709907 np0000160897 devstack@neutron-api.service[103148]: DEBUG neutron.plugins.ml2.drivers.ovn.mech_driver.ovsdb.ovsdb_monitor [-] Hash Ring: Node 0c009a1754ec5660b7f1ed1399f1fc61 (host: np0000160897) handling event "create" for row 55ed16d2-04a1-409c-92b9-7529012bbec3 (table: ACL) {{(pid=103148) notify /opt/stack/neutron/neutron/plugins/ml2/drivers/ovn/mech_driver/ovsdb/ovsdb_monitor.py:912}}
Mar 26 01:07:47.710099 np0000160897 devstack@neutron-api.service[103148]: DEBUG neutron.plugins.ml2.drivers.ovn.mech_driver.ovsdb.ovsdb_monitor [-] Hash Ring: Node 0c009a1754ec5660b7f1ed1399f1fc61 (host: np0000160897) handling event "create" for row 9a1d1a15-1eab-4053-9c94-9bde10a0390f (table: ACL) {{(pid=103148) notify /opt/stack/neutron/neutron/plugins/ml2/drivers/ovn/mech_driver/ovsdb/ovsdb_monitor.py:912}}
Mar 26 01:07:47.710302 np0000160897 devstack@neutron-api.service[103151]: DEBUG neutron.plugins.ml2.drivers.ovn.mech_driver.ovsdb.ovsdb_monitor [-] Hash Ring: Node f5dc935c060958b3bbd1e195970acb86 (host: np0000160897) handling event "create" for row 55ed16d2-04a1-409c-92b9-7529012bbec3 (table: ACL) {{(pid=103151) notify /opt/stack/neutron/neutron/plugins/ml2/drivers/ovn/mech_driver/ovsdb/ovsdb_monitor.py:912}}
Mar 26 01:07:47.710550 np0000160897 devstack@neutron-api.service[103148]: DEBUG neutron.plugins.ml2.drivers.ovn.mech_driver.ovsdb.ovsdb_monitor [-] Hash Ring: Node 0c009a1754ec5660b7f1ed1399f1fc61 (host: np0000160897) handling event "create" for row 6db946dc-1094-46ae-acd8-83359a8db71e (table: Port_Group) {{(pid=103148) notify /opt/stack/neutron/neutron/plugins/ml2/drivers/ovn/mech_driver/ovsdb/ovsdb_monitor.py:912}}
Mar 26 01:07:47.710669 np0000160897 devstack@neutron-api.service[103151]: DEBUG neutron.plugins.ml2.drivers.ovn.mech_driver.ovsdb.ovsdb_monitor [-] Hash Ring: Node f5dc935c060958b3bbd1e195970acb86 (host: np0000160897) handling event "create" for row 6db946dc-1094-46ae-acd8-83359a8db71e (table: Port_Group) {{(pid=103151) notify /opt/stack/neutron/neutron/plugins/ml2/drivers/ovn/mech_driver/ovsdb/ovsdb_monitor.py:912}}
Mar 26 01:07:47.743077 np0000160897 devstack@neutron-api.service[103150]: INFO neutron.db.ovn_revision_numbers_db [None req-41067d0d-37f2-4016-93c0-a3334ce7f134 admin admin] Successfully bumped revision number for resource 112013ab-0d13-4a12-818c-db687efa81e2 (type: security_groups) to 1
Mar 26 01:07:47.762553 np0000160897 devstack@neutron-api.service[103150]: INFO neutron.db.ovn_revision_numbers_db [None req-41067d0d-37f2-4016-93c0-a3334ce7f134 admin admin] Successfully bumped revision number for resource 0d6b8127-0b44-4981-bb07-1b51bba19692 (type: security_group_rules) to 0
Mar 26 01:07:47.775276 np0000160897 devstack@neutron-api.service[103150]: INFO neutron.db.ovn_revision_numbers_db [None req-41067d0d-37f2-4016-93c0-a3334ce7f134 admin admin] Successfully bumped revision number for resource 0e3b466e-d8aa-418f-8754-2fcac60d6349 (type: security_group_rules) to 0
Mar 26 01:07:47.787890 np0000160897 devstack@neutron-api.service[103150]: INFO neutron.db.ovn_revision_numbers_db [None req-41067d0d-37f2-4016-93c0-a3334ce7f134 admin admin] Successfully bumped revision number for resource 4cdd78bb-b2fc-4614-82c3-7d49b733497a (type: security_group_rules) to 0
Mar 26 01:07:47.800646 np0000160897 devstack@neutron-api.service[103150]: INFO neutron.db.ovn_revision_numbers_db [None req-41067d0d-37f2-4016-93c0-a3334ce7f134 admin admin] Successfully bumped revision number for resource bf415484-527e-486a-84dc-be5cc854e4d7 (type: security_group_rules) to 0
Mar 26 01:07:47.824858 np0000160897 devstack@neutron-api.service[103150]: DEBUG neutron.api.rpc.handlers.resources_rpc [None req-41067d0d-37f2-4016-93c0-a3334ce7f134 admin admin] Pushing event updated for resources: {'SecurityGroup': ['ID=112013ab-0d13-4a12-818c-db687efa81e2,revision_number=1']} {{(pid=103150) push /opt/stack/neutron/neutron/api/rpc/handlers/resources_rpc.py:237}}
Mar 26 01:07:47.832668 np0000160897 devstack@neutron-api.service[103150]: DEBUG ovsdbapp.backend.ovs_idl.transaction [-] Running txn n=1 command(idx=0): CheckLivenessCommand(_result=None) {{(pid=103150) do_commit /opt/stack/data/venv/lib/python3.12/site-packages/ovsdbapp/backend/ovs_idl/transaction.py:89}}
Mar 26 01:07:47.834634 np0000160897 devstack@neutron-api.service[103150]: DEBUG neutron.plugins.ml2.drivers.ovn.mech_driver.ovsdb.ovsdb_monitor [-] Hash Ring: Node 75d2c0476d5e59199dffbd092e50d3d5 (host: np0000160897) handling event "update" for row 7c91d91c-b118-4690-8b27-4a1006643dc6 (table: NB_Global) {{(pid=103150) notify /opt/stack/neutron/neutron/plugins/ml2/drivers/ovn/mech_driver/ovsdb/ovsdb_monitor.py:912}}
Mar 26 01:07:47.835394 np0000160897 devstack@neutron-api.service[103148]: DEBUG neutron.plugins.ml2.drivers.ovn.mech_driver.ovsdb.ovsdb_monitor [-] Hash Ring: Node 0c009a1754ec5660b7f1ed1399f1fc61 (host: np0000160897) handling event "update" for row 7c91d91c-b118-4690-8b27-4a1006643dc6 (table: NB_Global) {{(pid=103148) notify /opt/stack/neutron/neutron/plugins/ml2/drivers/ovn/mech_driver/ovsdb/ovsdb_monitor.py:912}}
Mar 26 01:07:47.836587 np0000160897 devstack@neutron-api.service[103148]: DEBUG neutron.plugins.ml2.drivers.ovn.mech_driver.ovsdb.ovsdb_monitor [-] Hash Ring: Node 0c009a1754ec5660b7f1ed1399f1fc61 (host: np0000160897) handling event "update" for row 7c91d91c-b118-4690-8b27-4a1006643dc6 (table: NB_Global) {{(pid=103148) notify /opt/stack/neutron/neutron/plugins/ml2/drivers/ovn/mech_driver/ovsdb/ovsdb_monitor.py:912}}
Mar 26 01:07:47.837547 np0000160897 devstack@neutron-api.service[103150]: DEBUG neutron.api.rpc.callbacks.version_manager [None req-41067d0d-37f2-4016-93c0-a3334ce7f134 admin admin] Tracked resource versions report:
Mar 26 01:07:47.837547 np0000160897 devstack@neutron-api.service[103150]: pushed versions:
Mar 26 01:07:47.837547 np0000160897 devstack@neutron-api.service[103150]: { 'AddressGroup': {'1.2'},
Mar 26 01:07:47.837547 np0000160897 devstack@neutron-api.service[103150]: 'Agent': {'1.1'},
Mar 26 01:07:47.837547 np0000160897 devstack@neutron-api.service[103150]: 'ConntrackHelper': {'1.0'},
Mar 26 01:07:47.837547 np0000160897 devstack@neutron-api.service[103150]: 'LocalIPAssociation': {'1.0'},
Mar 26 01:07:47.837547 np0000160897 devstack@neutron-api.service[103150]: 'Log': {'1.0'},
Mar 26 01:07:47.837547 np0000160897 devstack@neutron-api.service[103150]: 'NDPProxy': {'1.0'},
Mar 26 01:07:47.837547 np0000160897 devstack@neutron-api.service[103150]: 'Network': {'1.2'},
Mar 26 01:07:47.837547 np0000160897 devstack@neutron-api.service[103150]: 'Port': {'1.10'},
Mar 26 01:07:47.837547 np0000160897 devstack@neutron-api.service[103150]: 'PortForwarding': {'1.3'},
Mar 26 01:07:47.837547 np0000160897 devstack@neutron-api.service[103150]: 'QosPolicy': {'1.10'},
Mar 26 01:07:47.837547 np0000160897 devstack@neutron-api.service[103150]: 'SecurityGroup': {'1.6'},
Mar 26 01:07:47.837547 np0000160897 devstack@neutron-api.service[103150]: 'SecurityGroupRule': {'1.3'},
Mar 26 01:07:47.837547 np0000160897 devstack@neutron-api.service[103150]: 'SubPort': {'1.0'},
Mar 26 01:07:47.837547 np0000160897 devstack@neutron-api.service[103150]: 'Subnet': {'1.2'},
Mar 26 01:07:47.837547 np0000160897 devstack@neutron-api.service[103150]: 'Trunk': {'1.1'}}
Mar 26 01:07:47.837547 np0000160897 devstack@neutron-api.service[103150]: consumer versions:
Mar 26 01:07:47.837547 np0000160897 devstack@neutron-api.service[103150]: {}
Mar 26 01:07:47.837547 np0000160897 devstack@neutron-api.service[103150]: {{(pid=103150) report /opt/stack/neutron/neutron/api/rpc/callbacks/version_manager.py:183}}
Mar 26 01:07:47.838265 np0000160897 devstack@neutron-api.service[103148]: DEBUG neutron.plugins.ml2.drivers.ovn.mech_driver.ovsdb.ovsdb_monitor [-] Hash Ring: Node 0c009a1754ec5660b7f1ed1399f1fc61 (host: np0000160897) handling event "update" for row 7c91d91c-b118-4690-8b27-4a1006643dc6 (table: NB_Global) {{(pid=103148) notify /opt/stack/neutron/neutron/plugins/ml2/drivers/ovn/mech_driver/ovsdb/ovsdb_monitor.py:912}}
Mar 26 01:07:47.838950 np0000160897 devstack@neutron-api.service[103148]: DEBUG neutron.plugins.ml2.drivers.ovn.mech_driver.ovsdb.ovsdb_monitor [-] ChassisAgentWriteEvent : Matched Chassis_Private, update, None None {{(pid=103148) matches /opt/stack/neutron/neutron/plugins/ml2/drivers/ovn/mech_driver/ovsdb/ovsdb_monitor.py:64}}
Mar 26 01:07:47.840577 np0000160897 devstack@neutron-api.service[103149]: DEBUG neutron.plugins.ml2.drivers.ovn.mech_driver.ovsdb.ovsdb_monitor [-] ChassisAgentWriteEvent : Matched Chassis_Private, update, None None {{(pid=103149) matches /opt/stack/neutron/neutron/plugins/ml2/drivers/ovn/mech_driver/ovsdb/ovsdb_monitor.py:64}}
Mar 26 01:07:47.840883 np0000160897 devstack@neutron-api.service[103151]: DEBUG neutron.plugins.ml2.drivers.ovn.mech_driver.ovsdb.ovsdb_monitor [-] ChassisAgentWriteEvent : Matched Chassis_Private, update, None None {{(pid=103151) matches /opt/stack/neutron/neutron/plugins/ml2/drivers/ovn/mech_driver/ovsdb/ovsdb_monitor.py:64}}
Mar 26 01:07:47.841735 np0000160897 devstack@neutron-api.service[103151]: DEBUG neutron.plugins.ml2.drivers.ovn.mech_driver.ovsdb.ovsdb_monitor [-] Hash Ring: Node f5dc935c060958b3bbd1e195970acb86 (host: np0000160897) handling event "update" for row 7a494740-1776-4c2f-937c-d5ed051aed3c (table: Chassis_Private) {{(pid=103151) notify /opt/stack/neutron/neutron/plugins/ml2/drivers/ovn/mech_driver/ovsdb/ovsdb_monitor.py:912}}
Mar 26 01:07:47.842171 np0000160897 devstack@neutron-api.service[103148]: DEBUG neutron.plugins.ml2.drivers.ovn.mech_driver.ovsdb.ovsdb_monitor [-] Hash Ring: Node 0c009a1754ec5660b7f1ed1399f1fc61 (host: np0000160897) handling event "update" for row 7c91d91c-b118-4690-8b27-4a1006643dc6 (table: NB_Global) {{(pid=103148) notify /opt/stack/neutron/neutron/plugins/ml2/drivers/ovn/mech_driver/ovsdb/ovsdb_monitor.py:912}}
Mar 26 01:07:47.843147 np0000160897 devstack@neutron-api.service[103150]: DEBUG neutron.plugins.ml2.drivers.ovn.mech_driver.ovsdb.ovsdb_monitor [-] Hash Ring: Node 75d2c0476d5e59199dffbd092e50d3d5 (host: np0000160897) handling event "update" for row 7c91d91c-b118-4690-8b27-4a1006643dc6 (table: NB_Global) {{(pid=103150) notify /opt/stack/neutron/neutron/plugins/ml2/drivers/ovn/mech_driver/ovsdb/ovsdb_monitor.py:912}}
Mar 26 01:07:47.843916 np0000160897 devstack@neutron-api.service[103150]: DEBUG neutron.plugins.ml2.drivers.ovn.mech_driver.ovsdb.ovsdb_monitor [-] ChassisAgentWriteEvent : Matched Chassis_Private, update, None None {{(pid=103150) matches /opt/stack/neutron/neutron/plugins/ml2/drivers/ovn/mech_driver/ovsdb/ovsdb_monitor.py:64}}
Mar 26 01:07:47.844223 np0000160897 devstack@neutron-api.service[103149]: DEBUG neutron.plugins.ml2.drivers.ovn.mech_driver.ovsdb.ovsdb_monitor [-] ChassisOVNAgentWriteEvent : Matched Chassis_Private, update, None None {{(pid=103149) matches /opt/stack/neutron/neutron/plugins/ml2/drivers/ovn/mech_driver/ovsdb/ovsdb_monitor.py:64}}
Mar 26 01:07:47.844557 np0000160897 devstack@neutron-api.service[103150]: DEBUG neutron.plugins.ml2.drivers.ovn.mech_driver.ovsdb.ovsdb_monitor [-] Hash Ring: Node 75d2c0476d5e59199dffbd092e50d3d5 (host: np0000160897) handling event "update" for row 7c91d91c-b118-4690-8b27-4a1006643dc6 (table: NB_Global) {{(pid=103150) notify /opt/stack/neutron/neutron/plugins/ml2/drivers/ovn/mech_driver/ovsdb/ovsdb_monitor.py:912}}
Mar 26 01:07:47.844917 np0000160897 devstack@neutron-api.service[103148]: DEBUG neutron.common.ovn.hash_ring_manager [-] Allow caching, nodes 4>=4 {{(pid=103148) _wait_startup_before_caching /opt/stack/neutron/neutron/common/ovn/hash_ring_manager.py:65}}
Mar 26 01:07:47.845231 np0000160897 devstack@neutron-api.service[103148]: DEBUG neutron.plugins.ml2.drivers.ovn.mech_driver.ovsdb.ovsdb_monitor [-] Hash Ring: Node 0c009a1754ec5660b7f1ed1399f1fc61 (host: np0000160897) handling event "update" for row 7a494740-1776-4c2f-937c-d5ed051aed3c (table: Chassis_Private) {{(pid=103148) notify /opt/stack/neutron/neutron/plugins/ml2/drivers/ovn/mech_driver/ovsdb/ovsdb_monitor.py:912}}
Mar 26 01:07:47.845984 np0000160897 devstack@neutron-api.service[103150]: DEBUG neutron.plugins.ml2.drivers.ovn.mech_driver.ovsdb.ovsdb_monitor [-] ChassisOVNAgentWriteEvent : Matched Chassis_Private, update, None None {{(pid=103150) matches /opt/stack/neutron/neutron/plugins/ml2/drivers/ovn/mech_driver/ovsdb/ovsdb_monitor.py:64}}
Mar 26 01:07:47.846501 np0000160897 devstack@neutron-api.service[103148]: DEBUG neutron.plugins.ml2.drivers.ovn.mech_driver.ovsdb.ovsdb_monitor [-] ChassisOVNAgentWriteEvent : Matched Chassis_Private, update, None None {{(pid=103148) matches /opt/stack/neutron/neutron/plugins/ml2/drivers/ovn/mech_driver/ovsdb/ovsdb_monitor.py:64}}
Mar 26 01:07:47.846577 np0000160897 devstack@neutron-api.service[103151]: DEBUG neutron.plugins.ml2.drivers.ovn.mech_driver.ovsdb.ovsdb_monitor [-] ChassisOVNAgentWriteEvent : Matched Chassis_Private, update, None None {{(pid=103151) matches /opt/stack/neutron/neutron/plugins/ml2/drivers/ovn/mech_driver/ovsdb/ovsdb_monitor.py:64}}
Mar 26 01:07:47.846743 np0000160897 devstack@neutron-api.service[103150]: DEBUG neutron.plugins.ml2.drivers.ovn.mech_driver.ovsdb.ovsdb_monitor [-] Hash Ring: Node 75d2c0476d5e59199dffbd092e50d3d5 (host: np0000160897) handling event "update" for row 7c91d91c-b118-4690-8b27-4a1006643dc6 (table: NB_Global) {{(pid=103150) notify /opt/stack/neutron/neutron/plugins/ml2/drivers/ovn/mech_driver/ovsdb/ovsdb_monitor.py:912}}
Mar 26 01:07:47.846866 np0000160897 devstack@neutron-api.service[103148]: DEBUG neutron.plugins.ml2.drivers.ovn.mech_driver.ovsdb.ovsdb_monitor [-] Hash Ring: Node 0c009a1754ec5660b7f1ed1399f1fc61 (host: np0000160897) handling event "update" for row 7a494740-1776-4c2f-937c-d5ed051aed3c (table: Chassis_Private) {{(pid=103148) notify /opt/stack/neutron/neutron/plugins/ml2/drivers/ovn/mech_driver/ovsdb/ovsdb_monitor.py:912}}
Mar 26 01:07:47.846971 np0000160897 devstack@neutron-api.service[103151]: DEBUG neutron.plugins.ml2.drivers.ovn.mech_driver.ovsdb.ovsdb_monitor [-] Hash Ring: Node f5dc935c060958b3bbd1e195970acb86 (host: np0000160897) handling event "update" for row 7a494740-1776-4c2f-937c-d5ed051aed3c (table: Chassis_Private) {{(pid=103151) notify /opt/stack/neutron/neutron/plugins/ml2/drivers/ovn/mech_driver/ovsdb/ovsdb_monitor.py:912}}
Mar 26 01:07:47.894755 np0000160897 devstack@neutron-api.service[103150]: DEBUG neutron.plugins.ml2.drivers.helpers [None req-41067d0d-37f2-4016-93c0-a3334ce7f134 admin admin] geneve segment allocate from pool success with {'geneve_vni': 36747} {{(pid=103150) allocate_partially_specified_segment /opt/stack/neutron/neutron/plugins/ml2/drivers/helpers.py:142}}
Mar 26 01:07:47.907474 np0000160897 devstack@neutron-api.service[103150]: DEBUG neutron_lib.callbacks.manager [None req-41067d0d-37f2-4016-93c0-a3334ce7f134 admin admin] Publish callbacks ['neutron.services.segments.db._add_segment_host_mapping_for_segment-8082246996472', 'neutron.plugins.ml2.plugin.Ml2Plugin._handle_segment_change-417597'] for segment (c3d181be-5526-489e-85f6-2e9def2489ca), precommit_create {{(pid=103150) _notify_loop /opt/stack/data/venv/lib/python3.12/site-packages/neutron_lib/callbacks/manager.py:184}}
Mar 26 01:07:47.907683 np0000160897 devstack@neutron-api.service[103150]: INFO neutron.db.segments_db [None req-41067d0d-37f2-4016-93c0-a3334ce7f134 admin admin] Added segment c3d181be-5526-489e-85f6-2e9def2489ca of type geneve for network 26758d56-94a6-4099-a429-506ebe93ee01
Mar 26 01:07:47.951473 np0000160897 devstack@neutron-api.service[103150]: DEBUG neutron_lib.callbacks.manager [None req-41067d0d-37f2-4016-93c0-a3334ce7f134 admin admin] Publish callbacks ['neutron.services.auto_allocate.db._ensure_external_network_default_value_callback-8082245816844'] for network (26758d56-94a6-4099-a429-506ebe93ee01), precommit_create {{(pid=103150) _notify_loop /opt/stack/data/venv/lib/python3.12/site-packages/neutron_lib/callbacks/manager.py:184}}
Mar 26 01:07:47.968503 np0000160897 devstack@neutron-api.service[103150]: DEBUG neutron.plugins.ml2.drivers.ovn.mech_driver.mech_driver [None req-41067d0d-37f2-4016-93c0-a3334ce7f134 admin admin] Validating network segment with type geneve, segmentation ID 36747, physical network None {{(pid=103150) _validate_network_segments /opt/stack/neutron/neutron/plugins/ml2/drivers/ovn/mech_driver/mech_driver.py:630}}
Mar 26 01:07:47.968503 np0000160897 devstack@neutron-api.service[103150]: DEBUG neutron.db.ovn_revision_numbers_db [None req-41067d0d-37f2-4016-93c0-a3334ce7f134 admin admin] create_initial_revision uuid=26758d56-94a6-4099-a429-506ebe93ee01, type=networks, rev=-1 {{(pid=103150) create_initial_revision /opt/stack/neutron/neutron/db/ovn_revision_numbers_db.py:98}}
Mar 26 01:07:47.985280 np0000160897 devstack@neutron-api.service[103150]: DEBUG neutron_lib.callbacks.manager [None req-41067d0d-37f2-4016-93c0-a3334ce7f134 admin admin] Publish callbacks ['neutron.plugins.ml2.ovo_rpc._ObjectChangeHandler.handle_event-1526399'] for network (26758d56-94a6-4099-a429-506ebe93ee01), after_create {{(pid=103150) _notify_loop /opt/stack/data/venv/lib/python3.12/site-packages/neutron_lib/callbacks/manager.py:184}}
Mar 26 01:07:48.031032 np0000160897 devstack@neutron-api.service[103150]: DEBUG neutron.api.rpc.handlers.resources_rpc [None req-41067d0d-37f2-4016-93c0-a3334ce7f134 admin admin] Pushing event updated for resources: {'Network': ['ID=26758d56-94a6-4099-a429-506ebe93ee01,revision_number=1']} {{(pid=103150) push /opt/stack/neutron/neutron/api/rpc/handlers/resources_rpc.py:237}}
Mar 26 01:07:48.043819 np0000160897 devstack@neutron-api.service[103150]: DEBUG ovsdbapp.backend.ovs_idl.transaction [-] Running txn n=1 command(idx=0): AddNetworkCommand(_result=None, network_uuid=26758d56-94a6-4099-a429-506ebe93ee01, may_exist=True, columns={'external_ids': {'neutron:network_name': 'private', 'neutron:mtu': '1372', 'neutron:revision_number': '1', 'neutron:availability_zone_hints': '', 'neutron:provnet-network-type': 'geneve'}, 'other_config': {'mcast_snoop': 'false', 'mcast_flood_unregistered': 'false', 'vlan-passthru': 'false'}}) {{(pid=103150) do_commit /opt/stack/data/venv/lib/python3.12/site-packages/ovsdbapp/backend/ovs_idl/transaction.py:89}}
Mar 26 01:07:48.044630 np0000160897 devstack@neutron-api.service[103150]: DEBUG neutron.common.ovn.utils [-] OVS persist_uuid supported=True {{(pid=103150) ovs_persist_uuid_supported /opt/stack/neutron/neutron/common/ovn/utils.py:1510}}
Mar 26 01:07:48.048742 np0000160897 devstack@neutron-api.service[103151]: DEBUG neutron.plugins.ml2.drivers.ovn.mech_driver.ovsdb.ovsdb_monitor [-] Hash Ring: Node f5dc935c060958b3bbd1e195970acb86 (host: np0000160897) handling event "create" for row 26758d56-94a6-4099-a429-506ebe93ee01 (table: Logical_Switch) {{(pid=103151) notify /opt/stack/neutron/neutron/plugins/ml2/drivers/ovn/mech_driver/ovsdb/ovsdb_monitor.py:912}}
Mar 26 01:07:48.050868 np0000160897 devstack@neutron-api.service[103148]: DEBUG neutron.plugins.ml2.drivers.ovn.mech_driver.ovsdb.ovsdb_monitor [-] Hash Ring: Node 0c009a1754ec5660b7f1ed1399f1fc61 (host: np0000160897) handling event "create" for row 26758d56-94a6-4099-a429-506ebe93ee01 (table: Logical_Switch) {{(pid=103148) notify /opt/stack/neutron/neutron/plugins/ml2/drivers/ovn/mech_driver/ovsdb/ovsdb_monitor.py:912}}
Mar 26 01:07:48.058097 np0000160897 devstack@neutron-api.service[103148]: DEBUG neutron.plugins.ml2.drivers.ovn.mech_driver.ovsdb.ovsdb_monitor [-] Hash Ring: Node 0c009a1754ec5660b7f1ed1399f1fc61 (host: np0000160897) handling event "create" for row 26cae448-e42a-40b9-9ce5-89634990b198 (table: Datapath_Binding) {{(pid=103148) notify /opt/stack/neutron/neutron/plugins/ml2/drivers/ovn/mech_driver/ovsdb/ovsdb_monitor.py:912}}
Mar 26 01:07:48.088467 np0000160897 devstack@neutron-api.service[103150]: INFO neutron.db.ovn_revision_numbers_db [None req-41067d0d-37f2-4016-93c0-a3334ce7f134 admin admin] Successfully bumped revision number for resource 26758d56-94a6-4099-a429-506ebe93ee01 (type: networks) to 1
Mar 26 01:07:48.149638 np0000160897 devstack@neutron-api.service[103150]: DEBUG neutron_lib.callbacks.manager [None req-41067d0d-37f2-4016-93c0-a3334ce7f134 admin admin] Publish callbacks ['neutron.plugins.ml2.plugin.SecurityGroupDbMixin._ensure_default_security_group_handler-156141'] for port (None), before_create {{(pid=103150) _notify_loop /opt/stack/data/venv/lib/python3.12/site-packages/neutron_lib/callbacks/manager.py:184}}
