Mar 26 01:07:39.354877 np0000160897 neutron-periodic-workers[104896]: DEBUG cotyledon.oslo_config_glue [-] ml2.type_drivers = ['local', 'flat', 'vlan', 'geneve'] {{(pid=104896) log_opt_values /opt/stack/data/venv/lib/python3.12/site-packages/oslo_config/cfg.py:3006}}
Mar 26 01:07:39.354940 np0000160897 neutron-periodic-workers[104896]: DEBUG cotyledon.oslo_config_glue [-] ml2_type_flat.flat_networks = ['public'] {{(pid=104896) log_opt_values /opt/stack/data/venv/lib/python3.12/site-packages/oslo_config/cfg.py:3006}}
Mar 26 01:07:39.355006 np0000160897 neutron-periodic-workers[104896]: DEBUG cotyledon.oslo_config_glue [-] ml2_type_geneve.max_header_size = 38 {{(pid=104896) log_opt_values /opt/stack/data/venv/lib/python3.12/site-packages/oslo_config/cfg.py:3006}}
Mar 26 01:07:39.355046 np0000160897 neutron-periodic-workers[104896]: DEBUG cotyledon.oslo_config_glue [-] ml2_type_geneve.vni_ranges = ['1:65536'] {{(pid=104896) log_opt_values /opt/stack/data/venv/lib/python3.12/site-packages/oslo_config/cfg.py:3006}}
Mar 26 01:07:39.355106 np0000160897 neutron-periodic-workers[104896]: DEBUG cotyledon.oslo_config_glue [-] ml2_type_vlan.network_vlan_ranges = ['public'] {{(pid=104896) log_opt_values /opt/stack/data/venv/lib/python3.12/site-packages/oslo_config/cfg.py:3006}}
Mar 26 01:07:39.355173 np0000160897 neutron-periodic-workers[104896]: DEBUG cotyledon.oslo_config_glue [-] network_log.burst_limit = 25 {{(pid=104896) log_opt_values /opt/stack/data/venv/lib/python3.12/site-packages/oslo_config/cfg.py:3006}}
Mar 26 01:07:39.355220 np0000160897 neutron-periodic-workers[104896]: DEBUG cotyledon.oslo_config_glue [-] network_log.local_output_log_base = None {{(pid=104896) log_opt_values /opt/stack/data/venv/lib/python3.12/site-packages/oslo_config/cfg.py:3006}}
Mar 26 01:07:39.355251 np0000160897 neutron-periodic-workers[104896]: DEBUG cotyledon.oslo_config_glue [-] network_log.rate_limit = 100 {{(pid=104896) log_opt_values /opt/stack/data/venv/lib/python3.12/site-packages/oslo_config/cfg.py:3006}}
Mar 26 01:07:39.355326 np0000160897 neutron-periodic-workers[104896]: DEBUG cotyledon.oslo_config_glue [-] database.asyncio_connection = **** {{(pid=104896) log_opt_values /opt/stack/data/venv/lib/python3.12/site-packages/oslo_config/cfg.py:3006}}
Mar 26 01:07:39.355367 np0000160897 neutron-periodic-workers[104896]: DEBUG cotyledon.oslo_config_glue [-] database.asyncio_slave_connection = **** {{(pid=104896) log_opt_values /opt/stack/data/venv/lib/python3.12/site-packages/oslo_config/cfg.py:3006}}
Mar 26 01:07:39.355420 np0000160897 neutron-periodic-workers[104896]: DEBUG cotyledon.oslo_config_glue [-] database.backend = sqlalchemy {{(pid=104896) log_opt_values /opt/stack/data/venv/lib/python3.12/site-packages/oslo_config/cfg.py:3006}}
Mar 26 01:07:39.355458 np0000160897 neutron-periodic-workers[104896]: DEBUG cotyledon.oslo_config_glue [-] database.connection = **** {{(pid=104896) log_opt_values /opt/stack/data/venv/lib/python3.12/site-packages/oslo_config/cfg.py:3006}}
Mar 26 01:07:39.355515 np0000160897 neutron-periodic-workers[104896]: DEBUG cotyledon.oslo_config_glue [-] database.connection_debug = 0 {{(pid=104896) log_opt_values /opt/stack/data/venv/lib/python3.12/site-packages/oslo_config/cfg.py:3006}}
Mar 26 01:07:39.355561 np0000160897 neutron-periodic-workers[104896]: DEBUG cotyledon.oslo_config_glue [-] database.connection_parameters = {{(pid=104896) log_opt_values /opt/stack/data/venv/lib/python3.12/site-packages/oslo_config/cfg.py:3006}}
Mar 26 01:07:39.355600 np0000160897 neutron-periodic-workers[104896]: DEBUG cotyledon.oslo_config_glue [-] database.connection_recycle_time = 3600 {{(pid=104896) log_opt_values /opt/stack/data/venv/lib/python3.12/site-packages/oslo_config/cfg.py:3006}}
Mar 26 01:07:39.355645 np0000160897 neutron-periodic-workers[104896]: DEBUG cotyledon.oslo_config_glue [-] database.connection_trace = False {{(pid=104896) log_opt_values /opt/stack/data/venv/lib/python3.12/site-packages/oslo_config/cfg.py:3006}}
Mar 26 01:07:39.355675 np0000160897 neutron-periodic-workers[104896]: DEBUG cotyledon.oslo_config_glue [-] database.db_inc_retry_interval = True {{(pid=104896) log_opt_values /opt/stack/data/venv/lib/python3.12/site-packages/oslo_config/cfg.py:3006}}
Mar 26 01:07:39.355723 np0000160897 neutron-periodic-workers[104896]: DEBUG cotyledon.oslo_config_glue [-] database.db_max_retries = 20 {{(pid=104896) log_opt_values /opt/stack/data/venv/lib/python3.12/site-packages/oslo_config/cfg.py:3006}}
Mar 26 01:07:39.355770 np0000160897 neutron-periodic-workers[104896]: DEBUG cotyledon.oslo_config_glue [-] database.db_max_retry_interval = 10 {{(pid=104896) log_opt_values /opt/stack/data/venv/lib/python3.12/site-packages/oslo_config/cfg.py:3006}}
Mar 26 01:07:39.355800 np0000160897 neutron-periodic-workers[104896]: DEBUG cotyledon.oslo_config_glue [-] database.db_retry_interval = 1 {{(pid=104896) log_opt_values /opt/stack/data/venv/lib/python3.12/site-packages/oslo_config/cfg.py:3006}}
Mar 26 01:07:39.355842 np0000160897 neutron-periodic-workers[104896]: DEBUG cotyledon.oslo_config_glue [-] database.max_overflow = 50 {{(pid=104896) log_opt_values /opt/stack/data/venv/lib/python3.12/site-packages/oslo_config/cfg.py:3006}}
Mar 26 01:07:39.355877 np0000160897 neutron-periodic-workers[104896]: DEBUG cotyledon.oslo_config_glue [-] database.max_pool_size = 5 {{(pid=104896) log_opt_values /opt/stack/data/venv/lib/python3.12/site-packages/oslo_config/cfg.py:3006}}
Mar 26 01:07:39.355919 np0000160897 neutron-periodic-workers[104896]: DEBUG cotyledon.oslo_config_glue [-] database.max_retries = 10 {{(pid=104896) log_opt_values /opt/stack/data/venv/lib/python3.12/site-packages/oslo_config/cfg.py:3006}}
Mar 26 01:07:39.355969 np0000160897 neutron-periodic-workers[104896]: DEBUG cotyledon.oslo_config_glue [-] database.mysql_sql_mode = TRADITIONAL {{(pid=104896) log_opt_values /opt/stack/data/venv/lib/python3.12/site-packages/oslo_config/cfg.py:3006}}
Mar 26 01:07:39.356025 np0000160897 neutron-periodic-workers[104896]: DEBUG cotyledon.oslo_config_glue [-] database.mysql_wsrep_sync_wait = None {{(pid=104896) log_opt_values /opt/stack/data/venv/lib/python3.12/site-packages/oslo_config/cfg.py:3006}}
Mar 26 01:07:39.356056 np0000160897 neutron-periodic-workers[104896]: DEBUG cotyledon.oslo_config_glue [-] database.pool_timeout = None {{(pid=104896) log_opt_values /opt/stack/data/venv/lib/python3.12/site-packages/oslo_config/cfg.py:3006}}
Mar 26 01:07:39.356104 np0000160897 neutron-periodic-workers[104896]: DEBUG cotyledon.oslo_config_glue [-] database.retry_interval = 10 {{(pid=104896) log_opt_values /opt/stack/data/venv/lib/python3.12/site-packages/oslo_config/cfg.py:3006}}
Mar 26 01:07:39.356158 np0000160897 neutron-periodic-workers[104896]: DEBUG cotyledon.oslo_config_glue [-] database.slave_connection = **** {{(pid=104896) log_opt_values /opt/stack/data/venv/lib/python3.12/site-packages/oslo_config/cfg.py:3006}}
Mar 26 01:07:39.356204 np0000160897 neutron-periodic-workers[104896]: DEBUG cotyledon.oslo_config_glue [-] database.sqlite_synchronous = True {{(pid=104896) log_opt_values /opt/stack/data/venv/lib/python3.12/site-packages/oslo_config/cfg.py:3006}}
Mar 26 01:07:39.356252 np0000160897 neutron-periodic-workers[104896]: DEBUG cotyledon.oslo_config_glue [-] database.synchronous_reader = True {{(pid=104896) log_opt_values /opt/stack/data/venv/lib/python3.12/site-packages/oslo_config/cfg.py:3006}}
Mar 26 01:07:39.356284 np0000160897 neutron-periodic-workers[104896]: DEBUG cotyledon.oslo_config_glue [-] database.use_db_reconnect = False {{(pid=104896) log_opt_values /opt/stack/data/venv/lib/python3.12/site-packages/oslo_config/cfg.py:3006}}
Mar 26 01:07:39.356359 np0000160897 neutron-periodic-workers[104896]: DEBUG cotyledon.oslo_config_glue [-] ovn.bfd_min_rx = 1000 {{(pid=104896) log_opt_values /opt/stack/data/venv/lib/python3.12/site-packages/oslo_config/cfg.py:3006}}
Mar 26 01:07:39.356392 np0000160897 neutron-periodic-workers[104896]: DEBUG cotyledon.oslo_config_glue [-] ovn.bfd_min_tx = 100 {{(pid=104896) log_opt_values /opt/stack/data/venv/lib/python3.12/site-packages/oslo_config/cfg.py:3006}}
Mar 26 01:07:39.356434 np0000160897 neutron-periodic-workers[104896]: DEBUG cotyledon.oslo_config_glue [-] ovn.bfd_mult = 3 {{(pid=104896) log_opt_values /opt/stack/data/venv/lib/python3.12/site-packages/oslo_config/cfg.py:3006}}
Mar 26 01:07:39.356476 np0000160897 neutron-periodic-workers[104896]: DEBUG cotyledon.oslo_config_glue [-] ovn.broadcast_arps_to_all_routers = True {{(pid=104896) log_opt_values /opt/stack/data/venv/lib/python3.12/site-packages/oslo_config/cfg.py:3006}}
Mar 26 01:07:39.356507 np0000160897 neutron-periodic-workers[104896]: DEBUG cotyledon.oslo_config_glue [-] ovn.dhcp_default_lease_time = 43200 {{(pid=104896) log_opt_values /opt/stack/data/venv/lib/python3.12/site-packages/oslo_config/cfg.py:3006}}
Mar 26 01:07:39.356561 np0000160897 neutron-periodic-workers[104896]: DEBUG cotyledon.oslo_config_glue [-] ovn.disable_ovn_dhcp_for_baremetal_ports = False {{(pid=104896) log_opt_values /opt/stack/data/venv/lib/python3.12/site-packages/oslo_config/cfg.py:3006}}
Mar 26 01:07:39.356592 np0000160897 neutron-periodic-workers[104896]: DEBUG cotyledon.oslo_config_glue [-] ovn.dns_records_ovn_owned = False {{(pid=104896) log_opt_values /opt/stack/data/venv/lib/python3.12/site-packages/oslo_config/cfg.py:3006}}
Mar 26 01:07:39.356653 np0000160897 neutron-periodic-workers[104896]: DEBUG cotyledon.oslo_config_glue [-] ovn.dns_servers = [] {{(pid=104896) log_opt_values /opt/stack/data/venv/lib/python3.12/site-packages/oslo_config/cfg.py:3006}}
Mar 26 01:07:39.356685 np0000160897 neutron-periodic-workers[104896]: DEBUG cotyledon.oslo_config_glue [-] ovn.enable_distributed_floating_ip = False {{(pid=104896) log_opt_values /opt/stack/data/venv/lib/python3.12/site-packages/oslo_config/cfg.py:3006}}
Mar 26 01:07:39.356730 np0000160897 neutron-periodic-workers[104896]: DEBUG cotyledon.oslo_config_glue [-] ovn.fdb_age_threshold = 300 {{(pid=104896) log_opt_values /opt/stack/data/venv/lib/python3.12/site-packages/oslo_config/cfg.py:3006}}
Mar 26 01:07:39.356760 np0000160897 neutron-periodic-workers[104896]: DEBUG cotyledon.oslo_config_glue [-] ovn.ha_failover_strategy = normal {{(pid=104896) log_opt_values /opt/stack/data/venv/lib/python3.12/site-packages/oslo_config/cfg.py:3006}}
Mar 26 01:07:39.356798 np0000160897 neutron-periodic-workers[104896]: DEBUG cotyledon.oslo_config_glue [-] ovn.live_migration_activation_strategy = rarp {{(pid=104896) log_opt_values /opt/stack/data/venv/lib/python3.12/site-packages/oslo_config/cfg.py:3006}}
Mar 26 01:07:39.356849 np0000160897 neutron-periodic-workers[104896]: DEBUG cotyledon.oslo_config_glue [-] ovn.localnet_learn_fdb = False {{(pid=104896) log_opt_values /opt/stack/data/venv/lib/python3.12/site-packages/oslo_config/cfg.py:3006}}
Mar 26 01:07:39.356883 np0000160897 neutron-periodic-workers[104896]: DEBUG cotyledon.oslo_config_glue [-] ovn.mac_binding_age_threshold = 300 {{(pid=104896) log_opt_values /opt/stack/data/venv/lib/python3.12/site-packages/oslo_config/cfg.py:3006}}
Mar 26 01:07:39.356952 np0000160897 neutron-periodic-workers[104896]: DEBUG cotyledon.oslo_config_glue [-] ovn.neutron_sync_mode = log {{(pid=104896) log_opt_values /opt/stack/data/venv/lib/python3.12/site-packages/oslo_config/cfg.py:3006}}
Mar 26 01:07:39.357025 np0000160897 neutron-periodic-workers[104896]: DEBUG cotyledon.oslo_config_glue [-] ovn.ovn_dhcp4_global_options = {} {{(pid=104896) log_opt_values /opt/stack/data/venv/lib/python3.12/site-packages/oslo_config/cfg.py:3006}}
Mar 26 01:07:39.357064 np0000160897 neutron-periodic-workers[104896]: DEBUG cotyledon.oslo_config_glue [-] ovn.ovn_dhcp6_global_options = {} {{(pid=104896) log_opt_values /opt/stack/data/venv/lib/python3.12/site-packages/oslo_config/cfg.py:3006}}
Mar 26 01:07:39.357115 np0000160897 neutron-periodic-workers[104896]: DEBUG cotyledon.oslo_config_glue [-] ovn.ovn_l3_scheduler = leastloaded {{(pid=104896) log_opt_values /opt/stack/data/venv/lib/python3.12/site-packages/oslo_config/cfg.py:3006}}
Mar 26 01:07:39.357149 np0000160897 neutron-periodic-workers[104896]: DEBUG cotyledon.oslo_config_glue [-] ovn.ovn_metadata_enabled = True {{(pid=104896) log_opt_values /opt/stack/data/venv/lib/python3.12/site-packages/oslo_config/cfg.py:3006}}
Mar 26 01:07:39.357205 np0000160897 neutron-periodic-workers[104896]: DEBUG cotyledon.oslo_config_glue [-] ovn.ovn_nb_ca_cert = /opt/stack/data/CA/int-ca/ca-chain.pem {{(pid=104896) log_opt_values /opt/stack/data/venv/lib/python3.12/site-packages/oslo_config/cfg.py:3006}}
Mar 26 01:07:39.357242 np0000160897 neutron-periodic-workers[104896]: DEBUG cotyledon.oslo_config_glue [-] ovn.ovn_nb_certificate = /opt/stack/data/CA/int-ca/devstack-cert.crt {{(pid=104896) log_opt_values /opt/stack/data/venv/lib/python3.12/site-packages/oslo_config/cfg.py:3006}}
Mar 26 01:07:39.357287 np0000160897 neutron-periodic-workers[104896]: DEBUG cotyledon.oslo_config_glue [-] ovn.ovn_nb_connection = ['ssl:199.19.213.3:6641'] {{(pid=104896) log_opt_values /opt/stack/data/venv/lib/python3.12/site-packages/oslo_config/cfg.py:3006}}
Mar 26 01:07:39.357337 np0000160897 neutron-periodic-workers[104896]: DEBUG cotyledon.oslo_config_glue [-] ovn.ovn_nb_private_key = /opt/stack/data/CA/int-ca/private/devstack-cert.key {{(pid=104896) log_opt_values /opt/stack/data/venv/lib/python3.12/site-packages/oslo_config/cfg.py:3006}}
Mar 26 01:07:39.357368 np0000160897 neutron-periodic-workers[104896]: DEBUG cotyledon.oslo_config_glue [-] ovn.ovn_router_indirect_snat = False {{(pid=104896) log_opt_values /opt/stack/data/venv/lib/python3.12/site-packages/oslo_config/cfg.py:3006}}
Mar 26 01:07:39.357417 np0000160897 neutron-periodic-workers[104896]: DEBUG cotyledon.oslo_config_glue [-] ovn.ovn_sb_ca_cert = /opt/stack/data/CA/int-ca/ca-chain.pem {{(pid=104896) log_opt_values /opt/stack/data/venv/lib/python3.12/site-packages/oslo_config/cfg.py:3006}}
Mar 26 01:07:39.357446 np0000160897 neutron-periodic-workers[104896]: DEBUG cotyledon.oslo_config_glue [-] ovn.ovn_sb_certificate = /opt/stack/data/CA/int-ca/devstack-cert.crt {{(pid=104896) log_opt_values /opt/stack/data/venv/lib/python3.12/site-packages/oslo_config/cfg.py:3006}}
Mar 26 01:07:39.357496 np0000160897 neutron-periodic-workers[104896]: DEBUG cotyledon.oslo_config_glue [-] ovn.ovn_sb_connection = ['ssl:199.19.213.3:6642'] {{(pid=104896) log_opt_values /opt/stack/data/venv/lib/python3.12/site-packages/oslo_config/cfg.py:3006}}
Mar 26 01:07:39.357527 np0000160897 neutron-periodic-workers[104896]: DEBUG cotyledon.oslo_config_glue [-] ovn.ovn_sb_private_key = /opt/stack/data/CA/int-ca/private/devstack-cert.key {{(pid=104896) log_opt_values /opt/stack/data/venv/lib/python3.12/site-packages/oslo_config/cfg.py:3006}}
Mar 26 01:07:39.357575 np0000160897 neutron-periodic-workers[104896]: DEBUG cotyledon.oslo_config_glue [-] ovn.ovs_create_tap = False {{(pid=104896) log_opt_values /opt/stack/data/venv/lib/python3.12/site-packages/oslo_config/cfg.py:3006}}
Mar 26 01:07:39.357610 np0000160897 neutron-periodic-workers[104896]: DEBUG cotyledon.oslo_config_glue [-] ovn.ovsdb_connection_timeout = 180 {{(pid=104896) log_opt_values /opt/stack/data/venv/lib/python3.12/site-packages/oslo_config/cfg.py:3006}}
Mar 26 01:07:39.357643 np0000160897 neutron-periodic-workers[104896]: DEBUG cotyledon.oslo_config_glue [-] ovn.ovsdb_log_level = INFO {{(pid=104896) log_opt_values /opt/stack/data/venv/lib/python3.12/site-packages/oslo_config/cfg.py:3006}}
Mar 26 01:07:39.357692 np0000160897 neutron-periodic-workers[104896]: DEBUG cotyledon.oslo_config_glue [-] ovn.ovsdb_probe_interval = 60000 {{(pid=104896) log_opt_values /opt/stack/data/venv/lib/python3.12/site-packages/oslo_config/cfg.py:3006}}
Mar 26 01:07:39.357721 np0000160897 neutron-periodic-workers[104896]: DEBUG cotyledon.oslo_config_glue [-] ovn.ovsdb_retry_max_interval = 180 {{(pid=104896) log_opt_values /opt/stack/data/venv/lib/python3.12/site-packages/oslo_config/cfg.py:3006}}
Mar 26 01:07:39.357769 np0000160897 neutron-periodic-workers[104896]: DEBUG cotyledon.oslo_config_glue [-] ovn.stateless_nat_enabled = False {{(pid=104896) log_opt_values /opt/stack/data/venv/lib/python3.12/site-packages/oslo_config/cfg.py:3006}}
Mar 26 01:07:39.357817 np0000160897 neutron-periodic-workers[104896]: DEBUG cotyledon.oslo_config_glue [-] ovn.vhost_sock_dir = /var/run/openvswitch {{(pid=104896) log_opt_values /opt/stack/data/venv/lib/python3.12/site-packages/oslo_config/cfg.py:3006}}
Mar 26 01:07:39.357870 np0000160897 neutron-periodic-workers[104896]: DEBUG cotyledon.oslo_config_glue [-] OVS.bridge_mac_table_size = 50000 {{(pid=104896) log_opt_values /opt/stack/data/venv/lib/python3.12/site-packages/oslo_config/cfg.py:3006}}
Mar 26 01:07:39.357917 np0000160897 neutron-periodic-workers[104896]: DEBUG cotyledon.oslo_config_glue [-] OVS.igmp_flood = False {{(pid=104896) log_opt_values /opt/stack/data/venv/lib/python3.12/site-packages/oslo_config/cfg.py:3006}}
Mar 26 01:07:39.357967 np0000160897 neutron-periodic-workers[104896]: DEBUG cotyledon.oslo_config_glue [-] OVS.igmp_flood_reports = True {{(pid=104896) log_opt_values /opt/stack/data/venv/lib/python3.12/site-packages/oslo_config/cfg.py:3006}}
Mar 26 01:07:39.358022 np0000160897 neutron-periodic-workers[104896]: DEBUG cotyledon.oslo_config_glue [-] OVS.igmp_flood_unregistered = False {{(pid=104896) log_opt_values /opt/stack/data/venv/lib/python3.12/site-packages/oslo_config/cfg.py:3006}}
Mar 26 01:07:39.358056 np0000160897 neutron-periodic-workers[104896]: DEBUG cotyledon.oslo_config_glue [-] OVS.igmp_snooping_enable = False {{(pid=104896) log_opt_values /opt/stack/data/venv/lib/python3.12/site-packages/oslo_config/cfg.py:3006}}
Mar 26 01:07:39.358106 np0000160897 neutron-periodic-workers[104896]: DEBUG cotyledon.oslo_config_glue [-] OVS.ovsdb_timeout = 10 {{(pid=104896) log_opt_values /opt/stack/data/venv/lib/python3.12/site-packages/oslo_config/cfg.py:3006}}
Mar 26 01:07:39.358167 np0000160897 neutron-periodic-workers[104896]: DEBUG cotyledon.oslo_config_glue [-] ovn_nb_global.fdb_removal_limit = 0 {{(pid=104896) log_opt_values /opt/stack/data/venv/lib/python3.12/site-packages/oslo_config/cfg.py:3006}}
Mar 26 01:07:39.358217 np0000160897 neutron-periodic-workers[104896]: DEBUG cotyledon.oslo_config_glue [-] ovn_nb_global.ignore_lsp_down = False {{(pid=104896) log_opt_values /opt/stack/data/venv/lib/python3.12/site-packages/oslo_config/cfg.py:3006}}
Mar 26 01:07:39.358264 np0000160897 neutron-periodic-workers[104896]: DEBUG cotyledon.oslo_config_glue [-] ovn_nb_global.mac_binding_removal_limit = 0 {{(pid=104896) log_opt_values /opt/stack/data/venv/lib/python3.12/site-packages/oslo_config/cfg.py:3006}}
Mar 26 01:07:39.358294 np0000160897 neutron-periodic-workers[104896]: DEBUG cotyledon.oslo_config_glue [-] ******************************************************************************** {{(pid=104896) log_opt_values /opt/stack/data/venv/lib/python3.12/site-packages/oslo_config/cfg.py:3013}}
Mar 26 01:07:39.358456 np0000160897 neutron-periodic-workers[104896]: DEBUG cotyledon._service_worker [-] Run service ServiceWrapper(0) [104896] {{(pid=104896) wait_forever /opt/stack/data/venv/lib/python3.12/site-packages/cotyledon/_service_worker.py:218}}
Mar 26 01:07:48.993903 np0000160897 neutron-periodic-workers[104137]: DEBUG dbcounter [-] [104137] Writing DB stats neutron:SELECT=4 {{(pid=104137) stat_writer /opt/stack/data/venv/lib/python3.12/site-packages/dbcounter.py:115}}
Mar 26 01:08:22.345771 np0000160897 neutron-periodic-workers[104885]: DEBUG oslo_db.sqlalchemy.engines [None req-de70ac6d-ef5d-4c1e-899b-e5688e2363a3 None None] Parent process 104137 forked (104885) with an open database connection, which is being discarded and recreated. {{(pid=104885) checkout /opt/stack/data/venv/lib/python3.12/site-packages/oslo_db/sqlalchemy/engines.py:402}}
Mar 26 01:08:22.355085 np0000160897 neutron-periodic-workers[104885]: DEBUG dbcounter [-] [104885] Writer thread running {{(pid=104885) stat_writer /opt/stack/data/venv/lib/python3.12/site-packages/dbcounter.py:102}}
Mar 26 01:08:22.359223 np0000160897 neutron-periodic-workers[104885]: DEBUG neutron.db.agents_db [None req-de70ac6d-ef5d-4c1e-899b-e5688e2363a3 None None] Agent healthcheck: found 0 active agents {{(pid=104885) agent_health_check /opt/stack/neutron/neutron/db/agents_db.py:317}}
Mar 26 01:08:22.359449 np0000160897 neutron-periodic-workers[104885]: DEBUG oslo.service.backend._threading.loopingcall [None req-de70ac6d-ef5d-4c1e-899b-e5688e2363a3 None None] Fixed interval looping call 'neutron.plugins.ml2.plugin.AgentDbMixin.agent_health_check' sleeping for 36.98 seconds {{(pid=104885) _run_loop /opt/stack/data/venv/lib/python3.12/site-packages/oslo_service/backend/_threading/loopingcall.py:125}}
Mar 26 01:08:25.342143 np0000160897 neutron-periodic-workers[104869]: DEBUG dbcounter [-] [104869] Writer thread running {{(pid=104869) stat_writer /opt/stack/data/venv/lib/python3.12/site-packages/dbcounter.py:102}}
Mar 26 01:08:25.351158 np0000160897 neutron-periodic-workers[104869]: DEBUG oslo.service.backend._threading.loopingcall [None req-ce2a23bb-6fdc-4722-b0f7-481b9aa45ec7 None None] Fixed interval looping call 'neutron.services.ovn_l3.plugin.L3_NAT_dbonly_mixin._clean_garbage' sleeping for 299.95 seconds {{(pid=104869) _run_loop /opt/stack/data/venv/lib/python3.12/site-packages/oslo_service/backend/_threading/loopingcall.py:125}}
Mar 26 01:08:32.355877 np0000160897 neutron-periodic-workers[104885]: DEBUG dbcounter [-] [104885] Writing DB stats neutron:SELECT=1 {{(pid=104885) stat_writer /opt/stack/data/venv/lib/python3.12/site-packages/dbcounter.py:115}}
Mar 26 01:08:35.342690 np0000160897 neutron-periodic-workers[104869]: DEBUG dbcounter [-] [104869] Writing DB stats neutron:SELECT=1 {{(pid=104869) stat_writer /opt/stack/data/venv/lib/python3.12/site-packages/dbcounter.py:115}}
Mar 26 01:08:46.338693 np0000160897 neutron-periodic-workers[104878]: DEBUG dbcounter [-] [104878] Writer thread running {{(pid=104878) stat_writer /opt/stack/data/venv/lib/python3.12/site-packages/dbcounter.py:102}}
Mar 26 01:08:46.351250 np0000160897 neutron-periodic-workers[104878]: DEBUG oslo.service.backend._threading.loopingcall [None req-26bbe95b-9f57-483b-bd4e-ae1936c84cb6 None None] Fixed interval looping call 'neutron.plugins.ml2.plugin.DhcpAgentSchedulerDbMixin.remove_networks_from_down_agents' sleeping for 36.97 seconds {{(pid=104878) _run_loop /opt/stack/data/venv/lib/python3.12/site-packages/oslo_service/backend/_threading/loopingcall.py:125}}
Mar 26 01:08:56.350548 np0000160897 neutron-periodic-workers[104878]: DEBUG dbcounter [-] [104878] Writing DB stats neutron:SELECT=3 {{(pid=104878) stat_writer /opt/stack/data/venv/lib/python3.12/site-packages/dbcounter.py:115}}
Mar 26 01:08:59.344718 np0000160897 neutron-periodic-workers[104885]: DEBUG neutron.db.agents_db [None req-de70ac6d-ef5d-4c1e-899b-e5688e2363a3 None None] Agent healthcheck: found 0 active agents {{(pid=104885) agent_health_check /opt/stack/neutron/neutron/db/agents_db.py:317}}
Mar 26 01:08:59.345558 np0000160897 neutron-periodic-workers[104885]: DEBUG oslo.service.backend._threading.loopingcall [None req-de70ac6d-ef5d-4c1e-899b-e5688e2363a3 None None] Fixed interval looping call 'neutron.plugins.ml2.plugin.AgentDbMixin.agent_health_check' sleeping for 36.99 seconds {{(pid=104885) _run_loop /opt/stack/data/venv/lib/python3.12/site-packages/oslo_service/backend/_threading/loopingcall.py:125}}
Mar 26 01:09:09.343297 np0000160897 neutron-periodic-workers[104885]: DEBUG dbcounter [-] [104885] Writing DB stats neutron:SELECT=1 {{(pid=104885) stat_writer /opt/stack/data/venv/lib/python3.12/site-packages/dbcounter.py:115}}
Mar 26 01:09:23.333902 np0000160897 neutron-periodic-workers[104878]: DEBUG oslo.service.backend._threading.loopingcall [None req-26bbe95b-9f57-483b-bd4e-ae1936c84cb6 None None] Fixed interval looping call 'neutron.plugins.ml2.plugin.DhcpAgentSchedulerDbMixin.remove_networks_from_down_agents' sleeping for 36.99 seconds {{(pid=104878) _run_loop /opt/stack/data/venv/lib/python3.12/site-packages/oslo_service/backend/_threading/loopingcall.py:125}}
Mar 26 01:09:33.331573 np0000160897 neutron-periodic-workers[104878]: DEBUG dbcounter [-] [104878] Writing DB stats neutron:SELECT=3 {{(pid=104878) stat_writer /opt/stack/data/venv/lib/python3.12/site-packages/dbcounter.py:115}}
Mar 26 01:09:36.340560 np0000160897 neutron-periodic-workers[104885]: DEBUG neutron.db.agents_db [None req-de70ac6d-ef5d-4c1e-899b-e5688e2363a3 None None] Agent healthcheck: found 0 active agents {{(pid=104885) agent_health_check /opt/stack/neutron/neutron/db/agents_db.py:317}}
Mar 26 01:09:36.341289 np0000160897 neutron-periodic-workers[104885]: DEBUG oslo.service.backend._threading.loopingcall [None req-de70ac6d-ef5d-4c1e-899b-e5688e2363a3 None None] Fixed interval looping call 'neutron.plugins.ml2.plugin.AgentDbMixin.agent_health_check' sleeping for 36.99 seconds {{(pid=104885) _run_loop /opt/stack/data/venv/lib/python3.12/site-packages/oslo_service/backend/_threading/loopingcall.py:125}}
Mar 26 01:09:39.375208 np0000160897 neutron-periodic-workers[104896]: DEBUG dbcounter [-] [104896] Writer thread running {{(pid=104896) stat_writer /opt/stack/data/venv/lib/python3.12/site-packages/dbcounter.py:102}}
Mar 26 01:09:39.377072 np0000160897 neutron-periodic-workers[104896]: DEBUG oslo.service.backend._threading.loopingcall [None req-33576035-935c-4955-8a9b-ec6927c0b60d None None] Fixed interval looping call 'neutron.db.quota.driver_nolock.DbQuotaNoLockDriver._remove_expired_reservations' sleeping for 119.98 seconds {{(pid=104896) _run_loop /opt/stack/data/venv/lib/python3.12/site-packages/oslo_service/backend/_threading/loopingcall.py:125}}
Mar 26 01:09:46.338322 np0000160897 neutron-periodic-workers[104885]: DEBUG dbcounter [-] [104885] Writing DB stats neutron:SELECT=1 {{(pid=104885) stat_writer /opt/stack/data/venv/lib/python3.12/site-packages/dbcounter.py:115}}
Mar 26 01:09:49.375809 np0000160897 neutron-periodic-workers[104896]: DEBUG dbcounter [-] [104896] Writing DB stats neutron:DELETE=1 {{(pid=104896) stat_writer /opt/stack/data/venv/lib/python3.12/site-packages/dbcounter.py:115}}
Mar 26 01:10:00.335333 np0000160897 neutron-periodic-workers[104878]: DEBUG oslo.service.backend._threading.loopingcall [None req-26bbe95b-9f57-483b-bd4e-ae1936c84cb6 None None] Fixed interval looping call 'neutron.plugins.ml2.plugin.DhcpAgentSchedulerDbMixin.remove_networks_from_down_agents' sleeping for 36.99 seconds {{(pid=104878) _run_loop /opt/stack/data/venv/lib/python3.12/site-packages/oslo_service/backend/_threading/loopingcall.py:125}}
Mar 26 01:10:10.333609 np0000160897 neutron-periodic-workers[104878]: DEBUG dbcounter [-] [104878] Writing DB stats neutron:SELECT=3 {{(pid=104878) stat_writer /opt/stack/data/venv/lib/python3.12/site-packages/dbcounter.py:115}}
Mar 26 01:10:13.336181 np0000160897 neutron-periodic-workers[104885]: DEBUG neutron.db.agents_db [None req-de70ac6d-ef5d-4c1e-899b-e5688e2363a3 None None] Agent healthcheck: found 0 active agents {{(pid=104885) agent_health_check /opt/stack/neutron/neutron/db/agents_db.py:317}}
Mar 26 01:10:13.336628 np0000160897 neutron-periodic-workers[104885]: DEBUG oslo.service.backend._threading.loopingcall [None req-de70ac6d-ef5d-4c1e-899b-e5688e2363a3 None None] Fixed interval looping call 'neutron.plugins.ml2.plugin.AgentDbMixin.agent_health_check' sleeping for 36.99 seconds {{(pid=104885) _run_loop /opt/stack/data/venv/lib/python3.12/site-packages/oslo_service/backend/_threading/loopingcall.py:125}}
Mar 26 01:10:23.334615 np0000160897 neutron-periodic-workers[104885]: DEBUG dbcounter [-] [104885] Writing DB stats neutron:SELECT=1 {{(pid=104885) stat_writer /opt/stack/data/venv/lib/python3.12/site-packages/dbcounter.py:115}}
Mar 26 01:10:37.336623 np0000160897 neutron-periodic-workers[104878]: DEBUG oslo.service.backend._threading.loopingcall [None req-26bbe95b-9f57-483b-bd4e-ae1936c84cb6 None None] Fixed interval looping call 'neutron.plugins.ml2.plugin.DhcpAgentSchedulerDbMixin.remove_networks_from_down_agents' sleeping for 36.99 seconds {{(pid=104878) _run_loop /opt/stack/data/venv/lib/python3.12/site-packages/oslo_service/backend/_threading/loopingcall.py:125}}
Mar 26 01:10:47.334806 np0000160897 neutron-periodic-workers[104878]: DEBUG dbcounter [-] [104878] Writing DB stats neutron:SELECT=3 {{(pid=104878) stat_writer /opt/stack/data/venv/lib/python3.12/site-packages/dbcounter.py:115}}
Mar 26 01:10:50.332187 np0000160897 neutron-periodic-workers[104885]: DEBUG neutron.db.agents_db [None req-de70ac6d-ef5d-4c1e-899b-e5688e2363a3 None None] Agent healthcheck: found 0 active agents {{(pid=104885) agent_health_check /opt/stack/neutron/neutron/db/agents_db.py:317}}
Mar 26 01:10:50.332739 np0000160897 neutron-periodic-workers[104885]: DEBUG oslo.service.backend._threading.loopingcall [None req-de70ac6d-ef5d-4c1e-899b-e5688e2363a3 None None] Fixed interval looping call 'neutron.plugins.ml2.plugin.AgentDbMixin.agent_health_check' sleeping for 36.99 seconds {{(pid=104885) _run_loop /opt/stack/data/venv/lib/python3.12/site-packages/oslo_service/backend/_threading/loopingcall.py:125}}
Mar 26 01:11:00.330439 np0000160897 neutron-periodic-workers[104885]: DEBUG dbcounter [-] [104885] Writing DB stats neutron:SELECT=1 {{(pid=104885) stat_writer /opt/stack/data/venv/lib/python3.12/site-packages/dbcounter.py:115}}
Mar 26 01:11:14.337607 np0000160897 neutron-periodic-workers[104878]: DEBUG oslo.service.backend._threading.loopingcall [None req-26bbe95b-9f57-483b-bd4e-ae1936c84cb6 None None] Fixed interval looping call 'neutron.plugins.ml2.plugin.DhcpAgentSchedulerDbMixin.remove_networks_from_down_agents' sleeping for 36.99 seconds {{(pid=104878) _run_loop /opt/stack/data/venv/lib/python3.12/site-packages/oslo_service/backend/_threading/loopingcall.py:125}}
Mar 26 01:11:24.336243 np0000160897 neutron-periodic-workers[104878]: DEBUG dbcounter [-] [104878] Writing DB stats neutron:SELECT=3 {{(pid=104878) stat_writer /opt/stack/data/venv/lib/python3.12/site-packages/dbcounter.py:115}}
Mar 26 01:11:27.328812 np0000160897 neutron-periodic-workers[104885]: DEBUG neutron.db.agents_db [None req-de70ac6d-ef5d-4c1e-899b-e5688e2363a3 None None] Agent healthcheck: found 0 active agents {{(pid=104885) agent_health_check /opt/stack/neutron/neutron/db/agents_db.py:317}}
Mar 26 01:11:27.329509 np0000160897 neutron-periodic-workers[104885]: DEBUG oslo.service.backend._threading.loopingcall [None req-de70ac6d-ef5d-4c1e-899b-e5688e2363a3 None None] Fixed interval looping call 'neutron.plugins.ml2.plugin.AgentDbMixin.agent_health_check' sleeping for 36.99 seconds {{(pid=104885) _run_loop /opt/stack/data/venv/lib/python3.12/site-packages/oslo_service/backend/_threading/loopingcall.py:125}}
Mar 26 01:11:37.327337 np0000160897 neutron-periodic-workers[104885]: DEBUG dbcounter [-] [104885] Writing DB stats neutron:SELECT=1 {{(pid=104885) stat_writer /opt/stack/data/venv/lib/python3.12/site-packages/dbcounter.py:115}}
Mar 26 01:11:39.361723 np0000160897 neutron-periodic-workers[104896]: DEBUG oslo.service.backend._threading.loopingcall [None req-33576035-935c-4955-8a9b-ec6927c0b60d None None] Fixed interval looping call 'neutron.db.quota.driver_nolock.DbQuotaNoLockDriver._remove_expired_reservations' sleeping for 120.00 seconds {{(pid=104896) _run_loop /opt/stack/data/venv/lib/python3.12/site-packages/oslo_service/backend/_threading/loopingcall.py:125}}
Mar 26 01:11:49.360834 np0000160897 neutron-periodic-workers[104896]: DEBUG dbcounter [-] [104896] Writing DB stats neutron:DELETE=1 {{(pid=104896) stat_writer /opt/stack/data/venv/lib/python3.12/site-packages/dbcounter.py:115}}
Mar 26 01:11:51.339538 np0000160897 neutron-periodic-workers[104878]: DEBUG oslo.service.backend._threading.loopingcall [None req-26bbe95b-9f57-483b-bd4e-ae1936c84cb6 None None] Fixed interval looping call 'neutron.plugins.ml2.plugin.DhcpAgentSchedulerDbMixin.remove_networks_from_down_agents' sleeping for 36.99 seconds {{(pid=104878) _run_loop /opt/stack/data/venv/lib/python3.12/site-packages/oslo_service/backend/_threading/loopingcall.py:125}}
Mar 26 01:12:01.337874 np0000160897 neutron-periodic-workers[104878]: DEBUG dbcounter [-] [104878] Writing DB stats neutron:SELECT=3 {{(pid=104878) stat_writer /opt/stack/data/venv/lib/python3.12/site-packages/dbcounter.py:115}}
Mar 26 01:12:04.339853 np0000160897 neutron-periodic-workers[104885]: DEBUG neutron.db.agents_db [None req-de70ac6d-ef5d-4c1e-899b-e5688e2363a3 None None] Agent healthcheck: found 0 active agents {{(pid=104885) agent_health_check /opt/stack/neutron/neutron/db/agents_db.py:317}}
Mar 26 01:12:04.339853 np0000160897 neutron-periodic-workers[104885]: DEBUG oslo.service.backend._threading.loopingcall [None req-de70ac6d-ef5d-4c1e-899b-e5688e2363a3 None None] Fixed interval looping call 'neutron.plugins.ml2.plugin.AgentDbMixin.agent_health_check' sleeping for 36.98 seconds {{(pid=104885) _run_loop /opt/stack/data/venv/lib/python3.12/site-packages/oslo_service/backend/_threading/loopingcall.py:125}}
Mar 26 01:12:14.323106 np0000160897 neutron-periodic-workers[104885]: DEBUG dbcounter [-] [104885] Writing DB stats neutron:SELECT=1 {{(pid=104885) stat_writer /opt/stack/data/venv/lib/python3.12/site-packages/dbcounter.py:115}}
Mar 26 01:12:28.340114 np0000160897 neutron-periodic-workers[104878]: DEBUG oslo.service.backend._threading.loopingcall [None req-26bbe95b-9f57-483b-bd4e-ae1936c84cb6 None None] Fixed interval looping call 'neutron.plugins.ml2.plugin.DhcpAgentSchedulerDbMixin.remove_networks_from_down_agents' sleeping for 36.99 seconds {{(pid=104878) _run_loop /opt/stack/data/venv/lib/python3.12/site-packages/oslo_service/backend/_threading/loopingcall.py:125}}
Mar 26 01:12:38.338976 np0000160897 neutron-periodic-workers[104878]: DEBUG dbcounter [-] [104878] Writing DB stats neutron:SELECT=3 {{(pid=104878) stat_writer /opt/stack/data/venv/lib/python3.12/site-packages/dbcounter.py:115}}
Mar 26 01:12:41.324514 np0000160897 neutron-periodic-workers[104885]: DEBUG neutron.db.agents_db [None req-de70ac6d-ef5d-4c1e-899b-e5688e2363a3 None None] Agent healthcheck: found 0 active agents {{(pid=104885) agent_health_check /opt/stack/neutron/neutron/db/agents_db.py:317}}
Mar 26 01:12:41.325812 np0000160897 neutron-periodic-workers[104885]: DEBUG oslo.service.backend._threading.loopingcall [None req-de70ac6d-ef5d-4c1e-899b-e5688e2363a3 None None] Fixed interval looping call 'neutron.plugins.ml2.plugin.AgentDbMixin.agent_health_check' sleeping for 37.00 seconds {{(pid=104885) _run_loop /opt/stack/data/venv/lib/python3.12/site-packages/oslo_service/backend/_threading/loopingcall.py:125}}
Mar 26 01:12:51.322950 np0000160897 neutron-periodic-workers[104885]: DEBUG dbcounter [-] [104885] Writing DB stats neutron:SELECT=1 {{(pid=104885) stat_writer /opt/stack/data/venv/lib/python3.12/site-packages/dbcounter.py:115}}
Mar 26 01:13:05.340359 np0000160897 neutron-periodic-workers[104878]: DEBUG oslo.service.backend._threading.loopingcall [None req-26bbe95b-9f57-483b-bd4e-ae1936c84cb6 None None] Fixed interval looping call 'neutron.plugins.ml2.plugin.DhcpAgentSchedulerDbMixin.remove_networks_from_down_agents' sleeping for 36.99 seconds {{(pid=104878) _run_loop /opt/stack/data/venv/lib/python3.12/site-packages/oslo_service/backend/_threading/loopingcall.py:125}}
Mar 26 01:13:15.339400 np0000160897 neutron-periodic-workers[104878]: DEBUG dbcounter [-] [104878] Writing DB stats neutron:SELECT=3 {{(pid=104878) stat_writer /opt/stack/data/venv/lib/python3.12/site-packages/dbcounter.py:115}}
Mar 26 01:13:18.330654 np0000160897 neutron-periodic-workers[104885]: DEBUG neutron.db.agents_db [None req-de70ac6d-ef5d-4c1e-899b-e5688e2363a3 None None] Agent healthcheck: found 0 active agents {{(pid=104885) agent_health_check /opt/stack/neutron/neutron/db/agents_db.py:317}}
Mar 26 01:13:18.331512 np0000160897 neutron-periodic-workers[104885]: DEBUG oslo.service.backend._threading.loopingcall [None req-de70ac6d-ef5d-4c1e-899b-e5688e2363a3 None None] Fixed interval looping call 'neutron.plugins.ml2.plugin.AgentDbMixin.agent_health_check' sleeping for 36.99 seconds {{(pid=104885) _run_loop /opt/stack/data/venv/lib/python3.12/site-packages/oslo_service/backend/_threading/loopingcall.py:125}}
Mar 26 01:13:25.313253 np0000160897 neutron-periodic-workers[104869]: DEBUG oslo.service.backend._threading.loopingcall [None req-ce2a23bb-6fdc-4722-b0f7-481b9aa45ec7 None None] Fixed interval looping call 'neutron.services.ovn_l3.plugin.L3_NAT_dbonly_mixin._clean_garbage' sleeping for 299.99 seconds {{(pid=104869) _run_loop /opt/stack/data/venv/lib/python3.12/site-packages/oslo_service/backend/_threading/loopingcall.py:125}}
Mar 26 01:13:28.329243 np0000160897 neutron-periodic-workers[104885]: DEBUG dbcounter [-] [104885] Writing DB stats neutron:SELECT=1 {{(pid=104885) stat_writer /opt/stack/data/venv/lib/python3.12/site-packages/dbcounter.py:115}}
Mar 26 01:13:35.304909 np0000160897 neutron-periodic-workers[104869]: DEBUG dbcounter [-] [104869] Writing DB stats neutron:SELECT=1 {{(pid=104869) stat_writer /opt/stack/data/venv/lib/python3.12/site-packages/dbcounter.py:115}}
Mar 26 01:13:39.368040 np0000160897 neutron-periodic-workers[104896]: DEBUG oslo.service.backend._threading.loopingcall [None req-33576035-935c-4955-8a9b-ec6927c0b60d None None] Fixed interval looping call 'neutron.db.quota.driver_nolock.DbQuotaNoLockDriver._remove_expired_reservations' sleeping for 119.99 seconds {{(pid=104896) _run_loop /opt/stack/data/venv/lib/python3.12/site-packages/oslo_service/backend/_threading/loopingcall.py:125}}
Mar 26 01:13:42.339326 np0000160897 neutron-periodic-workers[104878]: DEBUG oslo.service.backend._threading.loopingcall [None req-26bbe95b-9f57-483b-bd4e-ae1936c84cb6 None None] Fixed interval looping call 'neutron.plugins.ml2.plugin.DhcpAgentSchedulerDbMixin.remove_networks_from_down_agents' sleeping for 36.99 seconds {{(pid=104878) _run_loop /opt/stack/data/venv/lib/python3.12/site-packages/oslo_service/backend/_threading/loopingcall.py:125}}
Mar 26 01:13:49.366402 np0000160897 neutron-periodic-workers[104896]: DEBUG dbcounter [-] [104896] Writing DB stats neutron:DELETE=1 {{(pid=104896) stat_writer /opt/stack/data/venv/lib/python3.12/site-packages/dbcounter.py:115}}
Mar 26 01:13:52.337601 np0000160897 neutron-periodic-workers[104878]: DEBUG dbcounter [-] [104878] Writing DB stats neutron:SELECT=3 {{(pid=104878) stat_writer /opt/stack/data/venv/lib/python3.12/site-packages/dbcounter.py:115}}
Mar 26 01:13:55.326014 np0000160897 neutron-periodic-workers[104885]: DEBUG neutron.db.agents_db [None req-de70ac6d-ef5d-4c1e-899b-e5688e2363a3 None None] Agent healthcheck: found 0 active agents {{(pid=104885) agent_health_check /opt/stack/neutron/neutron/db/agents_db.py:317}}
Mar 26 01:13:55.326337 np0000160897 neutron-periodic-workers[104885]: DEBUG oslo.service.backend._threading.loopingcall [None req-de70ac6d-ef5d-4c1e-899b-e5688e2363a3 None None] Fixed interval looping call 'neutron.plugins.ml2.plugin.AgentDbMixin.agent_health_check' sleeping for 37.00 seconds {{(pid=104885) _run_loop /opt/stack/data/venv/lib/python3.12/site-packages/oslo_service/backend/_threading/loopingcall.py:125}}
Mar 26 01:14:05.325364 np0000160897 neutron-periodic-workers[104885]: DEBUG dbcounter [-] [104885] Writing DB stats neutron:SELECT=1 {{(pid=104885) stat_writer /opt/stack/data/venv/lib/python3.12/site-packages/dbcounter.py:115}}
Mar 26 01:14:19.335710 np0000160897 neutron-periodic-workers[104878]: DEBUG oslo.service.backend._threading.loopingcall [None req-26bbe95b-9f57-483b-bd4e-ae1936c84cb6 None None] Fixed interval looping call 'neutron.plugins.ml2.plugin.DhcpAgentSchedulerDbMixin.remove_networks_from_down_agents' sleeping for 36.99 seconds {{(pid=104878) _run_loop /opt/stack/data/venv/lib/python3.12/site-packages/oslo_service/backend/_threading/loopingcall.py:125}}
Mar 26 01:14:29.334794 np0000160897 neutron-periodic-workers[104878]: DEBUG dbcounter [-] [104878] Writing DB stats neutron:SELECT=3 {{(pid=104878) stat_writer /opt/stack/data/venv/lib/python3.12/site-packages/dbcounter.py:115}}
Mar 26 01:14:32.333193 np0000160897 neutron-periodic-workers[104885]: DEBUG neutron.db.agents_db [None req-de70ac6d-ef5d-4c1e-899b-e5688e2363a3 None None] Agent healthcheck: found 0 active agents {{(pid=104885) agent_health_check /opt/stack/neutron/neutron/db/agents_db.py:317}}
Mar 26 01:14:32.333919 np0000160897 neutron-periodic-workers[104885]: DEBUG oslo.service.backend._threading.loopingcall [None req-de70ac6d-ef5d-4c1e-899b-e5688e2363a3 None None] Fixed interval looping call 'neutron.plugins.ml2.plugin.AgentDbMixin.agent_health_check' sleeping for 36.99 seconds {{(pid=104885) _run_loop /opt/stack/data/venv/lib/python3.12/site-packages/oslo_service/backend/_threading/loopingcall.py:125}}
Mar 26 01:14:42.330146 np0000160897 neutron-periodic-workers[104885]: DEBUG dbcounter [-] [104885] Writing DB stats neutron:SELECT=1 {{(pid=104885) stat_writer /opt/stack/data/venv/lib/python3.12/site-packages/dbcounter.py:115}}
Mar 26 01:14:56.335176 np0000160897 neutron-periodic-workers[104878]: DEBUG oslo.service.backend._threading.loopingcall [None req-26bbe95b-9f57-483b-bd4e-ae1936c84cb6 None None] Fixed interval looping call 'neutron.plugins.ml2.plugin.DhcpAgentSchedulerDbMixin.remove_networks_from_down_agents' sleeping for 36.99 seconds {{(pid=104878) _run_loop /opt/stack/data/venv/lib/python3.12/site-packages/oslo_service/backend/_threading/loopingcall.py:125}}
Mar 26 01:15:06.335084 np0000160897 neutron-periodic-workers[104878]: DEBUG dbcounter [-] [104878] Writing DB stats neutron:SELECT=3 {{(pid=104878) stat_writer /opt/stack/data/venv/lib/python3.12/site-packages/dbcounter.py:115}}
Mar 26 01:15:09.332886 np0000160897 neutron-periodic-workers[104885]: DEBUG neutron.db.agents_db [None req-de70ac6d-ef5d-4c1e-899b-e5688e2363a3 None None] Agent healthcheck: found 0 active agents {{(pid=104885) agent_health_check /opt/stack/neutron/neutron/db/agents_db.py:317}}
Mar 26 01:15:09.333815 np0000160897 neutron-periodic-workers[104885]: DEBUG oslo.service.backend._threading.loopingcall [None req-de70ac6d-ef5d-4c1e-899b-e5688e2363a3 None None] Fixed interval looping call 'neutron.plugins.ml2.plugin.AgentDbMixin.agent_health_check' sleeping for 36.99 seconds {{(pid=104885) _run_loop /opt/stack/data/venv/lib/python3.12/site-packages/oslo_service/backend/_threading/loopingcall.py:125}}
Mar 26 01:15:19.331829 np0000160897 neutron-periodic-workers[104885]: DEBUG dbcounter [-] [104885] Writing DB stats neutron:SELECT=1 {{(pid=104885) stat_writer /opt/stack/data/venv/lib/python3.12/site-packages/dbcounter.py:115}}
Mar 26 01:15:33.339512 np0000160897 neutron-periodic-workers[104878]: DEBUG oslo.service.backend._threading.loopingcall [None req-26bbe95b-9f57-483b-bd4e-ae1936c84cb6 None None] Fixed interval looping call 'neutron.plugins.ml2.plugin.DhcpAgentSchedulerDbMixin.remove_networks_from_down_agents' sleeping for 36.99 seconds {{(pid=104878) _run_loop /opt/stack/data/venv/lib/python3.12/site-packages/oslo_service/backend/_threading/loopingcall.py:125}}
Mar 26 01:15:39.363864 np0000160897 neutron-periodic-workers[104896]: DEBUG oslo.service.backend._threading.loopingcall [None req-33576035-935c-4955-8a9b-ec6927c0b60d None None] Fixed interval looping call 'neutron.db.quota.driver_nolock.DbQuotaNoLockDriver._remove_expired_reservations' sleeping for 120.00 seconds {{(pid=104896) _run_loop /opt/stack/data/venv/lib/python3.12/site-packages/oslo_service/backend/_threading/loopingcall.py:125}}
Mar 26 01:15:43.338417 np0000160897 neutron-periodic-workers[104878]: DEBUG dbcounter [-] [104878] Writing DB stats neutron:SELECT=3 {{(pid=104878) stat_writer /opt/stack/data/venv/lib/python3.12/site-packages/dbcounter.py:115}}
Mar 26 01:15:46.328625 np0000160897 neutron-periodic-workers[104885]: DEBUG neutron.db.agents_db [None req-de70ac6d-ef5d-4c1e-899b-e5688e2363a3 None None] Agent healthcheck: found 0 active agents {{(pid=104885) agent_health_check /opt/stack/neutron/neutron/db/agents_db.py:317}}
Mar 26 01:15:46.329314 np0000160897 neutron-periodic-workers[104885]: DEBUG oslo.service.backend._threading.loopingcall [None req-de70ac6d-ef5d-4c1e-899b-e5688e2363a3 None None] Fixed interval looping call 'neutron.plugins.ml2.plugin.AgentDbMixin.agent_health_check' sleeping for 36.99 seconds {{(pid=104885) _run_loop /opt/stack/data/venv/lib/python3.12/site-packages/oslo_service/backend/_threading/loopingcall.py:125}}
Mar 26 01:15:49.362327 np0000160897 neutron-periodic-workers[104896]: DEBUG dbcounter [-] [104896] Writing DB stats neutron:DELETE=1 {{(pid=104896) stat_writer /opt/stack/data/venv/lib/python3.12/site-packages/dbcounter.py:115}}
Mar 26 01:15:56.326843 np0000160897 neutron-periodic-workers[104885]: DEBUG dbcounter [-] [104885] Writing DB stats neutron:SELECT=1 {{(pid=104885) stat_writer /opt/stack/data/venv/lib/python3.12/site-packages/dbcounter.py:115}}
Mar 26 01:16:10.338499 np0000160897 neutron-periodic-workers[104878]: DEBUG oslo.service.backend._threading.loopingcall [None req-26bbe95b-9f57-483b-bd4e-ae1936c84cb6 None None] Fixed interval looping call 'neutron.plugins.ml2.plugin.DhcpAgentSchedulerDbMixin.remove_networks_from_down_agents' sleeping for 36.99 seconds {{(pid=104878) _run_loop /opt/stack/data/venv/lib/python3.12/site-packages/oslo_service/backend/_threading/loopingcall.py:125}}
Mar 26 01:16:20.337594 np0000160897 neutron-periodic-workers[104878]: DEBUG dbcounter [-] [104878] Writing DB stats neutron:SELECT=3 {{(pid=104878) stat_writer /opt/stack/data/venv/lib/python3.12/site-packages/dbcounter.py:115}}
Mar 26 01:16:23.324396 np0000160897 neutron-periodic-workers[104885]: DEBUG neutron.db.agents_db [None req-de70ac6d-ef5d-4c1e-899b-e5688e2363a3 None None] Agent healthcheck: found 0 active agents {{(pid=104885) agent_health_check /opt/stack/neutron/neutron/db/agents_db.py:317}}
Mar 26 01:16:23.325260 np0000160897 neutron-periodic-workers[104885]: DEBUG oslo.service.backend._threading.loopingcall [None req-de70ac6d-ef5d-4c1e-899b-e5688e2363a3 None None] Fixed interval looping call 'neutron.plugins.ml2.plugin.AgentDbMixin.agent_health_check' sleeping for 36.99 seconds {{(pid=104885) _run_loop /opt/stack/data/venv/lib/python3.12/site-packages/oslo_service/backend/_threading/loopingcall.py:125}}
Mar 26 01:16:33.322736 np0000160897 neutron-periodic-workers[104885]: DEBUG dbcounter [-] [104885] Writing DB stats neutron:SELECT=1 {{(pid=104885) stat_writer /opt/stack/data/venv/lib/python3.12/site-packages/dbcounter.py:115}}
Mar 26 01:16:47.338663 np0000160897 neutron-periodic-workers[104878]: DEBUG oslo.service.backend._threading.loopingcall [None req-26bbe95b-9f57-483b-bd4e-ae1936c84cb6 None None] Fixed interval looping call 'neutron.plugins.ml2.plugin.DhcpAgentSchedulerDbMixin.remove_networks_from_down_agents' sleeping for 36.99 seconds {{(pid=104878) _run_loop /opt/stack/data/venv/lib/python3.12/site-packages/oslo_service/backend/_threading/loopingcall.py:125}}
Mar 26 01:16:57.343971 np0000160897 neutron-periodic-workers[104878]: DEBUG dbcounter [-] [104878] Writing DB stats neutron:SELECT=3 {{(pid=104878) stat_writer /opt/stack/data/venv/lib/python3.12/site-packages/dbcounter.py:115}}
Mar 26 01:17:00.320909 np0000160897 neutron-periodic-workers[104885]: DEBUG neutron.db.agents_db [None req-de70ac6d-ef5d-4c1e-899b-e5688e2363a3 None None] Agent healthcheck: found 0 active agents {{(pid=104885) agent_health_check /opt/stack/neutron/neutron/db/agents_db.py:317}}
Mar 26 01:17:00.321450 np0000160897 neutron-periodic-workers[104885]: DEBUG oslo.service.backend._threading.loopingcall [None req-de70ac6d-ef5d-4c1e-899b-e5688e2363a3 None None] Fixed interval looping call 'neutron.plugins.ml2.plugin.AgentDbMixin.agent_health_check' sleeping for 36.99 seconds {{(pid=104885) _run_loop /opt/stack/data/venv/lib/python3.12/site-packages/oslo_service/backend/_threading/loopingcall.py:125}}
Mar 26 01:17:10.318716 np0000160897 neutron-periodic-workers[104885]: DEBUG dbcounter [-] [104885] Writing DB stats neutron:SELECT=1 {{(pid=104885) stat_writer /opt/stack/data/venv/lib/python3.12/site-packages/dbcounter.py:115}}
Mar 26 01:17:24.339413 np0000160897 neutron-periodic-workers[104878]: DEBUG oslo.service.backend._threading.loopingcall [None req-26bbe95b-9f57-483b-bd4e-ae1936c84cb6 None None] Fixed interval looping call 'neutron.plugins.ml2.plugin.DhcpAgentSchedulerDbMixin.remove_networks_from_down_agents' sleeping for 36.99 seconds {{(pid=104878) _run_loop /opt/stack/data/venv/lib/python3.12/site-packages/oslo_service/backend/_threading/loopingcall.py:125}}
Mar 26 01:17:34.337324 np0000160897 neutron-periodic-workers[104878]: DEBUG dbcounter [-] [104878] Writing DB stats neutron:SELECT=3 {{(pid=104878) stat_writer /opt/stack/data/venv/lib/python3.12/site-packages/dbcounter.py:115}}
Mar 26 01:17:37.317428 np0000160897 neutron-periodic-workers[104885]: DEBUG neutron.db.agents_db [None req-de70ac6d-ef5d-4c1e-899b-e5688e2363a3 None None] Agent healthcheck: found 0 active agents {{(pid=104885) agent_health_check /opt/stack/neutron/neutron/db/agents_db.py:317}}
Mar 26 01:17:37.317961 np0000160897 neutron-periodic-workers[104885]: DEBUG oslo.service.backend._threading.loopingcall [None req-de70ac6d-ef5d-4c1e-899b-e5688e2363a3 None None] Fixed interval looping call 'neutron.plugins.ml2.plugin.AgentDbMixin.agent_health_check' sleeping for 36.99 seconds {{(pid=104885) _run_loop /opt/stack/data/venv/lib/python3.12/site-packages/oslo_service/backend/_threading/loopingcall.py:125}}
