2026-05-20 07:12:58.309 10 WARNING neutron.api.rpc.agentnotifiers.dhcp_rpc_agent_api [None req-80d6069b-a8dd-461d-a4ab-d35e39f079b3 909a59eedeca4bb984ab315b403561cb f8eb00d3bfb34ea9824e10e8d2a36a97 - - default default] Unable to schedule network 86deaa56-f3e6-4105-be4c-50df309bda77: no agents available; will retry on subsequent port and subnet creation events.
2026-05-20 07:12:58.664 10 INFO neutron.db.ovn_revision_numbers_db [None req-80d6069b-a8dd-461d-a4ab-d35e39f079b3 909a59eedeca4bb984ab315b403561cb f8eb00d3bfb34ea9824e10e8d2a36a97 - - default default] Successfully bumped revision number for resource ef6fd243-0af6-463c-82ff-a2a7d6a21cbb (type: router_ports) to 1
2026-05-20 07:12:58.669 10 INFO neutron.api.wsgi [None req-80d6069b-a8dd-461d-a4ab-d35e39f079b3 909a59eedeca4bb984ab315b403561cb f8eb00d3bfb34ea9824e10e8d2a36a97 - - default default] 10.0.0.205 "PUT /v2.0/routers/55a8fb61-ed9d-40a9-b000-645c99c77ea0/add_router_interface HTTP/1.1" status: 200 len: 503 time: 1.9074683
2026-05-20 07:12:58.802 9 WARNING neutron.plugins.ml2.drivers.ovn.mech_driver.ovsdb.ovn_client [None req-d5541406-58e2-404f-8dd6-c431f4e2ce9d - - - - - -] No hosting information found for port 3ca88626-0dc1-491c-82e7-b0687e232b3e: RuntimeError: No hosting information found for port 3ca88626-0dc1-491c-82e7-b0687e232b3e
2026-05-20 07:12:58.803 9 INFO neutron.plugins.ml2.drivers.ovn.mech_driver.mech_driver [None req-d5541406-58e2-404f-8dd6-c431f4e2ce9d - - - - - -] OVN reports status up for port: 3eb8352b-cc11-422c-ab42-1cea3621b3d6
2026-05-20 07:12:58.808 9 INFO neutron.plugins.ml2.plugin [None req-d5541406-58e2-404f-8dd6-c431f4e2ce9d - - - - - -] Attempt 1 to provision port 3eb8352b-cc11-422c-ab42-1cea3621b3d6
2026-05-20 07:12:58.810 9 INFO neutron.db.ovn_revision_numbers_db [None req-00543f80-2d1f-4d9a-9adc-0dea5801983e - - - - - -] Successfully bumped revision number for resource 3eb8352b-cc11-422c-ab42-1cea3621b3d6 (type: router_ports) to 1
2026-05-20 07:12:59.060 9 WARNING neutron.scheduler.dhcp_agent_scheduler [None req-00543f80-2d1f-4d9a-9adc-0dea5801983e - - - - - -] No more DHCP agents
2026-05-20 07:12:59.062 9 WARNING neutron.api.rpc.agentnotifiers.dhcp_rpc_agent_api [None req-00543f80-2d1f-4d9a-9adc-0dea5801983e - - - - - -] Unable to schedule network 142f6b73-e573-4340-becf-14349c5b30cc: no agents available; will retry on subsequent port and subnet creation events.
2026-05-20 07:12:59.223 10 WARNING neutron.scheduler.dhcp_agent_scheduler [None req-a9208f9c-d9c6-43b8-921a-1eb107c6a06a 909a59eedeca4bb984ab315b403561cb f8eb00d3bfb34ea9824e10e8d2a36a97 - - default default] No more DHCP agents
2026-05-20 07:12:59.225 10 WARNING neutron.api.rpc.agentnotifiers.dhcp_rpc_agent_api [None req-a9208f9c-d9c6-43b8-921a-1eb107c6a06a 909a59eedeca4bb984ab315b403561cb f8eb00d3bfb34ea9824e10e8d2a36a97 - - default default] Unable to schedule network 9b3b7f7b-44a9-40e6-8e43-c9aa4d270426: no agents available; will retry on subsequent port and subnet creation events.
2026-05-20 07:12:59.246 9 INFO neutron.db.ovn_revision_numbers_db [None req-d5541406-58e2-404f-8dd6-c431f4e2ce9d - - - - - -] Successfully bumped revision number for resource 3eb8352b-cc11-422c-ab42-1cea3621b3d6 (type: ports) to 2
2026-05-20 07:12:59.248 9 INFO neutron.db.ovn_revision_numbers_db [None req-00543f80-2d1f-4d9a-9adc-0dea5801983e - - - - - -] Successfully bumped revision number for resource 6510e8de-27d2-4f2d-82d3-a6bba05132f8 (type: ports) to 1
2026-05-20 07:12:59.350 10 INFO neutron.db.ovn_revision_numbers_db [None req-a9208f9c-d9c6-43b8-921a-1eb107c6a06a 909a59eedeca4bb984ab315b403561cb f8eb00d3bfb34ea9824e10e8d2a36a97 - - default default] Successfully bumped revision number for resource 1cd7a969-f1a1-4f54-b595-d69a2a887c9b (type: ports) to 1
2026-05-20 07:12:59.460 9 INFO neutron.db.ovn_revision_numbers_db [None req-00543f80-2d1f-4d9a-9adc-0dea5801983e - - - - - -] Successfully bumped revision number for resource 6510e8de-27d2-4f2d-82d3-a6bba05132f8 (type: ports) to 3
2026-05-20 07:13:00.080 9 INFO neutron.api.wsgi [None req-49948547-e120-4336-a0a8-e6c7f7b165f1 8114c7197d744f218c85d829831db572 09199fd016314267b00ab70feece052f - - default default] 10.0.0.205 "POST /v2.0/vpn/vpnservices HTTP/1.1" status: 201 len: 657 time: 4.3303525
2026-05-20 07:13:00.090 9 WARNING neutron_lib.context [None req-63d0ae8b-fd27-47f2-8498-9e04e9bcb838 8114c7197d744f218c85d829831db572 09199fd016314267b00ab70feece052f - - default default] Method 'is_advsvc' is deprecated since 2023.2 release (neutron-lib 3.8.0) and will be removed once support for the old RBAC API policies will be removed from Neutron. Please use method 'is_service_role' instead.
2026-05-20 07:13:00.090 10 INFO neutron.db.ovn_revision_numbers_db [None req-a9208f9c-d9c6-43b8-921a-1eb107c6a06a 909a59eedeca4bb984ab315b403561cb f8eb00d3bfb34ea9824e10e8d2a36a97 - - default default] Successfully bumped revision number for resource 1cd7a969-f1a1-4f54-b595-d69a2a887c9b (type: ports) to 1
2026-05-20 07:13:00.143 10 WARNING neutron.scheduler.dhcp_agent_scheduler [None req-a9208f9c-d9c6-43b8-921a-1eb107c6a06a 909a59eedeca4bb984ab315b403561cb f8eb00d3bfb34ea9824e10e8d2a36a97 - - default default] No more DHCP agents
2026-05-20 07:13:00.145 10 WARNING neutron.api.rpc.agentnotifiers.dhcp_rpc_agent_api [None req-a9208f9c-d9c6-43b8-921a-1eb107c6a06a 909a59eedeca4bb984ab315b403561cb f8eb00d3bfb34ea9824e10e8d2a36a97 - - default default] Unable to schedule network 9b3b7f7b-44a9-40e6-8e43-c9aa4d270426: no agents available; will retry on subsequent port and subnet creation events.
2026-05-20 07:13:00.384 9 INFO neutron.api.wsgi [None req-63d0ae8b-fd27-47f2-8498-9e04e9bcb838 8114c7197d744f218c85d829831db572 09199fd016314267b00ab70feece052f - - default default] 10.0.0.205 "POST /v2.0/vpn/vpnservices HTTP/1.1" status: 201 len: 623 time: 0.2976418
2026-05-20 07:13:00.392 9 WARNING neutron_lib.context [None req-a44de234-71f7-46a0-b550-7ea1ce4fafb7 8114c7197d744f218c85d829831db572 09199fd016314267b00ab70feece052f - - default default] Method 'is_advsvc' is deprecated since 2023.2 release (neutron-lib 3.8.0) and will be removed once support for the old RBAC API policies will be removed from Neutron. Please use method 'is_service_role' instead.
2026-05-20 07:13:00.425 9 INFO neutron.api.wsgi [None req-a44de234-71f7-46a0-b550-7ea1ce4fafb7 8114c7197d744f218c85d829831db572 09199fd016314267b00ab70feece052f - - default default] 10.0.0.205 "POST /v2.0/vpn/ikepolicies HTTP/1.1" status: 201 len: 603 time: 0.0365567
2026-05-20 07:13:00.434 10 WARNING neutron_lib.context [None req-66963f7b-686b-4ec5-b9cc-954341ce99cd 8114c7197d744f218c85d829831db572 09199fd016314267b00ab70feece052f - - default default] Method 'is_advsvc' is deprecated since 2023.2 release (neutron-lib 3.8.0) and will be removed once support for the old RBAC API policies will be removed from Neutron. Please use method 'is_service_role' instead.
2026-05-20 07:13:00.467 10 INFO neutron.db.ovn_revision_numbers_db [None req-a9208f9c-d9c6-43b8-921a-1eb107c6a06a 909a59eedeca4bb984ab315b403561cb f8eb00d3bfb34ea9824e10e8d2a36a97 - - default default] Successfully bumped revision number for resource 1cd7a969-f1a1-4f54-b595-d69a2a887c9b (type: router_ports) to 1
2026-05-20 07:13:00.471 10 INFO neutron.api.wsgi [None req-a9208f9c-d9c6-43b8-921a-1eb107c6a06a 909a59eedeca4bb984ab315b403561cb f8eb00d3bfb34ea9824e10e8d2a36a97 - - default default] 10.0.0.205 "PUT /v2.0/routers/55a8fb61-ed9d-40a9-b000-645c99c77ea0/add_router_interface HTTP/1.1" status: 200 len: 503 time: 1.7962046
2026-05-20 07:13:00.474 10 INFO neutron.api.wsgi [None req-66963f7b-686b-4ec5-b9cc-954341ce99cd 8114c7197d744f218c85d829831db572 09199fd016314267b00ab70feece052f - - default default] 10.0.0.205 "POST /v2.0/vpn/ipsecpolicies HTTP/1.1" status: 201 len: 612 time: 0.0442870
2026-05-20 07:13:00.483 9 WARNING neutron_lib.context [None req-5d3424b3-c46f-4f7a-b198-3568d62c8c27 8114c7197d744f218c85d829831db572 09199fd016314267b00ab70feece052f - - default default] Method 'is_advsvc' is deprecated since 2023.2 release (neutron-lib 3.8.0) and will be removed once support for the old RBAC API policies will be removed from Neutron. Please use method 'is_service_role' instead.
2026-05-20 07:13:00.528 9 INFO neutron.api.wsgi [None req-5d3424b3-c46f-4f7a-b198-3568d62c8c27 8114c7197d744f218c85d829831db572 09199fd016314267b00ab70feece052f - - default default] 10.0.0.205 "POST /v2.0/vpn/endpoint-groups HTTP/1.1" status: 201 len: 528 time: 0.0497496
2026-05-20 07:13:00.537 9 WARNING neutron_lib.context [None req-1245de9e-76f0-49f6-b1a6-a5eecc67a161 8114c7197d744f218c85d829831db572 09199fd016314267b00ab70feece052f - - default default] Method 'is_advsvc' is deprecated since 2023.2 release (neutron-lib 3.8.0) and will be removed once support for the old RBAC API policies will be removed from Neutron. Please use method 'is_service_role' instead.
2026-05-20 07:13:00.569 9 INFO neutron.api.wsgi [None req-1245de9e-76f0-49f6-b1a6-a5eecc67a161 8114c7197d744f218c85d829831db572 09199fd016314267b00ab70feece052f - - default default] 10.0.0.205 "POST /v2.0/vpn/endpoint-groups HTTP/1.1" status: 201 len: 519 time: 0.0367825
2026-05-20 07:13:00.579 9 WARNING neutron_lib.context [None req-6e942943-20e7-4174-ab7c-b065e323c635 8114c7197d744f218c85d829831db572 09199fd016314267b00ab70feece052f - - default default] Method 'is_advsvc' is deprecated since 2023.2 release (neutron-lib 3.8.0) and will be removed once support for the old RBAC API policies will be removed from Neutron. Please use method 'is_service_role' instead.
2026-05-20 07:13:00.979 10 WARNING neutron.scheduler.dhcp_agent_scheduler [None req-db073aef-852c-4161-ad55-ad46342ee8e6 909a59eedeca4bb984ab315b403561cb f8eb00d3bfb34ea9824e10e8d2a36a97 - - default default] No more DHCP agents
2026-05-20 07:13:00.980 10 WARNING neutron.api.rpc.agentnotifiers.dhcp_rpc_agent_api [None req-db073aef-852c-4161-ad55-ad46342ee8e6 909a59eedeca4bb984ab315b403561cb f8eb00d3bfb34ea9824e10e8d2a36a97 - - default default] Unable to schedule network 5cc4584b-c24a-4856-aca7-39375b8505a5: no agents available; will retry on subsequent port and subnet creation events.
2026-05-20 07:13:01.101 10 INFO neutron.db.ovn_revision_numbers_db [None req-db073aef-852c-4161-ad55-ad46342ee8e6 909a59eedeca4bb984ab315b403561cb f8eb00d3bfb34ea9824e10e8d2a36a97 - - default default] Successfully bumped revision number for resource 8626ee9f-84f3-4d17-8146-95547bbc58be (type: ports) to 1
2026-05-20 07:13:01.182 9 INFO neutron.db.ovn_revision_numbers_db [None req-6e942943-20e7-4174-ab7c-b065e323c635 8114c7197d744f218c85d829831db572 09199fd016314267b00ab70feece052f - - default default] Successfully bumped revision number for resource a9529351-1805-4386-aa20-119f029686e3 (type: routers) to 5
2026-05-20 07:13:01.218 9 INFO neutron.api.wsgi [None req-6e942943-20e7-4174-ab7c-b065e323c635 8114c7197d744f218c85d829831db572 09199fd016314267b00ab70feece052f - - default default] 10.0.0.205 "POST /v2.0/vpn/ipsec-site-connections HTTP/1.1" status: 201 len: 1001 time: 0.6429782
2026-05-20 07:13:01.229 9 WARNING neutron_lib.context [None req-5f5cc7c8-79ae-4e84-8207-b91805a95e14 8114c7197d744f218c85d829831db572 09199fd016314267b00ab70feece052f - - default default] Method 'is_advsvc' is deprecated since 2023.2 release (neutron-lib 3.8.0) and will be removed once support for the old RBAC API policies will be removed from Neutron. Please use method 'is_service_role' instead.
2026-05-20 07:13:01.270 9 INFO neutron.api.wsgi [None req-5f5cc7c8-79ae-4e84-8207-b91805a95e14 8114c7197d744f218c85d829831db572 09199fd016314267b00ab70feece052f - - default default] 10.0.0.205 "POST /v2.0/vpn/endpoint-groups HTTP/1.1" status: 201 len: 489 time: 0.0460711
2026-05-20 07:13:01.316 9 INFO neutron.api.wsgi [None req-bc81c504-5d53-48af-914d-f1e0a4cb55e5 8114c7197d744f218c85d829831db572 09199fd016314267b00ab70feece052f - - default default] 10.0.0.205 "DELETE /v2.0/vpn/endpoint-groups/8102142d-fecd-4def-b39d-88d4aa65c445 HTTP/1.1" status: 204 len: 168 time: 0.0403786
2026-05-20 07:13:01.331 9 INFO neutron.api.wsgi [None req-43a94de5-52d8-4b72-87b3-5edc25dc4723 8114c7197d744f218c85d829831db572 09199fd016314267b00ab70feece052f - - default default] 10.0.0.205 "GET /v2.0/vpn/endpoint-groups HTTP/1.1" status: 200 len: 828 time: 0.0118384
2026-05-20 07:13:01.341 9 INFO neutron.api.wsgi [None req-6219116c-2eaf-4c25-8ea0-3b1dd771f1d5 8114c7197d744f218c85d829831db572 09199fd016314267b00ab70feece052f - - default default] 10.0.0.205 "GET /v2.0/vpn/endpoint-groups HTTP/1.1" status: 200 len: 828 time: 0.0067458
2026-05-20 07:13:01.406 10 WARNING neutron.plugins.ml2.drivers.ovn.mech_driver.ovsdb.ovn_client [None req-c0c3dea0-d187-4f88-96b8-bfcf4fb706f8 - - - - - -] No hosting information found for port 429d731c-57a6-4f47-81f3-12674ee687de: RuntimeError: No hosting information found for port 429d731c-57a6-4f47-81f3-12674ee687de
2026-05-20 07:13:01.502 10 INFO neutron.db.ovn_revision_numbers_db [None req-c0c3dea0-d187-4f88-96b8-bfcf4fb706f8 - - - - - -] Successfully bumped revision number for resource 429d731c-57a6-4f47-81f3-12674ee687de (type: router_ports) to 2
2026-05-20 07:13:01.502 10 INFO neutron.plugins.ml2.drivers.ovn.mech_driver.mech_driver [None req-c0c3dea0-d187-4f88-96b8-bfcf4fb706f8 - - - - - -] OVN reports status up for port: c0414417-44ee-42a0-ad5a-c6a6f3febbde
2026-05-20 07:13:01.518 10 INFO neutron.plugins.ml2.plugin [None req-c0c3dea0-d187-4f88-96b8-bfcf4fb706f8 - - - - - -] Attempt 1 to provision port c0414417-44ee-42a0-ad5a-c6a6f3febbde
2026-05-20 07:13:01.599 10 INFO neutron.plugins.ml2.drivers.ovn.mech_driver.mech_driver [None req-c0c3dea0-d187-4f88-96b8-bfcf4fb706f8 - - - - - -] OVN reports status up for port: ef6fd243-0af6-463c-82ff-a2a7d6a21cbb
2026-05-20 07:13:01.607 10 INFO neutron.plugins.ml2.plugin [None req-c0c3dea0-d187-4f88-96b8-bfcf4fb706f8 - - - - - -] Attempt 1 to provision port ef6fd243-0af6-463c-82ff-a2a7d6a21cbb
2026-05-20 07:13:01.744 9 INFO neutron.api.wsgi [None req-af44cee0-b369-4f23-b5b8-95f5dbe76cc2 8c4b905f15d14f07972ad380182b4bca 0e7e8c5360834865a9b2c046074f5d9c - - default default] 10.0.0.205 "POST /v2.0/vpn/ikepolicies HTTP/1.1" status: 201 len: 602 time: 0.0916355
2026-05-20 07:13:01.760 9 INFO neutron.api.wsgi [None req-3bde83b4-1aac-44cd-8e1c-e440e5975cb5 8114c7197d744f218c85d829831db572 09199fd016314267b00ab70feece052f - - default default] 10.0.0.205 "GET /v2.0/vpn/ikepolicies HTTP/1.1" status: 200 len: 992 time: 0.0108118
2026-05-20 07:13:01.795 9 INFO neutron.api.wsgi [None req-cf7253ac-5030-455a-890c-7cc496d323da 8c4b905f15d14f07972ad380182b4bca 0e7e8c5360834865a9b2c046074f5d9c - - default default] 10.0.0.205 "DELETE /v2.0/vpn/ikepolicies/a218eb9a-0098-4f7b-974c-9ffc525e99f9 HTTP/1.1" status: 204 len: 168 time: 0.0321047
2026-05-20 07:13:01.826 10 INFO neutron.db.ovn_revision_numbers_db [None req-db073aef-852c-4161-ad55-ad46342ee8e6 909a59eedeca4bb984ab315b403561cb f8eb00d3bfb34ea9824e10e8d2a36a97 - - default default] Successfully bumped revision number for resource 8626ee9f-84f3-4d17-8146-95547bbc58be (type: ports) to 1
2026-05-20 07:13:01.838 9 INFO neutron.api.wsgi [None req-cc9d8f43-0b00-4fa9-a5de-1b10e518e001 8c4b905f15d14f07972ad380182b4bca 0e7e8c5360834865a9b2c046074f5d9c - - default default] 10.0.0.205 "POST /v2.0/vpn/ipsecpolicies HTTP/1.1" status: 201 len: 610 time: 0.0360820
2026-05-20 07:13:01.855 9 INFO neutron.api.wsgi [None req-34709232-0bfa-4340-9c00-d20944ee610b 8114c7197d744f218c85d829831db572 09199fd016314267b00ab70feece052f - - default default] 10.0.0.205 "GET /v2.0/vpn/ipsecpolicies HTTP/1.1" status: 200 len: 1007 time: 0.0114245
2026-05-20 07:13:01.900 10 WARNING neutron.scheduler.dhcp_agent_scheduler [None req-db073aef-852c-4161-ad55-ad46342ee8e6 909a59eedeca4bb984ab315b403561cb f8eb00d3bfb34ea9824e10e8d2a36a97 - - default default] No more DHCP agents
2026-05-20 07:13:01.904 10 INFO neutron.api.wsgi [None req-fe9d527c-a065-4dab-9f70-7f65d5c4fcc9 8c4b905f15d14f07972ad380182b4bca 0e7e8c5360834865a9b2c046074f5d9c - - default default] 10.0.0.205 "DELETE /v2.0/vpn/ipsecpolicies/c6efea50-f602-4d89-b959-a8d6301633b8 HTTP/1.1" status: 204 len: 168 time: 0.0437007
2026-05-20 07:13:01.905 10 WARNING neutron.api.rpc.agentnotifiers.dhcp_rpc_agent_api [None req-db073aef-852c-4161-ad55-ad46342ee8e6 909a59eedeca4bb984ab315b403561cb f8eb00d3bfb34ea9824e10e8d2a36a97 - - default default] Unable to schedule network 5cc4584b-c24a-4856-aca7-39375b8505a5: no agents available; will retry on subsequent port and subnet creation events.
2026-05-20 07:13:01.920 9 WARNING neutron_lib.context [None req-aa120875-d069-4938-a686-225ef6babdc7 8114c7197d744f218c85d829831db572 09199fd016314267b00ab70feece052f - - default default] Method 'is_advsvc' is deprecated since 2023.2 release (neutron-lib 3.8.0) and will be removed once support for the old RBAC API policies will be removed from Neutron. Please use method 'is_service_role' instead.
2026-05-20 07:13:01.999 9 INFO neutron.db.segments_db [None req-aa120875-d069-4938-a686-225ef6babdc7 8114c7197d744f218c85d829831db572 09199fd016314267b00ab70feece052f - - default default] Added segment a4888ade-04f4-47d0-91a2-1bdafb0661e9 of type geneve for network c4836019-ba39-4b47-aeda-211f51540634
2026-05-20 07:13:02.035 10 INFO neutron.db.ovn_revision_numbers_db [None req-c0c3dea0-d187-4f88-96b8-bfcf4fb706f8 - - - - - -] Successfully bumped revision number for resource ef6fd243-0af6-463c-82ff-a2a7d6a21cbb (type: ports) to 2
2026-05-20 07:13:02.116 9 INFO neutron.db.ovn_revision_numbers_db [None req-aa120875-d069-4938-a686-225ef6babdc7 8114c7197d744f218c85d829831db572 09199fd016314267b00ab70feece052f - - default default] Successfully bumped revision number for resource c4836019-ba39-4b47-aeda-211f51540634 (type: networks) to 1
2026-05-20 07:13:02.215 10 INFO neutron.db.ovn_revision_numbers_db [None req-db073aef-852c-4161-ad55-ad46342ee8e6 909a59eedeca4bb984ab315b403561cb f8eb00d3bfb34ea9824e10e8d2a36a97 - - default default] Successfully bumped revision number for resource 8626ee9f-84f3-4d17-8146-95547bbc58be (type: router_ports) to 1
2026-05-20 07:13:02.221 10 INFO neutron.api.wsgi [None req-db073aef-852c-4161-ad55-ad46342ee8e6 909a59eedeca4bb984ab315b403561cb f8eb00d3bfb34ea9824e10e8d2a36a97 - - default default] 10.0.0.205 "PUT /v2.0/routers/55a8fb61-ed9d-40a9-b000-645c99c77ea0/add_router_interface HTTP/1.1" status: 200 len: 503 time: 1.7448804
2026-05-20 07:13:02.285 10 WARNING neutron_lib.context [None req-dec2e689-4e12-4c85-adbc-436beb3c4471 909a59eedeca4bb984ab315b403561cb f8eb00d3bfb34ea9824e10e8d2a36a97 - - default default] Method 'is_advsvc' is deprecated since 2023.2 release (neutron-lib 3.8.0) and will be removed once support for the old RBAC API policies will be removed from Neutron. Please use method 'is_service_role' instead.
2026-05-20 07:13:02.326 9 WARNING neutron.scheduler.dhcp_agent_scheduler [None req-aa120875-d069-4938-a686-225ef6babdc7 8114c7197d744f218c85d829831db572 09199fd016314267b00ab70feece052f - - default default] No more DHCP agents
2026-05-20 07:13:02.328 9 WARNING neutron.api.rpc.agentnotifiers.dhcp_rpc_agent_api [None req-aa120875-d069-4938-a686-225ef6babdc7 8114c7197d744f218c85d829831db572 09199fd016314267b00ab70feece052f - - default default] Unable to schedule network c4836019-ba39-4b47-aeda-211f51540634: no agents available; will retry on subsequent port and subnet creation events.
2026-05-20 07:13:02.398 9 INFO neutron.db.ovn_revision_numbers_db [None req-aa120875-d069-4938-a686-225ef6babdc7 8114c7197d744f218c85d829831db572 09199fd016314267b00ab70feece052f - - default default] Successfully bumped revision number for resource ab3c3892-2c5d-4d1f-9fa4-6539a4b82b75 (type: ports) to 1
2026-05-20 07:13:02.415 10 INFO neutron.db.ovn_revision_numbers_db [None req-dec2e689-4e12-4c85-adbc-436beb3c4471 909a59eedeca4bb984ab315b403561cb f8eb00d3bfb34ea9824e10e8d2a36a97 - - default default] Successfully bumped revision number for resource b3d596f6-d11b-4852-b9f1-d232b2e3e82f (type: security_groups) to 1
2026-05-20 07:13:02.423 9 INFO neutron.api.wsgi [None req-aa120875-d069-4938-a686-225ef6babdc7 8114c7197d744f218c85d829831db572 09199fd016314267b00ab70feece052f - - default default] 10.0.0.205 "POST /v2.0/networks HTTP/1.1" status: 201 len: 830 time: 0.5106461
2026-05-20 07:13:02.432 10 INFO neutron.db.ovn_revision_numbers_db [None req-dec2e689-4e12-4c85-adbc-436beb3c4471 909a59eedeca4bb984ab315b403561cb f8eb00d3bfb34ea9824e10e8d2a36a97 - - default default] Successfully bumped revision number for resource 17b131ca-739b-45fe-9a2a-184426bd93fa (type: security_group_rules) to 0
2026-05-20 07:13:02.433 9 WARNING neutron_lib.context [None req-e3ee6064-b9ec-4307-a9b5-408ffa5c9dd6 8114c7197d744f218c85d829831db572 09199fd016314267b00ab70feece052f - - default default] Method 'is_advsvc' is deprecated since 2023.2 release (neutron-lib 3.8.0) and will be removed once support for the old RBAC API policies will be removed from Neutron. Please use method 'is_service_role' instead.
2026-05-20 07:13:02.446 10 INFO neutron.db.ovn_revision_numbers_db [None req-dec2e689-4e12-4c85-adbc-436beb3c4471 909a59eedeca4bb984ab315b403561cb f8eb00d3bfb34ea9824e10e8d2a36a97 - - default default] Successfully bumped revision number for resource 56e33880-8610-4ee8-b504-ec4fcf1c81e0 (type: security_group_rules) to 0
2026-05-20 07:13:02.481 10 INFO neutron.api.wsgi [None req-dec2e689-4e12-4c85-adbc-436beb3c4471 909a59eedeca4bb984ab315b403561cb f8eb00d3bfb34ea9824e10e8d2a36a97 - - default default] 10.0.0.205 "POST /v2.0/security-groups HTTP/1.1" status: 201 len: 1830 time: 0.2018213
2026-05-20 07:13:02.492 10 WARNING neutron_lib.context [None req-9c89bfba-79e5-4432-a723-3c14d309e555 909a59eedeca4bb984ab315b403561cb f8eb00d3bfb34ea9824e10e8d2a36a97 - - default default] Method 'is_advsvc' is deprecated since 2023.2 release (neutron-lib 3.8.0) and will be removed once support for the old RBAC API policies will be removed from Neutron. Please use method 'is_service_role' instead.
2026-05-20 07:13:02.607 10 INFO neutron.db.ovn_revision_numbers_db [None req-9c89bfba-79e5-4432-a723-3c14d309e555 909a59eedeca4bb984ab315b403561cb f8eb00d3bfb34ea9824e10e8d2a36a97 - - default default] Successfully bumped revision number for resource cab47ae7-3abb-40a8-83d5-d407dfb9c433 (type: security_group_rules) to 0
2026-05-20 07:13:02.609 9 WARNING neutron.scheduler.dhcp_agent_scheduler [None req-e3ee6064-b9ec-4307-a9b5-408ffa5c9dd6 8114c7197d744f218c85d829831db572 09199fd016314267b00ab70feece052f - - default default] No more DHCP agents
2026-05-20 07:13:02.610 9 WARNING neutron.api.rpc.agentnotifiers.dhcp_rpc_agent_api [None req-e3ee6064-b9ec-4307-a9b5-408ffa5c9dd6 8114c7197d744f218c85d829831db572 09199fd016314267b00ab70feece052f - - default default] Unable to schedule network c4836019-ba39-4b47-aeda-211f51540634: no agents available; will retry on subsequent port and subnet creation events.
2026-05-20 07:13:02.634 10 INFO neutron.api.wsgi [None req-9c89bfba-79e5-4432-a723-3c14d309e555 909a59eedeca4bb984ab315b403561cb f8eb00d3bfb34ea9824e10e8d2a36a97 - - default default] 10.0.0.205 "POST /v2.0/security-group-rules HTTP/1.1" status: 201 len: 796 time: 0.1468670
2026-05-20 07:13:02.651 10 WARNING neutron_lib.context [None req-fe5d82ce-0176-4db9-bde8-bef66f2731cc 909a59eedeca4bb984ab315b403561cb f8eb00d3bfb34ea9824e10e8d2a36a97 - - default default] Method 'is_advsvc' is deprecated since 2023.2 release (neutron-lib 3.8.0) and will be removed once support for the old RBAC API policies will be removed from Neutron. Please use method 'is_service_role' instead.
2026-05-20 07:13:02.766 10 INFO neutron.db.ovn_revision_numbers_db [None req-fe5d82ce-0176-4db9-bde8-bef66f2731cc 909a59eedeca4bb984ab315b403561cb f8eb00d3bfb34ea9824e10e8d2a36a97 - - default default] Successfully bumped revision number for resource 78ffa895-9df5-4106-9b1b-ff06342b901b (type: security_group_rules) to 0
2026-05-20 07:13:02.795 10 INFO neutron.api.wsgi [None req-fe5d82ce-0176-4db9-bde8-bef66f2731cc 909a59eedeca4bb984ab315b403561cb f8eb00d3bfb34ea9824e10e8d2a36a97 - - default default] 10.0.0.205 "POST /v2.0/security-group-rules HTTP/1.1" status: 201 len: 796 time: 0.1511774
2026-05-20 07:13:02.805 10 WARNING neutron_lib.context [None req-0e6d072c-0f1e-4812-8e71-fca8dfc1d878 909a59eedeca4bb984ab315b403561cb f8eb00d3bfb34ea9824e10e8d2a36a97 - - default default] Method 'is_advsvc' is deprecated since 2023.2 release (neutron-lib 3.8.0) and will be removed once support for the old RBAC API policies will be removed from Neutron. Please use method 'is_service_role' instead.
2026-05-20 07:13:02.911 10 INFO neutron.db.ovn_revision_numbers_db [None req-0e6d072c-0f1e-4812-8e71-fca8dfc1d878 909a59eedeca4bb984ab315b403561cb f8eb00d3bfb34ea9824e10e8d2a36a97 - - default default] Successfully bumped revision number for resource 97bf30f3-cd59-467b-9f78-a9a2144fc689 (type: security_group_rules) to 0
2026-05-20 07:13:02.938 10 INFO neutron.api.wsgi [None req-0e6d072c-0f1e-4812-8e71-fca8dfc1d878 909a59eedeca4bb984ab315b403561cb f8eb00d3bfb34ea9824e10e8d2a36a97 - - default default] 10.0.0.205 "POST /v2.0/security-group-rules HTTP/1.1" status: 201 len: 798 time: 0.1370752
2026-05-20 07:13:02.947 10 WARNING neutron_lib.context [None req-fd38063e-e2ae-4de2-b7ec-6ca5f4c0fecf 909a59eedeca4bb984ab315b403561cb f8eb00d3bfb34ea9824e10e8d2a36a97 - - default default] Method 'is_advsvc' is deprecated since 2023.2 release (neutron-lib 3.8.0) and will be removed once support for the old RBAC API policies will be removed from Neutron. Please use method 'is_service_role' instead.
2026-05-20 07:13:02.976 9 INFO neutron.db.ovn_revision_numbers_db [None req-0789f95b-46ea-46fb-8d7b-a4e546f5a08c - - - - - -] Successfully bumped revision number for resource ab3c3892-2c5d-4d1f-9fa4-6539a4b82b75 (type: ports) to 2
2026-05-20 07:13:03.008 9 INFO neutron.db.ovn_revision_numbers_db [None req-0789f95b-46ea-46fb-8d7b-a4e546f5a08c - - - - - -] Successfully bumped revision number for resource 51e46b60-ff64-4ec7-8ce8-dc481319b26f (type: subnets) to 0
2026-05-20 07:13:03.029 9 INFO neutron.api.wsgi [None req-e3ee6064-b9ec-4307-a9b5-408ffa5c9dd6 8114c7197d744f218c85d829831db572 09199fd016314267b00ab70feece052f - - default default] 10.0.0.205 "POST /v2.0/subnets HTTP/1.1" status: 201 len: 828 time: 0.6002905
2026-05-20 07:13:03.038 9 WARNING neutron_lib.context [None req-81df69d7-ebfc-4bd9-949c-bf4c8438edc4 8114c7197d744f218c85d829831db572 09199fd016314267b00ab70feece052f - - default default] Method 'is_advsvc' is deprecated since 2023.2 release (neutron-lib 3.8.0) and will be removed once support for the old RBAC API policies will be removed from Neutron. Please use method 'is_service_role' instead.
2026-05-20 07:13:03.068 10 INFO neutron.db.ovn_revision_numbers_db [None req-fd38063e-e2ae-4de2-b7ec-6ca5f4c0fecf 909a59eedeca4bb984ab315b403561cb f8eb00d3bfb34ea9824e10e8d2a36a97 - - default default] Successfully bumped revision number for resource 828a9f4d-8abc-45d3-b108-c9559d5a490d (type: security_group_rules) to 0
2026-05-20 07:13:03.105 10 INFO neutron.api.wsgi [None req-fd38063e-e2ae-4de2-b7ec-6ca5f4c0fecf 909a59eedeca4bb984ab315b403561cb f8eb00d3bfb34ea9824e10e8d2a36a97 - - default default] 10.0.0.205 "POST /v2.0/security-group-rules HTTP/1.1" status: 201 len: 800 time: 0.1615746
2026-05-20 07:13:03.113 10 WARNING neutron_lib.context [None req-295861a1-ef59-415c-8c70-fe2d7b265190 909a59eedeca4bb984ab315b403561cb f8eb00d3bfb34ea9824e10e8d2a36a97 - - default default] Method 'is_advsvc' is deprecated since 2023.2 release (neutron-lib 3.8.0) and will be removed once support for the old RBAC API policies will be removed from Neutron. Please use method 'is_service_role' instead.
2026-05-20 07:13:03.148 9 INFO neutron.api.wsgi [-] 10.0.0.78 "GET / HTTP/1.1" status: 200 len: 247 time: 0.0014224
2026-05-20 07:13:03.151 10 INFO neutron.api.wsgi [-] 10.0.0.78 "GET / HTTP/1.1" status: 200 len: 247 time: 0.0025623
2026-05-20 07:13:03.261 10 INFO neutron.db.ovn_revision_numbers_db [None req-295861a1-ef59-415c-8c70-fe2d7b265190 909a59eedeca4bb984ab315b403561cb f8eb00d3bfb34ea9824e10e8d2a36a97 - - default default] Successfully bumped revision number for resource 1532147c-0d93-496f-a7dd-1e970b3d1836 (type: security_group_rules) to 0
2026-05-20 07:13:03.292 10 INFO neutron.api.wsgi [None req-295861a1-ef59-415c-8c70-fe2d7b265190 909a59eedeca4bb984ab315b403561cb f8eb00d3bfb34ea9824e10e8d2a36a97 - - default default] 10.0.0.205 "POST /v2.0/security-group-rules HTTP/1.1" status: 201 len: 800 time: 0.1824210
2026-05-20 07:13:03.300 10 WARNING neutron_lib.context [None req-94d32266-eb92-4828-a47a-c46930d4e822 909a59eedeca4bb984ab315b403561cb f8eb00d3bfb34ea9824e10e8d2a36a97 - - default default] Method 'is_advsvc' is deprecated since 2023.2 release (neutron-lib 3.8.0) and will be removed once support for the old RBAC API policies will be removed from Neutron. Please use method 'is_service_role' instead.
2026-05-20 07:13:03.427 9 WARNING neutron.scheduler.dhcp_agent_scheduler [None req-81df69d7-ebfc-4bd9-949c-bf4c8438edc4 8114c7197d744f218c85d829831db572 09199fd016314267b00ab70feece052f - - default default] No more DHCP agents
2026-05-20 07:13:03.429 9 WARNING neutron.api.rpc.agentnotifiers.dhcp_rpc_agent_api [None req-81df69d7-ebfc-4bd9-949c-bf4c8438edc4 8114c7197d744f218c85d829831db572 09199fd016314267b00ab70feece052f - - default default] Unable to schedule network c44ab934-c330-4f5c-a6a9-48e2107a84ce: no agents available; will retry on subsequent port and subnet creation events.
2026-05-20 07:13:03.441 10 INFO neutron.db.ovn_revision_numbers_db [None req-94d32266-eb92-4828-a47a-c46930d4e822 909a59eedeca4bb984ab315b403561cb f8eb00d3bfb34ea9824e10e8d2a36a97 - - default default] Successfully bumped revision number for resource 8a295969-766a-45cb-b80c-6ede6e9acd4f (type: security_group_rules) to 0
2026-05-20 07:13:03.472 10 INFO neutron.api.wsgi [None req-94d32266-eb92-4828-a47a-c46930d4e822 909a59eedeca4bb984ab315b403561cb f8eb00d3bfb34ea9824e10e8d2a36a97 - - default default] 10.0.0.205 "POST /v2.0/security-group-rules HTTP/1.1" status: 201 len: 796 time: 0.1760550
2026-05-20 07:13:03.482 9 WARNING neutron_lib.context [None req-2a19142d-b3b0-411f-a028-21351daa2151 909a59eedeca4bb984ab315b403561cb f8eb00d3bfb34ea9824e10e8d2a36a97 - - default default] Method 'is_advsvc' is deprecated since 2023.2 release (neutron-lib 3.8.0) and will be removed once support for the old RBAC API policies will be removed from Neutron. Please use method 'is_service_role' instead.
2026-05-20 07:13:03.574 9 INFO neutron.db.ovn_revision_numbers_db [None req-81df69d7-ebfc-4bd9-949c-bf4c8438edc4 8114c7197d744f218c85d829831db572 09199fd016314267b00ab70feece052f - - default default] Successfully bumped revision number for resource 479a680e-4a48-4b82-a8c9-6b57031bfe1a (type: ports) to 1
2026-05-20 07:13:03.678 9 INFO neutron.db.ovn_revision_numbers_db [None req-2a19142d-b3b0-411f-a028-21351daa2151 909a59eedeca4bb984ab315b403561cb f8eb00d3bfb34ea9824e10e8d2a36a97 - - default default] Successfully bumped revision number for resource 07918cb4-aae5-4bfb-9961-b6eda43cf12c (type: security_group_rules) to 0
2026-05-20 07:13:03.712 9 INFO neutron.api.wsgi [None req-2a19142d-b3b0-411f-a028-21351daa2151 909a59eedeca4bb984ab315b403561cb f8eb00d3bfb34ea9824e10e8d2a36a97 - - default default] 10.0.0.205 "POST /v2.0/security-group-rules HTTP/1.1" status: 201 len: 796 time: 0.2341561
2026-05-20 07:13:03.728 9 WARNING neutron_lib.context [None req-3c816b4a-3198-48ef-af14-907850700008 909a59eedeca4bb984ab315b403561cb f8eb00d3bfb34ea9824e10e8d2a36a97 - - default default] Method 'is_advsvc' is deprecated since 2023.2 release (neutron-lib 3.8.0) and will be removed once support for the old RBAC API policies will be removed from Neutron. Please use method 'is_service_role' instead.
2026-05-20 07:13:03.931 9 INFO neutron.db.ovn_revision_numbers_db [None req-3c816b4a-3198-48ef-af14-907850700008 909a59eedeca4bb984ab315b403561cb f8eb00d3bfb34ea9824e10e8d2a36a97 - - default default] Successfully bumped revision number for resource 66b040be-642a-4032-b323-aa568b9b838a (type: security_group_rules) to 0
2026-05-20 07:13:03.971 9 INFO neutron.api.wsgi [None req-3c816b4a-3198-48ef-af14-907850700008 909a59eedeca4bb984ab315b403561cb f8eb00d3bfb34ea9824e10e8d2a36a97 - - default default] 10.0.0.205 "POST /v2.0/security-group-rules HTTP/1.1" status: 201 len: 796 time: 0.2479234
2026-05-20 07:13:03.983 10 WARNING neutron_lib.context [None req-bcebfdbe-4b9d-4497-bb37-f1342efd8e36 909a59eedeca4bb984ab315b403561cb f8eb00d3bfb34ea9824e10e8d2a36a97 - - default default] Method 'is_advsvc' is deprecated since 2023.2 release (neutron-lib 3.8.0) and will be removed once support for the old RBAC API policies will be removed from Neutron. Please use method 'is_service_role' instead.
2026-05-20 07:13:04.159 10 INFO neutron.db.ovn_revision_numbers_db [None req-bcebfdbe-4b9d-4497-bb37-f1342efd8e36 909a59eedeca4bb984ab315b403561cb f8eb00d3bfb34ea9824e10e8d2a36a97 - - default default] Successfully bumped revision number for resource f78d4a8b-a030-4175-b932-5b00db74c17a (type: security_group_rules) to 0
2026-05-20 07:13:04.192 10 INFO neutron.api.wsgi [None req-bcebfdbe-4b9d-4497-bb37-f1342efd8e36 909a59eedeca4bb984ab315b403561cb f8eb00d3bfb34ea9824e10e8d2a36a97 - - default default] 10.0.0.205 "POST /v2.0/security-group-rules HTTP/1.1" status: 201 len: 798 time: 0.2159648
2026-05-20 07:13:04.203 10 WARNING neutron_lib.context [None req-fd9fc2b5-0839-4e85-af69-fa3191057308 909a59eedeca4bb984ab315b403561cb f8eb00d3bfb34ea9824e10e8d2a36a97 - - default default] Method 'is_advsvc' is deprecated since 2023.2 release (neutron-lib 3.8.0) and will be removed once support for the old RBAC API policies will be removed from Neutron. Please use method 'is_service_role' instead.
2026-05-20 07:13:04.220 9 INFO neutron.plugins.ml2.drivers.ovn.mech_driver.ovsdb.commands [None req-e8485f46-3b6c-4848-a30c-eb559f5866fe - - - - - -] Schedule LRP lrp-479a680e-4a48-4b82-a8c9-6b57031bfe1a on gateway 8a1e40f6-ac7c-4803-8620-eed60ddf07a3 with priority 1
2026-05-20 07:13:04.259 9 INFO neutron.db.ovn_revision_numbers_db [None req-81df69d7-ebfc-4bd9-949c-bf4c8438edc4 8114c7197d744f218c85d829831db572 09199fd016314267b00ab70feece052f - - default default] Successfully bumped revision number for resource 479a680e-4a48-4b82-a8c9-6b57031bfe1a (type: router_ports) to 1
2026-05-20 07:13:04.323 9 INFO neutron.db.ovn_revision_numbers_db [None req-81df69d7-ebfc-4bd9-949c-bf4c8438edc4 8114c7197d744f218c85d829831db572 09199fd016314267b00ab70feece052f - - default default] Successfully bumped revision number for resource 64ce97bc-f198-4311-b5b3-05a260de0750 (type: routers) to 2
2026-05-20 07:13:04.343 9 INFO neutron.api.wsgi [None req-81df69d7-ebfc-4bd9-949c-bf4c8438edc4 8114c7197d744f218c85d829831db572 09199fd016314267b00ab70feece052f - - default default] 10.0.0.205 "POST /v2.0/routers HTTP/1.1" status: 201 len: 1136 time: 1.3084750
2026-05-20 07:13:04.402 10 INFO neutron.db.ovn_revision_numbers_db [None req-fd9fc2b5-0839-4e85-af69-fa3191057308 909a59eedeca4bb984ab315b403561cb f8eb00d3bfb34ea9824e10e8d2a36a97 - - default default] Successfully bumped revision number for resource 9d8695d9-5c48-4b64-9f5c-6b5c401eeb28 (type: security_group_rules) to 0
2026-05-20 07:13:04.429 10 INFO neutron.api.wsgi [None req-fd9fc2b5-0839-4e85-af69-fa3191057308 909a59eedeca4bb984ab315b403561cb f8eb00d3bfb34ea9824e10e8d2a36a97 - - default default] 10.0.0.205 "POST /v2.0/security-group-rules HTTP/1.1" status: 201 len: 800 time: 0.2311141
2026-05-20 07:13:04.464 10 WARNING neutron_lib.context [None req-74105da4-2efa-47e6-840f-b689164b86ea 909a59eedeca4bb984ab315b403561cb f8eb00d3bfb34ea9824e10e8d2a36a97 - - default default] Method 'is_advsvc' is deprecated since 2023.2 release (neutron-lib 3.8.0) and will be removed once support for the old RBAC API policies will be removed from Neutron. Please use method 'is_service_role' instead.
2026-05-20 07:13:04.477 9 WARNING neutron.plugins.ml2.drivers.ovn.mech_driver.ovsdb.ovn_client [None req-c9e673bd-0f5f-4167-9cbc-9ccb6fadbedc - - - - - -] No hosting information found for port 3eb8352b-cc11-422c-ab42-1cea3621b3d6: RuntimeError: No hosting information found for port 3eb8352b-cc11-422c-ab42-1cea3621b3d6
2026-05-20 07:13:04.571 9 INFO neutron.db.ovn_revision_numbers_db [None req-c9e673bd-0f5f-4167-9cbc-9ccb6fadbedc - - - - - -] Successfully bumped revision number for resource 3eb8352b-cc11-422c-ab42-1cea3621b3d6 (type: router_ports) to 2
2026-05-20 07:13:04.605 10 INFO neutron.db.ovn_revision_numbers_db [None req-74105da4-2efa-47e6-840f-b689164b86ea 909a59eedeca4bb984ab315b403561cb f8eb00d3bfb34ea9824e10e8d2a36a97 - - default default] Successfully bumped revision number for resource 16bcabd7-f4c0-492e-99ce-2f4c25980fc6 (type: security_group_rules) to 0
2026-05-20 07:13:04.619 9 INFO neutron.plugins.ml2.drivers.ovn.mech_driver.mech_driver [None req-c9e673bd-0f5f-4167-9cbc-9ccb6fadbedc - - - - - -] OVN reports status up for port: 1cd7a969-f1a1-4f54-b595-d69a2a887c9b
2026-05-20 07:13:04.630 9 INFO neutron.plugins.ml2.plugin [None req-c9e673bd-0f5f-4167-9cbc-9ccb6fadbedc - - - - - -] Attempt 1 to provision port 1cd7a969-f1a1-4f54-b595-d69a2a887c9b
2026-05-20 07:13:04.635 10 INFO neutron.api.wsgi [None req-74105da4-2efa-47e6-840f-b689164b86ea 909a59eedeca4bb984ab315b403561cb f8eb00d3bfb34ea9824e10e8d2a36a97 - - default default] 10.0.0.205 "POST /v2.0/security-group-rules HTTP/1.1" status: 201 len: 796 time: 0.1791804
2026-05-20 07:13:04.964 9 INFO neutron.api.wsgi [req-71d61c13-84ed-4788-ac53-292bcf9da70a req-a161d2f8-64f6-4eb0-979d-7e9e7472ccfb 909a59eedeca4bb984ab315b403561cb f8eb00d3bfb34ea9824e10e8d2a36a97 - - default default] 10.0.0.88 "GET /v2.0/security-groups?name=tempest-lb_member_SG-1107846647&fields=id&tenant_id=f8eb00d3bfb34ea9824e10e8d2a36a97 HTTP/1.1" status: 200 len: 267 time: 0.0748620
2026-05-20 07:13:05.012 9 WARNING neutron.scheduler.dhcp_agent_scheduler [None req-4342a94f-8448-4ba4-917f-11372fb2e613 8114c7197d744f218c85d829831db572 09199fd016314267b00ab70feece052f - - default default] No more DHCP agents
2026-05-20 07:13:05.014 9 WARNING neutron.api.rpc.agentnotifiers.dhcp_rpc_agent_api [None req-4342a94f-8448-4ba4-917f-11372fb2e613 8114c7197d744f218c85d829831db572 09199fd016314267b00ab70feece052f - - default default] Unable to schedule network c4836019-ba39-4b47-aeda-211f51540634: no agents available; will retry on subsequent port and subnet creation events.
2026-05-20 07:13:05.305 9 INFO neutron.api.wsgi [req-71d61c13-84ed-4788-ac53-292bcf9da70a req-86478a30-4356-4395-a65c-4d49caabfde6 909a59eedeca4bb984ab315b403561cb f8eb00d3bfb34ea9824e10e8d2a36a97 - - default default] 10.0.0.88 "GET /v2.0/networks?id=9b3b7f7b-44a9-40e6-8e43-c9aa4d270426 HTTP/1.1" status: 200 len: 902 time: 0.3331261
2026-05-20 07:13:05.332 9 INFO neutron.api.wsgi [req-71d61c13-84ed-4788-ac53-292bcf9da70a req-f6e24fd8-a6a9-4ca6-923b-97be07631363 909a59eedeca4bb984ab315b403561cb f8eb00d3bfb34ea9824e10e8d2a36a97 - - default default] 10.0.0.88 "GET /v2.0/quotas/f8eb00d3bfb34ea9824e10e8d2a36a97 HTTP/1.1" status: 200 len: 491 time: 0.0152638
2026-05-20 07:13:05.502 9 INFO neutron.db.ovn_revision_numbers_db [None req-c9e673bd-0f5f-4167-9cbc-9ccb6fadbedc - - - - - -] Successfully bumped revision number for resource 1cd7a969-f1a1-4f54-b595-d69a2a887c9b (type: ports) to 2
2026-05-20 07:13:05.528 9 INFO neutron.db.ovn_revision_numbers_db [None req-4342a94f-8448-4ba4-917f-11372fb2e613 8114c7197d744f218c85d829831db572 09199fd016314267b00ab70feece052f - - default default] Successfully bumped revision number for resource 75903a61-4648-422b-b174-90d3285f7994 (type: ports) to 1
2026-05-20 07:13:05.593 9 INFO neutron.api.wsgi [req-71d61c13-84ed-4788-ac53-292bcf9da70a req-c1d3dd4d-1290-4106-a957-ef06612c0a39 909a59eedeca4bb984ab315b403561cb f8eb00d3bfb34ea9824e10e8d2a36a97 - - default default] 10.0.0.88 "GET /v2.0/ports?tenant_id=f8eb00d3bfb34ea9824e10e8d2a36a97&fields=id HTTP/1.1" status: 200 len: 486 time: 0.2542810
2026-05-20 07:13:05.651 9 INFO neutron.api.wsgi [req-71d61c13-84ed-4788-ac53-292bcf9da70a req-956518d8-1d72-4cef-93f3-8f8c1503e9e6 296365cf3ca647c494585ac884a2c5bd 07897250ef69478aa83c3e940291b0d6 - - 9bb0e01d9ab346938f9b498cf23c3601 9bb0e01d9ab346938f9b498cf23c3601] 10.0.0.88 "GET /v2.0/networks/9b3b7f7b-44a9-40e6-8e43-c9aa4d270426?fields=segments HTTP/1.1" status: 200 len: 212 time: 0.0462639
2026-05-20 07:13:05.710 9 INFO neutron.api.wsgi [req-71d61c13-84ed-4788-ac53-292bcf9da70a req-dd741970-e267-49b3-8264-4902b465dfd5 296365cf3ca647c494585ac884a2c5bd 07897250ef69478aa83c3e940291b0d6 - - 9bb0e01d9ab346938f9b498cf23c3601 9bb0e01d9ab346938f9b498cf23c3601] 10.0.0.88 "GET /v2.0/networks/9b3b7f7b-44a9-40e6-8e43-c9aa4d270426?fields=provider%3Aphysical_network&fields=provider%3Anetwork_type HTTP/1.1" status: 200 len: 277 time: 0.0516250
2026-05-20 07:13:05.822 9 INFO neutron.api.wsgi [req-7e2077b3-7966-44a5-8823-0741dc440d2e req-511cfc41-ee50-4c7d-b652-1ac7f46aaca6 909a59eedeca4bb984ab315b403561cb f8eb00d3bfb34ea9824e10e8d2a36a97 - - default default] 10.0.0.88 "GET /v2.0/ports?device_id=12fd842c-ded1-47b9-b9a6-4f1692cc5b93 HTTP/1.1" status: 200 len: 210 time: 0.0150294
2026-05-20 07:13:06.111 9 INFO neutron.db.ovn_revision_numbers_db [None req-4342a94f-8448-4ba4-917f-11372fb2e613 8114c7197d744f218c85d829831db572 09199fd016314267b00ab70feece052f - - default default] Successfully bumped revision number for resource 75903a61-4648-422b-b174-90d3285f7994 (type: ports) to 1
2026-05-20 07:13:06.163 9 WARNING neutron.scheduler.dhcp_agent_scheduler [None req-4342a94f-8448-4ba4-917f-11372fb2e613 8114c7197d744f218c85d829831db572 09199fd016314267b00ab70feece052f - - default default] No more DHCP agents
2026-05-20 07:13:06.165 9 WARNING neutron.api.rpc.agentnotifiers.dhcp_rpc_agent_api [None req-4342a94f-8448-4ba4-917f-11372fb2e613 8114c7197d744f218c85d829831db572 09199fd016314267b00ab70feece052f - - default default] Unable to schedule network c4836019-ba39-4b47-aeda-211f51540634: no agents available; will retry on subsequent port and subnet creation events.
2026-05-20 07:13:06.571 9 INFO neutron.db.ovn_revision_numbers_db [None req-4342a94f-8448-4ba4-917f-11372fb2e613 8114c7197d744f218c85d829831db572 09199fd016314267b00ab70feece052f - - default default] Successfully bumped revision number for resource 75903a61-4648-422b-b174-90d3285f7994 (type: router_ports) to 1
2026-05-20 07:13:06.577 9 INFO neutron.api.wsgi [None req-4342a94f-8448-4ba4-917f-11372fb2e613 8114c7197d744f218c85d829831db572 09199fd016314267b00ab70feece052f - - default default] 10.0.0.205 "PUT /v2.0/routers/64ce97bc-f198-4311-b5b3-05a260de0750/add_router_interface HTTP/1.1" status: 200 len: 503 time: 2.2264316
2026-05-20 07:13:06.860 10 WARNING neutron.plugins.ml2.drivers.ovn.mech_driver.ovsdb.ovn_client [None req-d353debc-92f2-4b2c-9a05-6a6c8769c9ba - - - - - -] No hosting information found for port ef6fd243-0af6-463c-82ff-a2a7d6a21cbb: RuntimeError: No hosting information found for port ef6fd243-0af6-463c-82ff-a2a7d6a21cbb
2026-05-20 07:13:06.929 10 INFO neutron.db.ovn_revision_numbers_db [None req-d353debc-92f2-4b2c-9a05-6a6c8769c9ba - - - - - -] Successfully bumped revision number for resource ef6fd243-0af6-463c-82ff-a2a7d6a21cbb (type: router_ports) to 2
2026-05-20 07:13:06.962 10 INFO neutron.plugins.ml2.drivers.ovn.mech_driver.mech_driver [None req-d353debc-92f2-4b2c-9a05-6a6c8769c9ba - - - - - -] OVN reports status up for port: 479a680e-4a48-4b82-a8c9-6b57031bfe1a
2026-05-20 07:13:06.968 10 INFO neutron.plugins.ml2.plugin [None req-d353debc-92f2-4b2c-9a05-6a6c8769c9ba - - - - - -] Attempt 1 to provision port 479a680e-4a48-4b82-a8c9-6b57031bfe1a
2026-05-20 07:13:07.053 9 WARNING neutron.scheduler.dhcp_agent_scheduler [None req-d8b0a79d-52ed-4211-9caf-058eba01fd30 - - - - - -] No more DHCP agents
2026-05-20 07:13:07.054 9 WARNING neutron.api.rpc.agentnotifiers.dhcp_rpc_agent_api [None req-d8b0a79d-52ed-4211-9caf-058eba01fd30 - - - - - -] Unable to schedule network c44ab934-c330-4f5c-a6a9-48e2107a84ce: no agents available; will retry on subsequent port and subnet creation events.
2026-05-20 07:13:07.200 9 INFO neutron.db.ovn_revision_numbers_db [None req-d8b0a79d-52ed-4211-9caf-058eba01fd30 - - - - - -] Successfully bumped revision number for resource e52a3ecb-ee9b-4936-9323-2aaf37a15cc7 (type: ports) to 1
2026-05-20 07:13:07.414 9 INFO neutron.db.ovn_revision_numbers_db [None req-d8b0a79d-52ed-4211-9caf-058eba01fd30 - - - - - -] Successfully bumped revision number for resource e52a3ecb-ee9b-4936-9323-2aaf37a15cc7 (type: ports) to 3
2026-05-20 07:13:07.468 9 INFO neutron.db.segments_db [None req-d8b0a79d-52ed-4211-9caf-058eba01fd30 - - - - - -] Added segment defa8d1e-857c-41c6-9d56-e554819ddf87 of type geneve for network 390dd86f-4abb-4b65-86c3-53a78e000949
2026-05-20 07:13:07.589 9 INFO neutron.db.ovn_revision_numbers_db [None req-1d024564-a8cc-402c-887d-9008ce8c7327 - - - - - -] Successfully bumped revision number for resource 390dd86f-4abb-4b65-86c3-53a78e000949 (type: networks) to 1
2026-05-20 07:13:07.712 9 WARNING neutron.scheduler.dhcp_agent_scheduler [None req-1d024564-a8cc-402c-887d-9008ce8c7327 - - - - - -] No more DHCP agents
2026-05-20 07:13:07.714 9 WARNING neutron.api.rpc.agentnotifiers.dhcp_rpc_agent_api [None req-1d024564-a8cc-402c-887d-9008ce8c7327 - - - - - -] Unable to schedule network 390dd86f-4abb-4b65-86c3-53a78e000949: no agents available; will retry on subsequent port and subnet creation events.
2026-05-20 07:13:07.770 9 INFO neutron.db.ovn_revision_numbers_db [None req-1d024564-a8cc-402c-887d-9008ce8c7327 - - - - - -] Successfully bumped revision number for resource 54037568-027a-4ca2-aa75-03cb9f1d42e4 (type: ports) to 1
2026-05-20 07:13:07.885 9 WARNING neutron.scheduler.dhcp_agent_scheduler [None req-1d024564-a8cc-402c-887d-9008ce8c7327 - - - - - -] No more DHCP agents
2026-05-20 07:13:07.886 9 WARNING neutron.api.rpc.agentnotifiers.dhcp_rpc_agent_api [None req-1d024564-a8cc-402c-887d-9008ce8c7327 - - - - - -] Unable to schedule network 390dd86f-4abb-4b65-86c3-53a78e000949: no agents available; will retry on subsequent port and subnet creation events.
2026-05-20 07:13:07.911 9 INFO neutron.db.ovn_revision_numbers_db [None req-1d024564-a8cc-402c-887d-9008ce8c7327 - - - - - -] Successfully bumped revision number for resource f324e569-5b2d-4185-9803-5d90e97277fd (type: subnets) to 0
2026-05-20 07:13:08.333 9 WARNING neutron.scheduler.dhcp_agent_scheduler [None req-1d024564-a8cc-402c-887d-9008ce8c7327 - - - - - -] No more DHCP agents
2026-05-20 07:13:08.335 9 WARNING neutron.api.rpc.agentnotifiers.dhcp_rpc_agent_api [None req-1d024564-a8cc-402c-887d-9008ce8c7327 - - - - - -] Unable to schedule network 390dd86f-4abb-4b65-86c3-53a78e000949: no agents available; will retry on subsequent port and subnet creation events.
2026-05-20 07:13:08.439 9 INFO neutron.db.ovn_revision_numbers_db [None req-1d024564-a8cc-402c-887d-9008ce8c7327 - - - - - -] Successfully bumped revision number for resource 90329703-c176-4c32-8569-0d33a6eb3204 (type: ports) to 1
2026-05-20 07:13:09.010 9 INFO neutron.db.ovn_revision_numbers_db [None req-1d024564-a8cc-402c-887d-9008ce8c7327 - - - - - -] Successfully bumped revision number for resource 90329703-c176-4c32-8569-0d33a6eb3204 (type: ports) to 1
2026-05-20 07:13:09.061 9 WARNING neutron.scheduler.dhcp_agent_scheduler [None req-1d024564-a8cc-402c-887d-9008ce8c7327 - - - - - -] No more DHCP agents
2026-05-20 07:13:09.062 9 WARNING neutron.api.rpc.agentnotifiers.dhcp_rpc_agent_api [None req-1d024564-a8cc-402c-887d-9008ce8c7327 - - - - - -] Unable to schedule network 390dd86f-4abb-4b65-86c3-53a78e000949: no agents available; will retry on subsequent port and subnet creation events.
2026-05-20 07:13:09.642 9 INFO neutron.db.ovn_revision_numbers_db [None req-1d024564-a8cc-402c-887d-9008ce8c7327 - - - - - -] Successfully bumped revision number for resource 90329703-c176-4c32-8569-0d33a6eb3204 (type: router_ports) to 1
2026-05-20 07:13:09.903 9 WARNING neutron.scheduler.dhcp_agent_scheduler [None req-1d024564-a8cc-402c-887d-9008ce8c7327 - - - - - -] No more DHCP agents
2026-05-20 07:13:09.904 9 WARNING neutron.api.rpc.agentnotifiers.dhcp_rpc_agent_api [None req-1d024564-a8cc-402c-887d-9008ce8c7327 - - - - - -] Unable to schedule network 390dd86f-4abb-4b65-86c3-53a78e000949: no agents available; will retry on subsequent port and subnet creation events.
2026-05-20 07:13:10.049 9 INFO neutron.db.ovn_revision_numbers_db [None req-1d024564-a8cc-402c-887d-9008ce8c7327 - - - - - -] Successfully bumped revision number for resource 3adef263-454a-4702-b350-274d6c0ba2e7 (type: ports) to 1
2026-05-20 07:13:10.111 10 INFO neutron.api.wsgi [req-71d61c13-84ed-4788-ac53-292bcf9da70a req-627f8ce8-6a3f-4906-ba08-4399ca8842bf 909a59eedeca4bb984ab315b403561cb f8eb00d3bfb34ea9824e10e8d2a36a97 - - default default] 199.19.213.121 "GET /v2.0/networks?id=9b3b7f7b-44a9-40e6-8e43-c9aa4d270426 HTTP/1.1" status: 200 len: 902 time: 0.0595024
2026-05-20 07:13:10.178 10 INFO neutron.api.wsgi [req-71d61c13-84ed-4788-ac53-292bcf9da70a req-e06463c0-1984-4be6-9646-95c21b06bc2a 909a59eedeca4bb984ab315b403561cb f8eb00d3bfb34ea9824e10e8d2a36a97 - - default default] 199.19.213.121 "GET /v2.0/security-groups?fields=id&fields=name&tenant_id=f8eb00d3bfb34ea9824e10e8d2a36a97 HTTP/1.1" status: 200 len: 378 time: 0.0585105
2026-05-20 07:13:10.187 10 WARNING neutron_lib.context [req-71d61c13-84ed-4788-ac53-292bcf9da70a req-4de28505-db26-4529-8ea3-58359438fa57 909a59eedeca4bb984ab315b403561cb f8eb00d3bfb34ea9824e10e8d2a36a97 - - default default] Method 'is_advsvc' is deprecated since 2023.2 release (neutron-lib 3.8.0) and will be removed once support for the old RBAC API policies will be removed from Neutron. Please use method 'is_service_role' instead.
2026-05-20 07:13:10.281 9 INFO neutron.db.ovn_revision_numbers_db [None req-1d024564-a8cc-402c-887d-9008ce8c7327 - - - - - -] Successfully bumped revision number for resource 3adef263-454a-4702-b350-274d6c0ba2e7 (type: ports) to 3
