2026-05-20 07:09:11.030 9 INFO neutron.api.wsgi [req-8600b7dc-eb55-4d5c-b43e-72aee0591250 req-f55dcab6-5b64-4450-834b-e699b85e8be0 296365cf3ca647c494585ac884a2c5bd 07897250ef69478aa83c3e940291b0d6 - - 9bb0e01d9ab346938f9b498cf23c3601 9bb0e01d9ab346938f9b498cf23c3601] 10.0.0.147 "GET /v2.0/security-groups?id=33f313eb-187e-432d-8a24-070313c0da19&fields=id&fields=name HTTP/1.1" status: 200 len: 312 time: 0.0670810
2026-05-20 07:09:11.071 9 INFO neutron.api.wsgi [req-05c5be12-060d-4273-9b45-2ea9ec2c529a req-90325d0b-641b-4051-9732-1da7fa0d18d1 8ef7381948c347f3b1f521546be76628 1023007ed87e4e68bac5524e6bedf92b - - default default] 10.0.0.88 "GET /v2.0/ports?device_id=08a8f474-0aa9-47eb-8207-2c5eba34a641 HTTP/1.1" status: 200 len: 210 time: 0.0391736
2026-05-20 07:09:11.200 9 WARNING neutron.scheduler.dhcp_agent_scheduler [None req-129a9cc2-7d8a-48a4-801b-7cb3a9c56d6c 954aea7b4b2c4d068bcf50aca1ab43e3 c68cd8a5572b4151917fc1994ad3b85e - - default default] No more DHCP agents
2026-05-20 07:09:11.201 9 WARNING neutron.api.rpc.agentnotifiers.dhcp_rpc_agent_api [None req-129a9cc2-7d8a-48a4-801b-7cb3a9c56d6c 954aea7b4b2c4d068bcf50aca1ab43e3 c68cd8a5572b4151917fc1994ad3b85e - - default default] Unable to schedule network bf95ec28-0c53-4528-a60d-d4e4891bbd78: no agents available; will retry on subsequent port and subnet creation events.
2026-05-20 07:09:11.263 9 INFO neutron.db.ovn_revision_numbers_db [None req-129a9cc2-7d8a-48a4-801b-7cb3a9c56d6c 954aea7b4b2c4d068bcf50aca1ab43e3 c68cd8a5572b4151917fc1994ad3b85e - - default default] Successfully bumped revision number for resource daa003b9-e606-4e4f-885e-d3ca4bddae0a (type: ports) to 1
2026-05-20 07:09:11.333 9 INFO neutron.db.ovn_revision_numbers_db [None req-129a9cc2-7d8a-48a4-801b-7cb3a9c56d6c 954aea7b4b2c4d068bcf50aca1ab43e3 c68cd8a5572b4151917fc1994ad3b85e - - default default] Successfully bumped revision number for resource 6d4d9d8d-32ee-4beb-9438-233ef67ad4ed (type: networks) to 1
2026-05-20 07:09:11.458 9 WARNING neutron.scheduler.dhcp_agent_scheduler [None req-129a9cc2-7d8a-48a4-801b-7cb3a9c56d6c 954aea7b4b2c4d068bcf50aca1ab43e3 c68cd8a5572b4151917fc1994ad3b85e - - default default] No more DHCP agents
2026-05-20 07:09:11.460 9 WARNING neutron.api.rpc.agentnotifiers.dhcp_rpc_agent_api [None req-129a9cc2-7d8a-48a4-801b-7cb3a9c56d6c 954aea7b4b2c4d068bcf50aca1ab43e3 c68cd8a5572b4151917fc1994ad3b85e - - default default] Unable to schedule network 6d4d9d8d-32ee-4beb-9438-233ef67ad4ed: no agents available; will retry on subsequent port and subnet creation events.
2026-05-20 07:09:11.518 9 INFO neutron.db.ovn_revision_numbers_db [None req-129a9cc2-7d8a-48a4-801b-7cb3a9c56d6c 954aea7b4b2c4d068bcf50aca1ab43e3 c68cd8a5572b4151917fc1994ad3b85e - - default default] Successfully bumped revision number for resource 37aefaf4-1b02-46a5-8682-127fb34b6f0c (type: ports) to 1
2026-05-20 07:09:11.543 9 INFO neutron.api.wsgi [None req-129a9cc2-7d8a-48a4-801b-7cb3a9c56d6c 954aea7b4b2c4d068bcf50aca1ab43e3 c68cd8a5572b4151917fc1994ad3b85e - - default default] 10.0.0.205 "POST /v2.0/networks HTTP/1.1" status: 201 len: 1446 time: 1.1847725
2026-05-20 07:09:11.628 9 INFO neutron.api.wsgi [None req-024807e4-cf9c-4e24-b887-f547fa56d9db 954aea7b4b2c4d068bcf50aca1ab43e3 c68cd8a5572b4151917fc1994ad3b85e - - default default] 10.0.0.205 "GET /v2.0/networks HTTP/1.1" status: 200 len: 2052 time: 0.0765648
2026-05-20 07:09:11.690 10 WARNING neutron.plugins.ml2.drivers.ovn.mech_driver.ovsdb.ovn_client [None req-130fab6f-3d0b-44df-9d50-a0293e422ed8 - - - - - -] No hosting information found for port fe7e8254-2ccf-4d12-aa9e-d1f122ef351d: RuntimeError: No hosting information found for port fe7e8254-2ccf-4d12-aa9e-d1f122ef351d
2026-05-20 07:09:11.765 10 INFO neutron.db.ovn_revision_numbers_db [None req-130fab6f-3d0b-44df-9d50-a0293e422ed8 - - - - - -] Successfully bumped revision number for resource fe7e8254-2ccf-4d12-aa9e-d1f122ef351d (type: router_ports) to 2
2026-05-20 07:09:11.912 9 INFO neutron.services.segments.plugin [-] Segment 05f62625-c1a7-4cab-b2ba-50be1eb4c0a5 resource provider aggregate not found
2026-05-20 07:09:11.917 9 INFO neutron.services.segments.plugin [-] Segment 05f62625-c1a7-4cab-b2ba-50be1eb4c0a5 resource provider aggregate not found
2026-05-20 07:09:11.930 9 INFO neutron.services.segments.plugin [-] Segment 05f62625-c1a7-4cab-b2ba-50be1eb4c0a5 resource provider not found; error: Placement Client Error (4xx): {"errors": [{"status": 404, "title": "Not Found", "detail": "The resource could not be found.\n\n No resource provider with uuid 05f62625-c1a7-4cab-b2ba-50be1eb4c0a5 found for delete ", "request_id": "req-9b779f2a-37a1-4433-b1bb-e09a7b3be4a2"}]}
2026-05-20 07:09:11.935 9 INFO neutron.services.segments.plugin [-] Segment 05f62625-c1a7-4cab-b2ba-50be1eb4c0a5 resource provider not found; error: Placement Client Error (4xx): {"errors": [{"status": 404, "title": "Not Found", "detail": "The resource could not be found.\n\n No resource provider with uuid 05f62625-c1a7-4cab-b2ba-50be1eb4c0a5 found for delete ", "request_id": "req-c24084a5-87bc-4907-8f8e-0099da649373"}]}
2026-05-20 07:09:11.950 9 INFO neutron.api.wsgi [None req-9603ebab-3752-4b54-a71c-144c267830f6 954aea7b4b2c4d068bcf50aca1ab43e3 c68cd8a5572b4151917fc1994ad3b85e - - default default] 10.0.0.205 "DELETE /v2.0/networks/bf95ec28-0c53-4528-a60d-d4e4891bbd78 HTTP/1.1" status: 204 len: 168 time: 0.3148127
2026-05-20 07:09:12.099 10 INFO neutron.api.wsgi [None req-620942d0-37c5-437f-a6a1-58424ac7b4f2 ab628ee62b214545be46d2bbc2e265f7 455f8fdf6aad4dadb003a1815790c9ca - - default default] 10.0.0.205 "PUT /v2.0/routers/4f2e5d40-3ff5-4374-b6e8-cc18c9fdeb4b/remove_router_interface HTTP/1.1" status: 200 len: 503 time: 1.3433106
2026-05-20 07:09:12.151 9 INFO neutron.api.wsgi [req-b84fe0c3-4f1c-4c38-89cf-0af457ad75dd req-94dbf7fc-8e94-4d9b-8ebb-bcdae056453b 8ef7381948c347f3b1f521546be76628 1023007ed87e4e68bac5524e6bedf92b - - default default] 10.0.0.88 "GET /v2.0/ports?device_id=08a8f474-0aa9-47eb-8207-2c5eba34a641 HTTP/1.1" status: 200 len: 210 time: 0.0166845
2026-05-20 07:09:12.331 10 INFO neutron.services.segments.plugin [-] Segment 89e78b74-11df-43b8-9055-0bb7d586313b resource provider aggregate not found
2026-05-20 07:09:12.335 10 INFO neutron.services.segments.plugin [-] Segment 89e78b74-11df-43b8-9055-0bb7d586313b resource provider aggregate not found
2026-05-20 07:09:12.349 10 INFO neutron.services.segments.plugin [-] Segment 89e78b74-11df-43b8-9055-0bb7d586313b resource provider not found; error: Placement Client Error (4xx): {"errors": [{"status": 404, "title": "Not Found", "detail": "The resource could not be found.\n\n No resource provider with uuid 89e78b74-11df-43b8-9055-0bb7d586313b found for delete ", "request_id": "req-d70a99db-4ca5-4cec-9fba-d175d64ec383"}]}
2026-05-20 07:09:12.351 10 INFO neutron.services.segments.plugin [-] Segment 89e78b74-11df-43b8-9055-0bb7d586313b resource provider not found; error: Placement Client Error (4xx): {"errors": [{"status": 404, "title": "Not Found", "detail": "The resource could not be found.\n\n No resource provider with uuid 89e78b74-11df-43b8-9055-0bb7d586313b found for delete ", "request_id": "req-0d30db0b-3256-4789-bb2f-8a8f489087dc"}]}
2026-05-20 07:09:12.372 10 INFO neutron.api.wsgi [None req-3d2926bd-eed0-4bf3-9677-a20f3c857aee 954aea7b4b2c4d068bcf50aca1ab43e3 c68cd8a5572b4151917fc1994ad3b85e - - default default] 10.0.0.205 "DELETE /v2.0/networks/6d4d9d8d-32ee-4beb-9438-233ef67ad4ed HTTP/1.1" status: 204 len: 168 time: 0.4169371 /var/lib/openstack/lib/python3.12/site-packages/pycadf/identifier.py:71: UserWarning: Invalid uuid: neutron. To ensure interoperability, identifiers should be a valid uuid. warnings.warn(('Invalid uuid: %s. To ensure interoperability, '
2026-05-20 07:09:12.427 10 INFO neutron.api.wsgi [None req-0db7a0c1-91dc-4335-9598-5765ca147f32 954aea7b4b2c4d068bcf50aca1ab43e3 c68cd8a5572b4151917fc1994ad3b85e - - default default] 10.0.0.205 "GET /v2.0/networks HTTP/1.1" status: 200 len: 845 time: 0.0500567
2026-05-20 07:09:12.441 10 WARNING neutron_lib.context [None req-ea17e4be-6e0f-4483-9209-eae681cd76ae 954aea7b4b2c4d068bcf50aca1ab43e3 c68cd8a5572b4151917fc1994ad3b85e - - default default] Method 'is_advsvc' is deprecated since 2023.2 release (neutron-lib 3.8.0) and will be removed once support for the old RBAC API policies will be removed from Neutron. Please use method 'is_service_role' instead.
2026-05-20 07:09:12.523 10 INFO neutron.db.segments_db [None req-ea17e4be-6e0f-4483-9209-eae681cd76ae 954aea7b4b2c4d068bcf50aca1ab43e3 c68cd8a5572b4151917fc1994ad3b85e - - default default] Added segment 722eba5b-20bf-4486-b576-346a6e58bfe2 of type geneve for network ca2fb208-8f7e-41ca-a766-7dd43510c08a
2026-05-20 07:09:12.629 10 INFO neutron.db.ovn_revision_numbers_db [None req-ea17e4be-6e0f-4483-9209-eae681cd76ae 954aea7b4b2c4d068bcf50aca1ab43e3 c68cd8a5572b4151917fc1994ad3b85e - - default default] Successfully bumped revision number for resource ca2fb208-8f7e-41ca-a766-7dd43510c08a (type: networks) to 1
2026-05-20 07:09:12.703 9 INFO neutron.api.wsgi [None req-329cf941-f161-40ab-990f-673ea03e2198 ab628ee62b214545be46d2bbc2e265f7 455f8fdf6aad4dadb003a1815790c9ca - - default default] 10.0.0.205 "DELETE /v2.0/routers/4f2e5d40-3ff5-4374-b6e8-cc18c9fdeb4b HTTP/1.1" status: 204 len: 168 time: 0.5980437
2026-05-20 07:09:12.828 10 WARNING neutron.scheduler.dhcp_agent_scheduler [None req-ea17e4be-6e0f-4483-9209-eae681cd76ae 954aea7b4b2c4d068bcf50aca1ab43e3 c68cd8a5572b4151917fc1994ad3b85e - - default default] No more DHCP agents
2026-05-20 07:09:12.830 10 WARNING neutron.api.rpc.agentnotifiers.dhcp_rpc_agent_api [None req-ea17e4be-6e0f-4483-9209-eae681cd76ae 954aea7b4b2c4d068bcf50aca1ab43e3 c68cd8a5572b4151917fc1994ad3b85e - - default default] Unable to schedule network ca2fb208-8f7e-41ca-a766-7dd43510c08a: no agents available; will retry on subsequent port and subnet creation events.
2026-05-20 07:09:12.882 10 INFO neutron.api.wsgi [None req-49ce2b74-dfe4-491c-92bb-bdaa6d63124d ab628ee62b214545be46d2bbc2e265f7 455f8fdf6aad4dadb003a1815790c9ca - - default default] 10.0.0.205 "DELETE /v2.0/subnets/5538d61e-b887-4383-a663-17078e9b992a HTTP/1.1" status: 204 len: 168 time: 0.1753504
2026-05-20 07:09:12.891 10 INFO neutron.db.ovn_revision_numbers_db [None req-ea17e4be-6e0f-4483-9209-eae681cd76ae 954aea7b4b2c4d068bcf50aca1ab43e3 c68cd8a5572b4151917fc1994ad3b85e - - default default] Successfully bumped revision number for resource 0224654f-75a9-43a1-a511-ce94ac0e180c (type: ports) to 1
2026-05-20 07:09:12.912 10 INFO neutron.api.wsgi [None req-ea17e4be-6e0f-4483-9209-eae681cd76ae 954aea7b4b2c4d068bcf50aca1ab43e3 c68cd8a5572b4151917fc1994ad3b85e - - default default] 10.0.0.205 "POST /v2.0/networks HTTP/1.1" status: 201 len: 853 time: 0.4770567
2026-05-20 07:09:12.924 9 WARNING neutron_lib.context [None req-25112e4a-6dc0-41fc-becd-39868b8f13fb 954aea7b4b2c4d068bcf50aca1ab43e3 c68cd8a5572b4151917fc1994ad3b85e - - default default] Method 'is_advsvc' is deprecated since 2023.2 release (neutron-lib 3.8.0) and will be removed once support for the old RBAC API policies will be removed from Neutron. Please use method 'is_service_role' instead.
2026-05-20 07:09:13.000 9 INFO neutron.db.segments_db [None req-25112e4a-6dc0-41fc-becd-39868b8f13fb 954aea7b4b2c4d068bcf50aca1ab43e3 c68cd8a5572b4151917fc1994ad3b85e - - default default] Added segment 6e0d491d-996e-46fd-9099-dad34dc8fb10 of type geneve for network 9507592a-5a65-4851-aceb-e4d90fb30130
2026-05-20 07:09:13.109 9 INFO neutron.db.ovn_revision_numbers_db [None req-25112e4a-6dc0-41fc-becd-39868b8f13fb 954aea7b4b2c4d068bcf50aca1ab43e3 c68cd8a5572b4151917fc1994ad3b85e - - default default] Successfully bumped revision number for resource 9507592a-5a65-4851-aceb-e4d90fb30130 (type: networks) to 1
2026-05-20 07:09:13.120 10 INFO neutron.api.wsgi [None req-78f376f7-99f6-4ab0-80d0-2a0d7ba4782d ab628ee62b214545be46d2bbc2e265f7 455f8fdf6aad4dadb003a1815790c9ca - - default default] 10.0.0.205 "DELETE /v2.0/networks/438b5d5c-7a18-4f12-8374-e816823fd5cd HTTP/1.1" status: 204 len: 168 time: 0.2326372
2026-05-20 07:09:13.232 9 INFO neutron.api.wsgi [req-392858a2-5cf5-4f1a-90e5-66518c9a6fd8 req-48dc32bc-26d7-40d9-a4fb-f8424e2664f1 8ef7381948c347f3b1f521546be76628 1023007ed87e4e68bac5524e6bedf92b - - default default] 10.0.0.88 "GET /v2.0/ports?device_id=08a8f474-0aa9-47eb-8207-2c5eba34a641 HTTP/1.1" status: 200 len: 210 time: 0.0227616
2026-05-20 07:09:13.282 9 WARNING neutron.scheduler.dhcp_agent_scheduler [None req-25112e4a-6dc0-41fc-becd-39868b8f13fb 954aea7b4b2c4d068bcf50aca1ab43e3 c68cd8a5572b4151917fc1994ad3b85e - - default default] No more DHCP agents
2026-05-20 07:09:13.283 9 WARNING neutron.api.rpc.agentnotifiers.dhcp_rpc_agent_api [None req-25112e4a-6dc0-41fc-becd-39868b8f13fb 954aea7b4b2c4d068bcf50aca1ab43e3 c68cd8a5572b4151917fc1994ad3b85e - - default default] Unable to schedule network 9507592a-5a65-4851-aceb-e4d90fb30130: no agents available; will retry on subsequent port and subnet creation events.
2026-05-20 07:09:13.296 10 INFO neutron.api.wsgi [None req-0f93310a-36a3-48e8-ad8d-09ac18f071d5 ab628ee62b214545be46d2bbc2e265f7 455f8fdf6aad4dadb003a1815790c9ca - - default default] 10.0.0.205 "GET /v2.0/security-groups?tenant_id=3c0facc9e9da48dfbfb1eafcf3c871eb&name=default HTTP/1.1" status: 200 len: 3116 time: 0.0336692
2026-05-20 07:09:13.345 9 INFO neutron.db.ovn_revision_numbers_db [None req-25112e4a-6dc0-41fc-becd-39868b8f13fb 954aea7b4b2c4d068bcf50aca1ab43e3 c68cd8a5572b4151917fc1994ad3b85e - - default default] Successfully bumped revision number for resource d70af566-0838-4bfb-88de-781c89576c31 (type: ports) to 1
2026-05-20 07:09:13.368 9 INFO neutron.api.wsgi [None req-25112e4a-6dc0-41fc-becd-39868b8f13fb 954aea7b4b2c4d068bcf50aca1ab43e3 c68cd8a5572b4151917fc1994ad3b85e - - default default] 10.0.0.205 "POST /v2.0/networks HTTP/1.1" status: 201 len: 853 time: 0.4506865
2026-05-20 07:09:13.381 9 WARNING neutron_lib.context [None req-4a3c0e01-bd45-4875-9fa2-ffb1231219fe 954aea7b4b2c4d068bcf50aca1ab43e3 c68cd8a5572b4151917fc1994ad3b85e - - default default] Method 'is_advsvc' is deprecated since 2023.2 release (neutron-lib 3.8.0) and will be removed once support for the old RBAC API policies will be removed from Neutron. Please use method 'is_service_role' instead.
2026-05-20 07:09:13.408 9 WARNING neutron_lib.context [None req-4a3c0e01-bd45-4875-9fa2-ffb1231219fe 954aea7b4b2c4d068bcf50aca1ab43e3 c68cd8a5572b4151917fc1994ad3b85e - - default default] Method 'is_advsvc' is deprecated since 2023.2 release (neutron-lib 3.8.0) and will be removed once support for the old RBAC API policies will be removed from Neutron. Please use method 'is_service_role' instead.
2026-05-20 07:09:13.524 10 INFO neutron.api.wsgi [None req-8066f682-1359-4923-9f1c-03e42a4cb801 ab628ee62b214545be46d2bbc2e265f7 455f8fdf6aad4dadb003a1815790c9ca - - default default] 10.0.0.205 "DELETE /v2.0/security-groups/e2752578-b0d0-4833-acf4-f06d9176081a HTTP/1.1" status: 204 len: 168 time: 0.2243319
2026-05-20 07:09:13.807 9 WARNING neutron.scheduler.dhcp_agent_scheduler [None req-4a3c0e01-bd45-4875-9fa2-ffb1231219fe 954aea7b4b2c4d068bcf50aca1ab43e3 c68cd8a5572b4151917fc1994ad3b85e - - default default] No more DHCP agents
2026-05-20 07:09:13.809 9 WARNING neutron.api.rpc.agentnotifiers.dhcp_rpc_agent_api [None req-4a3c0e01-bd45-4875-9fa2-ffb1231219fe 954aea7b4b2c4d068bcf50aca1ab43e3 c68cd8a5572b4151917fc1994ad3b85e - - default default] Unable to schedule network ca2fb208-8f7e-41ca-a766-7dd43510c08a: no agents available; will retry on subsequent port and subnet creation events.
2026-05-20 07:09:13.886 9 INFO neutron.db.ovn_revision_numbers_db [None req-4a3c0e01-bd45-4875-9fa2-ffb1231219fe 954aea7b4b2c4d068bcf50aca1ab43e3 c68cd8a5572b4151917fc1994ad3b85e - - default default] Successfully bumped revision number for resource 4742cf93-6fcd-46ce-afa3-03836910cbae (type: ports) to 1
2026-05-20 07:09:13.925 9 WARNING neutron.scheduler.dhcp_agent_scheduler [None req-4a3c0e01-bd45-4875-9fa2-ffb1231219fe 954aea7b4b2c4d068bcf50aca1ab43e3 c68cd8a5572b4151917fc1994ad3b85e - - default default] No more DHCP agents
2026-05-20 07:09:13.926 9 WARNING neutron.api.rpc.agentnotifiers.dhcp_rpc_agent_api [None req-4a3c0e01-bd45-4875-9fa2-ffb1231219fe 954aea7b4b2c4d068bcf50aca1ab43e3 c68cd8a5572b4151917fc1994ad3b85e - - default default] Unable to schedule network 9507592a-5a65-4851-aceb-e4d90fb30130: no agents available; will retry on subsequent port and subnet creation events.
2026-05-20 07:09:13.998 9 INFO neutron.db.ovn_revision_numbers_db [None req-4a3c0e01-bd45-4875-9fa2-ffb1231219fe 954aea7b4b2c4d068bcf50aca1ab43e3 c68cd8a5572b4151917fc1994ad3b85e - - default default] Successfully bumped revision number for resource 006ebcb0-c8f4-4314-ada2-4904aa673644 (type: ports) to 1
2026-05-20 07:09:14.020 9 INFO neutron.api.wsgi [None req-4a3c0e01-bd45-4875-9fa2-ffb1231219fe 954aea7b4b2c4d068bcf50aca1ab43e3 c68cd8a5572b4151917fc1994ad3b85e - - default default] 10.0.0.205 "POST /v2.0/ports HTTP/1.1" status: 201 len: 1706 time: 0.6461582 /var/lib/openstack/lib/python3.12/site-packages/pycadf/identifier.py:71: UserWarning: Invalid uuid: neutron. To ensure interoperability, identifiers should be a valid uuid. warnings.warn(('Invalid uuid: %s. To ensure interoperability, '
2026-05-20 07:09:14.140 9 INFO neutron.api.wsgi [None req-efc0a5e0-ddc1-480c-85c4-08ee3c0c3951 954aea7b4b2c4d068bcf50aca1ab43e3 c68cd8a5572b4151917fc1994ad3b85e - - default default] 10.0.0.205 "GET /v2.0/ports HTTP/1.1" status: 200 len: 3213 time: 0.1160128
2026-05-20 07:09:14.250 10 INFO neutron.api.wsgi [req-68acbf21-4aa0-4264-9691-33e2c6476c4f req-217ccdd6-c623-4e65-afbd-72dfaedf3680 8ef7381948c347f3b1f521546be76628 1023007ed87e4e68bac5524e6bedf92b - - default default] 199.19.213.121 "GET /v2.0/networks?id=a9c798ef-fb1f-4625-851a-1622a4c9dd6e HTTP/1.1" status: 200 len: 883 time: 0.0520785
2026-05-20 07:09:14.305 10 INFO neutron.api.wsgi [req-68acbf21-4aa0-4264-9691-33e2c6476c4f req-09371d59-4ae1-49d8-8b8c-228bc5e6184d 8ef7381948c347f3b1f521546be76628 1023007ed87e4e68bac5524e6bedf92b - - default default] 199.19.213.121 "GET /v2.0/security-groups?fields=id&fields=name&tenant_id=1023007ed87e4e68bac5524e6bedf92b HTTP/1.1" status: 200 len: 380 time: 0.0485568
2026-05-20 07:09:14.311 9 INFO neutron.api.wsgi [req-0e5ad5ef-dfc8-4592-9a60-430d4f961d70 req-288672a0-0744-4554-8816-ad5ec35e00e7 8ef7381948c347f3b1f521546be76628 1023007ed87e4e68bac5524e6bedf92b - - default default] 10.0.0.88 "GET /v2.0/ports?device_id=08a8f474-0aa9-47eb-8207-2c5eba34a641 HTTP/1.1" status: 200 len: 210 time: 0.0146744
2026-05-20 07:09:14.314 10 WARNING neutron_lib.context [req-68acbf21-4aa0-4264-9691-33e2c6476c4f req-01fc49a1-5ee4-437f-81bf-f56351d0dd78 8ef7381948c347f3b1f521546be76628 1023007ed87e4e68bac5524e6bedf92b - - default default] Method 'is_advsvc' is deprecated since 2023.2 release (neutron-lib 3.8.0) and will be removed once support for the old RBAC API policies will be removed from Neutron. Please use method 'is_service_role' instead.
2026-05-20 07:09:14.349 9 INFO neutron.api.wsgi [None req-8b4c9687-26c5-4346-9d14-8b221f3212ff 954aea7b4b2c4d068bcf50aca1ab43e3 c68cd8a5572b4151917fc1994ad3b85e - - default default] 10.0.0.205 "DELETE /v2.0/ports/4742cf93-6fcd-46ce-afa3-03836910cbae HTTP/1.1" status: 204 len: 168 time: 0.2046573
2026-05-20 07:09:14.365 10 INFO neutron.services.segments.plugin [-] Segment 5c8ff532-4538-40b2-8bb9-24b4a4c2fc45 resource provider aggregate not found
2026-05-20 07:09:14.369 10 INFO neutron.services.segments.plugin [-] Segment 5c8ff532-4538-40b2-8bb9-24b4a4c2fc45 resource provider aggregate not found
2026-05-20 07:09:14.376 10 INFO neutron.services.segments.plugin [-] Segment 5c8ff532-4538-40b2-8bb9-24b4a4c2fc45 resource provider not found; error: Placement Client Error (4xx): {"errors": [{"status": 404, "title": "Not Found", "detail": "The resource could not be found.\n\n No resource provider with uuid 5c8ff532-4538-40b2-8bb9-24b4a4c2fc45 found for delete ", "request_id": "req-1380c316-2eaf-4d3f-8c43-9741b6551567"}]}
2026-05-20 07:09:14.380 10 INFO neutron.services.segments.plugin [-] Segment 5c8ff532-4538-40b2-8bb9-24b4a4c2fc45 resource provider not found; error: Placement Client Error (4xx): {"errors": [{"status": 404, "title": "Not Found", "detail": "The resource could not be found.\n\n No resource provider with uuid 5c8ff532-4538-40b2-8bb9-24b4a4c2fc45 found for delete ", "request_id": "req-6a5a768e-d954-4b6b-96de-26ef2452f618"}]}
2026-05-20 07:09:14.551 9 INFO neutron.api.wsgi [None req-1d2c514a-db2c-40b2-b4e3-1110f3bb54a5 954aea7b4b2c4d068bcf50aca1ab43e3 c68cd8a5572b4151917fc1994ad3b85e - - default default] 10.0.0.205 "DELETE /v2.0/ports/006ebcb0-c8f4-4314-ada2-4904aa673644 HTTP/1.1" status: 204 len: 168 time: 0.1975431 /var/lib/openstack/lib/python3.12/site-packages/pycadf/identifier.py:71: UserWarning: Invalid uuid: neutron. To ensure interoperability, identifiers should be a valid uuid. warnings.warn(('Invalid uuid: %s. To ensure interoperability, '
2026-05-20 07:09:14.604 10 WARNING neutron.scheduler.dhcp_agent_scheduler [req-68acbf21-4aa0-4264-9691-33e2c6476c4f req-01fc49a1-5ee4-437f-81bf-f56351d0dd78 8ef7381948c347f3b1f521546be76628 1023007ed87e4e68bac5524e6bedf92b - - default default] No more DHCP agents
2026-05-20 07:09:14.605 10 WARNING neutron.api.rpc.agentnotifiers.dhcp_rpc_agent_api [req-68acbf21-4aa0-4264-9691-33e2c6476c4f req-01fc49a1-5ee4-437f-81bf-f56351d0dd78 8ef7381948c347f3b1f521546be76628 1023007ed87e4e68bac5524e6bedf92b - - default default] Unable to schedule network a9c798ef-fb1f-4625-851a-1622a4c9dd6e: no agents available; will retry on subsequent port and subnet creation events.
2026-05-20 07:09:14.674 10 INFO neutron.api.wsgi [None req-231c374b-de90-4a6f-af92-f44ff860b01e 954aea7b4b2c4d068bcf50aca1ab43e3 c68cd8a5572b4151917fc1994ad3b85e - - default default] 10.0.0.205 "GET /v2.0/ports HTTP/1.1" status: 200 len: 1718 time: 0.1184077 /var/lib/openstack/lib/python3.12/site-packages/pycadf/identifier.py:71: UserWarning: Invalid uuid: neutron. To ensure interoperability, identifiers should be a valid uuid. warnings.warn(('Invalid uuid: %s. To ensure interoperability, '
2026-05-20 07:09:14.685 10 WARNING neutron_lib.context [None req-faa4a137-418f-418f-8835-83910e93b72c 954aea7b4b2c4d068bcf50aca1ab43e3 c68cd8a5572b4151917fc1994ad3b85e - - default default] Method 'is_advsvc' is deprecated since 2023.2 release (neutron-lib 3.8.0) and will be removed once support for the old RBAC API policies will be removed from Neutron. Please use method 'is_service_role' instead.
2026-05-20 07:09:14.769 10 INFO neutron.db.ovn_revision_numbers_db [req-68acbf21-4aa0-4264-9691-33e2c6476c4f req-01fc49a1-5ee4-437f-81bf-f56351d0dd78 8ef7381948c347f3b1f521546be76628 1023007ed87e4e68bac5524e6bedf92b - - default default] Successfully bumped revision number for resource 48fca8ec-d8c8-4baa-8507-dc085d2d5528 (type: ports) to 1
2026-05-20 07:09:14.786 10 INFO neutron.db.segments_db [None req-faa4a137-418f-418f-8835-83910e93b72c 954aea7b4b2c4d068bcf50aca1ab43e3 c68cd8a5572b4151917fc1994ad3b85e - - default default] Added segment 454b0a7f-8932-4bd2-a2d9-d6c9c7e0426b of type geneve for network bba8288a-f933-4e9f-b660-064f41a956a7
2026-05-20 07:09:14.810 10 INFO neutron.api.wsgi [req-68acbf21-4aa0-4264-9691-33e2c6476c4f req-01fc49a1-5ee4-437f-81bf-f56351d0dd78 8ef7381948c347f3b1f521546be76628 1023007ed87e4e68bac5524e6bedf92b - - default default] 199.19.213.121 "POST /v2.0/ports HTTP/1.1" status: 201 len: 1158 time: 0.5010715
2026-05-20 07:09:14.922 10 INFO neutron.db.ovn_revision_numbers_db [None req-faa4a137-418f-418f-8835-83910e93b72c 954aea7b4b2c4d068bcf50aca1ab43e3 c68cd8a5572b4151917fc1994ad3b85e - - default default] Successfully bumped revision number for resource bba8288a-f933-4e9f-b660-064f41a956a7 (type: networks) to 1
2026-05-20 07:09:15.093 10 WARNING neutron.scheduler.dhcp_agent_scheduler [None req-faa4a137-418f-418f-8835-83910e93b72c 954aea7b4b2c4d068bcf50aca1ab43e3 c68cd8a5572b4151917fc1994ad3b85e - - default default] No more DHCP agents
2026-05-20 07:09:15.095 10 WARNING neutron.api.rpc.agentnotifiers.dhcp_rpc_agent_api [None req-faa4a137-418f-418f-8835-83910e93b72c 954aea7b4b2c4d068bcf50aca1ab43e3 c68cd8a5572b4151917fc1994ad3b85e - - default default] Unable to schedule network bba8288a-f933-4e9f-b660-064f41a956a7: no agents available; will retry on subsequent port and subnet creation events.
2026-05-20 07:09:15.160 10 INFO neutron.db.ovn_revision_numbers_db [None req-faa4a137-418f-418f-8835-83910e93b72c 954aea7b4b2c4d068bcf50aca1ab43e3 c68cd8a5572b4151917fc1994ad3b85e - - default default] Successfully bumped revision number for resource ca5cabba-17aa-4549-a24a-e8923de93a91 (type: ports) to 1
2026-05-20 07:09:15.181 10 INFO neutron.api.wsgi [None req-faa4a137-418f-418f-8835-83910e93b72c 954aea7b4b2c4d068bcf50aca1ab43e3 c68cd8a5572b4151917fc1994ad3b85e - - default default] 10.0.0.205 "POST /v2.0/networks HTTP/1.1" status: 201 len: 852 time: 0.5013328 /var/lib/openstack/lib/python3.12/site-packages/pycadf/identifier.py:71: UserWarning: Invalid uuid: neutron. To ensure interoperability, identifiers should be a valid uuid. warnings.warn(('Invalid uuid: %s. To ensure interoperability, '
2026-05-20 07:09:15.192 10 WARNING neutron_lib.context [None req-1687f0e8-f07c-439a-8c5a-6e359f7aacf3 954aea7b4b2c4d068bcf50aca1ab43e3 c68cd8a5572b4151917fc1994ad3b85e - - default default] Method 'is_advsvc' is deprecated since 2023.2 release (neutron-lib 3.8.0) and will be removed once support for the old RBAC API policies will be removed from Neutron. Please use method 'is_service_role' instead.
2026-05-20 07:09:15.213 10 INFO neutron.db.ovn_revision_numbers_db [req-68acbf21-4aa0-4264-9691-33e2c6476c4f req-93340852-ead9-45f5-b5b4-450740b6f5b7 296365cf3ca647c494585ac884a2c5bd 07897250ef69478aa83c3e940291b0d6 - - 9bb0e01d9ab346938f9b498cf23c3601 9bb0e01d9ab346938f9b498cf23c3601] Successfully bumped revision number for resource 48fca8ec-d8c8-4baa-8507-dc085d2d5528 (type: ports) to 2
2026-05-20 07:09:15.285 10 INFO neutron.db.segments_db [None req-1687f0e8-f07c-439a-8c5a-6e359f7aacf3 954aea7b4b2c4d068bcf50aca1ab43e3 c68cd8a5572b4151917fc1994ad3b85e - - default default] Added segment d28631c8-c6af-47d9-9e82-99199a3e4cd1 of type geneve for network e01a2b11-28ea-4704-bbb4-e77b0343f854
2026-05-20 07:09:15.415 10 INFO neutron.db.ovn_revision_numbers_db [None req-1687f0e8-f07c-439a-8c5a-6e359f7aacf3 954aea7b4b2c4d068bcf50aca1ab43e3 c68cd8a5572b4151917fc1994ad3b85e - - default default] Successfully bumped revision number for resource e01a2b11-28ea-4704-bbb4-e77b0343f854 (type: networks) to 1
2026-05-20 07:09:15.451 9 INFO neutron.api.wsgi [req-ccec8eea-ad86-4527-adef-da7992f77281 req-dc47f0d2-db87-4063-9cec-b4e59e8114cc 8ef7381948c347f3b1f521546be76628 1023007ed87e4e68bac5524e6bedf92b - - default default] 10.0.0.88 "GET /v2.0/ports?device_id=08a8f474-0aa9-47eb-8207-2c5eba34a641 HTTP/1.1" status: 200 len: 1168 time: 0.0735321
2026-05-20 07:09:15.455 10 INFO neutron.db.ovn_revision_numbers_db [req-68acbf21-4aa0-4264-9691-33e2c6476c4f req-93340852-ead9-45f5-b5b4-450740b6f5b7 296365cf3ca647c494585ac884a2c5bd 07897250ef69478aa83c3e940291b0d6 - - 9bb0e01d9ab346938f9b498cf23c3601 9bb0e01d9ab346938f9b498cf23c3601] Successfully bumped revision number for resource 48fca8ec-d8c8-4baa-8507-dc085d2d5528 (type: ports) to 4
2026-05-20 07:09:15.473 10 INFO neutron.api.wsgi [req-68acbf21-4aa0-4264-9691-33e2c6476c4f req-93340852-ead9-45f5-b5b4-450740b6f5b7 296365cf3ca647c494585ac884a2c5bd 07897250ef69478aa83c3e940291b0d6 - - 9bb0e01d9ab346938f9b498cf23c3601 9bb0e01d9ab346938f9b498cf23c3601] 199.19.213.121 "PUT /v2.0/ports/48fca8ec-d8c8-4baa-8507-dc085d2d5528 HTTP/1.1" status: 200 len: 1404 time: 0.6549358
2026-05-20 07:09:15.497 9 INFO neutron.api.wsgi [req-ccec8eea-ad86-4527-adef-da7992f77281 req-807b9bca-1e5b-4efa-ae22-e887bded8306 8ef7381948c347f3b1f521546be76628 1023007ed87e4e68bac5524e6bedf92b - - default default] 10.0.0.88 "GET /v2.0/security-groups?id=9ab9358a-2700-443e-b787-f185a4ce4eed&fields=id&fields=name HTTP/1.1" status: 200 len: 313 time: 0.0379903
2026-05-20 07:09:15.501 10 INFO neutron.notifiers.nova [-] Nova event matching ['req-22d945d5-4e85-4b19-9627-bad9ae0da279'] response: {'name': 'network-changed', 'server_uuid': '08a8f474-0aa9-47eb-8207-2c5eba34a641', 'tag': '48fca8ec-d8c8-4baa-8507-dc085d2d5528', 'status': 'completed', 'code': 200}
2026-05-20 07:09:15.531 9 INFO neutron.db.ovn_revision_numbers_db [None req-e3cd0048-3397-403d-8a38-62d10b8752db ab628ee62b214545be46d2bbc2e265f7 455f8fdf6aad4dadb003a1815790c9ca - - default default] Successfully bumped revision number for resource 084317f7-19f3-4551-8694-f67282e2823d (type: security_groups) to 1
2026-05-20 07:09:15.543 9 INFO neutron.db.ovn_revision_numbers_db [None req-e3cd0048-3397-403d-8a38-62d10b8752db ab628ee62b214545be46d2bbc2e265f7 455f8fdf6aad4dadb003a1815790c9ca - - default default] Successfully bumped revision number for resource 6d7aca14-ce8a-45b8-9579-09bafbbbd99a (type: security_group_rules) to 0
2026-05-20 07:09:15.557 9 INFO neutron.db.ovn_revision_numbers_db [None req-e3cd0048-3397-403d-8a38-62d10b8752db ab628ee62b214545be46d2bbc2e265f7 455f8fdf6aad4dadb003a1815790c9ca - - default default] Successfully bumped revision number for resource 8da2e538-b0e5-4261-a624-fbb0b9642c03 (type: security_group_rules) to 0
2026-05-20 07:09:15.569 10 WARNING neutron.scheduler.dhcp_agent_scheduler [None req-1687f0e8-f07c-439a-8c5a-6e359f7aacf3 954aea7b4b2c4d068bcf50aca1ab43e3 c68cd8a5572b4151917fc1994ad3b85e - - default default] No more DHCP agents
2026-05-20 07:09:15.570 10 WARNING neutron.api.rpc.agentnotifiers.dhcp_rpc_agent_api [None req-1687f0e8-f07c-439a-8c5a-6e359f7aacf3 954aea7b4b2c4d068bcf50aca1ab43e3 c68cd8a5572b4151917fc1994ad3b85e - - default default] Unable to schedule network e01a2b11-28ea-4704-bbb4-e77b0343f854: no agents available; will retry on subsequent port and subnet creation events.
2026-05-20 07:09:15.572 9 INFO neutron.db.ovn_revision_numbers_db [None req-e3cd0048-3397-403d-8a38-62d10b8752db ab628ee62b214545be46d2bbc2e265f7 455f8fdf6aad4dadb003a1815790c9ca - - default default] Successfully bumped revision number for resource af12db81-32dd-403f-b5c6-3bb84af86682 (type: security_group_rules) to 0
2026-05-20 07:09:15.589 9 INFO neutron.db.ovn_revision_numbers_db [None req-e3cd0048-3397-403d-8a38-62d10b8752db ab628ee62b214545be46d2bbc2e265f7 455f8fdf6aad4dadb003a1815790c9ca - - default default] Successfully bumped revision number for resource f45c5a23-cca3-425e-b468-1b704d746f69 (type: security_group_rules) to 0
2026-05-20 07:09:15.625 10 INFO neutron.db.ovn_revision_numbers_db [None req-1687f0e8-f07c-439a-8c5a-6e359f7aacf3 954aea7b4b2c4d068bcf50aca1ab43e3 c68cd8a5572b4151917fc1994ad3b85e - - default default] Successfully bumped revision number for resource c1b6c84e-a69b-438e-9c8b-79ea18f05127 (type: ports) to 1
2026-05-20 07:09:15.643 10 INFO neutron.api.wsgi [None req-1687f0e8-f07c-439a-8c5a-6e359f7aacf3 954aea7b4b2c4d068bcf50aca1ab43e3 c68cd8a5572b4151917fc1994ad3b85e - - default default] 10.0.0.205 "POST /v2.0/networks HTTP/1.1" status: 201 len: 853 time: 0.4545131
2026-05-20 07:09:15.659 9 INFO neutron.db.segments_db [None req-e3cd0048-3397-403d-8a38-62d10b8752db ab628ee62b214545be46d2bbc2e265f7 455f8fdf6aad4dadb003a1815790c9ca - - default default] Added segment d017a047-ac7e-45f9-9797-bd18fbf9e4bd of type geneve for network 608c0a34-459a-44ac-bce1-1271d39ae69b
2026-05-20 07:09:15.763 9 INFO neutron.db.ovn_revision_numbers_db [None req-e3cd0048-3397-403d-8a38-62d10b8752db ab628ee62b214545be46d2bbc2e265f7 455f8fdf6aad4dadb003a1815790c9ca - - default default] Successfully bumped revision number for resource 608c0a34-459a-44ac-bce1-1271d39ae69b (type: networks) to 1
2026-05-20 07:09:15.903 9 WARNING neutron.scheduler.dhcp_agent_scheduler [None req-e3cd0048-3397-403d-8a38-62d10b8752db ab628ee62b214545be46d2bbc2e265f7 455f8fdf6aad4dadb003a1815790c9ca - - default default] No more DHCP agents
2026-05-20 07:09:15.905 9 WARNING neutron.api.rpc.agentnotifiers.dhcp_rpc_agent_api [None req-e3cd0048-3397-403d-8a38-62d10b8752db ab628ee62b214545be46d2bbc2e265f7 455f8fdf6aad4dadb003a1815790c9ca - - default default] Unable to schedule network 608c0a34-459a-44ac-bce1-1271d39ae69b: no agents available; will retry on subsequent port and subnet creation events.
2026-05-20 07:09:15.973 9 INFO neutron.db.ovn_revision_numbers_db [None req-e3cd0048-3397-403d-8a38-62d10b8752db ab628ee62b214545be46d2bbc2e265f7 455f8fdf6aad4dadb003a1815790c9ca - - default default] Successfully bumped revision number for resource 6c288914-b3fa-4d82-a57a-273939d7118c (type: ports) to 1
2026-05-20 07:09:15.995 9 INFO neutron.api.wsgi [None req-e3cd0048-3397-403d-8a38-62d10b8752db ab628ee62b214545be46d2bbc2e265f7 455f8fdf6aad4dadb003a1815790c9ca - - default default] 10.0.0.205 "POST /v2.0/networks HTTP/1.1" status: 201 len: 944 time: 0.7633102 /var/lib/openstack/lib/python3.12/site-packages/pycadf/identifier.py:71: UserWarning: Invalid uuid: neutron. To ensure interoperability, identifiers should be a valid uuid. warnings.warn(('Invalid uuid: %s. To ensure interoperability, '
2026-05-20 07:09:16.042 10 INFO neutron.api.wsgi [req-51449c49-9797-49a5-87e7-eb2ea3eeede6 req-0b722bea-b70e-41ae-a96a-a0bb4c1bf8d6 296365cf3ca647c494585ac884a2c5bd 07897250ef69478aa83c3e940291b0d6 - - 9bb0e01d9ab346938f9b498cf23c3601 9bb0e01d9ab346938f9b498cf23c3601] 199.19.213.121 "GET /v2.0/ports?tenant_id=1023007ed87e4e68bac5524e6bedf92b&device_id=08a8f474-0aa9-47eb-8207-2c5eba34a641 HTTP/1.1" status: 200 len: 1407 time: 0.0333245
2026-05-20 07:09:16.083 10 WARNING neutron_lib.context [None req-6fd7f30d-17c2-4c0c-a5a7-8d6b18acbf86 954aea7b4b2c4d068bcf50aca1ab43e3 c68cd8a5572b4151917fc1994ad3b85e - - default default] Method 'is_advsvc' is deprecated since 2023.2 release (neutron-lib 3.8.0) and will be removed once support for the old RBAC API policies will be removed from Neutron. Please use method 'is_service_role' instead.
2026-05-20 07:09:16.090 10 INFO neutron.api.wsgi [req-51449c49-9797-49a5-87e7-eb2ea3eeede6 req-ad23cfe2-f86a-45cf-bc84-aa33ac97dcb0 296365cf3ca647c494585ac884a2c5bd 07897250ef69478aa83c3e940291b0d6 - - 9bb0e01d9ab346938f9b498cf23c3601 9bb0e01d9ab346938f9b498cf23c3601] 199.19.213.121 "GET /v2.0/networks?tenant_id=1023007ed87e4e68bac5524e6bedf92b&shared=False HTTP/1.1" status: 200 len: 982 time: 0.0427060
2026-05-20 07:09:16.117 10 WARNING neutron_lib.context [None req-6fd7f30d-17c2-4c0c-a5a7-8d6b18acbf86 954aea7b4b2c4d068bcf50aca1ab43e3 c68cd8a5572b4151917fc1994ad3b85e - - default default] Method 'is_advsvc' is deprecated since 2023.2 release (neutron-lib 3.8.0) and will be removed once support for the old RBAC API policies will be removed from Neutron. Please use method 'is_service_role' instead.
2026-05-20 07:09:16.129 9 WARNING neutron.scheduler.dhcp_agent_scheduler [None req-0e2dfe7f-dfa6-4aeb-ba54-7d3c1e8d8bf6 ab628ee62b214545be46d2bbc2e265f7 455f8fdf6aad4dadb003a1815790c9ca - - default default] No more DHCP agents
2026-05-20 07:09:16.130 9 WARNING neutron.api.rpc.agentnotifiers.dhcp_rpc_agent_api [None req-0e2dfe7f-dfa6-4aeb-ba54-7d3c1e8d8bf6 ab628ee62b214545be46d2bbc2e265f7 455f8fdf6aad4dadb003a1815790c9ca - - default default] Unable to schedule network 608c0a34-459a-44ac-bce1-1271d39ae69b: no agents available; will retry on subsequent port and subnet creation events.
2026-05-20 07:09:16.145 10 INFO neutron.api.wsgi [req-51449c49-9797-49a5-87e7-eb2ea3eeede6 req-00162641-8bd0-446b-ba97-d5f27047c592 296365cf3ca647c494585ac884a2c5bd 07897250ef69478aa83c3e940291b0d6 - - 9bb0e01d9ab346938f9b498cf23c3601 9bb0e01d9ab346938f9b498cf23c3601] 199.19.213.121 "GET /v2.0/networks?shared=True HTTP/1.1" status: 200 len: 952 time: 0.0486882
2026-05-20 07:09:16.385 10 WARNING neutron.scheduler.dhcp_agent_scheduler [None req-6fd7f30d-17c2-4c0c-a5a7-8d6b18acbf86 954aea7b4b2c4d068bcf50aca1ab43e3 c68cd8a5572b4151917fc1994ad3b85e - - default default] No more DHCP agents
2026-05-20 07:09:16.387 10 WARNING neutron.api.rpc.agentnotifiers.dhcp_rpc_agent_api [None req-6fd7f30d-17c2-4c0c-a5a7-8d6b18acbf86 954aea7b4b2c4d068bcf50aca1ab43e3 c68cd8a5572b4151917fc1994ad3b85e - - default default] Unable to schedule network bba8288a-f933-4e9f-b660-064f41a956a7: no agents available; will retry on subsequent port and subnet creation events.
2026-05-20 07:09:16.412 10 INFO neutron.db.ovn_revision_numbers_db [None req-6fd7f30d-17c2-4c0c-a5a7-8d6b18acbf86 954aea7b4b2c4d068bcf50aca1ab43e3 c68cd8a5572b4151917fc1994ad3b85e - - default default] Successfully bumped revision number for resource 66c808d1-5c17-4f8d-b54f-bee8d93d3ee5 (type: subnets) to 0
2026-05-20 07:09:16.442 10 WARNING neutron.scheduler.dhcp_agent_scheduler [None req-6fd7f30d-17c2-4c0c-a5a7-8d6b18acbf86 954aea7b4b2c4d068bcf50aca1ab43e3 c68cd8a5572b4151917fc1994ad3b85e - - default default] No more DHCP agents
2026-05-20 07:09:16.443 10 WARNING neutron.api.rpc.agentnotifiers.dhcp_rpc_agent_api [None req-6fd7f30d-17c2-4c0c-a5a7-8d6b18acbf86 954aea7b4b2c4d068bcf50aca1ab43e3 c68cd8a5572b4151917fc1994ad3b85e - - default default] Unable to schedule network e01a2b11-28ea-4704-bbb4-e77b0343f854: no agents available; will retry on subsequent port and subnet creation events.
2026-05-20 07:09:16.470 10 INFO neutron.db.ovn_revision_numbers_db [None req-6fd7f30d-17c2-4c0c-a5a7-8d6b18acbf86 954aea7b4b2c4d068bcf50aca1ab43e3 c68cd8a5572b4151917fc1994ad3b85e - - default default] Successfully bumped revision number for resource 3889853a-491f-4a22-8d04-49f933a1368a (type: subnets) to 0
2026-05-20 07:09:16.485 10 INFO neutron.api.wsgi [None req-6fd7f30d-17c2-4c0c-a5a7-8d6b18acbf86 954aea7b4b2c4d068bcf50aca1ab43e3 c68cd8a5572b4151917fc1994ad3b85e - - default default] 10.0.0.205 "POST /v2.0/subnets HTTP/1.1" status: 201 len: 1523 time: 0.4057641
2026-05-20 07:09:16.523 10 INFO neutron.api.wsgi [None req-c7bcd084-8ffa-42e0-8561-8019588e8865 954aea7b4b2c4d068bcf50aca1ab43e3 c68cd8a5572b4151917fc1994ad3b85e - - default default] 10.0.0.205 "GET /v2.0/subnets HTTP/1.1" status: 200 len: 2154 time: 0.0338862
2026-05-20 07:09:16.523 9 INFO neutron.db.ovn_revision_numbers_db [None req-071f8ac7-22fb-43dc-976a-4f018fa6642d - - - - - -] Successfully bumped revision number for resource 6c288914-b3fa-4d82-a57a-273939d7118c (type: ports) to 2
2026-05-20 07:09:16.565 9 INFO neutron.db.ovn_revision_numbers_db [None req-071f8ac7-22fb-43dc-976a-4f018fa6642d - - - - - -] Successfully bumped revision number for resource 71eaf790-5fe4-4af5-9e59-8b61b2cb83fb (type: subnets) to 0
2026-05-20 07:09:16.583 9 INFO neutron.api.wsgi [None req-0e2dfe7f-dfa6-4aeb-ba54-7d3c1e8d8bf6 ab628ee62b214545be46d2bbc2e265f7 455f8fdf6aad4dadb003a1815790c9ca - - default default] 10.0.0.205 "POST /v2.0/subnets HTTP/1.1" status: 201 len: 889 time: 0.5832276
2026-05-20 07:09:16.609 9 INFO neutron.api.wsgi [req-640a8fb3-6d90-4f86-8965-8eb48cc2e988 req-e2e70be5-ec47-48b0-bb8f-7fa1f8c35a5c 8ef7381948c347f3b1f521546be76628 1023007ed87e4e68bac5524e6bedf92b - - default default] 10.0.0.88 "GET /v2.0/ports?device_id=08a8f474-0aa9-47eb-8207-2c5eba34a641 HTTP/1.1" status: 200 len: 1168 time: 0.0358589
2026-05-20 07:09:16.655 9 INFO neutron.api.wsgi [req-640a8fb3-6d90-4f86-8965-8eb48cc2e988 req-837390dd-8bb9-4bcd-a1cd-35475bc4a50d 8ef7381948c347f3b1f521546be76628 1023007ed87e4e68bac5524e6bedf92b - - default default] 10.0.0.88 "GET /v2.0/security-groups?id=9ab9358a-2700-443e-b787-f185a4ce4eed&fields=id&fields=name HTTP/1.1" status: 200 len: 313 time: 0.0401688
2026-05-20 07:09:16.672 10 INFO neutron.api.wsgi [None req-760c0474-cabf-444b-92e7-992576540a57 954aea7b4b2c4d068bcf50aca1ab43e3 c68cd8a5572b4151917fc1994ad3b85e - - default default] 10.0.0.205 "DELETE /v2.0/subnets/66c808d1-5c17-4f8d-b54f-bee8d93d3ee5 HTTP/1.1" status: 204 len: 168 time: 0.1342413
2026-05-20 07:09:16.802 10 INFO neutron.api.wsgi [None req-46071919-a35d-4248-9ab3-9d0d9c10a47d 954aea7b4b2c4d068bcf50aca1ab43e3 c68cd8a5572b4151917fc1994ad3b85e - - default default] 10.0.0.205 "DELETE /v2.0/subnets/3889853a-491f-4a22-8d04-49f933a1368a HTTP/1.1" status: 204 len: 168 time: 0.1249070
2026-05-20 07:09:16.832 10 INFO neutron.api.wsgi [None req-6490ddcc-6e4c-4ab3-a9c7-13cf53c965ad 954aea7b4b2c4d068bcf50aca1ab43e3 c68cd8a5572b4151917fc1994ad3b85e - - default default] 10.0.0.205 "GET /v2.0/subnets HTTP/1.1" status: 200 len: 843 time: 0.0253911
2026-05-20 07:09:16.967 9 WARNING neutron.scheduler.dhcp_agent_scheduler [None req-deb72b7b-a342-43e6-98a9-9e12bba9c6cb ab628ee62b214545be46d2bbc2e265f7 455f8fdf6aad4dadb003a1815790c9ca - - default default] No more DHCP agents
2026-05-20 07:09:16.969 9 WARNING neutron.api.rpc.agentnotifiers.dhcp_rpc_agent_api [None req-deb72b7b-a342-43e6-98a9-9e12bba9c6cb ab628ee62b214545be46d2bbc2e265f7 455f8fdf6aad4dadb003a1815790c9ca - - default default] Unable to schedule network c44ab934-c330-4f5c-a6a9-48e2107a84ce: no agents available; will retry on subsequent port and subnet creation events.
2026-05-20 07:09:17.100 10 INFO neutron.services.segments.plugin [-] Segment d28631c8-c6af-47d9-9e82-99199a3e4cd1 resource provider aggregate not found
2026-05-20 07:09:17.104 10 INFO neutron.services.segments.plugin [-] Segment d28631c8-c6af-47d9-9e82-99199a3e4cd1 resource provider aggregate not found
2026-05-20 07:09:17.125 10 INFO neutron.services.segments.plugin [-] Segment d28631c8-c6af-47d9-9e82-99199a3e4cd1 resource provider not found; error: Placement Client Error (4xx): {"errors": [{"status": 404, "title": "Not Found", "detail": "The resource could not be found.\n\n No resource provider with uuid d28631c8-c6af-47d9-9e82-99199a3e4cd1 found for delete ", "request_id": "req-8acd9375-30b1-408b-abc5-b7378b9bba08"}]}
2026-05-20 07:09:17.126 10 INFO neutron.services.segments.plugin [-] Segment d28631c8-c6af-47d9-9e82-99199a3e4cd1 resource provider not found; error: Placement Client Error (4xx): {"errors": [{"status": 404, "title": "Not Found", "detail": "The resource could not be found.\n\n No resource provider with uuid d28631c8-c6af-47d9-9e82-99199a3e4cd1 found for delete ", "request_id": "req-d3b55af6-c01a-419d-aded-47fa87dcb056"}]}
2026-05-20 07:09:17.143 10 INFO neutron.api.wsgi [None req-6e94e4ef-08ee-4bb1-823c-f8374012794d 954aea7b4b2c4d068bcf50aca1ab43e3 c68cd8a5572b4151917fc1994ad3b85e - - default default] 10.0.0.205 "DELETE /v2.0/networks/e01a2b11-28ea-4704-bbb4-e77b0343f854 HTTP/1.1" status: 204 len: 168 time: 0.3052299
2026-05-20 07:09:17.212 10 INFO neutron.api.wsgi [req-68acbf21-4aa0-4264-9691-33e2c6476c4f req-d138a3b9-cb58-4428-9d36-d15f052977e9 296365cf3ca647c494585ac884a2c5bd 07897250ef69478aa83c3e940291b0d6 - - 9bb0e01d9ab346938f9b498cf23c3601 9bb0e01d9ab346938f9b498cf23c3601] 199.19.213.121 "GET /v2.0/ports?tenant_id=1023007ed87e4e68bac5524e6bedf92b&device_id=08a8f474-0aa9-47eb-8207-2c5eba34a641 HTTP/1.1" status: 200 len: 1407 time: 0.0518503
2026-05-20 07:09:17.253 10 INFO neutron.api.wsgi [req-68acbf21-4aa0-4264-9691-33e2c6476c4f req-529657d0-c131-4f17-8ebc-d15a5c0ae26b 296365cf3ca647c494585ac884a2c5bd 07897250ef69478aa83c3e940291b0d6 - - 9bb0e01d9ab346938f9b498cf23c3601 9bb0e01d9ab346938f9b498cf23c3601] 199.19.213.121 "GET /v2.0/floatingips?fixed_ip_address=10.100.0.9&port_id=48fca8ec-d8c8-4baa-8507-dc085d2d5528 HTTP/1.1" status: 200 len: 217 time: 0.0338013
2026-05-20 07:09:17.279 9 INFO neutron.db.ovn_revision_numbers_db [None req-deb72b7b-a342-43e6-98a9-9e12bba9c6cb ab628ee62b214545be46d2bbc2e265f7 455f8fdf6aad4dadb003a1815790c9ca - - default default] Successfully bumped revision number for resource 63aada39-09f4-4274-a434-3016d8569052 (type: ports) to 1
2026-05-20 07:09:17.289 10 INFO neutron.api.wsgi [req-68acbf21-4aa0-4264-9691-33e2c6476c4f req-5fcef2bd-9a1e-43bf-9063-010db2e55ca3 296365cf3ca647c494585ac884a2c5bd 07897250ef69478aa83c3e940291b0d6 - - 9bb0e01d9ab346938f9b498cf23c3601 9bb0e01d9ab346938f9b498cf23c3601] 199.19.213.121 "GET /v2.0/subnets?id=64ec7ed6-b8f4-49a5-9ed2-8e3f7f642cba HTTP/1.1" status: 200 len: 901 time: 0.0292063
2026-05-20 07:09:17.314 10 INFO neutron.api.wsgi [req-68acbf21-4aa0-4264-9691-33e2c6476c4f req-5fcce37b-e76e-4c79-89e5-e41b1e16999c 296365cf3ca647c494585ac884a2c5bd 07897250ef69478aa83c3e940291b0d6 - - 9bb0e01d9ab346938f9b498cf23c3601 9bb0e01d9ab346938f9b498cf23c3601] 199.19.213.121 "GET /v2.0/ports?network_id=a9c798ef-fb1f-4625-851a-1622a4c9dd6e&device_owner=network%3Adhcp HTTP/1.1" status: 200 len: 210 time: 0.0190775
2026-05-20 07:09:17.369 10 INFO neutron.api.wsgi [req-68acbf21-4aa0-4264-9691-33e2c6476c4f req-420e5d5c-7b42-4a14-baa4-d1042ee5c8f9 296365cf3ca647c494585ac884a2c5bd 07897250ef69478aa83c3e940291b0d6 - - 9bb0e01d9ab346938f9b498cf23c3601 9bb0e01d9ab346938f9b498cf23c3601] 199.19.213.121 "GET /v2.0/networks/a9c798ef-fb1f-4625-851a-1622a4c9dd6e?fields=segments HTTP/1.1" status: 200 len: 212 time: 0.0495446
2026-05-20 07:09:17.419 10 INFO neutron.api.wsgi [req-68acbf21-4aa0-4264-9691-33e2c6476c4f req-cdf85e92-84bb-4129-9609-85227ad38b8d 296365cf3ca647c494585ac884a2c5bd 07897250ef69478aa83c3e940291b0d6 - - 9bb0e01d9ab346938f9b498cf23c3601 9bb0e01d9ab346938f9b498cf23c3601] 199.19.213.121 "GET /v2.0/networks/a9c798ef-fb1f-4625-851a-1622a4c9dd6e?fields=provider%3Aphysical_network&fields=provider%3Anetwork_type HTTP/1.1" status: 200 len: 277 time: 0.0442817
2026-05-20 07:09:17.537 10 INFO neutron.api.wsgi [None req-1595c9ca-fd27-400d-aa91-02d126d17488 954aea7b4b2c4d068bcf50aca1ab43e3 c68cd8a5572b4151917fc1994ad3b85e - - default default] 10.0.0.205 "DELETE /v2.0/networks/bba8288a-f933-4e9f-b660-064f41a956a7 HTTP/1.1" status: 204 len: 168 time: 0.3897190
2026-05-20 07:09:17.773 9 INFO neutron.api.wsgi [req-1bd07dc6-13da-45d0-874c-030961f5b1c6 req-a3647d94-bdc4-4cc1-8526-9a9c4a6b8f62 8ef7381948c347f3b1f521546be76628 1023007ed87e4e68bac5524e6bedf92b - - default default] 10.0.0.88 "GET /v2.0/ports?device_id=08a8f474-0aa9-47eb-8207-2c5eba34a641 HTTP/1.1" status: 200 len: 1168 time: 0.0594375
2026-05-20 07:09:17.826 9 INFO neutron.api.wsgi [req-1bd07dc6-13da-45d0-874c-030961f5b1c6 req-cfcd074e-ac79-4f7a-83bd-54d054143374 8ef7381948c347f3b1f521546be76628 1023007ed87e4e68bac5524e6bedf92b - - default default] 10.0.0.88 "GET /v2.0/security-groups?id=9ab9358a-2700-443e-b787-f185a4ce4eed&fields=id&fields=name HTTP/1.1" status: 200 len: 313 time: 0.0482783
2026-05-20 07:09:17.830 9 INFO neutron.api.wsgi [req-141547de-27a8-4adc-ae89-a6e3b796b27d req-f779829a-3f59-42c9-b223-13a1b47b769a 070bce02f6aa4677a3cd697e072c5592 20a98dd58e0c4de99eb0f69ab274bba3 - - default default] 10.0.0.88 "GET /v2.0/ports?device_id=30a44774-da62-4b00-9f28-b03c9efb9d58 HTTP/1.1" status: 200 len: 1174 time: 0.0997989
2026-05-20 07:09:17.831 10 INFO neutron.api.wsgi [None req-ea8f5448-d7e6-45c9-97f2-e114f222a537 954aea7b4b2c4d068bcf50aca1ab43e3 c68cd8a5572b4151917fc1994ad3b85e - - default default] 10.0.0.205 "DELETE /v2.0/networks/9507592a-5a65-4851-aceb-e4d90fb30130 HTTP/1.1" status: 204 len: 168 time: 0.2893372
2026-05-20 07:09:17.870 9 INFO neutron.plugins.ml2.drivers.ovn.mech_driver.ovsdb.commands [None req-e8485f46-3b6c-4848-a30c-eb559f5866fe - - - - - -] Schedule LRP lrp-63aada39-09f4-4274-a434-3016d8569052 on gateway 8a1e40f6-ac7c-4803-8620-eed60ddf07a3 with priority 1
2026-05-20 07:09:17.879 9 INFO neutron.plugins.ml2.drivers.ovn.mech_driver.mech_driver [None req-9f2f2b4e-ac72-4691-b23f-e59405486e77 - - - - - -] OVN reports status up for port: 63aada39-09f4-4274-a434-3016d8569052
2026-05-20 07:09:17.898 10 INFO neutron.plugins.ml2.drivers.ovn.mech_driver.ovsdb.ovsdb_monitor [None req-a37611f6-6c00-4648-8278-f3c3b409a4d8 - - - - - -] Router 49195650-e123-43b0-9ddd-6f12e1cd4eeb is bound to host instance
2026-05-20 07:09:17.901 9 INFO neutron.plugins.ml2.plugin [None req-9f2f2b4e-ac72-4691-b23f-e59405486e77 - - - - - -] Attempt 1 to provision port 63aada39-09f4-4274-a434-3016d8569052
2026-05-20 07:09:17.904 9 INFO neutron.api.wsgi [req-141547de-27a8-4adc-ae89-a6e3b796b27d req-3c4158b6-c507-44d0-a788-b52df57c55c5 070bce02f6aa4677a3cd697e072c5592 20a98dd58e0c4de99eb0f69ab274bba3 - - default default] 10.0.0.88 "GET /v2.0/security-groups?id=33f313eb-187e-432d-8a24-070313c0da19&fields=id&fields=name HTTP/1.1" status: 200 len: 312 time: 0.0690684
2026-05-20 07:09:17.938 9 INFO neutron.db.ovn_revision_numbers_db [None req-deb72b7b-a342-43e6-98a9-9e12bba9c6cb ab628ee62b214545be46d2bbc2e265f7 455f8fdf6aad4dadb003a1815790c9ca - - default default] Successfully bumped revision number for resource 63aada39-09f4-4274-a434-3016d8569052 (type: router_ports) to 1
2026-05-20 07:09:18.028 9 INFO neutron.api.wsgi [req-816a87f0-7f61-4c69-82e7-bc5bcc28ff72 req-b75260d5-b0cf-4126-9cbd-2790a85fdd40 070bce02f6aa4677a3cd697e072c5592 20a98dd58e0c4de99eb0f69ab274bba3 - - default default] 10.0.0.88 "GET /v2.0/ports?device_id=30a44774-da62-4b00-9f28-b03c9efb9d58 HTTP/1.1" status: 200 len: 1174 time: 0.0565958
2026-05-20 07:09:18.062 9 INFO neutron.db.ovn_revision_numbers_db [None req-deb72b7b-a342-43e6-98a9-9e12bba9c6cb ab628ee62b214545be46d2bbc2e265f7 455f8fdf6aad4dadb003a1815790c9ca - - default default] Successfully bumped revision number for resource 49195650-e123-43b0-9ddd-6f12e1cd4eeb (type: routers) to 2
2026-05-20 07:09:18.081 9 INFO neutron.api.wsgi [None req-deb72b7b-a342-43e6-98a9-9e12bba9c6cb ab628ee62b214545be46d2bbc2e265f7 455f8fdf6aad4dadb003a1815790c9ca - - default default] 10.0.0.205 "POST /v2.0/routers HTTP/1.1" status: 201 len: 1167 time: 1.4925544
2026-05-20 07:09:18.086 9 INFO neutron.api.wsgi [req-816a87f0-7f61-4c69-82e7-bc5bcc28ff72 req-6c841e72-d21e-4de6-b0f0-55705b7f1bc3 070bce02f6aa4677a3cd697e072c5592 20a98dd58e0c4de99eb0f69ab274bba3 - - default default] 10.0.0.88 "GET /v2.0/security-groups?id=33f313eb-187e-432d-8a24-070313c0da19&fields=id&fields=name HTTP/1.1" status: 200 len: 312 time: 0.0498695
2026-05-20 07:09:18.147 9 INFO neutron.api.wsgi [-] 10.0.0.78 "GET / HTTP/1.1" status: 200 len: 247 time: 0.0012789
