2026-05-20 06:46:07.659 15 INFO neutron.db.ovn_revision_numbers_db [None req-ba4a9e9f-7132-4dbc-8669-c07c95baca88 - - - - - -] Successfully bumped revision number for resource f4a97d1a-30c8-44da-b1a3-96e8817d388d (type: networks) to 2
2026-05-20 06:46:07.716 15 INFO neutron.db.ovn_revision_numbers_db [None req-ba4a9e9f-7132-4dbc-8669-c07c95baca88 - - - - - -] Successfully bumped revision number for resource f582d828-cdf7-477b-9c57-822a56d5f237 (type: security_groups) to 6
2026-05-20 06:46:07.755 15 INFO neutron.db.ovn_revision_numbers_db [None req-ba4a9e9f-7132-4dbc-8669-c07c95baca88 - - - - - -] Successfully bumped revision number for resource 3361648f-f1aa-46a3-995b-3239b4a1ca36 (type: security_groups) to 3
2026-05-20 06:46:07.756 15 INFO neutron.plugins.ml2.drivers.ovn.mech_driver.ovsdb.maintenance [None req-ba4a9e9f-7132-4dbc-8669-c07c95baca88 - - - - - -] OVN maintenance task check_for_inconsistencies finished in 0.194 seconds
2026-05-20 06:46:18.151 10 INFO neutron.api.wsgi [-] 10.0.0.78 "GET / HTTP/1.1" status: 200 len: 247 time: 0.0033793
2026-05-20 06:46:18.152 9 INFO neutron.api.wsgi [-] 10.0.0.78 "GET / HTTP/1.1" status: 200 len: 247 time: 0.0045922
2026-05-20 06:46:33.151 10 INFO neutron.api.wsgi [-] 10.0.0.78 "GET / HTTP/1.1" status: 200 len: 247 time: 0.0031734
2026-05-20 06:46:33.153 10 INFO neutron.api.wsgi [-] 10.0.0.78 "GET / HTTP/1.1" status: 200 len: 247 time: 0.0017679
2026-05-20 06:46:48.148 10 INFO neutron.api.wsgi [-] 10.0.0.78 "GET / HTTP/1.1" status: 200 len: 247 time: 0.0014770
2026-05-20 06:46:48.150 10 INFO neutron.api.wsgi [-] 10.0.0.78 "GET / HTTP/1.1" status: 200 len: 247 time: 0.0008972
2026-05-20 06:47:03.150 10 INFO neutron.api.wsgi [-] 10.0.0.78 "GET / HTTP/1.1" status: 200 len: 247 time: 0.0028875
2026-05-20 06:47:03.151 9 INFO neutron.api.wsgi [-] 10.0.0.78 "GET / HTTP/1.1" status: 200 len: 247 time: 0.0032332
2026-05-20 06:47:18.151 10 INFO neutron.api.wsgi [-] 10.0.0.78 "GET / HTTP/1.1" status: 200 len: 247 time: 0.0029578
2026-05-20 06:47:18.154 10 INFO neutron.api.wsgi [-] 10.0.0.78 "GET / HTTP/1.1" status: 200 len: 247 time: 0.0020583
2026-05-20 06:47:33.149 10 INFO neutron.api.wsgi [-] 10.0.0.78 "GET / HTTP/1.1" status: 200 len: 247 time: 0.0017679
2026-05-20 06:47:33.149 9 INFO neutron.api.wsgi [-] 10.0.0.78 "GET / HTTP/1.1" status: 200 len: 247 time: 0.0022604
2026-05-20 06:47:48.149 10 INFO neutron.api.wsgi [-] 10.0.0.78 "GET / HTTP/1.1" status: 200 len: 247 time: 0.0026078
2026-05-20 06:47:48.153 10 INFO neutron.api.wsgi [-] 10.0.0.78 "GET / HTTP/1.1" status: 200 len: 247 time: 0.0025568
2026-05-20 06:48:03.150 10 INFO neutron.api.wsgi [-] 10.0.0.78 "GET / HTTP/1.1" status: 200 len: 247 time: 0.0029302
2026-05-20 06:48:03.151 9 INFO neutron.api.wsgi [-] 10.0.0.78 "GET / HTTP/1.1" status: 200 len: 247 time: 0.0034745
2026-05-20 06:48:18.149 10 INFO neutron.api.wsgi [-] 10.0.0.78 "GET / HTTP/1.1" status: 200 len: 247 time: 0.0024035
2026-05-20 06:48:18.150 9 INFO neutron.api.wsgi [-] 10.0.0.78 "GET / HTTP/1.1" status: 200 len: 247 time: 0.0025983
2026-05-20 06:48:33.149 9 INFO neutron.api.wsgi [-] 10.0.0.78 "GET / HTTP/1.1" status: 200 len: 247 time: 0.0021880
2026-05-20 06:48:33.151 10 INFO neutron.api.wsgi [-] 10.0.0.78 "GET / HTTP/1.1" status: 200 len: 247 time: 0.0032177
2026-05-20 06:48:48.150 9 INFO neutron.api.wsgi [-] 10.0.0.78 "GET / HTTP/1.1" status: 200 len: 247 time: 0.0024903
2026-05-20 06:48:48.153 9 INFO neutron.api.wsgi [-] 10.0.0.78 "GET / HTTP/1.1" status: 200 len: 247 time: 0.0020835
2026-05-20 06:49:03.150 10 INFO neutron.api.wsgi [-] 10.0.0.78 "GET / HTTP/1.1" status: 200 len: 247 time: 0.0023711
2026-05-20 06:49:03.156 10 INFO neutron.api.wsgi [-] 10.0.0.78 "GET / HTTP/1.1" status: 200 len: 247 time: 0.0051334
2026-05-20 06:49:18.152 9 INFO neutron.api.wsgi [-] 10.0.0.78 "GET / HTTP/1.1" status: 200 len: 247 time: 0.0019021
2026-05-20 06:49:18.156 9 INFO neutron.api.wsgi [-] 10.0.0.78 "GET / HTTP/1.1" status: 200 len: 247 time: 0.0021257
2026-05-20 06:49:33.149 9 INFO neutron.api.wsgi [-] 10.0.0.78 "GET / HTTP/1.1" status: 200 len: 247 time: 0.0016420
2026-05-20 06:49:33.151 9 INFO neutron.api.wsgi [-] 10.0.0.78 "GET / HTTP/1.1" status: 200 len: 247 time: 0.0017216
2026-05-20 06:49:48.148 9 INFO neutron.api.wsgi [-] 10.0.0.78 "GET / HTTP/1.1" status: 200 len: 247 time: 0.0012238
2026-05-20 06:49:48.150 9 INFO neutron.api.wsgi [-] 10.0.0.78 "GET / HTTP/1.1" status: 200 len: 247 time: 0.0009282
2026-05-20 06:50:03.151 9 INFO neutron.api.wsgi [-] 10.0.0.78 "GET / HTTP/1.1" status: 200 len: 247 time: 0.0043762
2026-05-20 06:50:03.153 9 INFO neutron.api.wsgi [-] 10.0.0.78 "GET / HTTP/1.1" status: 200 len: 247 time: 0.0012810
2026-05-20 06:50:18.150 9 INFO neutron.api.wsgi [-] 10.0.0.78 "GET / HTTP/1.1" status: 200 len: 247 time: 0.0026972
2026-05-20 06:50:18.151 10 INFO neutron.api.wsgi [-] 10.0.0.78 "GET / HTTP/1.1" status: 200 len: 247 time: 0.0027690
2026-05-20 06:50:33.150 10 INFO neutron.api.wsgi [-] 10.0.0.78 "GET / HTTP/1.1" status: 200 len: 247 time: 0.0021842
2026-05-20 06:50:33.153 10 INFO neutron.api.wsgi [-] 10.0.0.78 "GET / HTTP/1.1" status: 200 len: 247 time: 0.0023804
2026-05-20 06:50:48.150 9 INFO neutron.api.wsgi [-] 10.0.0.78 "GET / HTTP/1.1" status: 200 len: 247 time: 0.0026093
2026-05-20 06:50:48.151 10 INFO neutron.api.wsgi [-] 10.0.0.78 "GET / HTTP/1.1" status: 200 len: 247 time: 0.0032930 /var/lib/openstack/lib/python3.12/site-packages/pycadf/identifier.py:71: UserWarning: Invalid uuid: unknown. To ensure interoperability, identifiers should be a valid uuid. warnings.warn(('Invalid uuid: %s. To ensure interoperability, '
2026-05-20 06:50:52.923 10 INFO neutron.api.v2.resource [None req-49c3979b-bb64-4bf0-a929-7063aad31eca ab628ee62b214545be46d2bbc2e265f7 455f8fdf6aad4dadb003a1815790c9ca - - default default] show failed (client error): The resource could not be found.
2026-05-20 06:50:52.924 10 INFO neutron.api.wsgi [None req-49c3979b-bb64-4bf0-a929-7063aad31eca ab628ee62b214545be46d2bbc2e265f7 455f8fdf6aad4dadb003a1815790c9ca - - default default] 199.19.213.121,10.0.0.78 "GET /v2.0/security-groups/manila-service-security-group?project_id=07897250ef69478aa83c3e940291b0d6 HTTP/1.1" status: 404 len: 321 time: 0.1354103
2026-05-20 06:50:53.054 10 INFO neutron.db.ovn_revision_numbers_db [None req-dfdccb81-bc86-47f1-97bb-c21083705287 ab628ee62b214545be46d2bbc2e265f7 455f8fdf6aad4dadb003a1815790c9ca - - default default] Successfully bumped revision number for resource 510fa449-001d-4fdd-b485-2b37bf13beee (type: security_groups) to 1
2026-05-20 06:50:53.067 10 INFO neutron.db.ovn_revision_numbers_db [None req-dfdccb81-bc86-47f1-97bb-c21083705287 ab628ee62b214545be46d2bbc2e265f7 455f8fdf6aad4dadb003a1815790c9ca - - default default] Successfully bumped revision number for resource 607f9460-149b-4d57-895b-f54e0796c923 (type: security_group_rules) to 0
2026-05-20 06:50:53.080 10 INFO neutron.db.ovn_revision_numbers_db [None req-dfdccb81-bc86-47f1-97bb-c21083705287 ab628ee62b214545be46d2bbc2e265f7 455f8fdf6aad4dadb003a1815790c9ca - - default default] Successfully bumped revision number for resource b360e7bf-70d4-4c7e-88b3-2cd962b855c8 (type: security_group_rules) to 0
2026-05-20 06:50:53.092 10 INFO neutron.db.ovn_revision_numbers_db [None req-dfdccb81-bc86-47f1-97bb-c21083705287 ab628ee62b214545be46d2bbc2e265f7 455f8fdf6aad4dadb003a1815790c9ca - - default default] Successfully bumped revision number for resource bce7a0d1-a8d2-4f6c-8a7c-6b54f203c771 (type: security_group_rules) to 0
2026-05-20 06:50:53.105 10 INFO neutron.db.ovn_revision_numbers_db [None req-dfdccb81-bc86-47f1-97bb-c21083705287 ab628ee62b214545be46d2bbc2e265f7 455f8fdf6aad4dadb003a1815790c9ca - - default default] Successfully bumped revision number for resource eaecc80b-c2c5-4a5f-b327-3f133f25ec33 (type: security_group_rules) to 0
2026-05-20 06:50:53.149 10 INFO neutron.api.wsgi [None req-dfdccb81-bc86-47f1-97bb-c21083705287 ab628ee62b214545be46d2bbc2e265f7 455f8fdf6aad4dadb003a1815790c9ca - - default default] 199.19.213.121,10.0.0.78 "GET /v2.0/security-groups?name=manila-service-security-group&project_id=07897250ef69478aa83c3e940291b0d6 HTTP/1.1" status: 200 len: 197 time: 0.2208467
2026-05-20 06:50:53.323 10 INFO neutron.db.ovn_revision_numbers_db [None req-8b8b0d85-647e-417a-b32c-8823e7e24885 ab628ee62b214545be46d2bbc2e265f7 455f8fdf6aad4dadb003a1815790c9ca - - default default] Successfully bumped revision number for resource 0a2d70e7-58b6-41b5-925d-46814005f611 (type: security_groups) to 1
2026-05-20 06:50:53.335 10 INFO neutron.db.ovn_revision_numbers_db [None req-8b8b0d85-647e-417a-b32c-8823e7e24885 ab628ee62b214545be46d2bbc2e265f7 455f8fdf6aad4dadb003a1815790c9ca - - default default] Successfully bumped revision number for resource 5ae55fa3-c6ab-46c3-a439-fcc09fa6e9ad (type: security_group_rules) to 0
2026-05-20 06:50:53.346 10 INFO neutron.db.ovn_revision_numbers_db [None req-8b8b0d85-647e-417a-b32c-8823e7e24885 ab628ee62b214545be46d2bbc2e265f7 455f8fdf6aad4dadb003a1815790c9ca - - default default] Successfully bumped revision number for resource 84302cca-f80a-4c0c-af36-a3a703f8616c (type: security_group_rules) to 0
2026-05-20 06:50:53.375 10 INFO neutron.api.wsgi [None req-8b8b0d85-647e-417a-b32c-8823e7e24885 ab628ee62b214545be46d2bbc2e265f7 455f8fdf6aad4dadb003a1815790c9ca - - default default] 199.19.213.121,10.0.0.78 "POST /v2.0/security-groups HTTP/1.1" status: 201 len: 1805 time: 0.1572957
2026-05-20 06:50:54.412 9 INFO neutron.api.wsgi [None req-2c49981b-ee2c-47ad-9450-5625b514e25d ab628ee62b214545be46d2bbc2e265f7 455f8fdf6aad4dadb003a1815790c9ca - - default default] 199.19.213.121,10.0.0.78 "GET /v2.0/security-groups/0a2d70e7-58b6-41b5-925d-46814005f611?project_id=07897250ef69478aa83c3e940291b0d6 HTTP/1.1" status: 200 len: 1800 time: 0.0650699
2026-05-20 06:50:54.437 9 INFO neutron.api.wsgi [None req-49e2c0dc-1fd9-49a7-aea4-b9ed973aaba9 ab628ee62b214545be46d2bbc2e265f7 455f8fdf6aad4dadb003a1815790c9ca - - default default] 199.19.213.121,10.0.0.78 "GET /v2.0/security-groups/0a2d70e7-58b6-41b5-925d-46814005f611 HTTP/1.1" status: 200 len: 1800 time: 0.0208752
2026-05-20 06:50:54.526 9 INFO neutron.api.wsgi [None req-661ecedf-0663-488b-9768-db5b557101f2 ab628ee62b214545be46d2bbc2e265f7 455f8fdf6aad4dadb003a1815790c9ca - - default default] 199.19.213.121,10.0.0.78 "GET /v2.0/security-groups/0a2d70e7-58b6-41b5-925d-46814005f611?project_id=07897250ef69478aa83c3e940291b0d6 HTTP/1.1" status: 200 len: 1800 time: 0.0267875
2026-05-20 06:50:54.921 9 INFO neutron.db.ovn_revision_numbers_db [None req-759ef543-e83b-46fa-9f9b-7a954e98071c ab628ee62b214545be46d2bbc2e265f7 455f8fdf6aad4dadb003a1815790c9ca - - default default] Successfully bumped revision number for resource 3a824fc2-7a06-4480-890c-9888aecfa328 (type: security_group_rules) to 0
2026-05-20 06:50:55.016 9 INFO neutron.api.wsgi [None req-759ef543-e83b-46fa-9f9b-7a954e98071c ab628ee62b214545be46d2bbc2e265f7 455f8fdf6aad4dadb003a1815790c9ca - - default default] 199.19.213.121,10.0.0.78 "POST /v2.0/security-group-rules HTTP/1.1" status: 201 len: 777 time: 0.4812536
2026-05-20 06:50:55.961 10 INFO neutron.api.wsgi [None req-69aa81cc-377e-4e07-88c0-020f69dbbecf ab628ee62b214545be46d2bbc2e265f7 455f8fdf6aad4dadb003a1815790c9ca - - default default] 199.19.213.121,10.0.0.78 "GET /v2.0/security-groups/0a2d70e7-58b6-41b5-925d-46814005f611?project_id=07897250ef69478aa83c3e940291b0d6 HTTP/1.1" status: 200 len: 2410 time: 0.0468328
2026-05-20 06:50:55.989 10 INFO neutron.api.wsgi [None req-d5dcf5cc-1a82-4bb8-ae8c-dc0125319ea5 ab628ee62b214545be46d2bbc2e265f7 455f8fdf6aad4dadb003a1815790c9ca - - default default] 199.19.213.121,10.0.0.78 "GET /v2.0/security-groups/0a2d70e7-58b6-41b5-925d-46814005f611 HTTP/1.1" status: 200 len: 2410 time: 0.0229621
2026-05-20 06:50:56.077 10 INFO neutron.api.wsgi [None req-f15569a5-6c5a-49a3-9d64-e1b4c1e3f523 ab628ee62b214545be46d2bbc2e265f7 455f8fdf6aad4dadb003a1815790c9ca - - default default] 199.19.213.121,10.0.0.78 "GET /v2.0/security-groups/0a2d70e7-58b6-41b5-925d-46814005f611?project_id=07897250ef69478aa83c3e940291b0d6 HTTP/1.1" status: 200 len: 2410 time: 0.0223029
2026-05-20 06:50:56.197 10 INFO neutron.db.ovn_revision_numbers_db [None req-c76f47ec-f0b0-4ad7-85fa-bb58f74842fe ab628ee62b214545be46d2bbc2e265f7 455f8fdf6aad4dadb003a1815790c9ca - - default default] Successfully bumped revision number for resource 77f681bc-8527-41cb-935b-117dfced905e (type: security_group_rules) to 0
2026-05-20 06:50:56.225 10 INFO neutron.api.wsgi [None req-c76f47ec-f0b0-4ad7-85fa-bb58f74842fe ab628ee62b214545be46d2bbc2e265f7 455f8fdf6aad4dadb003a1815790c9ca - - default default] 199.19.213.121,10.0.0.78 "POST /v2.0/security-group-rules HTTP/1.1" status: 201 len: 779 time: 0.1424863
2026-05-20 06:50:57.205 10 INFO neutron.api.wsgi [None req-aca049d2-ea6f-4651-a077-6aa492db1eac ab628ee62b214545be46d2bbc2e265f7 455f8fdf6aad4dadb003a1815790c9ca - - default default] 199.19.213.121,10.0.0.78 "GET /v2.0/security-groups/0a2d70e7-58b6-41b5-925d-46814005f611?project_id=07897250ef69478aa83c3e940291b0d6 HTTP/1.1" status: 200 len: 3022 time: 0.0489411
2026-05-20 06:50:57.239 10 INFO neutron.api.wsgi [None req-91588a80-b58d-415a-a6d7-4ef2b6672775 ab628ee62b214545be46d2bbc2e265f7 455f8fdf6aad4dadb003a1815790c9ca - - default default] 199.19.213.121,10.0.0.78 "GET /v2.0/security-groups/0a2d70e7-58b6-41b5-925d-46814005f611 HTTP/1.1" status: 200 len: 3022 time: 0.0252771
2026-05-20 06:50:57.330 10 INFO neutron.api.wsgi [None req-714897dc-5cd0-45a2-b827-dbf7e83afaab ab628ee62b214545be46d2bbc2e265f7 455f8fdf6aad4dadb003a1815790c9ca - - default default] 199.19.213.121,10.0.0.78 "GET /v2.0/security-groups/0a2d70e7-58b6-41b5-925d-46814005f611?project_id=07897250ef69478aa83c3e940291b0d6 HTTP/1.1" status: 200 len: 3022 time: 0.0287223
2026-05-20 06:50:57.447 10 INFO neutron.db.ovn_revision_numbers_db [None req-ca816591-9f19-427e-9769-efda2f4b6f41 ab628ee62b214545be46d2bbc2e265f7 455f8fdf6aad4dadb003a1815790c9ca - - default default] Successfully bumped revision number for resource c9bf2321-788d-4c8e-9651-14ddc145782f (type: security_group_rules) to 0
2026-05-20 06:50:57.479 10 INFO neutron.api.wsgi [None req-ca816591-9f19-427e-9769-efda2f4b6f41 ab628ee62b214545be46d2bbc2e265f7 455f8fdf6aad4dadb003a1815790c9ca - - default default] 199.19.213.121,10.0.0.78 "POST /v2.0/security-group-rules HTTP/1.1" status: 201 len: 781 time: 0.1424570
2026-05-20 06:50:58.490 9 INFO neutron.api.wsgi [None req-4ccae9f9-0536-4632-96ae-8c0a95e1458f ab628ee62b214545be46d2bbc2e265f7 455f8fdf6aad4dadb003a1815790c9ca - - default default] 199.19.213.121,10.0.0.78 "GET /v2.0/security-groups/0a2d70e7-58b6-41b5-925d-46814005f611?project_id=07897250ef69478aa83c3e940291b0d6 HTTP/1.1" status: 200 len: 3636 time: 0.0548484
2026-05-20 06:50:58.520 9 INFO neutron.api.wsgi [None req-5fd47d01-f817-4fc9-97eb-d1eea670fa5b ab628ee62b214545be46d2bbc2e265f7 455f8fdf6aad4dadb003a1815790c9ca - - default default] 199.19.213.121,10.0.0.78 "GET /v2.0/security-groups/0a2d70e7-58b6-41b5-925d-46814005f611 HTTP/1.1" status: 200 len: 3636 time: 0.0235777
2026-05-20 06:50:58.614 9 INFO neutron.api.wsgi [None req-1b6cff09-f1b7-4f59-8d4f-9aec955fd1e9 ab628ee62b214545be46d2bbc2e265f7 455f8fdf6aad4dadb003a1815790c9ca - - default default] 199.19.213.121,10.0.0.78 "GET /v2.0/security-groups/0a2d70e7-58b6-41b5-925d-46814005f611?project_id=07897250ef69478aa83c3e940291b0d6 HTTP/1.1" status: 200 len: 3636 time: 0.0260901
2026-05-20 06:50:58.779 9 INFO neutron.db.ovn_revision_numbers_db [None req-f95bc53d-478d-48c7-b9e7-b5ad01c9a2d5 ab628ee62b214545be46d2bbc2e265f7 455f8fdf6aad4dadb003a1815790c9ca - - default default] Successfully bumped revision number for resource d530c326-79d6-4ba9-8146-da7e0f173d7d (type: security_group_rules) to 0
2026-05-20 06:50:58.807 9 INFO neutron.api.wsgi [None req-f95bc53d-478d-48c7-b9e7-b5ad01c9a2d5 ab628ee62b214545be46d2bbc2e265f7 455f8fdf6aad4dadb003a1815790c9ca - - default default] 199.19.213.121,10.0.0.78 "POST /v2.0/security-group-rules HTTP/1.1" status: 201 len: 782 time: 0.1852717
2026-05-20 06:51:03.150 10 INFO neutron.api.wsgi [-] 10.0.0.78 "GET / HTTP/1.1" status: 200 len: 247 time: 0.0025260
2026-05-20 06:51:03.153 9 INFO neutron.api.wsgi [-] 10.0.0.78 "GET / HTTP/1.1" status: 200 len: 247 time: 0.0052807
2026-05-20 06:51:07.592 15 INFO neutron.plugins.ml2.drivers.ovn.mech_driver.ovsdb.maintenance [None req-ba4a9e9f-7132-4dbc-8669-c07c95baca88 - - - - - -] OVN maintenance task check_for_inconsistencies finished in 0.021 seconds
2026-05-20 06:51:18.149 9 INFO neutron.api.wsgi [-] 10.0.0.78 "GET / HTTP/1.1" status: 200 len: 247 time: 0.0018046
2026-05-20 06:51:18.150 10 INFO neutron.api.wsgi [-] 10.0.0.78 "GET / HTTP/1.1" status: 200 len: 247 time: 0.0032129
2026-05-20 06:51:33.150 9 INFO neutron.api.wsgi [-] 10.0.0.78 "GET / HTTP/1.1" status: 200 len: 247 time: 0.0028992
2026-05-20 06:51:33.151 10 INFO neutron.api.wsgi [-] 10.0.0.78 "GET / HTTP/1.1" status: 200 len: 247 time: 0.0037839
2026-05-20 06:51:48.149 10 INFO neutron.api.wsgi [-] 10.0.0.78 "GET / HTTP/1.1" status: 200 len: 247 time: 0.0023949
2026-05-20 06:51:48.152 10 INFO neutron.api.wsgi [-] 10.0.0.78 "GET / HTTP/1.1" status: 200 len: 247 time: 0.0018442
2026-05-20 06:52:03.150 9 INFO neutron.api.wsgi [-] 10.0.0.78 "GET / HTTP/1.1" status: 200 len: 247 time: 0.0035341
2026-05-20 06:52:03.152 10 INFO neutron.api.wsgi [-] 10.0.0.78 "GET / HTTP/1.1" status: 200 len: 247 time: 0.0048728
2026-05-20 06:52:18.150 10 INFO neutron.api.wsgi [-] 10.0.0.78 "GET / HTTP/1.1" status: 200 len: 247 time: 0.0028467
2026-05-20 06:52:18.150 9 INFO neutron.api.wsgi [-] 10.0.0.78 "GET / HTTP/1.1" status: 200 len: 247 time: 0.0026565
2026-05-20 06:52:33.149 10 INFO neutron.api.wsgi [-] 10.0.0.78 "GET / HTTP/1.1" status: 200 len: 247 time: 0.0018172
2026-05-20 06:52:33.149 9 INFO neutron.api.wsgi [-] 10.0.0.78 "GET / HTTP/1.1" status: 200 len: 247 time: 0.0022273
2026-05-20 06:52:48.149 10 INFO neutron.api.wsgi [-] 10.0.0.78 "GET / HTTP/1.1" status: 200 len: 247 time: 0.0012612
2026-05-20 06:52:48.149 9 INFO neutron.api.wsgi [-] 10.0.0.78 "GET / HTTP/1.1" status: 200 len: 247 time: 0.0023148
2026-05-20 06:53:03.149 9 INFO neutron.api.wsgi [-] 10.0.0.78 "GET / HTTP/1.1" status: 200 len: 247 time: 0.0025682
2026-05-20 06:53:03.175 10 INFO neutron.api.wsgi [-] 10.0.0.78 "GET / HTTP/1.1" status: 200 len: 247 time: 0.0289025 /var/lib/openstack/lib/python3.12/site-packages/pycadf/identifier.py:71: UserWarning: Invalid uuid: neutron. To ensure interoperability, identifiers should be a valid uuid. warnings.warn(('Invalid uuid: %s. To ensure interoperability, '
2026-05-20 06:53:14.022 10 INFO neutron.api.wsgi [None req-6e005719-4bb4-4364-9381-07f8808428b6 8083dc90d2bf4b83975f29b61f331e0e 07897250ef69478aa83c3e940291b0d6 - - 9bb0e01d9ab346938f9b498cf23c3601 9bb0e01d9ab346938f9b498cf23c3601] 199.19.213.121 "GET /v2.0/networks?tenant_id=07897250ef69478aa83c3e940291b0d6&shared=False HTTP/1.1" status: 200 len: 213 time: 0.1570735
2026-05-20 06:53:14.111 10 INFO neutron.db.segments_db [None req-9c3bc23f-b52b-4648-9902-ace6a0ddb6d5 8083dc90d2bf4b83975f29b61f331e0e 07897250ef69478aa83c3e940291b0d6 - - 9bb0e01d9ab346938f9b498cf23c3601 9bb0e01d9ab346938f9b498cf23c3601] Added segment c8ffc509-6539-42e1-a4fd-9acab619ad9e of type geneve for network d1a477e6-3245-46d9-b4a0-ade09da56cbc
2026-05-20 06:53:14.287 10 INFO neutron.db.ovn_revision_numbers_db [None req-9c3bc23f-b52b-4648-9902-ace6a0ddb6d5 8083dc90d2bf4b83975f29b61f331e0e 07897250ef69478aa83c3e940291b0d6 - - 9bb0e01d9ab346938f9b498cf23c3601 9bb0e01d9ab346938f9b498cf23c3601] Successfully bumped revision number for resource d1a477e6-3245-46d9-b4a0-ade09da56cbc (type: networks) to 1
2026-05-20 06:53:14.466 10 WARNING neutron.scheduler.dhcp_agent_scheduler [None req-9c3bc23f-b52b-4648-9902-ace6a0ddb6d5 8083dc90d2bf4b83975f29b61f331e0e 07897250ef69478aa83c3e940291b0d6 - - 9bb0e01d9ab346938f9b498cf23c3601 9bb0e01d9ab346938f9b498cf23c3601] No more DHCP agents
2026-05-20 06:53:14.467 10 WARNING neutron.api.rpc.agentnotifiers.dhcp_rpc_agent_api [None req-9c3bc23f-b52b-4648-9902-ace6a0ddb6d5 8083dc90d2bf4b83975f29b61f331e0e 07897250ef69478aa83c3e940291b0d6 - - 9bb0e01d9ab346938f9b498cf23c3601 9bb0e01d9ab346938f9b498cf23c3601] Unable to schedule network d1a477e6-3245-46d9-b4a0-ade09da56cbc: no agents available; will retry on subsequent port and subnet creation events.
2026-05-20 06:53:14.531 10 INFO neutron.db.ovn_revision_numbers_db [None req-9c3bc23f-b52b-4648-9902-ace6a0ddb6d5 8083dc90d2bf4b83975f29b61f331e0e 07897250ef69478aa83c3e940291b0d6 - - 9bb0e01d9ab346938f9b498cf23c3601 9bb0e01d9ab346938f9b498cf23c3601] Successfully bumped revision number for resource c6b73dc4-c783-455b-be25-11aedaab80cb (type: ports) to 1
2026-05-20 06:53:14.552 10 INFO neutron.api.wsgi [None req-9c3bc23f-b52b-4648-9902-ace6a0ddb6d5 8083dc90d2bf4b83975f29b61f331e0e 07897250ef69478aa83c3e940291b0d6 - - 9bb0e01d9ab346938f9b498cf23c3601 9bb0e01d9ab346938f9b498cf23c3601] 199.19.213.121 "POST /v2.0/networks HTTP/1.1" status: 201 len: 925 time: 0.5260193
2026-05-20 06:53:14.592 10 INFO neutron.api.wsgi [None req-d4cda26f-a5f6-4454-a996-1a379c272e89 8083dc90d2bf4b83975f29b61f331e0e 07897250ef69478aa83c3e940291b0d6 - - 9bb0e01d9ab346938f9b498cf23c3601 9bb0e01d9ab346938f9b498cf23c3601] 199.19.213.121 "GET /v2.0/ports?device_id=manila-share&binding%3Ahost_id=instance HTTP/1.1" status: 200 len: 210 time: 0.0305493
2026-05-20 06:53:14.605 10 INFO neutron.api.wsgi [None req-bcc32579-e4dc-46e0-b6f2-581f2b50792a 8083dc90d2bf4b83975f29b61f331e0e 07897250ef69478aa83c3e940291b0d6 - - 9bb0e01d9ab346938f9b498cf23c3601 9bb0e01d9ab346938f9b498cf23c3601] 199.19.213.121 "GET /v2.0/extensions HTTP/1.1" status: 200 len: 19298 time: 0.0058126
2026-05-20 06:53:14.861 10 WARNING neutron.scheduler.dhcp_agent_scheduler [None req-55c835b4-435b-4ed1-bb7f-7dc9520c336c 8083dc90d2bf4b83975f29b61f331e0e 07897250ef69478aa83c3e940291b0d6 - - 9bb0e01d9ab346938f9b498cf23c3601 9bb0e01d9ab346938f9b498cf23c3601] No more DHCP agents
2026-05-20 06:53:14.862 10 WARNING neutron.api.rpc.agentnotifiers.dhcp_rpc_agent_api [None req-55c835b4-435b-4ed1-bb7f-7dc9520c336c 8083dc90d2bf4b83975f29b61f331e0e 07897250ef69478aa83c3e940291b0d6 - - 9bb0e01d9ab346938f9b498cf23c3601 9bb0e01d9ab346938f9b498cf23c3601] Unable to schedule network d1a477e6-3245-46d9-b4a0-ade09da56cbc: no agents available; will retry on subsequent port and subnet creation events.
2026-05-20 06:53:14.935 10 INFO neutron.db.ovn_revision_numbers_db [None req-55c835b4-435b-4ed1-bb7f-7dc9520c336c 8083dc90d2bf4b83975f29b61f331e0e 07897250ef69478aa83c3e940291b0d6 - - 9bb0e01d9ab346938f9b498cf23c3601 9bb0e01d9ab346938f9b498cf23c3601] Successfully bumped revision number for resource b0700099-e594-476a-9ffa-a70f07dab036 (type: ports) to 1
2026-05-20 06:53:15.116 10 INFO neutron.db.ovn_revision_numbers_db [None req-55c835b4-435b-4ed1-bb7f-7dc9520c336c 8083dc90d2bf4b83975f29b61f331e0e 07897250ef69478aa83c3e940291b0d6 - - 9bb0e01d9ab346938f9b498cf23c3601 9bb0e01d9ab346938f9b498cf23c3601] Successfully bumped revision number for resource b0700099-e594-476a-9ffa-a70f07dab036 (type: ports) to 3
2026-05-20 06:53:15.151 10 INFO neutron.api.wsgi [None req-55c835b4-435b-4ed1-bb7f-7dc9520c336c 8083dc90d2bf4b83975f29b61f331e0e 07897250ef69478aa83c3e940291b0d6 - - 9bb0e01d9ab346938f9b498cf23c3601 9bb0e01d9ab346938f9b498cf23c3601] 199.19.213.121 "POST /v2.0/ports HTTP/1.1" status: 201 len: 1172 time: 0.5410945
2026-05-20 06:53:15.191 10 INFO neutron.api.wsgi [None req-4bd81846-d6f2-40f4-bf58-0394b6fc9e9c 8083dc90d2bf4b83975f29b61f331e0e 07897250ef69478aa83c3e940291b0d6 - - 9bb0e01d9ab346938f9b498cf23c3601 9bb0e01d9ab346938f9b498cf23c3601] 199.19.213.121 "GET /v2.0/networks/d1a477e6-3245-46d9-b4a0-ade09da56cbc HTTP/1.1" status: 200 len: 907 time: 0.0326288
2026-05-20 06:53:15.918 10 INFO neutron.plugins.ml2.drivers.ovn.mech_driver.mech_driver [None req-77c6b957-fb5b-4195-91fd-bc423f93aed4 - - - - - -] OVN reports status up for port: b0700099-e594-476a-9ffa-a70f07dab036
2026-05-20 06:53:15.938 10 INFO neutron.plugins.ml2.plugin [None req-77c6b957-fb5b-4195-91fd-bc423f93aed4 - - - - - -] Attempt 1 to provision port b0700099-e594-476a-9ffa-a70f07dab036
2026-05-20 06:53:16.079 10 INFO neutron.db.ovn_revision_numbers_db [None req-77c6b957-fb5b-4195-91fd-bc423f93aed4 - - - - - -] Successfully bumped revision number for resource b0700099-e594-476a-9ffa-a70f07dab036 (type: ports) to 4
2026-05-20 06:53:17.564 10 INFO neutron.api.wsgi [None req-94958f66-d3a5-4be9-be17-b4bc0effcff1 8083dc90d2bf4b83975f29b61f331e0e 07897250ef69478aa83c3e940291b0d6 - - 9bb0e01d9ab346938f9b498cf23c3601 9bb0e01d9ab346938f9b498cf23c3601] 199.19.213.121 "GET /v2.0/ports?device_id=manila-share&binding%3Ahost_id=instance HTTP/1.1" status: 200 len: 1172 time: 0.0377474
2026-05-20 06:53:17.601 10 INFO neutron.api.wsgi [None req-1edef584-9f91-4744-8141-1493fc29e647 8083dc90d2bf4b83975f29b61f331e0e 07897250ef69478aa83c3e940291b0d6 - - 9bb0e01d9ab346938f9b498cf23c3601 9bb0e01d9ab346938f9b498cf23c3601] 199.19.213.121 "GET /v2.0/networks/d1a477e6-3245-46d9-b4a0-ade09da56cbc HTTP/1.1" status: 200 len: 907 time: 0.0313141
2026-05-20 06:53:18.150 10 INFO neutron.api.wsgi [-] 10.0.0.78 "GET / HTTP/1.1" status: 200 len: 247 time: 0.0026102
2026-05-20 06:53:18.151 9 INFO neutron.api.wsgi [-] 10.0.0.78 "GET / HTTP/1.1" status: 200 len: 247 time: 0.0035567
2026-05-20 06:53:30.023 9 INFO neutron.api.wsgi [None req-2e51365f-26b1-4966-94b1-6db85bd1a1fc ab628ee62b214545be46d2bbc2e265f7 455f8fdf6aad4dadb003a1815790c9ca - - default default] 199.19.213.121,10.0.0.78 "GET /v2.0/quotas/07897250ef69478aa83c3e940291b0d6 HTTP/1.1" status: 200 len: 467 time: 0.0156922
2026-05-20 06:53:30.484 9 INFO neutron.api.wsgi [None req-58aecb33-dc2d-48a4-a91e-1a909648c77e ab628ee62b214545be46d2bbc2e265f7 455f8fdf6aad4dadb003a1815790c9ca - - default default] 199.19.213.121,10.0.0.78 "PUT /v2.0/quotas/07897250ef69478aa83c3e940291b0d6 HTTP/1.1" status: 200 len: 466 time: 0.0301630
2026-05-20 06:53:33.149 10 INFO neutron.api.wsgi [-] 10.0.0.78 "GET / HTTP/1.1" status: 200 len: 247 time: 0.0024331
2026-05-20 06:53:33.151 10 INFO neutron.api.wsgi [-] 10.0.0.78 "GET / HTTP/1.1" status: 200 len: 247 time: 0.0012319
2026-05-20 06:53:48.150 9 INFO neutron.api.wsgi [-] 10.0.0.78 "GET / HTTP/1.1" status: 200 len: 247 time: 0.0023215
2026-05-20 06:53:48.150 10 INFO neutron.api.wsgi [-] 10.0.0.78 "GET / HTTP/1.1" status: 200 len: 247 time: 0.0027080
2026-05-20 06:54:03.148 9 INFO neutron.api.wsgi [-] 10.0.0.78 "GET / HTTP/1.1" status: 200 len: 247 time: 0.0012980
2026-05-20 06:54:03.150 10 INFO neutron.api.wsgi [-] 10.0.0.78 "GET / HTTP/1.1" status: 200 len: 247 time: 0.0027449
2026-05-20 06:54:18.154 10 INFO neutron.api.wsgi [-] 10.0.0.78 "GET / HTTP/1.1" status: 200 len: 247 time: 0.0058455
2026-05-20 06:54:18.156 10 INFO neutron.api.wsgi [-] 10.0.0.78 "GET / HTTP/1.1" status: 200 len: 247 time: 0.0014284
2026-05-20 06:54:20.793 10 INFO neutron.api.wsgi [None req-0435b1b0-1da8-4fc5-8f92-be31f039a840 ab628ee62b214545be46d2bbc2e265f7 455f8fdf6aad4dadb003a1815790c9ca - - default default] 10.0.0.37 "GET /v2.0/networks HTTP/1.1" status: 200 len: 2350 time: 0.1158400
2026-05-20 06:54:20.848 10 INFO neutron.api.wsgi [None req-cf4b100e-3300-4653-baba-a54f969a8760 ab628ee62b214545be46d2bbc2e265f7 455f8fdf6aad4dadb003a1815790c9ca - - default default] 10.0.0.37 "GET /v2.0/security-groups HTTP/1.1" status: 200 len: 17578 time: 0.0528307
2026-05-20 06:54:20.895 10 INFO neutron.api.wsgi [None req-fae3c1e1-5c13-4691-9662-828ad2b4aa83 ab628ee62b214545be46d2bbc2e265f7 455f8fdf6aad4dadb003a1815790c9ca - - default default] 10.0.0.37 "GET /v2.0/subnets HTTP/1.1" status: 200 len: 1484 time: 0.0372484
2026-05-20 06:54:20.947 10 INFO neutron.api.wsgi [None req-4f450cfc-2837-4d3e-99b0-a670667c23af ab628ee62b214545be46d2bbc2e265f7 455f8fdf6aad4dadb003a1815790c9ca - - default default] 10.0.0.37 "GET /v2.0/ports HTTP/1.1" status: 200 len: 5351 time: 0.0503483
2026-05-20 06:54:20.971 10 INFO neutron.api.wsgi [None req-e679e76f-2627-4f23-94d5-fe35d9e921ab ab628ee62b214545be46d2bbc2e265f7 455f8fdf6aad4dadb003a1815790c9ca - - default default] 10.0.0.37 "GET /v2.0/subnets HTTP/1.1" status: 200 len: 1484 time: 0.0215216
2026-05-20 06:54:20.982 10 INFO neutron.api.wsgi [None req-14195a35-4c4d-4b1e-b027-b429301a0093 ab628ee62b214545be46d2bbc2e265f7 455f8fdf6aad4dadb003a1815790c9ca - - default default] 10.0.0.37 "GET /v2.0/subnetpools HTTP/1.1" status: 200 len: 193 time: 0.0093663
2026-05-20 06:54:21.009 10 INFO neutron.api.wsgi [None req-077b5ab3-3ac3-41ca-82e1-8f4224ef06d4 ab628ee62b214545be46d2bbc2e265f7 455f8fdf6aad4dadb003a1815790c9ca - - default default] 10.0.0.37 "GET /v2.0/routers HTTP/1.1" status: 200 len: 189 time: 0.0269170
2026-05-20 06:54:21.049 10 INFO neutron.api.wsgi [None req-e937cabf-7c81-42e0-94b9-55c846cf42de ab628ee62b214545be46d2bbc2e265f7 455f8fdf6aad4dadb003a1815790c9ca - - default default] 10.0.0.37 "GET /v2.0/agents?binary=ovn-controller HTTP/1.1" status: 200 len: 591 time: 0.0382459
2026-05-20 06:54:21.059 10 INFO neutron.api.wsgi [None req-f8a00e72-dce5-4021-8568-8902b0610237 ab628ee62b214545be46d2bbc2e265f7 455f8fdf6aad4dadb003a1815790c9ca - - default default] 10.0.0.37 "GET /v2.0/agents HTTP/1.1" status: 200 len: 1390 time: 0.0095646
2026-05-20 06:54:21.072 10 INFO neutron.api.wsgi [None req-96f500b8-1655-4776-bdc8-472f8d15571d ab628ee62b214545be46d2bbc2e265f7 455f8fdf6aad4dadb003a1815790c9ca - - default default] 10.0.0.37 "GET /v2.0/network-ip-availabilities HTTP/1.1" status: 200 len: 1280 time: 0.0122106
2026-05-20 06:54:21.104 10 INFO neutron.api.wsgi [None req-b883251e-f0ea-4616-abd5-24ce7944a787 ab628ee62b214545be46d2bbc2e265f7 455f8fdf6aad4dadb003a1815790c9ca - - default default] 10.0.0.37 "GET /v2.0/floatingips HTTP/1.1" status: 200 len: 193 time: 0.0308328
2026-05-20 06:54:33.149 9 INFO neutron.api.wsgi [-] 10.0.0.78 "GET / HTTP/1.1" status: 200 len: 247 time: 0.0022838
2026-05-20 06:54:33.153 9 INFO neutron.api.wsgi [-] 10.0.0.78 "GET / HTTP/1.1" status: 200 len: 247 time: 0.0015340
2026-05-20 06:54:48.150 9 INFO neutron.api.wsgi [-] 10.0.0.78 "GET / HTTP/1.1" status: 200 len: 247 time: 0.0031328
2026-05-20 06:54:48.153 9 INFO neutron.api.wsgi [-] 10.0.0.78 "GET / HTTP/1.1" status: 200 len: 247 time: 0.0019844
2026-05-20 06:55:03.149 9 INFO neutron.api.wsgi [-] 10.0.0.78 "GET / HTTP/1.1" status: 200 len: 247 time: 0.0019996
2026-05-20 06:55:03.151 9 INFO neutron.api.wsgi [-] 10.0.0.78 "GET / HTTP/1.1" status: 200 len: 247 time: 0.0013011
2026-05-20 06:55:18.149 10 INFO neutron.api.wsgi [-] 10.0.0.78 "GET / HTTP/1.1" status: 200 len: 247 time: 0.0022709
2026-05-20 06:55:18.150 9 INFO neutron.api.wsgi [-] 10.0.0.78 "GET / HTTP/1.1" status: 200 len: 247 time: 0.0025802
2026-05-20 06:55:20.703 10 INFO neutron.api.wsgi [None req-f9bddef3-1a00-4d5e-9ba5-dbfc8c546d3a ab628ee62b214545be46d2bbc2e265f7 455f8fdf6aad4dadb003a1815790c9ca - - default default] 10.0.0.37 "GET /v2.0/routers HTTP/1.1" status: 200 len: 189 time: 0.0522387
2026-05-20 06:55:20.736 10 INFO neutron.api.wsgi [None req-c83fc617-a2d9-4b58-9866-83324457b238 ab628ee62b214545be46d2bbc2e265f7 455f8fdf6aad4dadb003a1815790c9ca - - default default] 10.0.0.37 "GET /v2.0/agents?binary=ovn-controller HTTP/1.1" status: 200 len: 591 time: 0.0323126
2026-05-20 06:55:20.763 10 INFO neutron.api.wsgi [None req-951c6ff1-36ac-439d-a4b0-d3d823fddcc8 ab628ee62b214545be46d2bbc2e265f7 455f8fdf6aad4dadb003a1815790c9ca - - default default] 10.0.0.37 "GET /v2.0/subnets HTTP/1.1" status: 200 len: 1484 time: 0.0255871
2026-05-20 06:55:20.773 10 INFO neutron.api.wsgi [None req-cccaedb6-c8fe-47b9-aa08-4991c4ba1c55 ab628ee62b214545be46d2bbc2e265f7 455f8fdf6aad4dadb003a1815790c9ca - - default default] 10.0.0.37 "GET /v2.0/subnetpools HTTP/1.1" status: 200 len: 193 time: 0.0096731
2026-05-20 06:55:20.819 10 INFO neutron.api.wsgi [None req-0b18eeca-ac4b-4c73-892e-f32ea3062bd5 ab628ee62b214545be46d2bbc2e265f7 455f8fdf6aad4dadb003a1815790c9ca - - default default] 10.0.0.37 "GET /v2.0/networks HTTP/1.1" status: 200 len: 2350 time: 0.0447505
2026-05-20 06:55:20.838 10 INFO neutron.api.wsgi [None req-7cbfd686-f76d-492d-8a9a-4486b3ae8202 ab628ee62b214545be46d2bbc2e265f7 455f8fdf6aad4dadb003a1815790c9ca - - default default] 10.0.0.37 "GET /v2.0/floatingips HTTP/1.1" status: 200 len: 193 time: 0.0159841
2026-05-20 06:55:20.876 10 INFO neutron.api.wsgi [None req-18774d43-34a9-4ec1-af0b-c86759f814fc ab628ee62b214545be46d2bbc2e265f7 455f8fdf6aad4dadb003a1815790c9ca - - default default] 10.0.0.37 "GET /v2.0/security-groups HTTP/1.1" status: 200 len: 17578 time: 0.0369012
2026-05-20 06:55:20.894 10 INFO neutron.api.wsgi [None req-ccaa513c-ac31-4e8a-bf50-0e8861e28a74 ab628ee62b214545be46d2bbc2e265f7 455f8fdf6aad4dadb003a1815790c9ca - - default default] 10.0.0.37 "GET /v2.0/agents HTTP/1.1" status: 200 len: 1390 time: 0.0119619
2026-05-20 06:55:20.908 10 INFO neutron.api.wsgi [None req-e03a8199-7d90-43b5-939b-4c7eedd509b8 ab628ee62b214545be46d2bbc2e265f7 455f8fdf6aad4dadb003a1815790c9ca - - default default] 10.0.0.37 "GET /v2.0/network-ip-availabilities HTTP/1.1" status: 200 len: 1280 time: 0.0122170
2026-05-20 06:55:20.944 10 INFO neutron.api.wsgi [None req-3fe852fc-007e-4ed0-bad1-6b7edaaaf17a ab628ee62b214545be46d2bbc2e265f7 455f8fdf6aad4dadb003a1815790c9ca - - default default] 10.0.0.37 "GET /v2.0/subnets HTTP/1.1" status: 200 len: 1484 time: 0.0346034
2026-05-20 06:55:20.977 10 INFO neutron.api.wsgi [None req-c75aa5b1-46d9-4a5e-84dd-2fc6c7160da9 ab628ee62b214545be46d2bbc2e265f7 455f8fdf6aad4dadb003a1815790c9ca - - default default] 10.0.0.37 "GET /v2.0/ports HTTP/1.1" status: 200 len: 5351 time: 0.0323887
2026-05-20 06:55:33.150 9 INFO neutron.api.wsgi [-] 10.0.0.78 "GET / HTTP/1.1" status: 200 len: 247 time: 0.0026293
2026-05-20 06:55:33.152 10 INFO neutron.api.wsgi [-] 10.0.0.78 "GET / HTTP/1.1" status: 200 len: 247 time: 0.0033937
2026-05-20 06:55:48.149 9 INFO neutron.api.wsgi [-] 10.0.0.78 "GET / HTTP/1.1" status: 200 len: 247 time: 0.0023253
2026-05-20 06:55:48.154 10 INFO neutron.api.wsgi [-] 10.0.0.78 "GET / HTTP/1.1" status: 200 len: 247 time: 0.0066130
2026-05-20 06:56:03.150 10 INFO neutron.api.wsgi [-] 10.0.0.78 "GET / HTTP/1.1" status: 200 len: 247 time: 0.0028911
2026-05-20 06:56:03.153 10 INFO neutron.api.wsgi [-] 10.0.0.78 "GET / HTTP/1.1" status: 200 len: 247 time: 0.0020866
2026-05-20 06:56:07.658 15 INFO neutron.db.ovn_revision_numbers_db [None req-ba4a9e9f-7132-4dbc-8669-c07c95baca88 - - - - - -] Successfully bumped revision number for resource 0a2d70e7-58b6-41b5-925d-46814005f611 (type: security_groups) to 5
2026-05-20 06:56:07.658 15 INFO neutron.plugins.ml2.drivers.ovn.mech_driver.ovsdb.maintenance [None req-ba4a9e9f-7132-4dbc-8669-c07c95baca88 - - - - - -] OVN maintenance task check_for_inconsistencies finished in 0.056 seconds
2026-05-20 06:56:18.148 9 INFO neutron.api.wsgi [-] 10.0.0.78 "GET / HTTP/1.1" status: 200 len: 247 time: 0.0016763
2026-05-20 06:56:18.149 10 INFO neutron.api.wsgi [-] 10.0.0.78 "GET / HTTP/1.1" status: 200 len: 247 time: 0.0026917
2026-05-20 06:56:20.777 10 INFO neutron.api.wsgi [None req-e5bfd31c-ff02-4086-89da-ba922b70af87 ab628ee62b214545be46d2bbc2e265f7 455f8fdf6aad4dadb003a1815790c9ca - - default default] 10.0.0.37 "GET /v2.0/security-groups HTTP/1.1" status: 200 len: 17578 time: 0.1337326
2026-05-20 06:56:20.810 10 INFO neutron.api.wsgi [None req-047c0897-42cd-4bd9-918b-e85a83658781 ab628ee62b214545be46d2bbc2e265f7 455f8fdf6aad4dadb003a1815790c9ca - - default default] 10.0.0.37 "GET /v2.0/subnets HTTP/1.1" status: 200 len: 1484 time: 0.0281532
2026-05-20 06:56:20.836 10 INFO neutron.api.wsgi [None req-0d2162cf-e74e-40f0-9113-f554271ebc4c ab628ee62b214545be46d2bbc2e265f7 455f8fdf6aad4dadb003a1815790c9ca - - default default] 10.0.0.37 "GET /v2.0/subnets HTTP/1.1" status: 200 len: 1484 time: 0.0253706
2026-05-20 06:56:20.845 10 INFO neutron.api.wsgi [None req-c72909ed-114e-45c7-ad65-9097f5f46d02 ab628ee62b214545be46d2bbc2e265f7 455f8fdf6aad4dadb003a1815790c9ca - - default default] 10.0.0.37 "GET /v2.0/subnetpools HTTP/1.1" status: 200 len: 193 time: 0.0069969
2026-05-20 06:56:20.884 10 INFO neutron.api.wsgi [None req-799d06e4-9347-43af-b430-6fab3b2dcd4c ab628ee62b214545be46d2bbc2e265f7 455f8fdf6aad4dadb003a1815790c9ca - - default default] 10.0.0.37 "GET /v2.0/ports HTTP/1.1" status: 200 len: 5351 time: 0.0382781
2026-05-20 06:56:20.897 10 INFO neutron.api.wsgi [None req-0579de81-2741-4293-9649-b9e9f6fed249 ab628ee62b214545be46d2bbc2e265f7 455f8fdf6aad4dadb003a1815790c9ca - - default default] 10.0.0.37 "GET /v2.0/network-ip-availabilities HTTP/1.1" status: 200 len: 1280 time: 0.0105312
2026-05-20 06:56:20.911 10 INFO neutron.api.wsgi [None req-abd60692-afba-4a06-a988-bec4804f2b95 ab628ee62b214545be46d2bbc2e265f7 455f8fdf6aad4dadb003a1815790c9ca - - default default] 10.0.0.37 "GET /v2.0/floatingips HTTP/1.1" status: 200 len: 193 time: 0.0129342
2026-05-20 06:56:20.955 10 INFO neutron.api.wsgi [None req-89826b45-be5c-4fd6-9867-d841a4a1677e ab628ee62b214545be46d2bbc2e265f7 455f8fdf6aad4dadb003a1815790c9ca - - default default] 10.0.0.37 "GET /v2.0/networks HTTP/1.1" status: 200 len: 2350 time: 0.0430245
2026-05-20 06:56:20.989 10 INFO neutron.api.wsgi [None req-0f2e6ea2-b222-418c-8c53-bed540bdd5d6 ab628ee62b214545be46d2bbc2e265f7 455f8fdf6aad4dadb003a1815790c9ca - - default default] 10.0.0.37 "GET /v2.0/agents HTTP/1.1" status: 200 len: 1390 time: 0.0327480
2026-05-20 06:56:21.003 10 INFO neutron.api.wsgi [None req-d9a93177-2672-4bc7-86f5-67831cb944ae ab628ee62b214545be46d2bbc2e265f7 455f8fdf6aad4dadb003a1815790c9ca - - default default] 10.0.0.37 "GET /v2.0/routers HTTP/1.1" status: 200 len: 189 time: 0.0127363
2026-05-20 06:56:21.013 10 INFO neutron.api.wsgi [None req-38593783-869b-44b0-9746-4c30cca055fe ab628ee62b214545be46d2bbc2e265f7 455f8fdf6aad4dadb003a1815790c9ca - - default default] 10.0.0.37 "GET /v2.0/agents?binary=ovn-controller HTTP/1.1" status: 200 len: 591 time: 0.0093973
2026-05-20 06:56:33.149 9 INFO neutron.api.wsgi [-] 10.0.0.78 "GET / HTTP/1.1" status: 200 len: 247 time: 0.0019319
2026-05-20 06:56:33.151 10 INFO neutron.api.wsgi [-] 10.0.0.78 "GET / HTTP/1.1" status: 200 len: 247 time: 0.0030909
2026-05-20 06:56:48.149 10 INFO neutron.api.wsgi [-] 10.0.0.78 "GET / HTTP/1.1" status: 200 len: 247 time: 0.0013134
2026-05-20 06:56:48.150 9 INFO neutron.api.wsgi [-] 10.0.0.78 "GET / HTTP/1.1" status: 200 len: 247 time: 0.0026925
2026-05-20 06:57:03.150 10 INFO neutron.api.wsgi [-] 10.0.0.78 "GET / HTTP/1.1" status: 200 len: 247 time: 0.0027082
2026-05-20 06:57:03.150 9 INFO neutron.api.wsgi [-] 10.0.0.78 "GET / HTTP/1.1" status: 200 len: 247 time: 0.0027056
2026-05-20 06:57:18.149 10 INFO neutron.api.wsgi [-] 10.0.0.78 "GET / HTTP/1.1" status: 200 len: 247 time: 0.0016756
2026-05-20 06:57:18.150 9 INFO neutron.api.wsgi [-] 10.0.0.78 "GET / HTTP/1.1" status: 200 len: 247 time: 0.0033858
2026-05-20 06:57:20.710 10 INFO neutron.api.wsgi [None req-b3dad583-906c-4388-9e15-70cc24bdae8d ab628ee62b214545be46d2bbc2e265f7 455f8fdf6aad4dadb003a1815790c9ca - - default default] 10.0.0.37 "GET /v2.0/floatingips HTTP/1.1" status: 200 len: 193 time: 0.0606995
2026-05-20 06:57:20.752 10 INFO neutron.api.wsgi [None req-a736e6f2-2b56-45c9-89e9-0da986756c9f ab628ee62b214545be46d2bbc2e265f7 455f8fdf6aad4dadb003a1815790c9ca - - default default] 10.0.0.37 "GET /v2.0/networks HTTP/1.1" status: 200 len: 2350 time: 0.0412714
2026-05-20 06:57:20.767 10 INFO neutron.api.wsgi [None req-7f60c64b-70f8-4924-aa31-80a6eba05f44 ab628ee62b214545be46d2bbc2e265f7 455f8fdf6aad4dadb003a1815790c9ca - - default default] 10.0.0.37 "GET /v2.0/routers HTTP/1.1" status: 200 len: 189 time: 0.0125966
2026-05-20 06:57:20.798 10 INFO neutron.api.wsgi [None req-498bd5cd-6880-4a7d-a555-e146fb371747 ab628ee62b214545be46d2bbc2e265f7 455f8fdf6aad4dadb003a1815790c9ca - - default default] 10.0.0.37 "GET /v2.0/agents?binary=ovn-controller HTTP/1.1" status: 200 len: 591 time: 0.0305581
2026-05-20 06:57:20.809 10 INFO neutron.api.wsgi [None req-faaab862-ac1a-4183-9a68-9015c607642d ab628ee62b214545be46d2bbc2e265f7 455f8fdf6aad4dadb003a1815790c9ca - - default default] 10.0.0.37 "GET /v2.0/agents HTTP/1.1" status: 200 len: 1390 time: 0.0094926
2026-05-20 06:57:20.849 10 INFO neutron.api.wsgi [None req-ab8809c9-1623-47e3-a049-be366fee20fb ab628ee62b214545be46d2bbc2e265f7 455f8fdf6aad4dadb003a1815790c9ca - - default default] 10.0.0.37 "GET /v2.0/security-groups HTTP/1.1" status: 200 len: 17578 time: 0.0394344
2026-05-20 06:57:20.895 10 INFO neutron.api.wsgi [None req-f192adcd-704f-4c88-8b17-409ac37ccc85 ab628ee62b214545be46d2bbc2e265f7 455f8fdf6aad4dadb003a1815790c9ca - - default default] 10.0.0.37 "GET /v2.0/ports HTTP/1.1" status: 200 len: 5351 time: 0.0407021
2026-05-20 06:57:20.911 10 INFO neutron.api.wsgi [None req-dd8b9051-0c05-4cf4-83a3-0dd5ca7043c2 ab628ee62b214545be46d2bbc2e265f7 455f8fdf6aad4dadb003a1815790c9ca - - default default] 10.0.0.37 "GET /v2.0/network-ip-availabilities HTTP/1.1" status: 200 len: 1280 time: 0.0106120
2026-05-20 06:57:20.939 10 INFO neutron.api.wsgi [None req-8f85c4d9-be1c-42de-9fad-1340e87c5322 ab628ee62b214545be46d2bbc2e265f7 455f8fdf6aad4dadb003a1815790c9ca - - default default] 10.0.0.37 "GET /v2.0/subnets HTTP/1.1" status: 200 len: 1484 time: 0.0271554
2026-05-20 06:57:20.966 10 INFO neutron.api.wsgi [None req-3765cb9c-9bfa-45a1-9c7f-ffccf7e20aef ab628ee62b214545be46d2bbc2e265f7 455f8fdf6aad4dadb003a1815790c9ca - - default default] 10.0.0.37 "GET /v2.0/subnets HTTP/1.1" status: 200 len: 1484 time: 0.0261078
2026-05-20 06:57:20.976 10 INFO neutron.api.wsgi [None req-58930146-2236-4a97-a384-ba5305f84d5f ab628ee62b214545be46d2bbc2e265f7 455f8fdf6aad4dadb003a1815790c9ca - - default default] 10.0.0.37 "GET /v2.0/subnetpools HTTP/1.1" status: 200 len: 193 time: 0.0082827
2026-05-20 06:57:33.149 10 INFO neutron.api.wsgi [-] 10.0.0.78 "GET / HTTP/1.1" status: 200 len: 247 time: 0.0020912
2026-05-20 06:57:33.150 9 INFO neutron.api.wsgi [-] 10.0.0.78 "GET / HTTP/1.1" status: 200 len: 247 time: 0.0025280
2026-05-20 06:57:48.149 9 INFO neutron.api.wsgi [-] 10.0.0.78 "GET / HTTP/1.1" status: 200 len: 247 time: 0.0016587
2026-05-20 06:57:48.150 10 INFO neutron.api.wsgi [-] 10.0.0.78 "GET / HTTP/1.1" status: 200 len: 247 time: 0.0026004
2026-05-20 06:58:03.150 9 INFO neutron.api.wsgi [-] 10.0.0.78 "GET / HTTP/1.1" status: 200 len: 247 time: 0.0032477
2026-05-20 06:58:03.151 10 INFO neutron.api.wsgi [-] 10.0.0.78 "GET / HTTP/1.1" status: 200 len: 247 time: 0.0038898
2026-05-20 06:58:18.150 9 INFO neutron.api.wsgi [-] 10.0.0.78 "GET / HTTP/1.1" status: 200 len: 247 time: 0.0024481
2026-05-20 06:58:18.150 10 INFO neutron.api.wsgi [-] 10.0.0.78 "GET / HTTP/1.1" status: 200 len: 247 time: 0.0027409
2026-05-20 06:58:20.805 10 INFO neutron.api.wsgi [None req-b4e96284-38cc-4aee-adda-85ace7c7aa4b ab628ee62b214545be46d2bbc2e265f7 455f8fdf6aad4dadb003a1815790c9ca - - default default] 10.0.0.37 "GET /v2.0/network-ip-availabilities HTTP/1.1" status: 200 len: 1280 time: 0.0475824
2026-05-20 06:58:20.832 10 INFO neutron.api.wsgi [None req-52d76a07-4dd0-402f-9f63-e6e339ab45f5 ab628ee62b214545be46d2bbc2e265f7 455f8fdf6aad4dadb003a1815790c9ca - - default default] 10.0.0.37 "GET /v2.0/subnets HTTP/1.1" status: 200 len: 1484 time: 0.0256650
2026-05-20 06:58:20.839 10 INFO neutron.api.wsgi [None req-fdfcd95d-d623-4080-b79b-2d6b7d854adc ab628ee62b214545be46d2bbc2e265f7 455f8fdf6aad4dadb003a1815790c9ca - - default default] 10.0.0.37 "GET /v2.0/subnetpools HTTP/1.1" status: 200 len: 193 time: 0.0056357
2026-05-20 06:58:20.853 10 INFO neutron.api.wsgi [None req-7ba9e0fc-477a-4f3d-a55b-77da77afbbe1 ab628ee62b214545be46d2bbc2e265f7 455f8fdf6aad4dadb003a1815790c9ca - - default default] 10.0.0.37 "GET /v2.0/routers HTTP/1.1" status: 200 len: 189 time: 0.0134697
2026-05-20 06:58:20.891 10 INFO neutron.api.wsgi [None req-b7f94c59-f480-4247-b47d-6dcd803bea15 ab628ee62b214545be46d2bbc2e265f7 455f8fdf6aad4dadb003a1815790c9ca - - default default] 10.0.0.37 "GET /v2.0/agents?binary=ovn-controller HTTP/1.1" status: 200 len: 591 time: 0.0372150
2026-05-20 06:58:20.925 10 INFO neutron.api.wsgi [None req-473432a3-a85a-41f3-a311-317d27c48291 ab628ee62b214545be46d2bbc2e265f7 455f8fdf6aad4dadb003a1815790c9ca - - default default] 10.0.0.37 "GET /v2.0/security-groups HTTP/1.1" status: 200 len: 17578 time: 0.0330317
2026-05-20 06:58:20.956 10 INFO neutron.api.wsgi [None req-5d1635a6-db2a-4fcb-8138-6bbda0880485 ab628ee62b214545be46d2bbc2e265f7 455f8fdf6aad4dadb003a1815790c9ca - - default default] 10.0.0.37 "GET /v2.0/subnets HTTP/1.1" status: 200 len: 1484 time: 0.0238879
2026-05-20 06:58:21.002 10 INFO neutron.api.wsgi [None req-cff4dd0f-48e5-40b9-8251-d71115ac6739 ab628ee62b214545be46d2bbc2e265f7 455f8fdf6aad4dadb003a1815790c9ca - - default default] 10.0.0.37 "GET /v2.0/networks HTTP/1.1" status: 200 len: 2350 time: 0.0451453
2026-05-20 06:58:21.012 10 INFO neutron.api.wsgi [None req-a64853ed-c121-4866-a564-9d02e8f50f69 ab628ee62b214545be46d2bbc2e265f7 455f8fdf6aad4dadb003a1815790c9ca - - default default] 10.0.0.37 "GET /v2.0/agents HTTP/1.1" status: 200 len: 1390 time: 0.0075486
2026-05-20 06:58:21.027 10 INFO neutron.api.wsgi [None req-517c1b89-ccb8-49a7-b33d-e43c929923ad ab628ee62b214545be46d2bbc2e265f7 455f8fdf6aad4dadb003a1815790c9ca - - default default] 10.0.0.37 "GET /v2.0/floatingips HTTP/1.1" status: 200 len: 193 time: 0.0134704
2026-05-20 06:58:21.065 10 INFO neutron.api.wsgi [None req-713609ea-b255-4231-8996-20fc0bb328ce ab628ee62b214545be46d2bbc2e265f7 455f8fdf6aad4dadb003a1815790c9ca - - default default] 10.0.0.37 "GET /v2.0/ports HTTP/1.1" status: 200 len: 5351 time: 0.0369210
2026-05-20 06:58:33.149 9 INFO neutron.api.wsgi [-] 10.0.0.78 "GET / HTTP/1.1" status: 200 len: 247 time: 0.0016942
2026-05-20 06:58:33.151 9 INFO neutron.api.wsgi [-] 10.0.0.78 "GET / HTTP/1.1" status: 200 len: 247 time: 0.0018954
2026-05-20 06:58:48.150 10 INFO neutron.api.wsgi [-] 10.0.0.78 "GET / HTTP/1.1" status: 200 len: 247 time: 0.0021040
2026-05-20 06:58:48.150 9 INFO neutron.api.wsgi [-] 10.0.0.78 "GET / HTTP/1.1" status: 200 len: 247 time: 0.0022085
2026-05-20 06:59:03.148 9 INFO neutron.api.wsgi [-] 10.0.0.78 "GET / HTTP/1.1" status: 200 len: 247 time: 0.0017564
2026-05-20 06:59:03.151 9 INFO neutron.api.wsgi [-] 10.0.0.78 "GET / HTTP/1.1" status: 200 len: 247 time: 0.0021453
2026-05-20 06:59:18.149 10 INFO neutron.api.wsgi [-] 10.0.0.78 "GET / HTTP/1.1" status: 200 len: 247 time: 0.0022306
2026-05-20 06:59:18.149 9 INFO neutron.api.wsgi [-] 10.0.0.78 "GET / HTTP/1.1" status: 200 len: 247 time: 0.0023270
2026-05-20 06:59:20.725 10 INFO neutron.api.wsgi [None req-3d4af4b8-e17b-4608-96a7-3ec8c487bd7b ab628ee62b214545be46d2bbc2e265f7 455f8fdf6aad4dadb003a1815790c9ca - - default default] 10.0.0.37 "GET /v2.0/security-groups HTTP/1.1" status: 200 len: 17578 time: 0.0800118
2026-05-20 06:59:20.753 10 INFO neutron.api.wsgi [None req-077bddf6-c3ea-434b-9fd7-cf024e1eb98a ab628ee62b214545be46d2bbc2e265f7 455f8fdf6aad4dadb003a1815790c9ca - - default default] 10.0.0.37 "GET /v2.0/subnets HTTP/1.1" status: 200 len: 1484 time: 0.0245440
2026-05-20 06:59:20.774 10 INFO neutron.api.wsgi [None req-ea372486-5530-44c4-a597-44e0971bd106 ab628ee62b214545be46d2bbc2e265f7 455f8fdf6aad4dadb003a1815790c9ca - - default default] 10.0.0.37 "GET /v2.0/routers HTTP/1.1" status: 200 len: 189 time: 0.0194004
2026-05-20 06:59:20.803 10 INFO neutron.api.wsgi [None req-90e4c768-5499-4868-93cf-9061c1af2fed ab628ee62b214545be46d2bbc2e265f7 455f8fdf6aad4dadb003a1815790c9ca - - default default] 10.0.0.37 "GET /v2.0/agents?binary=ovn-controller HTTP/1.1" status: 200 len: 591 time: 0.0269017
2026-05-20 06:59:20.849 10 INFO neutron.api.wsgi [None req-9dd0d98a-b484-4c42-bcdd-d79179c5204f ab628ee62b214545be46d2bbc2e265f7 455f8fdf6aad4dadb003a1815790c9ca - - default default] 10.0.0.37 "GET /v2.0/networks HTTP/1.1" status: 200 len: 2350 time: 0.0456407
2026-05-20 06:59:20.860 10 INFO neutron.api.wsgi [None req-84301cc7-2b6c-490e-b0a2-9f44cba2f735 ab628ee62b214545be46d2bbc2e265f7 455f8fdf6aad4dadb003a1815790c9ca - - default default] 10.0.0.37 "GET /v2.0/agents HTTP/1.1" status: 200 len: 1390 time: 0.0081327
2026-05-20 06:59:20.871 10 INFO neutron.api.wsgi [None req-d73b6338-3f85-4126-844b-69eb8efae929 ab628ee62b214545be46d2bbc2e265f7 455f8fdf6aad4dadb003a1815790c9ca - - default default] 10.0.0.37 "GET /v2.0/network-ip-availabilities HTTP/1.1" status: 200 len: 1280 time: 0.0102067
2026-05-20 06:59:20.887 10 INFO neutron.api.wsgi [None req-830d8879-602e-4c76-8d8b-1ddd2b731ea3 ab628ee62b214545be46d2bbc2e265f7 455f8fdf6aad4dadb003a1815790c9ca - - default default] 10.0.0.37 "GET /v2.0/floatingips HTTP/1.1" status: 200 len: 193 time: 0.0127308
2026-05-20 06:59:20.914 10 INFO neutron.api.wsgi [None req-8f2423d7-435a-4d90-ae11-9722bfd9cf29 ab628ee62b214545be46d2bbc2e265f7 455f8fdf6aad4dadb003a1815790c9ca - - default default] 10.0.0.37 "GET /v2.0/subnets HTTP/1.1" status: 200 len: 1484 time: 0.0268097
2026-05-20 06:59:20.927 10 INFO neutron.api.wsgi [None req-0a690b83-dae8-452a-af65-c8144321170d ab628ee62b214545be46d2bbc2e265f7 455f8fdf6aad4dadb003a1815790c9ca - - default default] 10.0.0.37 "GET /v2.0/subnetpools HTTP/1.1" status: 200 len: 193 time: 0.0108144
2026-05-20 06:59:20.973 10 INFO neutron.api.wsgi [None req-b1f1819a-fb55-4fab-8bf6-100a5a7cfe67 ab628ee62b214545be46d2bbc2e265f7 455f8fdf6aad4dadb003a1815790c9ca - - default default] 10.0.0.37 "GET /v2.0/ports HTTP/1.1" status: 200 len: 5351 time: 0.0453374
2026-05-20 06:59:33.148 10 INFO neutron.api.wsgi [-] 10.0.0.78 "GET / HTTP/1.1" status: 200 len: 247 time: 0.0017011
2026-05-20 06:59:33.150 9 INFO neutron.api.wsgi [-] 10.0.0.78 "GET / HTTP/1.1" status: 200 len: 247 time: 0.0028775
2026-05-20 06:59:48.149 10 INFO neutron.api.wsgi [-] 10.0.0.78 "GET / HTTP/1.1" status: 200 len: 247 time: 0.0024631
2026-05-20 06:59:48.150 9 INFO neutron.api.wsgi [-] 10.0.0.78 "GET / HTTP/1.1" status: 200 len: 247 time: 0.0031192
