2026-05-20 07:12:32.227 9 INFO neutron.api.wsgi [None req-2cc14c56-e082-45ea-b065-7f9602c75103 ab628ee62b214545be46d2bbc2e265f7 455f8fdf6aad4dadb003a1815790c9ca - - default default] 10.0.0.205 "DELETE /v2.0/security-groups/c92a8f77-73ce-45e4-8df8-18ea0cb303fe HTTP/1.1" status: 204 len: 168 time: 0.2183852
2026-05-20 07:12:32.375 9 WARNING neutron.scheduler.dhcp_agent_scheduler [None req-129647a0-d7e4-4937-b29f-f1e3e13804d8 727e64131ddb4c42a4907f9086be4dde feb81cdc462d4aa9a9a05cfc4bc385bf - - default default] No more DHCP agents
2026-05-20 07:12:32.377 9 WARNING neutron.api.rpc.agentnotifiers.dhcp_rpc_agent_api [None req-129647a0-d7e4-4937-b29f-f1e3e13804d8 727e64131ddb4c42a4907f9086be4dde feb81cdc462d4aa9a9a05cfc4bc385bf - - default default] Unable to schedule network 936f27bf-3bbc-4336-8a9c-36cb62a7463f: no agents available; will retry on subsequent port and subnet creation events.
2026-05-20 07:12:32.435 9 INFO neutron.db.ovn_revision_numbers_db [None req-129647a0-d7e4-4937-b29f-f1e3e13804d8 727e64131ddb4c42a4907f9086be4dde feb81cdc462d4aa9a9a05cfc4bc385bf - - default default] Successfully bumped revision number for resource ef1b4a97-f00a-4fe6-bbfc-db3b89a396d2 (type: ports) to 1
2026-05-20 07:12:32.458 9 INFO neutron.api.wsgi [None req-129647a0-d7e4-4937-b29f-f1e3e13804d8 727e64131ddb4c42a4907f9086be4dde feb81cdc462d4aa9a9a05cfc4bc385bf - - default default] 10.0.0.205 "POST /v2.0/ports HTTP/1.1" status: 201 len: 942 time: 0.3106034 /var/lib/openstack/lib/python3.12/site-packages/pycadf/identifier.py:71: UserWarning: Invalid uuid: neutron. To ensure interoperability, identifiers should be a valid uuid. warnings.warn(('Invalid uuid: %s. To ensure interoperability, '
2026-05-20 07:12:32.470 9 WARNING neutron_lib.context [None req-8f303ab7-5929-4bbd-b7d0-c9af8e48d9d7 727e64131ddb4c42a4907f9086be4dde feb81cdc462d4aa9a9a05cfc4bc385bf - - default default] Method 'is_advsvc' is deprecated since 2023.2 release (neutron-lib 3.8.0) and will be removed once support for the old RBAC API policies will be removed from Neutron. Please use method 'is_service_role' instead.
2026-05-20 07:12:32.621 9 INFO neutron.api.wsgi [None req-8f303ab7-5929-4bbd-b7d0-c9af8e48d9d7 727e64131ddb4c42a4907f9086be4dde feb81cdc462d4aa9a9a05cfc4bc385bf - - default default] 10.0.0.205 "POST /v2.0/trunks HTTP/1.1" status: 201 len: 608 time: 0.1563168
2026-05-20 07:12:32.652 9 INFO neutron.api.wsgi [None req-292ea07d-db59-42b3-b6b3-27e20dba7416 727e64131ddb4c42a4907f9086be4dde feb81cdc462d4aa9a9a05cfc4bc385bf - - default default] 10.0.0.205 "PUT /v2.0/trunks/79ada1c5-a23e-4c12-8298-0b042b98059b/tags HTTP/1.1" status: 200 len: 218 time: 0.0244486
2026-05-20 07:12:32.671 9 INFO neutron.api.wsgi [None req-d463fa81-2389-4d16-88cf-0cdaa15f192d 727e64131ddb4c42a4907f9086be4dde feb81cdc462d4aa9a9a05cfc4bc385bf - - default default] 10.0.0.205 "GET /v2.0/trunks/79ada1c5-a23e-4c12-8298-0b042b98059b/tags HTTP/1.1" status: 200 len: 218 time: 0.0146945
2026-05-20 07:12:32.705 9 INFO neutron.api.wsgi [None req-c570d3f3-f2f8-43f6-baf9-ab99354ffeaf 727e64131ddb4c42a4907f9086be4dde feb81cdc462d4aa9a9a05cfc4bc385bf - - default default] 10.0.0.205 "PUT /v2.0/trunks/79ada1c5-a23e-4c12-8298-0b042b98059b/tags/green HTTP/1.1" status: 201 len: 201 time: 0.0271831
2026-05-20 07:12:32.727 9 INFO neutron.api.wsgi [None req-8e44af7a-8d17-4527-84c9-9638dbc5c9e6 727e64131ddb4c42a4907f9086be4dde feb81cdc462d4aa9a9a05cfc4bc385bf - - default default] 10.0.0.205 "GET /v2.0/trunks/79ada1c5-a23e-4c12-8298-0b042b98059b/tags HTTP/1.1" status: 200 len: 227 time: 0.0187860
2026-05-20 07:12:32.756 10 INFO neutron.api.wsgi [None req-a4f6f236-7622-4075-ad66-3fd69e993b4a 727e64131ddb4c42a4907f9086be4dde feb81cdc462d4aa9a9a05cfc4bc385bf - - default default] 10.0.0.205 "PUT /v2.0/trunks/79ada1c5-a23e-4c12-8298-0b042b98059b/tags/red HTTP/1.1" status: 201 len: 201 time: 0.0225112
2026-05-20 07:12:32.778 10 INFO neutron.api.wsgi [None req-c693979f-df54-46ad-b9cf-a4738f2eab20 727e64131ddb4c42a4907f9086be4dde feb81cdc462d4aa9a9a05cfc4bc385bf - - default default] 10.0.0.205 "GET /v2.0/trunks/79ada1c5-a23e-4c12-8298-0b042b98059b/tags HTTP/1.1" status: 200 len: 227 time: 0.0172858
2026-05-20 07:12:32.811 10 INFO neutron.api.wsgi [None req-445af00b-cfc7-4c1b-9166-6384b8b975fa 727e64131ddb4c42a4907f9086be4dde feb81cdc462d4aa9a9a05cfc4bc385bf - - default default] 10.0.0.205 "PUT /v2.0/trunks/79ada1c5-a23e-4c12-8298-0b042b98059b/tags/black.or.white HTTP/1.1" status: 201 len: 201 time: 0.0284958
2026-05-20 07:12:32.831 10 INFO neutron.api.wsgi [None req-940a97e9-b431-40cf-8a20-0cda9140ef3d 727e64131ddb4c42a4907f9086be4dde feb81cdc462d4aa9a9a05cfc4bc385bf - - default default] 10.0.0.205 "GET /v2.0/trunks/79ada1c5-a23e-4c12-8298-0b042b98059b/tags HTTP/1.1" status: 200 len: 245 time: 0.0156388
2026-05-20 07:12:32.867 10 INFO neutron.api.wsgi [None req-01727546-38fa-4117-a11c-e4163bb359ce 727e64131ddb4c42a4907f9086be4dde feb81cdc462d4aa9a9a05cfc4bc385bf - - default default] 10.0.0.205 "PUT /v2.0/trunks/79ada1c5-a23e-4c12-8298-0b042b98059b/tags HTTP/1.1" status: 200 len: 230 time: 0.0299904
2026-05-20 07:12:32.888 10 INFO neutron.api.wsgi [None req-6b369487-c7c9-44fd-9f96-5148ea263cd0 727e64131ddb4c42a4907f9086be4dde feb81cdc462d4aa9a9a05cfc4bc385bf - - default default] 10.0.0.205 "GET /v2.0/trunks/79ada1c5-a23e-4c12-8298-0b042b98059b/tags HTTP/1.1" status: 200 len: 230 time: 0.0163777
2026-05-20 07:12:32.908 10 INFO neutron.api.wsgi [None req-5f10aca3-74e5-4193-9387-75cade767f6e 727e64131ddb4c42a4907f9086be4dde feb81cdc462d4aa9a9a05cfc4bc385bf - - default default] 10.0.0.205 "GET /v2.0/trunks/79ada1c5-a23e-4c12-8298-0b042b98059b/tags/red HTTP/1.1" status: 204 len: 168 time: 0.0156446
2026-05-20 07:12:32.927 10 INFO neutron.api.v2.resource [None req-166f3234-dfb1-4f56-b1e8-5629f4fd3fcc 727e64131ddb4c42a4907f9086be4dde feb81cdc462d4aa9a9a05cfc4bc385bf - - default default] show failed (client error): The resource could not be found.
2026-05-20 07:12:32.928 10 INFO neutron.api.wsgi [None req-166f3234-dfb1-4f56-b1e8-5629f4fd3fcc 727e64131ddb4c42a4907f9086be4dde feb81cdc462d4aa9a9a05cfc4bc385bf - - default default] 10.0.0.205 "GET /v2.0/trunks/79ada1c5-a23e-4c12-8298-0b042b98059b/tags/green HTTP/1.1" status: 404 len: 299 time: 0.0135636
2026-05-20 07:12:32.968 10 INFO neutron.api.wsgi [None req-36b9d1f2-1767-48c8-ab14-03bcc1084b3b 727e64131ddb4c42a4907f9086be4dde feb81cdc462d4aa9a9a05cfc4bc385bf - - default default] 10.0.0.205 "DELETE /v2.0/trunks/79ada1c5-a23e-4c12-8298-0b042b98059b/tags/red HTTP/1.1" status: 204 len: 168 time: 0.0356333
2026-05-20 07:12:32.987 10 INFO neutron.api.wsgi [None req-0f132ad2-3def-40a4-b959-3424a53f192e 727e64131ddb4c42a4907f9086be4dde feb81cdc462d4aa9a9a05cfc4bc385bf - - default default] 10.0.0.205 "GET /v2.0/trunks/79ada1c5-a23e-4c12-8298-0b042b98059b/tags HTTP/1.1" status: 200 len: 223 time: 0.0138071
2026-05-20 07:12:33.008 10 INFO neutron.api.v2.resource [None req-d6a972de-85cf-49cf-b069-5f2d6323478e 727e64131ddb4c42a4907f9086be4dde feb81cdc462d4aa9a9a05cfc4bc385bf - - default default] delete failed (client error): The resource could not be found.
2026-05-20 07:12:33.009 10 INFO neutron.api.wsgi [None req-d6a972de-85cf-49cf-b069-5f2d6323478e 727e64131ddb4c42a4907f9086be4dde feb81cdc462d4aa9a9a05cfc4bc385bf - - default default] 10.0.0.205 "DELETE /v2.0/trunks/79ada1c5-a23e-4c12-8298-0b042b98059b/tags/green HTTP/1.1" status: 404 len: 299 time: 0.0178552
2026-05-20 07:12:33.042 10 INFO neutron.api.wsgi [None req-d1a57650-4b6c-43bc-8d18-fd7ec91ab33a 727e64131ddb4c42a4907f9086be4dde feb81cdc462d4aa9a9a05cfc4bc385bf - - default default] 10.0.0.205 "DELETE /v2.0/trunks/79ada1c5-a23e-4c12-8298-0b042b98059b/tags HTTP/1.1" status: 204 len: 168 time: 0.0282071
2026-05-20 07:12:33.064 10 INFO neutron.api.wsgi [None req-c92c3913-a342-4bd4-b28d-d73951ff5789 727e64131ddb4c42a4907f9086be4dde feb81cdc462d4aa9a9a05cfc4bc385bf - - default default] 10.0.0.205 "GET /v2.0/trunks/79ada1c5-a23e-4c12-8298-0b042b98059b/tags HTTP/1.1" status: 200 len: 205 time: 0.0165842
2026-05-20 07:12:33.094 9 INFO neutron.api.wsgi [None req-2706d2a9-5c8b-4e8b-828e-34f843ea4bbd 727e64131ddb4c42a4907f9086be4dde feb81cdc462d4aa9a9a05cfc4bc385bf - - default default] 10.0.0.205 "GET /v2.0/trunks/79ada1c5-a23e-4c12-8298-0b042b98059b HTTP/1.1" status: 200 len: 603 time: 0.0216846
2026-05-20 07:12:33.148 9 INFO neutron.api.wsgi [-] 10.0.0.78 "GET / HTTP/1.1" status: 200 len: 247 time: 0.0016406
2026-05-20 07:12:33.148 10 INFO neutron.api.wsgi [-] 10.0.0.78 "GET / HTTP/1.1" status: 200 len: 247 time: 0.0016947
2026-05-20 07:12:33.171 9 INFO neutron.api.wsgi [None req-55aceeca-f7af-4301-a2f7-557c299848d8 727e64131ddb4c42a4907f9086be4dde feb81cdc462d4aa9a9a05cfc4bc385bf - - default default] 10.0.0.205 "GET /v2.0/ports/ef1b4a97-f00a-4fe6-bbfc-db3b89a396d2 HTTP/1.1" status: 200 len: 1020 time: 0.0710351
2026-05-20 07:12:33.237 10 INFO neutron.api.wsgi [None req-7f965550-fcde-4fd8-9fed-affa58f8f4c8 727e64131ddb4c42a4907f9086be4dde feb81cdc462d4aa9a9a05cfc4bc385bf - - default default] 10.0.0.205 "DELETE /v2.0/trunks/79ada1c5-a23e-4c12-8298-0b042b98059b HTTP/1.1" status: 204 len: 168 time: 0.0622175
2026-05-20 07:12:33.456 10 INFO neutron.api.wsgi [None req-54da387a-1346-4fd6-82a4-e3c2496d5686 727e64131ddb4c42a4907f9086be4dde feb81cdc462d4aa9a9a05cfc4bc385bf - - default default] 10.0.0.205 "DELETE /v2.0/ports/ef1b4a97-f00a-4fe6-bbfc-db3b89a396d2 HTTP/1.1" status: 204 len: 168 time: 0.2156312
2026-05-20 07:12:33.747 10 INFO neutron.services.segments.plugin [-] Segment a32c8e43-9ffb-48b4-84e9-477a47140e9d resource provider aggregate not found
2026-05-20 07:12:33.751 10 INFO neutron.services.segments.plugin [-] Segment a32c8e43-9ffb-48b4-84e9-477a47140e9d resource provider aggregate not found
2026-05-20 07:12:33.765 10 INFO neutron.services.segments.plugin [-] Segment a32c8e43-9ffb-48b4-84e9-477a47140e9d resource provider not found; error: Placement Client Error (4xx): {"errors": [{"status": 404, "title": "Not Found", "detail": "The resource could not be found.\n\n No resource provider with uuid a32c8e43-9ffb-48b4-84e9-477a47140e9d found for delete ", "request_id": "req-6a076e2d-9ec9-44a3-81b2-924089def15d"}]}
2026-05-20 07:12:33.767 10 INFO neutron.services.segments.plugin [-] Segment a32c8e43-9ffb-48b4-84e9-477a47140e9d resource provider not found; error: Placement Client Error (4xx): {"errors": [{"status": 404, "title": "Not Found", "detail": "The resource could not be found.\n\n No resource provider with uuid a32c8e43-9ffb-48b4-84e9-477a47140e9d found for delete ", "request_id": "req-98426223-e69c-4d24-bc19-adeb3c97c4a4"}]}
2026-05-20 07:12:33.773 10 INFO neutron.api.wsgi [None req-d5bfd840-e2c0-4c1b-b86c-8b83dfa3d83e 727e64131ddb4c42a4907f9086be4dde feb81cdc462d4aa9a9a05cfc4bc385bf - - default default] 10.0.0.205 "DELETE /v2.0/networks/936f27bf-3bbc-4336-8a9c-36cb62a7463f HTTP/1.1" status: 204 len: 168 time: 0.3093681
2026-05-20 07:12:34.736 10 INFO neutron.db.ovn_revision_numbers_db [None req-c2f2dcf6-34b9-4c1f-a1c9-358261d6b0d2 ab628ee62b214545be46d2bbc2e265f7 455f8fdf6aad4dadb003a1815790c9ca - - default default] Successfully bumped revision number for resource 9a4c46bd-409d-4da8-b7d4-14ebc51a1d5c (type: security_groups) to 1
2026-05-20 07:12:34.747 10 INFO neutron.db.ovn_revision_numbers_db [None req-c2f2dcf6-34b9-4c1f-a1c9-358261d6b0d2 ab628ee62b214545be46d2bbc2e265f7 455f8fdf6aad4dadb003a1815790c9ca - - default default] Successfully bumped revision number for resource 51c966de-328a-4aa2-a862-d26f92665038 (type: security_group_rules) to 0
2026-05-20 07:12:34.758 10 INFO neutron.db.ovn_revision_numbers_db [None req-c2f2dcf6-34b9-4c1f-a1c9-358261d6b0d2 ab628ee62b214545be46d2bbc2e265f7 455f8fdf6aad4dadb003a1815790c9ca - - default default] Successfully bumped revision number for resource 7ed4f274-c3bd-410e-9158-ade4b6ed2cef (type: security_group_rules) to 0
2026-05-20 07:12:34.771 10 INFO neutron.db.ovn_revision_numbers_db [None req-c2f2dcf6-34b9-4c1f-a1c9-358261d6b0d2 ab628ee62b214545be46d2bbc2e265f7 455f8fdf6aad4dadb003a1815790c9ca - - default default] Successfully bumped revision number for resource 87825f1f-7526-425a-91d8-c843f902427c (type: security_group_rules) to 0
2026-05-20 07:12:34.780 10 INFO neutron.db.ovn_revision_numbers_db [None req-c2f2dcf6-34b9-4c1f-a1c9-358261d6b0d2 ab628ee62b214545be46d2bbc2e265f7 455f8fdf6aad4dadb003a1815790c9ca - - default default] Successfully bumped revision number for resource 915aa2c2-de4f-4505-ba2c-d3221c7b25d5 (type: security_group_rules) to 0
2026-05-20 07:12:34.811 10 INFO neutron.api.wsgi [None req-c2f2dcf6-34b9-4c1f-a1c9-358261d6b0d2 ab628ee62b214545be46d2bbc2e265f7 455f8fdf6aad4dadb003a1815790c9ca - - default default] 10.0.0.205 "GET /v2.0/security-groups?tenant_id=9bee36a34e72467e9d4ffd76d9e7ec67&name=default HTTP/1.1" status: 200 len: 3124 time: 0.3862555
2026-05-20 07:12:35.006 10 INFO neutron.api.wsgi [None req-fbdda80a-b862-46e6-950b-d27efe83f028 ab628ee62b214545be46d2bbc2e265f7 455f8fdf6aad4dadb003a1815790c9ca - - default default] 10.0.0.205 "DELETE /v2.0/security-groups/9a4c46bd-409d-4da8-b7d4-14ebc51a1d5c HTTP/1.1" status: 204 len: 168 time: 0.1882937
2026-05-20 07:12:35.113 9 INFO neutron.api.wsgi [None req-da3d7dc3-894f-4dfb-881e-e0beed111f7f ab628ee62b214545be46d2bbc2e265f7 455f8fdf6aad4dadb003a1815790c9ca - - default default] 10.0.0.205 "GET /v2.0/security-groups?tenant_id=feb81cdc462d4aa9a9a05cfc4bc385bf&name=default HTTP/1.1" status: 200 len: 3124 time: 0.0280952
2026-05-20 07:12:35.316 9 INFO neutron.api.wsgi [None req-d839f8bd-2298-4486-be23-b3b2b99edd27 ab628ee62b214545be46d2bbc2e265f7 455f8fdf6aad4dadb003a1815790c9ca - - default default] 10.0.0.205 "DELETE /v2.0/security-groups/66c1fb43-73ed-4b78-a10f-21d745fb583d HTTP/1.1" status: 204 len: 168 time: 0.1977844
2026-05-20 07:12:36.376 9 WARNING neutron_lib.context [None req-06347977-2d40-4848-b503-f5e639a0d7e5 8b623057dbb8430e92c2899c2842d790 4c2d7302fe3246ba84aeb72d0c949c50 - - default default] Method 'is_advsvc' is deprecated since 2023.2 release (neutron-lib 3.8.0) and will be removed once support for the old RBAC API policies will be removed from Neutron. Please use method 'is_service_role' instead.
2026-05-20 07:12:36.477 9 INFO neutron.db.ovn_revision_numbers_db [None req-06347977-2d40-4848-b503-f5e639a0d7e5 8b623057dbb8430e92c2899c2842d790 4c2d7302fe3246ba84aeb72d0c949c50 - - default default] Successfully bumped revision number for resource c00c5f14-30c6-41a2-8030-4a85f31048a5 (type: routers) to 1
2026-05-20 07:12:36.494 9 INFO neutron.api.wsgi [None req-06347977-2d40-4848-b503-f5e639a0d7e5 8b623057dbb8430e92c2899c2842d790 4c2d7302fe3246ba84aeb72d0c949c50 - - default default] 10.0.0.205 "POST /v2.0/routers HTTP/1.1" status: 201 len: 769 time: 0.2514689
2026-05-20 07:12:36.503 9 WARNING neutron_lib.context [None req-048d8bce-7a42-47b1-bf1b-94545a02aa6e 8b623057dbb8430e92c2899c2842d790 4c2d7302fe3246ba84aeb72d0c949c50 - - default default] Method 'is_advsvc' is deprecated since 2023.2 release (neutron-lib 3.8.0) and will be removed once support for the old RBAC API policies will be removed from Neutron. Please use method 'is_service_role' instead.
2026-05-20 07:12:36.604 9 INFO neutron.db.ovn_revision_numbers_db [None req-048d8bce-7a42-47b1-bf1b-94545a02aa6e 8b623057dbb8430e92c2899c2842d790 4c2d7302fe3246ba84aeb72d0c949c50 - - default default] Successfully bumped revision number for resource 048f7c88-4858-4b3f-bb77-bf46c9a3f373 (type: routers) to 1
2026-05-20 07:12:36.619 9 INFO neutron.api.wsgi [None req-048d8bce-7a42-47b1-bf1b-94545a02aa6e 8b623057dbb8430e92c2899c2842d790 4c2d7302fe3246ba84aeb72d0c949c50 - - default default] 10.0.0.205 "POST /v2.0/routers HTTP/1.1" status: 201 len: 769 time: 0.1206312
2026-05-20 07:12:36.628 9 WARNING neutron_lib.context [None req-3e3b749e-b306-46c0-b842-4a2ba68fcad3 8b623057dbb8430e92c2899c2842d790 4c2d7302fe3246ba84aeb72d0c949c50 - - default default] Method 'is_advsvc' is deprecated since 2023.2 release (neutron-lib 3.8.0) and will be removed once support for the old RBAC API policies will be removed from Neutron. Please use method 'is_service_role' instead.
2026-05-20 07:12:36.714 9 INFO neutron.db.ovn_revision_numbers_db [None req-3e3b749e-b306-46c0-b842-4a2ba68fcad3 8b623057dbb8430e92c2899c2842d790 4c2d7302fe3246ba84aeb72d0c949c50 - - default default] Successfully bumped revision number for resource f65d9930-0b52-4133-94d6-9336bf43b7ac (type: routers) to 1
2026-05-20 07:12:36.729 9 INFO neutron.api.wsgi [None req-3e3b749e-b306-46c0-b842-4a2ba68fcad3 8b623057dbb8430e92c2899c2842d790 4c2d7302fe3246ba84aeb72d0c949c50 - - default default] 10.0.0.205 "POST /v2.0/routers HTTP/1.1" status: 201 len: 769 time: 0.1051700
2026-05-20 07:12:36.739 9 WARNING neutron_lib.context [None req-fd1e4747-e558-44c2-8afb-6ac11361079d 8b623057dbb8430e92c2899c2842d790 4c2d7302fe3246ba84aeb72d0c949c50 - - default default] Method 'is_advsvc' is deprecated since 2023.2 release (neutron-lib 3.8.0) and will be removed once support for the old RBAC API policies will be removed from Neutron. Please use method 'is_service_role' instead.
2026-05-20 07:12:36.826 9 INFO neutron.db.ovn_revision_numbers_db [None req-fd1e4747-e558-44c2-8afb-6ac11361079d 8b623057dbb8430e92c2899c2842d790 4c2d7302fe3246ba84aeb72d0c949c50 - - default default] Successfully bumped revision number for resource ecab956f-86d3-40c3-bd18-42b0a89f09bf (type: routers) to 1
2026-05-20 07:12:36.838 9 INFO neutron.api.wsgi [None req-fd1e4747-e558-44c2-8afb-6ac11361079d 8b623057dbb8430e92c2899c2842d790 4c2d7302fe3246ba84aeb72d0c949c50 - - default default] 10.0.0.205 "POST /v2.0/routers HTTP/1.1" status: 201 len: 769 time: 0.1026728
2026-05-20 07:12:36.846 9 WARNING neutron_lib.context [None req-5b009aac-0da3-4a8d-90ec-0c5f98d9260b 8b623057dbb8430e92c2899c2842d790 4c2d7302fe3246ba84aeb72d0c949c50 - - default default] Method 'is_advsvc' is deprecated since 2023.2 release (neutron-lib 3.8.0) and will be removed once support for the old RBAC API policies will be removed from Neutron. Please use method 'is_service_role' instead.
2026-05-20 07:12:36.941 9 INFO neutron.db.ovn_revision_numbers_db [None req-5b009aac-0da3-4a8d-90ec-0c5f98d9260b 8b623057dbb8430e92c2899c2842d790 4c2d7302fe3246ba84aeb72d0c949c50 - - default default] Successfully bumped revision number for resource 107b0da9-5bb4-4740-8129-e74618bf0b69 (type: routers) to 1
2026-05-20 07:12:36.957 9 INFO neutron.api.wsgi [None req-5b009aac-0da3-4a8d-90ec-0c5f98d9260b 8b623057dbb8430e92c2899c2842d790 4c2d7302fe3246ba84aeb72d0c949c50 - - default default] 10.0.0.205 "POST /v2.0/routers HTTP/1.1" status: 201 len: 769 time: 0.1144710
2026-05-20 07:12:37.007 9 INFO neutron.api.wsgi [None req-b04ad5af-9a7b-435f-b753-9875d4756aa5 8b623057dbb8430e92c2899c2842d790 4c2d7302fe3246ba84aeb72d0c949c50 - - default default] 10.0.0.205 "PUT /v2.0/routers/c00c5f14-30c6-41a2-8030-4a85f31048a5/tags HTTP/1.1" status: 200 len: 210 time: 0.0434449
2026-05-20 07:12:37.056 9 INFO neutron.api.wsgi [None req-4dc12003-7164-4bd0-b5e2-bb7302bc6c87 8b623057dbb8430e92c2899c2842d790 4c2d7302fe3246ba84aeb72d0c949c50 - - default default] 10.0.0.205 "PUT /v2.0/routers/048f7c88-4858-4b3f-bb77-bf46c9a3f373/tags HTTP/1.1" status: 200 len: 218 time: 0.0443656
2026-05-20 07:12:37.108 9 INFO neutron.api.wsgi [None req-0ef5295d-876d-4621-8bf3-03c66f9f4864 8b623057dbb8430e92c2899c2842d790 4c2d7302fe3246ba84aeb72d0c949c50 - - default default] 10.0.0.205 "PUT /v2.0/routers/f65d9930-0b52-4133-94d6-9336bf43b7ac/tags HTTP/1.1" status: 200 len: 227 time: 0.0468376
2026-05-20 07:12:37.157 9 INFO neutron.api.wsgi [None req-df6d48a6-880e-498f-aeb4-410720494f78 8b623057dbb8430e92c2899c2842d790 4c2d7302fe3246ba84aeb72d0c949c50 - - default default] 10.0.0.205 "PUT /v2.0/routers/ecab956f-86d3-40c3-bd18-42b0a89f09bf/tags HTTP/1.1" status: 200 len: 212 time: 0.0439734
2026-05-20 07:12:37.216 9 INFO neutron.api.wsgi [None req-45a44c27-45ac-4853-9079-c898a7f37ef9 8b623057dbb8430e92c2899c2842d790 4c2d7302fe3246ba84aeb72d0c949c50 - - default default] 10.0.0.205 "GET /v2.0/routers?tags=red HTTP/1.1" status: 200 len: 1946 time: 0.0543981
2026-05-20 07:12:37.275 9 INFO neutron.api.wsgi [None req-dff2d1c0-1da3-498c-aad8-f9bf470c00c7 8b623057dbb8430e92c2899c2842d790 4c2d7302fe3246ba84aeb72d0c949c50 - - default default] 10.0.0.205 "GET /v2.0/routers?tags=red%2Cblue HTTP/1.1" status: 200 len: 1375 time: 0.0537508
2026-05-20 07:12:37.323 9 INFO neutron.api.wsgi [None req-1ddbb701-ceb0-4d17-9efa-25ef7b977d46 8b623057dbb8430e92c2899c2842d790 4c2d7302fe3246ba84aeb72d0c949c50 - - default default] 10.0.0.205 "GET /v2.0/routers?tags-any=blue HTTP/1.1" status: 200 len: 1375 time: 0.0453663
2026-05-20 07:12:37.362 9 INFO neutron.api.wsgi [None req-c1836705-58e1-4439-9452-818e3dc4086a 8b623057dbb8430e92c2899c2842d790 4c2d7302fe3246ba84aeb72d0c949c50 - - default default] 10.0.0.205 "GET /v2.0/routers?tags-any=red%2Cblue HTTP/1.1" status: 200 len: 1946 time: 0.0339005
2026-05-20 07:12:37.419 9 INFO neutron.api.wsgi [None req-35a04d4a-49e3-419f-84a6-774522e8e982 8b623057dbb8430e92c2899c2842d790 4c2d7302fe3246ba84aeb72d0c949c50 - - default default] 10.0.0.205 "GET /v2.0/routers?not-tags=red HTTP/1.1" status: 200 len: 1347 time: 0.0515068
2026-05-20 07:12:37.470 9 INFO neutron.api.wsgi [None req-3fc2df6c-57d9-4553-aa26-0b8e4df2bc0c 8b623057dbb8430e92c2899c2842d790 4c2d7302fe3246ba84aeb72d0c949c50 - - default default] 10.0.0.205 "GET /v2.0/routers?not-tags=red%2Cblue HTTP/1.1" status: 200 len: 1918 time: 0.0465152
2026-05-20 07:12:37.523 9 INFO neutron.api.wsgi [None req-2abfb1e2-6364-4f76-a700-08ad70951fbc 8b623057dbb8430e92c2899c2842d790 4c2d7302fe3246ba84aeb72d0c949c50 - - default default] 10.0.0.205 "GET /v2.0/routers?not-tags-any=blue HTTP/1.1" status: 200 len: 1918 time: 0.0480738
2026-05-20 07:12:37.555 9 INFO neutron.api.wsgi [None req-e0737dfa-83cf-4e40-8371-90b9d2fe1736 8b623057dbb8430e92c2899c2842d790 4c2d7302fe3246ba84aeb72d0c949c50 - - default default] 10.0.0.205 "GET /v2.0/routers?not-tags-any=red%2Cblue HTTP/1.1" status: 200 len: 1347 time: 0.0279896
2026-05-20 07:12:37.591 9 INFO neutron.api.wsgi [None req-6ba5bbff-9c05-459c-8888-1975d7635427 8b623057dbb8430e92c2899c2842d790 4c2d7302fe3246ba84aeb72d0c949c50 - - default default] 10.0.0.205 "GET /v2.0/routers/c00c5f14-30c6-41a2-8030-4a85f31048a5 HTTP/1.1" status: 200 len: 775 time: 0.0299132
2026-05-20 07:12:37.842 9 INFO neutron.db.ovn_revision_numbers_db [None req-48b35814-3e90-4bee-a16a-6a81628dddce 8b623057dbb8430e92c2899c2842d790 4c2d7302fe3246ba84aeb72d0c949c50 - - default default] Successfully bumped revision number for resource c00c5f14-30c6-41a2-8030-4a85f31048a5 (type: routers) to 2
2026-05-20 07:12:37.849 9 INFO neutron.api.wsgi [None req-48b35814-3e90-4bee-a16a-6a81628dddce 8b623057dbb8430e92c2899c2842d790 4c2d7302fe3246ba84aeb72d0c949c50 - - default default] 10.0.0.205 "PUT /v2.0/routers/c00c5f14-30c6-41a2-8030-4a85f31048a5 HTTP/1.1" status: 200 len: 775 time: 0.2536154
2026-05-20 07:12:37.874 9 INFO neutron.api.wsgi [None req-0343b91c-be0a-4a9c-880e-711231a430c4 8b623057dbb8430e92c2899c2842d790 4c2d7302fe3246ba84aeb72d0c949c50 - - default default] 10.0.0.205 "GET /v2.0/ports?device_id=c00c5f14-30c6-41a2-8030-4a85f31048a5 HTTP/1.1" status: 200 len: 205 time: 0.0186267
2026-05-20 07:12:38.045 9 INFO neutron.api.wsgi [None req-038570c8-7537-45b6-9707-2c0a116b0a65 8b623057dbb8430e92c2899c2842d790 4c2d7302fe3246ba84aeb72d0c949c50 - - default default] 10.0.0.205 "DELETE /v2.0/routers/c00c5f14-30c6-41a2-8030-4a85f31048a5 HTTP/1.1" status: 204 len: 168 time: 0.1668808
2026-05-20 07:12:38.086 10 INFO neutron.api.wsgi [None req-2ce5e6fb-29ea-4480-bf3e-52ec66656a8e 8b623057dbb8430e92c2899c2842d790 4c2d7302fe3246ba84aeb72d0c949c50 - - default default] 10.0.0.205 "GET /v2.0/routers/048f7c88-4858-4b3f-bb77-bf46c9a3f373 HTTP/1.1" status: 200 len: 783 time: 0.0332541
2026-05-20 07:12:38.394 10 INFO neutron.db.ovn_revision_numbers_db [None req-5c5086ca-5bf3-43ca-82bc-1d6c2cb134c4 8b623057dbb8430e92c2899c2842d790 4c2d7302fe3246ba84aeb72d0c949c50 - - default default] Successfully bumped revision number for resource 048f7c88-4858-4b3f-bb77-bf46c9a3f373 (type: routers) to 2
2026-05-20 07:12:38.399 10 INFO neutron.api.wsgi [None req-5c5086ca-5bf3-43ca-82bc-1d6c2cb134c4 8b623057dbb8430e92c2899c2842d790 4c2d7302fe3246ba84aeb72d0c949c50 - - default default] 10.0.0.205 "PUT /v2.0/routers/048f7c88-4858-4b3f-bb77-bf46c9a3f373 HTTP/1.1" status: 200 len: 783 time: 0.3083224
2026-05-20 07:12:38.426 10 WARNING neutron_lib.context [None req-49247b5b-b02b-45cd-aede-d0964ea2e19c 3f267d523dd746f6be2d4cad33e4d341 b6d902e2a2b748c5838763043c4c55a1 - - default default] Method 'is_advsvc' is deprecated since 2023.2 release (neutron-lib 3.8.0) and will be removed once support for the old RBAC API policies will be removed from Neutron. Please use method 'is_service_role' instead.
2026-05-20 07:12:38.429 10 INFO neutron.api.wsgi [None req-467620aa-101d-4242-bc5d-78844f1c2da0 8b623057dbb8430e92c2899c2842d790 4c2d7302fe3246ba84aeb72d0c949c50 - - default default] 10.0.0.205 "GET /v2.0/ports?device_id=048f7c88-4858-4b3f-bb77-bf46c9a3f373 HTTP/1.1" status: 200 len: 205 time: 0.0237610
2026-05-20 07:12:38.560 10 INFO neutron.db.ovn_revision_numbers_db [None req-49247b5b-b02b-45cd-aede-d0964ea2e19c 3f267d523dd746f6be2d4cad33e4d341 b6d902e2a2b748c5838763043c4c55a1 - - default default] Successfully bumped revision number for resource 54552bd0-2f71-4450-9a7f-db84286c65f7 (type: security_groups) to 1
2026-05-20 07:12:38.572 10 INFO neutron.db.ovn_revision_numbers_db [None req-49247b5b-b02b-45cd-aede-d0964ea2e19c 3f267d523dd746f6be2d4cad33e4d341 b6d902e2a2b748c5838763043c4c55a1 - - default default] Successfully bumped revision number for resource 3aa89baa-58bb-44c2-be2a-59ab77550e85 (type: security_group_rules) to 0
2026-05-20 07:12:38.588 10 INFO neutron.db.ovn_revision_numbers_db [None req-49247b5b-b02b-45cd-aede-d0964ea2e19c 3f267d523dd746f6be2d4cad33e4d341 b6d902e2a2b748c5838763043c4c55a1 - - default default] Successfully bumped revision number for resource 64cde2aa-a2ab-49c3-b9b7-5fe74dc486c5 (type: security_group_rules) to 0
2026-05-20 07:12:38.600 10 INFO neutron.db.ovn_revision_numbers_db [None req-49247b5b-b02b-45cd-aede-d0964ea2e19c 3f267d523dd746f6be2d4cad33e4d341 b6d902e2a2b748c5838763043c4c55a1 - - default default] Successfully bumped revision number for resource 99fbae76-312f-4343-9bf8-bb9cb7ce72b7 (type: security_group_rules) to 0
2026-05-20 07:12:38.602 9 INFO neutron.api.wsgi [None req-55998e3e-522c-4202-9732-19c0ffdaaf99 8b623057dbb8430e92c2899c2842d790 4c2d7302fe3246ba84aeb72d0c949c50 - - default default] 10.0.0.205 "DELETE /v2.0/routers/048f7c88-4858-4b3f-bb77-bf46c9a3f373 HTTP/1.1" status: 204 len: 168 time: 0.1679070
2026-05-20 07:12:38.613 10 INFO neutron.db.ovn_revision_numbers_db [None req-49247b5b-b02b-45cd-aede-d0964ea2e19c 3f267d523dd746f6be2d4cad33e4d341 b6d902e2a2b748c5838763043c4c55a1 - - default default] Successfully bumped revision number for resource aa87fd36-b438-4e41-aa9b-8f7a17276e3e (type: security_group_rules) to 0
2026-05-20 07:12:38.640 9 INFO neutron.api.wsgi [None req-be32ceff-acca-4804-bf5b-6a601e528ded 8b623057dbb8430e92c2899c2842d790 4c2d7302fe3246ba84aeb72d0c949c50 - - default default] 10.0.0.205 "GET /v2.0/routers/f65d9930-0b52-4133-94d6-9336bf43b7ac HTTP/1.1" status: 200 len: 792 time: 0.0342729
2026-05-20 07:12:38.693 10 INFO neutron.db.segments_db [None req-49247b5b-b02b-45cd-aede-d0964ea2e19c 3f267d523dd746f6be2d4cad33e4d341 b6d902e2a2b748c5838763043c4c55a1 - - default default] Added segment e4f8b254-0f10-49cf-b237-646c90e22c33 of type geneve for network c38d693b-e66a-43ed-b4d7-00fe0116ba12
2026-05-20 07:12:38.796 10 INFO neutron.db.ovn_revision_numbers_db [None req-49247b5b-b02b-45cd-aede-d0964ea2e19c 3f267d523dd746f6be2d4cad33e4d341 b6d902e2a2b748c5838763043c4c55a1 - - default default] Successfully bumped revision number for resource c38d693b-e66a-43ed-b4d7-00fe0116ba12 (type: networks) to 1
2026-05-20 07:12:38.973 10 WARNING neutron.scheduler.dhcp_agent_scheduler [None req-49247b5b-b02b-45cd-aede-d0964ea2e19c 3f267d523dd746f6be2d4cad33e4d341 b6d902e2a2b748c5838763043c4c55a1 - - default default] No more DHCP agents
2026-05-20 07:12:38.974 10 WARNING neutron.api.rpc.agentnotifiers.dhcp_rpc_agent_api [None req-49247b5b-b02b-45cd-aede-d0964ea2e19c 3f267d523dd746f6be2d4cad33e4d341 b6d902e2a2b748c5838763043c4c55a1 - - default default] Unable to schedule network c38d693b-e66a-43ed-b4d7-00fe0116ba12: no agents available; will retry on subsequent port and subnet creation events.
2026-05-20 07:12:39.034 10 INFO neutron.db.ovn_revision_numbers_db [None req-49247b5b-b02b-45cd-aede-d0964ea2e19c 3f267d523dd746f6be2d4cad33e4d341 b6d902e2a2b748c5838763043c4c55a1 - - default default] Successfully bumped revision number for resource 6577d561-bcd5-4bf9-aff0-e9f628e84a2e (type: ports) to 1
2026-05-20 07:12:39.053 10 INFO neutron.api.wsgi [None req-49247b5b-b02b-45cd-aede-d0964ea2e19c 3f267d523dd746f6be2d4cad33e4d341 b6d902e2a2b748c5838763043c4c55a1 - - default default] 10.0.0.205 "POST /v2.0/networks HTTP/1.1" status: 201 len: 831 time: 0.8195341
2026-05-20 07:12:39.062 10 WARNING neutron_lib.context [None req-9386c53c-5f18-4424-b993-19262aa09b15 3f267d523dd746f6be2d4cad33e4d341 b6d902e2a2b748c5838763043c4c55a1 - - default default] Method 'is_advsvc' is deprecated since 2023.2 release (neutron-lib 3.8.0) and will be removed once support for the old RBAC API policies will be removed from Neutron. Please use method 'is_service_role' instead.
2026-05-20 07:12:39.157 10 INFO neutron.db.segments_db [None req-9386c53c-5f18-4424-b993-19262aa09b15 3f267d523dd746f6be2d4cad33e4d341 b6d902e2a2b748c5838763043c4c55a1 - - default default] Added segment 91f992b7-d383-40ec-8e34-b5f67968b938 of type geneve for network a69b22ec-3dc7-4cbf-aef6-ee4673abf89d
2026-05-20 07:12:39.237 9 INFO neutron.db.ovn_revision_numbers_db [None req-f7cd0cb4-f70d-4c57-973c-778011ec08e0 8b623057dbb8430e92c2899c2842d790 4c2d7302fe3246ba84aeb72d0c949c50 - - default default] Successfully bumped revision number for resource f65d9930-0b52-4133-94d6-9336bf43b7ac (type: routers) to 2
2026-05-20 07:12:39.242 9 INFO neutron.api.wsgi [None req-f7cd0cb4-f70d-4c57-973c-778011ec08e0 8b623057dbb8430e92c2899c2842d790 4c2d7302fe3246ba84aeb72d0c949c50 - - default default] 10.0.0.205 "PUT /v2.0/routers/f65d9930-0b52-4133-94d6-9336bf43b7ac HTTP/1.1" status: 200 len: 792 time: 0.5973296
2026-05-20 07:12:39.264 10 INFO neutron.api.wsgi [None req-9f334c1c-d8b8-4ad0-92e2-2f98a47caba8 8b623057dbb8430e92c2899c2842d790 4c2d7302fe3246ba84aeb72d0c949c50 - - default default] 10.0.0.205 "GET /v2.0/ports?device_id=f65d9930-0b52-4133-94d6-9336bf43b7ac HTTP/1.1" status: 200 len: 205 time: 0.0170445
2026-05-20 07:12:39.274 10 INFO neutron.db.ovn_revision_numbers_db [None req-9386c53c-5f18-4424-b993-19262aa09b15 3f267d523dd746f6be2d4cad33e4d341 b6d902e2a2b748c5838763043c4c55a1 - - default default] Successfully bumped revision number for resource a69b22ec-3dc7-4cbf-aef6-ee4673abf89d (type: networks) to 1
2026-05-20 07:12:39.499 10 INFO neutron.api.wsgi [None req-0d01df1c-3f6e-44d2-8690-c4f142e8c38f 8b623057dbb8430e92c2899c2842d790 4c2d7302fe3246ba84aeb72d0c949c50 - - default default] 10.0.0.205 "DELETE /v2.0/routers/f65d9930-0b52-4133-94d6-9336bf43b7ac HTTP/1.1" status: 204 len: 168 time: 0.2310321
2026-05-20 07:12:39.535 9 INFO neutron.api.wsgi [None req-afa4c6ee-1777-4b97-bd98-6336dd5afe10 8b623057dbb8430e92c2899c2842d790 4c2d7302fe3246ba84aeb72d0c949c50 - - default default] 10.0.0.205 "GET /v2.0/routers/ecab956f-86d3-40c3-bd18-42b0a89f09bf HTTP/1.1" status: 200 len: 777 time: 0.0289044
2026-05-20 07:12:39.541 10 WARNING neutron.scheduler.dhcp_agent_scheduler [None req-9386c53c-5f18-4424-b993-19262aa09b15 3f267d523dd746f6be2d4cad33e4d341 b6d902e2a2b748c5838763043c4c55a1 - - default default] No more DHCP agents
2026-05-20 07:12:39.543 10 WARNING neutron.api.rpc.agentnotifiers.dhcp_rpc_agent_api [None req-9386c53c-5f18-4424-b993-19262aa09b15 3f267d523dd746f6be2d4cad33e4d341 b6d902e2a2b748c5838763043c4c55a1 - - default default] Unable to schedule network a69b22ec-3dc7-4cbf-aef6-ee4673abf89d: no agents available; will retry on subsequent port and subnet creation events.
2026-05-20 07:12:39.600 10 INFO neutron.db.ovn_revision_numbers_db [None req-9386c53c-5f18-4424-b993-19262aa09b15 3f267d523dd746f6be2d4cad33e4d341 b6d902e2a2b748c5838763043c4c55a1 - - default default] Successfully bumped revision number for resource 78b28d79-00a4-4582-a622-866274a7ec22 (type: ports) to 1
2026-05-20 07:12:39.619 10 INFO neutron.api.wsgi [None req-9386c53c-5f18-4424-b993-19262aa09b15 3f267d523dd746f6be2d4cad33e4d341 b6d902e2a2b748c5838763043c4c55a1 - - default default] 10.0.0.205 "POST /v2.0/networks HTTP/1.1" status: 201 len: 830 time: 0.5605209
2026-05-20 07:12:39.661 10 INFO neutron.api.wsgi [None req-dc5351cf-dd7b-4cdd-801a-5c5544105c98 3f267d523dd746f6be2d4cad33e4d341 b6d902e2a2b748c5838763043c4c55a1 - - default default] 10.0.0.205 "PUT /v2.0/networks/c38d693b-e66a-43ed-b4d7-00fe0116ba12/tags HTTP/1.1" status: 200 len: 218 time: 0.0372963
2026-05-20 07:12:39.692 10 INFO neutron.api.wsgi [None req-51c0bfc7-4c54-4419-8327-7b659e1b9418 3f267d523dd746f6be2d4cad33e4d341 b6d902e2a2b748c5838763043c4c55a1 - - default default] 10.0.0.205 "GET /v2.0/networks/c38d693b-e66a-43ed-b4d7-00fe0116ba12/tags HTTP/1.1" status: 200 len: 218 time: 0.0264282
2026-05-20 07:12:39.734 10 INFO neutron.api.wsgi [None req-1510b67b-b41d-4e71-8434-5c7d6cf4b57f 3f267d523dd746f6be2d4cad33e4d341 b6d902e2a2b748c5838763043c4c55a1 - - default default] 10.0.0.205 "PUT /v2.0/networks/a69b22ec-3dc7-4cbf-aef6-ee4673abf89d/tags HTTP/1.1" status: 200 len: 210 time: 0.0376618
2026-05-20 07:12:39.779 9 INFO neutron.api.wsgi [None req-1b3c8f54-9616-4063-ad95-5477c4321ef2 3f267d523dd746f6be2d4cad33e4d341 b6d902e2a2b748c5838763043c4c55a1 - - default default] 10.0.0.205 "GET /v2.0/networks/a69b22ec-3dc7-4cbf-aef6-ee4673abf89d/tags HTTP/1.1" status: 200 len: 210 time: 0.0396631
2026-05-20 07:12:39.789 9 INFO neutron.db.ovn_revision_numbers_db [None req-d2402ff5-322e-45a8-806c-2817f2fdc5d6 8b623057dbb8430e92c2899c2842d790 4c2d7302fe3246ba84aeb72d0c949c50 - - default default] Successfully bumped revision number for resource ecab956f-86d3-40c3-bd18-42b0a89f09bf (type: routers) to 2
2026-05-20 07:12:39.794 9 INFO neutron.api.wsgi [None req-d2402ff5-322e-45a8-806c-2817f2fdc5d6 8b623057dbb8430e92c2899c2842d790 4c2d7302fe3246ba84aeb72d0c949c50 - - default default] 10.0.0.205 "PUT /v2.0/routers/ecab956f-86d3-40c3-bd18-42b0a89f09bf HTTP/1.1" status: 200 len: 777 time: 0.2542660
2026-05-20 07:12:39.819 9 INFO neutron.api.wsgi [None req-7bfe49ff-ac48-4fd7-92d0-8da92bd76b24 8b623057dbb8430e92c2899c2842d790 4c2d7302fe3246ba84aeb72d0c949c50 - - default default] 10.0.0.205 "GET /v2.0/ports?device_id=ecab956f-86d3-40c3-bd18-42b0a89f09bf HTTP/1.1" status: 200 len: 205 time: 0.0200789
2026-05-20 07:12:39.840 9 INFO neutron.api.wsgi [None req-53052f66-879a-481a-8a89-00d680462583 3f267d523dd746f6be2d4cad33e4d341 b6d902e2a2b748c5838763043c4c55a1 - - default default] 10.0.0.205 "PUT /v2.0/networks/a69b22ec-3dc7-4cbf-aef6-ee4673abf89d/tags HTTP/1.1" status: 200 len: 205 time: 0.0560400
2026-05-20 07:12:39.868 9 INFO neutron.api.wsgi [None req-287601c2-92be-408c-9d97-639d441bbb76 3f267d523dd746f6be2d4cad33e4d341 b6d902e2a2b748c5838763043c4c55a1 - - default default] 10.0.0.205 "GET /v2.0/networks/a69b22ec-3dc7-4cbf-aef6-ee4673abf89d/tags HTTP/1.1" status: 200 len: 205 time: 0.0224504
2026-05-20 07:12:39.896 9 INFO neutron.api.wsgi [None req-13408533-06e7-42f1-abfa-154605609ac2 3f267d523dd746f6be2d4cad33e4d341 b6d902e2a2b748c5838763043c4c55a1 - - default default] 10.0.0.205 "GET /v2.0/networks/c38d693b-e66a-43ed-b4d7-00fe0116ba12/tags HTTP/1.1" status: 200 len: 218 time: 0.0235722
2026-05-20 07:12:39.968 10 INFO neutron.api.wsgi [None req-fcb531f2-b7dc-4aa5-b743-a1061368c7ac 8b623057dbb8430e92c2899c2842d790 4c2d7302fe3246ba84aeb72d0c949c50 - - default default] 10.0.0.205 "DELETE /v2.0/routers/ecab956f-86d3-40c3-bd18-42b0a89f09bf HTTP/1.1" status: 204 len: 168 time: 0.1457570
2026-05-20 07:12:40.179 9 INFO neutron.services.segments.plugin [-] Segment e4f8b254-0f10-49cf-b237-646c90e22c33 resource provider aggregate not found
2026-05-20 07:12:40.186 9 INFO neutron.services.segments.plugin [-] Segment e4f8b254-0f10-49cf-b237-646c90e22c33 resource provider aggregate not found
2026-05-20 07:12:40.194 9 INFO neutron.services.segments.plugin [-] Segment e4f8b254-0f10-49cf-b237-646c90e22c33 resource provider not found; error: Placement Client Error (4xx): {"errors": [{"status": 404, "title": "Not Found", "detail": "The resource could not be found.\n\n No resource provider with uuid e4f8b254-0f10-49cf-b237-646c90e22c33 found for delete ", "request_id": "req-ebf73c98-1b1f-483c-b9b7-db7def437376"}]}
2026-05-20 07:12:40.202 9 INFO neutron.services.segments.plugin [-] Segment e4f8b254-0f10-49cf-b237-646c90e22c33 resource provider not found; error: Placement Client Error (4xx): {"errors": [{"status": 404, "title": "Not Found", "detail": "The resource could not be found.\n\n No resource provider with uuid e4f8b254-0f10-49cf-b237-646c90e22c33 found for delete ", "request_id": "req-a8e707c2-4241-449c-b3eb-eb793b6d0344"}]}
2026-05-20 07:12:40.225 9 INFO neutron.api.wsgi [None req-76cd4a2c-9705-4398-972a-2df9a007e922 3f267d523dd746f6be2d4cad33e4d341 b6d902e2a2b748c5838763043c4c55a1 - - default default] 10.0.0.205 "DELETE /v2.0/networks/c38d693b-e66a-43ed-b4d7-00fe0116ba12 HTTP/1.1" status: 204 len: 168 time: 0.3186858
2026-05-20 07:12:40.275 10 INFO neutron.api.wsgi [None req-e5498906-70f5-42c8-978f-977f24d31d5c 8b623057dbb8430e92c2899c2842d790 4c2d7302fe3246ba84aeb72d0c949c50 - - default default] 10.0.0.205 "GET /v2.0/routers/107b0da9-5bb4-4740-8129-e74618bf0b69 HTTP/1.1" status: 200 len: 770 time: 0.3019509
2026-05-20 07:12:40.509 10 INFO neutron.api.wsgi [None req-e7387d2b-4436-4bb6-94bd-24b7455ffb59 8b623057dbb8430e92c2899c2842d790 4c2d7302fe3246ba84aeb72d0c949c50 - - default default] 10.0.0.205 "PUT /v2.0/routers/107b0da9-5bb4-4740-8129-e74618bf0b69 HTTP/1.1" status: 200 len: 770 time: 0.2285228
2026-05-20 07:12:40.512 9 INFO neutron.api.wsgi [None req-e01eb829-8ac8-4309-a62f-dd2c86f7b2b1 3f267d523dd746f6be2d4cad33e4d341 b6d902e2a2b748c5838763043c4c55a1 - - default default] 10.0.0.205 "DELETE /v2.0/networks/a69b22ec-3dc7-4cbf-aef6-ee4673abf89d HTTP/1.1" status: 204 len: 168 time: 0.2819364
2026-05-20 07:12:40.529 10 INFO neutron.api.wsgi [None req-6e5c75e4-3b0d-4392-8631-51b5a069d9c3 8b623057dbb8430e92c2899c2842d790 4c2d7302fe3246ba84aeb72d0c949c50 - - default default] 10.0.0.205 "GET /v2.0/ports?device_id=107b0da9-5bb4-4740-8129-e74618bf0b69 HTTP/1.1" status: 200 len: 205 time: 0.0152659
2026-05-20 07:12:40.689 10 INFO neutron.api.wsgi [None req-f5fcff46-efd2-4592-9317-c65fd4593ff8 8b623057dbb8430e92c2899c2842d790 4c2d7302fe3246ba84aeb72d0c949c50 - - default default] 10.0.0.205 "DELETE /v2.0/routers/107b0da9-5bb4-4740-8129-e74618bf0b69 HTTP/1.1" status: 204 len: 168 time: 0.1542807
2026-05-20 07:12:41.444 10 INFO neutron.db.ovn_revision_numbers_db [None req-b62464c3-3d83-44ca-be7b-8e694b4d3703 ab628ee62b214545be46d2bbc2e265f7 455f8fdf6aad4dadb003a1815790c9ca - - default default] Successfully bumped revision number for resource 3dc9f1ee-cb08-494e-92cf-4e3d5e275db2 (type: security_groups) to 1
2026-05-20 07:12:41.462 10 INFO neutron.db.ovn_revision_numbers_db [None req-b62464c3-3d83-44ca-be7b-8e694b4d3703 ab628ee62b214545be46d2bbc2e265f7 455f8fdf6aad4dadb003a1815790c9ca - - default default] Successfully bumped revision number for resource 323e4df0-1da7-43f1-b2fc-a97acd9e1a77 (type: security_group_rules) to 0
2026-05-20 07:12:41.476 10 INFO neutron.db.ovn_revision_numbers_db [None req-b62464c3-3d83-44ca-be7b-8e694b4d3703 ab628ee62b214545be46d2bbc2e265f7 455f8fdf6aad4dadb003a1815790c9ca - - default default] Successfully bumped revision number for resource 56e18da3-a63b-4d06-8e7d-0186d6ce7c23 (type: security_group_rules) to 0
2026-05-20 07:12:41.505 10 INFO neutron.db.ovn_revision_numbers_db [None req-b62464c3-3d83-44ca-be7b-8e694b4d3703 ab628ee62b214545be46d2bbc2e265f7 455f8fdf6aad4dadb003a1815790c9ca - - default default] Successfully bumped revision number for resource 654a7659-ef3b-458a-9484-de23630cabe0 (type: security_group_rules) to 0
2026-05-20 07:12:41.522 10 INFO neutron.db.ovn_revision_numbers_db [None req-b62464c3-3d83-44ca-be7b-8e694b4d3703 ab628ee62b214545be46d2bbc2e265f7 455f8fdf6aad4dadb003a1815790c9ca - - default default] Successfully bumped revision number for resource 9c72e510-bfaa-4890-bc84-06008d510119 (type: security_group_rules) to 0
2026-05-20 07:12:41.556 10 INFO neutron.db.ovn_revision_numbers_db [None req-c08d812d-52fa-4ade-84b4-23cd69bf6a47 ab628ee62b214545be46d2bbc2e265f7 455f8fdf6aad4dadb003a1815790c9ca - - default default] Successfully bumped revision number for resource ffa21358-4127-4d8e-8fef-8972372fb451 (type: security_groups) to 1
2026-05-20 07:12:41.571 10 INFO neutron.api.wsgi [None req-b62464c3-3d83-44ca-be7b-8e694b4d3703 ab628ee62b214545be46d2bbc2e265f7 455f8fdf6aad4dadb003a1815790c9ca - - default default] 10.0.0.205 "GET /v2.0/security-groups?tenant_id=48a373a51c80410297480c01da05dfb1&name=default HTTP/1.1" status: 200 len: 3124 time: 0.4429045
2026-05-20 07:12:41.575 10 INFO neutron.db.ovn_revision_numbers_db [None req-c08d812d-52fa-4ade-84b4-23cd69bf6a47 ab628ee62b214545be46d2bbc2e265f7 455f8fdf6aad4dadb003a1815790c9ca - - default default] Successfully bumped revision number for resource 0fe1fedc-009f-4ce7-af1d-7af44e3836b4 (type: security_group_rules) to 0
2026-05-20 07:12:41.590 10 INFO neutron.db.ovn_revision_numbers_db [None req-c08d812d-52fa-4ade-84b4-23cd69bf6a47 ab628ee62b214545be46d2bbc2e265f7 455f8fdf6aad4dadb003a1815790c9ca - - default default] Successfully bumped revision number for resource 32d95796-cb66-41d9-a657-cb7836875bf9 (type: security_group_rules) to 0
2026-05-20 07:12:41.604 10 INFO neutron.db.ovn_revision_numbers_db [None req-c08d812d-52fa-4ade-84b4-23cd69bf6a47 ab628ee62b214545be46d2bbc2e265f7 455f8fdf6aad4dadb003a1815790c9ca - - default default] Successfully bumped revision number for resource 8e1521e7-ffb4-4ef1-a0a2-7b0060c9b88e (type: security_group_rules) to 0
2026-05-20 07:12:41.618 10 INFO neutron.db.ovn_revision_numbers_db [None req-c08d812d-52fa-4ade-84b4-23cd69bf6a47 ab628ee62b214545be46d2bbc2e265f7 455f8fdf6aad4dadb003a1815790c9ca - - default default] Successfully bumped revision number for resource ac7b7976-509a-43e3-a8d9-168400ecd3a4 (type: security_group_rules) to 0
2026-05-20 07:12:41.647 10 INFO neutron.api.wsgi [None req-c08d812d-52fa-4ade-84b4-23cd69bf6a47 ab628ee62b214545be46d2bbc2e265f7 455f8fdf6aad4dadb003a1815790c9ca - - default default] 10.0.0.205 "GET /v2.0/security-groups?tenant_id=4c2d7302fe3246ba84aeb72d0c949c50&name=default HTTP/1.1" status: 200 len: 3124 time: 0.2626853
2026-05-20 07:12:41.774 9 INFO neutron.api.wsgi [None req-5dec45f6-c07a-4de6-a1aa-bdcc4c896092 ab628ee62b214545be46d2bbc2e265f7 455f8fdf6aad4dadb003a1815790c9ca - - default default] 10.0.0.205 "DELETE /v2.0/security-groups/3dc9f1ee-cb08-494e-92cf-4e3d5e275db2 HTTP/1.1" status: 204 len: 168 time: 0.1973991
2026-05-20 07:12:41.849 10 INFO neutron.api.wsgi [None req-0197994e-b5af-4dc6-9df4-b12b1f103f67 ab628ee62b214545be46d2bbc2e265f7 455f8fdf6aad4dadb003a1815790c9ca - - default default] 10.0.0.205 "DELETE /v2.0/security-groups/ffa21358-4127-4d8e-8fef-8972372fb451 HTTP/1.1" status: 204 len: 168 time: 0.1967683
2026-05-20 07:12:41.904 10 INFO neutron.api.wsgi [None req-6e2da205-f2c7-4bfb-b1a8-21bfa597e1ff ab628ee62b214545be46d2bbc2e265f7 455f8fdf6aad4dadb003a1815790c9ca - - default default] 10.0.0.205 "GET /v2.0/security-groups?tenant_id=b6d902e2a2b748c5838763043c4c55a1&name=default HTTP/1.1" status: 200 len: 3124 time: 0.0379708
2026-05-20 07:12:42.102 9 INFO neutron.db.ovn_revision_numbers_db [None req-0d078b54-443e-4651-a7aa-b383b54dad01 ab628ee62b214545be46d2bbc2e265f7 455f8fdf6aad4dadb003a1815790c9ca - - default default] Successfully bumped revision number for resource 0e4e648c-ef0f-4f14-add8-a8de61695203 (type: security_groups) to 1
2026-05-20 07:12:42.104 10 INFO neutron.api.wsgi [None req-1738d2e2-80d3-44fd-aba9-42beb5032631 ab628ee62b214545be46d2bbc2e265f7 455f8fdf6aad4dadb003a1815790c9ca - - default default] 10.0.0.205 "DELETE /v2.0/security-groups/54552bd0-2f71-4450-9a7f-db84286c65f7 HTTP/1.1" status: 204 len: 168 time: 0.1952574
2026-05-20 07:12:42.115 9 INFO neutron.db.ovn_revision_numbers_db [None req-0d078b54-443e-4651-a7aa-b383b54dad01 ab628ee62b214545be46d2bbc2e265f7 455f8fdf6aad4dadb003a1815790c9ca - - default default] Successfully bumped revision number for resource 72e8f3aa-cdca-4269-9188-350167272555 (type: security_group_rules) to 0
2026-05-20 07:12:42.132 9 INFO neutron.db.ovn_revision_numbers_db [None req-0d078b54-443e-4651-a7aa-b383b54dad01 ab628ee62b214545be46d2bbc2e265f7 455f8fdf6aad4dadb003a1815790c9ca - - default default] Successfully bumped revision number for resource 808916fb-03e2-4018-ac97-85aa677cb137 (type: security_group_rules) to 0
2026-05-20 07:12:42.145 9 INFO neutron.db.ovn_revision_numbers_db [None req-0d078b54-443e-4651-a7aa-b383b54dad01 ab628ee62b214545be46d2bbc2e265f7 455f8fdf6aad4dadb003a1815790c9ca - - default default] Successfully bumped revision number for resource 814d8fb6-a8c9-4e82-827a-3c8cd0e714c0 (type: security_group_rules) to 0
2026-05-20 07:12:42.155 9 INFO neutron.db.ovn_revision_numbers_db [None req-0d078b54-443e-4651-a7aa-b383b54dad01 ab628ee62b214545be46d2bbc2e265f7 455f8fdf6aad4dadb003a1815790c9ca - - default default] Successfully bumped revision number for resource a55f9ceb-16b9-4aa0-a735-1e04d8a029d8 (type: security_group_rules) to 0
2026-05-20 07:12:42.188 9 INFO neutron.api.wsgi [None req-0d078b54-443e-4651-a7aa-b383b54dad01 ab628ee62b214545be46d2bbc2e265f7 455f8fdf6aad4dadb003a1815790c9ca - - default default] 10.0.0.205 "GET /v2.0/security-groups?tenant_id=e44fb1a56ef54d589cff2ecd44f1c5ad&name=default HTTP/1.1" status: 200 len: 3124 time: 0.1968274
2026-05-20 07:12:42.212 9 INFO neutron.services.segments.plugin [-] Segment 91f992b7-d383-40ec-8e34-b5f67968b938 resource provider aggregate not found
2026-05-20 07:12:42.219 9 INFO neutron.services.segments.plugin [-] Segment 91f992b7-d383-40ec-8e34-b5f67968b938 resource provider aggregate not found
2026-05-20 07:12:42.224 9 INFO neutron.services.segments.plugin [-] Segment 91f992b7-d383-40ec-8e34-b5f67968b938 resource provider not found; error: Placement Client Error (4xx): {"errors": [{"status": 404, "title": "Not Found", "detail": "The resource could not be found.\n\n No resource provider with uuid 91f992b7-d383-40ec-8e34-b5f67968b938 found for delete ", "request_id": "req-3ea39611-fccb-40d8-a595-781dc643a3f6"}]}
2026-05-20 07:12:42.234 9 INFO neutron.services.segments.plugin [-] Segment 91f992b7-d383-40ec-8e34-b5f67968b938 resource provider not found; error: Placement Client Error (4xx): {"errors": [{"status": 404, "title": "Not Found", "detail": "The resource could not be found.\n\n No resource provider with uuid 91f992b7-d383-40ec-8e34-b5f67968b938 found for delete ", "request_id": "req-a49ab88e-c380-4e07-b2f9-187b5377dd63"}]}
2026-05-20 07:12:42.385 9 INFO neutron.api.wsgi [None req-a78132bb-515b-4531-8d87-a8b5a071ff56 ab628ee62b214545be46d2bbc2e265f7 455f8fdf6aad4dadb003a1815790c9ca - - default default] 10.0.0.205 "DELETE /v2.0/security-groups/0e4e648c-ef0f-4f14-add8-a8de61695203 HTTP/1.1" status: 204 len: 168 time: 0.1926818
2026-05-20 07:12:42.633 10 INFO neutron.db.ovn_revision_numbers_db [None req-5de34fff-9541-4b58-91c2-54d3196a634c ab628ee62b214545be46d2bbc2e265f7 455f8fdf6aad4dadb003a1815790c9ca - - default default] Successfully bumped revision number for resource 52a1180a-671c-46a3-b754-60aae15b8c90 (type: security_groups) to 1
2026-05-20 07:12:42.643 10 INFO neutron.db.ovn_revision_numbers_db [None req-5de34fff-9541-4b58-91c2-54d3196a634c ab628ee62b214545be46d2bbc2e265f7 455f8fdf6aad4dadb003a1815790c9ca - - default default] Successfully bumped revision number for resource 0882f1ec-1532-4f3d-80c2-e18668c5225b (type: security_group_rules) to 0
2026-05-20 07:12:42.654 10 INFO neutron.db.ovn_revision_numbers_db [None req-5de34fff-9541-4b58-91c2-54d3196a634c ab628ee62b214545be46d2bbc2e265f7 455f8fdf6aad4dadb003a1815790c9ca - - default default] Successfully bumped revision number for resource 2ea27ed4-b616-434c-8da9-6e450e3f0f12 (type: security_group_rules) to 0
2026-05-20 07:12:42.666 10 INFO neutron.db.ovn_revision_numbers_db [None req-5de34fff-9541-4b58-91c2-54d3196a634c ab628ee62b214545be46d2bbc2e265f7 455f8fdf6aad4dadb003a1815790c9ca - - default default] Successfully bumped revision number for resource a2a53750-dd4f-49da-ba3f-c8198d571361 (type: security_group_rules) to 0
2026-05-20 07:12:42.677 10 INFO neutron.db.ovn_revision_numbers_db [None req-5de34fff-9541-4b58-91c2-54d3196a634c ab628ee62b214545be46d2bbc2e265f7 455f8fdf6aad4dadb003a1815790c9ca - - default default] Successfully bumped revision number for resource e0e97a09-8dd0-455a-9dcb-de8489079cff (type: security_group_rules) to 0
2026-05-20 07:12:42.712 10 INFO neutron.api.wsgi [None req-5de34fff-9541-4b58-91c2-54d3196a634c ab628ee62b214545be46d2bbc2e265f7 455f8fdf6aad4dadb003a1815790c9ca - - default default] 10.0.0.205 "GET /v2.0/security-groups?tenant_id=1169dc4c4a854c849591e6d7443cc625&name=default HTTP/1.1" status: 200 len: 3124 time: 0.1936045
2026-05-20 07:12:42.913 10 INFO neutron.api.wsgi [None req-947e498e-7e33-49ce-9df7-d8105e3fef93 ab628ee62b214545be46d2bbc2e265f7 455f8fdf6aad4dadb003a1815790c9ca - - default default] 10.0.0.205 "DELETE /v2.0/security-groups/52a1180a-671c-46a3-b754-60aae15b8c90 HTTP/1.1" status: 204 len: 168 time: 0.1903684
