2026-05-20 07:11:46.174 9 INFO neutron.db.ovn_revision_numbers_db [None req-9bc8ef55-d614-43a7-ac60-7b64e246ffe6 839e92eab4fa4068a4e78d1664de15dc 91e41c2862a3416aae6e4aacbdedca93 - - default default] Successfully bumped revision number for resource 6d9b2aea-6335-4834-89a0-ac789d507170 (type: security_group_rules) to 0
2026-05-20 07:11:46.188 9 INFO neutron.db.ovn_revision_numbers_db [None req-9bc8ef55-d614-43a7-ac60-7b64e246ffe6 839e92eab4fa4068a4e78d1664de15dc 91e41c2862a3416aae6e4aacbdedca93 - - default default] Successfully bumped revision number for resource 750aa8a9-c62b-4e83-ba00-47146e6281fb (type: security_group_rules) to 0
2026-05-20 07:11:46.200 9 INFO neutron.db.ovn_revision_numbers_db [None req-9bc8ef55-d614-43a7-ac60-7b64e246ffe6 839e92eab4fa4068a4e78d1664de15dc 91e41c2862a3416aae6e4aacbdedca93 - - default default] Successfully bumped revision number for resource 98d94f5c-18ef-471e-a011-0a065ae02c4f (type: security_group_rules) to 0
2026-05-20 07:11:46.204 10 INFO neutron.api.wsgi [None req-5e658ee8-70f4-4e94-a254-e8eedd0459b2 38361074550f4555971440711eda033e 84df36850ae44b8bb96f3aea7b310367 - - default default] 10.0.0.205 "DELETE /v2.0/security-groups/355ab1fd-374b-4051-a30e-d63701633b5f HTTP/1.1" status: 204 len: 168 time: 0.1376834
2026-05-20 07:11:46.222 10 INFO neutron.api.v2.resource [None req-1977ec79-4733-4e99-a4ef-199740eeb172 38361074550f4555971440711eda033e 84df36850ae44b8bb96f3aea7b310367 - - default default] show failed (client error): The resource could not be found.
2026-05-20 07:11:46.223 10 INFO neutron.api.wsgi [None req-1977ec79-4733-4e99-a4ef-199740eeb172 38361074550f4555971440711eda033e 84df36850ae44b8bb96f3aea7b310367 - - default default] 10.0.0.205 "GET /v2.0/security-groups/355ab1fd-374b-4051-a30e-d63701633b5f HTTP/1.1" status: 404 len: 347 time: 0.0125155
2026-05-20 07:11:46.361 9 INFO neutron.db.ovn_revision_numbers_db [None req-9bc8ef55-d614-43a7-ac60-7b64e246ffe6 839e92eab4fa4068a4e78d1664de15dc 91e41c2862a3416aae6e4aacbdedca93 - - default default] Successfully bumped revision number for resource 9f831810-1655-4b36-9161-5c64ef56e464 (type: security_groups) to 1
2026-05-20 07:11:46.396 9 INFO neutron.db.ovn_revision_numbers_db [None req-9bc8ef55-d614-43a7-ac60-7b64e246ffe6 839e92eab4fa4068a4e78d1664de15dc 91e41c2862a3416aae6e4aacbdedca93 - - default default] Successfully bumped revision number for resource 12c41526-932a-4a0f-85dc-cd66ce588ba1 (type: security_group_rules) to 0
2026-05-20 07:11:46.415 9 INFO neutron.db.ovn_revision_numbers_db [None req-9bc8ef55-d614-43a7-ac60-7b64e246ffe6 839e92eab4fa4068a4e78d1664de15dc 91e41c2862a3416aae6e4aacbdedca93 - - default default] Successfully bumped revision number for resource 2e603b9e-e5e3-4043-84f1-908c5eb77d1f (type: security_group_rules) to 0
2026-05-20 07:11:46.435 9 INFO neutron.api.wsgi [None req-f587169e-59c6-418f-907a-313340a82782 95a62c67598c43b89b07ac6c27339adb 4f5adb511d19433180caf1a65dbc2c63 - - default default] 10.0.0.205 "DELETE /v2.0/routers/50f7e753-54f6-4c02-abee-ac740eedb721 HTTP/1.1" status: 204 len: 168 time: 0.7184761
2026-05-20 07:11:46.453 9 INFO neutron.api.wsgi [None req-9bc8ef55-d614-43a7-ac60-7b64e246ffe6 839e92eab4fa4068a4e78d1664de15dc 91e41c2862a3416aae6e4aacbdedca93 - - default default] 10.0.0.205 "POST /v2.0/security-groups HTTP/1.1" status: 201 len: 1801 time: 0.6015148
2026-05-20 07:11:46.467 10 WARNING neutron_lib.context [None req-dad63019-2783-4247-82bd-dc68134dfb90 839e92eab4fa4068a4e78d1664de15dc 91e41c2862a3416aae6e4aacbdedca93 - - default default] Method 'is_advsvc' is deprecated since 2023.2 release (neutron-lib 3.8.0) and will be removed once support for the old RBAC API policies will be removed from Neutron. Please use method 'is_service_role' instead.
2026-05-20 07:11:46.572 10 INFO neutron.api.wsgi [req-8bebf521-212e-40d4-86b3-4f4e55fc3109 req-3fcc3616-df86-436f-8b42-ace698f5ed41 cacb917668414acba51a11e9572d4044 8277e90794c5469eb02069422be50bf8 - - default default] 199.19.213.121 "GET /v2.0/ports?device_id=d286c5a9-1976-42f2-92d6-8ede16f01ea7 HTTP/1.1" status: 200 len: 1168 time: 0.1203873
2026-05-20 07:11:46.582 9 INFO neutron.api.wsgi [None req-e7c68c26-53b5-4a47-920c-38cd89e87e24 38361074550f4555971440711eda033e 84df36850ae44b8bb96f3aea7b310367 - - default default] 10.0.0.205 "DELETE /v2.0/floatingips/8f5b8dbc-20fd-4b13-bbd2-411b67bda844 HTTP/1.1" status: 204 len: 168 time: 0.3529644
2026-05-20 07:11:46.676 10 INFO neutron.db.ovn_revision_numbers_db [None req-dad63019-2783-4247-82bd-dc68134dfb90 839e92eab4fa4068a4e78d1664de15dc 91e41c2862a3416aae6e4aacbdedca93 - - default default] Successfully bumped revision number for resource 8fa3eeea-9d81-4f03-9ddf-59cbcce41eb9 (type: security_groups) to 1
2026-05-20 07:11:46.702 10 INFO neutron.db.ovn_revision_numbers_db [None req-dad63019-2783-4247-82bd-dc68134dfb90 839e92eab4fa4068a4e78d1664de15dc 91e41c2862a3416aae6e4aacbdedca93 - - default default] Successfully bumped revision number for resource 28cef4c5-d874-4206-988f-34bcedb507b1 (type: security_group_rules) to 0
2026-05-20 07:11:46.723 10 INFO neutron.db.ovn_revision_numbers_db [None req-dad63019-2783-4247-82bd-dc68134dfb90 839e92eab4fa4068a4e78d1664de15dc 91e41c2862a3416aae6e4aacbdedca93 - - default default] Successfully bumped revision number for resource a8b851bc-2894-4fc6-90c6-f3baa335cd7e (type: security_group_rules) to 0
2026-05-20 07:11:46.731 9 INFO neutron.api.wsgi [None req-36a75628-5fd8-4a8c-a8ec-eec7540fba6a 38361074550f4555971440711eda033e 84df36850ae44b8bb96f3aea7b310367 - - default default] 10.0.0.205 "DELETE /v2.0/security-groups/7a9828f8-a3ff-4bb0-8b70-5eba57f543ab HTTP/1.1" status: 204 len: 168 time: 0.1449869
2026-05-20 07:11:46.785 10 INFO neutron.api.wsgi [None req-dad63019-2783-4247-82bd-dc68134dfb90 839e92eab4fa4068a4e78d1664de15dc 91e41c2862a3416aae6e4aacbdedca93 - - default default] 10.0.0.205 "POST /v2.0/security-groups HTTP/1.1" status: 201 len: 1801 time: 0.3223159
2026-05-20 07:11:46.794 9 WARNING neutron_lib.context [None req-8e9278c0-115a-4ae7-ae92-63a80e461a14 839e92eab4fa4068a4e78d1664de15dc 91e41c2862a3416aae6e4aacbdedca93 - - default default] Method 'is_advsvc' is deprecated since 2023.2 release (neutron-lib 3.8.0) and will be removed once support for the old RBAC API policies will be removed from Neutron. Please use method 'is_service_role' instead.
2026-05-20 07:11:46.916 10 INFO neutron.services.segments.plugin [-] Segment 4bf12886-5c17-4551-b64e-cce1a88da8a5 resource provider aggregate not found
2026-05-20 07:11:46.921 10 INFO neutron.services.segments.plugin [-] Segment 4bf12886-5c17-4551-b64e-cce1a88da8a5 resource provider aggregate not found
2026-05-20 07:11:46.927 9 INFO neutron.db.ovn_revision_numbers_db [None req-8e9278c0-115a-4ae7-ae92-63a80e461a14 839e92eab4fa4068a4e78d1664de15dc 91e41c2862a3416aae6e4aacbdedca93 - - default default] Successfully bumped revision number for resource a175dcdb-160c-4c5c-8553-2255593f4e2d (type: security_groups) to 1
2026-05-20 07:11:46.928 10 INFO neutron.api.wsgi [req-8bebf521-212e-40d4-86b3-4f4e55fc3109 req-07774121-fda8-48f5-9645-8851384c15b6 cacb917668414acba51a11e9572d4044 8277e90794c5469eb02069422be50bf8 - - default default] 199.19.213.121 "DELETE /v2.0/ports/c4a24ce9-7175-4dc9-9e14-3cdb91108575 HTTP/1.1" status: 204 len: 173 time: 0.3503385
2026-05-20 07:11:46.929 10 INFO neutron.services.segments.plugin [-] Segment 4bf12886-5c17-4551-b64e-cce1a88da8a5 resource provider not found; error: Placement Client Error (4xx): {"errors": [{"status": 404, "title": "Not Found", "detail": "The resource could not be found.\n\n No resource provider with uuid 4bf12886-5c17-4551-b64e-cce1a88da8a5 found for delete ", "request_id": "req-82772516-596d-48b4-a165-d30b46481edf"}]}
2026-05-20 07:11:46.935 10 INFO neutron.services.segments.plugin [-] Segment 4bf12886-5c17-4551-b64e-cce1a88da8a5 resource provider not found; error: Placement Client Error (4xx): {"errors": [{"status": 404, "title": "Not Found", "detail": "The resource could not be found.\n\n No resource provider with uuid 4bf12886-5c17-4551-b64e-cce1a88da8a5 found for delete ", "request_id": "req-92c9145c-584a-413b-b346-eeb2dbaae853"}]}
2026-05-20 07:11:46.938 9 INFO neutron.db.ovn_revision_numbers_db [None req-8e9278c0-115a-4ae7-ae92-63a80e461a14 839e92eab4fa4068a4e78d1664de15dc 91e41c2862a3416aae6e4aacbdedca93 - - default default] Successfully bumped revision number for resource 7ddd82ea-c37b-4eec-bbf0-b5d74988e4d1 (type: security_group_rules) to 0
2026-05-20 07:11:46.939 10 INFO neutron.api.wsgi [None req-b456f42d-7279-433c-9844-3c430eb4a0e9 95a62c67598c43b89b07ac6c27339adb 4f5adb511d19433180caf1a65dbc2c63 - - default default] 10.0.0.205 "DELETE /v2.0/networks/bf5e3f8c-be36-45d2-a5f5-b2cd9bebc3f5 HTTP/1.1" status: 204 len: 168 time: 0.4967041
2026-05-20 07:11:46.957 9 INFO neutron.db.ovn_revision_numbers_db [None req-8e9278c0-115a-4ae7-ae92-63a80e461a14 839e92eab4fa4068a4e78d1664de15dc 91e41c2862a3416aae6e4aacbdedca93 - - default default] Successfully bumped revision number for resource dfefc819-7530-4f66-be87-4aac6c0ffb97 (type: security_group_rules) to 0
2026-05-20 07:11:46.992 9 INFO neutron.api.wsgi [None req-8e9278c0-115a-4ae7-ae92-63a80e461a14 839e92eab4fa4068a4e78d1664de15dc 91e41c2862a3416aae6e4aacbdedca93 - - default default] 10.0.0.205 "POST /v2.0/security-groups HTTP/1.1" status: 201 len: 1801 time: 0.2020588
2026-05-20 07:11:47.003 10 WARNING neutron_lib.context [None req-8a2d440d-1c9b-466b-9553-998ec56f11a0 839e92eab4fa4068a4e78d1664de15dc 91e41c2862a3416aae6e4aacbdedca93 - - default default] Method 'is_advsvc' is deprecated since 2023.2 release (neutron-lib 3.8.0) and will be removed once support for the old RBAC API policies will be removed from Neutron. Please use method 'is_service_role' instead.
2026-05-20 07:11:47.031 9 INFO neutron.api.wsgi [req-d7be6f5a-92ae-4f95-ab3d-30390c47704a req-73389144-04c3-4320-83bd-44387a9630cb cacb917668414acba51a11e9572d4044 8277e90794c5469eb02069422be50bf8 - - default default] 10.0.0.88 "GET /v2.0/ports?device_id=d286c5a9-1976-42f2-92d6-8ede16f01ea7 HTTP/1.1" status: 200 len: 210 time: 0.0153236
2026-05-20 07:11:47.114 10 INFO neutron.db.ovn_revision_numbers_db [None req-8a2d440d-1c9b-466b-9553-998ec56f11a0 839e92eab4fa4068a4e78d1664de15dc 91e41c2862a3416aae6e4aacbdedca93 - - default default] Successfully bumped revision number for resource 14af0a58-85bb-4e61-8945-ecf65d1c5dd2 (type: security_groups) to 1
2026-05-20 07:11:47.126 10 INFO neutron.db.ovn_revision_numbers_db [None req-8a2d440d-1c9b-466b-9553-998ec56f11a0 839e92eab4fa4068a4e78d1664de15dc 91e41c2862a3416aae6e4aacbdedca93 - - default default] Successfully bumped revision number for resource 70276f8f-5792-457a-8a2d-e32ced51d2fa (type: security_group_rules) to 0
2026-05-20 07:11:47.139 10 INFO neutron.db.ovn_revision_numbers_db [None req-8a2d440d-1c9b-466b-9553-998ec56f11a0 839e92eab4fa4068a4e78d1664de15dc 91e41c2862a3416aae6e4aacbdedca93 - - default default] Successfully bumped revision number for resource e844551f-fa11-42fa-8fb2-9aa41bd123ac (type: security_group_rules) to 0
2026-05-20 07:11:47.171 10 INFO neutron.api.wsgi [None req-8a2d440d-1c9b-466b-9553-998ec56f11a0 839e92eab4fa4068a4e78d1664de15dc 91e41c2862a3416aae6e4aacbdedca93 - - default default] 10.0.0.205 "POST /v2.0/security-groups HTTP/1.1" status: 201 len: 1801 time: 0.1726148
2026-05-20 07:11:47.181 10 WARNING neutron_lib.context [None req-777f846b-41e3-4985-a146-4cedb4871492 839e92eab4fa4068a4e78d1664de15dc 91e41c2862a3416aae6e4aacbdedca93 - - default default] Method 'is_advsvc' is deprecated since 2023.2 release (neutron-lib 3.8.0) and will be removed once support for the old RBAC API policies will be removed from Neutron. Please use method 'is_service_role' instead.
2026-05-20 07:11:47.278 10 INFO neutron.db.ovn_revision_numbers_db [None req-777f846b-41e3-4985-a146-4cedb4871492 839e92eab4fa4068a4e78d1664de15dc 91e41c2862a3416aae6e4aacbdedca93 - - default default] Successfully bumped revision number for resource dd6df0e7-875c-49f7-95c6-1d2eebe26f40 (type: security_groups) to 1
2026-05-20 07:11:47.293 10 INFO neutron.db.ovn_revision_numbers_db [None req-777f846b-41e3-4985-a146-4cedb4871492 839e92eab4fa4068a4e78d1664de15dc 91e41c2862a3416aae6e4aacbdedca93 - - default default] Successfully bumped revision number for resource 8b681960-b695-4083-8cbb-3fd19a4db3d1 (type: security_group_rules) to 0
2026-05-20 07:11:47.308 10 INFO neutron.db.ovn_revision_numbers_db [None req-777f846b-41e3-4985-a146-4cedb4871492 839e92eab4fa4068a4e78d1664de15dc 91e41c2862a3416aae6e4aacbdedca93 - - default default] Successfully bumped revision number for resource a7a2d4cc-4e15-466f-bcb2-a227fc29e37e (type: security_group_rules) to 0
2026-05-20 07:11:47.339 10 INFO neutron.api.wsgi [None req-777f846b-41e3-4985-a146-4cedb4871492 839e92eab4fa4068a4e78d1664de15dc 91e41c2862a3416aae6e4aacbdedca93 - - default default] 10.0.0.205 "POST /v2.0/security-groups HTTP/1.1" status: 201 len: 1801 time: 0.1634409
2026-05-20 07:11:47.376 10 INFO neutron.api.wsgi [None req-dd1d27f5-f803-4dd5-b079-99428d633bb5 839e92eab4fa4068a4e78d1664de15dc 91e41c2862a3416aae6e4aacbdedca93 - - default default] 10.0.0.205 "PUT /v2.0/security-groups/9f831810-1655-4b36-9161-5c64ef56e464/tags HTTP/1.1" status: 200 len: 210 time: 0.0321901
2026-05-20 07:11:47.406 10 INFO neutron.api.wsgi [None req-d5ac0cf2-a295-42a9-974f-8d2514009d22 839e92eab4fa4068a4e78d1664de15dc 91e41c2862a3416aae6e4aacbdedca93 - - default default] 10.0.0.205 "PUT /v2.0/security-groups/8fa3eeea-9d81-4f03-9ddf-59cbcce41eb9/tags HTTP/1.1" status: 200 len: 218 time: 0.0267079
2026-05-20 07:11:47.440 10 INFO neutron.api.wsgi [None req-98eec647-8bd3-4388-8923-97d6c908b3d8 839e92eab4fa4068a4e78d1664de15dc 91e41c2862a3416aae6e4aacbdedca93 - - default default] 10.0.0.205 "PUT /v2.0/security-groups/a175dcdb-160c-4c5c-8553-2255593f4e2d/tags HTTP/1.1" status: 200 len: 227 time: 0.0292301
2026-05-20 07:11:47.491 9 INFO neutron.api.wsgi [None req-3394c970-b4b3-47f4-837b-71191bddb5b2 839e92eab4fa4068a4e78d1664de15dc 91e41c2862a3416aae6e4aacbdedca93 - - default default] 10.0.0.205 "PUT /v2.0/security-groups/14af0a58-85bb-4e61-8945-ecf65d1c5dd2/tags HTTP/1.1" status: 200 len: 212 time: 0.0459533
2026-05-20 07:11:47.533 10 INFO neutron.api.wsgi [None req-d41ee84c-3b7d-4398-a785-30cbd7e6a7b3 839e92eab4fa4068a4e78d1664de15dc 91e41c2862a3416aae6e4aacbdedca93 - - default default] 10.0.0.205 "GET /v2.0/security-groups?tags=red HTTP/1.1" status: 200 len: 4999 time: 0.0359850
2026-05-20 07:11:47.579 10 INFO neutron.api.wsgi [None req-303facc1-738e-4596-a3e6-c960e0d1f056 839e92eab4fa4068a4e78d1664de15dc 91e41c2862a3416aae6e4aacbdedca93 - - default default] 10.0.0.205 "GET /v2.0/security-groups?tags=red%2Cblue HTTP/1.1" status: 200 len: 3413 time: 0.0395784
2026-05-20 07:11:47.634 10 INFO neutron.api.wsgi [None req-4715181f-2ce9-4d14-9e04-e595369a6180 839e92eab4fa4068a4e78d1664de15dc 91e41c2862a3416aae6e4aacbdedca93 - - default default] 10.0.0.205 "GET /v2.0/security-groups?tags-any=blue HTTP/1.1" status: 200 len: 3413 time: 0.0485849
2026-05-20 07:11:47.653 10 INFO neutron.notifiers.nova [-] Nova event matching ['req-b9f7d191-f5f5-4972-88f9-58c3a0d9deb8'] response: {'server_uuid': 'd286c5a9-1976-42f2-92d6-8ede16f01ea7', 'name': 'network-vif-unplugged', 'status': 'completed', 'tag': 'c4a24ce9-7175-4dc9-9e14-3cdb91108575', 'code': 200}
2026-05-20 07:11:47.653 10 INFO neutron.notifiers.nova [-] Nova event matching ['req-b9f7d191-f5f5-4972-88f9-58c3a0d9deb8'] response: {'server_uuid': 'd286c5a9-1976-42f2-92d6-8ede16f01ea7', 'name': 'network-vif-deleted', 'tag': 'c4a24ce9-7175-4dc9-9e14-3cdb91108575', 'status': 'completed', 'code': 200}
2026-05-20 07:11:47.667 10 INFO neutron.api.wsgi [None req-83200dba-70c4-490c-bf04-bbf4fe985d9b 839e92eab4fa4068a4e78d1664de15dc 91e41c2862a3416aae6e4aacbdedca93 - - default default] 10.0.0.205 "GET /v2.0/security-groups?tags-any=red%2Cblue HTTP/1.1" status: 200 len: 4999 time: 0.0268097
2026-05-20 07:11:47.686 9 INFO neutron.api.wsgi [None req-da658d73-6b95-46ff-98fe-451902e45719 ab628ee62b214545be46d2bbc2e265f7 455f8fdf6aad4dadb003a1815790c9ca - - default default] 10.0.0.205 "GET /v2.0/security-groups?tenant_id=4f5adb511d19433180caf1a65dbc2c63&name=default HTTP/1.1" status: 200 len: 3120 time: 0.1272438
2026-05-20 07:11:47.703 10 INFO neutron.api.wsgi [None req-24a68d4b-578f-44b3-9c72-0a713d3b5409 839e92eab4fa4068a4e78d1664de15dc 91e41c2862a3416aae6e4aacbdedca93 - - default default] 10.0.0.205 "GET /v2.0/security-groups?not-tags=red HTTP/1.1" status: 200 len: 6289 time: 0.0317903
2026-05-20 07:11:47.759 10 INFO neutron.api.wsgi [None req-de47dec6-19fb-46ed-80c4-d03d165d9753 839e92eab4fa4068a4e78d1664de15dc 91e41c2862a3416aae6e4aacbdedca93 - - default default] 10.0.0.205 "GET /v2.0/security-groups?not-tags=red%2Cblue HTTP/1.1" status: 200 len: 7875 time: 0.0519404
2026-05-20 07:11:47.798 10 INFO neutron.api.wsgi [None req-c2f6d78c-722c-419e-a810-50774f50c256 839e92eab4fa4068a4e78d1664de15dc 91e41c2862a3416aae6e4aacbdedca93 - - default default] 10.0.0.205 "GET /v2.0/security-groups?not-tags-any=blue HTTP/1.1" status: 200 len: 7875 time: 0.0354016
2026-05-20 07:11:47.832 10 INFO neutron.api.wsgi [None req-883c7863-6578-4c84-a95d-489e8680825d 839e92eab4fa4068a4e78d1664de15dc 91e41c2862a3416aae6e4aacbdedca93 - - default default] 10.0.0.205 "GET /v2.0/security-groups?not-tags-any=red%2Cblue HTTP/1.1" status: 200 len: 6289 time: 0.0304644
2026-05-20 07:11:47.893 9 INFO neutron.api.wsgi [None req-be966934-bff1-41b3-83f5-3a2f54e635dd ab628ee62b214545be46d2bbc2e265f7 455f8fdf6aad4dadb003a1815790c9ca - - default default] 10.0.0.205 "PUT /v2.0/routers/e2fb50d3-25b5-4d2d-bbf0-ecc5b1e58b3b/remove_router_interface HTTP/1.1" status: 200 len: 503 time: 1.1213350
2026-05-20 07:11:47.948 10 INFO neutron.api.wsgi [None req-135a973d-b67b-4fda-b5f1-307408a60aa4 839e92eab4fa4068a4e78d1664de15dc 91e41c2862a3416aae6e4aacbdedca93 - - default default] 10.0.0.205 "DELETE /v2.0/security-groups/9f831810-1655-4b36-9161-5c64ef56e464 HTTP/1.1" status: 204 len: 168 time: 0.1117291
2026-05-20 07:11:47.971 9 INFO neutron.api.wsgi [None req-c8e15a45-fe96-447e-918f-ab9a3649b204 ab628ee62b214545be46d2bbc2e265f7 455f8fdf6aad4dadb003a1815790c9ca - - default default] 10.0.0.205 "DELETE /v2.0/security-groups/cee04b3f-1c84-4d63-a4b0-897ce0d18aee HTTP/1.1" status: 204 len: 168 time: 0.2806025 /var/lib/openstack/lib/python3.12/site-packages/pycadf/identifier.py:71: UserWarning: Invalid uuid: neutron. To ensure interoperability, identifiers should be a valid uuid. warnings.warn(('Invalid uuid: %s. To ensure interoperability, '
2026-05-20 07:11:48.107 10 INFO neutron.api.wsgi [None req-e7e3d932-5c5d-4022-9f31-1164f2bf8890 839e92eab4fa4068a4e78d1664de15dc 91e41c2862a3416aae6e4aacbdedca93 - - default default] 10.0.0.205 "DELETE /v2.0/security-groups/8fa3eeea-9d81-4f03-9ddf-59cbcce41eb9 HTTP/1.1" status: 204 len: 168 time: 0.1521037
2026-05-20 07:11:48.126 9 INFO neutron.api.wsgi [req-1a8ea621-20b9-4fb1-bc7c-1137660a4a9f req-d515779c-e3f1-492f-a485-65e897044574 cacb917668414acba51a11e9572d4044 8277e90794c5469eb02069422be50bf8 - - default default] 10.0.0.88 "GET /v2.0/ports?device_id=d286c5a9-1976-42f2-92d6-8ede16f01ea7 HTTP/1.1" status: 200 len: 210 time: 0.0261829
2026-05-20 07:11:48.150 9 INFO neutron.api.wsgi [-] 10.0.0.78 "GET / HTTP/1.1" status: 200 len: 247 time: 0.0026295
2026-05-20 07:11:48.152 9 INFO neutron.api.wsgi [-] 10.0.0.78 "GET / HTTP/1.1" status: 200 len: 247 time: 0.0015783
2026-05-20 07:11:48.199 9 INFO neutron.db.ovn_revision_numbers_db [None req-9b24a4d9-80dd-49b8-afb2-41adb0d907f1 ab628ee62b214545be46d2bbc2e265f7 455f8fdf6aad4dadb003a1815790c9ca - - default default] Successfully bumped revision number for resource 88e422a6-ee70-4021-a466-de375fe2e318 (type: security_groups) to 1
2026-05-20 07:11:48.214 9 INFO neutron.db.ovn_revision_numbers_db [None req-9b24a4d9-80dd-49b8-afb2-41adb0d907f1 ab628ee62b214545be46d2bbc2e265f7 455f8fdf6aad4dadb003a1815790c9ca - - default default] Successfully bumped revision number for resource 605d712b-ef44-457a-9851-19bad19d9a9f (type: security_group_rules) to 0
2026-05-20 07:11:48.226 9 INFO neutron.db.ovn_revision_numbers_db [None req-9b24a4d9-80dd-49b8-afb2-41adb0d907f1 ab628ee62b214545be46d2bbc2e265f7 455f8fdf6aad4dadb003a1815790c9ca - - default default] Successfully bumped revision number for resource 93603d83-bf34-41a7-9700-f83813e60163 (type: security_group_rules) to 0
2026-05-20 07:11:48.231 10 INFO neutron.api.wsgi [None req-c370da49-6fef-4dbf-83a5-8fe4a15d8682 839e92eab4fa4068a4e78d1664de15dc 91e41c2862a3416aae6e4aacbdedca93 - - default default] 10.0.0.205 "DELETE /v2.0/security-groups/a175dcdb-160c-4c5c-8553-2255593f4e2d HTTP/1.1" status: 204 len: 168 time: 0.1184382
2026-05-20 07:11:48.245 9 INFO neutron.db.ovn_revision_numbers_db [None req-9b24a4d9-80dd-49b8-afb2-41adb0d907f1 ab628ee62b214545be46d2bbc2e265f7 455f8fdf6aad4dadb003a1815790c9ca - - default default] Successfully bumped revision number for resource d41a1e81-06c4-4911-bcb7-6dcd2386528f (type: security_group_rules) to 0
2026-05-20 07:11:48.263 9 INFO neutron.db.ovn_revision_numbers_db [None req-9b24a4d9-80dd-49b8-afb2-41adb0d907f1 ab628ee62b214545be46d2bbc2e265f7 455f8fdf6aad4dadb003a1815790c9ca - - default default] Successfully bumped revision number for resource e62f4ab7-91e3-4c22-9136-b36dac6651c6 (type: security_group_rules) to 0
2026-05-20 07:11:48.318 9 INFO neutron.api.wsgi [None req-9b24a4d9-80dd-49b8-afb2-41adb0d907f1 ab628ee62b214545be46d2bbc2e265f7 455f8fdf6aad4dadb003a1815790c9ca - - default default] 10.0.0.205 "GET /v2.0/security-groups?tenant_id=7a0649b5f4044c7d87143617c79413b3&name=default HTTP/1.1" status: 200 len: 3120 time: 0.2681704
2026-05-20 07:11:48.376 9 INFO neutron.api.wsgi [None req-1bd0a8f4-fce6-4292-816a-dfc54189cb7d 839e92eab4fa4068a4e78d1664de15dc 91e41c2862a3416aae6e4aacbdedca93 - - default default] 10.0.0.205 "DELETE /v2.0/security-groups/14af0a58-85bb-4e61-8945-ecf65d1c5dd2 HTTP/1.1" status: 204 len: 168 time: 0.1367877
2026-05-20 07:11:48.540 9 INFO neutron.api.wsgi [None req-99b2807f-b468-4076-8ca8-fec460cdc47d 839e92eab4fa4068a4e78d1664de15dc 91e41c2862a3416aae6e4aacbdedca93 - - default default] 10.0.0.205 "DELETE /v2.0/security-groups/dd6df0e7-875c-49f7-95c6-1d2eebe26f40 HTTP/1.1" status: 204 len: 168 time: 0.1583278
2026-05-20 07:11:48.579 9 INFO neutron.api.wsgi [None req-e960a535-7ac1-4599-9038-ea583c7c1bae ab628ee62b214545be46d2bbc2e265f7 455f8fdf6aad4dadb003a1815790c9ca - - default default] 10.0.0.205 "DELETE /v2.0/security-groups/88e422a6-ee70-4021-a466-de375fe2e318 HTTP/1.1" status: 204 len: 168 time: 0.2560761
2026-05-20 07:11:48.688 10 INFO neutron.api.wsgi [None req-289dc2ef-dbe3-4963-a863-8950849c0c10 ab628ee62b214545be46d2bbc2e265f7 455f8fdf6aad4dadb003a1815790c9ca - - default default] 10.0.0.205 "DELETE /v2.0/routers/e2fb50d3-25b5-4d2d-bbf0-ecc5b1e58b3b HTTP/1.1" status: 204 len: 168 time: 0.7901828
2026-05-20 07:11:48.819 10 INFO neutron.api.wsgi [None req-bc81a27b-f1c8-41e8-a0c9-2c0bfdadff2d ab628ee62b214545be46d2bbc2e265f7 455f8fdf6aad4dadb003a1815790c9ca - - default default] 10.0.0.205 "DELETE /v2.0/subnets/35c67873-23e5-423b-af36-26c6641976e3 HTTP/1.1" status: 204 len: 168 time: 0.1264267
2026-05-20 07:11:49.125 10 INFO neutron.services.segments.plugin [-] Segment 185b3a7d-8db6-4528-95df-0b23814d061c resource provider aggregate not found
2026-05-20 07:11:49.130 10 INFO neutron.services.segments.plugin [-] Segment 185b3a7d-8db6-4528-95df-0b23814d061c resource provider aggregate not found
2026-05-20 07:11:49.142 10 INFO neutron.services.segments.plugin [-] Segment 185b3a7d-8db6-4528-95df-0b23814d061c resource provider not found; error: Placement Client Error (4xx): {"errors": [{"status": 404, "title": "Not Found", "detail": "The resource could not be found.\n\n No resource provider with uuid 185b3a7d-8db6-4528-95df-0b23814d061c found for delete ", "request_id": "req-29479d67-0f91-4cb0-9460-a45a326f3b98"}]}
2026-05-20 07:11:49.148 10 INFO neutron.services.segments.plugin [-] Segment 185b3a7d-8db6-4528-95df-0b23814d061c resource provider not found; error: Placement Client Error (4xx): {"errors": [{"status": 404, "title": "Not Found", "detail": "The resource could not be found.\n\n No resource provider with uuid 185b3a7d-8db6-4528-95df-0b23814d061c found for delete ", "request_id": "req-c82a25ec-13de-4014-a815-b6d16fe7c7eb"}]}
2026-05-20 07:11:49.163 10 INFO neutron.api.wsgi [None req-19f49d5d-afbc-42cd-9195-c8805c06bdb2 ab628ee62b214545be46d2bbc2e265f7 455f8fdf6aad4dadb003a1815790c9ca - - default default] 10.0.0.205 "DELETE /v2.0/networks/d4f0c51a-aa6e-4c25-90a0-6aa2be0c0fcd HTTP/1.1" status: 204 len: 168 time: 0.3396075
2026-05-20 07:11:49.222 9 INFO neutron.api.wsgi [req-1e5e1e47-5365-4a39-a42d-7f6bb666d3da req-949b5813-d62e-464a-8371-c00007b2bc17 cacb917668414acba51a11e9572d4044 8277e90794c5469eb02069422be50bf8 - - default default] 10.0.0.88 "GET /v2.0/ports?device_id=d286c5a9-1976-42f2-92d6-8ede16f01ea7 HTTP/1.1" status: 200 len: 210 time: 0.0201383
2026-05-20 07:11:49.543 9 INFO neutron.db.ovn_revision_numbers_db [None req-eceab53c-2053-4c8e-9e1b-7fffaa2c77c6 ab628ee62b214545be46d2bbc2e265f7 455f8fdf6aad4dadb003a1815790c9ca - - default default] Successfully bumped revision number for resource 4b40b271-acf0-4236-9b04-b45d11a18438 (type: security_groups) to 1
2026-05-20 07:11:49.556 9 INFO neutron.db.ovn_revision_numbers_db [None req-eceab53c-2053-4c8e-9e1b-7fffaa2c77c6 ab628ee62b214545be46d2bbc2e265f7 455f8fdf6aad4dadb003a1815790c9ca - - default default] Successfully bumped revision number for resource 0b05a6ae-2458-4a4b-bbbf-3adf7a9af73b (type: security_group_rules) to 0
2026-05-20 07:11:49.570 9 INFO neutron.db.ovn_revision_numbers_db [None req-eceab53c-2053-4c8e-9e1b-7fffaa2c77c6 ab628ee62b214545be46d2bbc2e265f7 455f8fdf6aad4dadb003a1815790c9ca - - default default] Successfully bumped revision number for resource 3d55e9a7-6dbd-460d-8a33-aca0fcf764c8 (type: security_group_rules) to 0
2026-05-20 07:11:49.582 9 INFO neutron.db.ovn_revision_numbers_db [None req-eceab53c-2053-4c8e-9e1b-7fffaa2c77c6 ab628ee62b214545be46d2bbc2e265f7 455f8fdf6aad4dadb003a1815790c9ca - - default default] Successfully bumped revision number for resource 786e8029-16cc-4ed6-840c-07483dae0761 (type: security_group_rules) to 0
2026-05-20 07:11:49.594 9 INFO neutron.db.ovn_revision_numbers_db [None req-eceab53c-2053-4c8e-9e1b-7fffaa2c77c6 ab628ee62b214545be46d2bbc2e265f7 455f8fdf6aad4dadb003a1815790c9ca - - default default] Successfully bumped revision number for resource fd2f4cd6-8ec1-46e1-8e37-ec1298c48fbc (type: security_group_rules) to 0
2026-05-20 07:11:49.636 9 INFO neutron.api.wsgi [None req-eceab53c-2053-4c8e-9e1b-7fffaa2c77c6 ab628ee62b214545be46d2bbc2e265f7 455f8fdf6aad4dadb003a1815790c9ca - - default default] 10.0.0.205 "GET /v2.0/security-groups?tenant_id=0fcfa4fa552a438bab31ec11d7b36c84&name=default HTTP/1.1" status: 200 len: 3120 time: 0.2920513
2026-05-20 07:11:49.840 9 INFO neutron.api.wsgi [None req-aabfeb29-35fc-4335-ac3a-d45125c11ba2 ab628ee62b214545be46d2bbc2e265f7 455f8fdf6aad4dadb003a1815790c9ca - - default default] 10.0.0.205 "DELETE /v2.0/security-groups/4b40b271-acf0-4236-9b04-b45d11a18438 HTTP/1.1" status: 204 len: 168 time: 0.1993628
2026-05-20 07:11:50.049 9 INFO neutron.db.ovn_revision_numbers_db [None req-01c0f5ca-c580-4815-b7f1-4a21a3ba1f12 ab628ee62b214545be46d2bbc2e265f7 455f8fdf6aad4dadb003a1815790c9ca - - default default] Successfully bumped revision number for resource 0f87a075-ed68-4a59-8add-f7afd49bc913 (type: security_groups) to 1
2026-05-20 07:11:50.062 9 INFO neutron.db.ovn_revision_numbers_db [None req-01c0f5ca-c580-4815-b7f1-4a21a3ba1f12 ab628ee62b214545be46d2bbc2e265f7 455f8fdf6aad4dadb003a1815790c9ca - - default default] Successfully bumped revision number for resource 61d86236-fcb8-4d50-9800-b275b5b516cd (type: security_group_rules) to 0
2026-05-20 07:11:50.074 9 INFO neutron.db.ovn_revision_numbers_db [None req-01c0f5ca-c580-4815-b7f1-4a21a3ba1f12 ab628ee62b214545be46d2bbc2e265f7 455f8fdf6aad4dadb003a1815790c9ca - - default default] Successfully bumped revision number for resource 9e1349a2-de83-406d-9b8b-5f60a9a89a85 (type: security_group_rules) to 0
2026-05-20 07:11:50.086 9 INFO neutron.db.ovn_revision_numbers_db [None req-01c0f5ca-c580-4815-b7f1-4a21a3ba1f12 ab628ee62b214545be46d2bbc2e265f7 455f8fdf6aad4dadb003a1815790c9ca - - default default] Successfully bumped revision number for resource f29594fa-d217-4f4b-9f7d-de38e7401ee9 (type: security_group_rules) to 0
2026-05-20 07:11:50.100 9 INFO neutron.db.ovn_revision_numbers_db [None req-01c0f5ca-c580-4815-b7f1-4a21a3ba1f12 ab628ee62b214545be46d2bbc2e265f7 455f8fdf6aad4dadb003a1815790c9ca - - default default] Successfully bumped revision number for resource f2b31cfb-0af9-4e6d-8318-e6801259581d (type: security_group_rules) to 0
2026-05-20 07:11:50.119 10 INFO neutron.api.wsgi [None req-ed867d80-cc64-495c-8b7b-fd30481683a7 ab628ee62b214545be46d2bbc2e265f7 455f8fdf6aad4dadb003a1815790c9ca - - default default] 10.0.0.205 "PUT /v2.0/routers/533e998f-6b19-4e18-8b43-a31a254c4316/remove_router_interface HTTP/1.1" status: 200 len: 503 time: 0.9301496
2026-05-20 07:11:50.386 9 INFO neutron.api.wsgi [None req-01c0f5ca-c580-4815-b7f1-4a21a3ba1f12 ab628ee62b214545be46d2bbc2e265f7 455f8fdf6aad4dadb003a1815790c9ca - - default default] 10.0.0.205 "GET /v2.0/security-groups?tenant_id=a1bfcaef471e46b2ae80750f029070fa&name=default HTTP/1.1" status: 200 len: 3120 time: 0.4581754
2026-05-20 07:11:50.652 9 INFO neutron.api.wsgi [None req-1c67bab1-00db-4bc4-bc83-3ee65438ee30 ab628ee62b214545be46d2bbc2e265f7 455f8fdf6aad4dadb003a1815790c9ca - - default default] 10.0.0.205 "DELETE /v2.0/security-groups/0f87a075-ed68-4a59-8add-f7afd49bc913 HTTP/1.1" status: 204 len: 168 time: 0.2601113 /var/lib/openstack/lib/python3.12/site-packages/pycadf/identifier.py:71: UserWarning: Invalid uuid: neutron. To ensure interoperability, identifiers should be a valid uuid. warnings.warn(('Invalid uuid: %s. To ensure interoperability, '
2026-05-20 07:11:50.804 10 INFO neutron.api.wsgi [None req-8d6c1f39-2c14-4113-ab0c-147351bc34ee ab628ee62b214545be46d2bbc2e265f7 455f8fdf6aad4dadb003a1815790c9ca - - default default] 10.0.0.205 "GET /v2.0/security-groups?tenant_id=91e41c2862a3416aae6e4aacbdedca93&name=default HTTP/1.1" status: 200 len: 3120 time: 0.0483835
2026-05-20 07:11:51.026 10 INFO neutron.api.wsgi [None req-56057329-12dd-4d4a-813c-564ed7fa7465 ab628ee62b214545be46d2bbc2e265f7 455f8fdf6aad4dadb003a1815790c9ca - - default default] 10.0.0.205 "DELETE /v2.0/security-groups/c2ffbc3a-6200-4b9c-93f2-9c9726a966f0 HTTP/1.1" status: 204 len: 168 time: 0.2139790
2026-05-20 07:11:51.091 9 INFO neutron.api.wsgi [None req-662bf5ed-4b0c-43ae-a980-348e3a87f6f8 ab628ee62b214545be46d2bbc2e265f7 455f8fdf6aad4dadb003a1815790c9ca - - default default] 10.0.0.205 "DELETE /v2.0/routers/533e998f-6b19-4e18-8b43-a31a254c4316 HTTP/1.1" status: 204 len: 168 time: 0.9657221
2026-05-20 07:11:51.240 9 INFO neutron.api.wsgi [None req-3236e3ef-d85d-4886-bda2-cd6243939ba8 ab628ee62b214545be46d2bbc2e265f7 455f8fdf6aad4dadb003a1815790c9ca - - default default] 10.0.0.205 "DELETE /v2.0/subnets/89c8ddaf-eb92-4d4f-a481-b0dc0429290b HTTP/1.1" status: 204 len: 168 time: 0.1438000
2026-05-20 07:11:51.528 9 INFO neutron.services.segments.plugin [-] Segment ab7b04ab-8923-4fc1-a9fb-d7512484e8e6 resource provider aggregate not found
2026-05-20 07:11:51.532 9 INFO neutron.services.segments.plugin [-] Segment ab7b04ab-8923-4fc1-a9fb-d7512484e8e6 resource provider aggregate not found
2026-05-20 07:11:51.545 9 INFO neutron.services.segments.plugin [-] Segment ab7b04ab-8923-4fc1-a9fb-d7512484e8e6 resource provider not found; error: Placement Client Error (4xx): {"errors": [{"status": 404, "title": "Not Found", "detail": "The resource could not be found.\n\n No resource provider with uuid ab7b04ab-8923-4fc1-a9fb-d7512484e8e6 found for delete ", "request_id": "req-5606df0d-3a08-4de5-8def-e15a553adf1a"}]}
2026-05-20 07:11:51.548 9 INFO neutron.services.segments.plugin [-] Segment ab7b04ab-8923-4fc1-a9fb-d7512484e8e6 resource provider not found; error: Placement Client Error (4xx): {"errors": [{"status": 404, "title": "Not Found", "detail": "The resource could not be found.\n\n No resource provider with uuid ab7b04ab-8923-4fc1-a9fb-d7512484e8e6 found for delete ", "request_id": "req-68edf789-871f-4da3-b56b-8a864d793434"}]}
2026-05-20 07:11:51.559 9 INFO neutron.api.wsgi [None req-3d7ab77b-56a1-48ec-b8f3-af511e8ef936 ab628ee62b214545be46d2bbc2e265f7 455f8fdf6aad4dadb003a1815790c9ca - - default default] 10.0.0.205 "DELETE /v2.0/networks/080b5746-e8df-4a63-bea6-bc19200a37ff HTTP/1.1" status: 204 len: 168 time: 0.3136127
2026-05-20 07:11:51.884 10 INFO neutron.api.wsgi [None req-d82f1c1b-2586-4409-af55-1b687f1db58a ab628ee62b214545be46d2bbc2e265f7 455f8fdf6aad4dadb003a1815790c9ca - - default default] 10.0.0.205 "GET /v2.0/security-groups?tenant_id=84df36850ae44b8bb96f3aea7b310367&name=default HTTP/1.1" status: 200 len: 3120 time: 0.0345209
2026-05-20 07:11:52.084 10 INFO neutron.api.wsgi [None req-c2abe22e-cdd6-4858-98e6-969b8a7544e3 ab628ee62b214545be46d2bbc2e265f7 455f8fdf6aad4dadb003a1815790c9ca - - default default] 10.0.0.205 "DELETE /v2.0/security-groups/bb52e0f1-0431-45d2-89d6-16bd3680a876 HTTP/1.1" status: 204 len: 168 time: 0.1952198
2026-05-20 07:11:52.276 9 INFO neutron.api.wsgi [None req-2a486de7-6401-480b-a60c-81941d059b1f ab628ee62b214545be46d2bbc2e265f7 455f8fdf6aad4dadb003a1815790c9ca - - default default] 10.0.0.205 "GET /v2.0/security-groups?tenant_id=d438bc74700f40bdbbccb7a5645603c7&name=default HTTP/1.1" status: 200 len: 3120 time: 0.0367820
2026-05-20 07:11:52.367 9 INFO neutron.api.wsgi [None req-23a3d904-7e7d-4f3b-a683-d04eccd55266 ab628ee62b214545be46d2bbc2e265f7 455f8fdf6aad4dadb003a1815790c9ca - - default default] 10.0.0.205 "PUT /v2.0/routers/9cd7940d-3f48-47d1-94f1-709f366b5907/remove_router_interface HTTP/1.1" status: 200 len: 503 time: 0.9195530 /var/lib/openstack/lib/python3.12/site-packages/pycadf/identifier.py:71: UserWarning: Invalid uuid: neutron. To ensure interoperability, identifiers should be a valid uuid. warnings.warn(('Invalid uuid: %s. To ensure interoperability, '
2026-05-20 07:11:52.489 10 INFO neutron.api.wsgi [None req-8e863365-f8ca-4274-9223-608b62f18fba ab628ee62b214545be46d2bbc2e265f7 455f8fdf6aad4dadb003a1815790c9ca - - default default] 10.0.0.205 "DELETE /v2.0/security-groups/5c519987-4892-42bc-b94e-84ca847fe541 HTTP/1.1" status: 204 len: 168 time: 0.2026155
2026-05-20 07:11:53.003 10 WARNING neutron_lib.context [None req-7ced3d63-3ec2-40b9-80dc-9fbe27325d0e b601114891c443a188552625384aa21d e6d6835a46cc488581fb0379ed30f926 - - default default] Method 'is_advsvc' is deprecated since 2023.2 release (neutron-lib 3.8.0) and will be removed once support for the old RBAC API policies will be removed from Neutron. Please use method 'is_service_role' instead.
2026-05-20 07:11:53.059 9 INFO neutron.api.wsgi [None req-47ad53e2-dac3-4dd6-b5a4-1c1e48489c64 ab628ee62b214545be46d2bbc2e265f7 455f8fdf6aad4dadb003a1815790c9ca - - default default] 10.0.0.205 "DELETE /v2.0/routers/9cd7940d-3f48-47d1-94f1-709f366b5907 HTTP/1.1" status: 204 len: 168 time: 0.6883907
2026-05-20 07:11:53.135 10 INFO neutron.db.ovn_revision_numbers_db [None req-7ced3d63-3ec2-40b9-80dc-9fbe27325d0e b601114891c443a188552625384aa21d e6d6835a46cc488581fb0379ed30f926 - - default default] Successfully bumped revision number for resource f50d0745-6ab4-43b9-8742-5e37e8e79db3 (type: security_groups) to 1
2026-05-20 07:11:53.147 10 INFO neutron.db.ovn_revision_numbers_db [None req-7ced3d63-3ec2-40b9-80dc-9fbe27325d0e b601114891c443a188552625384aa21d e6d6835a46cc488581fb0379ed30f926 - - default default] Successfully bumped revision number for resource 0f4f3520-c223-4d74-bfcd-3370cfa1d55e (type: security_group_rules) to 0
2026-05-20 07:11:53.160 10 INFO neutron.db.ovn_revision_numbers_db [None req-7ced3d63-3ec2-40b9-80dc-9fbe27325d0e b601114891c443a188552625384aa21d e6d6835a46cc488581fb0379ed30f926 - - default default] Successfully bumped revision number for resource 2170c6e1-76a3-4046-adc5-369b296b43d9 (type: security_group_rules) to 0
2026-05-20 07:11:53.171 10 INFO neutron.db.ovn_revision_numbers_db [None req-7ced3d63-3ec2-40b9-80dc-9fbe27325d0e b601114891c443a188552625384aa21d e6d6835a46cc488581fb0379ed30f926 - - default default] Successfully bumped revision number for resource 55cf2330-c976-4ece-91d3-9a5c5edcc37a (type: security_group_rules) to 0
2026-05-20 07:11:53.182 10 INFO neutron.db.ovn_revision_numbers_db [None req-7ced3d63-3ec2-40b9-80dc-9fbe27325d0e b601114891c443a188552625384aa21d e6d6835a46cc488581fb0379ed30f926 - - default default] Successfully bumped revision number for resource b0353bd0-c36b-4f11-bc32-178da55e9982 (type: security_group_rules) to 0
2026-05-20 07:11:53.219 9 INFO neutron.api.wsgi [None req-9b14bc74-0dc5-4b70-9232-517d0f147735 ab628ee62b214545be46d2bbc2e265f7 455f8fdf6aad4dadb003a1815790c9ca - - default default] 10.0.0.205 "DELETE /v2.0/subnets/678321b6-26da-4f06-ae85-7669510959a4 HTTP/1.1" status: 204 len: 168 time: 0.1506655
2026-05-20 07:11:53.247 10 INFO neutron.db.segments_db [None req-7ced3d63-3ec2-40b9-80dc-9fbe27325d0e b601114891c443a188552625384aa21d e6d6835a46cc488581fb0379ed30f926 - - default default] Added segment 29acfa90-0c91-4372-b207-35e7cc83b564 of type geneve for network 5c558a3f-0c3f-488b-baee-306514f6136c
2026-05-20 07:11:53.352 10 INFO neutron.db.ovn_revision_numbers_db [None req-7ced3d63-3ec2-40b9-80dc-9fbe27325d0e b601114891c443a188552625384aa21d e6d6835a46cc488581fb0379ed30f926 - - default default] Successfully bumped revision number for resource 5c558a3f-0c3f-488b-baee-306514f6136c (type: networks) to 1
2026-05-20 07:11:53.544 9 INFO neutron.api.wsgi [None req-8dc0dbf7-846a-49f2-a9b2-cefb7a1dbd38 ab628ee62b214545be46d2bbc2e265f7 455f8fdf6aad4dadb003a1815790c9ca - - default default] 10.0.0.205 "DELETE /v2.0/networks/d5716215-5a0d-4c6a-86f0-03f76aa2248e HTTP/1.1" status: 204 len: 168 time: 0.3207498
2026-05-20 07:11:53.544 10 WARNING neutron.scheduler.dhcp_agent_scheduler [None req-7ced3d63-3ec2-40b9-80dc-9fbe27325d0e b601114891c443a188552625384aa21d e6d6835a46cc488581fb0379ed30f926 - - default default] No more DHCP agents
2026-05-20 07:11:53.546 10 WARNING neutron.api.rpc.agentnotifiers.dhcp_rpc_agent_api [None req-7ced3d63-3ec2-40b9-80dc-9fbe27325d0e b601114891c443a188552625384aa21d e6d6835a46cc488581fb0379ed30f926 - - default default] Unable to schedule network 5c558a3f-0c3f-488b-baee-306514f6136c: no agents available; will retry on subsequent port and subnet creation events.
2026-05-20 07:11:53.562 9 INFO neutron.services.segments.plugin [-] Segment f23008a5-7333-44a1-8c57-8bbece6e1805 resource provider aggregate not found
2026-05-20 07:11:53.570 9 INFO neutron.services.segments.plugin [-] Segment f23008a5-7333-44a1-8c57-8bbece6e1805 resource provider aggregate not found
2026-05-20 07:11:53.576 9 INFO neutron.services.segments.plugin [-] Segment f23008a5-7333-44a1-8c57-8bbece6e1805 resource provider not found; error: Placement Client Error (4xx): {"errors": [{"status": 404, "title": "Not Found", "detail": "The resource could not be found.\n\n No resource provider with uuid f23008a5-7333-44a1-8c57-8bbece6e1805 found for delete ", "request_id": "req-8de82502-40d0-4dca-82f2-918cb6639de0"}]}
2026-05-20 07:11:53.586 9 INFO neutron.services.segments.plugin [-] Segment f23008a5-7333-44a1-8c57-8bbece6e1805 resource provider not found; error: Placement Client Error (4xx): {"errors": [{"status": 404, "title": "Not Found", "detail": "The resource could not be found.\n\n No resource provider with uuid f23008a5-7333-44a1-8c57-8bbece6e1805 found for delete ", "request_id": "req-20696fab-04de-4321-b13e-a25f65fe76a3"}]}
2026-05-20 07:11:53.621 10 INFO neutron.db.ovn_revision_numbers_db [None req-7ced3d63-3ec2-40b9-80dc-9fbe27325d0e b601114891c443a188552625384aa21d e6d6835a46cc488581fb0379ed30f926 - - default default] Successfully bumped revision number for resource 0218b14e-51a6-4899-ab13-e28ccc36ad4b (type: ports) to 1
2026-05-20 07:11:53.644 10 INFO neutron.api.wsgi [None req-7ced3d63-3ec2-40b9-80dc-9fbe27325d0e b601114891c443a188552625384aa21d e6d6835a46cc488581fb0379ed30f926 - - default default] 10.0.0.205 "POST /v2.0/networks HTTP/1.1" status: 201 len: 831 time: 0.8347566
2026-05-20 07:11:53.655 10 WARNING neutron_lib.context [None req-c1cf3681-e99f-4cd0-8af0-39862ef8e051 b601114891c443a188552625384aa21d e6d6835a46cc488581fb0379ed30f926 - - default default] Method 'is_advsvc' is deprecated since 2023.2 release (neutron-lib 3.8.0) and will be removed once support for the old RBAC API policies will be removed from Neutron. Please use method 'is_service_role' instead.
2026-05-20 07:11:53.700 10 INFO neutron.api.wsgi [None req-4294d4ca-756e-4c03-8b69-71782ae702e1 ab628ee62b214545be46d2bbc2e265f7 455f8fdf6aad4dadb003a1815790c9ca - - default default] 10.0.0.205 "GET /v2.0/security-groups?tenant_id=8277e90794c5469eb02069422be50bf8&name=default HTTP/1.1" status: 200 len: 3120 time: 0.0360863
2026-05-20 07:11:53.874 10 WARNING neutron.scheduler.dhcp_agent_scheduler [None req-c1cf3681-e99f-4cd0-8af0-39862ef8e051 b601114891c443a188552625384aa21d e6d6835a46cc488581fb0379ed30f926 - - default default] No more DHCP agents
2026-05-20 07:11:53.876 10 WARNING neutron.api.rpc.agentnotifiers.dhcp_rpc_agent_api [None req-c1cf3681-e99f-4cd0-8af0-39862ef8e051 b601114891c443a188552625384aa21d e6d6835a46cc488581fb0379ed30f926 - - default default] Unable to schedule network 5c558a3f-0c3f-488b-baee-306514f6136c: no agents available; will retry on subsequent port and subnet creation events.
2026-05-20 07:11:53.903 9 INFO neutron.api.wsgi [None req-25769b43-612a-4389-9e0b-9c284d6a0c42 ab628ee62b214545be46d2bbc2e265f7 455f8fdf6aad4dadb003a1815790c9ca - - default default] 10.0.0.205 "DELETE /v2.0/security-groups/898197b8-93e5-4c73-bba5-21089e5acdd0 HTTP/1.1" status: 204 len: 168 time: 0.1967039
2026-05-20 07:11:54.361 10 INFO neutron.db.ovn_revision_numbers_db [None req-e8fcf00a-cb13-4d32-8c0b-3f4752f6d4a2 - - - - - -] Successfully bumped revision number for resource 0218b14e-51a6-4899-ab13-e28ccc36ad4b (type: ports) to 2
2026-05-20 07:11:54.388 10 INFO neutron.db.ovn_revision_numbers_db [None req-e8fcf00a-cb13-4d32-8c0b-3f4752f6d4a2 - - - - - -] Successfully bumped revision number for resource b1e1c266-e0f1-4a58-a97b-95fd717d299c (type: subnets) to 0
2026-05-20 07:11:54.408 10 INFO neutron.api.wsgi [None req-c1cf3681-e99f-4cd0-8af0-39862ef8e051 b601114891c443a188552625384aa21d e6d6835a46cc488581fb0379ed30f926 - - default default] 10.0.0.205 "POST /v2.0/subnets HTTP/1.1" status: 201 len: 825 time: 0.7565715
2026-05-20 07:11:54.416 10 WARNING neutron_lib.context [None req-f7679a57-5293-4245-b127-ad2dafddfb41 b601114891c443a188552625384aa21d e6d6835a46cc488581fb0379ed30f926 - - default default] Method 'is_advsvc' is deprecated since 2023.2 release (neutron-lib 3.8.0) and will be removed once support for the old RBAC API policies will be removed from Neutron. Please use method 'is_service_role' instead.
2026-05-20 07:11:54.522 10 INFO neutron.db.segments_db [None req-f7679a57-5293-4245-b127-ad2dafddfb41 b601114891c443a188552625384aa21d e6d6835a46cc488581fb0379ed30f926 - - default default] Added segment 8a607776-ab6c-447f-b243-3ff67ad337ce of type geneve for network a13477fd-ff16-4948-8fe0-87284eaba601
2026-05-20 07:11:54.624 10 INFO neutron.db.ovn_revision_numbers_db [None req-f7679a57-5293-4245-b127-ad2dafddfb41 b601114891c443a188552625384aa21d e6d6835a46cc488581fb0379ed30f926 - - default default] Successfully bumped revision number for resource a13477fd-ff16-4948-8fe0-87284eaba601 (type: networks) to 1
2026-05-20 07:11:54.748 10 WARNING neutron.scheduler.dhcp_agent_scheduler [None req-f7679a57-5293-4245-b127-ad2dafddfb41 b601114891c443a188552625384aa21d e6d6835a46cc488581fb0379ed30f926 - - default default] No more DHCP agents
2026-05-20 07:11:54.749 10 WARNING neutron.api.rpc.agentnotifiers.dhcp_rpc_agent_api [None req-f7679a57-5293-4245-b127-ad2dafddfb41 b601114891c443a188552625384aa21d e6d6835a46cc488581fb0379ed30f926 - - default default] Unable to schedule network a13477fd-ff16-4948-8fe0-87284eaba601: no agents available; will retry on subsequent port and subnet creation events.
2026-05-20 07:11:54.816 10 INFO neutron.db.ovn_revision_numbers_db [None req-f7679a57-5293-4245-b127-ad2dafddfb41 b601114891c443a188552625384aa21d e6d6835a46cc488581fb0379ed30f926 - - default default] Successfully bumped revision number for resource 4394dff9-9d61-4367-9059-dba2a926b1ef (type: ports) to 1
2026-05-20 07:11:54.836 10 INFO neutron.api.wsgi [None req-f7679a57-5293-4245-b127-ad2dafddfb41 b601114891c443a188552625384aa21d e6d6835a46cc488581fb0379ed30f926 - - default default] 10.0.0.205 "POST /v2.0/networks HTTP/1.1" status: 201 len: 830 time: 0.4240088
2026-05-20 07:11:54.845 10 WARNING neutron_lib.context [None req-dc9ffb6b-3a26-4956-bf29-5ca15539e5e3 b601114891c443a188552625384aa21d e6d6835a46cc488581fb0379ed30f926 - - default default] Method 'is_advsvc' is deprecated since 2023.2 release (neutron-lib 3.8.0) and will be removed once support for the old RBAC API policies will be removed from Neutron. Please use method 'is_service_role' instead.
2026-05-20 07:11:55.042 10 WARNING neutron.scheduler.dhcp_agent_scheduler [None req-dc9ffb6b-3a26-4956-bf29-5ca15539e5e3 b601114891c443a188552625384aa21d e6d6835a46cc488581fb0379ed30f926 - - default default] No more DHCP agents
2026-05-20 07:11:55.044 10 WARNING neutron.api.rpc.agentnotifiers.dhcp_rpc_agent_api [None req-dc9ffb6b-3a26-4956-bf29-5ca15539e5e3 b601114891c443a188552625384aa21d e6d6835a46cc488581fb0379ed30f926 - - default default] Unable to schedule network a13477fd-ff16-4948-8fe0-87284eaba601: no agents available; will retry on subsequent port and subnet creation events.
2026-05-20 07:11:55.430 10 INFO neutron.db.ovn_revision_numbers_db [None req-b011e0eb-0648-4d88-b9ec-19ea1e24573f - - - - - -] Successfully bumped revision number for resource 4394dff9-9d61-4367-9059-dba2a926b1ef (type: ports) to 2
2026-05-20 07:11:55.433 9 WARNING neutron_lib.context [None req-2a03b905-264f-49b9-8ee5-9eac370acfcd 1dd60abb1459469ca4db7a6fac997ea3 f3316b9dbc47418aa45c48f7151bf8b5 - - default default] Method 'is_advsvc' is deprecated since 2023.2 release (neutron-lib 3.8.0) and will be removed once support for the old RBAC API policies will be removed from Neutron. Please use method 'is_service_role' instead.
2026-05-20 07:11:55.455 10 INFO neutron.db.ovn_revision_numbers_db [None req-b011e0eb-0648-4d88-b9ec-19ea1e24573f - - - - - -] Successfully bumped revision number for resource d88e04d4-9926-4165-bd32-6936ed7eff77 (type: subnets) to 0
2026-05-20 07:11:55.473 10 INFO neutron.api.wsgi [None req-dc9ffb6b-3a26-4956-bf29-5ca15539e5e3 b601114891c443a188552625384aa21d e6d6835a46cc488581fb0379ed30f926 - - default default] 10.0.0.205 "POST /v2.0/subnets HTTP/1.1" status: 201 len: 828 time: 0.6316626
2026-05-20 07:11:55.481 10 WARNING neutron_lib.context [None req-cb2c369a-91ab-4e34-bf6c-33df24a72e87 b601114891c443a188552625384aa21d e6d6835a46cc488581fb0379ed30f926 - - default default] Method 'is_advsvc' is deprecated since 2023.2 release (neutron-lib 3.8.0) and will be removed once support for the old RBAC API policies will be removed from Neutron. Please use method 'is_service_role' instead.
2026-05-20 07:11:55.556 9 INFO neutron.db.ovn_revision_numbers_db [None req-2a03b905-264f-49b9-8ee5-9eac370acfcd 1dd60abb1459469ca4db7a6fac997ea3 f3316b9dbc47418aa45c48f7151bf8b5 - - default default] Successfully bumped revision number for resource eab0118f-d6e6-4c3a-9156-fb915e24c0c2 (type: security_groups) to 1
2026-05-20 07:11:55.561 10 INFO neutron.db.segments_db [None req-cb2c369a-91ab-4e34-bf6c-33df24a72e87 b601114891c443a188552625384aa21d e6d6835a46cc488581fb0379ed30f926 - - default default] Added segment 0e84491f-87d7-470d-88cd-cb67f0dad83d of type geneve for network 81d8d0ca-7c47-40a1-b720-c844308c7966
2026-05-20 07:11:55.568 9 INFO neutron.db.ovn_revision_numbers_db [None req-2a03b905-264f-49b9-8ee5-9eac370acfcd 1dd60abb1459469ca4db7a6fac997ea3 f3316b9dbc47418aa45c48f7151bf8b5 - - default default] Successfully bumped revision number for resource 0a520c57-51a5-4be3-b20c-8142aeaec60d (type: security_group_rules) to 0
2026-05-20 07:11:55.582 9 INFO neutron.db.ovn_revision_numbers_db [None req-2a03b905-264f-49b9-8ee5-9eac370acfcd 1dd60abb1459469ca4db7a6fac997ea3 f3316b9dbc47418aa45c48f7151bf8b5 - - default default] Successfully bumped revision number for resource 8b1a3a64-4064-48b2-b67c-5d557cd39ad1 (type: security_group_rules) to 0
2026-05-20 07:11:55.594 9 INFO neutron.db.ovn_revision_numbers_db [None req-2a03b905-264f-49b9-8ee5-9eac370acfcd 1dd60abb1459469ca4db7a6fac997ea3 f3316b9dbc47418aa45c48f7151bf8b5 - - default default] Successfully bumped revision number for resource 9548e9fa-a3b7-46bd-b546-fce9c1b2da41 (type: security_group_rules) to 0
2026-05-20 07:11:55.612 9 INFO neutron.db.ovn_revision_numbers_db [None req-2a03b905-264f-49b9-8ee5-9eac370acfcd 1dd60abb1459469ca4db7a6fac997ea3 f3316b9dbc47418aa45c48f7151bf8b5 - - default default] Successfully bumped revision number for resource 9ffdcdf4-29fc-4de1-a826-31e911b4d4f0 (type: security_group_rules) to 0
2026-05-20 07:11:55.667 10 INFO neutron.db.ovn_revision_numbers_db [None req-cb2c369a-91ab-4e34-bf6c-33df24a72e87 b601114891c443a188552625384aa21d e6d6835a46cc488581fb0379ed30f926 - - default default] Successfully bumped revision number for resource 81d8d0ca-7c47-40a1-b720-c844308c7966 (type: networks) to 1
2026-05-20 07:11:55.708 9 INFO neutron.db.segments_db [None req-2a03b905-264f-49b9-8ee5-9eac370acfcd 1dd60abb1459469ca4db7a6fac997ea3 f3316b9dbc47418aa45c48f7151bf8b5 - - default default] Added segment befddfe9-867b-4c1f-8e0b-00d0f8b9a69c of type geneve for network 2131ee4d-1447-4557-aa5f-cb4161016b81
