2026-05-20 07:10:10.002 10 INFO neutron.api.wsgi [None req-50a4ff79-fac1-45b5-a769-ea3d254c2d98 fb108b637d884b3e9144a0e6bf5eda1a a6ee4beb8d4e40dca9f0aace40e55926 - - default default] 10.0.0.205 "POST /v2.0/ports HTTP/1.1" status: 201 len: 1147 time: 0.5191174
2026-05-20 07:10:10.190 9 WARNING neutron.scheduler.dhcp_agent_scheduler [None req-6e6dcf63-8055-4a5b-97b0-7777b6864644 475bbcad4c2042a39938081b77057650 d37a3e03166d41a1991f6b22bae7db8b - - default default] No more DHCP agents
2026-05-20 07:10:10.192 9 WARNING neutron.api.rpc.agentnotifiers.dhcp_rpc_agent_api [None req-6e6dcf63-8055-4a5b-97b0-7777b6864644 475bbcad4c2042a39938081b77057650 d37a3e03166d41a1991f6b22bae7db8b - - default default] Unable to schedule network 006fbe66-2823-418f-84bb-99a87d2b04bd: no agents available; will retry on subsequent port and subnet creation events.
2026-05-20 07:10:10.298 9 INFO neutron.db.ovn_revision_numbers_db [None req-6e6dcf63-8055-4a5b-97b0-7777b6864644 475bbcad4c2042a39938081b77057650 d37a3e03166d41a1991f6b22bae7db8b - - default default] Successfully bumped revision number for resource 6bd454cd-4182-433f-a912-6eb6d03c986d (type: ports) to 1
2026-05-20 07:10:10.327 9 INFO neutron.api.wsgi [None req-6e6dcf63-8055-4a5b-97b0-7777b6864644 475bbcad4c2042a39938081b77057650 d37a3e03166d41a1991f6b22bae7db8b - - default default] 10.0.0.205 "POST /v2.0/networks HTTP/1.1" status: 201 len: 831 time: 0.5771697 /var/lib/openstack/lib/python3.12/site-packages/pycadf/identifier.py:71: UserWarning: Invalid uuid: neutron. To ensure interoperability, identifiers should be a valid uuid. warnings.warn(('Invalid uuid: %s. To ensure interoperability, '
2026-05-20 07:10:10.338 10 WARNING neutron_lib.context [None req-0476bf93-f26b-40ce-8fac-6138419bf328 475bbcad4c2042a39938081b77057650 d37a3e03166d41a1991f6b22bae7db8b - - default default] Method 'is_advsvc' is deprecated since 2023.2 release (neutron-lib 3.8.0) and will be removed once support for the old RBAC API policies will be removed from Neutron. Please use method 'is_service_role' instead.
2026-05-20 07:10:10.504 10 WARNING neutron.scheduler.dhcp_agent_scheduler [None req-0476bf93-f26b-40ce-8fac-6138419bf328 475bbcad4c2042a39938081b77057650 d37a3e03166d41a1991f6b22bae7db8b - - default default] No more DHCP agents
2026-05-20 07:10:10.505 10 WARNING neutron.api.rpc.agentnotifiers.dhcp_rpc_agent_api [None req-0476bf93-f26b-40ce-8fac-6138419bf328 475bbcad4c2042a39938081b77057650 d37a3e03166d41a1991f6b22bae7db8b - - default default] Unable to schedule network 006fbe66-2823-418f-84bb-99a87d2b04bd: no agents available; will retry on subsequent port and subnet creation events.
2026-05-20 07:10:10.540 9 INFO neutron.plugins.ml2.drivers.ovn.mech_driver.mech_driver [None req-20a45454-f948-471c-b39b-7991a3962a67 - - - - - -] OVN reports status up for port: c2401282-1621-4752-b280-16441fef5025
2026-05-20 07:10:10.549 9 INFO neutron.plugins.ml2.plugin [None req-20a45454-f948-471c-b39b-7991a3962a67 - - - - - -] Attempt 1 to provision port c2401282-1621-4752-b280-16441fef5025
2026-05-20 07:10:10.563 9 INFO neutron.db.ovn_revision_numbers_db [None req-7e794a5d-bb60-47c0-b222-3e18c7ca3c7f fb108b637d884b3e9144a0e6bf5eda1a a6ee4beb8d4e40dca9f0aace40e55926 - - default default] Successfully bumped revision number for resource c2401282-1621-4752-b280-16441fef5025 (type: ports) to 2
2026-05-20 07:10:10.697 10 WARNING neutron.plugins.ml2.drivers.ovn.mech_driver.ovsdb.ovn_client [None req-7ce7db91-0ea1-4e96-b84d-00deb9825e7b - - - - - -] No port found with ID 01de6ebf-327e-4968-80e4-a7dde57249bb: RuntimeError: No port found with ID 01de6ebf-327e-4968-80e4-a7dde57249bb
2026-05-20 07:10:10.712 10 INFO neutron.plugins.ml2.drivers.ovn.mech_driver.mech_driver [None req-7ce7db91-0ea1-4e96-b84d-00deb9825e7b - - - - - -] OVN reports status up for port: cda193d1-e8e1-4dac-86f4-ce7bb54474ca
2026-05-20 07:10:10.733 10 INFO neutron.plugins.ml2.plugin [None req-7ce7db91-0ea1-4e96-b84d-00deb9825e7b - - - - - -] Attempt 1 to provision port cda193d1-e8e1-4dac-86f4-ce7bb54474ca
2026-05-20 07:10:10.930 9 INFO neutron.db.ovn_revision_numbers_db [None req-20a45454-f948-471c-b39b-7991a3962a67 - - - - - -] Successfully bumped revision number for resource c2401282-1621-4752-b280-16441fef5025 (type: ports) to 3 /var/lib/openstack/lib/python3.12/site-packages/pycadf/identifier.py:71: UserWarning: Invalid uuid: neutron. To ensure interoperability, identifiers should be a valid uuid. warnings.warn(('Invalid uuid: %s. To ensure interoperability, '
2026-05-20 07:10:10.997 10 INFO neutron.db.ovn_revision_numbers_db [None req-c4952baf-ba42-41d2-a3a8-392e674cbfe9 - - - - - -] Successfully bumped revision number for resource 6bd454cd-4182-433f-a912-6eb6d03c986d (type: ports) to 2
2026-05-20 07:10:11.057 10 INFO neutron.db.ovn_revision_numbers_db [None req-c4952baf-ba42-41d2-a3a8-392e674cbfe9 - - - - - -] Successfully bumped revision number for resource 11c1f0fe-80f3-480d-8cfd-e687c9eb2714 (type: subnets) to 0
2026-05-20 07:10:11.063 9 INFO neutron.api.wsgi [req-3b1be00e-dc06-4246-a44c-9f2997aa2bb6 req-ee0d05e6-855b-401e-be08-d6b582392482 5eb6dc06c7914a54a3cae3cd92f5c565 e8336331db424888b0d3c607522217ac - - default default] 10.0.0.88 "GET /v2.0/ports?device_id=f745ef13-3b61-498a-afc2-c0c7a2eab4e4 HTTP/1.1" status: 200 len: 1168 time: 0.1267543 /var/lib/openstack/lib/python3.12/site-packages/pycadf/identifier.py:71: UserWarning: Invalid uuid: neutron. To ensure interoperability, identifiers should be a valid uuid. warnings.warn(('Invalid uuid: %s. To ensure interoperability, '
2026-05-20 07:10:11.081 10 INFO neutron.api.wsgi [None req-0476bf93-f26b-40ce-8fac-6138419bf328 475bbcad4c2042a39938081b77057650 d37a3e03166d41a1991f6b22bae7db8b - - default default] 10.0.0.205 "POST /v2.0/subnets HTTP/1.1" status: 201 len: 825 time: 0.7486908
2026-05-20 07:10:11.091 10 WARNING neutron_lib.context [None req-076ecdb2-2eb0-4e30-b26e-2691c68b667b 475bbcad4c2042a39938081b77057650 d37a3e03166d41a1991f6b22bae7db8b - - default default] Method 'is_advsvc' is deprecated since 2023.2 release (neutron-lib 3.8.0) and will be removed once support for the old RBAC API policies will be removed from Neutron. Please use method 'is_service_role' instead.
2026-05-20 07:10:11.109 9 INFO neutron.api.wsgi [req-3b1be00e-dc06-4246-a44c-9f2997aa2bb6 req-53f52516-b46f-4523-b4ff-b94e4b0e8605 5eb6dc06c7914a54a3cae3cd92f5c565 e8336331db424888b0d3c607522217ac - - default default] 10.0.0.88 "GET /v2.0/security-groups?id=aaf506cf-fbeb-455a-80c2-43377c7b8150&fields=id&fields=name HTTP/1.1" status: 200 len: 286 time: 0.0350518
2026-05-20 07:10:11.208 9 INFO neutron.db.ovn_revision_numbers_db [None req-7e794a5d-bb60-47c0-b222-3e18c7ca3c7f fb108b637d884b3e9144a0e6bf5eda1a a6ee4beb8d4e40dca9f0aace40e55926 - - default default] Successfully bumped revision number for resource c2401282-1621-4752-b280-16441fef5025 (type: ports) to 3
2026-05-20 07:10:11.230 10 INFO neutron.db.ovn_revision_numbers_db [None req-7ce7db91-0ea1-4e96-b84d-00deb9825e7b - - - - - -] Successfully bumped revision number for resource cda193d1-e8e1-4dac-86f4-ce7bb54474ca (type: ports) to 2
2026-05-20 07:10:11.258 9 WARNING neutron.scheduler.dhcp_agent_scheduler [None req-7e794a5d-bb60-47c0-b222-3e18c7ca3c7f fb108b637d884b3e9144a0e6bf5eda1a a6ee4beb8d4e40dca9f0aace40e55926 - - default default] No more DHCP agents
2026-05-20 07:10:11.259 9 WARNING neutron.api.rpc.agentnotifiers.dhcp_rpc_agent_api [None req-7e794a5d-bb60-47c0-b222-3e18c7ca3c7f fb108b637d884b3e9144a0e6bf5eda1a a6ee4beb8d4e40dca9f0aace40e55926 - - default default] Unable to schedule network 3b8216a1-cd91-4f4e-8d7c-a9e7fb51050f: no agents available; will retry on subsequent port and subnet creation events.
2026-05-20 07:10:11.371 10 WARNING neutron.scheduler.dhcp_agent_scheduler [None req-076ecdb2-2eb0-4e30-b26e-2691c68b667b 475bbcad4c2042a39938081b77057650 d37a3e03166d41a1991f6b22bae7db8b - - default default] No more DHCP agents
2026-05-20 07:10:11.373 10 WARNING neutron.api.rpc.agentnotifiers.dhcp_rpc_agent_api [None req-076ecdb2-2eb0-4e30-b26e-2691c68b667b 475bbcad4c2042a39938081b77057650 d37a3e03166d41a1991f6b22bae7db8b - - default default] Unable to schedule network 006fbe66-2823-418f-84bb-99a87d2b04bd: no agents available; will retry on subsequent port and subnet creation events.
2026-05-20 07:10:11.444 9 INFO neutron.db.ovn_revision_numbers_db [None req-7e794a5d-bb60-47c0-b222-3e18c7ca3c7f fb108b637d884b3e9144a0e6bf5eda1a a6ee4beb8d4e40dca9f0aace40e55926 - - default default] Successfully bumped revision number for resource c2401282-1621-4752-b280-16441fef5025 (type: router_ports) to 3
2026-05-20 07:10:11.449 9 INFO neutron.api.wsgi [None req-7e794a5d-bb60-47c0-b222-3e18c7ca3c7f fb108b637d884b3e9144a0e6bf5eda1a a6ee4beb8d4e40dca9f0aace40e55926 - - default default] 10.0.0.205 "PUT /v2.0/routers/2a5f7d6a-b850-4cfe-b09e-90ddf14cce63/add_router_interface HTTP/1.1" status: 200 len: 503 time: 1.4411063
2026-05-20 07:10:11.480 9 INFO neutron.api.wsgi [None req-06c6d329-37e8-4c7e-a4bb-7e65372a4f2a fb108b637d884b3e9144a0e6bf5eda1a a6ee4beb8d4e40dca9f0aace40e55926 - - default default] 10.0.0.205 "GET /v2.0/ports/c2401282-1621-4752-b280-16441fef5025 HTTP/1.1" status: 200 len: 1205 time: 0.0261273
2026-05-20 07:10:11.491 10 INFO neutron.db.ovn_revision_numbers_db [None req-076ecdb2-2eb0-4e30-b26e-2691c68b667b 475bbcad4c2042a39938081b77057650 d37a3e03166d41a1991f6b22bae7db8b - - default default] Successfully bumped revision number for resource 64a8c972-bea6-4974-94b9-e5dace3c1706 (type: ports) to 1
2026-05-20 07:10:11.512 10 INFO neutron.api.wsgi [None req-076ecdb2-2eb0-4e30-b26e-2691c68b667b 475bbcad4c2042a39938081b77057650 d37a3e03166d41a1991f6b22bae7db8b - - default default] 10.0.0.205 "POST /v2.0/ports HTTP/1.1" status: 201 len: 1110 time: 0.4256361
2026-05-20 07:10:11.767 10 INFO neutron.api.wsgi [None req-f97d09d3-1065-4da3-8087-6d7a1d7518e3 475bbcad4c2042a39938081b77057650 d37a3e03166d41a1991f6b22bae7db8b - - default default] 10.0.0.205 "DELETE /v2.0/ports/64a8c972-bea6-4974-94b9-e5dace3c1706 HTTP/1.1" status: 204 len: 168 time: 0.2491882
2026-05-20 07:10:11.784 10 INFO neutron.pecan_wsgi.hooks.translation [None req-30a9a7ed-6706-436b-becd-37a2c1e7e872 475bbcad4c2042a39938081b77057650 d37a3e03166d41a1991f6b22bae7db8b - - default default] GET failed (client error): The resource could not be found.
2026-05-20 07:10:11.785 10 INFO neutron.api.wsgi [None req-30a9a7ed-6706-436b-becd-37a2c1e7e872 475bbcad4c2042a39938081b77057650 d37a3e03166d41a1991f6b22bae7db8b - - default default] 10.0.0.205 "GET /v2.0/ports/64a8c972-bea6-4974-94b9-e5dace3c1706 HTTP/1.1" status: 404 len: 333 time: 0.0142610
2026-05-20 07:10:11.931 10 INFO neutron.api.wsgi [None req-b20350a1-b63e-4b31-ba1c-9eac87144095 475bbcad4c2042a39938081b77057650 d37a3e03166d41a1991f6b22bae7db8b - - default default] 10.0.0.205 "DELETE /v2.0/subnets/11c1f0fe-80f3-480d-8cfd-e687c9eb2714 HTTP/1.1" status: 204 len: 168 time: 0.1427808 /var/lib/openstack/lib/python3.12/site-packages/pycadf/identifier.py:71: UserWarning: Invalid uuid: neutron. To ensure interoperability, identifiers should be a valid uuid. warnings.warn(('Invalid uuid: %s. To ensure interoperability, '
2026-05-20 07:10:12.203 9 INFO neutron.api.wsgi [req-962732ae-10c4-4bd0-a7da-d9d9c7ccd0d8 req-8f217698-a86e-4280-986d-85c2cba16a7d 5eb6dc06c7914a54a3cae3cd92f5c565 e8336331db424888b0d3c607522217ac - - default default] 10.0.0.88 "GET /v2.0/ports?device_id=f745ef13-3b61-498a-afc2-c0c7a2eab4e4 HTTP/1.1" status: 200 len: 1168 time: 0.0378578
2026-05-20 07:10:12.207 10 INFO neutron.services.segments.plugin [-] Segment 0738ce7f-95b7-48fb-b66e-1d8f491ac7f2 resource provider aggregate not found
2026-05-20 07:10:12.213 10 INFO neutron.services.segments.plugin [-] Segment 0738ce7f-95b7-48fb-b66e-1d8f491ac7f2 resource provider aggregate not found
2026-05-20 07:10:12.226 10 INFO neutron.services.segments.plugin [-] Segment 0738ce7f-95b7-48fb-b66e-1d8f491ac7f2 resource provider not found; error: Placement Client Error (4xx): {"errors": [{"status": 404, "title": "Not Found", "detail": "The resource could not be found.\n\n No resource provider with uuid 0738ce7f-95b7-48fb-b66e-1d8f491ac7f2 found for delete ", "request_id": "req-b9795d1b-eeb4-4a64-acea-3e0e240707f0"}]}
2026-05-20 07:10:12.227 10 INFO neutron.services.segments.plugin [-] Segment 0738ce7f-95b7-48fb-b66e-1d8f491ac7f2 resource provider not found; error: Placement Client Error (4xx): {"errors": [{"status": 404, "title": "Not Found", "detail": "The resource could not be found.\n\n No resource provider with uuid 0738ce7f-95b7-48fb-b66e-1d8f491ac7f2 found for delete ", "request_id": "req-22775452-c7d2-4b01-94c0-911b9499f392"}]} /var/lib/openstack/lib/python3.12/site-packages/pycadf/identifier.py:71: UserWarning: Invalid uuid: neutron. To ensure interoperability, identifiers should be a valid uuid. warnings.warn(('Invalid uuid: %s. To ensure interoperability, '
2026-05-20 07:10:12.239 10 INFO neutron.api.wsgi [None req-16f86bf9-525f-4a8c-a3f3-24098b19351a 475bbcad4c2042a39938081b77057650 d37a3e03166d41a1991f6b22bae7db8b - - default default] 10.0.0.205 "DELETE /v2.0/networks/006fbe66-2823-418f-84bb-99a87d2b04bd HTTP/1.1" status: 204 len: 168 time: 0.3027515
2026-05-20 07:10:12.246 9 INFO neutron.api.wsgi [None req-316ace96-47ae-42f1-a794-beba99572e43 fb108b637d884b3e9144a0e6bf5eda1a a6ee4beb8d4e40dca9f0aace40e55926 - - default default] 10.0.0.205 "PUT /v2.0/routers/2a5f7d6a-b850-4cfe-b09e-90ddf14cce63/remove_router_interface HTTP/1.1" status: 200 len: 503 time: 0.7619870
2026-05-20 07:10:12.251 10 WARNING neutron_lib.context [None req-4a64c6bb-5496-4de7-a382-9498a82da050 475bbcad4c2042a39938081b77057650 d37a3e03166d41a1991f6b22bae7db8b - - default default] Method 'is_advsvc' is deprecated since 2023.2 release (neutron-lib 3.8.0) and will be removed once support for the old RBAC API policies will be removed from Neutron. Please use method 'is_service_role' instead.
2026-05-20 07:10:12.281 9 INFO neutron.api.wsgi [req-962732ae-10c4-4bd0-a7da-d9d9c7ccd0d8 req-9ff5d1a7-c083-4bad-a989-e42d5d4469d5 5eb6dc06c7914a54a3cae3cd92f5c565 e8336331db424888b0d3c607522217ac - - default default] 10.0.0.88 "GET /v2.0/security-groups?id=aaf506cf-fbeb-455a-80c2-43377c7b8150&fields=id&fields=name HTTP/1.1" status: 200 len: 286 time: 0.0573606
2026-05-20 07:10:12.297 9 INFO neutron.api.v2.resource [None req-4b2a6c33-beef-4919-a730-ab9325dc8366 fb108b637d884b3e9144a0e6bf5eda1a a6ee4beb8d4e40dca9f0aace40e55926 - - default default] remove_router_interface failed (client error): The resource could not be found.
2026-05-20 07:10:12.298 9 INFO neutron.api.wsgi [None req-4b2a6c33-beef-4919-a730-ab9325dc8366 fb108b637d884b3e9144a0e6bf5eda1a a6ee4beb8d4e40dca9f0aace40e55926 - - default default] 10.0.0.205 "PUT /v2.0/routers/2a5f7d6a-b850-4cfe-b09e-90ddf14cce63/remove_router_interface HTTP/1.1" status: 404 len: 398 time: 0.0475607
2026-05-20 07:10:12.320 9 INFO neutron.api.wsgi [None req-4ddf1571-9858-41d7-8384-8220e94224eb fb108b637d884b3e9144a0e6bf5eda1a a6ee4beb8d4e40dca9f0aace40e55926 - - default default] 10.0.0.205 "GET /v2.0/ports?device_id=2a5f7d6a-b850-4cfe-b09e-90ddf14cce63 HTTP/1.1" status: 200 len: 205 time: 0.0164304
2026-05-20 07:10:12.514 10 INFO neutron.api.wsgi [None req-70a05980-a4e8-48dd-b68e-895595521fc7 fb108b637d884b3e9144a0e6bf5eda1a a6ee4beb8d4e40dca9f0aace40e55926 - - default default] 10.0.0.205 "DELETE /v2.0/routers/2a5f7d6a-b850-4cfe-b09e-90ddf14cce63 HTTP/1.1" status: 204 len: 168 time: 0.1896715
2026-05-20 07:10:12.535 10 WARNING neutron.scheduler.dhcp_agent_scheduler [None req-4a64c6bb-5496-4de7-a382-9498a82da050 475bbcad4c2042a39938081b77057650 d37a3e03166d41a1991f6b22bae7db8b - - default default] No more DHCP agents
2026-05-20 07:10:12.537 10 WARNING neutron.api.rpc.agentnotifiers.dhcp_rpc_agent_api [None req-4a64c6bb-5496-4de7-a382-9498a82da050 475bbcad4c2042a39938081b77057650 d37a3e03166d41a1991f6b22bae7db8b - - default default] Unable to schedule network 3ad50b24-2532-4026-9911-76541d8fb971: no agents available; will retry on subsequent port and subnet creation events.
2026-05-20 07:10:12.603 10 INFO neutron.db.ovn_revision_numbers_db [None req-4a64c6bb-5496-4de7-a382-9498a82da050 475bbcad4c2042a39938081b77057650 d37a3e03166d41a1991f6b22bae7db8b - - default default] Successfully bumped revision number for resource b076f31a-8daa-4e85-a8d7-cf4c7d0dc338 (type: ports) to 1
2026-05-20 07:10:12.629 10 INFO neutron.api.wsgi [None req-4a64c6bb-5496-4de7-a382-9498a82da050 475bbcad4c2042a39938081b77057650 d37a3e03166d41a1991f6b22bae7db8b - - default default] 10.0.0.205 "POST /v2.0/ports HTTP/1.1" status: 201 len: 974 time: 0.3850243 /var/lib/openstack/lib/python3.12/site-packages/pycadf/identifier.py:71: UserWarning: Invalid uuid: neutron. To ensure interoperability, identifiers should be a valid uuid. warnings.warn(('Invalid uuid: %s. To ensure interoperability, '
2026-05-20 07:10:12.689 9 INFO neutron.api.wsgi [None req-2514bfae-c04a-45f0-af9f-69ec28b98b4e fb108b637d884b3e9144a0e6bf5eda1a a6ee4beb8d4e40dca9f0aace40e55926 - - default default] 10.0.0.205 "DELETE /v2.0/subnets/c0b325c4-a56b-4c66-beb5-8e7501aea1e0 HTTP/1.1" status: 204 len: 168 time: 0.1700041
2026-05-20 07:10:12.879 10 INFO neutron.db.ovn_revision_numbers_db [None req-516fa95b-ae92-4974-bf86-2f0c95f7895b 475bbcad4c2042a39938081b77057650 d37a3e03166d41a1991f6b22bae7db8b - - default default] Successfully bumped revision number for resource b076f31a-8daa-4e85-a8d7-cf4c7d0dc338 (type: ports) to 2
2026-05-20 07:10:12.893 10 INFO neutron.api.wsgi [None req-516fa95b-ae92-4974-bf86-2f0c95f7895b 475bbcad4c2042a39938081b77057650 d37a3e03166d41a1991f6b22bae7db8b - - default default] 10.0.0.205 "PUT /v2.0/ports/b076f31a-8daa-4e85-a8d7-cf4c7d0dc338 HTTP/1.1" status: 200 len: 946 time: 0.2594833
2026-05-20 07:10:13.020 9 INFO neutron.services.segments.plugin [-] Segment c1ee3a66-1205-4252-b79b-051f2631c5ea resource provider aggregate not found
2026-05-20 07:10:13.023 9 INFO neutron.services.segments.plugin [-] Segment c1ee3a66-1205-4252-b79b-051f2631c5ea resource provider aggregate not found
2026-05-20 07:10:13.032 9 INFO neutron.services.segments.plugin [-] Segment c1ee3a66-1205-4252-b79b-051f2631c5ea resource provider not found; error: Placement Client Error (4xx): {"errors": [{"status": 404, "title": "Not Found", "detail": "The resource could not be found.\n\n No resource provider with uuid c1ee3a66-1205-4252-b79b-051f2631c5ea found for delete ", "request_id": "req-7c763d5b-df00-4e16-ab58-2bba3b4e09f1"}]}
2026-05-20 07:10:13.040 9 INFO neutron.services.segments.plugin [-] Segment c1ee3a66-1205-4252-b79b-051f2631c5ea resource provider not found; error: Placement Client Error (4xx): {"errors": [{"status": 404, "title": "Not Found", "detail": "The resource could not be found.\n\n No resource provider with uuid c1ee3a66-1205-4252-b79b-051f2631c5ea found for delete ", "request_id": "req-02968785-6c8a-4cf2-a3af-787182df4094"}]}
2026-05-20 07:10:13.055 9 INFO neutron.api.wsgi [None req-c12fb032-488e-4014-a187-20d2e9726935 fb108b637d884b3e9144a0e6bf5eda1a a6ee4beb8d4e40dca9f0aace40e55926 - - default default] 10.0.0.205 "DELETE /v2.0/networks/3b8216a1-cd91-4f4e-8d7c-a9e7fb51050f HTTP/1.1" status: 204 len: 168 time: 0.3614228 /var/lib/openstack/lib/python3.12/site-packages/pycadf/identifier.py:71: UserWarning: Invalid uuid: neutron. To ensure interoperability, identifiers should be a valid uuid. warnings.warn(('Invalid uuid: %s. To ensure interoperability, '
2026-05-20 07:10:13.070 10 WARNING neutron_lib.context [None req-b63dfdf9-05d3-4a37-b6e3-78a56adcb660 fb108b637d884b3e9144a0e6bf5eda1a a6ee4beb8d4e40dca9f0aace40e55926 - - default default] Method 'is_advsvc' is deprecated since 2023.2 release (neutron-lib 3.8.0) and will be removed once support for the old RBAC API policies will be removed from Neutron. Please use method 'is_service_role' instead.
2026-05-20 07:10:13.154 10 INFO neutron.db.segments_db [None req-b63dfdf9-05d3-4a37-b6e3-78a56adcb660 fb108b637d884b3e9144a0e6bf5eda1a a6ee4beb8d4e40dca9f0aace40e55926 - - default default] Added segment 30e10217-deb2-4eb8-997c-c8c3c8f33f10 of type geneve for network ec1b24a3-87b9-4422-8755-e3c06c6edd92
2026-05-20 07:10:13.160 9 INFO neutron.api.wsgi [None req-f22cf362-3e40-4fee-aaee-7f8436e54f98 475bbcad4c2042a39938081b77057650 d37a3e03166d41a1991f6b22bae7db8b - - default default] 10.0.0.205 "DELETE /v2.0/ports/b076f31a-8daa-4e85-a8d7-cf4c7d0dc338 HTTP/1.1" status: 204 len: 168 time: 0.2613981
2026-05-20 07:10:13.197 9 INFO neutron.api.wsgi [None req-4ea45c39-2516-44fd-a563-5e6bbd4dd75e 475bbcad4c2042a39938081b77057650 d37a3e03166d41a1991f6b22bae7db8b - - default default] 10.0.0.205 "GET /v2.0/ports HTTP/1.1" status: 200 len: 1729 time: 0.0327411
2026-05-20 07:10:13.216 10 INFO neutron.pecan_wsgi.hooks.translation [None req-5af78de6-3097-4df8-9e4e-743c2df4c589 475bbcad4c2042a39938081b77057650 d37a3e03166d41a1991f6b22bae7db8b - - default default] GET failed (client error): The resource could not be found.
2026-05-20 07:10:13.218 10 INFO neutron.api.wsgi [None req-5af78de6-3097-4df8-9e4e-743c2df4c589 475bbcad4c2042a39938081b77057650 d37a3e03166d41a1991f6b22bae7db8b - - default default] 10.0.0.205 "GET /v2.0/ports/b076f31a-8daa-4e85-a8d7-cf4c7d0dc338 HTTP/1.1" status: 404 len: 333 time: 0.0168953
2026-05-20 07:10:13.262 9 INFO neutron.api.wsgi [None req-4c1ce0c7-60a9-4b92-bf09-8c72369d86d2 475bbcad4c2042a39938081b77057650 d37a3e03166d41a1991f6b22bae7db8b - - default default] 10.0.0.205 "GET /v2.0/ports HTTP/1.1" status: 200 len: 1729 time: 0.0386562
2026-05-20 07:10:13.271 10 INFO neutron.db.ovn_revision_numbers_db [None req-b63dfdf9-05d3-4a37-b6e3-78a56adcb660 fb108b637d884b3e9144a0e6bf5eda1a a6ee4beb8d4e40dca9f0aace40e55926 - - default default] Successfully bumped revision number for resource ec1b24a3-87b9-4422-8755-e3c06c6edd92 (type: networks) to 1
2026-05-20 07:10:13.300 9 INFO neutron.api.wsgi [None req-0d16dc42-45f0-491c-a71e-dd446eed5aaf 475bbcad4c2042a39938081b77057650 d37a3e03166d41a1991f6b22bae7db8b - - default default] 10.0.0.205 "GET /v2.0/ports/9471f592-f9bd-4aa9-9b3d-118c3e6859c5 HTTP/1.1" status: 200 len: 969 time: 0.0334785
2026-05-20 07:10:13.317 9 INFO neutron.pecan_wsgi.hooks.translation [None req-a158c130-e127-4784-b0d6-5b928ef82eb0 475bbcad4c2042a39938081b77057650 d37a3e03166d41a1991f6b22bae7db8b - - default default] DELETE failed (client error): The resource could not be found.
2026-05-20 07:10:13.318 9 INFO neutron.api.wsgi [None req-a158c130-e127-4784-b0d6-5b928ef82eb0 475bbcad4c2042a39938081b77057650 d37a3e03166d41a1991f6b22bae7db8b - - default default] 10.0.0.205 "DELETE /v2.0/ports/64a8c972-bea6-4974-94b9-e5dace3c1706 HTTP/1.1" status: 404 len: 333 time: 0.0132434
2026-05-20 07:10:13.331 9 INFO neutron.pecan_wsgi.hooks.translation [None req-d3a1345a-49ae-4aae-b564-bab2ba75f7cf 475bbcad4c2042a39938081b77057650 d37a3e03166d41a1991f6b22bae7db8b - - default default] DELETE failed (client error): The resource could not be found.
2026-05-20 07:10:13.333 9 INFO neutron.api.wsgi [None req-d3a1345a-49ae-4aae-b564-bab2ba75f7cf 475bbcad4c2042a39938081b77057650 d37a3e03166d41a1991f6b22bae7db8b - - default default] 10.0.0.205 "DELETE /v2.0/subnets/11c1f0fe-80f3-480d-8cfd-e687c9eb2714 HTTP/1.1" status: 404 len: 337 time: 0.0105228
2026-05-20 07:10:13.349 9 INFO neutron.pecan_wsgi.hooks.translation [None req-3851569b-32df-44c1-8fa1-8b3aceb556f7 475bbcad4c2042a39938081b77057650 d37a3e03166d41a1991f6b22bae7db8b - - default default] DELETE failed (client error): The resource could not be found.
2026-05-20 07:10:13.355 9 INFO neutron.api.wsgi [None req-3851569b-32df-44c1-8fa1-8b3aceb556f7 475bbcad4c2042a39938081b77057650 d37a3e03166d41a1991f6b22bae7db8b - - default default] 10.0.0.205 "DELETE /v2.0/subnets/0a2139b8-673e-4b67-8f62-421a6d38e752 HTTP/1.1" status: 404 len: 337 time: 0.0174892
2026-05-20 07:10:13.380 9 INFO neutron.api.wsgi [req-5492f397-4064-4492-a032-5bb0c13e7a9e req-0dda5c91-61f0-45b9-82a4-454633630eb7 5eb6dc06c7914a54a3cae3cd92f5c565 e8336331db424888b0d3c607522217ac - - default default] 10.0.0.88 "GET /v2.0/ports?device_id=f745ef13-3b61-498a-afc2-c0c7a2eab4e4 HTTP/1.1" status: 200 len: 1168 time: 0.0388241
2026-05-20 07:10:13.422 9 INFO neutron.api.wsgi [req-5492f397-4064-4492-a032-5bb0c13e7a9e req-a361ec2a-68bd-47b5-b709-5b1be2f6ca04 5eb6dc06c7914a54a3cae3cd92f5c565 e8336331db424888b0d3c607522217ac - - default default] 10.0.0.88 "GET /v2.0/security-groups?id=aaf506cf-fbeb-455a-80c2-43377c7b8150&fields=id&fields=name HTTP/1.1" status: 200 len: 286 time: 0.0376782
2026-05-20 07:10:13.503 10 WARNING neutron.scheduler.dhcp_agent_scheduler [None req-b63dfdf9-05d3-4a37-b6e3-78a56adcb660 fb108b637d884b3e9144a0e6bf5eda1a a6ee4beb8d4e40dca9f0aace40e55926 - - default default] No more DHCP agents
2026-05-20 07:10:13.504 10 WARNING neutron.api.rpc.agentnotifiers.dhcp_rpc_agent_api [None req-b63dfdf9-05d3-4a37-b6e3-78a56adcb660 fb108b637d884b3e9144a0e6bf5eda1a a6ee4beb8d4e40dca9f0aace40e55926 - - default default] Unable to schedule network ec1b24a3-87b9-4422-8755-e3c06c6edd92: no agents available; will retry on subsequent port and subnet creation events.
2026-05-20 07:10:13.574 9 INFO neutron.api.wsgi [req-940ff55e-8586-413d-b988-172f0327dc6e req-99606761-ca2e-4001-82bd-c941db936bde bfa47c3e37474d0d83a5f72a9773113e 3daff303edca4185b63841a913e4af90 - - default default] 10.0.0.88 "GET /v2.0/security-groups?name=tempest-securitygroup--327312233&fields=id&tenant_id=3daff303edca4185b63841a913e4af90 HTTP/1.1" status: 200 len: 267 time: 0.0381722
2026-05-20 07:10:13.584 10 INFO neutron.db.ovn_revision_numbers_db [None req-b63dfdf9-05d3-4a37-b6e3-78a56adcb660 fb108b637d884b3e9144a0e6bf5eda1a a6ee4beb8d4e40dca9f0aace40e55926 - - default default] Successfully bumped revision number for resource c887c293-ebb5-4699-bc19-7623d7d12dfc (type: ports) to 1
2026-05-20 07:10:13.604 10 INFO neutron.api.wsgi [None req-b63dfdf9-05d3-4a37-b6e3-78a56adcb660 fb108b637d884b3e9144a0e6bf5eda1a a6ee4beb8d4e40dca9f0aace40e55926 - - default default] 10.0.0.205 "POST /v2.0/networks HTTP/1.1" status: 201 len: 828 time: 0.5416591
2026-05-20 07:10:13.613 9 WARNING neutron_lib.context [None req-9089705e-cfcb-41a4-9a6c-d0fc3730a158 fb108b637d884b3e9144a0e6bf5eda1a a6ee4beb8d4e40dca9f0aace40e55926 - - default default] Method 'is_advsvc' is deprecated since 2023.2 release (neutron-lib 3.8.0) and will be removed once support for the old RBAC API policies will be removed from Neutron. Please use method 'is_service_role' instead.
2026-05-20 07:10:13.639 9 INFO neutron.api.wsgi [req-940ff55e-8586-413d-b988-172f0327dc6e req-0319b86b-f713-4551-808e-842610ff5184 bfa47c3e37474d0d83a5f72a9773113e 3daff303edca4185b63841a913e4af90 - - default default] 10.0.0.88 "GET /v2.0/networks?id=4662eae9-97a6-4f00-b40e-e2c9e26f0f38 HTTP/1.1" status: 200 len: 879 time: 0.0601125
2026-05-20 07:10:13.651 10 INFO neutron.api.wsgi [None req-2ba92b5d-7a52-4392-a723-a2509a6d6a01 475bbcad4c2042a39938081b77057650 d37a3e03166d41a1991f6b22bae7db8b - - default default] 10.0.0.205 "DELETE /v2.0/ports/9471f592-f9bd-4aa9-9b3d-118c3e6859c5 HTTP/1.1" status: 204 len: 168 time: 0.2904091
2026-05-20 07:10:13.657 9 INFO neutron.api.wsgi [req-940ff55e-8586-413d-b988-172f0327dc6e req-e68bb447-5b31-4c05-bc9d-5eeff2b2acf9 bfa47c3e37474d0d83a5f72a9773113e 3daff303edca4185b63841a913e4af90 - - default default] 10.0.0.88 "GET /v2.0/quotas/3daff303edca4185b63841a913e4af90 HTTP/1.1" status: 200 len: 491 time: 0.0101724
2026-05-20 07:10:13.737 9 INFO neutron.api.wsgi [req-940ff55e-8586-413d-b988-172f0327dc6e req-5f7d69a5-9557-4d34-b0ab-62302f53e871 bfa47c3e37474d0d83a5f72a9773113e 3daff303edca4185b63841a913e4af90 - - default default] 10.0.0.88 "GET /v2.0/ports?tenant_id=3daff303edca4185b63841a913e4af90&fields=id HTTP/1.1" status: 200 len: 302 time: 0.0762746
2026-05-20 07:10:13.793 9 INFO neutron.api.wsgi [req-940ff55e-8586-413d-b988-172f0327dc6e req-bc3603a3-b77e-47ad-b384-b36f04cae0c8 296365cf3ca647c494585ac884a2c5bd 07897250ef69478aa83c3e940291b0d6 - - 9bb0e01d9ab346938f9b498cf23c3601 9bb0e01d9ab346938f9b498cf23c3601] 10.0.0.88 "GET /v2.0/networks/4662eae9-97a6-4f00-b40e-e2c9e26f0f38?fields=segments HTTP/1.1" status: 200 len: 212 time: 0.0452852
2026-05-20 07:10:13.831 9 WARNING neutron.scheduler.dhcp_agent_scheduler [None req-9089705e-cfcb-41a4-9a6c-d0fc3730a158 fb108b637d884b3e9144a0e6bf5eda1a a6ee4beb8d4e40dca9f0aace40e55926 - - default default] No more DHCP agents
2026-05-20 07:10:13.833 9 WARNING neutron.api.rpc.agentnotifiers.dhcp_rpc_agent_api [None req-9089705e-cfcb-41a4-9a6c-d0fc3730a158 fb108b637d884b3e9144a0e6bf5eda1a a6ee4beb8d4e40dca9f0aace40e55926 - - default default] Unable to schedule network ec1b24a3-87b9-4422-8755-e3c06c6edd92: no agents available; will retry on subsequent port and subnet creation events.
2026-05-20 07:10:13.855 9 INFO neutron.api.wsgi [req-940ff55e-8586-413d-b988-172f0327dc6e req-d51377a7-468a-476e-a1a1-b89398fd54a8 296365cf3ca647c494585ac884a2c5bd 07897250ef69478aa83c3e940291b0d6 - - 9bb0e01d9ab346938f9b498cf23c3601 9bb0e01d9ab346938f9b498cf23c3601] 10.0.0.88 "GET /v2.0/networks/4662eae9-97a6-4f00-b40e-e2c9e26f0f38?fields=provider%3Aphysical_network&fields=provider%3Anetwork_type HTTP/1.1" status: 200 len: 277 time: 0.0549848
2026-05-20 07:10:13.996 10 INFO neutron.api.wsgi [None req-441dc980-2a2e-41a6-a0d2-2339f6a41d5b 475bbcad4c2042a39938081b77057650 d37a3e03166d41a1991f6b22bae7db8b - - default default] 10.0.0.205 "DELETE /v2.0/networks/3ad50b24-2532-4026-9911-76541d8fb971 HTTP/1.1" status: 204 len: 168 time: 0.3400934
2026-05-20 07:10:14.162 9 INFO neutron.api.wsgi [req-b807036a-59ef-462b-8668-cf96f1ba9735 req-3062f7bb-0598-4afe-a09f-47e3644a9737 bfa47c3e37474d0d83a5f72a9773113e 3daff303edca4185b63841a913e4af90 - - default default] 10.0.0.88 "GET /v2.0/ports?device_id=3f086bfe-8a7c-4f70-baa5-af78573497db HTTP/1.1" status: 200 len: 210 time: 0.0214393
2026-05-20 07:10:14.245 10 INFO neutron.services.segments.plugin [-] Segment 13eff769-fb19-41a6-abfa-5d89144737cd resource provider aggregate not found
2026-05-20 07:10:14.250 10 INFO neutron.services.segments.plugin [-] Segment 13eff769-fb19-41a6-abfa-5d89144737cd resource provider aggregate not found
2026-05-20 07:10:14.269 10 INFO neutron.services.segments.plugin [-] Segment 13eff769-fb19-41a6-abfa-5d89144737cd resource provider not found; error: Placement Client Error (4xx): {"errors": [{"status": 404, "title": "Not Found", "detail": "The resource could not be found.\n\n No resource provider with uuid 13eff769-fb19-41a6-abfa-5d89144737cd found for delete ", "request_id": "req-dd668ab3-576f-4a65-b19e-2f627514d9dd"}]}
2026-05-20 07:10:14.274 10 INFO neutron.services.segments.plugin [-] Segment 13eff769-fb19-41a6-abfa-5d89144737cd resource provider not found; error: Placement Client Error (4xx): {"errors": [{"status": 404, "title": "Not Found", "detail": "The resource could not be found.\n\n No resource provider with uuid 13eff769-fb19-41a6-abfa-5d89144737cd found for delete ", "request_id": "req-5eebabad-4637-4217-abca-0c50d0e73609"}]}
2026-05-20 07:10:14.307 9 INFO neutron.db.ovn_revision_numbers_db [None req-f5983aba-fe2e-4769-891f-d88ab8e6d27b - - - - - -] Successfully bumped revision number for resource c887c293-ebb5-4699-bc19-7623d7d12dfc (type: ports) to 2
2026-05-20 07:10:14.341 9 INFO neutron.db.ovn_revision_numbers_db [None req-f5983aba-fe2e-4769-891f-d88ab8e6d27b - - - - - -] Successfully bumped revision number for resource f1d6d7b6-005d-42f0-a82d-c549d17ca899 (type: subnets) to 0
2026-05-20 07:10:14.356 9 INFO neutron.api.wsgi [None req-9089705e-cfcb-41a4-9a6c-d0fc3730a158 fb108b637d884b3e9144a0e6bf5eda1a a6ee4beb8d4e40dca9f0aace40e55926 - - default default] 10.0.0.205 "POST /v2.0/subnets HTTP/1.1" status: 201 len: 825 time: 0.7469602
2026-05-20 07:10:14.367 10 WARNING neutron_lib.context [None req-02f7fe81-0d91-4bf8-bd50-3622061584a2 fb108b637d884b3e9144a0e6bf5eda1a a6ee4beb8d4e40dca9f0aace40e55926 - - default default] Method 'is_advsvc' is deprecated since 2023.2 release (neutron-lib 3.8.0) and will be removed once support for the old RBAC API policies will be removed from Neutron. Please use method 'is_service_role' instead.
2026-05-20 07:10:14.469 10 INFO neutron.db.ovn_revision_numbers_db [None req-02f7fe81-0d91-4bf8-bd50-3622061584a2 fb108b637d884b3e9144a0e6bf5eda1a a6ee4beb8d4e40dca9f0aace40e55926 - - default default] Successfully bumped revision number for resource 2000caa7-5396-48d2-b51e-0d3cdc44e518 (type: routers) to 1
2026-05-20 07:10:14.486 10 INFO neutron.api.wsgi [None req-02f7fe81-0d91-4bf8-bd50-3622061584a2 fb108b637d884b3e9144a0e6bf5eda1a a6ee4beb8d4e40dca9f0aace40e55926 - - default default] 10.0.0.205 "POST /v2.0/routers HTTP/1.1" status: 201 len: 801 time: 0.1253855
2026-05-20 07:10:14.531 9 INFO neutron.api.wsgi [req-fc6ce250-5f49-4251-be83-34344490bedb req-eeab070b-5c25-406a-bd62-86fe3d5f5960 5eb6dc06c7914a54a3cae3cd92f5c565 e8336331db424888b0d3c607522217ac - - default default] 10.0.0.88 "GET /v2.0/ports?device_id=f745ef13-3b61-498a-afc2-c0c7a2eab4e4 HTTP/1.1" status: 200 len: 1168 time: 0.0398679
2026-05-20 07:10:14.567 9 INFO neutron.api.wsgi [req-fc6ce250-5f49-4251-be83-34344490bedb req-21477c95-dbfc-4517-8026-7d5d0c359dee 5eb6dc06c7914a54a3cae3cd92f5c565 e8336331db424888b0d3c607522217ac - - default default] 10.0.0.88 "GET /v2.0/security-groups?id=aaf506cf-fbeb-455a-80c2-43377c7b8150&fields=id&fields=name HTTP/1.1" status: 200 len: 286 time: 0.0316350
2026-05-20 07:10:14.705 9 INFO neutron.api.wsgi [None req-af336ba3-3d79-4efe-a1e7-ab4b6ce88336 ab628ee62b214545be46d2bbc2e265f7 455f8fdf6aad4dadb003a1815790c9ca - - default default] 10.0.0.205 "GET /v2.0/security-groups?tenant_id=d37a3e03166d41a1991f6b22bae7db8b&name=default HTTP/1.1" status: 200 len: 3120 time: 0.1608858
2026-05-20 07:10:14.827 10 WARNING neutron.scheduler.dhcp_agent_scheduler [None req-6272db6f-eed5-4925-9545-4f4e41e5a86b fb108b637d884b3e9144a0e6bf5eda1a a6ee4beb8d4e40dca9f0aace40e55926 - - default default] No more DHCP agents
2026-05-20 07:10:14.828 10 WARNING neutron.api.rpc.agentnotifiers.dhcp_rpc_agent_api [None req-6272db6f-eed5-4925-9545-4f4e41e5a86b fb108b637d884b3e9144a0e6bf5eda1a a6ee4beb8d4e40dca9f0aace40e55926 - - default default] Unable to schedule network ec1b24a3-87b9-4422-8755-e3c06c6edd92: no agents available; will retry on subsequent port and subnet creation events.
2026-05-20 07:10:14.937 9 INFO neutron.api.wsgi [None req-bcf1b996-8c19-4ef6-a57f-40d75268e5f6 ab628ee62b214545be46d2bbc2e265f7 455f8fdf6aad4dadb003a1815790c9ca - - default default] 10.0.0.205 "DELETE /v2.0/security-groups/3d06867d-bc4e-4fb9-9090-805990c46697 HTTP/1.1" status: 204 len: 168 time: 0.2256398
2026-05-20 07:10:14.953 10 INFO neutron.db.ovn_revision_numbers_db [None req-6272db6f-eed5-4925-9545-4f4e41e5a86b fb108b637d884b3e9144a0e6bf5eda1a a6ee4beb8d4e40dca9f0aace40e55926 - - default default] Successfully bumped revision number for resource 6f8eabef-b35c-4a5e-9b1f-aa0ff53581c4 (type: ports) to 1
2026-05-20 07:10:15.254 9 INFO neutron.api.wsgi [req-f984d210-fd95-403b-bf01-12a6cf4d9815 req-4f97ff6a-3661-496f-87b2-ef7c378f9dcf bfa47c3e37474d0d83a5f72a9773113e 3daff303edca4185b63841a913e4af90 - - default default] 10.0.0.88 "GET /v2.0/ports?device_id=3f086bfe-8a7c-4f70-baa5-af78573497db HTTP/1.1" status: 200 len: 210 time: 0.0191686
2026-05-20 07:10:15.429 10 INFO neutron.db.ovn_revision_numbers_db [None req-6272db6f-eed5-4925-9545-4f4e41e5a86b fb108b637d884b3e9144a0e6bf5eda1a a6ee4beb8d4e40dca9f0aace40e55926 - - default default] Successfully bumped revision number for resource 6f8eabef-b35c-4a5e-9b1f-aa0ff53581c4 (type: ports) to 1
2026-05-20 07:10:15.472 10 WARNING neutron.scheduler.dhcp_agent_scheduler [None req-6272db6f-eed5-4925-9545-4f4e41e5a86b fb108b637d884b3e9144a0e6bf5eda1a a6ee4beb8d4e40dca9f0aace40e55926 - - default default] No more DHCP agents
2026-05-20 07:10:15.473 10 WARNING neutron.api.rpc.agentnotifiers.dhcp_rpc_agent_api [None req-6272db6f-eed5-4925-9545-4f4e41e5a86b fb108b637d884b3e9144a0e6bf5eda1a a6ee4beb8d4e40dca9f0aace40e55926 - - default default] Unable to schedule network ec1b24a3-87b9-4422-8755-e3c06c6edd92: no agents available; will retry on subsequent port and subnet creation events.
2026-05-20 07:10:15.652 10 INFO neutron.db.ovn_revision_numbers_db [None req-6272db6f-eed5-4925-9545-4f4e41e5a86b fb108b637d884b3e9144a0e6bf5eda1a a6ee4beb8d4e40dca9f0aace40e55926 - - default default] Successfully bumped revision number for resource 6f8eabef-b35c-4a5e-9b1f-aa0ff53581c4 (type: router_ports) to 1
2026-05-20 07:10:15.659 10 INFO neutron.api.wsgi [None req-6272db6f-eed5-4925-9545-4f4e41e5a86b fb108b637d884b3e9144a0e6bf5eda1a a6ee4beb8d4e40dca9f0aace40e55926 - - default default] 10.0.0.205 "PUT /v2.0/routers/2000caa7-5396-48d2-b51e-0d3cdc44e518/add_router_interface HTTP/1.1" status: 200 len: 503 time: 1.1675086
2026-05-20 07:10:15.862 9 INFO neutron.api.wsgi [req-1602546c-0808-4dfc-a5d6-771ecf7bdb48 req-8051fd93-3b5c-4c6a-9c5e-48d374becd1c 5eb6dc06c7914a54a3cae3cd92f5c565 e8336331db424888b0d3c607522217ac - - default default] 10.0.0.88 "GET /v2.0/ports?device_id=f745ef13-3b61-498a-afc2-c0c7a2eab4e4 HTTP/1.1" status: 200 len: 1168 time: 0.0646784
2026-05-20 07:10:15.899 9 INFO neutron.api.wsgi [req-1602546c-0808-4dfc-a5d6-771ecf7bdb48 req-6107e858-014c-4c5c-b85b-db999cf42b34 5eb6dc06c7914a54a3cae3cd92f5c565 e8336331db424888b0d3c607522217ac - - default default] 10.0.0.88 "GET /v2.0/security-groups?id=aaf506cf-fbeb-455a-80c2-43377c7b8150&fields=id&fields=name HTTP/1.1" status: 200 len: 286 time: 0.0296605
2026-05-20 07:10:15.944 10 INFO neutron.api.wsgi [None req-86fdb643-0112-42a9-a2e4-18d9058af883 fb108b637d884b3e9144a0e6bf5eda1a a6ee4beb8d4e40dca9f0aace40e55926 - - default default] 10.0.0.205 "GET /v2.0/ports/6f8eabef-b35c-4a5e-9b1f-aa0ff53581c4 HTTP/1.1" status: 200 len: 1135 time: 0.2795467
2026-05-20 07:10:15.981 10 INFO neutron.api.wsgi [None req-a864c95c-b8a4-402f-99be-212296bba0fe fb108b637d884b3e9144a0e6bf5eda1a a6ee4beb8d4e40dca9f0aace40e55926 - - default default] 10.0.0.205 "GET /v2.0/ports/6f8eabef-b35c-4a5e-9b1f-aa0ff53581c4 HTTP/1.1" status: 200 len: 1135 time: 0.0320091
2026-05-20 07:10:15.996 9 WARNING neutron.plugins.ml2.drivers.ovn.mech_driver.ovsdb.ovn_client [None req-097777f5-1690-484e-bd16-801a935a0056 - - - - - -] No port found with ID c2401282-1621-4752-b280-16441fef5025: RuntimeError: No port found with ID c2401282-1621-4752-b280-16441fef5025
2026-05-20 07:10:16.004 9 INFO neutron.plugins.ml2.drivers.ovn.mech_driver.mech_driver [None req-097777f5-1690-484e-bd16-801a935a0056 - - - - - -] OVN reports status down for port: b076f31a-8daa-4e85-a8d7-cf4c7d0dc338
2026-05-20 07:10:16.012 9 INFO neutron.plugins.ml2.drivers.ovn.mech_driver.mech_driver [None req-097777f5-1690-484e-bd16-801a935a0056 - - - - - -] OVN reports status up for port: 6f8eabef-b35c-4a5e-9b1f-aa0ff53581c4
2026-05-20 07:10:16.017 9 INFO neutron.plugins.ml2.plugin [None req-097777f5-1690-484e-bd16-801a935a0056 - - - - - -] Attempt 1 to provision port 6f8eabef-b35c-4a5e-9b1f-aa0ff53581c4
2026-05-20 07:10:16.358 9 INFO neutron.api.wsgi [req-56108f36-1227-4a37-aebe-cada670a6bd9 req-f81ffdf9-b656-4349-a1ce-91fe02586038 bfa47c3e37474d0d83a5f72a9773113e 3daff303edca4185b63841a913e4af90 - - default default] 10.0.0.88 "GET /v2.0/ports?device_id=3f086bfe-8a7c-4f70-baa5-af78573497db HTTP/1.1" status: 200 len: 210 time: 0.0165658
2026-05-20 07:10:16.369 9 INFO neutron.db.ovn_revision_numbers_db [None req-097777f5-1690-484e-bd16-801a935a0056 - - - - - -] Successfully bumped revision number for resource 6f8eabef-b35c-4a5e-9b1f-aa0ff53581c4 (type: ports) to 2
2026-05-20 07:10:16.379 10 WARNING neutron.plugins.ml2.drivers.ovn.mech_driver.ovsdb.ovn_client [None req-303fb34e-f3c4-4912-b0cc-7a81a40be0fa - - - - - -] No hosting information found for port cda193d1-e8e1-4dac-86f4-ce7bb54474ca: RuntimeError: No hosting information found for port cda193d1-e8e1-4dac-86f4-ce7bb54474ca
2026-05-20 07:10:16.444 10 INFO neutron.db.ovn_revision_numbers_db [None req-303fb34e-f3c4-4912-b0cc-7a81a40be0fa - - - - - -] Successfully bumped revision number for resource cda193d1-e8e1-4dac-86f4-ce7bb54474ca (type: router_ports) to 2
2026-05-20 07:10:16.445 10 INFO neutron.plugins.ml2.drivers.ovn.mech_driver.mech_driver [None req-303fb34e-f3c4-4912-b0cc-7a81a40be0fa - - - - - -] OVN reports status up for port: 57417017-a026-4f84-80fe-f95c2592dca0
2026-05-20 07:10:16.458 10 INFO neutron.plugins.ml2.plugin [None req-303fb34e-f3c4-4912-b0cc-7a81a40be0fa - - - - - -] Attempt 1 to provision port 57417017-a026-4f84-80fe-f95c2592dca0
2026-05-20 07:10:16.569 10 INFO neutron.notifiers.nova [-] Nova event matching ['req-e475c0a2-e78c-4eb7-9ae2-ba5acef4bc5f'] response: {'server_uuid': 'f745ef13-3b61-498a-afc2-c0c7a2eab4e4', 'name': 'network-vif-plugged', 'status': 'completed', 'tag': '57417017-a026-4f84-80fe-f95c2592dca0', 'code': 200}
2026-05-20 07:10:16.700 10 INFO neutron.db.ovn_revision_numbers_db [None req-303fb34e-f3c4-4912-b0cc-7a81a40be0fa - - - - - -] Successfully bumped revision number for resource 57417017-a026-4f84-80fe-f95c2592dca0 (type: ports) to 5 /var/lib/openstack/lib/python3.12/site-packages/pycadf/identifier.py:71: UserWarning: Invalid uuid: neutron. To ensure interoperability, identifiers should be a valid uuid. warnings.warn(('Invalid uuid: %s. To ensure interoperability, '
2026-05-20 07:10:16.785 10 WARNING neutron_lib.context [None req-d3cad035-cb96-4d5a-a810-c0b059535c70 6d44fd195c7c4fc2aef8871aeda699c9 20f4c45987b04db5ac044211bbcaa5a7 - - default default] Method 'is_advsvc' is deprecated since 2023.2 release (neutron-lib 3.8.0) and will be removed once support for the old RBAC API policies will be removed from Neutron. Please use method 'is_service_role' instead.
2026-05-20 07:10:16.908 10 INFO neutron.db.ovn_revision_numbers_db [None req-d3cad035-cb96-4d5a-a810-c0b059535c70 6d44fd195c7c4fc2aef8871aeda699c9 20f4c45987b04db5ac044211bbcaa5a7 - - default default] Successfully bumped revision number for resource 0bf18ce4-2e5d-4fc6-90ec-6549fe52540e (type: security_groups) to 1
2026-05-20 07:10:16.925 10 INFO neutron.db.ovn_revision_numbers_db [None req-d3cad035-cb96-4d5a-a810-c0b059535c70 6d44fd195c7c4fc2aef8871aeda699c9 20f4c45987b04db5ac044211bbcaa5a7 - - default default] Successfully bumped revision number for resource 14aca058-cc2f-469f-a10b-834123ff800b (type: security_group_rules) to 0
2026-05-20 07:10:16.940 10 INFO neutron.db.ovn_revision_numbers_db [None req-d3cad035-cb96-4d5a-a810-c0b059535c70 6d44fd195c7c4fc2aef8871aeda699c9 20f4c45987b04db5ac044211bbcaa5a7 - - default default] Successfully bumped revision number for resource 8526503b-49b9-4635-8758-2525059e9f3a (type: security_group_rules) to 0
2026-05-20 07:10:16.952 10 INFO neutron.db.ovn_revision_numbers_db [None req-d3cad035-cb96-4d5a-a810-c0b059535c70 6d44fd195c7c4fc2aef8871aeda699c9 20f4c45987b04db5ac044211bbcaa5a7 - - default default] Successfully bumped revision number for resource af67a751-30dc-462f-8c85-fae137c92fa1 (type: security_group_rules) to 0
2026-05-20 07:10:16.976 10 INFO neutron.db.ovn_revision_numbers_db [None req-d3cad035-cb96-4d5a-a810-c0b059535c70 6d44fd195c7c4fc2aef8871aeda699c9 20f4c45987b04db5ac044211bbcaa5a7 - - default default] Successfully bumped revision number for resource b741426f-c932-4694-a48e-67119143af7d (type: security_group_rules) to 0
2026-05-20 07:10:17.025 10 INFO neutron.api.wsgi [None req-40dc58dc-edf7-4a29-ba68-3599cbff10b1 fb108b637d884b3e9144a0e6bf5eda1a a6ee4beb8d4e40dca9f0aace40e55926 - - default default] 10.0.0.205 "GET /v2.0/ports/6f8eabef-b35c-4a5e-9b1f-aa0ff53581c4 HTTP/1.1" status: 200 len: 1137 time: 0.0358326
2026-05-20 07:10:17.043 9 INFO neutron.api.wsgi [req-b720c9d3-3f86-4f86-a3d4-9868bd0bf897 req-0b89bf20-63e5-4cd9-b621-1e3ad603adce 5eb6dc06c7914a54a3cae3cd92f5c565 e8336331db424888b0d3c607522217ac - - default default] 10.0.0.88 "GET /v2.0/ports?device_id=f745ef13-3b61-498a-afc2-c0c7a2eab4e4 HTTP/1.1" status: 200 len: 1170 time: 0.0892236
2026-05-20 07:10:17.093 9 INFO neutron.api.wsgi [req-b720c9d3-3f86-4f86-a3d4-9868bd0bf897 req-d7cde60e-2d98-43f4-aa82-44e28341bcf3 5eb6dc06c7914a54a3cae3cd92f5c565 e8336331db424888b0d3c607522217ac - - default default] 10.0.0.88 "GET /v2.0/security-groups?id=aaf506cf-fbeb-455a-80c2-43377c7b8150&fields=id&fields=name HTTP/1.1" status: 200 len: 286 time: 0.0459259
2026-05-20 07:10:17.146 10 INFO neutron.db.ovn_revision_numbers_db [None req-d3cad035-cb96-4d5a-a810-c0b059535c70 6d44fd195c7c4fc2aef8871aeda699c9 20f4c45987b04db5ac044211bbcaa5a7 - - default default] Successfully bumped revision number for resource 2d969e50-81cd-4990-a299-9bcac30374eb (type: security_groups) to 1
2026-05-20 07:10:17.158 10 INFO neutron.db.ovn_revision_numbers_db [None req-d3cad035-cb96-4d5a-a810-c0b059535c70 6d44fd195c7c4fc2aef8871aeda699c9 20f4c45987b04db5ac044211bbcaa5a7 - - default default] Successfully bumped revision number for resource 0f68a426-e478-4efd-acc8-afb0429b0141 (type: security_group_rules) to 0
2026-05-20 07:10:17.181 10 INFO neutron.db.ovn_revision_numbers_db [None req-d3cad035-cb96-4d5a-a810-c0b059535c70 6d44fd195c7c4fc2aef8871aeda699c9 20f4c45987b04db5ac044211bbcaa5a7 - - default default] Successfully bumped revision number for resource 5f3f13bf-3974-493e-9578-d837e938178f (type: security_group_rules) to 0
2026-05-20 07:10:17.222 10 INFO neutron.api.wsgi [None req-d3cad035-cb96-4d5a-a810-c0b059535c70 6d44fd195c7c4fc2aef8871aeda699c9 20f4c45987b04db5ac044211bbcaa5a7 - - default default] 10.0.0.205 "POST /v2.0/security-groups HTTP/1.1" status: 201 len: 1824 time: 0.6319876
2026-05-20 07:10:17.267 9 INFO neutron.api.wsgi [None req-9f9da811-1183-47cc-b228-dbfa04ec2300 6d44fd195c7c4fc2aef8871aeda699c9 20f4c45987b04db5ac044211bbcaa5a7 - - default default] 10.0.0.205 "GET /v2.0/security-groups HTTP/1.1" status: 200 len: 4724 time: 0.0377431
2026-05-20 07:10:17.351 9 INFO neutron.db.ovn_revision_numbers_db [None req-cbbb5521-8761-4a4a-8459-64f5254b7e35 6d44fd195c7c4fc2aef8871aeda699c9 20f4c45987b04db5ac044211bbcaa5a7 - - default default] Successfully bumped revision number for resource 2d969e50-81cd-4990-a299-9bcac30374eb (type: security_groups) to 2
2026-05-20 07:10:17.370 9 INFO neutron.api.wsgi [None req-cbbb5521-8761-4a4a-8459-64f5254b7e35 6d44fd195c7c4fc2aef8871aeda699c9 20f4c45987b04db5ac044211bbcaa5a7 - - default default] 10.0.0.205 "PUT /v2.0/security-groups/2d969e50-81cd-4990-a299-9bcac30374eb HTTP/1.1" status: 200 len: 1858 time: 0.0976741
2026-05-20 07:10:17.404 10 INFO neutron.api.wsgi [None req-bfb22a56-1585-41de-9b42-6d557a90acc3 6d44fd195c7c4fc2aef8871aeda699c9 20f4c45987b04db5ac044211bbcaa5a7 - - default default] 10.0.0.205 "GET /v2.0/security-groups/2d969e50-81cd-4990-a299-9bcac30374eb HTTP/1.1" status: 200 len: 1858 time: 0.0282552
2026-05-20 07:10:17.456 9 INFO neutron.api.wsgi [req-38750a13-33fd-4077-8b49-a28e1addceb0 req-2cf4fb31-99bf-4371-a883-2bb85e00c2ad bfa47c3e37474d0d83a5f72a9773113e 3daff303edca4185b63841a913e4af90 - - default default] 10.0.0.88 "GET /v2.0/ports?device_id=3f086bfe-8a7c-4f70-baa5-af78573497db HTTP/1.1" status: 200 len: 210 time: 0.0179412
2026-05-20 07:10:17.518 9 INFO neutron.api.wsgi [None req-75ee6dcb-2031-4961-ab21-5785fbc21ec8 6d44fd195c7c4fc2aef8871aeda699c9 20f4c45987b04db5ac044211bbcaa5a7 - - default default] 10.0.0.205 "DELETE /v2.0/security-groups/2d969e50-81cd-4990-a299-9bcac30374eb HTTP/1.1" status: 204 len: 168 time: 0.1086285
2026-05-20 07:10:17.552 9 INFO neutron.api.wsgi [None req-514abc01-8d55-4104-8dda-e6f703568161 6d44fd195c7c4fc2aef8871aeda699c9 20f4c45987b04db5ac044211bbcaa5a7 - - default default] 10.0.0.205 "GET /v2.0/security-groups HTTP/1.1" status: 200 len: 3120 time: 0.0297906
2026-05-20 07:10:17.567 9 INFO neutron.api.v2.resource [None req-52593be1-7476-404d-a020-047bdea52fa2 6d44fd195c7c4fc2aef8871aeda699c9 20f4c45987b04db5ac044211bbcaa5a7 - - default default] delete failed (client error): The resource could not be found.
2026-05-20 07:10:17.569 9 INFO neutron.api.wsgi [None req-52593be1-7476-404d-a020-047bdea52fa2 6d44fd195c7c4fc2aef8871aeda699c9 20f4c45987b04db5ac044211bbcaa5a7 - - default default] 10.0.0.205 "DELETE /v2.0/security-groups/2d969e50-81cd-4990-a299-9bcac30374eb HTTP/1.1" status: 404 len: 347 time: 0.0122540
2026-05-20 07:10:17.578 9 WARNING neutron_lib.context [None req-c55252c1-6901-4374-8b33-15456f3765b9 6d44fd195c7c4fc2aef8871aeda699c9 20f4c45987b04db5ac044211bbcaa5a7 - - default default] Method 'is_advsvc' is deprecated since 2023.2 release (neutron-lib 3.8.0) and will be removed once support for the old RBAC API policies will be removed from Neutron. Please use method 'is_service_role' instead.
2026-05-20 07:10:17.686 10 INFO neutron.api.wsgi [None req-81ddea54-102e-4919-9416-591a40219d39 fb108b637d884b3e9144a0e6bf5eda1a a6ee4beb8d4e40dca9f0aace40e55926 - - default default] 10.0.0.205 "PUT /v2.0/routers/2000caa7-5396-48d2-b51e-0d3cdc44e518/remove_router_interface HTTP/1.1" status: 200 len: 503 time: 0.6568177
2026-05-20 07:10:17.702 9 INFO neutron.db.ovn_revision_numbers_db [None req-c55252c1-6901-4374-8b33-15456f3765b9 6d44fd195c7c4fc2aef8871aeda699c9 20f4c45987b04db5ac044211bbcaa5a7 - - default default] Successfully bumped revision number for resource 1a37d2d2-89c9-4881-868d-e5ed76a1ab2c (type: security_groups) to 1
2026-05-20 07:10:17.713 9 INFO neutron.api.wsgi [None req-289c77fd-27d6-4349-a809-3bf6cb2cba20 fb108b637d884b3e9144a0e6bf5eda1a a6ee4beb8d4e40dca9f0aace40e55926 - - default default] 10.0.0.205 "GET /v2.0/ports?device_id=2000caa7-5396-48d2-b51e-0d3cdc44e518 HTTP/1.1" status: 200 len: 205 time: 0.0197394
2026-05-20 07:10:17.725 9 INFO neutron.db.ovn_revision_numbers_db [None req-c55252c1-6901-4374-8b33-15456f3765b9 6d44fd195c7c4fc2aef8871aeda699c9 20f4c45987b04db5ac044211bbcaa5a7 - - default default] Successfully bumped revision number for resource 71565adb-bb5f-49d5-bf3b-7e695bb29153 (type: security_group_rules) to 0
