2026-05-20 07:11:13.590 10 INFO neutron.db.ovn_revision_numbers_db [None req-7dcc0099-6088-4295-9af4-b5d778a843a6 3a00ca8b990f4b699494cad9a83425a0 d043a317684c4ae581ab906064600e79 - - default default] Successfully bumped revision number for resource ecfb5250-c124-4a23-8dc2-aa4b062f81cc (type: networks) to 2
2026-05-20 07:11:13.594 10 INFO neutron.api.wsgi [None req-7dcc0099-6088-4295-9af4-b5d778a843a6 3a00ca8b990f4b699494cad9a83425a0 d043a317684c4ae581ab906064600e79 - - default default] 10.0.0.205 "PUT /v2.0/networks/ecfb5250-c124-4a23-8dc2-aa4b062f81cc HTTP/1.1" status: 200 len: 792 time: 0.1433494
2026-05-20 07:11:13.603 10 WARNING neutron_lib.context [None req-b2d18d10-fd0e-4a88-bdf4-5929669fae9e 3a00ca8b990f4b699494cad9a83425a0 d043a317684c4ae581ab906064600e79 - - default default] Method 'is_advsvc' is deprecated since 2023.2 release (neutron-lib 3.8.0) and will be removed once support for the old RBAC API policies will be removed from Neutron. Please use method 'is_service_role' instead.
2026-05-20 07:11:13.761 10 WARNING neutron.scheduler.dhcp_agent_scheduler [None req-b2d18d10-fd0e-4a88-bdf4-5929669fae9e 3a00ca8b990f4b699494cad9a83425a0 d043a317684c4ae581ab906064600e79 - - default default] No more DHCP agents
2026-05-20 07:11:13.762 10 WARNING neutron.api.rpc.agentnotifiers.dhcp_rpc_agent_api [None req-b2d18d10-fd0e-4a88-bdf4-5929669fae9e 3a00ca8b990f4b699494cad9a83425a0 d043a317684c4ae581ab906064600e79 - - default default] Unable to schedule network ecfb5250-c124-4a23-8dc2-aa4b062f81cc: no agents available; will retry on subsequent port and subnet creation events.
2026-05-20 07:11:13.806 10 INFO neutron.api.wsgi [req-ff6f3889-5ac9-4d24-b83f-42e3ec5f4252 req-98189567-6393-49d8-a168-9a82424a6bcf 296365cf3ca647c494585ac884a2c5bd 07897250ef69478aa83c3e940291b0d6 - - 9bb0e01d9ab346938f9b498cf23c3601 9bb0e01d9ab346938f9b498cf23c3601] 199.19.213.121 "GET /v2.0/ports?tenant_id=84df36850ae44b8bb96f3aea7b310367&device_id=31bbf732-db94-417f-a338-46a354f3abc1 HTTP/1.1" status: 200 len: 1446 time: 0.0279112
2026-05-20 07:11:13.862 10 INFO neutron.api.wsgi [req-ff6f3889-5ac9-4d24-b83f-42e3ec5f4252 req-a5c1d666-020f-4244-9efd-5b6ef33f380d 296365cf3ca647c494585ac884a2c5bd 07897250ef69478aa83c3e940291b0d6 - - 9bb0e01d9ab346938f9b498cf23c3601 9bb0e01d9ab346938f9b498cf23c3601] 199.19.213.121 "GET /v2.0/networks?tenant_id=84df36850ae44b8bb96f3aea7b310367&shared=False HTTP/1.1" status: 200 len: 970 time: 0.0508354
2026-05-20 07:11:13.919 10 INFO neutron.api.wsgi [req-ff6f3889-5ac9-4d24-b83f-42e3ec5f4252 req-5c20d011-6438-4810-95cd-696e04bd45dd 296365cf3ca647c494585ac884a2c5bd 07897250ef69478aa83c3e940291b0d6 - - 9bb0e01d9ab346938f9b498cf23c3601 9bb0e01d9ab346938f9b498cf23c3601] 199.19.213.121 "GET /v2.0/networks?shared=True HTTP/1.1" status: 200 len: 952 time: 0.0520051
2026-05-20 07:11:13.940 9 INFO neutron.api.wsgi [req-489cbc92-1e4e-4daf-b09c-de33e6cf7f8a req-2b507a06-7de6-4d06-bd1e-1ad29e77a7d4 95a62c67598c43b89b07ac6c27339adb 4f5adb511d19433180caf1a65dbc2c63 - - default default] 10.0.0.88 "GET /v2.0/ports?device_id=a46e7dd8-23aa-4ab5-987a-c50e8b7b4bf9 HTTP/1.1" status: 200 len: 210 time: 0.0178788
2026-05-20 07:11:14.199 9 INFO neutron.api.wsgi [req-25ea558a-8ee0-457f-8c83-558530be2fef req-bb7d253f-b0d2-4765-a0f2-48946970211e 38361074550f4555971440711eda033e 84df36850ae44b8bb96f3aea7b310367 - - default default] 10.0.0.88 "GET /v2.0/ports?device_id=31bbf732-db94-417f-a338-46a354f3abc1 HTTP/1.1" status: 200 len: 1208 time: 0.0393376
2026-05-20 07:11:14.243 9 INFO neutron.api.wsgi [req-25ea558a-8ee0-457f-8c83-558530be2fef req-dd2f5619-85d4-45fd-be17-4e0246ab2861 38361074550f4555971440711eda033e 84df36850ae44b8bb96f3aea7b310367 - - default default] 10.0.0.88 "GET /v2.0/security-groups?id=355ab1fd-374b-4051-a30e-d63701633b5f&id=7a9828f8-a3ff-4bb0-8b70-5eba57f543ab&fields=id&fields=name HTTP/1.1" status: 200 len: 405 time: 0.0368922
2026-05-20 07:11:14.260 10 INFO neutron.db.ovn_revision_numbers_db [None req-f9d35792-eaf9-498f-8881-a2b67522e066 - - - - - -] Successfully bumped revision number for resource e6e7f886-87a9-4feb-aa0f-99ee10147f1c (type: ports) to 2
2026-05-20 07:11:14.287 10 INFO neutron.db.ovn_revision_numbers_db [None req-f9d35792-eaf9-498f-8881-a2b67522e066 - - - - - -] Successfully bumped revision number for resource 65037bb5-567f-41df-b273-057ddb24b38a (type: subnets) to 0
2026-05-20 07:11:14.301 10 INFO neutron.api.wsgi [None req-b2d18d10-fd0e-4a88-bdf4-5929669fae9e 3a00ca8b990f4b699494cad9a83425a0 d043a317684c4ae581ab906064600e79 - - default default] 10.0.0.205 "POST /v2.0/subnets HTTP/1.1" status: 201 len: 825 time: 0.7017136
2026-05-20 07:11:14.507 10 INFO neutron.db.ovn_revision_numbers_db [None req-2ac51d2d-fbf8-42c4-8eff-ba361ebe5e68 3a00ca8b990f4b699494cad9a83425a0 d043a317684c4ae581ab906064600e79 - - default default] Successfully bumped revision number for resource 65037bb5-567f-41df-b273-057ddb24b38a (type: subnets) to 1
2026-05-20 07:11:14.509 10 INFO neutron.api.wsgi [None req-2ac51d2d-fbf8-42c4-8eff-ba361ebe5e68 3a00ca8b990f4b699494cad9a83425a0 d043a317684c4ae581ab906064600e79 - - default default] 10.0.0.205 "PUT /v2.0/subnets/65037bb5-567f-41df-b273-057ddb24b38a HTTP/1.1" status: 200 len: 830 time: 0.2036259
2026-05-20 07:11:14.989 10 INFO neutron.api.wsgi [req-57c5cd31-c51b-4a63-b6f7-4df0a789f1a0 req-b483a19f-f8aa-4dc6-a332-b66c6214e6f3 296365cf3ca647c494585ac884a2c5bd 07897250ef69478aa83c3e940291b0d6 - - 9bb0e01d9ab346938f9b498cf23c3601 9bb0e01d9ab346938f9b498cf23c3601] 199.19.213.121 "GET /v2.0/ports?tenant_id=84df36850ae44b8bb96f3aea7b310367&device_id=31bbf732-db94-417f-a338-46a354f3abc1 HTTP/1.1" status: 200 len: 1446 time: 0.0554414
2026-05-20 07:11:14.990 10 INFO neutron.services.segments.plugin [-] Segment 08be3a3c-59ca-4eb7-9229-c5800596042b resource provider aggregate not found
2026-05-20 07:11:14.995 10 INFO neutron.services.segments.plugin [-] Segment 08be3a3c-59ca-4eb7-9229-c5800596042b resource provider aggregate not found
2026-05-20 07:11:15.015 10 INFO neutron.services.segments.plugin [-] Segment 08be3a3c-59ca-4eb7-9229-c5800596042b resource provider not found; error: Placement Client Error (4xx): {"errors": [{"status": 404, "title": "Not Found", "detail": "The resource could not be found.\n\n No resource provider with uuid 08be3a3c-59ca-4eb7-9229-c5800596042b found for delete ", "request_id": "req-f357cfb4-e807-438b-b309-c1f86c938ffc"}]}
2026-05-20 07:11:15.017 10 INFO neutron.services.segments.plugin [-] Segment 08be3a3c-59ca-4eb7-9229-c5800596042b resource provider not found; error: Placement Client Error (4xx): {"errors": [{"status": 404, "title": "Not Found", "detail": "The resource could not be found.\n\n No resource provider with uuid 08be3a3c-59ca-4eb7-9229-c5800596042b found for delete ", "request_id": "req-cc209205-f3fe-4fce-8336-f457f48bb1a8"}]}
2026-05-20 07:11:15.020 10 INFO neutron.api.wsgi [req-57c5cd31-c51b-4a63-b6f7-4df0a789f1a0 req-31400c69-0fa0-40dd-a8f4-9e057ff3cd55 296365cf3ca647c494585ac884a2c5bd 07897250ef69478aa83c3e940291b0d6 - - 9bb0e01d9ab346938f9b498cf23c3601 9bb0e01d9ab346938f9b498cf23c3601] 199.19.213.121 "GET /v2.0/floatingips?fixed_ip_address=10.100.0.9&port_id=cfd8685a-76c8-4fba-9a2f-e31bebc1beba HTTP/1.1" status: 200 len: 217 time: 0.0230491
2026-05-20 07:11:15.026 9 INFO neutron.api.wsgi [req-046379dc-54fc-4c73-a31a-74d899f37ea1 req-2ce40af1-889d-4855-b59d-c010354400e3 95a62c67598c43b89b07ac6c27339adb 4f5adb511d19433180caf1a65dbc2c63 - - default default] 10.0.0.88 "GET /v2.0/ports?device_id=a46e7dd8-23aa-4ab5-987a-c50e8b7b4bf9 HTTP/1.1" status: 200 len: 210 time: 0.0212195
2026-05-20 07:11:15.034 9 INFO neutron.api.wsgi [req-8f9b95ac-6187-462b-8db5-8b4608012889 req-beced693-2bb8-4908-82db-ed5dd8a896cc 95a62c67598c43b89b07ac6c27339adb 4f5adb511d19433180caf1a65dbc2c63 - - default default] 199.19.213.121 "GET /v2.0/networks?id=bf5e3f8c-be36-45d2-a5f5-b2cd9bebc3f5 HTTP/1.1" status: 200 len: 859 time: 0.0673990
2026-05-20 07:11:15.045 10 INFO neutron.api.wsgi [None req-db15db61-1f3c-4bab-90af-709011e1b301 3a00ca8b990f4b699494cad9a83425a0 d043a317684c4ae581ab906064600e79 - - default default] 10.0.0.205 "DELETE /v2.0/networks/ecfb5250-c124-4a23-8dc2-aa4b062f81cc HTTP/1.1" status: 204 len: 168 time: 0.5322533
2026-05-20 07:11:15.061 10 INFO neutron.pecan_wsgi.hooks.translation [None req-1b2fd4fa-23f7-4d52-930e-f40bbacdec65 3a00ca8b990f4b699494cad9a83425a0 d043a317684c4ae581ab906064600e79 - - default default] DELETE failed (client error): The resource could not be found.
2026-05-20 07:11:15.064 10 INFO neutron.api.wsgi [None req-1b2fd4fa-23f7-4d52-930e-f40bbacdec65 3a00ca8b990f4b699494cad9a83425a0 d043a317684c4ae581ab906064600e79 - - default default] 10.0.0.205 "DELETE /v2.0/networks/ecfb5250-c124-4a23-8dc2-aa4b062f81cc HTTP/1.1" status: 404 len: 339 time: 0.0148137
2026-05-20 07:11:15.071 10 INFO neutron.api.wsgi [req-57c5cd31-c51b-4a63-b6f7-4df0a789f1a0 req-bbe72120-f275-4d78-a454-b8af27f5aa7d 296365cf3ca647c494585ac884a2c5bd 07897250ef69478aa83c3e940291b0d6 - - 9bb0e01d9ab346938f9b498cf23c3601 9bb0e01d9ab346938f9b498cf23c3601] 199.19.213.121 "GET /v2.0/subnets?id=35c67873-23e5-423b-af36-26c6641976e3 HTTP/1.1" status: 200 len: 889 time: 0.0433605
2026-05-20 07:11:15.072 9 INFO neutron.api.wsgi [req-8f9b95ac-6187-462b-8db5-8b4608012889 req-7c2e02e2-4be0-4d97-86c2-a35abd35043c 95a62c67598c43b89b07ac6c27339adb 4f5adb511d19433180caf1a65dbc2c63 - - default default] 199.19.213.121 "GET /v2.0/security-groups?fields=id&fields=name&tenant_id=4f5adb511d19433180caf1a65dbc2c63 HTTP/1.1" status: 200 len: 472 time: 0.0356953
2026-05-20 07:11:15.082 9 WARNING neutron_lib.context [req-8f9b95ac-6187-462b-8db5-8b4608012889 req-980bc8c9-73b3-4073-b9b3-ab7102404d84 95a62c67598c43b89b07ac6c27339adb 4f5adb511d19433180caf1a65dbc2c63 - - default default] Method 'is_advsvc' is deprecated since 2023.2 release (neutron-lib 3.8.0) and will be removed once support for the old RBAC API policies will be removed from Neutron. Please use method 'is_service_role' instead.
2026-05-20 07:11:15.104 10 INFO neutron.api.wsgi [req-57c5cd31-c51b-4a63-b6f7-4df0a789f1a0 req-744358d2-6b6a-429c-94ed-3b2ee2f5fee2 296365cf3ca647c494585ac884a2c5bd 07897250ef69478aa83c3e940291b0d6 - - 9bb0e01d9ab346938f9b498cf23c3601 9bb0e01d9ab346938f9b498cf23c3601] 199.19.213.121 "GET /v2.0/ports?network_id=d4f0c51a-aa6e-4c25-90a0-6aa2be0c0fcd&device_owner=network%3Adhcp HTTP/1.1" status: 200 len: 210 time: 0.0257049
2026-05-20 07:11:15.144 10 INFO neutron.api.wsgi [None req-e94d7430-1b67-419c-a72b-6784c6066629 3a00ca8b990f4b699494cad9a83425a0 d043a317684c4ae581ab906064600e79 - - default default] 10.0.0.205 "GET /v2.0/networks?router%3Aexternal=True HTTP/1.1" status: 200 len: 845 time: 0.0720131
2026-05-20 07:11:15.164 10 INFO neutron.api.wsgi [req-57c5cd31-c51b-4a63-b6f7-4df0a789f1a0 req-f46cc161-9732-4f57-ab04-bfbe7f13cdb4 296365cf3ca647c494585ac884a2c5bd 07897250ef69478aa83c3e940291b0d6 - - 9bb0e01d9ab346938f9b498cf23c3601 9bb0e01d9ab346938f9b498cf23c3601] 199.19.213.121 "GET /v2.0/networks/d4f0c51a-aa6e-4c25-90a0-6aa2be0c0fcd?fields=segments HTTP/1.1" status: 200 len: 212 time: 0.0535159
2026-05-20 07:11:15.183 9 INFO neutron.api.wsgi [None req-878b49c1-ceb7-433c-a39b-4060f2d99093 3a00ca8b990f4b699494cad9a83425a0 d043a317684c4ae581ab906064600e79 - - default default] 10.0.0.205 "GET /v2.0/subnets?network_id=c44ab934-c330-4f5c-a6a9-48e2107a84ce HTTP/1.1" status: 200 len: 843 time: 0.0333793
2026-05-20 07:11:15.194 10 INFO neutron.api.wsgi [None req-686bf61c-9c60-4c17-a73c-c533570317ba 3a00ca8b990f4b699494cad9a83425a0 d043a317684c4ae581ab906064600e79 - - default default] 10.0.0.205 "GET /v2.0/extensions HTTP/1.1" status: 200 len: 19293 time: 0.0051346
2026-05-20 07:11:15.231 10 INFO neutron.api.wsgi [req-57c5cd31-c51b-4a63-b6f7-4df0a789f1a0 req-aba865c9-20e8-4962-84f2-de795b731a4b 296365cf3ca647c494585ac884a2c5bd 07897250ef69478aa83c3e940291b0d6 - - 9bb0e01d9ab346938f9b498cf23c3601 9bb0e01d9ab346938f9b498cf23c3601] 199.19.213.121 "GET /v2.0/networks/d4f0c51a-aa6e-4c25-90a0-6aa2be0c0fcd?fields=provider%3Aphysical_network&fields=provider%3Anetwork_type HTTP/1.1" status: 200 len: 277 time: 0.0612757
2026-05-20 07:11:15.255 10 INFO neutron.api.wsgi [None req-2ab690af-26b3-4c39-8931-414693ff0e5c 3a00ca8b990f4b699494cad9a83425a0 d043a317684c4ae581ab906064600e79 - - default default] 10.0.0.205 "GET /v2.0/networks HTTP/1.1" status: 200 len: 1504 time: 0.0549920
2026-05-20 07:11:15.289 10 INFO neutron.api.wsgi [None req-f20c63f6-074d-4576-be7c-b08904eb39e9 3a00ca8b990f4b699494cad9a83425a0 d043a317684c4ae581ab906064600e79 - - default default] 10.0.0.205 "GET /v2.0/subnets HTTP/1.1" status: 200 len: 1475 time: 0.0273514
2026-05-20 07:11:15.333 9 INFO neutron.api.wsgi [req-dc2393dc-ad87-4aa1-b5a4-3b288eacb33a req-3e0e9f89-8df3-4e91-a71b-ca098d089fc0 38361074550f4555971440711eda033e 84df36850ae44b8bb96f3aea7b310367 - - default default] 10.0.0.88 "GET /v2.0/ports?device_id=31bbf732-db94-417f-a338-46a354f3abc1 HTTP/1.1" status: 200 len: 1208 time: 0.0322351
2026-05-20 07:11:15.334 10 INFO neutron.api.wsgi [None req-c28ecb9f-e289-423f-997f-44226b303c73 3a00ca8b990f4b699494cad9a83425a0 d043a317684c4ae581ab906064600e79 - - default default] 10.0.0.205 "GET /v2.0/networks/6e426100-81ac-4388-99a7-17f3990097a1 HTTP/1.1" status: 200 len: 863 time: 0.0374374 /var/lib/openstack/lib/python3.12/site-packages/pycadf/identifier.py:71: UserWarning: Invalid uuid: neutron. To ensure interoperability, identifiers should be a valid uuid. warnings.warn(('Invalid uuid: %s. To ensure interoperability, '
2026-05-20 07:11:15.367 10 INFO neutron.api.wsgi [None req-e8e131d5-ed49-44ec-a1b9-e16b782ea226 3a00ca8b990f4b699494cad9a83425a0 d043a317684c4ae581ab906064600e79 - - default default] 10.0.0.205 "GET /v2.0/subnets/2ea4fb99-730a-4378-a979-316a1c4eab09 HTTP/1.1" status: 200 len: 835 time: 0.0260003
2026-05-20 07:11:15.380 9 INFO neutron.api.wsgi [req-dc2393dc-ad87-4aa1-b5a4-3b288eacb33a req-b87c60d0-6987-425b-8a76-98905f84b12e 38361074550f4555971440711eda033e 84df36850ae44b8bb96f3aea7b310367 - - default default] 10.0.0.88 "GET /v2.0/security-groups?id=355ab1fd-374b-4051-a30e-d63701633b5f&id=7a9828f8-a3ff-4bb0-8b70-5eba57f543ab&fields=id&fields=name HTTP/1.1" status: 200 len: 405 time: 0.0388196
2026-05-20 07:11:15.380 9 WARNING neutron.scheduler.dhcp_agent_scheduler [req-8f9b95ac-6187-462b-8db5-8b4608012889 req-980bc8c9-73b3-4073-b9b3-ab7102404d84 95a62c67598c43b89b07ac6c27339adb 4f5adb511d19433180caf1a65dbc2c63 - - default default] No more DHCP agents
2026-05-20 07:11:15.381 9 WARNING neutron.api.rpc.agentnotifiers.dhcp_rpc_agent_api [req-8f9b95ac-6187-462b-8db5-8b4608012889 req-980bc8c9-73b3-4073-b9b3-ab7102404d84 95a62c67598c43b89b07ac6c27339adb 4f5adb511d19433180caf1a65dbc2c63 - - default default] Unable to schedule network bf5e3f8c-be36-45d2-a5f5-b2cd9bebc3f5: no agents available; will retry on subsequent port and subnet creation events.
2026-05-20 07:11:15.384 10 INFO neutron.pecan_wsgi.hooks.translation [None req-ecb4ff77-0acc-4eb4-b020-f9a124085e42 3a00ca8b990f4b699494cad9a83425a0 d043a317684c4ae581ab906064600e79 - - default default] DELETE failed (client error): The resource could not be found.
2026-05-20 07:11:15.387 10 INFO neutron.api.wsgi [None req-ecb4ff77-0acc-4eb4-b020-f9a124085e42 3a00ca8b990f4b699494cad9a83425a0 d043a317684c4ae581ab906064600e79 - - default default] 10.0.0.205 "DELETE /v2.0/subnets/65037bb5-567f-41df-b273-057ddb24b38a HTTP/1.1" status: 404 len: 337 time: 0.0138350
2026-05-20 07:11:15.401 10 INFO neutron.pecan_wsgi.hooks.translation [None req-7256dbfe-7966-4006-9704-4a26a5887402 3a00ca8b990f4b699494cad9a83425a0 d043a317684c4ae581ab906064600e79 - - default default] DELETE failed (client error): The resource could not be found.
2026-05-20 07:11:15.404 10 INFO neutron.api.wsgi [None req-7256dbfe-7966-4006-9704-4a26a5887402 3a00ca8b990f4b699494cad9a83425a0 d043a317684c4ae581ab906064600e79 - - default default] 10.0.0.205 "DELETE /v2.0/networks/ecfb5250-c124-4a23-8dc2-aa4b062f81cc HTTP/1.1" status: 404 len: 339 time: 0.0129044
2026-05-20 07:11:15.521 9 INFO neutron.db.ovn_revision_numbers_db [req-8f9b95ac-6187-462b-8db5-8b4608012889 req-980bc8c9-73b3-4073-b9b3-ab7102404d84 95a62c67598c43b89b07ac6c27339adb 4f5adb511d19433180caf1a65dbc2c63 - - default default] Successfully bumped revision number for resource db9ff4df-aa83-47ca-a108-af80850715d4 (type: ports) to 1
2026-05-20 07:11:15.546 9 INFO neutron.api.wsgi [req-8f9b95ac-6187-462b-8db5-8b4608012889 req-980bc8c9-73b3-4073-b9b3-ab7102404d84 95a62c67598c43b89b07ac6c27339adb 4f5adb511d19433180caf1a65dbc2c63 - - default default] 199.19.213.121 "POST /v2.0/ports HTTP/1.1" status: 201 len: 1158 time: 0.4683206 /var/lib/openstack/lib/python3.12/site-packages/pycadf/identifier.py:71: UserWarning: Invalid uuid: neutron. To ensure interoperability, identifiers should be a valid uuid. warnings.warn(('Invalid uuid: %s. To ensure interoperability, '
2026-05-20 07:11:15.572 10 INFO neutron.api.wsgi [None req-ee610b77-9a4c-4e9f-bfb2-a11e7005d58e 3a00ca8b990f4b699494cad9a83425a0 d043a317684c4ae581ab906064600e79 - - default default] 10.0.0.205 "DELETE /v2.0/subnets/2ea4fb99-730a-4378-a979-316a1c4eab09 HTTP/1.1" status: 204 len: 168 time: 0.1637485
2026-05-20 07:11:15.853 10 INFO neutron.api.wsgi [None req-0f8f29ef-a713-4c31-adfd-529092178018 3a00ca8b990f4b699494cad9a83425a0 d043a317684c4ae581ab906064600e79 - - default default] 10.0.0.205 "DELETE /v2.0/networks/6e426100-81ac-4388-99a7-17f3990097a1 HTTP/1.1" status: 204 len: 168 time: 0.2759292
2026-05-20 07:11:15.917 9 INFO neutron.db.ovn_revision_numbers_db [req-8f9b95ac-6187-462b-8db5-8b4608012889 req-8a96038c-4c0d-4f80-93df-b1b7702975d5 296365cf3ca647c494585ac884a2c5bd 07897250ef69478aa83c3e940291b0d6 - - 9bb0e01d9ab346938f9b498cf23c3601 9bb0e01d9ab346938f9b498cf23c3601] Successfully bumped revision number for resource db9ff4df-aa83-47ca-a108-af80850715d4 (type: ports) to 2
2026-05-20 07:11:16.008 10 INFO neutron.db.ovn_revision_numbers_db [None req-9d4ed0e9-0895-46e6-b731-9f00e061855e ab628ee62b214545be46d2bbc2e265f7 455f8fdf6aad4dadb003a1815790c9ca - - default default] Successfully bumped revision number for resource 96cc340c-0ce0-4fec-8862-3e1a8a1d4fd4 (type: security_groups) to 1
2026-05-20 07:11:16.021 10 INFO neutron.db.ovn_revision_numbers_db [None req-9d4ed0e9-0895-46e6-b731-9f00e061855e ab628ee62b214545be46d2bbc2e265f7 455f8fdf6aad4dadb003a1815790c9ca - - default default] Successfully bumped revision number for resource 06b8f8f6-d3e7-4a98-922c-9b95d8dc9d8c (type: security_group_rules) to 0
2026-05-20 07:11:16.033 10 INFO neutron.db.ovn_revision_numbers_db [None req-9d4ed0e9-0895-46e6-b731-9f00e061855e ab628ee62b214545be46d2bbc2e265f7 455f8fdf6aad4dadb003a1815790c9ca - - default default] Successfully bumped revision number for resource 578487b6-1cc2-42fc-a3b0-2aa9b3568371 (type: security_group_rules) to 0
2026-05-20 07:11:16.045 10 INFO neutron.db.ovn_revision_numbers_db [None req-9d4ed0e9-0895-46e6-b731-9f00e061855e ab628ee62b214545be46d2bbc2e265f7 455f8fdf6aad4dadb003a1815790c9ca - - default default] Successfully bumped revision number for resource 87a27323-3299-4071-915b-8fdcac56df60 (type: security_group_rules) to 0
2026-05-20 07:11:16.064 10 INFO neutron.db.ovn_revision_numbers_db [None req-9d4ed0e9-0895-46e6-b731-9f00e061855e ab628ee62b214545be46d2bbc2e265f7 455f8fdf6aad4dadb003a1815790c9ca - - default default] Successfully bumped revision number for resource cee04e44-d302-46a4-ab43-b83d37233a52 (type: security_group_rules) to 0 /var/lib/openstack/lib/python3.12/site-packages/pycadf/identifier.py:71: UserWarning: Invalid uuid: neutron. To ensure interoperability, identifiers should be a valid uuid. warnings.warn(('Invalid uuid: %s. To ensure interoperability, '
2026-05-20 07:11:16.100 10 INFO neutron.api.wsgi [None req-9d4ed0e9-0895-46e6-b731-9f00e061855e ab628ee62b214545be46d2bbc2e265f7 455f8fdf6aad4dadb003a1815790c9ca - - default default] 10.0.0.205 "GET /v2.0/security-groups?tenant_id=c1198537a6ca4acf8184765f35ce2bf3&name=default HTTP/1.1" status: 200 len: 3120 time: 0.3559587
2026-05-20 07:11:16.117 9 INFO neutron.db.ovn_revision_numbers_db [req-8f9b95ac-6187-462b-8db5-8b4608012889 req-8a96038c-4c0d-4f80-93df-b1b7702975d5 296365cf3ca647c494585ac884a2c5bd 07897250ef69478aa83c3e940291b0d6 - - 9bb0e01d9ab346938f9b498cf23c3601 9bb0e01d9ab346938f9b498cf23c3601] Successfully bumped revision number for resource db9ff4df-aa83-47ca-a108-af80850715d4 (type: ports) to 4
2026-05-20 07:11:16.141 9 INFO neutron.api.wsgi [req-8f9b95ac-6187-462b-8db5-8b4608012889 req-8a96038c-4c0d-4f80-93df-b1b7702975d5 296365cf3ca647c494585ac884a2c5bd 07897250ef69478aa83c3e940291b0d6 - - 9bb0e01d9ab346938f9b498cf23c3601 9bb0e01d9ab346938f9b498cf23c3601] 199.19.213.121 "PUT /v2.0/ports/db9ff4df-aa83-47ca-a108-af80850715d4 HTTP/1.1" status: 200 len: 1404 time: 0.5845370
2026-05-20 07:11:16.169 9 INFO neutron.api.wsgi [req-4a13544f-ada5-412a-9bb7-d7e9b0c9b88e req-84ee1261-7a40-4a0f-9fa9-bcd01a0eadd3 95a62c67598c43b89b07ac6c27339adb 4f5adb511d19433180caf1a65dbc2c63 - - default default] 10.0.0.88 "GET /v2.0/ports?device_id=a46e7dd8-23aa-4ab5-987a-c50e8b7b4bf9 HTTP/1.1" status: 200 len: 1168 time: 0.0763183
2026-05-20 07:11:16.181 9 INFO neutron.notifiers.nova [-] Nova event matching ['req-73946b91-2231-4c53-9bf6-db8a26a82ad9'] response: {'name': 'network-changed', 'server_uuid': 'a46e7dd8-23aa-4ab5-987a-c50e8b7b4bf9', 'tag': 'db9ff4df-aa83-47ca-a108-af80850715d4', 'status': 'completed', 'code': 200}
2026-05-20 07:11:16.208 9 INFO neutron.api.wsgi [req-4a13544f-ada5-412a-9bb7-d7e9b0c9b88e req-b3cf79ef-3519-44c4-b7fc-061d19052421 95a62c67598c43b89b07ac6c27339adb 4f5adb511d19433180caf1a65dbc2c63 - - default default] 10.0.0.88 "GET /v2.0/security-groups?id=1843c875-b1ca-4bc7-8eb3-99b623afaa9d&fields=id&fields=name HTTP/1.1" status: 200 len: 312 time: 0.0322738
2026-05-20 07:11:16.331 10 INFO neutron.api.wsgi [None req-b269dd3c-e4a7-41a6-8be5-4a6934adbcda ab628ee62b214545be46d2bbc2e265f7 455f8fdf6aad4dadb003a1815790c9ca - - default default] 10.0.0.205 "DELETE /v2.0/security-groups/96cc340c-0ce0-4fec-8862-3e1a8a1d4fd4 HTTP/1.1" status: 204 len: 168 time: 0.2255015
2026-05-20 07:11:16.435 10 INFO neutron.api.wsgi [None req-1fba8ffe-89dd-4ecb-8117-0df9f10c9f50 ab628ee62b214545be46d2bbc2e265f7 455f8fdf6aad4dadb003a1815790c9ca - - default default] 10.0.0.205 "GET /v2.0/security-groups?tenant_id=d043a317684c4ae581ab906064600e79&name=default HTTP/1.1" status: 200 len: 3120 time: 0.1251132
2026-05-20 07:11:16.473 9 INFO neutron.api.wsgi [req-c927b088-6e50-4f8a-b879-e70f147fc47b req-b6ea3a3b-b5fe-4878-809e-491a6c55858f 38361074550f4555971440711eda033e 84df36850ae44b8bb96f3aea7b310367 - - default default] 10.0.0.88 "GET /v2.0/ports?device_id=31bbf732-db94-417f-a338-46a354f3abc1 HTTP/1.1" status: 200 len: 1208 time: 0.0348339
2026-05-20 07:11:16.512 9 INFO neutron.api.wsgi [req-c927b088-6e50-4f8a-b879-e70f147fc47b req-46c2acf1-d274-4f3d-a6f9-0d64a1e9d7aa 38361074550f4555971440711eda033e 84df36850ae44b8bb96f3aea7b310367 - - default default] 10.0.0.88 "GET /v2.0/security-groups?id=355ab1fd-374b-4051-a30e-d63701633b5f&id=7a9828f8-a3ff-4bb0-8b70-5eba57f543ab&fields=id&fields=name HTTP/1.1" status: 200 len: 405 time: 0.0322196
2026-05-20 07:11:16.624 10 INFO neutron.api.wsgi [None req-2c859c2a-4b20-41d4-ba2d-05b77086a21f ab628ee62b214545be46d2bbc2e265f7 455f8fdf6aad4dadb003a1815790c9ca - - default default] 10.0.0.205 "DELETE /v2.0/security-groups/064e29eb-ce85-4aaa-8036-9b066a330ba6 HTTP/1.1" status: 204 len: 168 time: 0.1849086
2026-05-20 07:11:16.721 9 INFO neutron.api.wsgi [req-41eadea9-7522-4feb-beee-850b863bdf36 req-467db1f4-b006-4413-b4ab-d38689e9ed71 296365cf3ca647c494585ac884a2c5bd 07897250ef69478aa83c3e940291b0d6 - - 9bb0e01d9ab346938f9b498cf23c3601 9bb0e01d9ab346938f9b498cf23c3601] 199.19.213.121 "GET /v2.0/ports?tenant_id=4f5adb511d19433180caf1a65dbc2c63&device_id=a46e7dd8-23aa-4ab5-987a-c50e8b7b4bf9 HTTP/1.1" status: 200 len: 1407 time: 0.0325849
2026-05-20 07:11:16.772 9 INFO neutron.api.wsgi [req-41eadea9-7522-4feb-beee-850b863bdf36 req-e7a3a61d-f01f-4e56-82ed-fc24a0c91aeb 296365cf3ca647c494585ac884a2c5bd 07897250ef69478aa83c3e940291b0d6 - - 9bb0e01d9ab346938f9b498cf23c3601 9bb0e01d9ab346938f9b498cf23c3601] 199.19.213.121 "GET /v2.0/networks?tenant_id=4f5adb511d19433180caf1a65dbc2c63&shared=False HTTP/1.1" status: 200 len: 958 time: 0.0439181
2026-05-20 07:11:16.823 9 INFO neutron.api.wsgi [req-41eadea9-7522-4feb-beee-850b863bdf36 req-60942750-72ee-4dbe-97b3-398488e82d3e 296365cf3ca647c494585ac884a2c5bd 07897250ef69478aa83c3e940291b0d6 - - 9bb0e01d9ab346938f9b498cf23c3601 9bb0e01d9ab346938f9b498cf23c3601] 199.19.213.121 "GET /v2.0/networks?shared=True HTTP/1.1" status: 200 len: 952 time: 0.0459583
2026-05-20 07:11:17.040 10 INFO neutron.services.segments.plugin [-] Segment 39bec4db-2ef2-4562-886c-26471d4a9d3d resource provider aggregate not found
2026-05-20 07:11:17.046 10 INFO neutron.services.segments.plugin [-] Segment 39bec4db-2ef2-4562-886c-26471d4a9d3d resource provider aggregate not found
2026-05-20 07:11:17.062 10 INFO neutron.services.segments.plugin [-] Segment 39bec4db-2ef2-4562-886c-26471d4a9d3d resource provider not found; error: Placement Client Error (4xx): {"errors": [{"status": 404, "title": "Not Found", "detail": "The resource could not be found.\n\n No resource provider with uuid 39bec4db-2ef2-4562-886c-26471d4a9d3d found for delete ", "request_id": "req-252e41f3-a8c0-4be1-80eb-90f0dc42c053"}]}
2026-05-20 07:11:17.063 10 INFO neutron.services.segments.plugin [-] Segment 39bec4db-2ef2-4562-886c-26471d4a9d3d resource provider not found; error: Placement Client Error (4xx): {"errors": [{"status": 404, "title": "Not Found", "detail": "The resource could not be found.\n\n No resource provider with uuid 39bec4db-2ef2-4562-886c-26471d4a9d3d found for delete ", "request_id": "req-ad951325-b240-49dc-a1d4-ca02e6c6895f"}]}
2026-05-20 07:11:17.311 9 INFO neutron.api.wsgi [req-94406b1b-ce6b-43d5-9b3a-2e45bd67c959 req-f75e99ed-d792-454c-a21f-6d708d221e23 95a62c67598c43b89b07ac6c27339adb 4f5adb511d19433180caf1a65dbc2c63 - - default default] 10.0.0.88 "GET /v2.0/ports?device_id=a46e7dd8-23aa-4ab5-987a-c50e8b7b4bf9 HTTP/1.1" status: 200 len: 1168 time: 0.0312765
2026-05-20 07:11:17.344 9 INFO neutron.api.wsgi [req-94406b1b-ce6b-43d5-9b3a-2e45bd67c959 req-f86faf19-d1af-4f41-beb7-8fa80b913359 95a62c67598c43b89b07ac6c27339adb 4f5adb511d19433180caf1a65dbc2c63 - - default default] 10.0.0.88 "GET /v2.0/security-groups?id=1843c875-b1ca-4bc7-8eb3-99b623afaa9d&fields=id&fields=name HTTP/1.1" status: 200 len: 312 time: 0.0284064
2026-05-20 07:11:17.596 9 INFO neutron.api.wsgi [req-c637aa4f-6c35-4a7a-8a05-0a378fe1d5c7 req-cad4a62a-06de-4b5f-bec2-b2bf34ee3d06 38361074550f4555971440711eda033e 84df36850ae44b8bb96f3aea7b310367 - - default default] 10.0.0.88 "GET /v2.0/ports?device_id=31bbf732-db94-417f-a338-46a354f3abc1 HTTP/1.1" status: 200 len: 1208 time: 0.0336292
2026-05-20 07:11:17.651 9 INFO neutron.api.wsgi [req-c637aa4f-6c35-4a7a-8a05-0a378fe1d5c7 req-d7def830-e0f5-4bdc-a0a8-d86188b6670b 38361074550f4555971440711eda033e 84df36850ae44b8bb96f3aea7b310367 - - default default] 10.0.0.88 "GET /v2.0/security-groups?id=355ab1fd-374b-4051-a30e-d63701633b5f&id=7a9828f8-a3ff-4bb0-8b70-5eba57f543ab&fields=id&fields=name HTTP/1.1" status: 200 len: 405 time: 0.0489075
2026-05-20 07:11:17.870 10 INFO neutron.api.wsgi [req-8f9b95ac-6187-462b-8db5-8b4608012889 req-28f804eb-0808-4b7f-9fae-23494c4af26b 296365cf3ca647c494585ac884a2c5bd 07897250ef69478aa83c3e940291b0d6 - - 9bb0e01d9ab346938f9b498cf23c3601 9bb0e01d9ab346938f9b498cf23c3601] 199.19.213.121 "GET /v2.0/ports?tenant_id=4f5adb511d19433180caf1a65dbc2c63&device_id=a46e7dd8-23aa-4ab5-987a-c50e8b7b4bf9 HTTP/1.1" status: 200 len: 1407 time: 0.0351858
2026-05-20 07:11:17.876 9 INFO neutron.api.wsgi [req-37e6cfef-1a36-4ca3-83a6-449ffe4a983d req-ab3263dc-8331-4214-b373-9b448827a8c8 296365cf3ca647c494585ac884a2c5bd 07897250ef69478aa83c3e940291b0d6 - - 9bb0e01d9ab346938f9b498cf23c3601 9bb0e01d9ab346938f9b498cf23c3601] 199.19.213.121 "GET /v2.0/ports?device_id=31bbf732-db94-417f-a338-46a354f3abc1 HTTP/1.1" status: 200 len: 1446 time: 0.0571332
2026-05-20 07:11:17.901 10 INFO neutron.api.wsgi [req-8f9b95ac-6187-462b-8db5-8b4608012889 req-ab01e408-6b09-4b96-8994-537c1c9ba858 296365cf3ca647c494585ac884a2c5bd 07897250ef69478aa83c3e940291b0d6 - - 9bb0e01d9ab346938f9b498cf23c3601 9bb0e01d9ab346938f9b498cf23c3601] 199.19.213.121 "GET /v2.0/floatingips?fixed_ip_address=10.100.0.4&port_id=db9ff4df-aa83-47ca-a108-af80850715d4 HTTP/1.1" status: 200 len: 217 time: 0.0212016
2026-05-20 07:11:17.916 9 INFO neutron.api.wsgi [req-37e6cfef-1a36-4ca3-83a6-449ffe4a983d req-3fa5be68-16da-4407-a67c-6a557c0ffa73 296365cf3ca647c494585ac884a2c5bd 07897250ef69478aa83c3e940291b0d6 - - 9bb0e01d9ab346938f9b498cf23c3601 9bb0e01d9ab346938f9b498cf23c3601] 199.19.213.121 "GET /v2.0/security-groups?id=355ab1fd-374b-4051-a30e-d63701633b5f&id=7a9828f8-a3ff-4bb0-8b70-5eba57f543ab&fields=id&fields=name HTTP/1.1" status: 200 len: 405 time: 0.0354719
2026-05-20 07:11:17.932 10 INFO neutron.api.wsgi [req-8f9b95ac-6187-462b-8db5-8b4608012889 req-1ddca662-17f9-4537-9a98-d89cc069b274 296365cf3ca647c494585ac884a2c5bd 07897250ef69478aa83c3e940291b0d6 - - 9bb0e01d9ab346938f9b498cf23c3601 9bb0e01d9ab346938f9b498cf23c3601] 199.19.213.121 "GET /v2.0/subnets?id=82105a17-a1e9-4e7e-99ff-f727d795c005 HTTP/1.1" status: 200 len: 875 time: 0.0247829
2026-05-20 07:11:17.966 10 INFO neutron.api.wsgi [req-8f9b95ac-6187-462b-8db5-8b4608012889 req-fa8e2bf9-c22d-4cf3-af55-c9437fae0d4b 296365cf3ca647c494585ac884a2c5bd 07897250ef69478aa83c3e940291b0d6 - - 9bb0e01d9ab346938f9b498cf23c3601 9bb0e01d9ab346938f9b498cf23c3601] 199.19.213.121 "GET /v2.0/ports?network_id=bf5e3f8c-be36-45d2-a5f5-b2cd9bebc3f5&device_owner=network%3Adhcp HTTP/1.1" status: 200 len: 210 time: 0.0204985
2026-05-20 07:11:18.023 10 INFO neutron.api.wsgi [req-8f9b95ac-6187-462b-8db5-8b4608012889 req-d1f43b18-91a4-46e9-abbd-491a6c445185 296365cf3ca647c494585ac884a2c5bd 07897250ef69478aa83c3e940291b0d6 - - 9bb0e01d9ab346938f9b498cf23c3601 9bb0e01d9ab346938f9b498cf23c3601] 199.19.213.121 "GET /v2.0/networks/bf5e3f8c-be36-45d2-a5f5-b2cd9bebc3f5?fields=segments HTTP/1.1" status: 200 len: 212 time: 0.0539563
2026-05-20 07:11:18.029 10 INFO neutron.plugins.ml2.drivers.ovn.mech_driver.mech_driver [None req-aff6ef0e-8789-4852-aa46-793d741d9b08 - - - - - -] OVN reports status up for port: cfd8685a-76c8-4fba-9a2f-e31bebc1beba
2026-05-20 07:11:18.047 10 INFO neutron.plugins.ml2.plugin [None req-aff6ef0e-8789-4852-aa46-793d741d9b08 - - - - - -] Attempt 1 to provision port cfd8685a-76c8-4fba-9a2f-e31bebc1beba
2026-05-20 07:11:18.076 10 INFO neutron.api.wsgi [req-8f9b95ac-6187-462b-8db5-8b4608012889 req-e840e9fd-769f-4737-b009-ab4ec07b054a 296365cf3ca647c494585ac884a2c5bd 07897250ef69478aa83c3e940291b0d6 - - 9bb0e01d9ab346938f9b498cf23c3601 9bb0e01d9ab346938f9b498cf23c3601] 199.19.213.121 "GET /v2.0/networks/bf5e3f8c-be36-45d2-a5f5-b2cd9bebc3f5?fields=provider%3Aphysical_network&fields=provider%3Anetwork_type HTTP/1.1" status: 200 len: 277 time: 0.0444813
2026-05-20 07:11:18.148 9 INFO neutron.api.wsgi [-] 10.0.0.78 "GET / HTTP/1.1" status: 200 len: 247 time: 0.0016665
2026-05-20 07:11:18.148 10 INFO neutron.api.wsgi [-] 10.0.0.78 "GET / HTTP/1.1" status: 200 len: 247 time: 0.0017400
2026-05-20 07:11:18.174 10 INFO neutron.notifiers.nova [-] Nova event matching ['req-987be7c3-ab2c-4f6c-a67c-f87419787d50'] response: {'server_uuid': '31bbf732-db94-417f-a338-46a354f3abc1', 'name': 'network-vif-plugged', 'status': 'completed', 'tag': 'cfd8685a-76c8-4fba-9a2f-e31bebc1beba', 'code': 200}
2026-05-20 07:11:18.258 10 INFO neutron.db.ovn_revision_numbers_db [None req-aff6ef0e-8789-4852-aa46-793d741d9b08 - - - - - -] Successfully bumped revision number for resource cfd8685a-76c8-4fba-9a2f-e31bebc1beba (type: ports) to 5
2026-05-20 07:11:18.446 9 INFO neutron.api.wsgi [req-4fcc2241-bf82-457a-98af-4368e1b3510d req-674757b1-3c83-439b-ab76-daef673c4681 95a62c67598c43b89b07ac6c27339adb 4f5adb511d19433180caf1a65dbc2c63 - - default default] 10.0.0.88 "GET /v2.0/ports?device_id=a46e7dd8-23aa-4ab5-987a-c50e8b7b4bf9 HTTP/1.1" status: 200 len: 1168 time: 0.0314031
2026-05-20 07:11:18.494 9 INFO neutron.api.wsgi [req-4fcc2241-bf82-457a-98af-4368e1b3510d req-25fee874-731b-4e63-9850-572c3e5b5917 95a62c67598c43b89b07ac6c27339adb 4f5adb511d19433180caf1a65dbc2c63 - - default default] 10.0.0.88 "GET /v2.0/security-groups?id=1843c875-b1ca-4bc7-8eb3-99b623afaa9d&fields=id&fields=name HTTP/1.1" status: 200 len: 312 time: 0.0426402
2026-05-20 07:11:18.537 9 WARNING neutron_lib.context [None req-8b913a7c-bd60-452b-ae64-d4629170315f 8010821fbd954902b4e64774c7eb39c0 0969371c8a1e4e7881e94c56ece766a7 - - default default] Method 'is_advsvc' is deprecated since 2023.2 release (neutron-lib 3.8.0) and will be removed once support for the old RBAC API policies will be removed from Neutron. Please use method 'is_service_role' instead. /var/lib/openstack/lib/python3.12/site-packages/pycadf/identifier.py:71: UserWarning: Invalid uuid: neutron. To ensure interoperability, identifiers should be a valid uuid. warnings.warn(('Invalid uuid: %s. To ensure interoperability, '
2026-05-20 07:11:18.674 9 INFO neutron.db.ovn_revision_numbers_db [None req-8b913a7c-bd60-452b-ae64-d4629170315f 8010821fbd954902b4e64774c7eb39c0 0969371c8a1e4e7881e94c56ece766a7 - - default default] Successfully bumped revision number for resource 89e8a584-e42d-49cf-bfa0-529514f5ee36 (type: security_groups) to 1
2026-05-20 07:11:18.699 9 INFO neutron.db.ovn_revision_numbers_db [None req-8b913a7c-bd60-452b-ae64-d4629170315f 8010821fbd954902b4e64774c7eb39c0 0969371c8a1e4e7881e94c56ece766a7 - - default default] Successfully bumped revision number for resource 036b318d-21e5-4be3-a97b-8cd828edf9eb (type: security_group_rules) to 0
2026-05-20 07:11:18.724 10 INFO neutron.db.ovn_revision_numbers_db [None req-d9be5264-ec63-413f-809f-667e73aa6f82 ab628ee62b214545be46d2bbc2e265f7 455f8fdf6aad4dadb003a1815790c9ca - - default default] Successfully bumped revision number for resource 6b72902d-5da6-4395-8e66-515f2f8b74cb (type: security_groups) to 1
2026-05-20 07:11:18.724 9 INFO neutron.db.ovn_revision_numbers_db [None req-8b913a7c-bd60-452b-ae64-d4629170315f 8010821fbd954902b4e64774c7eb39c0 0969371c8a1e4e7881e94c56ece766a7 - - default default] Successfully bumped revision number for resource 54068067-f690-4061-8094-3e41011a5cfa (type: security_group_rules) to 0
2026-05-20 07:11:18.740 10 INFO neutron.db.ovn_revision_numbers_db [None req-d9be5264-ec63-413f-809f-667e73aa6f82 ab628ee62b214545be46d2bbc2e265f7 455f8fdf6aad4dadb003a1815790c9ca - - default default] Successfully bumped revision number for resource 25710d2e-134a-46e9-9d3e-987e4865200d (type: security_group_rules) to 0
2026-05-20 07:11:18.742 9 INFO neutron.db.ovn_revision_numbers_db [None req-8b913a7c-bd60-452b-ae64-d4629170315f 8010821fbd954902b4e64774c7eb39c0 0969371c8a1e4e7881e94c56ece766a7 - - default default] Successfully bumped revision number for resource 62cd13f7-bf07-407e-aed5-f55e5150caff (type: security_group_rules) to 0
2026-05-20 07:11:18.755 10 INFO neutron.db.ovn_revision_numbers_db [None req-d9be5264-ec63-413f-809f-667e73aa6f82 ab628ee62b214545be46d2bbc2e265f7 455f8fdf6aad4dadb003a1815790c9ca - - default default] Successfully bumped revision number for resource 2e7e88f8-9a2a-40b4-ad60-f9acd73db63d (type: security_group_rules) to 0
2026-05-20 07:11:18.761 9 INFO neutron.db.ovn_revision_numbers_db [None req-8b913a7c-bd60-452b-ae64-d4629170315f 8010821fbd954902b4e64774c7eb39c0 0969371c8a1e4e7881e94c56ece766a7 - - default default] Successfully bumped revision number for resource efeb7ae0-9d39-4b5f-825d-eae3f28dcd81 (type: security_group_rules) to 0
2026-05-20 07:11:18.769 10 INFO neutron.db.ovn_revision_numbers_db [None req-d9be5264-ec63-413f-809f-667e73aa6f82 ab628ee62b214545be46d2bbc2e265f7 455f8fdf6aad4dadb003a1815790c9ca - - default default] Successfully bumped revision number for resource 43679025-6752-4eb3-9383-62523731f4d3 (type: security_group_rules) to 0
2026-05-20 07:11:18.786 10 INFO neutron.db.ovn_revision_numbers_db [None req-d9be5264-ec63-413f-809f-667e73aa6f82 ab628ee62b214545be46d2bbc2e265f7 455f8fdf6aad4dadb003a1815790c9ca - - default default] Successfully bumped revision number for resource 991f29e2-5e4e-4e02-92e9-654f26b254ed (type: security_group_rules) to 0
2026-05-20 07:11:18.791 9 INFO neutron.api.wsgi [req-d52d6639-4b99-4c60-b488-54203b312253 req-bec07360-82d5-40b6-8d51-c366dfea345b 38361074550f4555971440711eda033e 84df36850ae44b8bb96f3aea7b310367 - - default default] 10.0.0.88 "GET /v2.0/ports?device_id=31bbf732-db94-417f-a338-46a354f3abc1 HTTP/1.1" status: 200 len: 1210 time: 0.0766919
2026-05-20 07:11:18.824 10 INFO neutron.api.wsgi [None req-d9be5264-ec63-413f-809f-667e73aa6f82 ab628ee62b214545be46d2bbc2e265f7 455f8fdf6aad4dadb003a1815790c9ca - - default default] 10.0.0.205 "GET /v2.0/security-groups?tenant_id=2b4a95a4346f4f0cac88ee4ff4a0605d&name=default HTTP/1.1" status: 200 len: 3120 time: 0.2598536
2026-05-20 07:11:18.834 9 INFO neutron.api.wsgi [req-d52d6639-4b99-4c60-b488-54203b312253 req-bc07b7bc-ccff-4290-bce9-9ea9effdc73e 38361074550f4555971440711eda033e 84df36850ae44b8bb96f3aea7b310367 - - default default] 10.0.0.88 "GET /v2.0/security-groups?id=355ab1fd-374b-4051-a30e-d63701633b5f&id=7a9828f8-a3ff-4bb0-8b70-5eba57f543ab&fields=id&fields=name HTTP/1.1" status: 200 len: 405 time: 0.0362985
2026-05-20 07:11:18.909 9 INFO neutron.db.ovn_revision_numbers_db [None req-8b913a7c-bd60-452b-ae64-d4629170315f 8010821fbd954902b4e64774c7eb39c0 0969371c8a1e4e7881e94c56ece766a7 - - default default] Successfully bumped revision number for resource ed20c2e9-e86d-402e-8eb1-0f704bac8380 (type: security_groups) to 1
2026-05-20 07:11:18.925 9 INFO neutron.db.ovn_revision_numbers_db [None req-8b913a7c-bd60-452b-ae64-d4629170315f 8010821fbd954902b4e64774c7eb39c0 0969371c8a1e4e7881e94c56ece766a7 - - default default] Successfully bumped revision number for resource 878e73df-5954-4be0-9ed7-a2115016b143 (type: security_group_rules) to 0
2026-05-20 07:11:18.939 9 INFO neutron.db.ovn_revision_numbers_db [None req-8b913a7c-bd60-452b-ae64-d4629170315f 8010821fbd954902b4e64774c7eb39c0 0969371c8a1e4e7881e94c56ece766a7 - - default default] Successfully bumped revision number for resource 985f6a23-38d9-4ddf-87b1-e98c5f76bd6f (type: security_group_rules) to 0
2026-05-20 07:11:18.969 9 INFO neutron.api.wsgi [None req-8b913a7c-bd60-452b-ae64-d4629170315f 8010821fbd954902b4e64774c7eb39c0 0969371c8a1e4e7881e94c56ece766a7 - - default default] 10.0.0.205 "POST /v2.0/security-groups HTTP/1.1" status: 201 len: 1825 time: 0.5903921
2026-05-20 07:11:19.003 9 INFO neutron.api.wsgi [None req-7b70b168-ce60-4f19-bf5b-33729252aac6 8010821fbd954902b4e64774c7eb39c0 0969371c8a1e4e7881e94c56ece766a7 - - default default] 10.0.0.205 "GET /v2.0/security-groups HTTP/1.1" status: 200 len: 4725 time: 0.0280340
2026-05-20 07:11:19.028 10 INFO neutron.api.wsgi [None req-ecd00dd4-05b9-4cba-bd0d-d222948e7299 ab628ee62b214545be46d2bbc2e265f7 455f8fdf6aad4dadb003a1815790c9ca - - default default] 10.0.0.205 "DELETE /v2.0/security-groups/6b72902d-5da6-4395-8e66-515f2f8b74cb HTTP/1.1" status: 204 len: 168 time: 0.1991615
2026-05-20 07:11:19.075 9 INFO neutron.db.ovn_revision_numbers_db [None req-5d5c0e91-b7c3-47ca-86a0-9036653d11a3 8010821fbd954902b4e64774c7eb39c0 0969371c8a1e4e7881e94c56ece766a7 - - default default] Successfully bumped revision number for resource ed20c2e9-e86d-402e-8eb1-0f704bac8380 (type: security_groups) to 2
2026-05-20 07:11:19.098 9 INFO neutron.api.wsgi [None req-5d5c0e91-b7c3-47ca-86a0-9036653d11a3 8010821fbd954902b4e64774c7eb39c0 0969371c8a1e4e7881e94c56ece766a7 - - default default] 10.0.0.205 "PUT /v2.0/security-groups/ed20c2e9-e86d-402e-8eb1-0f704bac8380 HTTP/1.1" status: 200 len: 1859 time: 0.0900326
2026-05-20 07:11:19.127 9 INFO neutron.api.wsgi [None req-e35b4ba8-74a3-4133-a871-b50555f47b27 8010821fbd954902b4e64774c7eb39c0 0969371c8a1e4e7881e94c56ece766a7 - - default default] 10.0.0.205 "GET /v2.0/security-groups/ed20c2e9-e86d-402e-8eb1-0f704bac8380 HTTP/1.1" status: 200 len: 1859 time: 0.0237541
2026-05-20 07:11:19.240 9 INFO neutron.api.wsgi [None req-0c2d804c-ce5f-4eae-a70e-054355245d18 8010821fbd954902b4e64774c7eb39c0 0969371c8a1e4e7881e94c56ece766a7 - - default default] 10.0.0.205 "DELETE /v2.0/security-groups/ed20c2e9-e86d-402e-8eb1-0f704bac8380 HTTP/1.1" status: 204 len: 168 time: 0.1079361
2026-05-20 07:11:19.342 9 INFO neutron.api.wsgi [None req-4fe3a486-7681-47f4-8b9d-6bc0784e2a07 8010821fbd954902b4e64774c7eb39c0 0969371c8a1e4e7881e94c56ece766a7 - - default default] 10.0.0.205 "GET /v2.0/security-groups HTTP/1.1" status: 200 len: 3120 time: 0.0946565
2026-05-20 07:11:19.355 9 INFO neutron.api.v2.resource [None req-7aa4cc12-e45b-4595-add6-2b29ab65f6d8 8010821fbd954902b4e64774c7eb39c0 0969371c8a1e4e7881e94c56ece766a7 - - default default] delete failed (client error): The resource could not be found.
2026-05-20 07:11:19.356 9 INFO neutron.api.wsgi [None req-7aa4cc12-e45b-4595-add6-2b29ab65f6d8 8010821fbd954902b4e64774c7eb39c0 0969371c8a1e4e7881e94c56ece766a7 - - default default] 10.0.0.205 "DELETE /v2.0/security-groups/ed20c2e9-e86d-402e-8eb1-0f704bac8380 HTTP/1.1" status: 404 len: 347 time: 0.0087836
2026-05-20 07:11:19.365 9 WARNING neutron_lib.context [None req-35b6b981-5117-4879-9adc-0234dec3a89a 8010821fbd954902b4e64774c7eb39c0 0969371c8a1e4e7881e94c56ece766a7 - - default default] Method 'is_advsvc' is deprecated since 2023.2 release (neutron-lib 3.8.0) and will be removed once support for the old RBAC API policies will be removed from Neutron. Please use method 'is_service_role' instead.
2026-05-20 07:11:19.512 9 INFO neutron.db.ovn_revision_numbers_db [None req-35b6b981-5117-4879-9adc-0234dec3a89a 8010821fbd954902b4e64774c7eb39c0 0969371c8a1e4e7881e94c56ece766a7 - - default default] Successfully bumped revision number for resource 8e75eeaf-8045-441a-b202-576da8b4dfbc (type: security_groups) to 1
2026-05-20 07:11:19.525 9 INFO neutron.db.ovn_revision_numbers_db [None req-35b6b981-5117-4879-9adc-0234dec3a89a 8010821fbd954902b4e64774c7eb39c0 0969371c8a1e4e7881e94c56ece766a7 - - default default] Successfully bumped revision number for resource 00e89737-5ce1-4f2d-9627-2da4f79f9045 (type: security_group_rules) to 0
2026-05-20 07:11:19.539 9 INFO neutron.db.ovn_revision_numbers_db [None req-35b6b981-5117-4879-9adc-0234dec3a89a 8010821fbd954902b4e64774c7eb39c0 0969371c8a1e4e7881e94c56ece766a7 - - default default] Successfully bumped revision number for resource 19f4910c-c2a7-4ae8-ae39-f60578c97a58 (type: security_group_rules) to 0
2026-05-20 07:11:19.586 9 INFO neutron.api.wsgi [None req-35b6b981-5117-4879-9adc-0234dec3a89a 8010821fbd954902b4e64774c7eb39c0 0969371c8a1e4e7881e94c56ece766a7 - - default default] 10.0.0.205 "POST /v2.0/security-groups HTTP/1.1" status: 201 len: 1825 time: 0.2240813
2026-05-20 07:11:19.596 10 WARNING neutron_lib.context [None req-48e9ecab-17ca-4865-b624-85f400b01b44 8010821fbd954902b4e64774c7eb39c0 0969371c8a1e4e7881e94c56ece766a7 - - default default] Method 'is_advsvc' is deprecated since 2023.2 release (neutron-lib 3.8.0) and will be removed once support for the old RBAC API policies will be removed from Neutron. Please use method 'is_service_role' instead.
2026-05-20 07:11:19.604 9 INFO neutron.api.wsgi [req-1a79a889-6f8b-414c-b18e-c5f02fa02149 req-3e96bc45-b2ac-4a82-ae83-84f101ac6419 95a62c67598c43b89b07ac6c27339adb 4f5adb511d19433180caf1a65dbc2c63 - - default default] 10.0.0.88 "GET /v2.0/ports?device_id=a46e7dd8-23aa-4ab5-987a-c50e8b7b4bf9 HTTP/1.1" status: 200 len: 1168 time: 0.0366282
2026-05-20 07:11:19.641 9 INFO neutron.api.wsgi [req-1a79a889-6f8b-414c-b18e-c5f02fa02149 req-ea86ea69-af0b-4028-82d3-bd574964543c 95a62c67598c43b89b07ac6c27339adb 4f5adb511d19433180caf1a65dbc2c63 - - default default] 10.0.0.88 "GET /v2.0/security-groups?id=1843c875-b1ca-4bc7-8eb3-99b623afaa9d&fields=id&fields=name HTTP/1.1" status: 200 len: 312 time: 0.0335140
2026-05-20 07:11:19.720 10 INFO neutron.db.ovn_revision_numbers_db [None req-48e9ecab-17ca-4865-b624-85f400b01b44 8010821fbd954902b4e64774c7eb39c0 0969371c8a1e4e7881e94c56ece766a7 - - default default] Successfully bumped revision number for resource 0b5b15e7-4346-4b4b-a6af-257a43da0c84 (type: security_group_rules) to 0
2026-05-20 07:11:19.748 10 INFO neutron.api.wsgi [None req-48e9ecab-17ca-4865-b624-85f400b01b44 8010821fbd954902b4e64774c7eb39c0 0969371c8a1e4e7881e94c56ece766a7 - - default default] 10.0.0.205 "POST /v2.0/security-group-rules HTTP/1.1" status: 201 len: 800 time: 0.1564195
2026-05-20 07:11:19.769 10 INFO neutron.api.wsgi [None req-aee1279b-e12c-4565-84b8-4fc147d78896 8010821fbd954902b4e64774c7eb39c0 0969371c8a1e4e7881e94c56ece766a7 - - default default] 10.0.0.205 "GET /v2.0/security-group-rules/0b5b15e7-4346-4b4b-a6af-257a43da0c84 HTTP/1.1" status: 200 len: 795 time: 0.0161266
2026-05-20 07:11:19.828 10 INFO neutron.api.wsgi [None req-7a154cbd-eb4d-435b-8699-30e57fe6e627 8010821fbd954902b4e64774c7eb39c0 0969371c8a1e4e7881e94c56ece766a7 - - default default] 10.0.0.205 "GET /v2.0/security-group-rules HTTP/1.1" status: 200 len: 4333 time: 0.0537977
2026-05-20 07:11:19.925 9 INFO neutron.api.wsgi [req-ba6ea2d9-7eda-4d36-a619-0d7f23adb9e1 req-38c57078-a96a-4937-865a-e77da660d80c 38361074550f4555971440711eda033e 84df36850ae44b8bb96f3aea7b310367 - - default default] 10.0.0.88 "GET /v2.0/ports?device_id=31bbf732-db94-417f-a338-46a354f3abc1 HTTP/1.1" status: 200 len: 1210 time: 0.0308487
2026-05-20 07:11:19.934 10 INFO neutron.api.wsgi [None req-52647780-bd55-4506-9833-025dd9c3568c 8010821fbd954902b4e64774c7eb39c0 0969371c8a1e4e7881e94c56ece766a7 - - default default] 10.0.0.205 "DELETE /v2.0/security-group-rules/0b5b15e7-4346-4b4b-a6af-257a43da0c84 HTTP/1.1" status: 204 len: 168 time: 0.1017106
2026-05-20 07:11:19.970 9 INFO neutron.api.wsgi [req-ba6ea2d9-7eda-4d36-a619-0d7f23adb9e1 req-537093d1-6970-477a-9252-3274dc711801 38361074550f4555971440711eda033e 84df36850ae44b8bb96f3aea7b310367 - - default default] 10.0.0.88 "GET /v2.0/security-groups?id=355ab1fd-374b-4051-a30e-d63701633b5f&id=7a9828f8-a3ff-4bb0-8b70-5eba57f543ab&fields=id&fields=name HTTP/1.1" status: 200 len: 405 time: 0.0397453
2026-05-20 07:11:19.997 10 INFO neutron.api.wsgi [None req-2004e61f-ee63-4d37-b489-da201058ff7e 8010821fbd954902b4e64774c7eb39c0 0969371c8a1e4e7881e94c56ece766a7 - - default default] 10.0.0.205 "GET /v2.0/security-group-rules HTTP/1.1" status: 200 len: 3755 time: 0.0553963
2026-05-20 07:11:20.008 10 WARNING neutron_lib.context [None req-09b7b0b2-5823-4ea0-ac4e-b12b2399e2e9 8010821fbd954902b4e64774c7eb39c0 0969371c8a1e4e7881e94c56ece766a7 - - default default] Method 'is_advsvc' is deprecated since 2023.2 release (neutron-lib 3.8.0) and will be removed once support for the old RBAC API policies will be removed from Neutron. Please use method 'is_service_role' instead.
2026-05-20 07:11:20.059 9 INFO neutron.api.wsgi [req-dbdbf682-8b0e-4b4b-b782-a3202d7d4a3a req-dd122be8-29de-437c-88be-7ae667e9e43e 38361074550f4555971440711eda033e 84df36850ae44b8bb96f3aea7b310367 - - default default] 10.0.0.88 "GET /v2.0/ports?device_id=31bbf732-db94-417f-a338-46a354f3abc1 HTTP/1.1" status: 200 len: 1210 time: 0.0299962
2026-05-20 07:11:20.111 10 INFO neutron.db.ovn_revision_numbers_db [None req-09b7b0b2-5823-4ea0-ac4e-b12b2399e2e9 8010821fbd954902b4e64774c7eb39c0 0969371c8a1e4e7881e94c56ece766a7 - - default default] Successfully bumped revision number for resource e22ab0b7-6afa-434b-8874-46bb3c3dea06 (type: security_group_rules) to 0
2026-05-20 07:11:20.145 10 INFO neutron.api.wsgi [None req-09b7b0b2-5823-4ea0-ac4e-b12b2399e2e9 8010821fbd954902b4e64774c7eb39c0 0969371c8a1e4e7881e94c56ece766a7 - - default default] 10.0.0.205 "POST /v2.0/security-group-rules HTTP/1.1" status: 201 len: 800 time: 0.1407278
2026-05-20 07:11:20.165 10 INFO neutron.api.wsgi [None req-1f3cbb1c-4b2f-4d0b-af64-d4a1f15a897e 8010821fbd954902b4e64774c7eb39c0 0969371c8a1e4e7881e94c56ece766a7 - - default default] 10.0.0.205 "GET /v2.0/security-group-rules/e22ab0b7-6afa-434b-8874-46bb3c3dea06 HTTP/1.1" status: 200 len: 795 time: 0.0156593
2026-05-20 07:11:20.237 10 INFO neutron.notifiers.nova [-] Nova event matching ['req-713dba89-df47-4e68-9b80-b310a78f6f17'] response: {'server_uuid': '31bbf732-db94-417f-a338-46a354f3abc1', 'name': 'network-vif-plugged', 'status': 'completed', 'tag': 'cfd8685a-76c8-4fba-9a2f-e31bebc1beba', 'code': 200}
2026-05-20 07:11:20.237 9 INFO neutron.plugins.ml2.drivers.ovn.mech_driver.mech_driver [None req-d6797c23-cd8c-461b-9d48-cba717309d47 - - - - - -] OVN reports status up for port: db9ff4df-aa83-47ca-a108-af80850715d4
2026-05-20 07:11:20.286 9 INFO neutron.api.wsgi [None req-28ef6efa-2fae-43fd-97a4-391f31e87442 8010821fbd954902b4e64774c7eb39c0 0969371c8a1e4e7881e94c56ece766a7 - - default default] 10.0.0.205 "GET /v2.0/security-group-rules HTTP/1.1" status: 200 len: 4333 time: 0.1168163
2026-05-20 07:11:20.289 9 INFO neutron.plugins.ml2.plugin [None req-d6797c23-cd8c-461b-9d48-cba717309d47 - - - - - -] Attempt 1 to provision port db9ff4df-aa83-47ca-a108-af80850715d4
2026-05-20 07:11:20.410 10 INFO neutron.api.wsgi [None req-ac47b363-2e21-4187-9bc8-e63aee0b8907 8010821fbd954902b4e64774c7eb39c0 0969371c8a1e4e7881e94c56ece766a7 - - default default] 10.0.0.205 "DELETE /v2.0/security-group-rules/e22ab0b7-6afa-434b-8874-46bb3c3dea06 HTTP/1.1" status: 204 len: 168 time: 0.1192002
2026-05-20 07:11:20.425 9 INFO neutron.notifiers.nova [-] Nova event matching ['req-65cb614a-1ee9-440a-a858-494144ab069c'] response: {'server_uuid': 'a46e7dd8-23aa-4ab5-987a-c50e8b7b4bf9', 'name': 'network-vif-plugged', 'status': 'completed', 'tag': 'db9ff4df-aa83-47ca-a108-af80850715d4', 'code': 200}
