2026-05-20 07:08:52.903 9 INFO neutron.api.wsgi [req-b7f27b98-ab4d-4f57-aa6f-e68941248cb2 req-4cf6fc5b-632d-4212-8f8b-3d6ec86bffeb b6159ecbd7294f4f96a104832e744780 3c0facc9e9da48dfbfb1eafcf3c871eb - - default default] 10.0.0.88 "GET /v2.0/security-groups?id=cbaa49b9-5901-474b-8c3d-2e7c488625be&fields=id&fields=name HTTP/1.1" status: 200 len: 312 time: 0.0310607
2026-05-20 07:08:52.956 10 INFO neutron.api.wsgi [req-15ff199f-734b-4fbe-99a4-52c0b8df6cc4 req-235b1b1a-858d-4bee-88e0-2283018c7bb5 296365cf3ca647c494585ac884a2c5bd 07897250ef69478aa83c3e940291b0d6 - - 9bb0e01d9ab346938f9b498cf23c3601 9bb0e01d9ab346938f9b498cf23c3601] 199.19.213.121 "GET /v2.0/networks?tenant_id=3c0facc9e9da48dfbfb1eafcf3c871eb&shared=False HTTP/1.1" status: 200 len: 967 time: 0.0473423
2026-05-20 07:08:53.007 10 INFO neutron.plugins.ml2.drivers.ovn.mech_driver.ovsdb.commands [None req-c318b495-26cc-4d67-b6ca-ad08a0bf4762 - - - - - -] Schedule LRP lrp-a33e1337-6093-42a2-ba8e-96d92c6d8c6f on gateway 8a1e40f6-ac7c-4803-8620-eed60ddf07a3 with priority 1
2026-05-20 07:08:53.016 10 INFO neutron.api.wsgi [req-15ff199f-734b-4fbe-99a4-52c0b8df6cc4 req-c9eda630-3797-4e36-8874-69b8fee97445 296365cf3ca647c494585ac884a2c5bd 07897250ef69478aa83c3e940291b0d6 - - 9bb0e01d9ab346938f9b498cf23c3601 9bb0e01d9ab346938f9b498cf23c3601] 199.19.213.121 "GET /v2.0/networks?shared=True HTTP/1.1" status: 200 len: 952 time: 0.0558329
2026-05-20 07:08:53.017 10 INFO neutron.plugins.ml2.drivers.ovn.mech_driver.mech_driver [None req-355a8dc4-595f-4a82-8c60-68b376aafe2d - - - - - -] OVN reports status up for port: a33e1337-6093-42a2-ba8e-96d92c6d8c6f
2026-05-20 07:08:53.035 9 INFO neutron.plugins.ml2.drivers.ovn.mech_driver.ovsdb.ovsdb_monitor [-] Router 987f811f-43d4-4805-b3f7-32ce38551bb8 is bound to host instance
2026-05-20 07:08:53.042 10 INFO neutron.plugins.ml2.plugin [None req-355a8dc4-595f-4a82-8c60-68b376aafe2d - - - - - -] Attempt 1 to provision port a33e1337-6093-42a2-ba8e-96d92c6d8c6f
2026-05-20 07:08:53.055 10 INFO neutron.db.ovn_revision_numbers_db [None req-afe17c08-03bf-404b-9c53-7bf423ae647d ab628ee62b214545be46d2bbc2e265f7 455f8fdf6aad4dadb003a1815790c9ca - - default default] Successfully bumped revision number for resource a33e1337-6093-42a2-ba8e-96d92c6d8c6f (type: router_ports) to 1
2026-05-20 07:08:53.083 9 INFO neutron.api.wsgi [req-f8320557-27e3-4249-b891-65a298fa48a6 req-2e2c0d48-92f4-48a5-9d84-cdbed6867b36 070bce02f6aa4677a3cd697e072c5592 20a98dd58e0c4de99eb0f69ab274bba3 - - default default] 10.0.0.88 "GET /v2.0/ports?device_id=30a44774-da62-4b00-9f28-b03c9efb9d58 HTTP/1.1" status: 200 len: 210 time: 0.0491517
2026-05-20 07:08:53.136 10 INFO neutron.db.ovn_revision_numbers_db [None req-afe17c08-03bf-404b-9c53-7bf423ae647d ab628ee62b214545be46d2bbc2e265f7 455f8fdf6aad4dadb003a1815790c9ca - - default default] Successfully bumped revision number for resource 987f811f-43d4-4805-b3f7-32ce38551bb8 (type: routers) to 2
2026-05-20 07:08:53.149 10 INFO neutron.api.wsgi [None req-afe17c08-03bf-404b-9c53-7bf423ae647d ab628ee62b214545be46d2bbc2e265f7 455f8fdf6aad4dadb003a1815790c9ca - - default default] 10.0.0.205 "POST /v2.0/routers HTTP/1.1" status: 201 len: 1168 time: 1.1827524
2026-05-20 07:08:53.286 10 INFO neutron.api.wsgi [req-cdfea2bc-eaee-4324-9c9d-648e26508d25 req-3b2e4793-43ef-41bc-bd09-c7d83b7c656a 070bce02f6aa4677a3cd697e072c5592 20a98dd58e0c4de99eb0f69ab274bba3 - - default default] 199.19.213.121 "GET /v2.0/networks?id=b3e67f7b-0734-49d0-9718-4f2a37b38270 HTTP/1.1" status: 200 len: 874 time: 0.0383604
2026-05-20 07:08:53.333 10 INFO neutron.api.wsgi [req-cdfea2bc-eaee-4324-9c9d-648e26508d25 req-193eb8c2-3206-42e0-8261-14c8581282bc 070bce02f6aa4677a3cd697e072c5592 20a98dd58e0c4de99eb0f69ab274bba3 - - default default] 199.19.213.121 "GET /v2.0/security-groups?fields=id&fields=name&tenant_id=20a98dd58e0c4de99eb0f69ab274bba3 HTTP/1.1" status: 200 len: 379 time: 0.0412936
2026-05-20 07:08:53.343 10 WARNING neutron_lib.context [req-cdfea2bc-eaee-4324-9c9d-648e26508d25 req-89e31ebd-df83-49d6-95e1-25a890a6dc7b 070bce02f6aa4677a3cd697e072c5592 20a98dd58e0c4de99eb0f69ab274bba3 - - default default] Method 'is_advsvc' is deprecated since 2023.2 release (neutron-lib 3.8.0) and will be removed once support for the old RBAC API policies will be removed from Neutron. Please use method 'is_service_role' instead.
2026-05-20 07:08:53.460 9 INFO neutron.db.ovn_revision_numbers_db [None req-aaa62523-3496-4c3e-a8ba-1cf1bea62725 - - - - - -] Successfully bumped revision number for resource a33e1337-6093-42a2-ba8e-96d92c6d8c6f (type: ports) to 1
2026-05-20 07:08:53.612 10 WARNING neutron.scheduler.dhcp_agent_scheduler [None req-36a94422-3bad-4afa-93b7-562b7226a2c4 ab628ee62b214545be46d2bbc2e265f7 455f8fdf6aad4dadb003a1815790c9ca - - default default] No more DHCP agents
2026-05-20 07:08:53.625 10 WARNING neutron.api.rpc.agentnotifiers.dhcp_rpc_agent_api [None req-36a94422-3bad-4afa-93b7-562b7226a2c4 ab628ee62b214545be46d2bbc2e265f7 455f8fdf6aad4dadb003a1815790c9ca - - default default] Unable to schedule network d3457b7b-2b22-436a-b41d-48e39178cba8: no agents available; will retry on subsequent port and subnet creation events.
2026-05-20 07:08:53.657 10 WARNING neutron.scheduler.dhcp_agent_scheduler [req-cdfea2bc-eaee-4324-9c9d-648e26508d25 req-89e31ebd-df83-49d6-95e1-25a890a6dc7b 070bce02f6aa4677a3cd697e072c5592 20a98dd58e0c4de99eb0f69ab274bba3 - - default default] No more DHCP agents
2026-05-20 07:08:53.660 10 WARNING neutron.api.rpc.agentnotifiers.dhcp_rpc_agent_api [req-cdfea2bc-eaee-4324-9c9d-648e26508d25 req-89e31ebd-df83-49d6-95e1-25a890a6dc7b 070bce02f6aa4677a3cd697e072c5592 20a98dd58e0c4de99eb0f69ab274bba3 - - default default] Unable to schedule network b3e67f7b-0734-49d0-9718-4f2a37b38270: no agents available; will retry on subsequent port and subnet creation events.
2026-05-20 07:08:53.760 9 INFO neutron.db.ovn_revision_numbers_db [None req-aaa62523-3496-4c3e-a8ba-1cf1bea62725 - - - - - -] Successfully bumped revision number for resource a33e1337-6093-42a2-ba8e-96d92c6d8c6f (type: ports) to 4
2026-05-20 07:08:53.776 10 INFO neutron.db.ovn_revision_numbers_db [None req-36a94422-3bad-4afa-93b7-562b7226a2c4 ab628ee62b214545be46d2bbc2e265f7 455f8fdf6aad4dadb003a1815790c9ca - - default default] Successfully bumped revision number for resource 1862330a-6bff-4977-815e-3d202998c825 (type: ports) to 1
2026-05-20 07:08:53.803 10 INFO neutron.db.ovn_revision_numbers_db [req-cdfea2bc-eaee-4324-9c9d-648e26508d25 req-89e31ebd-df83-49d6-95e1-25a890a6dc7b 070bce02f6aa4677a3cd697e072c5592 20a98dd58e0c4de99eb0f69ab274bba3 - - default default] Successfully bumped revision number for resource df985f3f-4c73-4b89-bfea-92fce6d21a45 (type: ports) to 1
2026-05-20 07:08:53.843 10 INFO neutron.api.wsgi [req-cdfea2bc-eaee-4324-9c9d-648e26508d25 req-89e31ebd-df83-49d6-95e1-25a890a6dc7b 070bce02f6aa4677a3cd697e072c5592 20a98dd58e0c4de99eb0f69ab274bba3 - - default default] 199.19.213.121 "POST /v2.0/ports HTTP/1.1" status: 201 len: 1162 time: 0.5065718 /var/lib/openstack/lib/python3.12/site-packages/pycadf/identifier.py:71: UserWarning: Invalid uuid: neutron. To ensure interoperability, identifiers should be a valid uuid. warnings.warn(('Invalid uuid: %s. To ensure interoperability, '
2026-05-20 07:08:54.006 9 INFO neutron.api.wsgi [req-1929b3c0-b678-4cd4-8aac-2038aabc0372 req-4d7fb467-7568-4d4f-9385-9cca4d14588a b6159ecbd7294f4f96a104832e744780 3c0facc9e9da48dfbfb1eafcf3c871eb - - default default] 10.0.0.88 "GET /v2.0/ports?device_id=52b4c980-e584-4166-94b3-ef7d745f8f29 HTTP/1.1" status: 200 len: 1172 time: 0.0348175
2026-05-20 07:08:54.069 9 INFO neutron.api.wsgi [req-1929b3c0-b678-4cd4-8aac-2038aabc0372 req-85b04dfe-9e46-4476-a9a9-a97791fd7e9b b6159ecbd7294f4f96a104832e744780 3c0facc9e9da48dfbfb1eafcf3c871eb - - default default] 10.0.0.88 "GET /v2.0/security-groups?id=cbaa49b9-5901-474b-8c3d-2e7c488625be&fields=id&fields=name HTTP/1.1" status: 200 len: 312 time: 0.0585198
2026-05-20 07:08:54.085 9 INFO neutron.api.wsgi [req-37073e9b-9675-4421-bb42-a7e988a00fca req-c2013e89-84c3-478b-989b-f681ae1302ce 296365cf3ca647c494585ac884a2c5bd 07897250ef69478aa83c3e940291b0d6 - - 9bb0e01d9ab346938f9b498cf23c3601 9bb0e01d9ab346938f9b498cf23c3601] 199.19.213.121 "GET /v2.0/ports?tenant_id=3c0facc9e9da48dfbfb1eafcf3c871eb&device_id=52b4c980-e584-4166-94b3-ef7d745f8f29 HTTP/1.1" status: 200 len: 1411 time: 0.0558279
2026-05-20 07:08:54.134 9 INFO neutron.api.wsgi [req-37073e9b-9675-4421-bb42-a7e988a00fca req-573eb74f-dfc8-4211-a4a8-7adf48658db8 296365cf3ca647c494585ac884a2c5bd 07897250ef69478aa83c3e940291b0d6 - - 9bb0e01d9ab346938f9b498cf23c3601 9bb0e01d9ab346938f9b498cf23c3601] 199.19.213.121 "GET /v2.0/floatingips?fixed_ip_address=10.100.0.13&port_id=b07955aa-059c-4195-9f17-aaf5cd7f6d72 HTTP/1.1" status: 200 len: 217 time: 0.0332980
2026-05-20 07:08:54.206 9 INFO neutron.api.wsgi [req-37073e9b-9675-4421-bb42-a7e988a00fca req-c51cf294-f541-4ab5-b6fd-fda24f94fef1 296365cf3ca647c494585ac884a2c5bd 07897250ef69478aa83c3e940291b0d6 - - 9bb0e01d9ab346938f9b498cf23c3601 9bb0e01d9ab346938f9b498cf23c3601] 199.19.213.121 "GET /v2.0/subnets?id=5538d61e-b887-4383-a663-17078e9b992a HTTP/1.1" status: 200 len: 886 time: 0.0487592
2026-05-20 07:08:54.251 9 INFO neutron.api.wsgi [req-37073e9b-9675-4421-bb42-a7e988a00fca req-f3bf048b-b4dd-441f-99f7-ea91ff46d4fc 296365cf3ca647c494585ac884a2c5bd 07897250ef69478aa83c3e940291b0d6 - - 9bb0e01d9ab346938f9b498cf23c3601 9bb0e01d9ab346938f9b498cf23c3601] 199.19.213.121 "GET /v2.0/ports?network_id=438b5d5c-7a18-4f12-8374-e816823fd5cd&device_owner=network%3Adhcp HTTP/1.1" status: 200 len: 210 time: 0.0351675
2026-05-20 07:08:54.272 9 INFO neutron.api.wsgi [req-bb616f9e-c63e-4d31-8285-80c8d72d015d req-d1226172-a79a-4c42-ac3e-d1fd1a9214b8 070bce02f6aa4677a3cd697e072c5592 20a98dd58e0c4de99eb0f69ab274bba3 - - default default] 10.0.0.88 "GET /v2.0/ports?device_id=30a44774-da62-4b00-9f28-b03c9efb9d58 HTTP/1.1" status: 200 len: 1160 time: 0.1211772
2026-05-20 07:08:54.297 9 INFO neutron.db.ovn_revision_numbers_db [None req-aaa62523-3496-4c3e-a8ba-1cf1bea62725 - - - - - -] Successfully bumped revision number for resource a33e1337-6093-42a2-ba8e-96d92c6d8c6f (type: ports) to 5
2026-05-20 07:08:54.319 9 INFO neutron.api.wsgi [req-bb616f9e-c63e-4d31-8285-80c8d72d015d req-c017bde5-d5cb-4ff1-b92a-765c1da31034 070bce02f6aa4677a3cd697e072c5592 20a98dd58e0c4de99eb0f69ab274bba3 - - default default] 10.0.0.88 "GET /v2.0/security-groups?id=33f313eb-187e-432d-8a24-070313c0da19&fields=id&fields=name HTTP/1.1" status: 200 len: 312 time: 0.0409076
2026-05-20 07:08:54.332 9 INFO neutron.api.wsgi [req-37073e9b-9675-4421-bb42-a7e988a00fca req-33d5a119-ff41-4bc4-a09d-7268f2c8384c 296365cf3ca647c494585ac884a2c5bd 07897250ef69478aa83c3e940291b0d6 - - 9bb0e01d9ab346938f9b498cf23c3601 9bb0e01d9ab346938f9b498cf23c3601] 199.19.213.121 "GET /v2.0/networks/438b5d5c-7a18-4f12-8374-e816823fd5cd?fields=segments HTTP/1.1" status: 200 len: 212 time: 0.0591419
2026-05-20 07:08:54.393 9 INFO neutron.api.wsgi [req-37073e9b-9675-4421-bb42-a7e988a00fca req-ad63ffed-343e-4353-bb39-bf66a4956a40 296365cf3ca647c494585ac884a2c5bd 07897250ef69478aa83c3e940291b0d6 - - 9bb0e01d9ab346938f9b498cf23c3601 9bb0e01d9ab346938f9b498cf23c3601] 199.19.213.121 "GET /v2.0/networks/438b5d5c-7a18-4f12-8374-e816823fd5cd?fields=provider%3Aphysical_network&fields=provider%3Anetwork_type HTTP/1.1" status: 200 len: 277 time: 0.0518842
2026-05-20 07:08:54.408 10 INFO neutron.db.ovn_revision_numbers_db [req-cdfea2bc-eaee-4324-9c9d-648e26508d25 req-7b8ba466-262c-4e7d-b406-d06e19e923ff 296365cf3ca647c494585ac884a2c5bd 07897250ef69478aa83c3e940291b0d6 - - 9bb0e01d9ab346938f9b498cf23c3601 9bb0e01d9ab346938f9b498cf23c3601] Successfully bumped revision number for resource df985f3f-4c73-4b89-bfea-92fce6d21a45 (type: ports) to 2
2026-05-20 07:08:54.569 10 INFO neutron.db.ovn_revision_numbers_db [None req-36a94422-3bad-4afa-93b7-562b7226a2c4 ab628ee62b214545be46d2bbc2e265f7 455f8fdf6aad4dadb003a1815790c9ca - - default default] Successfully bumped revision number for resource 1862330a-6bff-4977-815e-3d202998c825 (type: ports) to 1
2026-05-20 07:08:54.636 10 WARNING neutron.scheduler.dhcp_agent_scheduler [None req-36a94422-3bad-4afa-93b7-562b7226a2c4 ab628ee62b214545be46d2bbc2e265f7 455f8fdf6aad4dadb003a1815790c9ca - - default default] No more DHCP agents
2026-05-20 07:08:54.637 10 WARNING neutron.api.rpc.agentnotifiers.dhcp_rpc_agent_api [None req-36a94422-3bad-4afa-93b7-562b7226a2c4 ab628ee62b214545be46d2bbc2e265f7 455f8fdf6aad4dadb003a1815790c9ca - - default default] Unable to schedule network d3457b7b-2b22-436a-b41d-48e39178cba8: no agents available; will retry on subsequent port and subnet creation events.
2026-05-20 07:08:54.646 10 INFO neutron.db.ovn_revision_numbers_db [req-cdfea2bc-eaee-4324-9c9d-648e26508d25 req-7b8ba466-262c-4e7d-b406-d06e19e923ff 296365cf3ca647c494585ac884a2c5bd 07897250ef69478aa83c3e940291b0d6 - - 9bb0e01d9ab346938f9b498cf23c3601 9bb0e01d9ab346938f9b498cf23c3601] Successfully bumped revision number for resource df985f3f-4c73-4b89-bfea-92fce6d21a45 (type: ports) to 4
2026-05-20 07:08:54.662 10 INFO neutron.api.wsgi [req-cdfea2bc-eaee-4324-9c9d-648e26508d25 req-7b8ba466-262c-4e7d-b406-d06e19e923ff 296365cf3ca647c494585ac884a2c5bd 07897250ef69478aa83c3e940291b0d6 - - 9bb0e01d9ab346938f9b498cf23c3601 9bb0e01d9ab346938f9b498cf23c3601] 199.19.213.121 "PUT /v2.0/ports/df985f3f-4c73-4b89-bfea-92fce6d21a45 HTTP/1.1" status: 200 len: 1408 time: 0.8144081
2026-05-20 07:08:54.728 10 INFO neutron.notifiers.nova [-] Nova event matching ['req-b57ab8a1-2e8a-42dc-b22e-00fe9a48af7f'] response: {'name': 'network-changed', 'server_uuid': '30a44774-da62-4b00-9f28-b03c9efb9d58', 'tag': 'df985f3f-4c73-4b89-bfea-92fce6d21a45', 'status': 'completed', 'code': 200}
2026-05-20 07:08:55.077 9 INFO neutron.db.ovn_revision_numbers_db [None req-85f800f7-39d1-4a48-8b64-69445b45c760 ab628ee62b214545be46d2bbc2e265f7 455f8fdf6aad4dadb003a1815790c9ca - - default default] Successfully bumped revision number for resource 31d437bf-36ed-49d1-9a2b-1f49492007bf (type: security_groups) to 1
2026-05-20 07:08:55.093 9 INFO neutron.db.ovn_revision_numbers_db [None req-85f800f7-39d1-4a48-8b64-69445b45c760 ab628ee62b214545be46d2bbc2e265f7 455f8fdf6aad4dadb003a1815790c9ca - - default default] Successfully bumped revision number for resource 24602697-fc2c-4c37-9c32-64ce3488548c (type: security_group_rules) to 0
2026-05-20 07:08:55.106 9 INFO neutron.db.ovn_revision_numbers_db [None req-85f800f7-39d1-4a48-8b64-69445b45c760 ab628ee62b214545be46d2bbc2e265f7 455f8fdf6aad4dadb003a1815790c9ca - - default default] Successfully bumped revision number for resource 407349e6-c6da-4b21-8119-826e59dde5ae (type: security_group_rules) to 0
2026-05-20 07:08:55.118 9 INFO neutron.db.ovn_revision_numbers_db [None req-85f800f7-39d1-4a48-8b64-69445b45c760 ab628ee62b214545be46d2bbc2e265f7 455f8fdf6aad4dadb003a1815790c9ca - - default default] Successfully bumped revision number for resource 4f056b90-aa01-404c-b03f-1554bf8b5c67 (type: security_group_rules) to 0
2026-05-20 07:08:55.139 9 INFO neutron.db.ovn_revision_numbers_db [None req-85f800f7-39d1-4a48-8b64-69445b45c760 ab628ee62b214545be46d2bbc2e265f7 455f8fdf6aad4dadb003a1815790c9ca - - default default] Successfully bumped revision number for resource d1b9edd8-0134-42fc-9f5c-3ca44835090d (type: security_group_rules) to 0
2026-05-20 07:08:55.158 9 INFO neutron.api.wsgi [req-d04308d0-7b9e-405a-882a-8191b5794e4e req-02c3db1b-7e06-4b1b-acdb-72eba4cd96e7 b6159ecbd7294f4f96a104832e744780 3c0facc9e9da48dfbfb1eafcf3c871eb - - default default] 10.0.0.88 "GET /v2.0/ports?device_id=52b4c980-e584-4166-94b3-ef7d745f8f29 HTTP/1.1" status: 200 len: 1172 time: 0.0345459
2026-05-20 07:08:55.184 9 INFO neutron.api.wsgi [None req-85f800f7-39d1-4a48-8b64-69445b45c760 ab628ee62b214545be46d2bbc2e265f7 455f8fdf6aad4dadb003a1815790c9ca - - default default] 10.0.0.205 "GET /v2.0/security-groups?tenant_id=34f5ee447ade4772b7acfc2961326c17&name=default HTTP/1.1" status: 200 len: 3120 time: 0.3612087
2026-05-20 07:08:55.210 9 INFO neutron.api.wsgi [req-d04308d0-7b9e-405a-882a-8191b5794e4e req-ef7162ae-c42c-434f-91c3-b859e981f479 b6159ecbd7294f4f96a104832e744780 3c0facc9e9da48dfbfb1eafcf3c871eb - - default default] 10.0.0.88 "GET /v2.0/security-groups?id=cbaa49b9-5901-474b-8c3d-2e7c488625be&fields=id&fields=name HTTP/1.1" status: 200 len: 312 time: 0.0420020 /var/lib/openstack/lib/python3.12/site-packages/pycadf/identifier.py:71: UserWarning: Invalid uuid: neutron. To ensure interoperability, identifiers should be a valid uuid. warnings.warn(('Invalid uuid: %s. To ensure interoperability, '
2026-05-20 07:08:55.257 10 INFO neutron.plugins.ml2.drivers.ovn.mech_driver.mech_driver [None req-355a8dc4-595f-4a82-8c60-68b376aafe2d - - - - - -] OVN reports status up for port: 1862330a-6bff-4977-815e-3d202998c825
2026-05-20 07:08:55.267 10 INFO neutron.plugins.ml2.plugin [None req-355a8dc4-595f-4a82-8c60-68b376aafe2d - - - - - -] Attempt 1 to provision port 1862330a-6bff-4977-815e-3d202998c825
2026-05-20 07:08:55.283 10 INFO neutron.api.wsgi [req-c4ff85ee-5c9f-4081-b913-6d152b229d98 req-bad88131-4c25-48eb-b219-1a2a54456e54 296365cf3ca647c494585ac884a2c5bd 07897250ef69478aa83c3e940291b0d6 - - 9bb0e01d9ab346938f9b498cf23c3601 9bb0e01d9ab346938f9b498cf23c3601] 199.19.213.121 "GET /v2.0/ports?tenant_id=20a98dd58e0c4de99eb0f69ab274bba3&device_id=30a44774-da62-4b00-9f28-b03c9efb9d58 HTTP/1.1" status: 200 len: 1411 time: 0.0452251
2026-05-20 07:08:55.293 10 INFO neutron.db.ovn_revision_numbers_db [None req-36a94422-3bad-4afa-93b7-562b7226a2c4 ab628ee62b214545be46d2bbc2e265f7 455f8fdf6aad4dadb003a1815790c9ca - - default default] Successfully bumped revision number for resource 1862330a-6bff-4977-815e-3d202998c825 (type: router_ports) to 1
2026-05-20 07:08:55.305 10 INFO neutron.api.wsgi [None req-36a94422-3bad-4afa-93b7-562b7226a2c4 ab628ee62b214545be46d2bbc2e265f7 455f8fdf6aad4dadb003a1815790c9ca - - default default] 10.0.0.205 "PUT /v2.0/routers/987f811f-43d4-4805-b3f7-32ce38551bb8/add_router_interface HTTP/1.1" status: 200 len: 503 time: 2.1493604
2026-05-20 07:08:55.343 10 INFO neutron.api.wsgi [req-c4ff85ee-5c9f-4081-b913-6d152b229d98 req-6ffd8556-6a39-4af7-a258-8c19fb014811 296365cf3ca647c494585ac884a2c5bd 07897250ef69478aa83c3e940291b0d6 - - 9bb0e01d9ab346938f9b498cf23c3601 9bb0e01d9ab346938f9b498cf23c3601] 199.19.213.121 "GET /v2.0/networks?tenant_id=20a98dd58e0c4de99eb0f69ab274bba3&shared=False HTTP/1.1" status: 200 len: 973 time: 0.0509000
2026-05-20 07:08:55.378 9 INFO neutron.api.wsgi [None req-d672e2cc-0cd4-407d-b66c-3f46c4c8a834 ab628ee62b214545be46d2bbc2e265f7 455f8fdf6aad4dadb003a1815790c9ca - - default default] 10.0.0.205 "DELETE /v2.0/security-groups/31d437bf-36ed-49d1-9a2b-1f49492007bf HTTP/1.1" status: 204 len: 168 time: 0.1879790
2026-05-20 07:08:55.410 9 INFO neutron.api.wsgi [req-d01ec0ea-cc96-4f26-a63d-91415e33decd req-9a7ab78d-1c96-426f-951a-15574f4fb5d5 070bce02f6aa4677a3cd697e072c5592 20a98dd58e0c4de99eb0f69ab274bba3 - - default default] 10.0.0.88 "GET /v2.0/ports?device_id=30a44774-da62-4b00-9f28-b03c9efb9d58 HTTP/1.1" status: 200 len: 1172 time: 0.0310888
2026-05-20 07:08:55.418 10 INFO neutron.api.wsgi [req-c4ff85ee-5c9f-4081-b913-6d152b229d98 req-623e17a5-b66f-4d19-881a-a418ceb9d5f0 296365cf3ca647c494585ac884a2c5bd 07897250ef69478aa83c3e940291b0d6 - - 9bb0e01d9ab346938f9b498cf23c3601 9bb0e01d9ab346938f9b498cf23c3601] 199.19.213.121 "GET /v2.0/networks?shared=True HTTP/1.1" status: 200 len: 952 time: 0.0605056
2026-05-20 07:08:55.446 9 INFO neutron.api.wsgi [req-d01ec0ea-cc96-4f26-a63d-91415e33decd req-1e8000a7-88a4-486f-95ea-368aa2c2da79 070bce02f6aa4677a3cd697e072c5592 20a98dd58e0c4de99eb0f69ab274bba3 - - default default] 10.0.0.88 "GET /v2.0/security-groups?id=33f313eb-187e-432d-8a24-070313c0da19&fields=id&fields=name HTTP/1.1" status: 200 len: 312 time: 0.0298569
2026-05-20 07:08:55.651 10 INFO neutron.db.ovn_revision_numbers_db [None req-355a8dc4-595f-4a82-8c60-68b376aafe2d - - - - - -] Successfully bumped revision number for resource 1862330a-6bff-4977-815e-3d202998c825 (type: ports) to 2
2026-05-20 07:08:55.718 9 INFO neutron.db.ovn_revision_numbers_db [None req-09b4af55-f3cd-4d3a-841b-8a4fd76d90cf ab628ee62b214545be46d2bbc2e265f7 455f8fdf6aad4dadb003a1815790c9ca - - default default] Successfully bumped revision number for resource 8731513f-ab62-40ad-96b5-a60478da4e38 (type: security_groups) to 1
2026-05-20 07:08:55.728 9 INFO neutron.db.ovn_revision_numbers_db [None req-09b4af55-f3cd-4d3a-841b-8a4fd76d90cf ab628ee62b214545be46d2bbc2e265f7 455f8fdf6aad4dadb003a1815790c9ca - - default default] Successfully bumped revision number for resource 580aea16-2d74-4a2d-8225-b256f20745ce (type: security_group_rules) to 0
2026-05-20 07:08:55.743 9 INFO neutron.db.ovn_revision_numbers_db [None req-09b4af55-f3cd-4d3a-841b-8a4fd76d90cf ab628ee62b214545be46d2bbc2e265f7 455f8fdf6aad4dadb003a1815790c9ca - - default default] Successfully bumped revision number for resource 6dd32fad-05ba-45dc-b6f5-4edb01215f40 (type: security_group_rules) to 0
2026-05-20 07:08:55.755 9 INFO neutron.db.ovn_revision_numbers_db [None req-09b4af55-f3cd-4d3a-841b-8a4fd76d90cf ab628ee62b214545be46d2bbc2e265f7 455f8fdf6aad4dadb003a1815790c9ca - - default default] Successfully bumped revision number for resource 95221807-4ef5-45e5-8af9-5eb4597f9d55 (type: security_group_rules) to 0
2026-05-20 07:08:55.768 9 INFO neutron.db.ovn_revision_numbers_db [None req-09b4af55-f3cd-4d3a-841b-8a4fd76d90cf ab628ee62b214545be46d2bbc2e265f7 455f8fdf6aad4dadb003a1815790c9ca - - default default] Successfully bumped revision number for resource c8e17a53-262d-4d73-8ff9-f694dd9e9863 (type: security_group_rules) to 0
2026-05-20 07:08:55.802 9 INFO neutron.api.wsgi [None req-09b4af55-f3cd-4d3a-841b-8a4fd76d90cf ab628ee62b214545be46d2bbc2e265f7 455f8fdf6aad4dadb003a1815790c9ca - - default default] 10.0.0.205 "GET /v2.0/security-groups?tenant_id=23f86ba8c94342dd8f5609ebf53264d2&name=default HTTP/1.1" status: 200 len: 3120 time: 0.3155911
2026-05-20 07:08:55.830 9 WARNING neutron_lib.context [req-b67dc409-481a-4bc3-89ce-13103d4156b8 req-7177c959-418a-4e36-8b15-d835ae6c205a ef8cb41c5ee84529b27b6fe37a1f427d f8f0dc48b0aa480f82b07be66c95eee3 - - default default] Method 'is_advsvc' is deprecated since 2023.2 release (neutron-lib 3.8.0) and will be removed once support for the old RBAC API policies will be removed from Neutron. Please use method 'is_service_role' instead.
2026-05-20 07:08:55.945 9 INFO neutron.db.ovn_revision_numbers_db [req-b67dc409-481a-4bc3-89ce-13103d4156b8 req-7177c959-418a-4e36-8b15-d835ae6c205a ef8cb41c5ee84529b27b6fe37a1f427d f8f0dc48b0aa480f82b07be66c95eee3 - - default default] Successfully bumped revision number for resource a4c846d5-d063-41e0-b0c1-4ed435bfb52a (type: security_groups) to 1
2026-05-20 07:08:55.964 9 INFO neutron.db.ovn_revision_numbers_db [req-b67dc409-481a-4bc3-89ce-13103d4156b8 req-7177c959-418a-4e36-8b15-d835ae6c205a ef8cb41c5ee84529b27b6fe37a1f427d f8f0dc48b0aa480f82b07be66c95eee3 - - default default] Successfully bumped revision number for resource 5c908373-903d-4433-96df-6a00b0edfc8d (type: security_group_rules) to 0
2026-05-20 07:08:55.976 9 INFO neutron.db.ovn_revision_numbers_db [req-b67dc409-481a-4bc3-89ce-13103d4156b8 req-7177c959-418a-4e36-8b15-d835ae6c205a ef8cb41c5ee84529b27b6fe37a1f427d f8f0dc48b0aa480f82b07be66c95eee3 - - default default] Successfully bumped revision number for resource fa3fdce6-7c66-45b7-af84-59398b090b56 (type: security_group_rules) to 0
2026-05-20 07:08:56.006 9 INFO neutron.api.wsgi [req-b67dc409-481a-4bc3-89ce-13103d4156b8 req-7177c959-418a-4e36-8b15-d835ae6c205a ef8cb41c5ee84529b27b6fe37a1f427d f8f0dc48b0aa480f82b07be66c95eee3 - - default default] 10.0.0.88 "POST /v2.0/security-groups HTTP/1.1" status: 201 len: 1884 time: 0.1820202
2026-05-20 07:08:56.033 9 INFO neutron.api.wsgi [None req-c3034cf7-c53f-4ee9-b142-1171052e8f0b ab628ee62b214545be46d2bbc2e265f7 455f8fdf6aad4dadb003a1815790c9ca - - default default] 10.0.0.205 "DELETE /v2.0/security-groups/8731513f-ab62-40ad-96b5-a60478da4e38 HTTP/1.1" status: 204 len: 168 time: 0.2276633
2026-05-20 07:08:56.038 9 WARNING neutron_lib.context [req-a17bc585-74ed-44e4-be2b-026456857c3d req-141a816b-d549-43c5-9ad9-b258959bda65 ef8cb41c5ee84529b27b6fe37a1f427d f8f0dc48b0aa480f82b07be66c95eee3 - - default default] Method 'is_advsvc' is deprecated since 2023.2 release (neutron-lib 3.8.0) and will be removed once support for the old RBAC API policies will be removed from Neutron. Please use method 'is_service_role' instead.
2026-05-20 07:08:56.136 9 INFO neutron.db.ovn_revision_numbers_db [req-a17bc585-74ed-44e4-be2b-026456857c3d req-141a816b-d549-43c5-9ad9-b258959bda65 ef8cb41c5ee84529b27b6fe37a1f427d f8f0dc48b0aa480f82b07be66c95eee3 - - default default] Successfully bumped revision number for resource 72ba35b6-692c-4571-98a1-55e83d0142b6 (type: security_groups) to 1
2026-05-20 07:08:56.150 9 INFO neutron.db.ovn_revision_numbers_db [req-a17bc585-74ed-44e4-be2b-026456857c3d req-141a816b-d549-43c5-9ad9-b258959bda65 ef8cb41c5ee84529b27b6fe37a1f427d f8f0dc48b0aa480f82b07be66c95eee3 - - default default] Successfully bumped revision number for resource 1a48110a-6298-4ca8-a35c-c50012ea069f (type: security_group_rules) to 0
2026-05-20 07:08:56.160 9 INFO neutron.db.ovn_revision_numbers_db [req-a17bc585-74ed-44e4-be2b-026456857c3d req-141a816b-d549-43c5-9ad9-b258959bda65 ef8cb41c5ee84529b27b6fe37a1f427d f8f0dc48b0aa480f82b07be66c95eee3 - - default default] Successfully bumped revision number for resource e01c3a24-4c65-4c35-80f2-2e5f282cacb4 (type: security_group_rules) to 0
2026-05-20 07:08:56.192 9 INFO neutron.api.wsgi [req-a17bc585-74ed-44e4-be2b-026456857c3d req-141a816b-d549-43c5-9ad9-b258959bda65 ef8cb41c5ee84529b27b6fe37a1f427d f8f0dc48b0aa480f82b07be66c95eee3 - - default default] 10.0.0.88 "POST /v2.0/security-groups HTTP/1.1" status: 201 len: 1887 time: 0.1573820
2026-05-20 07:08:56.234 9 WARNING neutron_lib.context [req-31a4e3a5-f91e-41fa-abda-fba61032053a req-d7129c95-503d-4426-9b65-fe820e49a259 ef8cb41c5ee84529b27b6fe37a1f427d f8f0dc48b0aa480f82b07be66c95eee3 - - default default] Method 'is_advsvc' is deprecated since 2023.2 release (neutron-lib 3.8.0) and will be removed once support for the old RBAC API policies will be removed from Neutron. Please use method 'is_service_role' instead.
2026-05-20 07:08:56.353 9 INFO neutron.api.wsgi [req-6b03666b-f04f-4d69-80c6-1ab8cd7836b9 req-0d0b997d-e2b5-4891-83f2-8c305ecba251 b6159ecbd7294f4f96a104832e744780 3c0facc9e9da48dfbfb1eafcf3c871eb - - default default] 10.0.0.88 "GET /v2.0/ports?device_id=52b4c980-e584-4166-94b3-ef7d745f8f29 HTTP/1.1" status: 200 len: 1172 time: 0.0748434
2026-05-20 07:08:56.357 9 INFO neutron.db.ovn_revision_numbers_db [req-31a4e3a5-f91e-41fa-abda-fba61032053a req-d7129c95-503d-4426-9b65-fe820e49a259 ef8cb41c5ee84529b27b6fe37a1f427d f8f0dc48b0aa480f82b07be66c95eee3 - - default default] Successfully bumped revision number for resource 55eb0abb-97a1-47c8-b142-56f1ac6e4e63 (type: security_groups) to 1
2026-05-20 07:08:56.374 9 INFO neutron.db.ovn_revision_numbers_db [req-31a4e3a5-f91e-41fa-abda-fba61032053a req-d7129c95-503d-4426-9b65-fe820e49a259 ef8cb41c5ee84529b27b6fe37a1f427d f8f0dc48b0aa480f82b07be66c95eee3 - - default default] Successfully bumped revision number for resource 335c73f8-5cd8-41ca-a095-f6b4af53ade2 (type: security_group_rules) to 0
2026-05-20 07:08:56.386 9 INFO neutron.db.ovn_revision_numbers_db [req-31a4e3a5-f91e-41fa-abda-fba61032053a req-d7129c95-503d-4426-9b65-fe820e49a259 ef8cb41c5ee84529b27b6fe37a1f427d f8f0dc48b0aa480f82b07be66c95eee3 - - default default] Successfully bumped revision number for resource f78ade35-2616-41f8-8501-4f15d31b3804 (type: security_group_rules) to 0
2026-05-20 07:08:56.396 9 INFO neutron.api.wsgi [req-6b03666b-f04f-4d69-80c6-1ab8cd7836b9 req-fcc0f0e9-2526-435e-b602-c0929f582c4a b6159ecbd7294f4f96a104832e744780 3c0facc9e9da48dfbfb1eafcf3c871eb - - default default] 10.0.0.88 "GET /v2.0/security-groups?id=cbaa49b9-5901-474b-8c3d-2e7c488625be&fields=id&fields=name HTTP/1.1" status: 200 len: 312 time: 0.0346103
2026-05-20 07:08:56.416 9 INFO neutron.api.wsgi [req-31a4e3a5-f91e-41fa-abda-fba61032053a req-d7129c95-503d-4426-9b65-fe820e49a259 ef8cb41c5ee84529b27b6fe37a1f427d f8f0dc48b0aa480f82b07be66c95eee3 - - default default] 10.0.0.88 "POST /v2.0/security-groups HTTP/1.1" status: 201 len: 1886 time: 0.1913450
2026-05-20 07:08:56.471 10 INFO neutron.api.wsgi [req-cdfea2bc-eaee-4324-9c9d-648e26508d25 req-6b6df7c3-6bb1-41e6-ba4c-a3d01f8486a4 296365cf3ca647c494585ac884a2c5bd 07897250ef69478aa83c3e940291b0d6 - - 9bb0e01d9ab346938f9b498cf23c3601 9bb0e01d9ab346938f9b498cf23c3601] 199.19.213.121 "GET /v2.0/ports?tenant_id=20a98dd58e0c4de99eb0f69ab274bba3&device_id=30a44774-da62-4b00-9f28-b03c9efb9d58 HTTP/1.1" status: 200 len: 1411 time: 0.0364592
2026-05-20 07:08:56.479 9 INFO neutron.api.wsgi [req-43365e4f-9e61-4efd-9817-96ba3fb2b9ea req-78cfdb2a-4434-443e-a072-38a014c9e1d1 ef8cb41c5ee84529b27b6fe37a1f427d f8f0dc48b0aa480f82b07be66c95eee3 - - default default] 10.0.0.88 "GET /v2.0/security-groups?tenant_id=f8f0dc48b0aa480f82b07be66c95eee3 HTTP/1.1" status: 200 len: 8107 time: 0.0408716
2026-05-20 07:08:56.508 10 INFO neutron.api.wsgi [req-cdfea2bc-eaee-4324-9c9d-648e26508d25 req-f026a245-efc7-4ac9-9b46-56f974a03f58 296365cf3ca647c494585ac884a2c5bd 07897250ef69478aa83c3e940291b0d6 - - 9bb0e01d9ab346938f9b498cf23c3601 9bb0e01d9ab346938f9b498cf23c3601] 199.19.213.121 "GET /v2.0/floatingips?fixed_ip_address=10.100.0.11&port_id=df985f3f-4c73-4b89-bfea-92fce6d21a45 HTTP/1.1" status: 200 len: 217 time: 0.0331540
2026-05-20 07:08:56.532 9 INFO neutron.api.wsgi [req-43365e4f-9e61-4efd-9817-96ba3fb2b9ea req-51566ae5-dcdb-44ce-8b27-85970fb6e893 ef8cb41c5ee84529b27b6fe37a1f427d f8f0dc48b0aa480f82b07be66c95eee3 - - default default] 10.0.0.88 "GET /v2.0/security-groups/b493c770-6b1f-48f6-9127-117df9486687 HTTP/1.1" status: 200 len: 3122 time: 0.0465417
2026-05-20 07:08:56.540 10 INFO neutron.api.wsgi [req-cdfea2bc-eaee-4324-9c9d-648e26508d25 req-6af93bc6-543c-4daf-8164-d6cb02da517b 296365cf3ca647c494585ac884a2c5bd 07897250ef69478aa83c3e940291b0d6 - - 9bb0e01d9ab346938f9b498cf23c3601 9bb0e01d9ab346938f9b498cf23c3601] 199.19.213.121 "GET /v2.0/subnets?id=56e2a6ca-6de0-40c7-9359-9357b06b02aa HTTP/1.1" status: 200 len: 892 time: 0.0269608
2026-05-20 07:08:56.546 9 INFO neutron.api.wsgi [req-ad686f07-6a15-437b-9f72-f384c6a5e097 req-183e36c3-efcb-4db6-87e5-af1b1bbaf468 070bce02f6aa4677a3cd697e072c5592 20a98dd58e0c4de99eb0f69ab274bba3 - - default default] 10.0.0.88 "GET /v2.0/ports?device_id=30a44774-da62-4b00-9f28-b03c9efb9d58 HTTP/1.1" status: 200 len: 1172 time: 0.0353568
2026-05-20 07:08:56.571 9 INFO neutron.api.wsgi [req-43365e4f-9e61-4efd-9817-96ba3fb2b9ea req-320a3965-b075-4fcb-b82d-ccc72433347e ef8cb41c5ee84529b27b6fe37a1f427d f8f0dc48b0aa480f82b07be66c95eee3 - - default default] 10.0.0.88 "GET /v2.0/security-groups/b493c770-6b1f-48f6-9127-117df9486687 HTTP/1.1" status: 200 len: 3122 time: 0.0351014
2026-05-20 07:08:56.576 10 INFO neutron.api.wsgi [req-cdfea2bc-eaee-4324-9c9d-648e26508d25 req-85e93aa7-ff4d-4745-af46-846960edc27f 296365cf3ca647c494585ac884a2c5bd 07897250ef69478aa83c3e940291b0d6 - - 9bb0e01d9ab346938f9b498cf23c3601 9bb0e01d9ab346938f9b498cf23c3601] 199.19.213.121 "GET /v2.0/ports?network_id=b3e67f7b-0734-49d0-9718-4f2a37b38270&device_owner=network%3Adhcp HTTP/1.1" status: 200 len: 210 time: 0.0320141
2026-05-20 07:08:56.589 9 INFO neutron.api.wsgi [req-ad686f07-6a15-437b-9f72-f384c6a5e097 req-e55ec6e8-b420-49f1-b1ee-e2a8a718e503 070bce02f6aa4677a3cd697e072c5592 20a98dd58e0c4de99eb0f69ab274bba3 - - default default] 10.0.0.88 "GET /v2.0/security-groups?id=33f313eb-187e-432d-8a24-070313c0da19&fields=id&fields=name HTTP/1.1" status: 200 len: 312 time: 0.0349338
2026-05-20 07:08:56.621 9 INFO neutron.api.wsgi [req-96d72a89-f0db-4c0c-b94b-81cbed54fa95 req-8933cde1-1171-4f09-be9c-097bc698949e ef8cb41c5ee84529b27b6fe37a1f427d f8f0dc48b0aa480f82b07be66c95eee3 - - default default] 10.0.0.88 "GET /v2.0/security-groups/a4c846d5-d063-41e0-b0c1-4ed435bfb52a HTTP/1.1" status: 200 len: 1879 time: 0.0204759
2026-05-20 07:08:56.632 10 INFO neutron.api.wsgi [req-cdfea2bc-eaee-4324-9c9d-648e26508d25 req-dd55c3fd-37b7-4a14-85fc-74a3a367e9cf 296365cf3ca647c494585ac884a2c5bd 07897250ef69478aa83c3e940291b0d6 - - 9bb0e01d9ab346938f9b498cf23c3601 9bb0e01d9ab346938f9b498cf23c3601] 199.19.213.121 "GET /v2.0/networks/b3e67f7b-0734-49d0-9718-4f2a37b38270?fields=segments HTTP/1.1" status: 200 len: 212 time: 0.0511670
2026-05-20 07:08:56.671 10 INFO neutron.api.wsgi [req-cdfea2bc-eaee-4324-9c9d-648e26508d25 req-f544f04b-a418-4ca2-a8c6-f6634a16cbda 296365cf3ca647c494585ac884a2c5bd 07897250ef69478aa83c3e940291b0d6 - - 9bb0e01d9ab346938f9b498cf23c3601 9bb0e01d9ab346938f9b498cf23c3601] 199.19.213.121 "GET /v2.0/networks/b3e67f7b-0734-49d0-9718-4f2a37b38270?fields=provider%3Aphysical_network&fields=provider%3Anetwork_type HTTP/1.1" status: 200 len: 277 time: 0.0351932
2026-05-20 07:08:56.725 9 INFO neutron.api.wsgi [req-96d72a89-f0db-4c0c-b94b-81cbed54fa95 req-c44bd59e-df50-4134-8a89-5436bf9cd730 ef8cb41c5ee84529b27b6fe37a1f427d f8f0dc48b0aa480f82b07be66c95eee3 - - default default] 10.0.0.88 "DELETE /v2.0/security-groups/a4c846d5-d063-41e0-b0c1-4ed435bfb52a HTTP/1.1" status: 204 len: 173 time: 0.0992723
2026-05-20 07:08:56.756 9 INFO neutron.api.v2.resource [req-4a890e49-e916-4940-9c45-89a848756f3d req-decc92eb-499b-43ce-ad53-0f0f988e7990 ef8cb41c5ee84529b27b6fe37a1f427d f8f0dc48b0aa480f82b07be66c95eee3 - - default default] show failed (client error): The resource could not be found.
2026-05-20 07:08:56.757 9 INFO neutron.api.wsgi [req-4a890e49-e916-4940-9c45-89a848756f3d req-decc92eb-499b-43ce-ad53-0f0f988e7990 ef8cb41c5ee84529b27b6fe37a1f427d f8f0dc48b0aa480f82b07be66c95eee3 - - default default] 10.0.0.88 "GET /v2.0/security-groups/a4c846d5-d063-41e0-b0c1-4ed435bfb52a HTTP/1.1" status: 404 len: 352 time: 0.0130522
2026-05-20 07:08:56.805 9 INFO neutron.api.wsgi [req-c2ce5984-33ee-4e08-987e-46f4fc7086d2 req-9feaf584-4867-4b66-9184-baa8b4dc190d ef8cb41c5ee84529b27b6fe37a1f427d f8f0dc48b0aa480f82b07be66c95eee3 - - default default] 10.0.0.88 "GET /v2.0/security-groups/72ba35b6-692c-4571-98a1-55e83d0142b6 HTTP/1.1" status: 200 len: 1882 time: 0.0277278
2026-05-20 07:08:56.927 9 INFO neutron.api.wsgi [req-c2ce5984-33ee-4e08-987e-46f4fc7086d2 req-7f15e4f8-e9f1-4f45-acdb-41db872f05a4 ef8cb41c5ee84529b27b6fe37a1f427d f8f0dc48b0aa480f82b07be66c95eee3 - - default default] 10.0.0.88 "DELETE /v2.0/security-groups/72ba35b6-692c-4571-98a1-55e83d0142b6 HTTP/1.1" status: 204 len: 173 time: 0.1135368
2026-05-20 07:08:56.959 9 INFO neutron.api.v2.resource [req-85a76a98-00ca-45b5-983c-8c39a40d07f4 req-089324f9-4c3e-4455-af1d-95586387f7b4 ef8cb41c5ee84529b27b6fe37a1f427d f8f0dc48b0aa480f82b07be66c95eee3 - - default default] show failed (client error): The resource could not be found.
2026-05-20 07:08:56.959 9 INFO neutron.api.wsgi [req-85a76a98-00ca-45b5-983c-8c39a40d07f4 req-089324f9-4c3e-4455-af1d-95586387f7b4 ef8cb41c5ee84529b27b6fe37a1f427d f8f0dc48b0aa480f82b07be66c95eee3 - - default default] 10.0.0.88 "GET /v2.0/security-groups/72ba35b6-692c-4571-98a1-55e83d0142b6 HTTP/1.1" status: 404 len: 352 time: 0.0116234
2026-05-20 07:08:56.999 9 INFO neutron.api.wsgi [req-052e003d-f8ec-4688-a9eb-57ed79fb3384 req-30b3c26f-61c8-4926-8918-ab8572dd61b6 ef8cb41c5ee84529b27b6fe37a1f427d f8f0dc48b0aa480f82b07be66c95eee3 - - default default] 10.0.0.88 "GET /v2.0/security-groups/55eb0abb-97a1-47c8-b142-56f1ac6e4e63 HTTP/1.1" status: 200 len: 1881 time: 0.0223360
2026-05-20 07:08:57.101 9 INFO neutron.api.wsgi [req-052e003d-f8ec-4688-a9eb-57ed79fb3384 req-7c32dc6d-8301-4c17-ab10-19f2a73e4ba4 ef8cb41c5ee84529b27b6fe37a1f427d f8f0dc48b0aa480f82b07be66c95eee3 - - default default] 10.0.0.88 "DELETE /v2.0/security-groups/55eb0abb-97a1-47c8-b142-56f1ac6e4e63 HTTP/1.1" status: 204 len: 173 time: 0.0976841
2026-05-20 07:08:57.131 9 INFO neutron.api.v2.resource [req-fa37b714-546c-4ce5-bcc3-e0184ea57f82 req-902bbbf2-4a4c-445f-b6e7-74c02ca344c8 ef8cb41c5ee84529b27b6fe37a1f427d f8f0dc48b0aa480f82b07be66c95eee3 - - default default] show failed (client error): The resource could not be found.
2026-05-20 07:08:57.132 9 INFO neutron.api.wsgi [req-fa37b714-546c-4ce5-bcc3-e0184ea57f82 req-902bbbf2-4a4c-445f-b6e7-74c02ca344c8 ef8cb41c5ee84529b27b6fe37a1f427d f8f0dc48b0aa480f82b07be66c95eee3 - - default default] 10.0.0.88 "GET /v2.0/security-groups/55eb0abb-97a1-47c8-b142-56f1ac6e4e63 HTTP/1.1" status: 404 len: 352 time: 0.0114641
2026-05-20 07:08:57.186 9 INFO neutron.api.wsgi [req-1cc5b52a-e2c6-4c9c-b812-cade04863be2 req-eb389147-2aec-4fd8-b0cd-9fd2fa2cd718 ef8cb41c5ee84529b27b6fe37a1f427d f8f0dc48b0aa480f82b07be66c95eee3 - - default default] 10.0.0.88 "GET /v2.0/security-groups?tenant_id=f8f0dc48b0aa480f82b07be66c95eee3 HTTP/1.1" status: 200 len: 3125 time: 0.0316913
2026-05-20 07:08:57.220 9 INFO neutron.api.wsgi [req-1cc5b52a-e2c6-4c9c-b812-cade04863be2 req-ab5ed61a-ecda-4290-95c5-4c9b083f0e7d ef8cb41c5ee84529b27b6fe37a1f427d f8f0dc48b0aa480f82b07be66c95eee3 - - default default] 10.0.0.88 "GET /v2.0/security-groups/b493c770-6b1f-48f6-9127-117df9486687 HTTP/1.1" status: 200 len: 3122 time: 0.0279093
2026-05-20 07:08:57.252 9 INFO neutron.api.wsgi [req-1cc5b52a-e2c6-4c9c-b812-cade04863be2 req-a878bb4a-a03e-463a-ac60-a2b7ddd31082 ef8cb41c5ee84529b27b6fe37a1f427d f8f0dc48b0aa480f82b07be66c95eee3 - - default default] 10.0.0.88 "GET /v2.0/security-groups/b493c770-6b1f-48f6-9127-117df9486687 HTTP/1.1" status: 200 len: 3122 time: 0.0248392
2026-05-20 07:08:57.281 9 INFO neutron.api.v2.resource [req-1afafd30-9329-4dba-9cf7-eb1c1dbeced0 req-76ee9374-cf28-4583-8373-0f5b691ebf7f ef8cb41c5ee84529b27b6fe37a1f427d f8f0dc48b0aa480f82b07be66c95eee3 - - default default] show failed (client error): The resource could not be found.
2026-05-20 07:08:57.282 9 INFO neutron.api.wsgi [req-1afafd30-9329-4dba-9cf7-eb1c1dbeced0 req-76ee9374-cf28-4583-8373-0f5b691ebf7f ef8cb41c5ee84529b27b6fe37a1f427d f8f0dc48b0aa480f82b07be66c95eee3 - - default default] 10.0.0.88 "GET /v2.0/security-groups/55eb0abb-97a1-47c8-b142-56f1ac6e4e63 HTTP/1.1" status: 404 len: 352 time: 0.0097775
2026-05-20 07:08:57.310 9 INFO neutron.api.v2.resource [req-28e2a720-c088-44f4-80bf-767d109dfc06 req-72d470cd-c3b4-42c4-80d4-8f121d191ead ef8cb41c5ee84529b27b6fe37a1f427d f8f0dc48b0aa480f82b07be66c95eee3 - - default default] show failed (client error): The resource could not be found.
2026-05-20 07:08:57.311 9 INFO neutron.api.wsgi [req-28e2a720-c088-44f4-80bf-767d109dfc06 req-72d470cd-c3b4-42c4-80d4-8f121d191ead ef8cb41c5ee84529b27b6fe37a1f427d f8f0dc48b0aa480f82b07be66c95eee3 - - default default] 10.0.0.88 "GET /v2.0/security-groups/72ba35b6-692c-4571-98a1-55e83d0142b6 HTTP/1.1" status: 404 len: 352 time: 0.0107908
2026-05-20 07:08:57.346 9 INFO neutron.api.v2.resource [req-aef44c6b-5009-4aa2-81d9-9682ba497ab3 req-7f645dc5-a9e7-4d60-9acc-5d5d93cd3d8b ef8cb41c5ee84529b27b6fe37a1f427d f8f0dc48b0aa480f82b07be66c95eee3 - - default default] show failed (client error): The resource could not be found.
2026-05-20 07:08:57.346 9 INFO neutron.api.wsgi [req-aef44c6b-5009-4aa2-81d9-9682ba497ab3 req-7f645dc5-a9e7-4d60-9acc-5d5d93cd3d8b ef8cb41c5ee84529b27b6fe37a1f427d f8f0dc48b0aa480f82b07be66c95eee3 - - default default] 10.0.0.88 "GET /v2.0/security-groups/a4c846d5-d063-41e0-b0c1-4ed435bfb52a HTTP/1.1" status: 404 len: 352 time: 0.0121698
2026-05-20 07:08:57.492 9 INFO neutron.api.wsgi [req-2e2c02a7-ff44-4a43-98ec-2e15869e4fde req-9821fedc-8cf4-409a-9465-9774916a7143 b6159ecbd7294f4f96a104832e744780 3c0facc9e9da48dfbfb1eafcf3c871eb - - default default] 10.0.0.88 "GET /v2.0/ports?device_id=52b4c980-e584-4166-94b3-ef7d745f8f29 HTTP/1.1" status: 200 len: 1172 time: 0.0382869
2026-05-20 07:08:57.537 9 INFO neutron.api.wsgi [req-2e2c02a7-ff44-4a43-98ec-2e15869e4fde req-90aa2cc6-b6f8-4dd5-9578-55f4c5e6ad47 b6159ecbd7294f4f96a104832e744780 3c0facc9e9da48dfbfb1eafcf3c871eb - - default default] 10.0.0.88 "GET /v2.0/security-groups?id=cbaa49b9-5901-474b-8c3d-2e7c488625be&fields=id&fields=name HTTP/1.1" status: 200 len: 312 time: 0.0384216
2026-05-20 07:08:57.685 9 INFO neutron.api.wsgi [req-35d333c0-c171-4085-8cb6-5fcf01da9ba0 req-0936670e-cc13-4c24-b07c-257ee4d97bc5 070bce02f6aa4677a3cd697e072c5592 20a98dd58e0c4de99eb0f69ab274bba3 - - default default] 10.0.0.88 "GET /v2.0/ports?device_id=30a44774-da62-4b00-9f28-b03c9efb9d58 HTTP/1.1" status: 200 len: 1172 time: 0.0368288
2026-05-20 07:08:57.737 9 INFO neutron.api.wsgi [req-35d333c0-c171-4085-8cb6-5fcf01da9ba0 req-9aef2afd-08ee-4748-8812-dba4108a8253 070bce02f6aa4677a3cd697e072c5592 20a98dd58e0c4de99eb0f69ab274bba3 - - default default] 10.0.0.88 "GET /v2.0/security-groups?id=33f313eb-187e-432d-8a24-070313c0da19&fields=id&fields=name HTTP/1.1" status: 200 len: 312 time: 0.0436990
2026-05-20 07:08:58.511 9 INFO neutron.api.wsgi [None req-d9f5c949-adab-4a6a-aef6-7745a84873fa ab628ee62b214545be46d2bbc2e265f7 455f8fdf6aad4dadb003a1815790c9ca - - default default] 10.0.0.205 "PUT /v2.0/routers/987f811f-43d4-4805-b3f7-32ce38551bb8/remove_router_interface HTTP/1.1" status: 200 len: 503 time: 1.1530566 /var/lib/openstack/lib/python3.12/site-packages/pycadf/identifier.py:71: UserWarning: Invalid uuid: neutron. To ensure interoperability, identifiers should be a valid uuid. warnings.warn(('Invalid uuid: %s. To ensure interoperability, '
2026-05-20 07:08:58.655 9 INFO neutron.api.wsgi [req-9d3379f1-8bc3-44f9-baeb-6cff77f3cc1b req-12ab8c24-fe11-4210-ab88-10165bc297b2 b6159ecbd7294f4f96a104832e744780 3c0facc9e9da48dfbfb1eafcf3c871eb - - default default] 10.0.0.88 "GET /v2.0/ports?device_id=52b4c980-e584-4166-94b3-ef7d745f8f29 HTTP/1.1" status: 200 len: 1172 time: 0.0471079
2026-05-20 07:08:58.699 9 INFO neutron.api.wsgi [req-9d3379f1-8bc3-44f9-baeb-6cff77f3cc1b req-e7a924cf-7fc0-4087-ad23-583870fdda57 b6159ecbd7294f4f96a104832e744780 3c0facc9e9da48dfbfb1eafcf3c871eb - - default default] 10.0.0.88 "GET /v2.0/security-groups?id=cbaa49b9-5901-474b-8c3d-2e7c488625be&fields=id&fields=name HTTP/1.1" status: 200 len: 312 time: 0.0367174
2026-05-20 07:08:58.821 9 INFO neutron.api.wsgi [req-17d08c8c-dcd0-4ef8-be33-e7c582be0653 req-6af4358e-1336-4c3f-ae32-16dcb0dcf69e 070bce02f6aa4677a3cd697e072c5592 20a98dd58e0c4de99eb0f69ab274bba3 - - default default] 10.0.0.88 "GET /v2.0/ports?device_id=30a44774-da62-4b00-9f28-b03c9efb9d58 HTTP/1.1" status: 200 len: 1172 time: 0.0331867
2026-05-20 07:08:58.856 9 INFO neutron.api.wsgi [req-17d08c8c-dcd0-4ef8-be33-e7c582be0653 req-a193c024-5a73-4e25-b42a-ce04699bdad8 070bce02f6aa4677a3cd697e072c5592 20a98dd58e0c4de99eb0f69ab274bba3 - - default default] 10.0.0.88 "GET /v2.0/security-groups?id=33f313eb-187e-432d-8a24-070313c0da19&fields=id&fields=name HTTP/1.1" status: 200 len: 312 time: 0.0295177
2026-05-20 07:08:58.970 9 INFO neutron.plugins.ml2.drivers.ovn.mech_driver.mech_driver [None req-c78d4bfb-7215-423f-b5df-39135aa6be0f - - - - - -] OVN reports status up for port: df985f3f-4c73-4b89-bfea-92fce6d21a45
2026-05-20 07:08:58.983 9 INFO neutron.plugins.ml2.plugin [None req-c78d4bfb-7215-423f-b5df-39135aa6be0f - - - - - -] Attempt 1 to provision port df985f3f-4c73-4b89-bfea-92fce6d21a45
2026-05-20 07:08:59.208 10 INFO neutron.api.wsgi [None req-56619b1d-db26-4b9f-8bf6-58fcdef61a84 ab628ee62b214545be46d2bbc2e265f7 455f8fdf6aad4dadb003a1815790c9ca - - default default] 10.0.0.205 "DELETE /v2.0/routers/987f811f-43d4-4805-b3f7-32ce38551bb8 HTTP/1.1" status: 204 len: 168 time: 0.6940486
2026-05-20 07:08:59.255 9 INFO neutron.db.ovn_revision_numbers_db [None req-c78d4bfb-7215-423f-b5df-39135aa6be0f - - - - - -] Successfully bumped revision number for resource df985f3f-4c73-4b89-bfea-92fce6d21a45 (type: ports) to 5
2026-05-20 07:08:59.394 10 INFO neutron.api.wsgi [None req-df0b4ce7-2961-4857-9a4f-caf6b8ecb20c ab628ee62b214545be46d2bbc2e265f7 455f8fdf6aad4dadb003a1815790c9ca - - default default] 10.0.0.205 "DELETE /v2.0/subnets/40843d4d-edf0-43af-b0e0-75062ddea064 HTTP/1.1" status: 204 len: 168 time: 0.1805277
2026-05-20 07:08:59.558 9 INFO neutron.notifiers.nova [-] Nova event matching ['req-992e21e6-0841-44b8-bc7e-7738537f0837'] response: {'server_uuid': '30a44774-da62-4b00-9f28-b03c9efb9d58', 'name': 'network-vif-plugged', 'status': 'completed', 'tag': 'df985f3f-4c73-4b89-bfea-92fce6d21a45', 'code': 200} /var/lib/openstack/lib/python3.12/site-packages/pycadf/identifier.py:71: UserWarning: Invalid uuid: neutron. To ensure interoperability, identifiers should be a valid uuid. warnings.warn(('Invalid uuid: %s. To ensure interoperability, '
2026-05-20 07:08:59.819 9 INFO neutron.api.wsgi [req-4e203ed0-f96e-454b-b4e4-e77dac7ac364 req-b745f6ee-8bc5-49d1-b003-fe48ca56f321 b6159ecbd7294f4f96a104832e744780 3c0facc9e9da48dfbfb1eafcf3c871eb - - default default] 10.0.0.88 "GET /v2.0/ports?device_id=52b4c980-e584-4166-94b3-ef7d745f8f29 HTTP/1.1" status: 200 len: 1172 time: 0.0411921
2026-05-20 07:08:59.856 9 INFO neutron.api.wsgi [req-4e203ed0-f96e-454b-b4e4-e77dac7ac364 req-ac1abdde-891c-4b7f-94e1-71f328093f12 b6159ecbd7294f4f96a104832e744780 3c0facc9e9da48dfbfb1eafcf3c871eb - - default default] 10.0.0.88 "GET /v2.0/security-groups?id=cbaa49b9-5901-474b-8c3d-2e7c488625be&fields=id&fields=name HTTP/1.1" status: 200 len: 312 time: 0.0312316
2026-05-20 07:08:59.906 10 INFO neutron.api.wsgi [None req-2bc57836-0e5f-4051-9fd1-b232fbf6e56d ab628ee62b214545be46d2bbc2e265f7 455f8fdf6aad4dadb003a1815790c9ca - - default default] 10.0.0.205 "DELETE /v2.0/networks/d3457b7b-2b22-436a-b41d-48e39178cba8 HTTP/1.1" status: 204 len: 168 time: 0.5049691
2026-05-20 07:08:59.997 9 INFO neutron.api.wsgi [req-f875d499-c902-42fb-ba0a-9e3356d281df req-71d331bf-307c-4828-8184-574e6a3ec2dc 070bce02f6aa4677a3cd697e072c5592 20a98dd58e0c4de99eb0f69ab274bba3 - - default default] 10.0.0.88 "GET /v2.0/ports?device_id=30a44774-da62-4b00-9f28-b03c9efb9d58 HTTP/1.1" status: 200 len: 1174 time: 0.0759518
2026-05-20 07:09:00.029 9 INFO neutron.api.wsgi [req-f875d499-c902-42fb-ba0a-9e3356d281df req-4a387fac-3f08-435b-9081-2ac55cf79ffb 070bce02f6aa4677a3cd697e072c5592 20a98dd58e0c4de99eb0f69ab274bba3 - - default default] 10.0.0.88 "GET /v2.0/security-groups?id=33f313eb-187e-432d-8a24-070313c0da19&fields=id&fields=name HTTP/1.1" status: 200 len: 312 time: 0.0279400
2026-05-20 07:09:00.178 10 INFO neutron.api.wsgi [None req-d9eb34bd-75ed-44a7-b744-7c12a1724973 ab628ee62b214545be46d2bbc2e265f7 455f8fdf6aad4dadb003a1815790c9ca - - default default] 10.0.0.205 "GET /v2.0/security-groups?tenant_id=f8f0dc48b0aa480f82b07be66c95eee3&name=default HTTP/1.1" status: 200 len: 3120 time: 0.0311468
2026-05-20 07:09:00.356 10 INFO neutron.services.segments.plugin [-] Segment 4b6a244e-c752-4955-8f92-1308fafe85c4 resource provider aggregate not found
2026-05-20 07:09:00.360 10 INFO neutron.services.segments.plugin [-] Segment 4b6a244e-c752-4955-8f92-1308fafe85c4 resource provider aggregate not found
2026-05-20 07:09:00.375 10 INFO neutron.services.segments.plugin [-] Segment 4b6a244e-c752-4955-8f92-1308fafe85c4 resource provider not found; error: Placement Client Error (4xx): {"errors": [{"status": 404, "title": "Not Found", "detail": "The resource could not be found.\n\n No resource provider with uuid 4b6a244e-c752-4955-8f92-1308fafe85c4 found for delete ", "request_id": "req-2118f268-57d8-4233-8e27-664344819096"}]}
2026-05-20 07:09:00.379 10 INFO neutron.services.segments.plugin [-] Segment 4b6a244e-c752-4955-8f92-1308fafe85c4 resource provider not found; error: Placement Client Error (4xx): {"errors": [{"status": 404, "title": "Not Found", "detail": "The resource could not be found.\n\n No resource provider with uuid 4b6a244e-c752-4955-8f92-1308fafe85c4 found for delete ", "request_id": "req-7899a1cd-edae-4f46-90e1-6f3ff3458959"}]}
2026-05-20 07:09:00.449 10 INFO neutron.api.wsgi [None req-7c08733c-6bcb-4b9f-96cf-adcc4a7ecc22 ab628ee62b214545be46d2bbc2e265f7 455f8fdf6aad4dadb003a1815790c9ca - - default default] 10.0.0.205 "DELETE /v2.0/security-groups/b493c770-6b1f-48f6-9127-117df9486687 HTTP/1.1" status: 204 len: 168 time: 0.2661142
2026-05-20 07:09:00.790 10 WARNING neutron.plugins.ml2.drivers.ovn.mech_driver.ovsdb.ovn_client [None req-fde67efa-5a02-44d9-bfcf-513b3749ead4 - - - - - -] No port found with ID 1862330a-6bff-4977-815e-3d202998c825: RuntimeError: No port found with ID 1862330a-6bff-4977-815e-3d202998c825
2026-05-20 07:09:00.807 10 INFO neutron.plugins.ml2.drivers.ovn.mech_driver.mech_driver [None req-fde67efa-5a02-44d9-bfcf-513b3749ead4 - - - - - -] OVN reports status up for port: b07955aa-059c-4195-9f17-aaf5cd7f6d72
2026-05-20 07:09:00.817 10 INFO neutron.plugins.ml2.plugin [None req-fde67efa-5a02-44d9-bfcf-513b3749ead4 - - - - - -] Attempt 1 to provision port b07955aa-059c-4195-9f17-aaf5cd7f6d72
2026-05-20 07:09:00.928 10 INFO neutron.notifiers.nova [-] Nova event matching ['req-ecf0c00b-382b-4b79-ad5f-fcca7d5a7eee'] response: {'server_uuid': '52b4c980-e584-4166-94b3-ef7d745f8f29', 'name': 'network-vif-plugged', 'status': 'completed', 'tag': 'b07955aa-059c-4195-9f17-aaf5cd7f6d72', 'code': 200}
2026-05-20 07:09:00.967 9 INFO neutron.api.wsgi [req-f5b92bd0-3d3e-46e9-972e-de09ed347102 req-94d208a8-2481-4aa3-939b-608ad61a2af6 b6159ecbd7294f4f96a104832e744780 3c0facc9e9da48dfbfb1eafcf3c871eb - - default default] 10.0.0.88 "GET /v2.0/ports?device_id=52b4c980-e584-4166-94b3-ef7d745f8f29 HTTP/1.1" status: 200 len: 1174 time: 0.0430496
2026-05-20 07:09:01.004 9 INFO neutron.api.wsgi [req-f5b92bd0-3d3e-46e9-972e-de09ed347102 req-e3168a04-d8c1-4665-b954-5ea52baf6510 b6159ecbd7294f4f96a104832e744780 3c0facc9e9da48dfbfb1eafcf3c871eb - - default default] 10.0.0.88 "GET /v2.0/security-groups?id=cbaa49b9-5901-474b-8c3d-2e7c488625be&fields=id&fields=name HTTP/1.1" status: 200 len: 312 time: 0.0289443
