2026-05-20 07:12:12.272 9 INFO neutron.db.ovn_revision_numbers_db [None req-4fda81fe-e12b-4c7f-862f-0a2755e8cb34 ab628ee62b214545be46d2bbc2e265f7 455f8fdf6aad4dadb003a1815790c9ca - - default default] Successfully bumped revision number for resource 91f113f5-16bf-48ee-af04-787e6151dca4 (type: security_group_rules) to 0
2026-05-20 07:12:12.275 10 WARNING neutron.scheduler.dhcp_agent_scheduler [None req-24bb3c8d-bb0b-4b7b-b960-ce7cf55dccb2 05d69598252f497b8ba9f521d262b8a1 b73b0caee5604305bbfee68eb03d8766 - - default default] No more DHCP agents
2026-05-20 07:12:12.276 10 WARNING neutron.api.rpc.agentnotifiers.dhcp_rpc_agent_api [None req-24bb3c8d-bb0b-4b7b-b960-ce7cf55dccb2 05d69598252f497b8ba9f521d262b8a1 b73b0caee5604305bbfee68eb03d8766 - - default default] Unable to schedule network eb969f6c-02ee-4c6f-b7ca-262a04af9e36: no agents available; will retry on subsequent port and subnet creation events.
2026-05-20 07:12:12.291 9 INFO neutron.api.wsgi [None req-f89469c2-8d76-4aa2-a60c-c27a4a10e3ee c644d0c31b494023bf0eef6b43c2b667 ff63409c32414b7db24b3340195c42f1 - - default default] 10.0.0.205 "GET /v2.0/ports?device_id=d896aa8a-553d-4475-834f-abfd6c1b0956 HTTP/1.1" status: 200 len: 205 time: 0.0173573
2026-05-20 07:12:12.296 9 INFO neutron.db.ovn_revision_numbers_db [None req-4fda81fe-e12b-4c7f-862f-0a2755e8cb34 ab628ee62b214545be46d2bbc2e265f7 455f8fdf6aad4dadb003a1815790c9ca - - default default] Successfully bumped revision number for resource d2ce82b3-a049-4b38-a56a-3852a316b587 (type: security_group_rules) to 0
2026-05-20 07:12:12.346 10 INFO neutron.db.ovn_revision_numbers_db [None req-24bb3c8d-bb0b-4b7b-b960-ce7cf55dccb2 05d69598252f497b8ba9f521d262b8a1 b73b0caee5604305bbfee68eb03d8766 - - default default] Successfully bumped revision number for resource f7b99521-e78f-4aa6-bfff-b0837fe412e6 (type: ports) to 1
2026-05-20 07:12:12.371 10 INFO neutron.api.wsgi [None req-24bb3c8d-bb0b-4b7b-b960-ce7cf55dccb2 05d69598252f497b8ba9f521d262b8a1 b73b0caee5604305bbfee68eb03d8766 - - default default] 10.0.0.205 "POST /v2.0/networks HTTP/1.1" status: 201 len: 831 time: 0.5259829
2026-05-20 07:12:12.386 9 INFO neutron.api.wsgi [None req-4fda81fe-e12b-4c7f-862f-0a2755e8cb34 ab628ee62b214545be46d2bbc2e265f7 455f8fdf6aad4dadb003a1815790c9ca - - default default] 10.0.0.205 "GET /v2.0/security-groups?tenant_id=aca8d57a07b34bdba364d92a74ff2d6e&name=default HTTP/1.1" status: 200 len: 3120 time: 0.4025395
2026-05-20 07:12:12.408 10 INFO neutron.db.ovn_revision_numbers_db [None req-2e62a166-d366-42ad-a161-23171ee0f576 e50cdbb1be25484693d4f655f7ec6797 571cb13862814337b9a21cb309be3cf2 - - default default] Successfully bumped revision number for resource 9c490d03-3d1f-44a1-a921-071ace19f9b3 (type: networks) to 1
2026-05-20 07:12:12.420 10 INFO neutron.api.wsgi [None req-7999b5d3-cf3c-4b1b-9067-4470387f8184 05d69598252f497b8ba9f521d262b8a1 b73b0caee5604305bbfee68eb03d8766 - - default default] 10.0.0.205 "PUT /v2.0/networks/41d4ddd5-cd16-4a13-b9fb-f2356e52ddd8/tags HTTP/1.1" status: 200 len: 210 time: 0.0440412
2026-05-20 07:12:12.465 9 INFO neutron.api.wsgi [None req-ce4bb7e9-adc7-4033-9861-e20a0fd385db c644d0c31b494023bf0eef6b43c2b667 ff63409c32414b7db24b3340195c42f1 - - default default] 10.0.0.205 "DELETE /v2.0/routers/d896aa8a-553d-4475-834f-abfd6c1b0956 HTTP/1.1" status: 204 len: 168 time: 0.1692345
2026-05-20 07:12:12.478 10 INFO neutron.api.wsgi [None req-b9511002-0409-47c8-98bc-9b9f78543311 05d69598252f497b8ba9f521d262b8a1 b73b0caee5604305bbfee68eb03d8766 - - default default] 10.0.0.205 "PUT /v2.0/networks/f84f9b51-4df2-45da-b798-a9da487436a0/tags HTTP/1.1" status: 200 len: 218 time: 0.0520570
2026-05-20 07:12:12.520 9 INFO neutron.api.wsgi [None req-c13593fb-0f4a-4b0d-b7c9-cd2869f927f6 05d69598252f497b8ba9f521d262b8a1 b73b0caee5604305bbfee68eb03d8766 - - default default] 10.0.0.205 "PUT /v2.0/networks/77cf6b1a-c3f2-4ab7-a7b5-838ad1a367af/tags HTTP/1.1" status: 200 len: 227 time: 0.0361736
2026-05-20 07:12:12.557 9 INFO neutron.api.wsgi [None req-22fbc2fa-dd25-4eb2-8b6c-562023e44c27 05d69598252f497b8ba9f521d262b8a1 b73b0caee5604305bbfee68eb03d8766 - - default default] 10.0.0.205 "PUT /v2.0/networks/fcbf02fb-2742-4e06-ae67-0c7838042038/tags HTTP/1.1" status: 200 len: 212 time: 0.0326641
2026-05-20 07:12:12.596 10 WARNING neutron.scheduler.dhcp_agent_scheduler [None req-2e62a166-d366-42ad-a161-23171ee0f576 e50cdbb1be25484693d4f655f7ec6797 571cb13862814337b9a21cb309be3cf2 - - default default] No more DHCP agents
2026-05-20 07:12:12.598 10 WARNING neutron.api.rpc.agentnotifiers.dhcp_rpc_agent_api [None req-2e62a166-d366-42ad-a161-23171ee0f576 e50cdbb1be25484693d4f655f7ec6797 571cb13862814337b9a21cb309be3cf2 - - default default] Unable to schedule network 9c490d03-3d1f-44a1-a921-071ace19f9b3: no agents available; will retry on subsequent port and subnet creation events.
2026-05-20 07:12:12.607 9 INFO neutron.api.wsgi [None req-b24b2efe-5c2f-4c5e-b4c1-e32ba8681f8c 05d69598252f497b8ba9f521d262b8a1 b73b0caee5604305bbfee68eb03d8766 - - default default] 10.0.0.205 "GET /v2.0/networks?tags=red HTTP/1.1" status: 200 len: 2066 time: 0.0456972
2026-05-20 07:12:12.644 10 INFO neutron.api.wsgi [None req-cefd161b-7238-443e-b8a5-85f11f7d6270 ab628ee62b214545be46d2bbc2e265f7 455f8fdf6aad4dadb003a1815790c9ca - - default default] 10.0.0.205 "DELETE /v2.0/security-groups/219bf5c0-c49c-4533-ba75-7cde3c090850 HTTP/1.1" status: 204 len: 168 time: 0.2493258
2026-05-20 07:12:12.648 9 INFO neutron.api.wsgi [None req-a2b85b4b-70de-437b-a77b-bdda0328f066 05d69598252f497b8ba9f521d262b8a1 b73b0caee5604305bbfee68eb03d8766 - - default default] 10.0.0.205 "GET /v2.0/networks?tags=red%2Cblue HTTP/1.1" status: 200 len: 1454 time: 0.0367770
2026-05-20 07:12:12.660 10 INFO neutron.db.ovn_revision_numbers_db [None req-2e62a166-d366-42ad-a161-23171ee0f576 e50cdbb1be25484693d4f655f7ec6797 571cb13862814337b9a21cb309be3cf2 - - default default] Successfully bumped revision number for resource e05cdfd2-57a2-4554-8d69-2502da825b62 (type: ports) to 1
2026-05-20 07:12:12.682 10 INFO neutron.api.wsgi [None req-2e62a166-d366-42ad-a161-23171ee0f576 e50cdbb1be25484693d4f655f7ec6797 571cb13862814337b9a21cb309be3cf2 - - default default] 10.0.0.205 "POST /v2.0/networks HTTP/1.1" status: 201 len: 831 time: 0.7771530
2026-05-20 07:12:12.702 9 INFO neutron.api.wsgi [None req-ad20a483-36f5-4e69-b182-fea0e0940db4 05d69598252f497b8ba9f521d262b8a1 b73b0caee5604305bbfee68eb03d8766 - - default default] 10.0.0.205 "GET /v2.0/networks?tags-any=blue HTTP/1.1" status: 200 len: 1454 time: 0.0475850
2026-05-20 07:12:12.726 10 INFO neutron.api.wsgi [None req-d2d530fe-2598-458f-b3f2-3137a16f8d7d e50cdbb1be25484693d4f655f7ec6797 571cb13862814337b9a21cb309be3cf2 - - default default] 10.0.0.205 "PUT /v2.0/networks/9c490d03-3d1f-44a1-a921-071ace19f9b3/tags HTTP/1.1" status: 200 len: 218 time: 0.0393825
2026-05-20 07:12:12.748 9 INFO neutron.api.wsgi [None req-c8343842-aa70-4888-bb08-a0508f9599de 05d69598252f497b8ba9f521d262b8a1 b73b0caee5604305bbfee68eb03d8766 - - default default] 10.0.0.205 "GET /v2.0/networks?tags-any=red%2Cblue HTTP/1.1" status: 200 len: 2066 time: 0.0397434
2026-05-20 07:12:12.758 10 INFO neutron.api.wsgi [None req-3d3ae223-b736-460d-ad33-0bf73b5144f6 e50cdbb1be25484693d4f655f7ec6797 571cb13862814337b9a21cb309be3cf2 - - default default] 10.0.0.205 "GET /v2.0/networks/9c490d03-3d1f-44a1-a921-071ace19f9b3/tags HTTP/1.1" status: 200 len: 218 time: 0.0265880
2026-05-20 07:12:12.798 10 INFO neutron.api.wsgi [None req-49a00999-7138-45dc-b663-30b10fc274c8 e50cdbb1be25484693d4f655f7ec6797 571cb13862814337b9a21cb309be3cf2 - - default default] 10.0.0.205 "PUT /v2.0/networks/9c490d03-3d1f-44a1-a921-071ace19f9b3/tags/green HTTP/1.1" status: 201 len: 201 time: 0.0366566
2026-05-20 07:12:12.812 9 INFO neutron.api.wsgi [None req-6f445958-0d3d-4b44-92ba-9fac963c6045 05d69598252f497b8ba9f521d262b8a1 b73b0caee5604305bbfee68eb03d8766 - - default default] 10.0.0.205 "GET /v2.0/networks?not-tags=red HTTP/1.1" status: 200 len: 2069 time: 0.0582261
2026-05-20 07:12:12.830 10 INFO neutron.api.wsgi [None req-27c67c61-ecef-42bd-ac82-efdbf6d5335a e50cdbb1be25484693d4f655f7ec6797 571cb13862814337b9a21cb309be3cf2 - - default default] 10.0.0.205 "GET /v2.0/networks/9c490d03-3d1f-44a1-a921-071ace19f9b3/tags HTTP/1.1" status: 200 len: 227 time: 0.0278702
2026-05-20 07:12:12.864 10 INFO neutron.api.wsgi [None req-fe593ac8-2c5e-4400-93b7-49fab4877cc7 e50cdbb1be25484693d4f655f7ec6797 571cb13862814337b9a21cb309be3cf2 - - default default] 10.0.0.205 "PUT /v2.0/networks/9c490d03-3d1f-44a1-a921-071ace19f9b3/tags/red HTTP/1.1" status: 201 len: 201 time: 0.0302262
2026-05-20 07:12:12.876 9 INFO neutron.api.wsgi [None req-f711240d-2849-4e2b-ade9-ed7fe5d6528b 05d69598252f497b8ba9f521d262b8a1 b73b0caee5604305bbfee68eb03d8766 - - default default] 10.0.0.205 "GET /v2.0/networks?not-tags=red%2Cblue HTTP/1.1" status: 200 len: 2681 time: 0.0591145
2026-05-20 07:12:12.897 10 INFO neutron.api.wsgi [None req-b88b6d0b-222e-498d-ba85-c564ef8f54c8 e50cdbb1be25484693d4f655f7ec6797 571cb13862814337b9a21cb309be3cf2 - - default default] 10.0.0.205 "GET /v2.0/networks/9c490d03-3d1f-44a1-a921-071ace19f9b3/tags HTTP/1.1" status: 200 len: 227 time: 0.0273116
2026-05-20 07:12:12.920 10 INFO neutron.db.ovn_revision_numbers_db [None req-829f20ea-d910-449d-b09b-a33c7e0fb045 ab628ee62b214545be46d2bbc2e265f7 455f8fdf6aad4dadb003a1815790c9ca - - default default] Successfully bumped revision number for resource 16bc889e-42e2-444b-914c-c04ea75b1eb9 (type: security_groups) to 1
2026-05-20 07:12:12.932 9 INFO neutron.api.wsgi [None req-e0e3980a-8f03-440a-8dbd-f64ace7c2cec 05d69598252f497b8ba9f521d262b8a1 b73b0caee5604305bbfee68eb03d8766 - - default default] 10.0.0.205 "GET /v2.0/networks?not-tags-any=blue HTTP/1.1" status: 200 len: 2681 time: 0.0513577
2026-05-20 07:12:12.955 10 INFO neutron.db.ovn_revision_numbers_db [None req-829f20ea-d910-449d-b09b-a33c7e0fb045 ab628ee62b214545be46d2bbc2e265f7 455f8fdf6aad4dadb003a1815790c9ca - - default default] Successfully bumped revision number for resource 659ce310-8770-46b7-be8b-f2d8e403026f (type: security_group_rules) to 0
2026-05-20 07:12:12.973 10 INFO neutron.api.wsgi [None req-90fadc9f-6023-4833-ae43-9bbc4c7bf469 e50cdbb1be25484693d4f655f7ec6797 571cb13862814337b9a21cb309be3cf2 - - default default] 10.0.0.205 "PUT /v2.0/networks/9c490d03-3d1f-44a1-a921-071ace19f9b3/tags/black.or.white HTTP/1.1" status: 201 len: 201 time: 0.0712624
2026-05-20 07:12:12.974 10 INFO neutron.db.ovn_revision_numbers_db [None req-829f20ea-d910-449d-b09b-a33c7e0fb045 ab628ee62b214545be46d2bbc2e265f7 455f8fdf6aad4dadb003a1815790c9ca - - default default] Successfully bumped revision number for resource b55d1e39-cabe-4ea2-9b1f-a29507b2e6a8 (type: security_group_rules) to 0
2026-05-20 07:12:12.993 10 INFO neutron.db.ovn_revision_numbers_db [None req-829f20ea-d910-449d-b09b-a33c7e0fb045 ab628ee62b214545be46d2bbc2e265f7 455f8fdf6aad4dadb003a1815790c9ca - - default default] Successfully bumped revision number for resource e7826435-9217-4346-b581-28a1266a87a5 (type: security_group_rules) to 0
2026-05-20 07:12:13.013 10 INFO neutron.api.wsgi [None req-173a700f-140c-4028-b9cd-96816b5f4a5a 05d69598252f497b8ba9f521d262b8a1 b73b0caee5604305bbfee68eb03d8766 - - default default] 10.0.0.205 "GET /v2.0/networks?not-tags-any=red%2Cblue HTTP/1.1" status: 200 len: 2069 time: 0.0742309
2026-05-20 07:12:13.018 10 INFO neutron.api.wsgi [None req-8dcad825-3575-4b39-93ad-8a0d05bc9ffd e50cdbb1be25484693d4f655f7ec6797 571cb13862814337b9a21cb309be3cf2 - - default default] 10.0.0.205 "GET /v2.0/networks/9c490d03-3d1f-44a1-a921-071ace19f9b3/tags HTTP/1.1" status: 200 len: 245 time: 0.0412526
2026-05-20 07:12:13.019 10 INFO neutron.db.ovn_revision_numbers_db [None req-829f20ea-d910-449d-b09b-a33c7e0fb045 ab628ee62b214545be46d2bbc2e265f7 455f8fdf6aad4dadb003a1815790c9ca - - default default] Successfully bumped revision number for resource f38cc87d-16db-4994-8e3b-86b27e8d4970 (type: security_group_rules) to 0
2026-05-20 07:12:13.058 9 INFO neutron.api.wsgi [None req-796cbd48-02a6-42d5-9b94-0ae88de83411 e50cdbb1be25484693d4f655f7ec6797 571cb13862814337b9a21cb309be3cf2 - - default default] 10.0.0.205 "PUT /v2.0/networks/9c490d03-3d1f-44a1-a921-071ace19f9b3/tags HTTP/1.1" status: 200 len: 230 time: 0.0345385
2026-05-20 07:12:13.060 10 INFO neutron.api.wsgi [None req-829f20ea-d910-449d-b09b-a33c7e0fb045 ab628ee62b214545be46d2bbc2e265f7 455f8fdf6aad4dadb003a1815790c9ca - - default default] 10.0.0.205 "GET /v2.0/security-groups?tenant_id=32a302cd2594413c858796c20952edd1&name=default HTTP/1.1" status: 200 len: 3120 time: 0.2699838
2026-05-20 07:12:13.089 10 INFO neutron.api.wsgi [None req-a4ba5e4c-deaf-4588-936a-49a3325cc65a e50cdbb1be25484693d4f655f7ec6797 571cb13862814337b9a21cb309be3cf2 - - default default] 10.0.0.205 "GET /v2.0/networks/9c490d03-3d1f-44a1-a921-071ace19f9b3/tags HTTP/1.1" status: 200 len: 230 time: 0.0258124
2026-05-20 07:12:13.130 9 INFO neutron.api.wsgi [None req-929f5c1f-7bd2-40ba-939b-0b816bbe616d e50cdbb1be25484693d4f655f7ec6797 571cb13862814337b9a21cb309be3cf2 - - default default] 10.0.0.205 "GET /v2.0/networks/9c490d03-3d1f-44a1-a921-071ace19f9b3/tags/red HTTP/1.1" status: 204 len: 168 time: 0.0334914
2026-05-20 07:12:13.331 10 INFO neutron.services.segments.plugin [-] Segment 56491aea-7351-4687-87d6-a58a0836c983 resource provider aggregate not found
2026-05-20 07:12:13.335 10 INFO neutron.services.segments.plugin [-] Segment 56491aea-7351-4687-87d6-a58a0836c983 resource provider aggregate not found
2026-05-20 07:12:13.350 10 INFO neutron.services.segments.plugin [-] Segment 56491aea-7351-4687-87d6-a58a0836c983 resource provider not found; error: Placement Client Error (4xx): {"errors": [{"status": 404, "title": "Not Found", "detail": "The resource could not be found.\n\n No resource provider with uuid 56491aea-7351-4687-87d6-a58a0836c983 found for delete ", "request_id": "req-15bda274-3716-44da-9c21-c91f820390fe"}]}
2026-05-20 07:12:13.351 10 INFO neutron.services.segments.plugin [-] Segment 56491aea-7351-4687-87d6-a58a0836c983 resource provider not found; error: Placement Client Error (4xx): {"errors": [{"status": 404, "title": "Not Found", "detail": "The resource could not be found.\n\n No resource provider with uuid 56491aea-7351-4687-87d6-a58a0836c983 found for delete ", "request_id": "req-4ff0bf1f-e9b0-4a06-b2e0-781e1f00e7cd"}]}
2026-05-20 07:12:13.362 10 INFO neutron.api.wsgi [None req-b6fadf66-2820-45e0-89b8-ecc38410657f 05d69598252f497b8ba9f521d262b8a1 b73b0caee5604305bbfee68eb03d8766 - - default default] 10.0.0.205 "DELETE /v2.0/networks/41d4ddd5-cd16-4a13-b9fb-f2356e52ddd8 HTTP/1.1" status: 204 len: 168 time: 0.3411384
2026-05-20 07:12:13.452 9 INFO neutron.api.v2.resource [None req-cd309ca6-1261-4bd6-aa53-e16372f47e8a e50cdbb1be25484693d4f655f7ec6797 571cb13862814337b9a21cb309be3cf2 - - default default] show failed (client error): The resource could not be found.
2026-05-20 07:12:13.453 9 INFO neutron.api.wsgi [None req-cd309ca6-1261-4bd6-aa53-e16372f47e8a e50cdbb1be25484693d4f655f7ec6797 571cb13862814337b9a21cb309be3cf2 - - default default] 10.0.0.205 "GET /v2.0/networks/9c490d03-3d1f-44a1-a921-071ace19f9b3/tags/green HTTP/1.1" status: 404 len: 299 time: 0.3173327
2026-05-20 07:12:13.511 9 INFO neutron.api.wsgi [None req-955f92db-2f24-49ed-9a40-9f0d73ff6a0d e50cdbb1be25484693d4f655f7ec6797 571cb13862814337b9a21cb309be3cf2 - - default default] 10.0.0.205 "DELETE /v2.0/networks/9c490d03-3d1f-44a1-a921-071ace19f9b3/tags/red HTTP/1.1" status: 204 len: 168 time: 0.0536158
2026-05-20 07:12:13.550 10 INFO neutron.api.wsgi [None req-11fb0d1b-1bb4-4291-8e68-6f7d7e3622c8 e50cdbb1be25484693d4f655f7ec6797 571cb13862814337b9a21cb309be3cf2 - - default default] 10.0.0.205 "GET /v2.0/networks/9c490d03-3d1f-44a1-a921-071ace19f9b3/tags HTTP/1.1" status: 200 len: 223 time: 0.0354750
2026-05-20 07:12:13.567 9 INFO neutron.db.ovn_revision_numbers_db [None req-3a634716-f14e-4fae-a67a-48201d5d8961 ab628ee62b214545be46d2bbc2e265f7 455f8fdf6aad4dadb003a1815790c9ca - - default default] Successfully bumped revision number for resource d981d41e-622a-4cf0-ae99-3f44a0835ee0 (type: security_groups) to 1
2026-05-20 07:12:13.573 9 INFO neutron.api.wsgi [None req-f7884538-6e66-43ad-b33b-ca6dad88b390 ab628ee62b214545be46d2bbc2e265f7 455f8fdf6aad4dadb003a1815790c9ca - - default default] 10.0.0.205 "DELETE /v2.0/security-groups/16bc889e-42e2-444b-914c-c04ea75b1eb9 HTTP/1.1" status: 204 len: 168 time: 0.5080249
2026-05-20 07:12:13.582 9 INFO neutron.db.ovn_revision_numbers_db [None req-3a634716-f14e-4fae-a67a-48201d5d8961 ab628ee62b214545be46d2bbc2e265f7 455f8fdf6aad4dadb003a1815790c9ca - - default default] Successfully bumped revision number for resource 2da971ba-95ab-46f6-b439-7b009cc83ed9 (type: security_group_rules) to 0
2026-05-20 07:12:13.588 10 INFO neutron.api.v2.resource [None req-54890ba0-603d-4f2f-a39c-1a2084b6f90f e50cdbb1be25484693d4f655f7ec6797 571cb13862814337b9a21cb309be3cf2 - - default default] delete failed (client error): The resource could not be found.
2026-05-20 07:12:13.589 10 INFO neutron.api.wsgi [None req-54890ba0-603d-4f2f-a39c-1a2084b6f90f e50cdbb1be25484693d4f655f7ec6797 571cb13862814337b9a21cb309be3cf2 - - default default] 10.0.0.205 "DELETE /v2.0/networks/9c490d03-3d1f-44a1-a921-071ace19f9b3/tags/green HTTP/1.1" status: 404 len: 299 time: 0.0333300
2026-05-20 07:12:13.595 9 INFO neutron.db.ovn_revision_numbers_db [None req-3a634716-f14e-4fae-a67a-48201d5d8961 ab628ee62b214545be46d2bbc2e265f7 455f8fdf6aad4dadb003a1815790c9ca - - default default] Successfully bumped revision number for resource 3c50d7fc-6b45-4a79-964f-5aed30b6d823 (type: security_group_rules) to 0
2026-05-20 07:12:13.608 9 INFO neutron.db.ovn_revision_numbers_db [None req-3a634716-f14e-4fae-a67a-48201d5d8961 ab628ee62b214545be46d2bbc2e265f7 455f8fdf6aad4dadb003a1815790c9ca - - default default] Successfully bumped revision number for resource ba2f6287-2673-4c34-8420-e158fa063797 (type: security_group_rules) to 0
2026-05-20 07:12:13.618 9 INFO neutron.db.ovn_revision_numbers_db [None req-3a634716-f14e-4fae-a67a-48201d5d8961 ab628ee62b214545be46d2bbc2e265f7 455f8fdf6aad4dadb003a1815790c9ca - - default default] Successfully bumped revision number for resource e7daac1a-7de4-4708-b1d8-7342ebd6e26b (type: security_group_rules) to 0
2026-05-20 07:12:13.639 10 INFO neutron.api.wsgi [None req-028fc06a-9f80-444d-9021-342249d562c1 e50cdbb1be25484693d4f655f7ec6797 571cb13862814337b9a21cb309be3cf2 - - default default] 10.0.0.205 "DELETE /v2.0/networks/9c490d03-3d1f-44a1-a921-071ace19f9b3/tags HTTP/1.1" status: 204 len: 168 time: 0.0440750
2026-05-20 07:12:13.654 9 INFO neutron.api.wsgi [None req-3a634716-f14e-4fae-a67a-48201d5d8961 ab628ee62b214545be46d2bbc2e265f7 455f8fdf6aad4dadb003a1815790c9ca - - default default] 10.0.0.205 "GET /v2.0/security-groups?tenant_id=9937bbb029304caebdfa66d3fe8744a1&name=default HTTP/1.1" status: 200 len: 3120 time: 0.5442929
2026-05-20 07:12:13.672 9 INFO neutron.api.wsgi [None req-4c11bf9d-bdd3-4370-a500-7a7a44ec44b4 e50cdbb1be25484693d4f655f7ec6797 571cb13862814337b9a21cb309be3cf2 - - default default] 10.0.0.205 "GET /v2.0/networks/9c490d03-3d1f-44a1-a921-071ace19f9b3/tags HTTP/1.1" status: 200 len: 205 time: 0.0270553
2026-05-20 07:12:13.731 10 INFO neutron.api.wsgi [None req-ab0f77d8-c0d7-409d-b4fd-d9dde48ff02c 05d69598252f497b8ba9f521d262b8a1 b73b0caee5604305bbfee68eb03d8766 - - default default] 10.0.0.205 "DELETE /v2.0/networks/f84f9b51-4df2-45da-b798-a9da487436a0 HTTP/1.1" status: 204 len: 168 time: 0.3640387
2026-05-20 07:12:13.860 10 INFO neutron.api.wsgi [None req-25360d03-f76c-4243-93c0-b18541c4d918 ab628ee62b214545be46d2bbc2e265f7 455f8fdf6aad4dadb003a1815790c9ca - - default default] 10.0.0.205 "DELETE /v2.0/security-groups/d981d41e-622a-4cf0-ae99-3f44a0835ee0 HTTP/1.1" status: 204 len: 168 time: 0.2002759
2026-05-20 07:12:13.972 9 INFO neutron.services.segments.plugin [-] Segment c1383f05-7f8e-4c79-b729-d9f60a10dcaa resource provider aggregate not found
2026-05-20 07:12:13.976 9 INFO neutron.services.segments.plugin [-] Segment c1383f05-7f8e-4c79-b729-d9f60a10dcaa resource provider aggregate not found
2026-05-20 07:12:13.987 9 INFO neutron.services.segments.plugin [-] Segment c1383f05-7f8e-4c79-b729-d9f60a10dcaa resource provider not found; error: Placement Client Error (4xx): {"errors": [{"status": 404, "title": "Not Found", "detail": "The resource could not be found.\n\n No resource provider with uuid c1383f05-7f8e-4c79-b729-d9f60a10dcaa found for delete ", "request_id": "req-1ef7db45-42fa-48c3-90d2-233b7132d67a"}]}
2026-05-20 07:12:13.999 9 INFO neutron.services.segments.plugin [-] Segment c1383f05-7f8e-4c79-b729-d9f60a10dcaa resource provider not found; error: Placement Client Error (4xx): {"errors": [{"status": 404, "title": "Not Found", "detail": "The resource could not be found.\n\n No resource provider with uuid c1383f05-7f8e-4c79-b729-d9f60a10dcaa found for delete ", "request_id": "req-1ed68663-d5f1-4b85-863c-04e025a1f9ab"}]}
2026-05-20 07:12:14.018 9 INFO neutron.api.wsgi [None req-73168ea6-cf26-4365-9f19-6ce4d6516268 e50cdbb1be25484693d4f655f7ec6797 571cb13862814337b9a21cb309be3cf2 - - default default] 10.0.0.205 "DELETE /v2.0/networks/9c490d03-3d1f-44a1-a921-071ace19f9b3 HTTP/1.1" status: 204 len: 168 time: 0.3396580
2026-05-20 07:12:14.067 9 INFO neutron.api.wsgi [None req-90839033-e89c-4843-9b27-2ef6bf34d3a9 05d69598252f497b8ba9f521d262b8a1 b73b0caee5604305bbfee68eb03d8766 - - default default] 10.0.0.205 "DELETE /v2.0/networks/77cf6b1a-c3f2-4ab7-a7b5-838ad1a367af HTTP/1.1" status: 204 len: 168 time: 0.3321126
2026-05-20 07:12:14.116 10 INFO neutron.db.ovn_revision_numbers_db [None req-173519c3-2994-423d-a10a-256f6c589f7c ab628ee62b214545be46d2bbc2e265f7 455f8fdf6aad4dadb003a1815790c9ca - - default default] Successfully bumped revision number for resource baf4efef-5c7c-4f10-8a2d-05834475e971 (type: security_groups) to 1
2026-05-20 07:12:14.131 10 INFO neutron.db.ovn_revision_numbers_db [None req-173519c3-2994-423d-a10a-256f6c589f7c ab628ee62b214545be46d2bbc2e265f7 455f8fdf6aad4dadb003a1815790c9ca - - default default] Successfully bumped revision number for resource 55a7fcaa-23a7-4aea-8403-6767a21dc49a (type: security_group_rules) to 0
2026-05-20 07:12:14.154 10 INFO neutron.db.ovn_revision_numbers_db [None req-173519c3-2994-423d-a10a-256f6c589f7c ab628ee62b214545be46d2bbc2e265f7 455f8fdf6aad4dadb003a1815790c9ca - - default default] Successfully bumped revision number for resource 6881079e-cae0-4e90-b54d-f8a865f516d2 (type: security_group_rules) to 0
2026-05-20 07:12:14.414 10 INFO neutron.db.ovn_revision_numbers_db [None req-173519c3-2994-423d-a10a-256f6c589f7c ab628ee62b214545be46d2bbc2e265f7 455f8fdf6aad4dadb003a1815790c9ca - - default default] Successfully bumped revision number for resource 940567e4-e908-490c-9829-015a367dcbd4 (type: security_group_rules) to 0
2026-05-20 07:12:14.430 10 INFO neutron.db.ovn_revision_numbers_db [None req-173519c3-2994-423d-a10a-256f6c589f7c ab628ee62b214545be46d2bbc2e265f7 455f8fdf6aad4dadb003a1815790c9ca - - default default] Successfully bumped revision number for resource af2dbdba-1e1e-4265-a090-fe46de4565a2 (type: security_group_rules) to 0
2026-05-20 07:12:14.469 10 INFO neutron.api.wsgi [None req-173519c3-2994-423d-a10a-256f6c589f7c ab628ee62b214545be46d2bbc2e265f7 455f8fdf6aad4dadb003a1815790c9ca - - default default] 10.0.0.205 "GET /v2.0/security-groups?tenant_id=ff63409c32414b7db24b3340195c42f1&name=default HTTP/1.1" status: 200 len: 3120 time: 0.4913139
2026-05-20 07:12:14.670 9 INFO neutron.api.wsgi [None req-ded1bcfb-c899-43f6-9fd8-dbe9d7007428 ab628ee62b214545be46d2bbc2e265f7 455f8fdf6aad4dadb003a1815790c9ca - - default default] 10.0.0.205 "DELETE /v2.0/security-groups/baf4efef-5c7c-4f10-8a2d-05834475e971 HTTP/1.1" status: 204 len: 168 time: 0.1951597
2026-05-20 07:12:14.675 10 INFO neutron.api.wsgi [None req-c8531c00-0710-468d-a1c8-d8bde7ea77a7 05d69598252f497b8ba9f521d262b8a1 b73b0caee5604305bbfee68eb03d8766 - - default default] 10.0.0.205 "DELETE /v2.0/networks/fcbf02fb-2742-4e06-ae67-0c7838042038 HTTP/1.1" status: 204 len: 168 time: 0.6043413
2026-05-20 07:12:14.893 9 INFO neutron.db.ovn_revision_numbers_db [None req-8a7ad1bd-b73d-4d09-89fc-2af58083002e ab628ee62b214545be46d2bbc2e265f7 455f8fdf6aad4dadb003a1815790c9ca - - default default] Successfully bumped revision number for resource a3cbe031-a5cd-41e7-820e-14d02c04c816 (type: security_groups) to 1
2026-05-20 07:12:14.921 9 INFO neutron.db.ovn_revision_numbers_db [None req-8a7ad1bd-b73d-4d09-89fc-2af58083002e ab628ee62b214545be46d2bbc2e265f7 455f8fdf6aad4dadb003a1815790c9ca - - default default] Successfully bumped revision number for resource 3d7a5906-a257-48c5-8f54-9c852cff2bac (type: security_group_rules) to 0
2026-05-20 07:12:14.941 9 INFO neutron.db.ovn_revision_numbers_db [None req-8a7ad1bd-b73d-4d09-89fc-2af58083002e ab628ee62b214545be46d2bbc2e265f7 455f8fdf6aad4dadb003a1815790c9ca - - default default] Successfully bumped revision number for resource 7f38c6fc-1f5c-4b3e-ab8f-7aba38ad82b6 (type: security_group_rules) to 0
2026-05-20 07:12:14.956 9 INFO neutron.db.ovn_revision_numbers_db [None req-8a7ad1bd-b73d-4d09-89fc-2af58083002e ab628ee62b214545be46d2bbc2e265f7 455f8fdf6aad4dadb003a1815790c9ca - - default default] Successfully bumped revision number for resource 84783046-b172-41bd-83ab-090617073e04 (type: security_group_rules) to 0
2026-05-20 07:12:14.974 9 INFO neutron.db.ovn_revision_numbers_db [None req-8a7ad1bd-b73d-4d09-89fc-2af58083002e ab628ee62b214545be46d2bbc2e265f7 455f8fdf6aad4dadb003a1815790c9ca - - default default] Successfully bumped revision number for resource ce0499d3-559f-463a-993b-3015105c05c9 (type: security_group_rules) to 0
2026-05-20 07:12:14.992 9 INFO neutron.api.wsgi [None req-25048ca9-5580-47a8-ba51-df169fd8057e 05d69598252f497b8ba9f521d262b8a1 b73b0caee5604305bbfee68eb03d8766 - - default default] 10.0.0.205 "DELETE /v2.0/networks/eb969f6c-02ee-4c6f-b7ca-262a04af9e36 HTTP/1.1" status: 204 len: 168 time: 0.3114247
2026-05-20 07:12:15.013 9 INFO neutron.api.wsgi [None req-8a7ad1bd-b73d-4d09-89fc-2af58083002e ab628ee62b214545be46d2bbc2e265f7 455f8fdf6aad4dadb003a1815790c9ca - - default default] 10.0.0.205 "GET /v2.0/security-groups?tenant_id=2754f34cfd974c5ab9d223c095291c24&name=default HTTP/1.1" status: 200 len: 3120 time: 0.3797450
2026-05-20 07:12:15.224 9 INFO neutron.api.wsgi [None req-6537754e-d29c-4583-b32f-7c8d5eeb64fd ab628ee62b214545be46d2bbc2e265f7 455f8fdf6aad4dadb003a1815790c9ca - - default default] 10.0.0.205 "DELETE /v2.0/security-groups/a3cbe031-a5cd-41e7-820e-14d02c04c816 HTTP/1.1" status: 204 len: 168 time: 0.2057297
2026-05-20 07:12:15.370 10 INFO neutron.services.segments.plugin [-] Segment f1860a11-ed04-4a42-9358-86f902104ffc resource provider aggregate not found
2026-05-20 07:12:15.377 10 INFO neutron.services.segments.plugin [-] Segment f1860a11-ed04-4a42-9358-86f902104ffc resource provider aggregate not found
2026-05-20 07:12:15.386 10 INFO neutron.services.segments.plugin [-] Segment f1860a11-ed04-4a42-9358-86f902104ffc resource provider not found; error: Placement Client Error (4xx): {"errors": [{"status": 404, "title": "Not Found", "detail": "The resource could not be found.\n\n No resource provider with uuid f1860a11-ed04-4a42-9358-86f902104ffc found for delete ", "request_id": "req-17aa36f6-2ac8-4af2-8a55-6d423b97212b"}]}
2026-05-20 07:12:15.391 10 INFO neutron.services.segments.plugin [-] Segment f1860a11-ed04-4a42-9358-86f902104ffc resource provider not found; error: Placement Client Error (4xx): {"errors": [{"status": 404, "title": "Not Found", "detail": "The resource could not be found.\n\n No resource provider with uuid f1860a11-ed04-4a42-9358-86f902104ffc found for delete ", "request_id": "req-2e8eb946-feb8-4d2d-bdfe-e036d68c32d6"}]}
2026-05-20 07:12:15.399 10 INFO neutron.services.segments.plugin [-] Segment 34710c74-7a5b-4203-a657-ab33f2594072 resource provider aggregate not found
2026-05-20 07:12:15.403 10 INFO neutron.services.segments.plugin [-] Segment 34710c74-7a5b-4203-a657-ab33f2594072 resource provider aggregate not found
2026-05-20 07:12:15.411 10 INFO neutron.api.wsgi [None req-9c71a5ae-d431-4a9b-8fc6-5107696dccc2 ab628ee62b214545be46d2bbc2e265f7 455f8fdf6aad4dadb003a1815790c9ca - - default default] 10.0.0.205 "GET /v2.0/security-groups?tenant_id=571cb13862814337b9a21cb309be3cf2&name=default HTTP/1.1" status: 200 len: 3120 time: 0.0680811
2026-05-20 07:12:15.420 10 INFO neutron.services.segments.plugin [-] Segment 34710c74-7a5b-4203-a657-ab33f2594072 resource provider not found; error: Placement Client Error (4xx): {"errors": [{"status": 404, "title": "Not Found", "detail": "The resource could not be found.\n\n No resource provider with uuid 34710c74-7a5b-4203-a657-ab33f2594072 found for delete ", "request_id": "req-218df5a0-6e83-468b-96c7-4295043c7349"}]}
2026-05-20 07:12:15.421 10 INFO neutron.services.segments.plugin [-] Segment 34710c74-7a5b-4203-a657-ab33f2594072 resource provider not found; error: Placement Client Error (4xx): {"errors": [{"status": 404, "title": "Not Found", "detail": "The resource could not be found.\n\n No resource provider with uuid 34710c74-7a5b-4203-a657-ab33f2594072 found for delete ", "request_id": "req-a595c4ca-055f-41ed-9d71-c2772760d3e5"}]}
2026-05-20 07:12:15.620 10 INFO neutron.api.wsgi [None req-e5e86eb3-8229-4fa8-b610-f5744966f659 ab628ee62b214545be46d2bbc2e265f7 455f8fdf6aad4dadb003a1815790c9ca - - default default] 10.0.0.205 "DELETE /v2.0/security-groups/c3ef24b1-a3f4-466d-b9f5-5f59a4f53906 HTTP/1.1" status: 204 len: 168 time: 0.2044492
2026-05-20 07:12:15.952 10 INFO neutron.db.ovn_revision_numbers_db [None req-aff004c5-63d8-4fa3-9888-09ac070ea8f4 ab628ee62b214545be46d2bbc2e265f7 455f8fdf6aad4dadb003a1815790c9ca - - default default] Successfully bumped revision number for resource 22b882e5-82a0-49f5-b785-7c465eb3eb63 (type: security_groups) to 1
2026-05-20 07:12:15.963 10 INFO neutron.db.ovn_revision_numbers_db [None req-aff004c5-63d8-4fa3-9888-09ac070ea8f4 ab628ee62b214545be46d2bbc2e265f7 455f8fdf6aad4dadb003a1815790c9ca - - default default] Successfully bumped revision number for resource b1358155-770f-40cb-a60a-0d54c0789219 (type: security_group_rules) to 0
2026-05-20 07:12:15.974 10 INFO neutron.db.ovn_revision_numbers_db [None req-aff004c5-63d8-4fa3-9888-09ac070ea8f4 ab628ee62b214545be46d2bbc2e265f7 455f8fdf6aad4dadb003a1815790c9ca - - default default] Successfully bumped revision number for resource b2fd833d-dfe8-4e38-bbc4-9ac483f725a1 (type: security_group_rules) to 0
2026-05-20 07:12:15.989 10 INFO neutron.db.ovn_revision_numbers_db [None req-aff004c5-63d8-4fa3-9888-09ac070ea8f4 ab628ee62b214545be46d2bbc2e265f7 455f8fdf6aad4dadb003a1815790c9ca - - default default] Successfully bumped revision number for resource b7a9ae16-346e-402d-b0d9-be08ee4797ec (type: security_group_rules) to 0
2026-05-20 07:12:16.001 10 INFO neutron.db.ovn_revision_numbers_db [None req-aff004c5-63d8-4fa3-9888-09ac070ea8f4 ab628ee62b214545be46d2bbc2e265f7 455f8fdf6aad4dadb003a1815790c9ca - - default default] Successfully bumped revision number for resource e6724606-5383-4be3-9dfd-a451ef38a3a0 (type: security_group_rules) to 0
2026-05-20 07:12:16.011 9 INFO neutron.services.segments.plugin [-] Segment 16eb09ae-008a-4745-9b5a-10aa4ea2da5d resource provider aggregate not found
2026-05-20 07:12:16.014 9 INFO neutron.services.segments.plugin [-] Segment 16eb09ae-008a-4745-9b5a-10aa4ea2da5d resource provider aggregate not found
2026-05-20 07:12:16.022 9 INFO neutron.services.segments.plugin [-] Segment 16eb09ae-008a-4745-9b5a-10aa4ea2da5d resource provider not found; error: Placement Client Error (4xx): {"errors": [{"status": 404, "title": "Not Found", "detail": "The resource could not be found.\n\n No resource provider with uuid 16eb09ae-008a-4745-9b5a-10aa4ea2da5d found for delete ", "request_id": "req-ba68e323-6853-41c3-a0b6-bc2b0d3aa755"}]}
2026-05-20 07:12:16.025 9 INFO neutron.services.segments.plugin [-] Segment 16eb09ae-008a-4745-9b5a-10aa4ea2da5d resource provider not found; error: Placement Client Error (4xx): {"errors": [{"status": 404, "title": "Not Found", "detail": "The resource could not be found.\n\n No resource provider with uuid 16eb09ae-008a-4745-9b5a-10aa4ea2da5d found for delete ", "request_id": "req-1fb8cdcc-0dec-477f-92cd-f89f52682175"}]}
2026-05-20 07:12:16.030 10 INFO neutron.api.wsgi [None req-aff004c5-63d8-4fa3-9888-09ac070ea8f4 ab628ee62b214545be46d2bbc2e265f7 455f8fdf6aad4dadb003a1815790c9ca - - default default] 10.0.0.205 "GET /v2.0/security-groups?tenant_id=fe8be3305bbc416492be61d3147984e7&name=default HTTP/1.1" status: 200 len: 3120 time: 0.3829770
2026-05-20 07:12:16.034 9 INFO neutron.services.segments.plugin [-] Segment 13b11cce-dfbf-4139-a7d0-9fe32492da5b resource provider aggregate not found
2026-05-20 07:12:16.038 9 INFO neutron.services.segments.plugin [-] Segment 13b11cce-dfbf-4139-a7d0-9fe32492da5b resource provider aggregate not found
2026-05-20 07:12:16.050 9 INFO neutron.services.segments.plugin [-] Segment 13b11cce-dfbf-4139-a7d0-9fe32492da5b resource provider not found; error: Placement Client Error (4xx): {"errors": [{"status": 404, "title": "Not Found", "detail": "The resource could not be found.\n\n No resource provider with uuid 13b11cce-dfbf-4139-a7d0-9fe32492da5b found for delete ", "request_id": "req-075dd950-5c8a-4c37-9d01-d7f1888dcdef"}]}
2026-05-20 07:12:16.052 9 INFO neutron.services.segments.plugin [-] Segment 13b11cce-dfbf-4139-a7d0-9fe32492da5b resource provider not found; error: Placement Client Error (4xx): {"errors": [{"status": 404, "title": "Not Found", "detail": "The resource could not be found.\n\n No resource provider with uuid 13b11cce-dfbf-4139-a7d0-9fe32492da5b found for delete ", "request_id": "req-76734e43-e514-4dfa-85d4-824c98172a2b"}]}
2026-05-20 07:12:16.213 10 INFO neutron.api.wsgi [None req-79e49e8c-2bee-4a36-83ef-88f031b5d834 ab628ee62b214545be46d2bbc2e265f7 455f8fdf6aad4dadb003a1815790c9ca - - default default] 10.0.0.205 "DELETE /v2.0/security-groups/22b882e5-82a0-49f5-b785-7c465eb3eb63 HTTP/1.1" status: 204 len: 168 time: 0.1762898
2026-05-20 07:12:16.393 10 INFO neutron.api.wsgi [None req-bd7e1d40-83d4-4a60-aa31-36261d15c035 ab628ee62b214545be46d2bbc2e265f7 455f8fdf6aad4dadb003a1815790c9ca - - default default] 10.0.0.205 "GET /v2.0/security-groups?tenant_id=b73b0caee5604305bbfee68eb03d8766&name=default HTTP/1.1" status: 200 len: 3120 time: 0.0321062
2026-05-20 07:12:16.589 10 INFO neutron.api.wsgi [None req-95b0e460-a807-4971-adaf-d37c90f0ca16 ab628ee62b214545be46d2bbc2e265f7 455f8fdf6aad4dadb003a1815790c9ca - - default default] 10.0.0.205 "DELETE /v2.0/security-groups/57cef91b-c4cf-4093-960e-6beb72a9d0c3 HTTP/1.1" status: 204 len: 168 time: 0.1913996
2026-05-20 07:12:16.870 9 INFO neutron.db.ovn_revision_numbers_db [None req-b4c905bf-4e29-4f82-8a9a-88176cc9ccbc ab628ee62b214545be46d2bbc2e265f7 455f8fdf6aad4dadb003a1815790c9ca - - default default] Successfully bumped revision number for resource 68cc95bd-804e-43ba-ad58-6cb41d9caea1 (type: security_groups) to 1
2026-05-20 07:12:16.890 9 INFO neutron.db.ovn_revision_numbers_db [None req-b4c905bf-4e29-4f82-8a9a-88176cc9ccbc ab628ee62b214545be46d2bbc2e265f7 455f8fdf6aad4dadb003a1815790c9ca - - default default] Successfully bumped revision number for resource 4869227d-b079-43c9-9954-219102accc69 (type: security_group_rules) to 0
2026-05-20 07:12:16.905 9 INFO neutron.db.ovn_revision_numbers_db [None req-b4c905bf-4e29-4f82-8a9a-88176cc9ccbc ab628ee62b214545be46d2bbc2e265f7 455f8fdf6aad4dadb003a1815790c9ca - - default default] Successfully bumped revision number for resource a7d720e5-4fd4-4b79-abcf-2eebb22e8b11 (type: security_group_rules) to 0
2026-05-20 07:12:16.917 9 INFO neutron.db.ovn_revision_numbers_db [None req-b4c905bf-4e29-4f82-8a9a-88176cc9ccbc ab628ee62b214545be46d2bbc2e265f7 455f8fdf6aad4dadb003a1815790c9ca - - default default] Successfully bumped revision number for resource dadc823f-c436-4555-b215-0c2f8c99f57a (type: security_group_rules) to 0
2026-05-20 07:12:16.931 9 INFO neutron.db.ovn_revision_numbers_db [None req-b4c905bf-4e29-4f82-8a9a-88176cc9ccbc ab628ee62b214545be46d2bbc2e265f7 455f8fdf6aad4dadb003a1815790c9ca - - default default] Successfully bumped revision number for resource e9b4ef13-2964-472d-8d25-545a21d10105 (type: security_group_rules) to 0
2026-05-20 07:12:16.962 9 WARNING neutron_lib.context [None req-ae9c1eea-7005-42a5-b7eb-d80cc8857a89 ca69b0e189d1410a99181ae0a86a9beb ad3b7de6e80a47adac5404fa46d92f1c - - default default] Method 'is_advsvc' is deprecated since 2023.2 release (neutron-lib 3.8.0) and will be removed once support for the old RBAC API policies will be removed from Neutron. Please use method 'is_service_role' instead.
2026-05-20 07:12:16.977 9 INFO neutron.api.wsgi [None req-b4c905bf-4e29-4f82-8a9a-88176cc9ccbc ab628ee62b214545be46d2bbc2e265f7 455f8fdf6aad4dadb003a1815790c9ca - - default default] 10.0.0.205 "GET /v2.0/security-groups?tenant_id=30562ac08d4f40aa8ffefedde946cc38&name=default HTTP/1.1" status: 200 len: 3120 time: 0.2363293
2026-05-20 07:12:17.205 9 WARNING neutron.scheduler.dhcp_agent_scheduler [None req-ae9c1eea-7005-42a5-b7eb-d80cc8857a89 ca69b0e189d1410a99181ae0a86a9beb ad3b7de6e80a47adac5404fa46d92f1c - - default default] No more DHCP agents
2026-05-20 07:12:17.207 9 WARNING neutron.api.rpc.agentnotifiers.dhcp_rpc_agent_api [None req-ae9c1eea-7005-42a5-b7eb-d80cc8857a89 ca69b0e189d1410a99181ae0a86a9beb ad3b7de6e80a47adac5404fa46d92f1c - - default default] Unable to schedule network c44ab934-c330-4f5c-a6a9-48e2107a84ce: no agents available; will retry on subsequent port and subnet creation events.
2026-05-20 07:12:17.229 9 INFO neutron.api.wsgi [None req-cec42f7f-74b7-4503-9e3f-aa0e4ebfa150 ab628ee62b214545be46d2bbc2e265f7 455f8fdf6aad4dadb003a1815790c9ca - - default default] 10.0.0.205 "DELETE /v2.0/security-groups/68cc95bd-804e-43ba-ad58-6cb41d9caea1 HTTP/1.1" status: 204 len: 168 time: 0.2458436
2026-05-20 07:12:17.475 9 INFO neutron.api.wsgi [None req-ae9c1eea-7005-42a5-b7eb-d80cc8857a89 ca69b0e189d1410a99181ae0a86a9beb ad3b7de6e80a47adac5404fa46d92f1c - - default default] 10.0.0.205 "POST /v2.0/floatingips HTTP/1.1" status: 201 len: 751 time: 0.6690528
2026-05-20 07:12:17.518 9 INFO neutron.api.wsgi [None req-b3453cbc-4ef7-476d-a590-2492120c1cc5 ca69b0e189d1410a99181ae0a86a9beb ad3b7de6e80a47adac5404fa46d92f1c - - default default] 10.0.0.205 "PUT /v2.0/floatingips/63f93389-59bd-4eec-868e-88bba40f83ba/tags HTTP/1.1" status: 200 len: 218 time: 0.0373063
2026-05-20 07:12:17.543 9 INFO neutron.api.wsgi [None req-8fe5ab88-d8ed-4056-80bf-56ec0e3bfc3c ca69b0e189d1410a99181ae0a86a9beb ad3b7de6e80a47adac5404fa46d92f1c - - default default] 10.0.0.205 "GET /v2.0/floatingips/63f93389-59bd-4eec-868e-88bba40f83ba/tags HTTP/1.1" status: 200 len: 218 time: 0.0189841
2026-05-20 07:12:17.585 9 INFO neutron.api.wsgi [None req-8ce9ada5-7e73-467f-aaea-85db65687496 ca69b0e189d1410a99181ae0a86a9beb ad3b7de6e80a47adac5404fa46d92f1c - - default default] 10.0.0.205 "PUT /v2.0/floatingips/63f93389-59bd-4eec-868e-88bba40f83ba/tags/green HTTP/1.1" status: 201 len: 201 time: 0.0381753
2026-05-20 07:12:17.617 9 INFO neutron.api.wsgi [None req-90ff1398-9524-4052-b904-f1498182b6c5 ca69b0e189d1410a99181ae0a86a9beb ad3b7de6e80a47adac5404fa46d92f1c - - default default] 10.0.0.205 "GET /v2.0/floatingips/63f93389-59bd-4eec-868e-88bba40f83ba/tags HTTP/1.1" status: 200 len: 227 time: 0.0259089
2026-05-20 07:12:17.654 9 INFO neutron.api.wsgi [None req-f8656aa8-f192-4422-ae5d-2543f94ab473 ca69b0e189d1410a99181ae0a86a9beb ad3b7de6e80a47adac5404fa46d92f1c - - default default] 10.0.0.205 "PUT /v2.0/floatingips/63f93389-59bd-4eec-868e-88bba40f83ba/tags/red HTTP/1.1" status: 201 len: 201 time: 0.0234089
2026-05-20 07:12:17.694 9 INFO neutron.api.wsgi [None req-e46b4f9e-19cb-4a2c-baa8-cd6b7f751838 ca69b0e189d1410a99181ae0a86a9beb ad3b7de6e80a47adac5404fa46d92f1c - - default default] 10.0.0.205 "GET /v2.0/floatingips/63f93389-59bd-4eec-868e-88bba40f83ba/tags HTTP/1.1" status: 200 len: 227 time: 0.0301607
2026-05-20 07:12:17.739 9 INFO neutron.api.wsgi [None req-09db4edf-ddc2-4a9e-abc0-b3230b75545b ca69b0e189d1410a99181ae0a86a9beb ad3b7de6e80a47adac5404fa46d92f1c - - default default] 10.0.0.205 "PUT /v2.0/floatingips/63f93389-59bd-4eec-868e-88bba40f83ba/tags/black.or.white HTTP/1.1" status: 201 len: 201 time: 0.0407517
2026-05-20 07:12:17.770 9 INFO neutron.api.wsgi [None req-2962fd70-4859-4076-8c3b-26cc5a6df434 ca69b0e189d1410a99181ae0a86a9beb ad3b7de6e80a47adac5404fa46d92f1c - - default default] 10.0.0.205 "GET /v2.0/floatingips/63f93389-59bd-4eec-868e-88bba40f83ba/tags HTTP/1.1" status: 200 len: 245 time: 0.0260322
2026-05-20 07:12:17.827 10 INFO neutron.api.wsgi [None req-4b6aec5a-4313-4cdf-bd51-c13ea5ea7f86 ca69b0e189d1410a99181ae0a86a9beb ad3b7de6e80a47adac5404fa46d92f1c - - default default] 10.0.0.205 "PUT /v2.0/floatingips/63f93389-59bd-4eec-868e-88bba40f83ba/tags HTTP/1.1" status: 200 len: 230 time: 0.0515182
2026-05-20 07:12:17.857 10 INFO neutron.api.wsgi [None req-2323a9b8-d0fc-48e0-8ca6-6a2405083e2c ca69b0e189d1410a99181ae0a86a9beb ad3b7de6e80a47adac5404fa46d92f1c - - default default] 10.0.0.205 "GET /v2.0/floatingips/63f93389-59bd-4eec-868e-88bba40f83ba/tags HTTP/1.1" status: 200 len: 230 time: 0.0247533
2026-05-20 07:12:17.862 10 WARNING neutron_lib.context [None req-9e245d7b-3a51-42b1-a251-23911aa72b05 a5fedcaba571490aa624731f605ccfdc 9954431f95c242f598e7a576c2d17f59 - - default default] Method 'is_advsvc' is deprecated since 2023.2 release (neutron-lib 3.8.0) and will be removed once support for the old RBAC API policies will be removed from Neutron. Please use method 'is_service_role' instead.
2026-05-20 07:12:17.895 9 INFO neutron.api.wsgi [None req-2fab6483-ff80-49f1-b1ab-ae90f83e373d ca69b0e189d1410a99181ae0a86a9beb ad3b7de6e80a47adac5404fa46d92f1c - - default default] 10.0.0.205 "GET /v2.0/floatingips/63f93389-59bd-4eec-868e-88bba40f83ba/tags/red HTTP/1.1" status: 204 len: 168 time: 0.0318236
2026-05-20 07:12:17.929 10 INFO neutron.api.v2.resource [None req-0c67ea22-bbf5-43ca-9565-5fb2d1f123a7 ca69b0e189d1410a99181ae0a86a9beb ad3b7de6e80a47adac5404fa46d92f1c - - default default] show failed (client error): The resource could not be found.
2026-05-20 07:12:17.930 10 INFO neutron.api.wsgi [None req-0c67ea22-bbf5-43ca-9565-5fb2d1f123a7 ca69b0e189d1410a99181ae0a86a9beb ad3b7de6e80a47adac5404fa46d92f1c - - default default] 10.0.0.205 "GET /v2.0/floatingips/63f93389-59bd-4eec-868e-88bba40f83ba/tags/green HTTP/1.1" status: 404 len: 299 time: 0.0292706
2026-05-20 07:12:17.951 10 INFO neutron.api.wsgi [None req-9e245d7b-3a51-42b1-a251-23911aa72b05 a5fedcaba571490aa624731f605ccfdc 9954431f95c242f598e7a576c2d17f59 - - default default] 10.0.0.205 "POST /v2.0/subnetpools HTTP/1.1" status: 201 len: 715 time: 0.1941903
2026-05-20 07:12:17.994 10 INFO neutron.api.wsgi [None req-ba606f32-5a27-4308-9f31-bf474db196ea ca69b0e189d1410a99181ae0a86a9beb ad3b7de6e80a47adac5404fa46d92f1c - - default default] 10.0.0.205 "DELETE /v2.0/floatingips/63f93389-59bd-4eec-868e-88bba40f83ba/tags/red HTTP/1.1" status: 204 len: 168 time: 0.0534973
2026-05-20 07:12:18.026 10 INFO neutron.api.wsgi [None req-772cd59c-9623-4f2b-83d4-7ddd53a590b9 ca69b0e189d1410a99181ae0a86a9beb ad3b7de6e80a47adac5404fa46d92f1c - - default default] 10.0.0.205 "GET /v2.0/floatingips/63f93389-59bd-4eec-868e-88bba40f83ba/tags HTTP/1.1" status: 200 len: 223 time: 0.0260048
2026-05-20 07:12:18.033 9 INFO neutron.api.wsgi [None req-e99014cf-4ded-4b30-b0f5-c5a6a6d2b572 a5fedcaba571490aa624731f605ccfdc 9954431f95c242f598e7a576c2d17f59 - - default default] 10.0.0.205 "PUT /v2.0/subnetpools/da1e8259-2c6d-48fe-b7ae-f7ac9e71a908/tags HTTP/1.1" status: 200 len: 218 time: 0.0677688
2026-05-20 07:12:18.072 10 INFO neutron.api.wsgi [None req-293068d6-6be0-4cff-b341-796f7bcf28cf a5fedcaba571490aa624731f605ccfdc 9954431f95c242f598e7a576c2d17f59 - - default default] 10.0.0.205 "GET /v2.0/subnetpools/da1e8259-2c6d-48fe-b7ae-f7ac9e71a908/tags HTTP/1.1" status: 200 len: 218 time: 0.0340829
2026-05-20 07:12:18.077 10 INFO neutron.api.v2.resource [None req-e1dfc3f5-85d7-4301-b292-d936e5c97054 ca69b0e189d1410a99181ae0a86a9beb ad3b7de6e80a47adac5404fa46d92f1c - - default default] delete failed (client error): The resource could not be found.
2026-05-20 07:12:18.078 10 INFO neutron.api.wsgi [None req-e1dfc3f5-85d7-4301-b292-d936e5c97054 ca69b0e189d1410a99181ae0a86a9beb ad3b7de6e80a47adac5404fa46d92f1c - - default default] 10.0.0.205 "DELETE /v2.0/floatingips/63f93389-59bd-4eec-868e-88bba40f83ba/tags/green HTTP/1.1" status: 404 len: 299 time: 0.0464900
2026-05-20 07:12:18.121 10 INFO neutron.api.wsgi [None req-541803bf-e2f1-4b53-a71c-dbb443a38956 ca69b0e189d1410a99181ae0a86a9beb ad3b7de6e80a47adac5404fa46d92f1c - - default default] 10.0.0.205 "DELETE /v2.0/floatingips/63f93389-59bd-4eec-868e-88bba40f83ba/tags HTTP/1.1" status: 204 len: 168 time: 0.0389869
2026-05-20 07:12:18.130 9 INFO neutron.api.wsgi [None req-1279fa13-f25b-4ce9-8994-1b00a2376dc1 a5fedcaba571490aa624731f605ccfdc 9954431f95c242f598e7a576c2d17f59 - - default default] 10.0.0.205 "PUT /v2.0/subnetpools/da1e8259-2c6d-48fe-b7ae-f7ac9e71a908/tags/green HTTP/1.1" status: 201 len: 201 time: 0.0524337
2026-05-20 07:12:18.148 10 INFO neutron.api.wsgi [-] 10.0.0.78 "GET / HTTP/1.1" status: 200 len: 247 time: 0.0017331
2026-05-20 07:12:18.148 9 INFO neutron.api.wsgi [-] 10.0.0.78 "GET / HTTP/1.1" status: 200 len: 247 time: 0.0018334
2026-05-20 07:12:18.169 10 INFO neutron.api.wsgi [None req-f8c5dc27-75be-4bab-b13b-59da003c6983 ca69b0e189d1410a99181ae0a86a9beb ad3b7de6e80a47adac5404fa46d92f1c - - default default] 10.0.0.205 "GET /v2.0/floatingips/63f93389-59bd-4eec-868e-88bba40f83ba/tags HTTP/1.1" status: 200 len: 205 time: 0.0416703
2026-05-20 07:12:18.170 10 INFO neutron.api.wsgi [None req-a492f5cf-6d1d-406f-abd8-f86f8167c86c a5fedcaba571490aa624731f605ccfdc 9954431f95c242f598e7a576c2d17f59 - - default default] 10.0.0.205 "GET /v2.0/subnetpools/da1e8259-2c6d-48fe-b7ae-f7ac9e71a908/tags HTTP/1.1" status: 200 len: 227 time: 0.0355120
2026-05-20 07:12:18.198 9 INFO neutron.api.wsgi [None req-784e4069-a160-4a2b-8141-f3d4d84b317d a5fedcaba571490aa624731f605ccfdc 9954431f95c242f598e7a576c2d17f59 - - default default] 10.0.0.205 "PUT /v2.0/subnetpools/da1e8259-2c6d-48fe-b7ae-f7ac9e71a908/tags/red HTTP/1.1" status: 201 len: 201 time: 0.0209932
2026-05-20 07:12:18.230 9 INFO neutron.api.wsgi [None req-ddf76558-2900-4445-b6c7-edab9b75ad82 a5fedcaba571490aa624731f605ccfdc 9954431f95c242f598e7a576c2d17f59 - - default default] 10.0.0.205 "GET /v2.0/subnetpools/da1e8259-2c6d-48fe-b7ae-f7ac9e71a908/tags HTTP/1.1" status: 200 len: 227 time: 0.0241880
2026-05-20 07:12:18.262 9 INFO neutron.api.wsgi [None req-512ec61f-48a6-4721-8b72-4c7461819135 a5fedcaba571490aa624731f605ccfdc 9954431f95c242f598e7a576c2d17f59 - - default default] 10.0.0.205 "PUT /v2.0/subnetpools/da1e8259-2c6d-48fe-b7ae-f7ac9e71a908/tags/black.or.white HTTP/1.1" status: 201 len: 201 time: 0.0271368
2026-05-20 07:12:18.290 9 INFO neutron.api.wsgi [None req-3f6b53b2-636e-45da-9bf5-89d4d969a0a1 a5fedcaba571490aa624731f605ccfdc 9954431f95c242f598e7a576c2d17f59 - - default default] 10.0.0.205 "GET /v2.0/subnetpools/da1e8259-2c6d-48fe-b7ae-f7ac9e71a908/tags HTTP/1.1" status: 200 len: 245 time: 0.0200064
2026-05-20 07:12:18.336 10 INFO neutron.api.wsgi [None req-d534fae2-8325-41bc-a629-b2e99d934246 a5fedcaba571490aa624731f605ccfdc 9954431f95c242f598e7a576c2d17f59 - - default default] 10.0.0.205 "PUT /v2.0/subnetpools/da1e8259-2c6d-48fe-b7ae-f7ac9e71a908/tags HTTP/1.1" status: 200 len: 230 time: 0.0392952
2026-05-20 07:12:18.382 9 INFO neutron.api.wsgi [None req-06e46769-4231-41d0-beb9-96f61b789ceb a5fedcaba571490aa624731f605ccfdc 9954431f95c242f598e7a576c2d17f59 - - default default] 10.0.0.205 "GET /v2.0/subnetpools/da1e8259-2c6d-48fe-b7ae-f7ac9e71a908/tags HTTP/1.1" status: 200 len: 230 time: 0.0395722
2026-05-20 07:12:18.418 9 INFO neutron.api.wsgi [None req-e843cf58-d9d5-4edf-b8a5-4c99905d44d3 a5fedcaba571490aa624731f605ccfdc 9954431f95c242f598e7a576c2d17f59 - - default default] 10.0.0.205 "GET /v2.0/subnetpools/da1e8259-2c6d-48fe-b7ae-f7ac9e71a908/tags/red HTTP/1.1" status: 204 len: 168 time: 0.0303621
2026-05-20 07:12:18.460 10 INFO neutron.api.v2.resource [None req-080b2242-b44b-4591-b6cf-02ac898dffdc a5fedcaba571490aa624731f605ccfdc 9954431f95c242f598e7a576c2d17f59 - - default default] show failed (client error): The resource could not be found.
2026-05-20 07:12:18.460 10 INFO neutron.api.wsgi [None req-080b2242-b44b-4591-b6cf-02ac898dffdc a5fedcaba571490aa624731f605ccfdc 9954431f95c242f598e7a576c2d17f59 - - default default] 10.0.0.205 "GET /v2.0/subnetpools/da1e8259-2c6d-48fe-b7ae-f7ac9e71a908/tags/green HTTP/1.1" status: 404 len: 299 time: 0.0352278
2026-05-20 07:12:18.501 9 INFO neutron.api.wsgi [None req-cff16604-888d-419f-a110-2592e25d56ea a5fedcaba571490aa624731f605ccfdc 9954431f95c242f598e7a576c2d17f59 - - default default] 10.0.0.205 "DELETE /v2.0/subnetpools/da1e8259-2c6d-48fe-b7ae-f7ac9e71a908/tags/red HTTP/1.1" status: 204 len: 168 time: 0.0344024
2026-05-20 07:12:18.517 10 INFO neutron.api.wsgi [None req-af1ca87d-495a-4b8e-ad34-96d693a09978 ca69b0e189d1410a99181ae0a86a9beb ad3b7de6e80a47adac5404fa46d92f1c - - default default] 10.0.0.205 "DELETE /v2.0/floatingips/63f93389-59bd-4eec-868e-88bba40f83ba HTTP/1.1" status: 204 len: 168 time: 0.3402815
2026-05-20 07:12:18.526 10 INFO neutron.api.wsgi [None req-d09b9f5d-c815-4d6f-9238-41abca237661 a5fedcaba571490aa624731f605ccfdc 9954431f95c242f598e7a576c2d17f59 - - default default] 10.0.0.205 "GET /v2.0/subnetpools/da1e8259-2c6d-48fe-b7ae-f7ac9e71a908/tags HTTP/1.1" status: 200 len: 223 time: 0.0155828
