2026-05-20 07:13:42.542 9 INFO neutron.services.segments.plugin [-] Segment b06e2b74-8613-4be3-a38b-bca33dd9020b resource provider not found; error: Placement Client Error (4xx): {"errors": [{"status": 404, "title": "Not Found", "detail": "The resource could not be found.\n\n No resource provider with uuid b06e2b74-8613-4be3-a38b-bca33dd9020b found for delete ", "request_id": "req-fb7fb37b-cf29-4f95-93a4-f6f108916aa3"}]}
2026-05-20 07:13:42.554 9 INFO neutron.api.wsgi [None req-727bf1d1-2355-4600-91f1-ca679d4d45a3 8114c7197d744f218c85d829831db572 09199fd016314267b00ab70feece052f - - default default] 10.0.0.205 "DELETE /v2.0/networks/d937ee67-610f-4582-9c60-e696261d9a5b HTTP/1.1" status: 204 len: 168 time: 0.3257239
2026-05-20 07:13:42.889 9 INFO neutron.api.wsgi [None req-3b976b7a-cbe1-4b55-9fea-0b10a784c5e0 8114c7197d744f218c85d829831db572 09199fd016314267b00ab70feece052f - - default default] 10.0.0.205 "DELETE /v2.0/networks/c4836019-ba39-4b47-aeda-211f51540634 HTTP/1.1" status: 204 len: 168 time: 0.3295109
2026-05-20 07:13:43.214 9 INFO neutron.api.wsgi [None req-335b4c6b-ee37-46e2-a8ad-4b6a9a3b4e45 8114c7197d744f218c85d829831db572 09199fd016314267b00ab70feece052f - - default default] 10.0.0.205 "DELETE /v2.0/networks/c103a63a-d0f3-45a6-8890-652833f5955b HTTP/1.1" status: 204 len: 168 time: 0.3201613
2026-05-20 07:13:43.233 9 INFO neutron.pecan_wsgi.hooks.translation [None req-dc35ad61-04a3-4fa8-929c-37d89a27c593 8114c7197d744f218c85d829831db572 09199fd016314267b00ab70feece052f - - default default] DELETE failed (client error): The resource could not be found.
2026-05-20 07:13:43.236 9 INFO neutron.api.wsgi [None req-dc35ad61-04a3-4fa8-929c-37d89a27c593 8114c7197d744f218c85d829831db572 09199fd016314267b00ab70feece052f - - default default] 10.0.0.205 "DELETE /v2.0/networks/ab8e907a-fe68-4294-bcca-1f3b940fce03 HTTP/1.1" status: 404 len: 339 time: 0.0165608
2026-05-20 07:13:44.000 10 INFO neutron.api.wsgi [None req-117cf8a4-2670-4193-aeb2-f4c1d5efdeff ab628ee62b214545be46d2bbc2e265f7 455f8fdf6aad4dadb003a1815790c9ca - - default default] 10.0.0.205 "GET /v2.0/security-groups?tenant_id=09199fd016314267b00ab70feece052f&name=default HTTP/1.1" status: 200 len: 3124 time: 0.1561241
2026-05-20 07:13:44.208 10 INFO neutron.api.wsgi [None req-7fae297c-935b-4474-a7f1-2404a0eeaeba ab628ee62b214545be46d2bbc2e265f7 455f8fdf6aad4dadb003a1815790c9ca - - default default] 10.0.0.205 "DELETE /v2.0/security-groups/6a849298-d252-41d4-a5b1-bf5b70b16d28 HTTP/1.1" status: 204 len: 168 time: 0.2027700
2026-05-20 07:13:44.405 10 INFO neutron.db.ovn_revision_numbers_db [None req-7474b72d-0cf9-410f-a88d-9edac1a56747 ab628ee62b214545be46d2bbc2e265f7 455f8fdf6aad4dadb003a1815790c9ca - - default default] Successfully bumped revision number for resource c3eaabb2-018e-40f0-9df2-f2ddc255d315 (type: security_groups) to 1
2026-05-20 07:13:44.420 10 INFO neutron.db.ovn_revision_numbers_db [None req-7474b72d-0cf9-410f-a88d-9edac1a56747 ab628ee62b214545be46d2bbc2e265f7 455f8fdf6aad4dadb003a1815790c9ca - - default default] Successfully bumped revision number for resource 17141b68-cb20-43f2-9c74-90fd7decb590 (type: security_group_rules) to 0
2026-05-20 07:13:44.434 10 INFO neutron.db.ovn_revision_numbers_db [None req-7474b72d-0cf9-410f-a88d-9edac1a56747 ab628ee62b214545be46d2bbc2e265f7 455f8fdf6aad4dadb003a1815790c9ca - - default default] Successfully bumped revision number for resource 5cf735d5-9fb6-4f4a-8d9c-42e1da03689f (type: security_group_rules) to 0
2026-05-20 07:13:44.446 10 INFO neutron.db.ovn_revision_numbers_db [None req-7474b72d-0cf9-410f-a88d-9edac1a56747 ab628ee62b214545be46d2bbc2e265f7 455f8fdf6aad4dadb003a1815790c9ca - - default default] Successfully bumped revision number for resource 6c620b3e-44a9-4599-a359-bc42c4324f70 (type: security_group_rules) to 0
2026-05-20 07:13:44.462 10 INFO neutron.db.ovn_revision_numbers_db [None req-7474b72d-0cf9-410f-a88d-9edac1a56747 ab628ee62b214545be46d2bbc2e265f7 455f8fdf6aad4dadb003a1815790c9ca - - default default] Successfully bumped revision number for resource c9e94d0b-a82c-46d1-b42d-b6ac1c9137a7 (type: security_group_rules) to 0
2026-05-20 07:13:44.495 10 INFO neutron.api.wsgi [None req-7474b72d-0cf9-410f-a88d-9edac1a56747 ab628ee62b214545be46d2bbc2e265f7 455f8fdf6aad4dadb003a1815790c9ca - - default default] 10.0.0.205 "GET /v2.0/security-groups?tenant_id=0e7e8c5360834865a9b2c046074f5d9c&name=default HTTP/1.1" status: 200 len: 3124 time: 0.2057838
2026-05-20 07:13:44.556 9 INFO neutron.services.segments.plugin [-] Segment a4888ade-04f4-47d0-91a2-1bdafb0661e9 resource provider aggregate not found
2026-05-20 07:13:44.563 9 INFO neutron.services.segments.plugin [-] Segment a4888ade-04f4-47d0-91a2-1bdafb0661e9 resource provider aggregate not found
2026-05-20 07:13:44.571 9 INFO neutron.services.segments.plugin [-] Segment a4888ade-04f4-47d0-91a2-1bdafb0661e9 resource provider not found; error: Placement Client Error (4xx): {"errors": [{"status": 404, "title": "Not Found", "detail": "The resource could not be found.\n\n No resource provider with uuid a4888ade-04f4-47d0-91a2-1bdafb0661e9 found for delete ", "request_id": "req-a5d6aab4-964e-4e8d-9e76-3bcf41d3f9bb"}]}
2026-05-20 07:13:44.578 9 INFO neutron.services.segments.plugin [-] Segment a4888ade-04f4-47d0-91a2-1bdafb0661e9 resource provider not found; error: Placement Client Error (4xx): {"errors": [{"status": 404, "title": "Not Found", "detail": "The resource could not be found.\n\n No resource provider with uuid a4888ade-04f4-47d0-91a2-1bdafb0661e9 found for delete ", "request_id": "req-ba08f96b-a993-4e64-9ab3-7bf1bedfcfc4"}]}
2026-05-20 07:13:44.582 9 INFO neutron.services.segments.plugin [-] Segment 3c8c3838-b02b-457f-a461-007f9daef510 resource provider aggregate not found
2026-05-20 07:13:44.589 9 INFO neutron.services.segments.plugin [-] Segment 3c8c3838-b02b-457f-a461-007f9daef510 resource provider aggregate not found
2026-05-20 07:13:44.595 9 INFO neutron.services.segments.plugin [-] Segment 3c8c3838-b02b-457f-a461-007f9daef510 resource provider not found; error: Placement Client Error (4xx): {"errors": [{"status": 404, "title": "Not Found", "detail": "The resource could not be found.\n\n No resource provider with uuid 3c8c3838-b02b-457f-a461-007f9daef510 found for delete ", "request_id": "req-7ff91b23-cee1-4440-80f2-0eb8d8a97ea4"}]}
2026-05-20 07:13:44.604 9 INFO neutron.services.segments.plugin [-] Segment 3c8c3838-b02b-457f-a461-007f9daef510 resource provider not found; error: Placement Client Error (4xx): {"errors": [{"status": 404, "title": "Not Found", "detail": "The resource could not be found.\n\n No resource provider with uuid 3c8c3838-b02b-457f-a461-007f9daef510 found for delete ", "request_id": "req-9cec46a1-6622-4537-9729-ae32d90e04ef"}]}
2026-05-20 07:13:44.718 10 INFO neutron.api.wsgi [None req-14603283-9f02-46ca-80ed-a4affc24f379 ab628ee62b214545be46d2bbc2e265f7 455f8fdf6aad4dadb003a1815790c9ca - - default default] 10.0.0.205 "DELETE /v2.0/security-groups/c3eaabb2-018e-40f0-9df2-f2ddc255d315 HTTP/1.1" status: 204 len: 168 time: 0.2176998
2026-05-20 07:13:46.843 9 INFO neutron.api.wsgi [req-297ee373-7c1b-4c16-b838-e45d73f36f01 req-0abfc198-a28b-407b-a3ab-132d01ff8a82 296365cf3ca647c494585ac884a2c5bd 07897250ef69478aa83c3e940291b0d6 - - 9bb0e01d9ab346938f9b498cf23c3601 9bb0e01d9ab346938f9b498cf23c3601] 10.0.0.147 "GET /v2.0/ports?device_id=f1d570a0-4b39-4c28-abbd-e3b956737e25 HTTP/1.1" status: 200 len: 1642 time: 0.0382638
2026-05-20 07:13:46.886 9 INFO neutron.api.wsgi [req-297ee373-7c1b-4c16-b838-e45d73f36f01 req-5d2c2e3c-82ff-4128-a3ad-96f4129fe5f0 296365cf3ca647c494585ac884a2c5bd 07897250ef69478aa83c3e940291b0d6 - - 9bb0e01d9ab346938f9b498cf23c3601 9bb0e01d9ab346938f9b498cf23c3601] 10.0.0.147 "GET /v2.0/security-groups?id=b3d596f6-d11b-4852-b9f1-d232b2e3e82f&fields=id&fields=name HTTP/1.1" status: 200 len: 311 time: 0.0361824
2026-05-20 07:13:48.150 10 INFO neutron.api.wsgi [-] 10.0.0.78 "GET / HTTP/1.1" status: 200 len: 247 time: 0.0028431
2026-05-20 07:13:48.154 10 INFO neutron.api.wsgi [-] 10.0.0.78 "GET / HTTP/1.1" status: 200 len: 247 time: 0.0023029
2026-05-20 07:13:51.495 10 INFO neutron.api.wsgi [None req-73511431-cfca-4d79-80e7-33314e8926ac 2879e9783b7745f583d6c0678dd46b3a 2c844e365f4149a3a087111d30226dd0 - - default default] 10.0.0.205 "GET /v2.0/subnets/581607f3-68de-40be-b811-6f1d6f563ef1 HTTP/1.1" status: 200 len: 870 time: 0.0254662
2026-05-20 07:13:52.690 10 INFO neutron.api.wsgi [None req-486cd5ac-1084-4189-8df7-986037190a51 ab628ee62b214545be46d2bbc2e265f7 455f8fdf6aad4dadb003a1815790c9ca - - default default] 10.0.0.133 "GET /v2.0/extensions/security-group HTTP/1.1" status: 200 len: 369 time: 0.1048608
2026-05-20 07:13:52.700 10 INFO neutron.api.wsgi [None req-c01779fc-4868-430c-9bbd-20771579a120 ab628ee62b214545be46d2bbc2e265f7 455f8fdf6aad4dadb003a1815790c9ca - - default default] 10.0.0.133 "GET /v2.0/extensions/dns-integration HTTP/1.1" status: 200 len: 371 time: 0.0031364
2026-05-20 07:13:52.708 10 INFO neutron.api.wsgi [None req-598d14a2-4c2a-4922-b860-613120809a3c ab628ee62b214545be46d2bbc2e265f7 455f8fdf6aad4dadb003a1815790c9ca - - default default] 10.0.0.133 "GET /v2.0/extensions/qos HTTP/1.1" status: 200 len: 365 time: 0.0036864
2026-05-20 07:13:52.716 10 INFO neutron.api.wsgi [None req-47ee8844-117f-46fd-abf7-3c60158aac5d ab628ee62b214545be46d2bbc2e265f7 455f8fdf6aad4dadb003a1815790c9ca - - default default] 10.0.0.133 "GET /v2.0/extensions/allowed-address-pairs HTTP/1.1" status: 200 len: 383 time: 0.0041773
2026-05-20 07:13:53.219 9 INFO neutron.api.wsgi [-] 10.0.0.133 "GET / HTTP/1.1" status: 200 len: 284 time: 0.0032277
2026-05-20 07:13:53.258 9 INFO neutron.api.wsgi [None req-ac7fdcbe-6832-4435-b231-640495835cf1 909a59eedeca4bb984ab315b403561cb f8eb00d3bfb34ea9824e10e8d2a36a97 - - default default] 10.0.0.133 "GET /v2.0/subnets/581607f3-68de-40be-b811-6f1d6f563ef1 HTTP/1.1" status: 200 len: 857 time: 0.0242174
2026-05-20 07:13:53.270 10 INFO neutron.api.wsgi [None req-5ed547c8-2279-49b6-86b4-648fffc729c3 ab628ee62b214545be46d2bbc2e265f7 455f8fdf6aad4dadb003a1815790c9ca - - default default] 10.0.0.133 "GET /v2.0/extensions/security-group HTTP/1.1" status: 200 len: 369 time: 0.0076499
2026-05-20 07:13:53.275 10 INFO neutron.api.wsgi [None req-99dde813-b7e3-479d-9536-80e4e4bbad8c ab628ee62b214545be46d2bbc2e265f7 455f8fdf6aad4dadb003a1815790c9ca - - default default] 10.0.0.133 "GET /v2.0/extensions/dns-integration HTTP/1.1" status: 200 len: 371 time: 0.0028126
2026-05-20 07:13:53.281 10 INFO neutron.api.wsgi [None req-66d6e8b6-f8d9-4d2b-b649-2079bd672b00 ab628ee62b214545be46d2bbc2e265f7 455f8fdf6aad4dadb003a1815790c9ca - - default default] 10.0.0.133 "GET /v2.0/extensions/qos HTTP/1.1" status: 200 len: 365 time: 0.0027695
2026-05-20 07:13:53.287 10 INFO neutron.api.wsgi [None req-935ffbe9-e5d8-4c6d-9b31-52114e550bb8 ab628ee62b214545be46d2bbc2e265f7 455f8fdf6aad4dadb003a1815790c9ca - - default default] 10.0.0.133 "GET /v2.0/extensions/allowed-address-pairs HTTP/1.1" status: 200 len: 383 time: 0.0035899
2026-05-20 07:13:53.315 10 INFO neutron.api.wsgi [None req-7f6d0cdb-eb1a-432d-8ec1-7cd9813c9793 ab628ee62b214545be46d2bbc2e265f7 455f8fdf6aad4dadb003a1815790c9ca - - default default] 10.0.0.133 "GET /v2.0/subnets/581607f3-68de-40be-b811-6f1d6f563ef1 HTTP/1.1" status: 200 len: 875 time: 0.0242667
2026-05-20 07:13:53.385 10 INFO neutron.api.wsgi [None req-0e7944f7-d285-4f47-adfb-5b10c0d12818 ab628ee62b214545be46d2bbc2e265f7 455f8fdf6aad4dadb003a1815790c9ca - - default default] 10.0.0.133 "GET /v2.0/extensions/security-group HTTP/1.1" status: 200 len: 369 time: 0.0059257
2026-05-20 07:13:53.392 10 INFO neutron.api.wsgi [None req-33c89c06-b182-4ffb-9bee-6827cd711e98 ab628ee62b214545be46d2bbc2e265f7 455f8fdf6aad4dadb003a1815790c9ca - - default default] 10.0.0.133 "GET /v2.0/extensions/dns-integration HTTP/1.1" status: 200 len: 371 time: 0.0035682
2026-05-20 07:13:53.398 10 INFO neutron.api.wsgi [None req-fc24fb75-3092-4006-b8de-44c0cdb22973 ab628ee62b214545be46d2bbc2e265f7 455f8fdf6aad4dadb003a1815790c9ca - - default default] 10.0.0.133 "GET /v2.0/extensions/qos HTTP/1.1" status: 200 len: 365 time: 0.0034857
2026-05-20 07:13:53.405 10 INFO neutron.api.wsgi [None req-9bb2018f-31d8-46c6-901a-b62516e4e6ea ab628ee62b214545be46d2bbc2e265f7 455f8fdf6aad4dadb003a1815790c9ca - - default default] 10.0.0.133 "GET /v2.0/extensions/allowed-address-pairs HTTP/1.1" status: 200 len: 383 time: 0.0037324
2026-05-20 07:13:53.449 10 INFO neutron.api.wsgi [None req-12fac952-0e11-44a5-a683-b088322d1dea ab628ee62b214545be46d2bbc2e265f7 455f8fdf6aad4dadb003a1815790c9ca - - default default] 10.0.0.133 "GET /v2.0/networks/86deaa56-f3e6-4105-be4c-50df309bda77 HTTP/1.1" status: 200 len: 1000 time: 0.0406506
2026-05-20 07:13:53.456 10 INFO neutron.api.wsgi [None req-595ec90d-1c19-43fe-9160-b850a8138a25 ab628ee62b214545be46d2bbc2e265f7 455f8fdf6aad4dadb003a1815790c9ca - - default default] 10.0.0.133 "GET /v2.0/extensions/project-id HTTP/1.1" status: 200 len: 403 time: 0.0038135
2026-05-20 07:13:53.751 10 WARNING neutron.scheduler.dhcp_agent_scheduler [None req-46df7666-9154-4a43-867c-28d2a1ebc6e4 ab628ee62b214545be46d2bbc2e265f7 455f8fdf6aad4dadb003a1815790c9ca - - default default] No more DHCP agents
2026-05-20 07:13:53.753 10 WARNING neutron.api.rpc.agentnotifiers.dhcp_rpc_agent_api [None req-46df7666-9154-4a43-867c-28d2a1ebc6e4 ab628ee62b214545be46d2bbc2e265f7 455f8fdf6aad4dadb003a1815790c9ca - - default default] Unable to schedule network 86deaa56-f3e6-4105-be4c-50df309bda77: no agents available; will retry on subsequent port and subnet creation events.
2026-05-20 07:13:53.903 10 INFO neutron.db.ovn_revision_numbers_db [None req-46df7666-9154-4a43-867c-28d2a1ebc6e4 ab628ee62b214545be46d2bbc2e265f7 455f8fdf6aad4dadb003a1815790c9ca - - default default] Successfully bumped revision number for resource 73237e28-f1c1-40ed-9364-303678af9b56 (type: ports) to 1
2026-05-20 07:13:53.924 10 INFO neutron.api.wsgi [None req-46df7666-9154-4a43-867c-28d2a1ebc6e4 ab628ee62b214545be46d2bbc2e265f7 455f8fdf6aad4dadb003a1815790c9ca - - default default] 10.0.0.133 "POST /v2.0/ports HTTP/1.1" status: 201 len: 1333 time: 0.4594018
2026-05-20 07:13:56.706 9 INFO neutron.api.wsgi [None req-113d58f2-a830-4c12-802d-de1cfcd18573 ab628ee62b214545be46d2bbc2e265f7 455f8fdf6aad4dadb003a1815790c9ca - - default default] 199.19.213.121 "GET /v2.0/extensions/security-group HTTP/1.1" status: 200 len: 369 time: 0.0545633
2026-05-20 07:13:56.717 9 INFO neutron.api.wsgi [None req-2593feee-950f-49e0-8423-f9a7a832b845 ab628ee62b214545be46d2bbc2e265f7 455f8fdf6aad4dadb003a1815790c9ca - - default default] 199.19.213.121 "GET /v2.0/extensions/dns-integration HTTP/1.1" status: 200 len: 371 time: 0.0043654
2026-05-20 07:13:56.728 9 INFO neutron.api.wsgi [None req-b47892da-257c-41e4-a866-f3ee3e9d6c8a ab628ee62b214545be46d2bbc2e265f7 455f8fdf6aad4dadb003a1815790c9ca - - default default] 199.19.213.121 "GET /v2.0/extensions/qos HTTP/1.1" status: 200 len: 365 time: 0.0080476
2026-05-20 07:13:56.737 9 INFO neutron.api.wsgi [None req-76b9a493-306b-4d6e-8698-111ba5f626f9 ab628ee62b214545be46d2bbc2e265f7 455f8fdf6aad4dadb003a1815790c9ca - - default default] 199.19.213.121 "GET /v2.0/extensions/allowed-address-pairs HTTP/1.1" status: 200 len: 383 time: 0.0032468
2026-05-20 07:13:56.772 9 INFO neutron.api.wsgi [None req-5519ac03-5510-44d7-9075-ba4d681b0585 ab628ee62b214545be46d2bbc2e265f7 455f8fdf6aad4dadb003a1815790c9ca - - default default] 199.19.213.121 "GET /v2.0/ports/73237e28-f1c1-40ed-9364-303678af9b56 HTTP/1.1" status: 200 len: 1328 time: 0.0303330
2026-05-20 07:13:57.000 9 INFO neutron.api.wsgi [None req-a310d649-b196-4d63-a543-21b48f2da612 ab628ee62b214545be46d2bbc2e265f7 455f8fdf6aad4dadb003a1815790c9ca - - default default] 199.19.213.121 "GET /v2.0/extensions/security-group HTTP/1.1" status: 200 len: 369 time: 0.0077827
2026-05-20 07:13:57.010 9 INFO neutron.api.wsgi [None req-b239c826-7993-4451-9998-a4c831f8d88b ab628ee62b214545be46d2bbc2e265f7 455f8fdf6aad4dadb003a1815790c9ca - - default default] 199.19.213.121 "GET /v2.0/extensions/dns-integration HTTP/1.1" status: 200 len: 371 time: 0.0043793
2026-05-20 07:13:57.017 9 INFO neutron.api.wsgi [None req-95f45444-d477-4288-b20d-7ed7e13cd4e3 ab628ee62b214545be46d2bbc2e265f7 455f8fdf6aad4dadb003a1815790c9ca - - default default] 199.19.213.121 "GET /v2.0/extensions/qos HTTP/1.1" status: 200 len: 365 time: 0.0043061
2026-05-20 07:13:57.024 9 INFO neutron.api.wsgi [None req-10771a0e-e3d7-45de-9fc6-b96cc90b57a6 ab628ee62b214545be46d2bbc2e265f7 455f8fdf6aad4dadb003a1815790c9ca - - default default] 199.19.213.121 "GET /v2.0/extensions/allowed-address-pairs HTTP/1.1" status: 200 len: 383 time: 0.0040448
2026-05-20 07:13:57.037 9 INFO neutron.api.v2.resource [None req-11cf65e9-ab17-466a-8789-3376c6b3106d ab628ee62b214545be46d2bbc2e265f7 455f8fdf6aad4dadb003a1815790c9ca - - default default] show failed (client error): The resource could not be found.
2026-05-20 07:13:57.038 9 INFO neutron.api.wsgi [None req-11cf65e9-ab17-466a-8789-3376c6b3106d ab628ee62b214545be46d2bbc2e265f7 455f8fdf6aad4dadb003a1815790c9ca - - default default] 199.19.213.121 "GET /v2.0/security-groups/lb-f22c863d-95c3-4bce-9a96-041c7fedd7f4 HTTP/1.1" status: 404 len: 355 time: 0.0107024
2026-05-20 07:13:57.076 9 INFO neutron.api.wsgi [None req-300675ac-65ea-462a-ae9a-784c82a8d031 ab628ee62b214545be46d2bbc2e265f7 455f8fdf6aad4dadb003a1815790c9ca - - default default] 199.19.213.121 "GET /v2.0/security-groups?name=lb-f22c863d-95c3-4bce-9a96-041c7fedd7f4 HTTP/1.1" status: 200 len: 221 time: 0.0346630
2026-05-20 07:13:57.220 9 INFO neutron.db.ovn_revision_numbers_db [None req-a5131859-3596-4cc2-83d4-aec83b1f92d6 ab628ee62b214545be46d2bbc2e265f7 455f8fdf6aad4dadb003a1815790c9ca - - default default] Successfully bumped revision number for resource d671fd0c-da7a-485a-8b5d-4e6201cab888 (type: security_groups) to 1
2026-05-20 07:13:57.236 9 INFO neutron.db.ovn_revision_numbers_db [None req-a5131859-3596-4cc2-83d4-aec83b1f92d6 ab628ee62b214545be46d2bbc2e265f7 455f8fdf6aad4dadb003a1815790c9ca - - default default] Successfully bumped revision number for resource 3d1e7520-f9b6-407e-b23d-11606783984a (type: security_group_rules) to 0
2026-05-20 07:13:57.250 9 INFO neutron.db.ovn_revision_numbers_db [None req-a5131859-3596-4cc2-83d4-aec83b1f92d6 ab628ee62b214545be46d2bbc2e265f7 455f8fdf6aad4dadb003a1815790c9ca - - default default] Successfully bumped revision number for resource 402c7f9c-df80-4f61-a0a8-b2d70bd7da3e (type: security_group_rules) to 0
2026-05-20 07:13:57.287 9 INFO neutron.api.wsgi [None req-a5131859-3596-4cc2-83d4-aec83b1f92d6 ab628ee62b214545be46d2bbc2e265f7 455f8fdf6aad4dadb003a1815790c9ca - - default default] 199.19.213.121 "POST /v2.0/security-groups HTTP/1.1" status: 201 len: 1843 time: 0.2047722
2026-05-20 07:13:57.320 9 INFO neutron.api.wsgi [None req-b5a887ab-86c4-48e0-b577-044d436161f8 ab628ee62b214545be46d2bbc2e265f7 455f8fdf6aad4dadb003a1815790c9ca - - default default] 199.19.213.121 "GET /v2.0/security-group-rules?security_group_id=d671fd0c-da7a-485a-8b5d-4e6201cab888 HTTP/1.1" status: 200 len: 1382 time: 0.0270629
2026-05-20 07:13:57.649 9 INFO neutron.db.ovn_revision_numbers_db [None req-24d713ee-d87f-45da-9d7a-42ab484fe200 ab628ee62b214545be46d2bbc2e265f7 455f8fdf6aad4dadb003a1815790c9ca - - default default] Successfully bumped revision number for resource 73237e28-f1c1-40ed-9364-303678af9b56 (type: ports) to 2
2026-05-20 07:13:57.659 9 INFO neutron.api.wsgi [None req-24d713ee-d87f-45da-9d7a-42ab484fe200 ab628ee62b214545be46d2bbc2e265f7 455f8fdf6aad4dadb003a1815790c9ca - - default default] 199.19.213.121 "PUT /v2.0/ports/73237e28-f1c1-40ed-9364-303678af9b56 HTTP/1.1" status: 200 len: 1328 time: 0.3307276 /var/lib/openstack/lib/python3.12/site-packages/pycadf/identifier.py:71: UserWarning: Invalid uuid: neutron. To ensure interoperability, identifiers should be a valid uuid. warnings.warn(('Invalid uuid: %s. To ensure interoperability, '
2026-05-20 07:13:57.719 9 INFO neutron.api.wsgi [None req-cf5a79bb-20a2-4f79-8e30-6d10ae472843 ab628ee62b214545be46d2bbc2e265f7 455f8fdf6aad4dadb003a1815790c9ca - - default default] 199.19.213.121 "GET /v2.0/extensions/security-group HTTP/1.1" status: 200 len: 369 time: 0.0074253
2026-05-20 07:13:57.727 9 INFO neutron.api.wsgi [None req-1fff31e3-e79f-488e-baf8-596025bffaed ab628ee62b214545be46d2bbc2e265f7 455f8fdf6aad4dadb003a1815790c9ca - - default default] 199.19.213.121 "GET /v2.0/extensions/dns-integration HTTP/1.1" status: 200 len: 371 time: 0.0027349
2026-05-20 07:13:57.735 9 INFO neutron.api.wsgi [None req-7f4d5485-910c-4062-bdd1-a1bdef5d2ff2 ab628ee62b214545be46d2bbc2e265f7 455f8fdf6aad4dadb003a1815790c9ca - - default default] 199.19.213.121 "GET /v2.0/extensions/qos HTTP/1.1" status: 200 len: 365 time: 0.0035431
2026-05-20 07:13:57.741 9 INFO neutron.api.wsgi [None req-aaae11ae-91af-401a-a4a9-6126bc9ebebb ab628ee62b214545be46d2bbc2e265f7 455f8fdf6aad4dadb003a1815790c9ca - - default default] 199.19.213.121 "GET /v2.0/extensions/allowed-address-pairs HTTP/1.1" status: 200 len: 383 time: 0.0036833
2026-05-20 07:13:57.767 9 INFO neutron.api.wsgi [None req-aa7845b6-9559-4591-bfea-1393dbbc08bf ab628ee62b214545be46d2bbc2e265f7 455f8fdf6aad4dadb003a1815790c9ca - - default default] 199.19.213.121 "GET /v2.0/subnets/581607f3-68de-40be-b811-6f1d6f563ef1 HTTP/1.1" status: 200 len: 875 time: 0.0220547
2026-05-20 07:14:03.149 10 INFO neutron.api.wsgi [-] 10.0.0.78 "GET / HTTP/1.1" status: 200 len: 247 time: 0.0020099
2026-05-20 07:14:03.150 9 INFO neutron.api.wsgi [-] 10.0.0.78 "GET / HTTP/1.1" status: 200 len: 247 time: 0.0026863
2026-05-20 07:14:05.060 9 INFO neutron.api.wsgi [req-d823e507-07b7-4ea9-891f-b1cdf69da1aa req-a747749f-ba38-4f3d-ab69-20064223c099 ab628ee62b214545be46d2bbc2e265f7 455f8fdf6aad4dadb003a1815790c9ca - - default default] 10.0.0.88 "GET /v2.0/security-groups?id=3361648f-f1aa-46a3-995b-3239b4a1ca36&fields=id HTTP/1.1" status: 200 len: 267 time: 0.0293462
2026-05-20 07:14:05.110 9 INFO neutron.api.wsgi [req-d823e507-07b7-4ea9-891f-b1cdf69da1aa req-492f4c5b-6e6c-468c-9c86-f76945e8a5d5 ab628ee62b214545be46d2bbc2e265f7 455f8fdf6aad4dadb003a1815790c9ca - - default default] 10.0.0.88 "GET /v2.0/networks?id=f4a97d1a-30c8-44da-b1a3-96e8817d388d HTTP/1.1" status: 200 len: 937 time: 0.0437186
2026-05-20 07:14:05.125 9 INFO neutron.api.wsgi [req-d823e507-07b7-4ea9-891f-b1cdf69da1aa req-0a46e4d3-b2dd-458e-bbee-7e2251750ae7 ab628ee62b214545be46d2bbc2e265f7 455f8fdf6aad4dadb003a1815790c9ca - - default default] 10.0.0.88 "GET /v2.0/quotas/455f8fdf6aad4dadb003a1815790c9ca HTTP/1.1" status: 200 len: 490 time: 0.0081217
2026-05-20 07:14:05.187 9 INFO neutron.api.wsgi [req-d823e507-07b7-4ea9-891f-b1cdf69da1aa req-35f65fe3-cc8c-4771-8bf9-7fc98b26d9d2 ab628ee62b214545be46d2bbc2e265f7 455f8fdf6aad4dadb003a1815790c9ca - - default default] 10.0.0.88 "GET /v2.0/ports?tenant_id=455f8fdf6aad4dadb003a1815790c9ca&fields=id HTTP/1.1" status: 200 len: 348 time: 0.0564444
2026-05-20 07:14:05.272 9 INFO neutron.api.wsgi [req-d823e507-07b7-4ea9-891f-b1cdf69da1aa req-0cfc56cc-3258-42db-bb27-87754745245e 296365cf3ca647c494585ac884a2c5bd 07897250ef69478aa83c3e940291b0d6 - - 9bb0e01d9ab346938f9b498cf23c3601 9bb0e01d9ab346938f9b498cf23c3601] 10.0.0.88 "GET /v2.0/networks/f4a97d1a-30c8-44da-b1a3-96e8817d388d?fields=segments HTTP/1.1" status: 200 len: 212 time: 0.0742583
2026-05-20 07:14:05.322 9 INFO neutron.api.wsgi [req-d823e507-07b7-4ea9-891f-b1cdf69da1aa req-a280cec8-7a63-4d42-8424-38c5646f0305 296365cf3ca647c494585ac884a2c5bd 07897250ef69478aa83c3e940291b0d6 - - 9bb0e01d9ab346938f9b498cf23c3601 9bb0e01d9ab346938f9b498cf23c3601] 10.0.0.88 "GET /v2.0/networks/f4a97d1a-30c8-44da-b1a3-96e8817d388d?fields=provider%3Aphysical_network&fields=provider%3Anetwork_type HTTP/1.1" status: 200 len: 277 time: 0.0422869
2026-05-20 07:14:05.957 9 INFO neutron.api.wsgi [req-14df275d-669e-4976-be5b-47e59bc29398 req-c0b9ebe4-f030-4365-bc96-ce08ac7cdd2b ab628ee62b214545be46d2bbc2e265f7 455f8fdf6aad4dadb003a1815790c9ca - - default default] 10.0.0.88 "GET /v2.0/ports?device_id=55fdc783-7e95-49b1-a400-42738c847249 HTTP/1.1" status: 200 len: 210 time: 0.0501902
2026-05-20 07:14:06.014 9 INFO neutron.api.wsgi [req-39a3f2e0-d25c-4578-b13d-5626421a7c6b req-4bff0bfc-daed-4bc1-8eb7-abb65bae5b76 ab628ee62b214545be46d2bbc2e265f7 455f8fdf6aad4dadb003a1815790c9ca - - default default] 10.0.0.88 "GET /v2.0/ports?device_id=55fdc783-7e95-49b1-a400-42738c847249 HTTP/1.1" status: 200 len: 210 time: 0.0165274
2026-05-20 07:14:08.668 9 INFO neutron.api.wsgi [req-f680304f-c8bc-449f-8530-c2c635abcad4 req-b8943984-0d7e-4485-ac37-589c02a7f16a ab628ee62b214545be46d2bbc2e265f7 455f8fdf6aad4dadb003a1815790c9ca - - default default] 10.0.0.88 "GET /v2.0/ports?device_id=55fdc783-7e95-49b1-a400-42738c847249 HTTP/1.1" status: 200 len: 210 time: 0.0197012
2026-05-20 07:14:08.751 9 INFO neutron.api.wsgi [req-4fa13213-e251-4d67-a96c-da2ee2f7059a req-46c67694-d978-4ef8-a3be-55a0d6e24550 ab628ee62b214545be46d2bbc2e265f7 455f8fdf6aad4dadb003a1815790c9ca - - default default] 10.0.0.88 "GET /v2.0/ports?device_id=55fdc783-7e95-49b1-a400-42738c847249 HTTP/1.1" status: 200 len: 210 time: 0.0204546 /var/lib/openstack/lib/python3.12/site-packages/pycadf/identifier.py:71: UserWarning: Invalid uuid: neutron. To ensure interoperability, identifiers should be a valid uuid. warnings.warn(('Invalid uuid: %s. To ensure interoperability, '
2026-05-20 07:14:09.979 10 INFO neutron.api.wsgi [req-d823e507-07b7-4ea9-891f-b1cdf69da1aa req-0f12cceb-0869-499f-a449-897bd651fee3 ab628ee62b214545be46d2bbc2e265f7 455f8fdf6aad4dadb003a1815790c9ca - - default default] 199.19.213.121 "GET /v2.0/networks?id=f4a97d1a-30c8-44da-b1a3-96e8817d388d HTTP/1.1" status: 200 len: 937 time: 0.0790305
2026-05-20 07:14:10.027 10 INFO neutron.api.wsgi [req-d823e507-07b7-4ea9-891f-b1cdf69da1aa req-e2a5284b-07ca-4e8d-b7fa-59749e7537ca ab628ee62b214545be46d2bbc2e265f7 455f8fdf6aad4dadb003a1815790c9ca - - default default] 199.19.213.121 "GET /v2.0/security-groups?fields=id&fields=name&tenant_id=455f8fdf6aad4dadb003a1815790c9ca HTTP/1.1" status: 200 len: 542 time: 0.0410817
2026-05-20 07:14:10.281 10 WARNING neutron.scheduler.dhcp_agent_scheduler [req-d823e507-07b7-4ea9-891f-b1cdf69da1aa req-c3a255d1-d18e-4720-b021-83fa961be8ac ab628ee62b214545be46d2bbc2e265f7 455f8fdf6aad4dadb003a1815790c9ca - - default default] No more DHCP agents
2026-05-20 07:14:10.283 10 WARNING neutron.api.rpc.agentnotifiers.dhcp_rpc_agent_api [req-d823e507-07b7-4ea9-891f-b1cdf69da1aa req-c3a255d1-d18e-4720-b021-83fa961be8ac ab628ee62b214545be46d2bbc2e265f7 455f8fdf6aad4dadb003a1815790c9ca - - default default] Unable to schedule network f4a97d1a-30c8-44da-b1a3-96e8817d388d: no agents available; will retry on subsequent port and subnet creation events.
2026-05-20 07:14:10.414 10 INFO neutron.db.ovn_revision_numbers_db [req-d823e507-07b7-4ea9-891f-b1cdf69da1aa req-c3a255d1-d18e-4720-b021-83fa961be8ac ab628ee62b214545be46d2bbc2e265f7 455f8fdf6aad4dadb003a1815790c9ca - - default default] Successfully bumped revision number for resource a6ec6d0c-002e-460c-9906-e7cd2ceb4b2e (type: ports) to 1
2026-05-20 07:14:10.436 10 INFO neutron.api.wsgi [req-d823e507-07b7-4ea9-891f-b1cdf69da1aa req-c3a255d1-d18e-4720-b021-83fa961be8ac ab628ee62b214545be46d2bbc2e265f7 455f8fdf6aad4dadb003a1815790c9ca - - default default] 199.19.213.121 "POST /v2.0/ports HTTP/1.1" status: 201 len: 1279 time: 0.4063005 /var/lib/openstack/lib/python3.12/site-packages/pycadf/identifier.py:71: UserWarning: Invalid uuid: neutron. To ensure interoperability, identifiers should be a valid uuid. warnings.warn(('Invalid uuid: %s. To ensure interoperability, '
2026-05-20 07:14:10.813 10 INFO neutron.db.ovn_revision_numbers_db [req-d823e507-07b7-4ea9-891f-b1cdf69da1aa req-92dafc0c-fe71-4443-aee8-b535ca465065 296365cf3ca647c494585ac884a2c5bd 07897250ef69478aa83c3e940291b0d6 - - 9bb0e01d9ab346938f9b498cf23c3601 9bb0e01d9ab346938f9b498cf23c3601] Successfully bumped revision number for resource a6ec6d0c-002e-460c-9906-e7cd2ceb4b2e (type: ports) to 2
2026-05-20 07:14:11.294 10 INFO neutron.db.ovn_revision_numbers_db [req-d823e507-07b7-4ea9-891f-b1cdf69da1aa req-92dafc0c-fe71-4443-aee8-b535ca465065 296365cf3ca647c494585ac884a2c5bd 07897250ef69478aa83c3e940291b0d6 - - 9bb0e01d9ab346938f9b498cf23c3601 9bb0e01d9ab346938f9b498cf23c3601] Successfully bumped revision number for resource a6ec6d0c-002e-460c-9906-e7cd2ceb4b2e (type: ports) to 4
2026-05-20 07:14:11.315 10 INFO neutron.api.wsgi [req-d823e507-07b7-4ea9-891f-b1cdf69da1aa req-92dafc0c-fe71-4443-aee8-b535ca465065 296365cf3ca647c494585ac884a2c5bd 07897250ef69478aa83c3e940291b0d6 - - 9bb0e01d9ab346938f9b498cf23c3601 9bb0e01d9ab346938f9b498cf23c3601] 199.19.213.121 "PUT /v2.0/ports/a6ec6d0c-002e-460c-9906-e7cd2ceb4b2e HTTP/1.1" status: 200 len: 1404 time: 0.8741314
2026-05-20 07:14:11.428 10 INFO neutron.notifiers.nova [-] Nova event matching ['req-764ea4cf-c159-4dd3-9975-83d78be84ca7'] response: {'name': 'network-changed', 'server_uuid': '55fdc783-7e95-49b1-a400-42738c847249', 'tag': 'a6ec6d0c-002e-460c-9906-e7cd2ceb4b2e', 'status': 'completed', 'code': 200}
2026-05-20 07:14:11.593 9 INFO neutron.api.wsgi [req-e4c264ba-3cd6-46ff-b255-57a5e11ebed6 req-2c1a5e21-559f-471d-9add-3cd37091101a ab628ee62b214545be46d2bbc2e265f7 455f8fdf6aad4dadb003a1815790c9ca - - default default] 10.0.0.88 "GET /v2.0/ports?device_id=55fdc783-7e95-49b1-a400-42738c847249 HTTP/1.1" status: 200 len: 1407 time: 0.0365722
2026-05-20 07:14:11.635 9 INFO neutron.api.wsgi [req-e4c264ba-3cd6-46ff-b255-57a5e11ebed6 req-5ff5809e-43e5-4da4-a8a0-6cb558d139ab ab628ee62b214545be46d2bbc2e265f7 455f8fdf6aad4dadb003a1815790c9ca - - default default] 10.0.0.88 "GET /v2.0/security-groups?id=3361648f-f1aa-46a3-995b-3239b4a1ca36&fields=id&fields=name HTTP/1.1" status: 200 len: 294 time: 0.0349710
2026-05-20 07:14:11.713 9 INFO neutron.api.wsgi [req-5d72985b-192f-4387-84e2-b74d92a58dd0 req-27a21dac-5a1c-4e33-9ecc-f8eb69082272 ab628ee62b214545be46d2bbc2e265f7 455f8fdf6aad4dadb003a1815790c9ca - - default default] 10.0.0.88 "GET /v2.0/ports?device_id=55fdc783-7e95-49b1-a400-42738c847249 HTTP/1.1" status: 200 len: 1407 time: 0.0294464 /var/lib/openstack/lib/python3.12/site-packages/pycadf/identifier.py:71: UserWarning: Invalid uuid: neutron. To ensure interoperability, identifiers should be a valid uuid. warnings.warn(('Invalid uuid: %s. To ensure interoperability, '
2026-05-20 07:14:11.969 10 INFO neutron.api.wsgi [req-9c8e9630-da3d-4c85-96aa-7cec07674599 req-92fbdb14-5f60-4544-88be-6346e84ee64f 296365cf3ca647c494585ac884a2c5bd 07897250ef69478aa83c3e940291b0d6 - - 9bb0e01d9ab346938f9b498cf23c3601 9bb0e01d9ab346938f9b498cf23c3601] 199.19.213.121 "GET /v2.0/ports?tenant_id=455f8fdf6aad4dadb003a1815790c9ca&device_id=55fdc783-7e95-49b1-a400-42738c847249 HTTP/1.1" status: 200 len: 1407 time: 0.0292337
2026-05-20 07:14:12.021 10 INFO neutron.api.wsgi [req-9c8e9630-da3d-4c85-96aa-7cec07674599 req-2e433b06-f633-4729-a2bb-1aa16245c896 296365cf3ca647c494585ac884a2c5bd 07897250ef69478aa83c3e940291b0d6 - - 9bb0e01d9ab346938f9b498cf23c3601 9bb0e01d9ab346938f9b498cf23c3601] 199.19.213.121 "GET /v2.0/networks?tenant_id=455f8fdf6aad4dadb003a1815790c9ca&shared=False HTTP/1.1" status: 200 len: 937 time: 0.0448437
2026-05-20 07:14:12.069 10 INFO neutron.api.wsgi [req-9c8e9630-da3d-4c85-96aa-7cec07674599 req-380617e4-5257-4b7a-80f8-340779aacff9 296365cf3ca647c494585ac884a2c5bd 07897250ef69478aa83c3e940291b0d6 - - 9bb0e01d9ab346938f9b498cf23c3601 9bb0e01d9ab346938f9b498cf23c3601] 199.19.213.121 "GET /v2.0/networks?shared=True HTTP/1.1" status: 200 len: 952 time: 0.0440996
2026-05-20 07:14:13.119 10 INFO neutron.api.wsgi [req-d823e507-07b7-4ea9-891f-b1cdf69da1aa req-cb7f0435-45d0-4e41-94ed-6c4b4bb2c23e 296365cf3ca647c494585ac884a2c5bd 07897250ef69478aa83c3e940291b0d6 - - 9bb0e01d9ab346938f9b498cf23c3601 9bb0e01d9ab346938f9b498cf23c3601] 199.19.213.121 "GET /v2.0/ports?tenant_id=455f8fdf6aad4dadb003a1815790c9ca&device_id=55fdc783-7e95-49b1-a400-42738c847249 HTTP/1.1" status: 200 len: 1407 time: 0.0343089
2026-05-20 07:14:13.143 10 INFO neutron.api.wsgi [req-d823e507-07b7-4ea9-891f-b1cdf69da1aa req-11675f8c-f0ef-4c3f-a7ef-abe89651a83f 296365cf3ca647c494585ac884a2c5bd 07897250ef69478aa83c3e940291b0d6 - - 9bb0e01d9ab346938f9b498cf23c3601 9bb0e01d9ab346938f9b498cf23c3601] 199.19.213.121 "GET /v2.0/floatingips?fixed_ip_address=172.24.1.9&port_id=a6ec6d0c-002e-460c-9906-e7cd2ceb4b2e HTTP/1.1" status: 200 len: 217 time: 0.0175240
2026-05-20 07:14:13.175 10 INFO neutron.api.wsgi [req-d823e507-07b7-4ea9-891f-b1cdf69da1aa req-6f1a9543-bb96-4131-a351-9aedef86350d 296365cf3ca647c494585ac884a2c5bd 07897250ef69478aa83c3e940291b0d6 - - 9bb0e01d9ab346938f9b498cf23c3601 9bb0e01d9ab346938f9b498cf23c3601] 199.19.213.121 "GET /v2.0/subnets?id=e553b8ff-2a43-49b2-afa9-6a77c0df2809 HTTP/1.1" status: 200 len: 853 time: 0.0225668
2026-05-20 07:14:13.201 10 INFO neutron.api.wsgi [req-d823e507-07b7-4ea9-891f-b1cdf69da1aa req-587bb744-6733-4c3a-94b1-4c591442cff0 296365cf3ca647c494585ac884a2c5bd 07897250ef69478aa83c3e940291b0d6 - - 9bb0e01d9ab346938f9b498cf23c3601 9bb0e01d9ab346938f9b498cf23c3601] 199.19.213.121 "GET /v2.0/ports?network_id=f4a97d1a-30c8-44da-b1a3-96e8817d388d&device_owner=network%3Adhcp HTTP/1.1" status: 200 len: 210 time: 0.0188136
2026-05-20 07:14:13.245 10 INFO neutron.api.wsgi [req-d823e507-07b7-4ea9-891f-b1cdf69da1aa req-5a9f27f2-8309-45f0-abf1-72f011613431 296365cf3ca647c494585ac884a2c5bd 07897250ef69478aa83c3e940291b0d6 - - 9bb0e01d9ab346938f9b498cf23c3601 9bb0e01d9ab346938f9b498cf23c3601] 199.19.213.121 "GET /v2.0/networks/f4a97d1a-30c8-44da-b1a3-96e8817d388d?fields=segments HTTP/1.1" status: 200 len: 212 time: 0.0373762
2026-05-20 07:14:13.294 10 INFO neutron.api.wsgi [req-d823e507-07b7-4ea9-891f-b1cdf69da1aa req-914b29f6-7ff1-4863-ac6d-e32e8de53f4e 296365cf3ca647c494585ac884a2c5bd 07897250ef69478aa83c3e940291b0d6 - - 9bb0e01d9ab346938f9b498cf23c3601 9bb0e01d9ab346938f9b498cf23c3601] 199.19.213.121 "GET /v2.0/networks/f4a97d1a-30c8-44da-b1a3-96e8817d388d?fields=provider%3Aphysical_network&fields=provider%3Anetwork_type HTTP/1.1" status: 200 len: 277 time: 0.0454426
2026-05-20 07:14:14.406 9 INFO neutron.api.wsgi [req-f8572f17-0809-44c9-9f8c-32a98041c258 req-45c567c7-e0b9-4238-a1dd-efc2620f8ae9 ab628ee62b214545be46d2bbc2e265f7 455f8fdf6aad4dadb003a1815790c9ca - - default default] 10.0.0.88 "GET /v2.0/ports?device_id=55fdc783-7e95-49b1-a400-42738c847249 HTTP/1.1" status: 200 len: 1407 time: 0.0330901
2026-05-20 07:14:14.457 9 INFO neutron.api.wsgi [req-f8572f17-0809-44c9-9f8c-32a98041c258 req-0c540672-91c4-4ae1-bd0f-f51d0becb6a4 ab628ee62b214545be46d2bbc2e265f7 455f8fdf6aad4dadb003a1815790c9ca - - default default] 10.0.0.88 "GET /v2.0/security-groups?id=3361648f-f1aa-46a3-995b-3239b4a1ca36&fields=id&fields=name HTTP/1.1" status: 200 len: 294 time: 0.0428956
2026-05-20 07:14:14.567 9 INFO neutron.api.wsgi [req-f1b6cd04-d214-48f7-9437-acfefb5f601c req-1bfed8f1-6bbb-4615-99b7-bdff2f8d0985 ab628ee62b214545be46d2bbc2e265f7 455f8fdf6aad4dadb003a1815790c9ca - - default default] 10.0.0.88 "GET /v2.0/ports?device_id=55fdc783-7e95-49b1-a400-42738c847249 HTTP/1.1" status: 200 len: 1407 time: 0.0459402
2026-05-20 07:14:16.439 10 INFO neutron.api.wsgi [req-0d703f1e-bf63-4b75-8ca4-9ca81458b1df req-47083bbd-2c5a-477c-b659-d5b91bb85925 296365cf3ca647c494585ac884a2c5bd 07897250ef69478aa83c3e940291b0d6 - - 9bb0e01d9ab346938f9b498cf23c3601 9bb0e01d9ab346938f9b498cf23c3601] 199.19.213.121 "GET /v2.0/ports?device_id=55fdc783-7e95-49b1-a400-42738c847249 HTTP/1.1" status: 200 len: 1407 time: 0.0376759
2026-05-20 07:14:16.474 10 INFO neutron.api.wsgi [req-0d703f1e-bf63-4b75-8ca4-9ca81458b1df req-20ddbcb3-cd4a-4823-8b17-97f82e231e0e 296365cf3ca647c494585ac884a2c5bd 07897250ef69478aa83c3e940291b0d6 - - 9bb0e01d9ab346938f9b498cf23c3601 9bb0e01d9ab346938f9b498cf23c3601] 199.19.213.121 "GET /v2.0/security-groups?id=3361648f-f1aa-46a3-995b-3239b4a1ca36&fields=id&fields=name HTTP/1.1" status: 200 len: 294 time: 0.0300903
2026-05-20 07:14:16.568 10 INFO neutron.plugins.ml2.drivers.ovn.mech_driver.mech_driver [None req-f016de0e-1e69-4b50-8fce-c8c4298bb2ac - - - - - -] OVN reports status up for port: a6ec6d0c-002e-460c-9906-e7cd2ceb4b2e
2026-05-20 07:14:16.579 10 INFO neutron.plugins.ml2.plugin [None req-f016de0e-1e69-4b50-8fce-c8c4298bb2ac - - - - - -] Attempt 1 to provision port a6ec6d0c-002e-460c-9906-e7cd2ceb4b2e
2026-05-20 07:14:16.694 10 INFO neutron.notifiers.nova [-] Nova event matching ['req-2099dbe2-036e-4696-99f3-28e13f3fd7d5'] response: {'server_uuid': '55fdc783-7e95-49b1-a400-42738c847249', 'name': 'network-vif-plugged', 'status': 'completed', 'tag': 'a6ec6d0c-002e-460c-9906-e7cd2ceb4b2e', 'code': 200}
2026-05-20 07:14:16.780 10 INFO neutron.db.ovn_revision_numbers_db [None req-f016de0e-1e69-4b50-8fce-c8c4298bb2ac - - - - - -] Successfully bumped revision number for resource a6ec6d0c-002e-460c-9906-e7cd2ceb4b2e (type: ports) to 5
2026-05-20 07:14:17.551 9 INFO neutron.api.wsgi [req-861c937c-8301-468d-8958-3961c4e96977 req-6e51b019-8d84-4d97-80c1-b3e20cedc811 ab628ee62b214545be46d2bbc2e265f7 455f8fdf6aad4dadb003a1815790c9ca - - default default] 10.0.0.88 "GET /v2.0/ports?device_id=55fdc783-7e95-49b1-a400-42738c847249 HTTP/1.1" status: 200 len: 1409 time: 0.0332477
2026-05-20 07:14:17.587 9 INFO neutron.api.wsgi [req-861c937c-8301-468d-8958-3961c4e96977 req-729aa39a-4997-444f-a0cc-215e8a6514a0 ab628ee62b214545be46d2bbc2e265f7 455f8fdf6aad4dadb003a1815790c9ca - - default default] 10.0.0.88 "GET /v2.0/security-groups?id=3361648f-f1aa-46a3-995b-3239b4a1ca36&fields=id&fields=name HTTP/1.1" status: 200 len: 294 time: 0.0310488
2026-05-20 07:14:17.676 9 INFO neutron.api.wsgi [req-27717b8e-afc2-4566-96cc-ca4a6d3adc5f req-ebc3fbd6-bbe0-4c94-9342-93146b276308 ab628ee62b214545be46d2bbc2e265f7 455f8fdf6aad4dadb003a1815790c9ca - - default default] 10.0.0.88 "GET /v2.0/ports?device_id=55fdc783-7e95-49b1-a400-42738c847249 HTTP/1.1" status: 200 len: 1409 time: 0.0428817
2026-05-20 07:14:18.150 10 INFO neutron.api.wsgi [-] 10.0.0.78 "GET / HTTP/1.1" status: 200 len: 247 time: 0.0025568
2026-05-20 07:14:18.151 9 INFO neutron.api.wsgi [-] 10.0.0.78 "GET / HTTP/1.1" status: 200 len: 247 time: 0.0028334
2026-05-20 07:14:18.730 10 INFO neutron.notifiers.nova [-] Nova event matching ['req-1f36ec0b-0a92-49bd-a3d2-a13f646812fc'] response: {'server_uuid': '55fdc783-7e95-49b1-a400-42738c847249', 'name': 'network-vif-plugged', 'status': 'completed', 'tag': 'a6ec6d0c-002e-460c-9906-e7cd2ceb4b2e', 'code': 200}
2026-05-20 07:14:20.410 9 INFO neutron.api.wsgi [req-74f404ec-cdf1-49dd-b6b6-34f7bd91981f req-395320b1-e4a0-408d-863b-ce9f4f11a541 ab628ee62b214545be46d2bbc2e265f7 455f8fdf6aad4dadb003a1815790c9ca - - default default] 10.0.0.88 "GET /v2.0/ports?device_id=55fdc783-7e95-49b1-a400-42738c847249 HTTP/1.1" status: 200 len: 1409 time: 0.0368118
2026-05-20 07:14:20.444 9 INFO neutron.api.wsgi [req-74f404ec-cdf1-49dd-b6b6-34f7bd91981f req-e40d5141-426a-46da-a4bf-a7ad45f5253b ab628ee62b214545be46d2bbc2e265f7 455f8fdf6aad4dadb003a1815790c9ca - - default default] 10.0.0.88 "GET /v2.0/security-groups?id=3361648f-f1aa-46a3-995b-3239b4a1ca36&fields=id&fields=name HTTP/1.1" status: 200 len: 294 time: 0.0272439
2026-05-20 07:14:20.521 9 INFO neutron.api.wsgi [req-9e9180b3-7297-4e9a-884b-91cbf68c730a req-cb428fb8-16ea-434e-bf2f-e68dbdfed575 ab628ee62b214545be46d2bbc2e265f7 455f8fdf6aad4dadb003a1815790c9ca - - default default] 10.0.0.88 "GET /v2.0/ports?device_id=55fdc783-7e95-49b1-a400-42738c847249 HTTP/1.1" status: 200 len: 1409 time: 0.0305645 /var/lib/openstack/lib/python3.12/site-packages/pycadf/identifier.py:71: UserWarning: Invalid uuid: neutron. To ensure interoperability, identifiers should be a valid uuid. warnings.warn(('Invalid uuid: %s. To ensure interoperability, '
2026-05-20 07:14:20.778 10 INFO neutron.api.wsgi [None req-f3b0b032-78c9-4e89-85fa-d6c638ab870f ab628ee62b214545be46d2bbc2e265f7 455f8fdf6aad4dadb003a1815790c9ca - - default default] 10.0.0.37 "GET /v2.0/floatingips HTTP/1.1" status: 200 len: 1877 time: 0.0968904
2026-05-20 07:14:20.793 10 INFO neutron.api.wsgi [None req-6966b832-6959-452a-9578-153b18907362 ab628ee62b214545be46d2bbc2e265f7 455f8fdf6aad4dadb003a1815790c9ca - - default default] 10.0.0.37 "GET /v2.0/agents HTTP/1.1" status: 200 len: 1390 time: 0.0131059
2026-05-20 07:14:20.831 10 INFO neutron.api.wsgi [None req-e89b5170-f09f-403e-a73f-084db0928ae9 ab628ee62b214545be46d2bbc2e265f7 455f8fdf6aad4dadb003a1815790c9ca - - default default] 10.0.0.37 "GET /v2.0/security-groups HTTP/1.1" status: 200 len: 30452 time: 0.0374835
2026-05-20 07:14:20.875 10 INFO neutron.api.wsgi [None req-aa2d49a5-5e54-42e6-86e2-c04bb09b8769 ab628ee62b214545be46d2bbc2e265f7 455f8fdf6aad4dadb003a1815790c9ca - - default default] 10.0.0.37 "GET /v2.0/subnets HTTP/1.1" status: 200 len: 5685 time: 0.0358949
2026-05-20 07:14:20.891 10 INFO neutron.api.wsgi [None req-b4a985eb-45f8-4bef-9e45-ba71659cea29 ab628ee62b214545be46d2bbc2e265f7 455f8fdf6aad4dadb003a1815790c9ca - - default default] 10.0.0.37 "GET /v2.0/network-ip-availabilities HTTP/1.1" status: 200 len: 3359 time: 0.0123081
2026-05-20 07:14:20.930 10 INFO neutron.api.wsgi [None req-07e22fba-37f8-4a19-8831-3f29af9d48fc ab628ee62b214545be46d2bbc2e265f7 455f8fdf6aad4dadb003a1815790c9ca - - default default] 10.0.0.37 "GET /v2.0/subnets HTTP/1.1" status: 200 len: 5685 time: 0.0373626
2026-05-20 07:14:20.940 10 INFO neutron.api.wsgi [None req-7f8f8556-e891-4ae2-896a-8468caeee529 ab628ee62b214545be46d2bbc2e265f7 455f8fdf6aad4dadb003a1815790c9ca - - default default] 10.0.0.37 "GET /v2.0/subnetpools HTTP/1.1" status: 200 len: 193 time: 0.0082040
2026-05-20 07:14:20.986 10 INFO neutron.api.wsgi [None req-bc46c689-5c4c-4b7b-9979-6f207b8e5271 ab628ee62b214545be46d2bbc2e265f7 455f8fdf6aad4dadb003a1815790c9ca - - default default] 10.0.0.37 "GET /v2.0/networks HTTP/1.1" status: 200 len: 4717 time: 0.0447993
2026-05-20 07:14:21.062 10 INFO neutron.api.wsgi [None req-845acb33-9b74-48fb-bf08-a6e464a6d28c ab628ee62b214545be46d2bbc2e265f7 455f8fdf6aad4dadb003a1815790c9ca - - default default] 10.0.0.37 "GET /v2.0/ports HTTP/1.1" status: 200 len: 19897 time: 0.0721807
2026-05-20 07:14:21.145 10 INFO neutron.api.wsgi [None req-9ebd50e0-2ed4-43bd-ae6a-85fc1d2ba485 ab628ee62b214545be46d2bbc2e265f7 455f8fdf6aad4dadb003a1815790c9ca - - default default] 10.0.0.37 "GET /v2.0/routers HTTP/1.1" status: 200 len: 1141 time: 0.0711129
2026-05-20 07:14:21.157 10 INFO neutron.api.wsgi [None req-b24945c8-7fcd-4134-baad-5403aca9e956 ab628ee62b214545be46d2bbc2e265f7 455f8fdf6aad4dadb003a1815790c9ca - - default default] 10.0.0.37 "GET /v2.0/agents?binary=ovn-controller HTTP/1.1" status: 200 len: 591 time: 0.0107908
2026-05-20 07:14:32.333 10 INFO neutron.api.wsgi [req-19076e27-e7cf-4d26-8f45-8a09f3943ff2 req-5b7d1f1e-a814-4218-a316-beb2fe953e9e 296365cf3ca647c494585ac884a2c5bd 07897250ef69478aa83c3e940291b0d6 - - 9bb0e01d9ab346938f9b498cf23c3601 9bb0e01d9ab346938f9b498cf23c3601] 199.19.213.121 "GET /v2.0/ports?device_id=12fd842c-ded1-47b9-b9a6-4f1692cc5b93&fields=binding%3Ahost_id&fields=binding%3Avif_type HTTP/1.1" status: 200 len: 265 time: 0.0335829
2026-05-20 07:14:33.148 10 INFO neutron.api.wsgi [-] 10.0.0.78 "GET / HTTP/1.1" status: 200 len: 247 time: 0.0016010
2026-05-20 07:14:33.149 9 INFO neutron.api.wsgi [-] 10.0.0.78 "GET / HTTP/1.1" status: 200 len: 247 time: 0.0022380
2026-05-20 07:14:33.389 10 INFO neutron.api.wsgi [req-19076e27-e7cf-4d26-8f45-8a09f3943ff2 req-f52ad53d-e586-4059-8635-b63fd5b078c2 296365cf3ca647c494585ac884a2c5bd 07897250ef69478aa83c3e940291b0d6 - - 9bb0e01d9ab346938f9b498cf23c3601 9bb0e01d9ab346938f9b498cf23c3601] 199.19.213.121 "GET /v2.0/ports?tenant_id=f8eb00d3bfb34ea9824e10e8d2a36a97&device_id=12fd842c-ded1-47b9-b9a6-4f1692cc5b93 HTTP/1.1" status: 200 len: 1630 time: 0.0385416
2026-05-20 07:14:33.950 10 INFO neutron.api.wsgi [req-19076e27-e7cf-4d26-8f45-8a09f3943ff2 req-6c389046-c01f-4039-9d04-4dcd1332cc18 296365cf3ca647c494585ac884a2c5bd 07897250ef69478aa83c3e940291b0d6 - - 9bb0e01d9ab346938f9b498cf23c3601 9bb0e01d9ab346938f9b498cf23c3601] 199.19.213.121 "GET /v2.0/networks?id=9b3b7f7b-44a9-40e6-8e43-c9aa4d270426 HTTP/1.1" status: 200 len: 1000 time: 0.0530853
2026-05-20 07:14:33.990 10 INFO neutron.api.wsgi [req-19076e27-e7cf-4d26-8f45-8a09f3943ff2 req-00eeb396-7058-4fbe-af5e-91be179bbd7a 296365cf3ca647c494585ac884a2c5bd 07897250ef69478aa83c3e940291b0d6 - - 9bb0e01d9ab346938f9b498cf23c3601 9bb0e01d9ab346938f9b498cf23c3601] 199.19.213.121 "GET /v2.0/floatingips?fixed_ip_address=10.2.1.5&port_id=01c313f1-eb61-4245-8aa7-fa122e72d2d3 HTTP/1.1" status: 200 len: 1057 time: 0.0303519
2026-05-20 07:14:34.012 10 INFO neutron.api.wsgi [req-19076e27-e7cf-4d26-8f45-8a09f3943ff2 req-b333eb73-0346-4cce-99cc-fc8ca12ff0d5 296365cf3ca647c494585ac884a2c5bd 07897250ef69478aa83c3e940291b0d6 - - 9bb0e01d9ab346938f9b498cf23c3601 9bb0e01d9ab346938f9b498cf23c3601] 199.19.213.121 "GET /v2.0/floatingips?fixed_ip_address=fd7b%3Af9f7%3Afff%3A4eca%3A%3A12e&port_id=01c313f1-eb61-4245-8aa7-fa122e72d2d3 HTTP/1.1" status: 200 len: 217 time: 0.0179448
2026-05-20 07:14:34.045 10 INFO neutron.api.wsgi [req-19076e27-e7cf-4d26-8f45-8a09f3943ff2 req-38074565-ca5e-40e6-9e6a-675c25d7be15 296365cf3ca647c494585ac884a2c5bd 07897250ef69478aa83c3e940291b0d6 - - 9bb0e01d9ab346938f9b498cf23c3601 9bb0e01d9ab346938f9b498cf23c3601] 199.19.213.121 "GET /v2.0/subnets?id=5a3ca90c-eade-4b17-9232-530101d4eb65&id=2e2b9191-768b-418b-8510-2c21300f9b7d HTTP/1.1" status: 200 len: 1609 time: 0.0292497
2026-05-20 07:14:34.072 10 INFO neutron.api.wsgi [req-19076e27-e7cf-4d26-8f45-8a09f3943ff2 req-6c2c5ae6-b52f-44e6-bc68-7e2c10443e4c 296365cf3ca647c494585ac884a2c5bd 07897250ef69478aa83c3e940291b0d6 - - 9bb0e01d9ab346938f9b498cf23c3601 9bb0e01d9ab346938f9b498cf23c3601] 199.19.213.121 "GET /v2.0/ports?network_id=9b3b7f7b-44a9-40e6-8e43-c9aa4d270426&device_owner=network%3Adhcp HTTP/1.1" status: 200 len: 210 time: 0.0177014
2026-05-20 07:14:34.096 10 INFO neutron.api.wsgi [req-19076e27-e7cf-4d26-8f45-8a09f3943ff2 req-86fb58dd-ee7a-486c-b639-0399bf98c674 296365cf3ca647c494585ac884a2c5bd 07897250ef69478aa83c3e940291b0d6 - - 9bb0e01d9ab346938f9b498cf23c3601 9bb0e01d9ab346938f9b498cf23c3601] 199.19.213.121 "GET /v2.0/ports?network_id=9b3b7f7b-44a9-40e6-8e43-c9aa4d270426&device_owner=network%3Adhcp HTTP/1.1" status: 200 len: 210 time: 0.0153790
2026-05-20 07:14:34.137 10 INFO neutron.api.wsgi [req-19076e27-e7cf-4d26-8f45-8a09f3943ff2 req-bb4bc8ff-dc10-4940-a978-0632e1e350b8 296365cf3ca647c494585ac884a2c5bd 07897250ef69478aa83c3e940291b0d6 - - 9bb0e01d9ab346938f9b498cf23c3601 9bb0e01d9ab346938f9b498cf23c3601] 199.19.213.121 "GET /v2.0/networks/9b3b7f7b-44a9-40e6-8e43-c9aa4d270426?fields=segments HTTP/1.1" status: 200 len: 212 time: 0.0338657
2026-05-20 07:14:34.186 10 INFO neutron.api.wsgi [req-19076e27-e7cf-4d26-8f45-8a09f3943ff2 req-4e7c2d71-029c-4d1b-9d75-1b0a1df55071 296365cf3ca647c494585ac884a2c5bd 07897250ef69478aa83c3e940291b0d6 - - 9bb0e01d9ab346938f9b498cf23c3601 9bb0e01d9ab346938f9b498cf23c3601] 199.19.213.121 "GET /v2.0/networks/9b3b7f7b-44a9-40e6-8e43-c9aa4d270426?fields=provider%3Aphysical_network&fields=provider%3Anetwork_type HTTP/1.1" status: 200 len: 277 time: 0.0434089
2026-05-20 07:14:48.149 9 INFO neutron.api.wsgi [-] 10.0.0.78 "GET / HTTP/1.1" status: 200 len: 247 time: 0.0017097
2026-05-20 07:14:48.152 10 INFO neutron.api.wsgi [-] 10.0.0.78 "GET / HTTP/1.1" status: 200 len: 247 time: 0.0031676
2026-05-20 07:14:53.434 9 INFO neutron.api.wsgi [None req-170d987e-b44b-41a3-8b73-abdb6d925f85 ab628ee62b214545be46d2bbc2e265f7 455f8fdf6aad4dadb003a1815790c9ca - - default default] 199.19.213.121 "GET /v2.0/extensions/security-group HTTP/1.1" status: 200 len: 369 time: 0.0080423
2026-05-20 07:14:53.448 9 INFO neutron.api.wsgi [None req-8591769c-f518-4b3e-9345-c169b66c4203 ab628ee62b214545be46d2bbc2e265f7 455f8fdf6aad4dadb003a1815790c9ca - - default default] 199.19.213.121 "GET /v2.0/extensions/dns-integration HTTP/1.1" status: 200 len: 371 time: 0.0110054
2026-05-20 07:14:53.457 9 INFO neutron.api.wsgi [None req-16a30ad2-d672-4858-ae88-e745eeacb9d4 ab628ee62b214545be46d2bbc2e265f7 455f8fdf6aad4dadb003a1815790c9ca - - default default] 199.19.213.121 "GET /v2.0/extensions/qos HTTP/1.1" status: 200 len: 365 time: 0.0044188
2026-05-20 07:14:53.466 9 INFO neutron.api.wsgi [None req-cb691ef5-f6b9-4992-b9c1-6d1a0b142791 ab628ee62b214545be46d2bbc2e265f7 455f8fdf6aad4dadb003a1815790c9ca - - default default] 199.19.213.121 "GET /v2.0/extensions/allowed-address-pairs HTTP/1.1" status: 200 len: 383 time: 0.0040886
2026-05-20 07:14:53.491 9 INFO neutron.api.wsgi [None req-b542a83b-7efd-422b-b119-5c195eef6484 ab628ee62b214545be46d2bbc2e265f7 455f8fdf6aad4dadb003a1815790c9ca - - default default] 199.19.213.121 "GET /v2.0/subnets/581607f3-68de-40be-b811-6f1d6f563ef1 HTTP/1.1" status: 200 len: 875 time: 0.0213394
2026-05-20 07:14:53.534 9 INFO neutron.api.wsgi [None req-b9ff0450-e316-4f4f-923d-ecb0a2298ee3 ab628ee62b214545be46d2bbc2e265f7 455f8fdf6aad4dadb003a1815790c9ca - - default default] 199.19.213.121 "GET /v2.0/ports?device_id=55fdc783-7e95-49b1-a400-42738c847249 HTTP/1.1" status: 200 len: 1409 time: 0.0300922
2026-05-20 07:14:53.810 9 WARNING neutron.scheduler.dhcp_agent_scheduler [None req-0faa5816-6b84-4348-860c-e20ffd226ed2 ab628ee62b214545be46d2bbc2e265f7 455f8fdf6aad4dadb003a1815790c9ca - - default default] No more DHCP agents
2026-05-20 07:14:53.811 9 WARNING neutron.api.rpc.agentnotifiers.dhcp_rpc_agent_api [None req-0faa5816-6b84-4348-860c-e20ffd226ed2 ab628ee62b214545be46d2bbc2e265f7 455f8fdf6aad4dadb003a1815790c9ca - - default default] Unable to schedule network 86deaa56-f3e6-4105-be4c-50df309bda77: no agents available; will retry on subsequent port and subnet creation events.
