2026-05-20 07:11:55.792 10 WARNING neutron.scheduler.dhcp_agent_scheduler [None req-cb2c369a-91ab-4e34-bf6c-33df24a72e87 b601114891c443a188552625384aa21d e6d6835a46cc488581fb0379ed30f926 - - default default] No more DHCP agents
2026-05-20 07:11:55.793 10 WARNING neutron.api.rpc.agentnotifiers.dhcp_rpc_agent_api [None req-cb2c369a-91ab-4e34-bf6c-33df24a72e87 b601114891c443a188552625384aa21d e6d6835a46cc488581fb0379ed30f926 - - default default] Unable to schedule network 81d8d0ca-7c47-40a1-b720-c844308c7966: no agents available; will retry on subsequent port and subnet creation events.
2026-05-20 07:11:55.811 9 INFO neutron.db.ovn_revision_numbers_db [None req-2a03b905-264f-49b9-8ee5-9eac370acfcd 1dd60abb1459469ca4db7a6fac997ea3 f3316b9dbc47418aa45c48f7151bf8b5 - - default default] Successfully bumped revision number for resource 2131ee4d-1447-4557-aa5f-cb4161016b81 (type: networks) to 1
2026-05-20 07:11:55.853 10 INFO neutron.db.ovn_revision_numbers_db [None req-cb2c369a-91ab-4e34-bf6c-33df24a72e87 b601114891c443a188552625384aa21d e6d6835a46cc488581fb0379ed30f926 - - default default] Successfully bumped revision number for resource 63b77ec5-85b2-4af1-91f2-5e8cad3fc54d (type: ports) to 1
2026-05-20 07:11:55.872 10 INFO neutron.api.wsgi [None req-cb2c369a-91ab-4e34-bf6c-33df24a72e87 b601114891c443a188552625384aa21d e6d6835a46cc488581fb0379ed30f926 - - default default] 10.0.0.205 "POST /v2.0/networks HTTP/1.1" status: 201 len: 831 time: 0.3940537
2026-05-20 07:11:55.880 10 WARNING neutron_lib.context [None req-92f236fb-1450-4a51-94e6-828b06bc1094 b601114891c443a188552625384aa21d e6d6835a46cc488581fb0379ed30f926 - - default default] Method 'is_advsvc' is deprecated since 2023.2 release (neutron-lib 3.8.0) and will be removed once support for the old RBAC API policies will be removed from Neutron. Please use method 'is_service_role' instead.
2026-05-20 07:11:55.969 9 WARNING neutron.scheduler.dhcp_agent_scheduler [None req-2a03b905-264f-49b9-8ee5-9eac370acfcd 1dd60abb1459469ca4db7a6fac997ea3 f3316b9dbc47418aa45c48f7151bf8b5 - - default default] No more DHCP agents
2026-05-20 07:11:55.970 9 WARNING neutron.api.rpc.agentnotifiers.dhcp_rpc_agent_api [None req-2a03b905-264f-49b9-8ee5-9eac370acfcd 1dd60abb1459469ca4db7a6fac997ea3 f3316b9dbc47418aa45c48f7151bf8b5 - - default default] Unable to schedule network 2131ee4d-1447-4557-aa5f-cb4161016b81: no agents available; will retry on subsequent port and subnet creation events.
2026-05-20 07:11:56.028 9 INFO neutron.db.ovn_revision_numbers_db [None req-2a03b905-264f-49b9-8ee5-9eac370acfcd 1dd60abb1459469ca4db7a6fac997ea3 f3316b9dbc47418aa45c48f7151bf8b5 - - default default] Successfully bumped revision number for resource 0a51cc84-1ca2-48fb-a679-4f1e2bf03de8 (type: ports) to 1
2026-05-20 07:11:56.039 10 WARNING neutron.scheduler.dhcp_agent_scheduler [None req-92f236fb-1450-4a51-94e6-828b06bc1094 b601114891c443a188552625384aa21d e6d6835a46cc488581fb0379ed30f926 - - default default] No more DHCP agents
2026-05-20 07:11:56.041 10 WARNING neutron.api.rpc.agentnotifiers.dhcp_rpc_agent_api [None req-92f236fb-1450-4a51-94e6-828b06bc1094 b601114891c443a188552625384aa21d e6d6835a46cc488581fb0379ed30f926 - - default default] Unable to schedule network 81d8d0ca-7c47-40a1-b720-c844308c7966: no agents available; will retry on subsequent port and subnet creation events.
2026-05-20 07:11:56.048 9 INFO neutron.api.wsgi [None req-2a03b905-264f-49b9-8ee5-9eac370acfcd 1dd60abb1459469ca4db7a6fac997ea3 f3316b9dbc47418aa45c48f7151bf8b5 - - default default] 10.0.0.205 "POST /v2.0/networks HTTP/1.1" status: 201 len: 831 time: 0.8295262
2026-05-20 07:11:56.063 9 WARNING neutron_lib.context [None req-8c018a76-2fe6-484e-868d-f5689217307f 1dd60abb1459469ca4db7a6fac997ea3 f3316b9dbc47418aa45c48f7151bf8b5 - - default default] Method 'is_advsvc' is deprecated since 2023.2 release (neutron-lib 3.8.0) and will be removed once support for the old RBAC API policies will be removed from Neutron. Please use method 'is_service_role' instead.
2026-05-20 07:11:56.321 9 WARNING neutron.scheduler.dhcp_agent_scheduler [None req-8c018a76-2fe6-484e-868d-f5689217307f 1dd60abb1459469ca4db7a6fac997ea3 f3316b9dbc47418aa45c48f7151bf8b5 - - default default] No more DHCP agents
2026-05-20 07:11:56.330 9 WARNING neutron.api.rpc.agentnotifiers.dhcp_rpc_agent_api [None req-8c018a76-2fe6-484e-868d-f5689217307f 1dd60abb1459469ca4db7a6fac997ea3 f3316b9dbc47418aa45c48f7151bf8b5 - - default default] Unable to schedule network 2131ee4d-1447-4557-aa5f-cb4161016b81: no agents available; will retry on subsequent port and subnet creation events.
2026-05-20 07:11:56.387 9 INFO neutron.db.ovn_revision_numbers_db [None req-8c018a76-2fe6-484e-868d-f5689217307f 1dd60abb1459469ca4db7a6fac997ea3 f3316b9dbc47418aa45c48f7151bf8b5 - - default default] Successfully bumped revision number for resource 8d0a6642-d9fd-443c-8075-54922f833b1a (type: ports) to 1
2026-05-20 07:11:56.410 9 INFO neutron.api.wsgi [None req-8c018a76-2fe6-484e-868d-f5689217307f 1dd60abb1459469ca4db7a6fac997ea3 f3316b9dbc47418aa45c48f7151bf8b5 - - default default] 10.0.0.205 "POST /v2.0/ports HTTP/1.1" status: 201 len: 942 time: 0.3554733
2026-05-20 07:11:56.420 10 WARNING neutron_lib.context [None req-5151c336-e116-409a-ade6-d13174b4e4f0 1dd60abb1459469ca4db7a6fac997ea3 f3316b9dbc47418aa45c48f7151bf8b5 - - default default] Method 'is_advsvc' is deprecated since 2023.2 release (neutron-lib 3.8.0) and will be removed once support for the old RBAC API policies will be removed from Neutron. Please use method 'is_service_role' instead.
2026-05-20 07:11:56.439 10 INFO neutron.db.ovn_revision_numbers_db [None req-98e069e5-1ee7-434b-ac91-ee12d76e0139 - - - - - -] Successfully bumped revision number for resource 63b77ec5-85b2-4af1-91f2-5e8cad3fc54d (type: ports) to 2
2026-05-20 07:11:56.476 10 INFO neutron.db.ovn_revision_numbers_db [None req-98e069e5-1ee7-434b-ac91-ee12d76e0139 - - - - - -] Successfully bumped revision number for resource eb2d5db3-66ff-4a2b-b469-6cfdf1e9f4a8 (type: subnets) to 0
2026-05-20 07:11:56.488 10 INFO neutron.api.wsgi [None req-92f236fb-1450-4a51-94e6-828b06bc1094 b601114891c443a188552625384aa21d e6d6835a46cc488581fb0379ed30f926 - - default default] 10.0.0.205 "POST /v2.0/subnets HTTP/1.1" status: 201 len: 828 time: 0.6113513 /var/lib/openstack/lib/python3.12/site-packages/pycadf/identifier.py:71: UserWarning: Invalid uuid: neutron. To ensure interoperability, identifiers should be a valid uuid. warnings.warn(('Invalid uuid: %s. To ensure interoperability, '
2026-05-20 07:11:56.499 9 WARNING neutron_lib.context [None req-17ce8e5b-bfa0-4537-923e-b516aedf5ca0 b601114891c443a188552625384aa21d e6d6835a46cc488581fb0379ed30f926 - - default default] Method 'is_advsvc' is deprecated since 2023.2 release (neutron-lib 3.8.0) and will be removed once support for the old RBAC API policies will be removed from Neutron. Please use method 'is_service_role' instead.
2026-05-20 07:11:56.577 9 INFO neutron.db.segments_db [None req-17ce8e5b-bfa0-4537-923e-b516aedf5ca0 b601114891c443a188552625384aa21d e6d6835a46cc488581fb0379ed30f926 - - default default] Added segment f2e6eea2-8f3e-461e-bc55-657bed0bf08d of type geneve for network dea4f824-bc04-4e18-8672-6dd8bafcbafa
2026-05-20 07:11:56.597 10 INFO neutron.api.wsgi [None req-5151c336-e116-409a-ade6-d13174b4e4f0 1dd60abb1459469ca4db7a6fac997ea3 f3316b9dbc47418aa45c48f7151bf8b5 - - default default] 10.0.0.205 "POST /v2.0/trunks HTTP/1.1" status: 201 len: 608 time: 0.1809647
2026-05-20 07:11:56.604 10 WARNING neutron_lib.context [None req-0233d325-3345-414a-bfc6-bf13c1ddec11 1dd60abb1459469ca4db7a6fac997ea3 f3316b9dbc47418aa45c48f7151bf8b5 - - default default] Method 'is_advsvc' is deprecated since 2023.2 release (neutron-lib 3.8.0) and will be removed once support for the old RBAC API policies will be removed from Neutron. Please use method 'is_service_role' instead.
2026-05-20 07:11:56.660 9 INFO neutron.db.ovn_revision_numbers_db [None req-17ce8e5b-bfa0-4537-923e-b516aedf5ca0 b601114891c443a188552625384aa21d e6d6835a46cc488581fb0379ed30f926 - - default default] Successfully bumped revision number for resource dea4f824-bc04-4e18-8672-6dd8bafcbafa (type: networks) to 1
2026-05-20 07:11:56.672 10 INFO neutron.db.segments_db [None req-0233d325-3345-414a-bfc6-bf13c1ddec11 1dd60abb1459469ca4db7a6fac997ea3 f3316b9dbc47418aa45c48f7151bf8b5 - - default default] Added segment d67772fc-4608-4800-8724-acfe467d15c4 of type geneve for network 8d772d91-4f15-4a78-b778-739c83eefdae
2026-05-20 07:11:56.758 10 INFO neutron.db.ovn_revision_numbers_db [None req-0233d325-3345-414a-bfc6-bf13c1ddec11 1dd60abb1459469ca4db7a6fac997ea3 f3316b9dbc47418aa45c48f7151bf8b5 - - default default] Successfully bumped revision number for resource 8d772d91-4f15-4a78-b778-739c83eefdae (type: networks) to 1
2026-05-20 07:11:56.768 10 WARNING neutron_lib.context [None req-fa36ca0d-eeab-4d91-af82-65ad1d4460e9 fa5956516e654b06a6d539a2fbae691f 9bf9e7380d2545199980cab7d385f124 - - default default] Method 'is_advsvc' is deprecated since 2023.2 release (neutron-lib 3.8.0) and will be removed once support for the old RBAC API policies will be removed from Neutron. Please use method 'is_service_role' instead.
2026-05-20 07:11:56.778 9 WARNING neutron.scheduler.dhcp_agent_scheduler [None req-17ce8e5b-bfa0-4537-923e-b516aedf5ca0 b601114891c443a188552625384aa21d e6d6835a46cc488581fb0379ed30f926 - - default default] No more DHCP agents
2026-05-20 07:11:56.779 9 WARNING neutron.api.rpc.agentnotifiers.dhcp_rpc_agent_api [None req-17ce8e5b-bfa0-4537-923e-b516aedf5ca0 b601114891c443a188552625384aa21d e6d6835a46cc488581fb0379ed30f926 - - default default] Unable to schedule network dea4f824-bc04-4e18-8672-6dd8bafcbafa: no agents available; will retry on subsequent port and subnet creation events.
2026-05-20 07:11:56.825 9 INFO neutron.db.ovn_revision_numbers_db [None req-17ce8e5b-bfa0-4537-923e-b516aedf5ca0 b601114891c443a188552625384aa21d e6d6835a46cc488581fb0379ed30f926 - - default default] Successfully bumped revision number for resource 4f3b9189-df92-45fa-9301-df260e0dc0fa (type: ports) to 1
2026-05-20 07:11:56.842 9 INFO neutron.api.wsgi [None req-17ce8e5b-bfa0-4537-923e-b516aedf5ca0 b601114891c443a188552625384aa21d e6d6835a46cc488581fb0379ed30f926 - - default default] 10.0.0.205 "POST /v2.0/networks HTTP/1.1" status: 201 len: 830 time: 0.3495109
2026-05-20 07:11:56.850 9 WARNING neutron_lib.context [None req-f6c58db3-742c-4b14-ad3f-2aa5e4770f43 b601114891c443a188552625384aa21d e6d6835a46cc488581fb0379ed30f926 - - default default] Method 'is_advsvc' is deprecated since 2023.2 release (neutron-lib 3.8.0) and will be removed once support for the old RBAC API policies will be removed from Neutron. Please use method 'is_service_role' instead.
2026-05-20 07:11:56.934 10 WARNING neutron.scheduler.dhcp_agent_scheduler [None req-0233d325-3345-414a-bfc6-bf13c1ddec11 1dd60abb1459469ca4db7a6fac997ea3 f3316b9dbc47418aa45c48f7151bf8b5 - - default default] No more DHCP agents
2026-05-20 07:11:56.935 10 WARNING neutron.api.rpc.agentnotifiers.dhcp_rpc_agent_api [None req-0233d325-3345-414a-bfc6-bf13c1ddec11 1dd60abb1459469ca4db7a6fac997ea3 f3316b9dbc47418aa45c48f7151bf8b5 - - default default] Unable to schedule network 8d772d91-4f15-4a78-b778-739c83eefdae: no agents available; will retry on subsequent port and subnet creation events.
2026-05-20 07:11:56.995 10 WARNING neutron.scheduler.dhcp_agent_scheduler [None req-fa36ca0d-eeab-4d91-af82-65ad1d4460e9 fa5956516e654b06a6d539a2fbae691f 9bf9e7380d2545199980cab7d385f124 - - default default] No more DHCP agents
2026-05-20 07:11:56.996 10 WARNING neutron.api.rpc.agentnotifiers.dhcp_rpc_agent_api [None req-fa36ca0d-eeab-4d91-af82-65ad1d4460e9 fa5956516e654b06a6d539a2fbae691f 9bf9e7380d2545199980cab7d385f124 - - default default] Unable to schedule network c44ab934-c330-4f5c-a6a9-48e2107a84ce: no agents available; will retry on subsequent port and subnet creation events.
2026-05-20 07:11:57.001 10 INFO neutron.db.ovn_revision_numbers_db [None req-0233d325-3345-414a-bfc6-bf13c1ddec11 1dd60abb1459469ca4db7a6fac997ea3 f3316b9dbc47418aa45c48f7151bf8b5 - - default default] Successfully bumped revision number for resource 5514585e-98f6-4066-ba82-b54309aa93cb (type: ports) to 1
2026-05-20 07:11:57.019 9 WARNING neutron.scheduler.dhcp_agent_scheduler [None req-f6c58db3-742c-4b14-ad3f-2aa5e4770f43 b601114891c443a188552625384aa21d e6d6835a46cc488581fb0379ed30f926 - - default default] No more DHCP agents
2026-05-20 07:11:57.020 9 WARNING neutron.api.rpc.agentnotifiers.dhcp_rpc_agent_api [None req-f6c58db3-742c-4b14-ad3f-2aa5e4770f43 b601114891c443a188552625384aa21d e6d6835a46cc488581fb0379ed30f926 - - default default] Unable to schedule network dea4f824-bc04-4e18-8672-6dd8bafcbafa: no agents available; will retry on subsequent port and subnet creation events.
2026-05-20 07:11:57.024 10 INFO neutron.api.wsgi [None req-0233d325-3345-414a-bfc6-bf13c1ddec11 1dd60abb1459469ca4db7a6fac997ea3 f3316b9dbc47418aa45c48f7151bf8b5 - - default default] 10.0.0.205 "POST /v2.0/networks HTTP/1.1" status: 201 len: 830 time: 0.4228287
2026-05-20 07:11:57.033 10 WARNING neutron_lib.context [None req-10217be8-2dce-4c49-a472-55804c26c380 1dd60abb1459469ca4db7a6fac997ea3 f3316b9dbc47418aa45c48f7151bf8b5 - - default default] Method 'is_advsvc' is deprecated since 2023.2 release (neutron-lib 3.8.0) and will be removed once support for the old RBAC API policies will be removed from Neutron. Please use method 'is_service_role' instead.
2026-05-20 07:11:57.263 10 WARNING neutron.scheduler.dhcp_agent_scheduler [None req-10217be8-2dce-4c49-a472-55804c26c380 1dd60abb1459469ca4db7a6fac997ea3 f3316b9dbc47418aa45c48f7151bf8b5 - - default default] No more DHCP agents
2026-05-20 07:11:57.265 10 WARNING neutron.api.rpc.agentnotifiers.dhcp_rpc_agent_api [None req-10217be8-2dce-4c49-a472-55804c26c380 1dd60abb1459469ca4db7a6fac997ea3 f3316b9dbc47418aa45c48f7151bf8b5 - - default default] Unable to schedule network 8d772d91-4f15-4a78-b778-739c83eefdae: no agents available; will retry on subsequent port and subnet creation events.
2026-05-20 07:11:57.308 10 INFO neutron.api.wsgi [None req-fa36ca0d-eeab-4d91-af82-65ad1d4460e9 fa5956516e654b06a6d539a2fbae691f 9bf9e7380d2545199980cab7d385f124 - - default default] 10.0.0.205 "POST /v2.0/floatingips HTTP/1.1" status: 201 len: 751 time: 0.7231297 /var/lib/openstack/lib/python3.12/site-packages/pycadf/identifier.py:71: UserWarning: Invalid uuid: neutron. To ensure interoperability, identifiers should be a valid uuid. warnings.warn(('Invalid uuid: %s. To ensure interoperability, '
2026-05-20 07:11:57.316 10 WARNING neutron_lib.context [None req-b1f908a9-3289-4b9e-b3b0-f4b8125f976e fa5956516e654b06a6d539a2fbae691f 9bf9e7380d2545199980cab7d385f124 - - default default] Method 'is_advsvc' is deprecated since 2023.2 release (neutron-lib 3.8.0) and will be removed once support for the old RBAC API policies will be removed from Neutron. Please use method 'is_service_role' instead.
2026-05-20 07:11:57.332 10 INFO neutron.db.ovn_revision_numbers_db [None req-10217be8-2dce-4c49-a472-55804c26c380 1dd60abb1459469ca4db7a6fac997ea3 f3316b9dbc47418aa45c48f7151bf8b5 - - default default] Successfully bumped revision number for resource 1ad678bd-3be5-4052-959f-ba5880a054c0 (type: ports) to 1
2026-05-20 07:11:57.361 10 INFO neutron.api.wsgi [None req-10217be8-2dce-4c49-a472-55804c26c380 1dd60abb1459469ca4db7a6fac997ea3 f3316b9dbc47418aa45c48f7151bf8b5 - - default default] 10.0.0.205 "POST /v2.0/ports HTTP/1.1" status: 201 len: 942 time: 0.3310771
2026-05-20 07:11:57.369 9 WARNING neutron_lib.context [None req-a9d734da-de31-42fd-8c33-61271bf5855d 1dd60abb1459469ca4db7a6fac997ea3 f3316b9dbc47418aa45c48f7151bf8b5 - - default default] Method 'is_advsvc' is deprecated since 2023.2 release (neutron-lib 3.8.0) and will be removed once support for the old RBAC API policies will be removed from Neutron. Please use method 'is_service_role' instead.
2026-05-20 07:11:57.373 9 INFO neutron.db.ovn_revision_numbers_db [None req-e3cbd8fd-e74d-4562-8caa-98ae0a8bd1b3 - - - - - -] Successfully bumped revision number for resource 4f3b9189-df92-45fa-9301-df260e0dc0fa (type: ports) to 2
2026-05-20 07:11:57.400 9 INFO neutron.db.ovn_revision_numbers_db [None req-e3cbd8fd-e74d-4562-8caa-98ae0a8bd1b3 - - - - - -] Successfully bumped revision number for resource 9f769c28-5b21-4f55-a595-33c4a81f477e (type: subnets) to 0
2026-05-20 07:11:57.423 9 INFO neutron.api.wsgi [None req-f6c58db3-742c-4b14-ad3f-2aa5e4770f43 b601114891c443a188552625384aa21d e6d6835a46cc488581fb0379ed30f926 - - default default] 10.0.0.205 "POST /v2.0/subnets HTTP/1.1" status: 201 len: 828 time: 0.5764000
2026-05-20 07:11:57.432 9 WARNING neutron_lib.context [None req-a500d568-c5e6-4486-ac9a-9ac9fac2bcc6 b601114891c443a188552625384aa21d e6d6835a46cc488581fb0379ed30f926 - - default default] Method 'is_advsvc' is deprecated since 2023.2 release (neutron-lib 3.8.0) and will be removed once support for the old RBAC API policies will be removed from Neutron. Please use method 'is_service_role' instead.
2026-05-20 07:11:57.536 10 WARNING neutron.scheduler.dhcp_agent_scheduler [None req-b1f908a9-3289-4b9e-b3b0-f4b8125f976e fa5956516e654b06a6d539a2fbae691f 9bf9e7380d2545199980cab7d385f124 - - default default] No more DHCP agents
2026-05-20 07:11:57.538 10 WARNING neutron.api.rpc.agentnotifiers.dhcp_rpc_agent_api [None req-b1f908a9-3289-4b9e-b3b0-f4b8125f976e fa5956516e654b06a6d539a2fbae691f 9bf9e7380d2545199980cab7d385f124 - - default default] Unable to schedule network c44ab934-c330-4f5c-a6a9-48e2107a84ce: no agents available; will retry on subsequent port and subnet creation events.
2026-05-20 07:11:57.551 9 INFO neutron.db.segments_db [None req-a500d568-c5e6-4486-ac9a-9ac9fac2bcc6 b601114891c443a188552625384aa21d e6d6835a46cc488581fb0379ed30f926 - - default default] Added segment 17358db5-a594-4286-9071-854c88338620 of type geneve for network 0314c800-e4c7-4bdc-8706-7c32ea07f503
2026-05-20 07:11:57.608 9 INFO neutron.api.wsgi [None req-a9d734da-de31-42fd-8c33-61271bf5855d 1dd60abb1459469ca4db7a6fac997ea3 f3316b9dbc47418aa45c48f7151bf8b5 - - default default] 10.0.0.205 "POST /v2.0/trunks HTTP/1.1" status: 201 len: 608 time: 0.2430251
2026-05-20 07:11:57.630 10 WARNING neutron_lib.context [None req-124106e4-5380-4d71-a064-9775f1d5796e 1dd60abb1459469ca4db7a6fac997ea3 f3316b9dbc47418aa45c48f7151bf8b5 - - default default] Method 'is_advsvc' is deprecated since 2023.2 release (neutron-lib 3.8.0) and will be removed once support for the old RBAC API policies will be removed from Neutron. Please use method 'is_service_role' instead.
2026-05-20 07:11:57.692 9 INFO neutron.db.ovn_revision_numbers_db [None req-a500d568-c5e6-4486-ac9a-9ac9fac2bcc6 b601114891c443a188552625384aa21d e6d6835a46cc488581fb0379ed30f926 - - default default] Successfully bumped revision number for resource 0314c800-e4c7-4bdc-8706-7c32ea07f503 (type: networks) to 1
2026-05-20 07:11:57.736 10 INFO neutron.db.segments_db [None req-124106e4-5380-4d71-a064-9775f1d5796e 1dd60abb1459469ca4db7a6fac997ea3 f3316b9dbc47418aa45c48f7151bf8b5 - - default default] Added segment 19da5012-95dd-47dc-910e-cde5eb649b8e of type geneve for network 55c10b33-950e-417a-8bc0-d8461b18fe5d
2026-05-20 07:11:57.834 9 WARNING neutron.scheduler.dhcp_agent_scheduler [None req-a500d568-c5e6-4486-ac9a-9ac9fac2bcc6 b601114891c443a188552625384aa21d e6d6835a46cc488581fb0379ed30f926 - - default default] No more DHCP agents
2026-05-20 07:11:57.835 9 WARNING neutron.api.rpc.agentnotifiers.dhcp_rpc_agent_api [None req-a500d568-c5e6-4486-ac9a-9ac9fac2bcc6 b601114891c443a188552625384aa21d e6d6835a46cc488581fb0379ed30f926 - - default default] Unable to schedule network 0314c800-e4c7-4bdc-8706-7c32ea07f503: no agents available; will retry on subsequent port and subnet creation events.
2026-05-20 07:11:57.902 10 INFO neutron.db.ovn_revision_numbers_db [None req-124106e4-5380-4d71-a064-9775f1d5796e 1dd60abb1459469ca4db7a6fac997ea3 f3316b9dbc47418aa45c48f7151bf8b5 - - default default] Successfully bumped revision number for resource 55c10b33-950e-417a-8bc0-d8461b18fe5d (type: networks) to 1
2026-05-20 07:11:57.957 10 INFO neutron.api.wsgi [None req-b1f908a9-3289-4b9e-b3b0-f4b8125f976e fa5956516e654b06a6d539a2fbae691f 9bf9e7380d2545199980cab7d385f124 - - default default] 10.0.0.205 "POST /v2.0/floatingips HTTP/1.1" status: 201 len: 751 time: 0.6451089
2026-05-20 07:11:57.973 9 INFO neutron.db.ovn_revision_numbers_db [None req-a500d568-c5e6-4486-ac9a-9ac9fac2bcc6 b601114891c443a188552625384aa21d e6d6835a46cc488581fb0379ed30f926 - - default default] Successfully bumped revision number for resource 0ace215b-416b-4b9b-92be-44009a8b9f10 (type: ports) to 1
2026-05-20 07:11:57.981 10 WARNING neutron_lib.context [None req-198fd6d8-ff8a-4658-8593-41688999c1af fa5956516e654b06a6d539a2fbae691f 9bf9e7380d2545199980cab7d385f124 - - default default] Method 'is_advsvc' is deprecated since 2023.2 release (neutron-lib 3.8.0) and will be removed once support for the old RBAC API policies will be removed from Neutron. Please use method 'is_service_role' instead.
2026-05-20 07:11:57.998 9 INFO neutron.api.wsgi [None req-a500d568-c5e6-4486-ac9a-9ac9fac2bcc6 b601114891c443a188552625384aa21d e6d6835a46cc488581fb0379ed30f926 - - default default] 10.0.0.205 "POST /v2.0/networks HTTP/1.1" status: 201 len: 831 time: 0.5696387
2026-05-20 07:11:58.011 10 WARNING neutron_lib.context [None req-9cd82e3b-a29a-4e14-a857-72903f3344c0 b601114891c443a188552625384aa21d e6d6835a46cc488581fb0379ed30f926 - - default default] Method 'is_advsvc' is deprecated since 2023.2 release (neutron-lib 3.8.0) and will be removed once support for the old RBAC API policies will be removed from Neutron. Please use method 'is_service_role' instead.
2026-05-20 07:11:58.075 9 INFO neutron.db.ovn_revision_numbers_db [None req-61b35178-7181-445e-b8ff-64ad3af35e30 a05d527307c04b28bc412074db60287e 0eb62d6dede64c6e985eea8d41f91c9d - - default default] Successfully bumped revision number for resource 8ac4e4f9-bfaa-4702-86d6-35f8b9c400fe (type: security_groups) to 1
2026-05-20 07:11:58.091 9 INFO neutron.db.ovn_revision_numbers_db [None req-61b35178-7181-445e-b8ff-64ad3af35e30 a05d527307c04b28bc412074db60287e 0eb62d6dede64c6e985eea8d41f91c9d - - default default] Successfully bumped revision number for resource 4fc5cfc5-b786-4438-adcf-2456a6420f2f (type: security_group_rules) to 0
2026-05-20 07:11:58.102 9 INFO neutron.db.ovn_revision_numbers_db [None req-61b35178-7181-445e-b8ff-64ad3af35e30 a05d527307c04b28bc412074db60287e 0eb62d6dede64c6e985eea8d41f91c9d - - default default] Successfully bumped revision number for resource 56ce55ef-bef5-47a9-af73-318ba27889f2 (type: security_group_rules) to 0
2026-05-20 07:11:58.114 9 INFO neutron.db.ovn_revision_numbers_db [None req-61b35178-7181-445e-b8ff-64ad3af35e30 a05d527307c04b28bc412074db60287e 0eb62d6dede64c6e985eea8d41f91c9d - - default default] Successfully bumped revision number for resource 82198c14-5dd8-4724-9011-45364d70646c (type: security_group_rules) to 0
2026-05-20 07:11:58.131 9 INFO neutron.db.ovn_revision_numbers_db [None req-61b35178-7181-445e-b8ff-64ad3af35e30 a05d527307c04b28bc412074db60287e 0eb62d6dede64c6e985eea8d41f91c9d - - default default] Successfully bumped revision number for resource e8db58f9-1612-476a-936f-9d3a97fa0d68 (type: security_group_rules) to 0
2026-05-20 07:11:58.198 10 WARNING neutron.scheduler.dhcp_agent_scheduler [None req-124106e4-5380-4d71-a064-9775f1d5796e 1dd60abb1459469ca4db7a6fac997ea3 f3316b9dbc47418aa45c48f7151bf8b5 - - default default] No more DHCP agents
2026-05-20 07:11:58.199 9 INFO neutron.db.segments_db [None req-61b35178-7181-445e-b8ff-64ad3af35e30 a05d527307c04b28bc412074db60287e 0eb62d6dede64c6e985eea8d41f91c9d - - default default] Added segment 140226df-7652-425b-80e9-8de29ace87bd of type geneve for network 4e00a685-53c9-4865-a287-0997e2f8ee8e
2026-05-20 07:11:58.201 10 WARNING neutron.api.rpc.agentnotifiers.dhcp_rpc_agent_api [None req-124106e4-5380-4d71-a064-9775f1d5796e 1dd60abb1459469ca4db7a6fac997ea3 f3316b9dbc47418aa45c48f7151bf8b5 - - default default] Unable to schedule network 55c10b33-950e-417a-8bc0-d8461b18fe5d: no agents available; will retry on subsequent port and subnet creation events.
2026-05-20 07:11:58.301 10 INFO neutron.db.ovn_revision_numbers_db [None req-124106e4-5380-4d71-a064-9775f1d5796e 1dd60abb1459469ca4db7a6fac997ea3 f3316b9dbc47418aa45c48f7151bf8b5 - - default default] Successfully bumped revision number for resource 61ffb661-c580-4841-bb02-85ab24e7a73f (type: ports) to 1
2026-05-20 07:11:58.303 10 WARNING neutron.scheduler.dhcp_agent_scheduler [None req-9cd82e3b-a29a-4e14-a857-72903f3344c0 b601114891c443a188552625384aa21d e6d6835a46cc488581fb0379ed30f926 - - default default] No more DHCP agents
2026-05-20 07:11:58.305 10 WARNING neutron.scheduler.dhcp_agent_scheduler [None req-198fd6d8-ff8a-4658-8593-41688999c1af fa5956516e654b06a6d539a2fbae691f 9bf9e7380d2545199980cab7d385f124 - - default default] No more DHCP agents
2026-05-20 07:11:58.305 10 WARNING neutron.api.rpc.agentnotifiers.dhcp_rpc_agent_api [None req-9cd82e3b-a29a-4e14-a857-72903f3344c0 b601114891c443a188552625384aa21d e6d6835a46cc488581fb0379ed30f926 - - default default] Unable to schedule network 0314c800-e4c7-4bdc-8706-7c32ea07f503: no agents available; will retry on subsequent port and subnet creation events.
2026-05-20 07:11:58.308 10 WARNING neutron.api.rpc.agentnotifiers.dhcp_rpc_agent_api [None req-198fd6d8-ff8a-4658-8593-41688999c1af fa5956516e654b06a6d539a2fbae691f 9bf9e7380d2545199980cab7d385f124 - - default default] Unable to schedule network c44ab934-c330-4f5c-a6a9-48e2107a84ce: no agents available; will retry on subsequent port and subnet creation events.
2026-05-20 07:11:58.324 9 INFO neutron.db.ovn_revision_numbers_db [None req-61b35178-7181-445e-b8ff-64ad3af35e30 a05d527307c04b28bc412074db60287e 0eb62d6dede64c6e985eea8d41f91c9d - - default default] Successfully bumped revision number for resource 4e00a685-53c9-4865-a287-0997e2f8ee8e (type: networks) to 1
2026-05-20 07:11:58.335 10 INFO neutron.api.wsgi [None req-124106e4-5380-4d71-a064-9775f1d5796e 1dd60abb1459469ca4db7a6fac997ea3 f3316b9dbc47418aa45c48f7151bf8b5 - - default default] 10.0.0.205 "POST /v2.0/networks HTTP/1.1" status: 201 len: 831 time: 0.7212656
2026-05-20 07:11:58.353 9 WARNING neutron_lib.context [None req-a8a49a04-828f-4da8-88d3-fb5430e45311 1dd60abb1459469ca4db7a6fac997ea3 f3316b9dbc47418aa45c48f7151bf8b5 - - default default] Method 'is_advsvc' is deprecated since 2023.2 release (neutron-lib 3.8.0) and will be removed once support for the old RBAC API policies will be removed from Neutron. Please use method 'is_service_role' instead.
2026-05-20 07:11:58.573 9 WARNING neutron.scheduler.dhcp_agent_scheduler [None req-61b35178-7181-445e-b8ff-64ad3af35e30 a05d527307c04b28bc412074db60287e 0eb62d6dede64c6e985eea8d41f91c9d - - default default] No more DHCP agents
2026-05-20 07:11:58.577 9 WARNING neutron.api.rpc.agentnotifiers.dhcp_rpc_agent_api [None req-61b35178-7181-445e-b8ff-64ad3af35e30 a05d527307c04b28bc412074db60287e 0eb62d6dede64c6e985eea8d41f91c9d - - default default] Unable to schedule network 4e00a685-53c9-4865-a287-0997e2f8ee8e: no agents available; will retry on subsequent port and subnet creation events.
2026-05-20 07:11:58.643 9 INFO neutron.db.ovn_revision_numbers_db [None req-61b35178-7181-445e-b8ff-64ad3af35e30 a05d527307c04b28bc412074db60287e 0eb62d6dede64c6e985eea8d41f91c9d - - default default] Successfully bumped revision number for resource dab58872-a06a-4869-9da4-05f1f3c4e30e (type: ports) to 1
2026-05-20 07:11:58.663 9 INFO neutron.api.wsgi [None req-61b35178-7181-445e-b8ff-64ad3af35e30 a05d527307c04b28bc412074db60287e 0eb62d6dede64c6e985eea8d41f91c9d - - default default] 10.0.0.205 "POST /v2.0/networks HTTP/1.1" status: 201 len: 927 time: 0.9328330
2026-05-20 07:11:58.666 9 WARNING neutron.scheduler.dhcp_agent_scheduler [None req-a8a49a04-828f-4da8-88d3-fb5430e45311 1dd60abb1459469ca4db7a6fac997ea3 f3316b9dbc47418aa45c48f7151bf8b5 - - default default] No more DHCP agents
2026-05-20 07:11:58.667 9 WARNING neutron.api.rpc.agentnotifiers.dhcp_rpc_agent_api [None req-a8a49a04-828f-4da8-88d3-fb5430e45311 1dd60abb1459469ca4db7a6fac997ea3 f3316b9dbc47418aa45c48f7151bf8b5 - - default default] Unable to schedule network 55c10b33-950e-417a-8bc0-d8461b18fe5d: no agents available; will retry on subsequent port and subnet creation events. /var/lib/openstack/lib/python3.12/site-packages/pycadf/identifier.py:71: UserWarning: Invalid uuid: neutron. To ensure interoperability, identifiers should be a valid uuid. warnings.warn(('Invalid uuid: %s. To ensure interoperability, '
2026-05-20 07:11:58.737 9 INFO neutron.db.ovn_revision_numbers_db [None req-a8a49a04-828f-4da8-88d3-fb5430e45311 1dd60abb1459469ca4db7a6fac997ea3 f3316b9dbc47418aa45c48f7151bf8b5 - - default default] Successfully bumped revision number for resource 8ab1da75-1165-4a7c-9196-2e13d93cf3ab (type: ports) to 1
2026-05-20 07:11:58.739 10 INFO neutron.api.wsgi [None req-198fd6d8-ff8a-4658-8593-41688999c1af fa5956516e654b06a6d539a2fbae691f 9bf9e7380d2545199980cab7d385f124 - - default default] 10.0.0.205 "POST /v2.0/floatingips HTTP/1.1" status: 201 len: 751 time: 0.7633593
2026-05-20 07:11:58.747 10 WARNING neutron_lib.context [None req-1fe83a50-1008-49a7-b72f-be2f2f322f8f fa5956516e654b06a6d539a2fbae691f 9bf9e7380d2545199980cab7d385f124 - - default default] Method 'is_advsvc' is deprecated since 2023.2 release (neutron-lib 3.8.0) and will be removed once support for the old RBAC API policies will be removed from Neutron. Please use method 'is_service_role' instead.
2026-05-20 07:11:58.758 9 INFO neutron.api.wsgi [None req-a8a49a04-828f-4da8-88d3-fb5430e45311 1dd60abb1459469ca4db7a6fac997ea3 f3316b9dbc47418aa45c48f7151bf8b5 - - default default] 10.0.0.205 "POST /v2.0/ports HTTP/1.1" status: 201 len: 942 time: 0.4102786
2026-05-20 07:11:58.768 9 WARNING neutron_lib.context [None req-21167e5f-f092-4953-897e-aabddbfb5f9d 1dd60abb1459469ca4db7a6fac997ea3 f3316b9dbc47418aa45c48f7151bf8b5 - - default default] Method 'is_advsvc' is deprecated since 2023.2 release (neutron-lib 3.8.0) and will be removed once support for the old RBAC API policies will be removed from Neutron. Please use method 'is_service_role' instead.
2026-05-20 07:11:58.849 9 WARNING neutron.scheduler.dhcp_agent_scheduler [None req-c4bcdd09-573d-497e-b80d-d81eedca7087 a05d527307c04b28bc412074db60287e 0eb62d6dede64c6e985eea8d41f91c9d - - default default] No more DHCP agents
2026-05-20 07:11:58.851 9 WARNING neutron.api.rpc.agentnotifiers.dhcp_rpc_agent_api [None req-c4bcdd09-573d-497e-b80d-d81eedca7087 a05d527307c04b28bc412074db60287e 0eb62d6dede64c6e985eea8d41f91c9d - - default default] Unable to schedule network 4e00a685-53c9-4865-a287-0997e2f8ee8e: no agents available; will retry on subsequent port and subnet creation events.
2026-05-20 07:11:58.875 10 INFO neutron.db.ovn_revision_numbers_db [None req-c6f5e450-0705-4fc6-a821-6aefb57b67b6 - - - - - -] Successfully bumped revision number for resource 0ace215b-416b-4b9b-92be-44009a8b9f10 (type: ports) to 2
2026-05-20 07:11:58.911 10 INFO neutron.db.ovn_revision_numbers_db [None req-c6f5e450-0705-4fc6-a821-6aefb57b67b6 - - - - - -] Successfully bumped revision number for resource 2b96f26f-e407-4dab-87d0-69d139fde70b (type: subnets) to 0
2026-05-20 07:11:58.925 10 INFO neutron.api.wsgi [None req-9cd82e3b-a29a-4e14-a857-72903f3344c0 b601114891c443a188552625384aa21d e6d6835a46cc488581fb0379ed30f926 - - default default] 10.0.0.205 "POST /v2.0/subnets HTTP/1.1" status: 201 len: 828 time: 0.9185965
2026-05-20 07:11:58.983 9 INFO neutron.api.wsgi [None req-72089772-23ca-4353-a9e9-769be2b550d7 b601114891c443a188552625384aa21d e6d6835a46cc488581fb0379ed30f926 - - default default] 10.0.0.205 "PUT /v2.0/subnets/b1e1c266-e0f1-4a58-a97b-95fd717d299c/tags HTTP/1.1" status: 200 len: 210 time: 0.0550883
2026-05-20 07:11:58.989 9 INFO neutron.api.wsgi [None req-21167e5f-f092-4953-897e-aabddbfb5f9d 1dd60abb1459469ca4db7a6fac997ea3 f3316b9dbc47418aa45c48f7151bf8b5 - - default default] 10.0.0.205 "POST /v2.0/trunks HTTP/1.1" status: 201 len: 608 time: 0.2264917
2026-05-20 07:11:58.997 9 WARNING neutron_lib.context [None req-d5044a87-339e-401c-bab1-4af35f68198a 1dd60abb1459469ca4db7a6fac997ea3 f3316b9dbc47418aa45c48f7151bf8b5 - - default default] Method 'is_advsvc' is deprecated since 2023.2 release (neutron-lib 3.8.0) and will be removed once support for the old RBAC API policies will be removed from Neutron. Please use method 'is_service_role' instead.
2026-05-20 07:11:59.011 10 WARNING neutron.scheduler.dhcp_agent_scheduler [None req-1fe83a50-1008-49a7-b72f-be2f2f322f8f fa5956516e654b06a6d539a2fbae691f 9bf9e7380d2545199980cab7d385f124 - - default default] No more DHCP agents
2026-05-20 07:11:59.014 10 WARNING neutron.api.rpc.agentnotifiers.dhcp_rpc_agent_api [None req-1fe83a50-1008-49a7-b72f-be2f2f322f8f fa5956516e654b06a6d539a2fbae691f 9bf9e7380d2545199980cab7d385f124 - - default default] Unable to schedule network c44ab934-c330-4f5c-a6a9-48e2107a84ce: no agents available; will retry on subsequent port and subnet creation events.
2026-05-20 07:11:59.034 10 INFO neutron.api.wsgi [None req-d8e3e581-bd9c-4d71-8007-bd85b02d2916 b601114891c443a188552625384aa21d e6d6835a46cc488581fb0379ed30f926 - - default default] 10.0.0.205 "PUT /v2.0/subnets/d88e04d4-9926-4165-bd32-6936ed7eff77/tags HTTP/1.1" status: 200 len: 218 time: 0.0437944
2026-05-20 07:11:59.085 10 INFO neutron.api.wsgi [None req-3fbeabcc-593b-4554-b897-86eddd4a892e b601114891c443a188552625384aa21d e6d6835a46cc488581fb0379ed30f926 - - default default] 10.0.0.205 "PUT /v2.0/subnets/eb2d5db3-66ff-4a2b-b469-6cfdf1e9f4a8/tags HTTP/1.1" status: 200 len: 227 time: 0.0460377
2026-05-20 07:11:59.086 9 INFO neutron.db.segments_db [None req-d5044a87-339e-401c-bab1-4af35f68198a 1dd60abb1459469ca4db7a6fac997ea3 f3316b9dbc47418aa45c48f7151bf8b5 - - default default] Added segment 406c3d43-e4a1-454a-8ba0-80c150703ffb of type geneve for network 5b5efcb9-f835-46ac-a8aa-73cd1341652c
2026-05-20 07:11:59.148 9 INFO neutron.api.wsgi [None req-fb0f03ee-f56f-4a10-9587-e09e6443c98d b601114891c443a188552625384aa21d e6d6835a46cc488581fb0379ed30f926 - - default default] 10.0.0.205 "PUT /v2.0/subnets/9f769c28-5b21-4f55-a595-33c4a81f477e/tags HTTP/1.1" status: 200 len: 212 time: 0.0581257
2026-05-20 07:11:59.189 10 INFO neutron.api.wsgi [None req-9d07d5fe-e031-4e60-a9ad-d3bed80c51d6 b601114891c443a188552625384aa21d e6d6835a46cc488581fb0379ed30f926 - - default default] 10.0.0.205 "GET /v2.0/subnets?tags=red HTTP/1.1" status: 200 len: 2099 time: 0.0347991
2026-05-20 07:11:59.223 9 INFO neutron.db.ovn_revision_numbers_db [None req-d5044a87-339e-401c-bab1-4af35f68198a 1dd60abb1459469ca4db7a6fac997ea3 f3316b9dbc47418aa45c48f7151bf8b5 - - default default] Successfully bumped revision number for resource 5b5efcb9-f835-46ac-a8aa-73cd1341652c (type: networks) to 1
2026-05-20 07:11:59.237 9 INFO neutron.api.wsgi [None req-d00ee937-bcad-42f4-b707-b060480297d4 b601114891c443a188552625384aa21d e6d6835a46cc488581fb0379ed30f926 - - default default] 10.0.0.205 "GET /v2.0/subnets?tags=red%2Cblue HTTP/1.1" status: 200 len: 1478 time: 0.0425913
2026-05-20 07:11:59.276 9 INFO neutron.api.wsgi [None req-b0a774dc-6ba8-4c3f-916d-ac79bde5fcfe b601114891c443a188552625384aa21d e6d6835a46cc488581fb0379ed30f926 - - default default] 10.0.0.205 "GET /v2.0/subnets?tags-any=blue HTTP/1.1" status: 200 len: 1478 time: 0.0350122
2026-05-20 07:11:59.315 10 INFO neutron.api.wsgi [None req-1fe83a50-1008-49a7-b72f-be2f2f322f8f fa5956516e654b06a6d539a2fbae691f 9bf9e7380d2545199980cab7d385f124 - - default default] 10.0.0.205 "POST /v2.0/floatingips HTTP/1.1" status: 201 len: 751 time: 0.5705492
2026-05-20 07:11:59.319 10 INFO neutron.api.wsgi [None req-bbcea4f6-4f92-4234-99ff-3aa9035ba4eb b601114891c443a188552625384aa21d e6d6835a46cc488581fb0379ed30f926 - - default default] 10.0.0.205 "GET /v2.0/subnets?tags-any=red%2Cblue HTTP/1.1" status: 200 len: 2099 time: 0.0374300
2026-05-20 07:11:59.324 10 WARNING neutron_lib.context [None req-e28c8109-a203-4673-9bb5-eee927454fdb fa5956516e654b06a6d539a2fbae691f 9bf9e7380d2545199980cab7d385f124 - - default default] Method 'is_advsvc' is deprecated since 2023.2 release (neutron-lib 3.8.0) and will be removed once support for the old RBAC API policies will be removed from Neutron. Please use method 'is_service_role' instead.
2026-05-20 07:11:59.370 9 INFO neutron.api.wsgi [None req-cb822e49-1e8c-4875-a015-25d9ab420409 b601114891c443a188552625384aa21d e6d6835a46cc488581fb0379ed30f926 - - default default] 10.0.0.205 "GET /v2.0/subnets?not-tags=red HTTP/1.1" status: 200 len: 2089 time: 0.0457444
2026-05-20 07:11:59.381 9 INFO neutron.db.ovn_revision_numbers_db [None req-0f102fb7-468e-4ead-8ad5-21c2c508263c - - - - - -] Successfully bumped revision number for resource dab58872-a06a-4869-9da4-05f1f3c4e30e (type: ports) to 2
2026-05-20 07:11:59.423 9 INFO neutron.api.wsgi [None req-07b0e5ae-8ac4-4575-b955-99ead6623f57 b601114891c443a188552625384aa21d e6d6835a46cc488581fb0379ed30f926 - - default default] 10.0.0.205 "GET /v2.0/subnets?not-tags=red%2Cblue HTTP/1.1" status: 200 len: 2710 time: 0.0422175
2026-05-20 07:11:59.445 9 INFO neutron.db.ovn_revision_numbers_db [None req-0f102fb7-468e-4ead-8ad5-21c2c508263c - - - - - -] Successfully bumped revision number for resource 7df50aee-bec5-48da-8c18-d1d4f777bed4 (type: subnets) to 0
2026-05-20 07:11:59.460 9 WARNING neutron.scheduler.dhcp_agent_scheduler [None req-d5044a87-339e-401c-bab1-4af35f68198a 1dd60abb1459469ca4db7a6fac997ea3 f3316b9dbc47418aa45c48f7151bf8b5 - - default default] No more DHCP agents
2026-05-20 07:11:59.462 9 INFO neutron.api.wsgi [None req-c4bcdd09-573d-497e-b80d-d81eedca7087 a05d527307c04b28bc412074db60287e 0eb62d6dede64c6e985eea8d41f91c9d - - default default] 10.0.0.205 "POST /v2.0/subnets HTTP/1.1" status: 201 len: 843 time: 0.7937398
2026-05-20 07:11:59.463 9 WARNING neutron.api.rpc.agentnotifiers.dhcp_rpc_agent_api [None req-d5044a87-339e-401c-bab1-4af35f68198a 1dd60abb1459469ca4db7a6fac997ea3 f3316b9dbc47418aa45c48f7151bf8b5 - - default default] Unable to schedule network 5b5efcb9-f835-46ac-a8aa-73cd1341652c: no agents available; will retry on subsequent port and subnet creation events.
2026-05-20 07:11:59.468 9 INFO neutron.api.wsgi [None req-1dec93e9-bdf3-4961-b284-bdd32daf2e36 b601114891c443a188552625384aa21d e6d6835a46cc488581fb0379ed30f926 - - default default] 10.0.0.205 "GET /v2.0/subnets?not-tags-any=blue HTTP/1.1" status: 200 len: 2710 time: 0.0387344
2026-05-20 07:11:59.472 9 WARNING neutron.api.v2.base [None req-3edaff77-6869-4e5f-a584-a3bdffca03aa a05d527307c04b28bc412074db60287e 0eb62d6dede64c6e985eea8d41f91c9d - - default default] An exception happened while processing the request body. The exception message is [Invalid input for target_tenant. Reason: 'None' is not a valid string.].: webob.exc.HTTPBadRequest: Invalid input for target_tenant. Reason: 'None' is not a valid string.
2026-05-20 07:11:59.472 9 INFO neutron.api.v2.resource [None req-3edaff77-6869-4e5f-a584-a3bdffca03aa a05d527307c04b28bc412074db60287e 0eb62d6dede64c6e985eea8d41f91c9d - - default default] create failed (client error): Invalid input for target_tenant. Reason: 'None' is not a valid string.
2026-05-20 07:11:59.473 9 INFO neutron.api.wsgi [None req-3edaff77-6869-4e5f-a584-a3bdffca03aa a05d527307c04b28bc412074db60287e 0eb62d6dede64c6e985eea8d41f91c9d - - default default] 10.0.0.205 "POST /v2.0/rbac-policies HTTP/1.1" status: 400 len: 346 time: 0.0039103
2026-05-20 07:11:59.509 9 INFO neutron.api.wsgi [None req-f8b45bbf-f6c5-47c4-b814-560ed9245994 b601114891c443a188552625384aa21d e6d6835a46cc488581fb0379ed30f926 - - default default] 10.0.0.205 "GET /v2.0/subnets?not-tags-any=red%2Cblue HTTP/1.1" status: 200 len: 2089 time: 0.0345342
2026-05-20 07:11:59.566 9 INFO neutron.db.ovn_revision_numbers_db [None req-d5044a87-339e-401c-bab1-4af35f68198a 1dd60abb1459469ca4db7a6fac997ea3 f3316b9dbc47418aa45c48f7151bf8b5 - - default default] Successfully bumped revision number for resource f7bf9b71-4e93-4bdb-9d6b-0bd98e11cfbf (type: ports) to 1
2026-05-20 07:11:59.595 9 INFO neutron.api.wsgi [None req-d5044a87-339e-401c-bab1-4af35f68198a 1dd60abb1459469ca4db7a6fac997ea3 f3316b9dbc47418aa45c48f7151bf8b5 - - default default] 10.0.0.205 "POST /v2.0/networks HTTP/1.1" status: 201 len: 831 time: 0.6014593
2026-05-20 07:11:59.604 10 WARNING neutron_lib.context [None req-0c792335-8228-411b-af16-58d6325360e3 1dd60abb1459469ca4db7a6fac997ea3 f3316b9dbc47418aa45c48f7151bf8b5 - - default default] Method 'is_advsvc' is deprecated since 2023.2 release (neutron-lib 3.8.0) and will be removed once support for the old RBAC API policies will be removed from Neutron. Please use method 'is_service_role' instead.
2026-05-20 07:11:59.692 9 INFO neutron.api.wsgi [None req-835539f3-58d3-40fd-96d4-711f79c3abe0 b601114891c443a188552625384aa21d e6d6835a46cc488581fb0379ed30f926 - - default default] 10.0.0.205 "DELETE /v2.0/subnets/b1e1c266-e0f1-4a58-a97b-95fd717d299c HTTP/1.1" status: 204 len: 168 time: 0.1758683
2026-05-20 07:11:59.782 10 WARNING neutron.scheduler.dhcp_agent_scheduler [None req-e28c8109-a203-4673-9bb5-eee927454fdb fa5956516e654b06a6d539a2fbae691f 9bf9e7380d2545199980cab7d385f124 - - default default] No more DHCP agents
2026-05-20 07:11:59.784 10 WARNING neutron.api.rpc.agentnotifiers.dhcp_rpc_agent_api [None req-e28c8109-a203-4673-9bb5-eee927454fdb fa5956516e654b06a6d539a2fbae691f 9bf9e7380d2545199980cab7d385f124 - - default default] Unable to schedule network c44ab934-c330-4f5c-a6a9-48e2107a84ce: no agents available; will retry on subsequent port and subnet creation events.
2026-05-20 07:11:59.839 10 WARNING neutron.scheduler.dhcp_agent_scheduler [None req-0c792335-8228-411b-af16-58d6325360e3 1dd60abb1459469ca4db7a6fac997ea3 f3316b9dbc47418aa45c48f7151bf8b5 - - default default] No more DHCP agents
2026-05-20 07:11:59.844 10 WARNING neutron.api.rpc.agentnotifiers.dhcp_rpc_agent_api [None req-0c792335-8228-411b-af16-58d6325360e3 1dd60abb1459469ca4db7a6fac997ea3 f3316b9dbc47418aa45c48f7151bf8b5 - - default default] Unable to schedule network 5b5efcb9-f835-46ac-a8aa-73cd1341652c: no agents available; will retry on subsequent port and subnet creation events.
2026-05-20 07:11:59.847 9 INFO neutron.api.wsgi [None req-021824c0-aeef-41a7-adce-4f6190ba2ced b601114891c443a188552625384aa21d e6d6835a46cc488581fb0379ed30f926 - - default default] 10.0.0.205 "DELETE /v2.0/subnets/d88e04d4-9926-4165-bd32-6936ed7eff77 HTTP/1.1" status: 204 len: 168 time: 0.1496139
2026-05-20 07:11:59.916 10 INFO neutron.db.ovn_revision_numbers_db [None req-0c792335-8228-411b-af16-58d6325360e3 1dd60abb1459469ca4db7a6fac997ea3 f3316b9dbc47418aa45c48f7151bf8b5 - - default default] Successfully bumped revision number for resource 79490465-7755-4aad-b933-584da60823d7 (type: ports) to 1
2026-05-20 07:11:59.951 10 INFO neutron.api.wsgi [None req-0c792335-8228-411b-af16-58d6325360e3 1dd60abb1459469ca4db7a6fac997ea3 f3316b9dbc47418aa45c48f7151bf8b5 - - default default] 10.0.0.205 "POST /v2.0/ports HTTP/1.1" status: 201 len: 942 time: 0.3505173
2026-05-20 07:11:59.955 9 INFO neutron.services.segments.plugin [-] Segment 140226df-7652-425b-80e9-8de29ace87bd resource provider aggregate not found
2026-05-20 07:11:59.958 9 INFO neutron.services.segments.plugin [-] Segment 140226df-7652-425b-80e9-8de29ace87bd resource provider aggregate not found /var/lib/openstack/lib/python3.12/site-packages/pycadf/identifier.py:71: UserWarning: Invalid uuid: neutron. To ensure interoperability, identifiers should be a valid uuid. warnings.warn(('Invalid uuid: %s. To ensure interoperability, '
2026-05-20 07:11:59.963 10 WARNING neutron_lib.context [None req-cdcc436e-966f-46b3-9796-89b7bd373169 1dd60abb1459469ca4db7a6fac997ea3 f3316b9dbc47418aa45c48f7151bf8b5 - - default default] Method 'is_advsvc' is deprecated since 2023.2 release (neutron-lib 3.8.0) and will be removed once support for the old RBAC API policies will be removed from Neutron. Please use method 'is_service_role' instead.
2026-05-20 07:11:59.971 9 INFO neutron.services.segments.plugin [-] Segment 140226df-7652-425b-80e9-8de29ace87bd resource provider not found; error: Placement Client Error (4xx): {"errors": [{"status": 404, "title": "Not Found", "detail": "The resource could not be found.\n\n No resource provider with uuid 140226df-7652-425b-80e9-8de29ace87bd found for delete ", "request_id": "req-83316cba-4abb-43e6-bbfe-a9b187faa2cf"}]}
2026-05-20 07:11:59.976 9 INFO neutron.services.segments.plugin [-] Segment 140226df-7652-425b-80e9-8de29ace87bd resource provider not found; error: Placement Client Error (4xx): {"errors": [{"status": 404, "title": "Not Found", "detail": "The resource could not be found.\n\n No resource provider with uuid 140226df-7652-425b-80e9-8de29ace87bd found for delete ", "request_id": "req-a509c9dd-19a8-411c-8d56-53955c20433a"}]}
2026-05-20 07:11:59.988 9 INFO neutron.api.wsgi [None req-61c268a6-3651-4136-b139-f4a6264464b6 a05d527307c04b28bc412074db60287e 0eb62d6dede64c6e985eea8d41f91c9d - - default default] 10.0.0.205 "DELETE /v2.0/networks/4e00a685-53c9-4865-a287-0997e2f8ee8e HTTP/1.1" status: 204 len: 168 time: 0.5087528
2026-05-20 07:12:00.017 9 INFO neutron.api.wsgi [None req-3fe67ab6-de19-4e45-b363-180f82de33e7 b601114891c443a188552625384aa21d e6d6835a46cc488581fb0379ed30f926 - - default default] 10.0.0.205 "DELETE /v2.0/subnets/eb2d5db3-66ff-4a2b-b469-6cfdf1e9f4a8 HTTP/1.1" status: 204 len: 168 time: 0.1636989
2026-05-20 07:12:00.111 10 INFO neutron.db.segments_db [None req-29fe28b2-2f3e-4193-9367-1f0bbe998a75 a05d527307c04b28bc412074db60287e 0eb62d6dede64c6e985eea8d41f91c9d - - default default] Added segment 31c3ab41-961a-493e-8438-ae05529d397f of type geneve for network 62fa65eb-f355-473f-a7be-d535239b6696
2026-05-20 07:12:00.155 9 INFO neutron.api.wsgi [None req-2d2e6494-82b7-4e68-b5b1-081c39c7f42d b601114891c443a188552625384aa21d e6d6835a46cc488581fb0379ed30f926 - - default default] 10.0.0.205 "DELETE /v2.0/subnets/9f769c28-5b21-4f55-a595-33c4a81f477e HTTP/1.1" status: 204 len: 168 time: 0.1327198
2026-05-20 07:12:00.161 10 INFO neutron.api.wsgi [None req-e28c8109-a203-4673-9bb5-eee927454fdb fa5956516e654b06a6d539a2fbae691f 9bf9e7380d2545199980cab7d385f124 - - default default] 10.0.0.205 "POST /v2.0/floatingips HTTP/1.1" status: 201 len: 751 time: 0.8412197
2026-05-20 07:12:00.210 9 INFO neutron.api.wsgi [None req-5c64df6d-732f-4882-a43b-57c6b8e251ba fa5956516e654b06a6d539a2fbae691f 9bf9e7380d2545199980cab7d385f124 - - default default] 10.0.0.205 "PUT /v2.0/floatingips/61a075c6-6969-48f8-9924-223aeb3a743c/tags HTTP/1.1" status: 200 len: 210 time: 0.0430276
2026-05-20 07:12:00.214 10 INFO neutron.api.wsgi [None req-cdcc436e-966f-46b3-9796-89b7bd373169 1dd60abb1459469ca4db7a6fac997ea3 f3316b9dbc47418aa45c48f7151bf8b5 - - default default] 10.0.0.205 "POST /v2.0/trunks HTTP/1.1" status: 201 len: 608 time: 0.2568645
2026-05-20 07:12:00.223 9 WARNING neutron_lib.context [None req-aecd1ea9-ac0a-4920-9add-356d70e3924e 1dd60abb1459469ca4db7a6fac997ea3 f3316b9dbc47418aa45c48f7151bf8b5 - - default default] Method 'is_advsvc' is deprecated since 2023.2 release (neutron-lib 3.8.0) and will be removed once support for the old RBAC API policies will be removed from Neutron. Please use method 'is_service_role' instead.
2026-05-20 07:12:00.254 9 INFO neutron.api.wsgi [None req-55a1734b-bfff-42f5-a073-331b4c19f741 fa5956516e654b06a6d539a2fbae691f 9bf9e7380d2545199980cab7d385f124 - - default default] 10.0.0.205 "PUT /v2.0/floatingips/0b79af7c-78e7-4640-899f-fe7d49117cb8/tags HTTP/1.1" status: 200 len: 218 time: 0.0381422
2026-05-20 07:12:00.260 10 INFO neutron.db.ovn_revision_numbers_db [None req-29fe28b2-2f3e-4193-9367-1f0bbe998a75 a05d527307c04b28bc412074db60287e 0eb62d6dede64c6e985eea8d41f91c9d - - default default] Successfully bumped revision number for resource 62fa65eb-f355-473f-a7be-d535239b6696 (type: networks) to 1
2026-05-20 07:12:00.289 9 INFO neutron.api.wsgi [None req-abfa7f19-5fe2-4aca-a227-748334d6802d fa5956516e654b06a6d539a2fbae691f 9bf9e7380d2545199980cab7d385f124 - - default default] 10.0.0.205 "PUT /v2.0/floatingips/f87d92f0-c4d9-4492-9611-9ab065e401ed/tags HTTP/1.1" status: 200 len: 227 time: 0.0297570
2026-05-20 07:12:00.320 9 INFO neutron.db.segments_db [None req-aecd1ea9-ac0a-4920-9add-356d70e3924e 1dd60abb1459469ca4db7a6fac997ea3 f3316b9dbc47418aa45c48f7151bf8b5 - - default default] Added segment 1dbf0140-99e5-4a82-b2b3-825eb9db81e1 of type geneve for network e4971352-be3e-42e2-bb37-40bae4e86e3c
2026-05-20 07:12:00.332 10 INFO neutron.api.wsgi [None req-833e35f3-a6cd-42b5-8251-183fd4b3a8b6 b601114891c443a188552625384aa21d e6d6835a46cc488581fb0379ed30f926 - - default default] 10.0.0.205 "DELETE /v2.0/subnets/2b96f26f-e407-4dab-87d0-69d139fde70b HTTP/1.1" status: 204 len: 168 time: 0.1690717
2026-05-20 07:12:00.336 9 INFO neutron.api.wsgi [None req-bde007b3-4b3d-4f6e-9dce-4d705b067eca fa5956516e654b06a6d539a2fbae691f 9bf9e7380d2545199980cab7d385f124 - - default default] 10.0.0.205 "PUT /v2.0/floatingips/016c7cf4-a0ac-4bd8-a72e-fd60d5617ff8/tags HTTP/1.1" status: 200 len: 212 time: 0.0426304
2026-05-20 07:12:00.391 9 INFO neutron.api.wsgi [None req-d8d3a9f4-89c4-4872-b121-75ca055d27fc fa5956516e654b06a6d539a2fbae691f 9bf9e7380d2545199980cab7d385f124 - - default default] 10.0.0.205 "GET /v2.0/floatingips?tags=red HTTP/1.1" status: 200 len: 1866 time: 0.0438831
2026-05-20 07:12:00.447 10 INFO neutron.api.wsgi [None req-acb1b033-0b85-4ba7-beae-658137caa785 fa5956516e654b06a6d539a2fbae691f 9bf9e7380d2545199980cab7d385f124 - - default default] 10.0.0.205 "GET /v2.0/floatingips?tags=red%2Cblue HTTP/1.1" status: 200 len: 1323 time: 0.0499649
