2026-05-20 07:13:19.233 10 INFO neutron.plugins.ml2.drivers.ovn.mech_driver.mech_driver [None req-b7c25de9-7a1f-415e-b462-46be07c7519f - - - - - -] OVN reports status up for port: e6fe6825-dc41-4312-9178-a78e5e4f9521
2026-05-20 07:13:19.240 10 INFO neutron.plugins.ml2.plugin [None req-b7c25de9-7a1f-415e-b462-46be07c7519f - - - - - -] Attempt 1 to provision port e6fe6825-dc41-4312-9178-a78e5e4f9521
2026-05-20 07:13:19.257 9 INFO neutron.db.ovn_revision_numbers_db [None req-06cd032b-7440-4de6-83c6-7e8d01b9273a 8114c7197d744f218c85d829831db572 09199fd016314267b00ab70feece052f - - default default] Successfully bumped revision number for resource e6fe6825-dc41-4312-9178-a78e5e4f9521 (type: router_ports) to 1
2026-05-20 07:13:19.310 9 INFO neutron.db.ovn_revision_numbers_db [None req-06cd032b-7440-4de6-83c6-7e8d01b9273a 8114c7197d744f218c85d829831db572 09199fd016314267b00ab70feece052f - - default default] Successfully bumped revision number for resource 2beba2c6-7f16-4568-8d15-c7c3bad6c697 (type: routers) to 2
2026-05-20 07:13:19.327 9 INFO neutron.api.wsgi [None req-06cd032b-7440-4de6-83c6-7e8d01b9273a 8114c7197d744f218c85d829831db572 09199fd016314267b00ab70feece052f - - default default] 10.0.0.205 "POST /v2.0/routers HTTP/1.1" status: 201 len: 1135 time: 1.0961490
2026-05-20 07:13:19.794 9 WARNING neutron.scheduler.dhcp_agent_scheduler [None req-6dc8d856-743b-4ffe-b7cb-4c57539b3782 8114c7197d744f218c85d829831db572 09199fd016314267b00ab70feece052f - - default default] No more DHCP agents
2026-05-20 07:13:19.795 9 WARNING neutron.api.rpc.agentnotifiers.dhcp_rpc_agent_api [None req-6dc8d856-743b-4ffe-b7cb-4c57539b3782 8114c7197d744f218c85d829831db572 09199fd016314267b00ab70feece052f - - default default] Unable to schedule network c103a63a-d0f3-45a6-8890-652833f5955b: no agents available; will retry on subsequent port and subnet creation events.
2026-05-20 07:13:19.917 9 INFO neutron.db.ovn_revision_numbers_db [None req-6dc8d856-743b-4ffe-b7cb-4c57539b3782 8114c7197d744f218c85d829831db572 09199fd016314267b00ab70feece052f - - default default] Successfully bumped revision number for resource b566b5a0-8d7d-4495-a86e-67d8485324cb (type: ports) to 1
2026-05-20 07:13:20.534 9 INFO neutron.db.ovn_revision_numbers_db [None req-6dc8d856-743b-4ffe-b7cb-4c57539b3782 8114c7197d744f218c85d829831db572 09199fd016314267b00ab70feece052f - - default default] Successfully bumped revision number for resource b566b5a0-8d7d-4495-a86e-67d8485324cb (type: ports) to 1
2026-05-20 07:13:20.579 9 WARNING neutron.scheduler.dhcp_agent_scheduler [None req-6dc8d856-743b-4ffe-b7cb-4c57539b3782 8114c7197d744f218c85d829831db572 09199fd016314267b00ab70feece052f - - default default] No more DHCP agents
2026-05-20 07:13:20.580 9 WARNING neutron.api.rpc.agentnotifiers.dhcp_rpc_agent_api [None req-6dc8d856-743b-4ffe-b7cb-4c57539b3782 8114c7197d744f218c85d829831db572 09199fd016314267b00ab70feece052f - - default default] Unable to schedule network c103a63a-d0f3-45a6-8890-652833f5955b: no agents available; will retry on subsequent port and subnet creation events. /var/lib/openstack/lib/python3.12/site-packages/pycadf/identifier.py:71: UserWarning: Invalid uuid: neutron. To ensure interoperability, identifiers should be a valid uuid. warnings.warn(('Invalid uuid: %s. To ensure interoperability, '
2026-05-20 07:13:20.793 10 INFO neutron.api.wsgi [None req-1874010f-031d-45ef-bc40-9c74c7274c18 ab628ee62b214545be46d2bbc2e265f7 455f8fdf6aad4dadb003a1815790c9ca - - default default] 10.0.0.37 "GET /v2.0/network-ip-availabilities HTTP/1.1" status: 200 len: 5030 time: 0.0661385
2026-05-20 07:13:20.812 10 INFO neutron.api.wsgi [None req-e98fab4c-4299-4384-96e1-1e5d74870cbc ab628ee62b214545be46d2bbc2e265f7 455f8fdf6aad4dadb003a1815790c9ca - - default default] 10.0.0.37 "GET /v2.0/floatingips HTTP/1.1" status: 200 len: 193 time: 0.0167792
2026-05-20 07:13:20.863 10 INFO neutron.api.wsgi [None req-d8cb8091-1b07-4077-a2be-e419e5307da7 ab628ee62b214545be46d2bbc2e265f7 455f8fdf6aad4dadb003a1815790c9ca - - default default] 10.0.0.37 "GET /v2.0/subnets HTTP/1.1" status: 200 len: 8287 time: 0.0497582
2026-05-20 07:13:20.864 9 INFO neutron.db.ovn_revision_numbers_db [None req-6dc8d856-743b-4ffe-b7cb-4c57539b3782 8114c7197d744f218c85d829831db572 09199fd016314267b00ab70feece052f - - default default] Successfully bumped revision number for resource b566b5a0-8d7d-4495-a86e-67d8485324cb (type: router_ports) to 1
2026-05-20 07:13:20.870 9 INFO neutron.api.wsgi [None req-6dc8d856-743b-4ffe-b7cb-4c57539b3782 8114c7197d744f218c85d829831db572 09199fd016314267b00ab70feece052f - - default default] 10.0.0.205 "PUT /v2.0/routers/2beba2c6-7f16-4568-8d15-c7c3bad6c697/add_router_interface HTTP/1.1" status: 200 len: 503 time: 1.5373838
2026-05-20 07:13:20.879 9 WARNING neutron_lib.context [None req-bf31763e-b082-4596-91c6-f916029fe4f6 8114c7197d744f218c85d829831db572 09199fd016314267b00ab70feece052f - - default default] Method 'is_advsvc' is deprecated since 2023.2 release (neutron-lib 3.8.0) and will be removed once support for the old RBAC API policies will be removed from Neutron. Please use method 'is_service_role' instead.
2026-05-20 07:13:20.935 10 INFO neutron.api.wsgi [None req-bc323ddf-9b00-40e5-b56d-d2128307c2c4 ab628ee62b214545be46d2bbc2e265f7 455f8fdf6aad4dadb003a1815790c9ca - - default default] 10.0.0.37 "GET /v2.0/subnets HTTP/1.1" status: 200 len: 8287 time: 0.0650792
2026-05-20 07:13:20.949 10 INFO neutron.api.wsgi [None req-4d475f72-cdc2-477c-91e9-8e4ad958ca32 ab628ee62b214545be46d2bbc2e265f7 455f8fdf6aad4dadb003a1815790c9ca - - default default] 10.0.0.37 "GET /v2.0/subnetpools HTTP/1.1" status: 200 len: 193 time: 0.0087736
2026-05-20 07:13:21.001 10 INFO neutron.api.wsgi [None req-d57fe97e-1e36-4b1c-af34-4fd91c8c71d0 ab628ee62b214545be46d2bbc2e265f7 455f8fdf6aad4dadb003a1815790c9ca - - default default] 10.0.0.37 "GET /v2.0/routers HTTP/1.1" status: 200 len: 4087 time: 0.0508494
2026-05-20 07:13:21.011 10 INFO neutron.api.wsgi [None req-8ef3ff4f-7e4e-4d41-b792-2a1108512160 ab628ee62b214545be46d2bbc2e265f7 455f8fdf6aad4dadb003a1815790c9ca - - default default] 10.0.0.37 "GET /v2.0/agents?binary=ovn-controller HTTP/1.1" status: 200 len: 591 time: 0.0080023
2026-05-20 07:13:21.069 10 INFO neutron.api.wsgi [None req-688a37a1-58a2-4bf2-a19c-c0ca1f0d84b8 ab628ee62b214545be46d2bbc2e265f7 455f8fdf6aad4dadb003a1815790c9ca - - default default] 10.0.0.37 "GET /v2.0/networks HTTP/1.1" status: 200 len: 7650 time: 0.0575371
2026-05-20 07:13:21.129 10 INFO neutron.api.wsgi [None req-30ac03fc-a299-49b7-a461-184b3924c628 ab628ee62b214545be46d2bbc2e265f7 455f8fdf6aad4dadb003a1815790c9ca - - default default] 10.0.0.37 "GET /v2.0/security-groups HTTP/1.1" status: 200 len: 31742 time: 0.0502257
2026-05-20 07:13:21.229 10 INFO neutron.api.wsgi [None req-74ce588a-7873-469a-8900-415c8a7cfb1f ab628ee62b214545be46d2bbc2e265f7 455f8fdf6aad4dadb003a1815790c9ca - - default default] 10.0.0.37 "GET /v2.0/ports HTTP/1.1" status: 200 len: 27677 time: 0.0949934
2026-05-20 07:13:21.258 10 INFO neutron.api.wsgi [None req-2d504e0d-0959-4f66-8773-2fdd9a2b2ca1 ab628ee62b214545be46d2bbc2e265f7 455f8fdf6aad4dadb003a1815790c9ca - - default default] 10.0.0.37 "GET /v2.0/agents HTTP/1.1" status: 200 len: 1390 time: 0.0133016
2026-05-20 07:13:21.342 9 INFO neutron.api.wsgi [req-386f9820-01c7-4b02-b5ba-d8d8bcf85463 req-d894c547-9439-4dd1-9419-a6cf45cfeb7f 909a59eedeca4bb984ab315b403561cb f8eb00d3bfb34ea9824e10e8d2a36a97 - - default default] 10.0.0.88 "GET /v2.0/ports?device_id=12fd842c-ded1-47b9-b9a6-4f1692cc5b93 HTTP/1.1" status: 200 len: 1392 time: 0.0785894
2026-05-20 07:13:21.345 9 WARNING neutron.scheduler.dhcp_agent_scheduler [None req-96af92b7-c283-460d-b267-19ce14923557 - - - - - -] No more DHCP agents
2026-05-20 07:13:21.347 9 WARNING neutron.api.rpc.agentnotifiers.dhcp_rpc_agent_api [None req-96af92b7-c283-460d-b267-19ce14923557 - - - - - -] Unable to schedule network c44ab934-c330-4f5c-a6a9-48e2107a84ce: no agents available; will retry on subsequent port and subnet creation events.
2026-05-20 07:13:21.382 9 INFO neutron.api.wsgi [req-386f9820-01c7-4b02-b5ba-d8d8bcf85463 req-3cd8766b-cec1-4af4-a902-21ef0c613753 909a59eedeca4bb984ab315b403561cb f8eb00d3bfb34ea9824e10e8d2a36a97 - - default default] 10.0.0.88 "GET /v2.0/security-groups?id=b3d596f6-d11b-4852-b9f1-d232b2e3e82f&fields=id&fields=name HTTP/1.1" status: 200 len: 311 time: 0.0363853
2026-05-20 07:13:21.485 9 INFO neutron.db.ovn_revision_numbers_db [None req-96af92b7-c283-460d-b267-19ce14923557 - - - - - -] Successfully bumped revision number for resource fb6ee9c8-f385-43b6-9594-a61ec0f418fd (type: ports) to 1
2026-05-20 07:13:21.527 10 INFO neutron.api.wsgi [None req-c2a0a386-c03a-4d32-ab3f-1fe07860df14 909a59eedeca4bb984ab315b403561cb f8eb00d3bfb34ea9824e10e8d2a36a97 - - default default] 10.0.0.205 "GET /v2.0/ports?network_id=9b3b7f7b-44a9-40e6-8e43-c9aa4d270426&mac_address=fa%3A16%3A3e%3A00%3A22%3Acc HTTP/1.1" status: 200 len: 1387 time: 0.1069622
2026-05-20 07:13:21.535 10 WARNING neutron_lib.context [None req-084f0df6-54c8-44d6-9053-af78abdd2227 909a59eedeca4bb984ab315b403561cb f8eb00d3bfb34ea9824e10e8d2a36a97 - - default default] Method 'is_advsvc' is deprecated since 2023.2 release (neutron-lib 3.8.0) and will be removed once support for the old RBAC API policies will be removed from Neutron. Please use method 'is_service_role' instead.
2026-05-20 07:13:21.683 9 INFO neutron.db.ovn_revision_numbers_db [None req-96af92b7-c283-460d-b267-19ce14923557 - - - - - -] Successfully bumped revision number for resource fb6ee9c8-f385-43b6-9594-a61ec0f418fd (type: ports) to 3
2026-05-20 07:13:21.739 9 INFO neutron.db.segments_db [None req-96af92b7-c283-460d-b267-19ce14923557 - - - - - -] Added segment c06cc8dd-f583-450d-9ed1-b2928e40fc0e of type geneve for network b123b1b5-2539-451d-af8b-e268febbb204
2026-05-20 07:13:21.755 10 WARNING neutron.scheduler.dhcp_agent_scheduler [None req-084f0df6-54c8-44d6-9053-af78abdd2227 909a59eedeca4bb984ab315b403561cb f8eb00d3bfb34ea9824e10e8d2a36a97 - - default default] No more DHCP agents
2026-05-20 07:13:21.756 10 WARNING neutron.api.rpc.agentnotifiers.dhcp_rpc_agent_api [None req-084f0df6-54c8-44d6-9053-af78abdd2227 909a59eedeca4bb984ab315b403561cb f8eb00d3bfb34ea9824e10e8d2a36a97 - - default default] Unable to schedule network c44ab934-c330-4f5c-a6a9-48e2107a84ce: no agents available; will retry on subsequent port and subnet creation events.
2026-05-20 07:13:21.768 9 WARNING neutron.plugins.ml2.drivers.ovn.mech_driver.ovsdb.ovn_client [None req-176f2324-2d18-47b2-bf0d-b1f930bf7310 - - - - - -] No hosting information found for port 75903a61-4648-422b-b174-90d3285f7994: RuntimeError: No hosting information found for port 75903a61-4648-422b-b174-90d3285f7994
2026-05-20 07:13:21.853 9 INFO neutron.db.ovn_revision_numbers_db [None req-176f2324-2d18-47b2-bf0d-b1f930bf7310 - - - - - -] Successfully bumped revision number for resource 75903a61-4648-422b-b174-90d3285f7994 (type: router_ports) to 2
2026-05-20 07:13:21.854 9 INFO neutron.plugins.ml2.drivers.ovn.mech_driver.mech_driver [None req-176f2324-2d18-47b2-bf0d-b1f930bf7310 - - - - - -] OVN reports status up for port: 6510e8de-27d2-4f2d-82d3-a6bba05132f8
2026-05-20 07:13:21.866 9 INFO neutron.plugins.ml2.plugin [None req-176f2324-2d18-47b2-bf0d-b1f930bf7310 - - - - - -] Attempt 1 to provision port 6510e8de-27d2-4f2d-82d3-a6bba05132f8
2026-05-20 07:13:21.867 9 INFO neutron.db.ovn_revision_numbers_db [None req-a46ea1ac-39fd-437f-b3e2-e5d56a88855b - - - - - -] Successfully bumped revision number for resource b123b1b5-2539-451d-af8b-e268febbb204 (type: networks) to 1
2026-05-20 07:13:22.010 9 WARNING neutron.scheduler.dhcp_agent_scheduler [None req-a46ea1ac-39fd-437f-b3e2-e5d56a88855b - - - - - -] No more DHCP agents
2026-05-20 07:13:22.011 9 WARNING neutron.api.rpc.agentnotifiers.dhcp_rpc_agent_api [None req-a46ea1ac-39fd-437f-b3e2-e5d56a88855b - - - - - -] Unable to schedule network b123b1b5-2539-451d-af8b-e268febbb204: no agents available; will retry on subsequent port and subnet creation events.
2026-05-20 07:13:22.070 9 INFO neutron.db.ovn_revision_numbers_db [None req-a46ea1ac-39fd-437f-b3e2-e5d56a88855b - - - - - -] Successfully bumped revision number for resource 81e704b1-727b-49b6-8909-f40f30db3dfb (type: ports) to 1
2026-05-20 07:13:22.080 9 INFO neutron.db.ovn_revision_numbers_db [None req-176f2324-2d18-47b2-bf0d-b1f930bf7310 - - - - - -] Successfully bumped revision number for resource 6510e8de-27d2-4f2d-82d3-a6bba05132f8 (type: ports) to 4
2026-05-20 07:13:22.196 9 WARNING neutron.scheduler.dhcp_agent_scheduler [None req-a46ea1ac-39fd-437f-b3e2-e5d56a88855b - - - - - -] No more DHCP agents
2026-05-20 07:13:22.198 9 WARNING neutron.api.rpc.agentnotifiers.dhcp_rpc_agent_api [None req-a46ea1ac-39fd-437f-b3e2-e5d56a88855b - - - - - -] Unable to schedule network b123b1b5-2539-451d-af8b-e268febbb204: no agents available; will retry on subsequent port and subnet creation events.
2026-05-20 07:13:22.226 9 INFO neutron.db.ovn_revision_numbers_db [None req-a46ea1ac-39fd-437f-b3e2-e5d56a88855b - - - - - -] Successfully bumped revision number for resource 9f0bf63b-757d-4104-ad33-df60949ac5ed (type: subnets) to 0
2026-05-20 07:13:22.508 10 INFO neutron.db.ovn_revision_numbers_db [None req-084f0df6-54c8-44d6-9053-af78abdd2227 909a59eedeca4bb984ab315b403561cb f8eb00d3bfb34ea9824e10e8d2a36a97 - - default default] Successfully bumped revision number for resource bd992d86-5cd7-45de-a10a-b2596a734ff5 (type: floatingips) to -1
2026-05-20 07:13:22.596 10 INFO neutron.db.ovn_revision_numbers_db [None req-084f0df6-54c8-44d6-9053-af78abdd2227 909a59eedeca4bb984ab315b403561cb f8eb00d3bfb34ea9824e10e8d2a36a97 - - default default] Successfully bumped revision number for resource bd992d86-5cd7-45de-a10a-b2596a734ff5 (type: floatingips) to 1
2026-05-20 07:13:22.597 10 INFO neutron.db.l3_db [None req-084f0df6-54c8-44d6-9053-af78abdd2227 909a59eedeca4bb984ab315b403561cb f8eb00d3bfb34ea9824e10e8d2a36a97 - - default default] Floating IP bd992d86-5cd7-45de-a10a-b2596a734ff5 associated. External IP: 10.96.250.205, port: 01c313f1-eb61-4245-8aa7-fa122e72d2d3.
2026-05-20 07:13:22.603 9 WARNING neutron.scheduler.dhcp_agent_scheduler [None req-a46ea1ac-39fd-437f-b3e2-e5d56a88855b - - - - - -] No more DHCP agents
2026-05-20 07:13:22.604 9 WARNING neutron.api.rpc.agentnotifiers.dhcp_rpc_agent_api [None req-a46ea1ac-39fd-437f-b3e2-e5d56a88855b - - - - - -] Unable to schedule network b123b1b5-2539-451d-af8b-e268febbb204: no agents available; will retry on subsequent port and subnet creation events.
2026-05-20 07:13:22.626 10 INFO neutron.api.wsgi [None req-084f0df6-54c8-44d6-9053-af78abdd2227 909a59eedeca4bb984ab315b403561cb f8eb00d3bfb34ea9824e10e8d2a36a97 - - default default] 10.0.0.205 "POST /v2.0/floatingips HTTP/1.1" status: 201 len: 1052 time: 1.0945277
2026-05-20 07:13:22.658 10 INFO neutron.notifiers.nova [-] Nova event matching ['req-fd2458f8-05c5-4637-b698-fddd7c5022b9'] response: {'name': 'network-changed', 'server_uuid': '12fd842c-ded1-47b9-b9a6-4f1692cc5b93', 'tag': '01c313f1-eb61-4245-8aa7-fa122e72d2d3', 'status': 'completed', 'code': 200} /var/lib/openstack/lib/python3.12/site-packages/pycadf/identifier.py:71: UserWarning: Invalid uuid: neutron. To ensure interoperability, identifiers should be a valid uuid. warnings.warn(('Invalid uuid: %s. To ensure interoperability, '
2026-05-20 07:13:22.723 9 INFO neutron.db.ovn_revision_numbers_db [None req-a46ea1ac-39fd-437f-b3e2-e5d56a88855b - - - - - -] Successfully bumped revision number for resource 62bb4120-4ef2-455f-91fb-d3ef3aeabd24 (type: ports) to 1
2026-05-20 07:13:22.736 9 INFO neutron.api.wsgi [req-7f1fb8b5-d2b7-4e3e-bbb1-d21a8f1376d6 req-0fea2e26-c8e7-4449-acce-84242207fe2f 909a59eedeca4bb984ab315b403561cb f8eb00d3bfb34ea9824e10e8d2a36a97 - - default default] 10.0.0.88 "GET /v2.0/security-groups?name=tempest-lb_member_SG-1107846647&fields=id&tenant_id=f8eb00d3bfb34ea9824e10e8d2a36a97 HTTP/1.1" status: 200 len: 267 time: 0.0386226
2026-05-20 07:13:22.800 9 INFO neutron.api.wsgi [req-7f1fb8b5-d2b7-4e3e-bbb1-d21a8f1376d6 req-70808332-e8f3-44d6-bfb4-1650149e310a 909a59eedeca4bb984ab315b403561cb f8eb00d3bfb34ea9824e10e8d2a36a97 - - default default] 10.0.0.88 "GET /v2.0/networks?id=5cc4584b-c24a-4856-aca7-39375b8505a5 HTTP/1.1" status: 200 len: 904 time: 0.0566881
2026-05-20 07:13:22.815 9 INFO neutron.api.wsgi [req-7f1fb8b5-d2b7-4e3e-bbb1-d21a8f1376d6 req-b3f11e08-fd9e-4eda-8429-06adce00175d 909a59eedeca4bb984ab315b403561cb f8eb00d3bfb34ea9824e10e8d2a36a97 - - default default] 10.0.0.88 "GET /v2.0/quotas/f8eb00d3bfb34ea9824e10e8d2a36a97 HTTP/1.1" status: 200 len: 491 time: 0.0088978
2026-05-20 07:13:22.953 9 INFO neutron.api.wsgi [req-7f1fb8b5-d2b7-4e3e-bbb1-d21a8f1376d6 req-79b495dd-668c-4712-b62c-d0b0340a1ecf 909a59eedeca4bb984ab315b403561cb f8eb00d3bfb34ea9824e10e8d2a36a97 - - default default] 10.0.0.88 "GET /v2.0/ports?tenant_id=f8eb00d3bfb34ea9824e10e8d2a36a97&fields=id HTTP/1.1" status: 200 len: 532 time: 0.1308925
2026-05-20 07:13:23.013 9 INFO neutron.api.wsgi [req-7f1fb8b5-d2b7-4e3e-bbb1-d21a8f1376d6 req-19019d71-fde8-494f-81ff-52543521b164 296365cf3ca647c494585ac884a2c5bd 07897250ef69478aa83c3e940291b0d6 - - 9bb0e01d9ab346938f9b498cf23c3601 9bb0e01d9ab346938f9b498cf23c3601] 10.0.0.88 "GET /v2.0/networks/5cc4584b-c24a-4856-aca7-39375b8505a5?fields=segments HTTP/1.1" status: 200 len: 212 time: 0.0489790
2026-05-20 07:13:23.067 9 INFO neutron.api.wsgi [req-7f1fb8b5-d2b7-4e3e-bbb1-d21a8f1376d6 req-4ca2a6da-53e2-46c6-a4d1-15fcfc375dca 296365cf3ca647c494585ac884a2c5bd 07897250ef69478aa83c3e940291b0d6 - - 9bb0e01d9ab346938f9b498cf23c3601 9bb0e01d9ab346938f9b498cf23c3601] 10.0.0.88 "GET /v2.0/networks/5cc4584b-c24a-4856-aca7-39375b8505a5?fields=provider%3Aphysical_network&fields=provider%3Anetwork_type HTTP/1.1" status: 200 len: 277 time: 0.0441384
2026-05-20 07:13:23.189 9 INFO neutron.api.wsgi [req-503ab526-3fe9-486d-a5c8-c27e040f3e53 req-6315c3d0-9300-4637-b722-9f42e31ed897 909a59eedeca4bb984ab315b403561cb f8eb00d3bfb34ea9824e10e8d2a36a97 - - default default] 10.0.0.88 "GET /v2.0/ports?device_id=f1d570a0-4b39-4c28-abbd-e3b956737e25 HTTP/1.1" status: 200 len: 210 time: 0.0185528
2026-05-20 07:13:23.202 10 INFO neutron.api.wsgi [req-58bc609a-f09b-48ff-94fe-01403c5190dd req-5b2dc698-1094-4d69-8076-6cb0ca76ffa9 296365cf3ca647c494585ac884a2c5bd 07897250ef69478aa83c3e940291b0d6 - - 9bb0e01d9ab346938f9b498cf23c3601 9bb0e01d9ab346938f9b498cf23c3601] 199.19.213.121 "GET /v2.0/ports?tenant_id=f8eb00d3bfb34ea9824e10e8d2a36a97&device_id=12fd842c-ded1-47b9-b9a6-4f1692cc5b93 HTTP/1.1" status: 200 len: 1630 time: 0.0337434
2026-05-20 07:13:23.254 10 INFO neutron.api.wsgi [req-58bc609a-f09b-48ff-94fe-01403c5190dd req-aa552707-b0b0-484f-a8bf-874f9b9b7efd 296365cf3ca647c494585ac884a2c5bd 07897250ef69478aa83c3e940291b0d6 - - 9bb0e01d9ab346938f9b498cf23c3601 9bb0e01d9ab346938f9b498cf23c3601] 199.19.213.121 "GET /v2.0/networks?id=9b3b7f7b-44a9-40e6-8e43-c9aa4d270426 HTTP/1.1" status: 200 len: 1000 time: 0.0456655
2026-05-20 07:13:23.300 10 INFO neutron.api.wsgi [req-58bc609a-f09b-48ff-94fe-01403c5190dd req-3cd9e174-0b58-4423-a92a-eb0d770b7ef0 296365cf3ca647c494585ac884a2c5bd 07897250ef69478aa83c3e940291b0d6 - - 9bb0e01d9ab346938f9b498cf23c3601 9bb0e01d9ab346938f9b498cf23c3601] 199.19.213.121 "GET /v2.0/floatingips?fixed_ip_address=10.2.1.5&port_id=01c313f1-eb61-4245-8aa7-fa122e72d2d3 HTTP/1.1" status: 200 len: 1057 time: 0.0408742
2026-05-20 07:13:23.324 10 INFO neutron.api.wsgi [req-58bc609a-f09b-48ff-94fe-01403c5190dd req-10be8ffe-e045-4eb6-8892-7c55fc589036 296365cf3ca647c494585ac884a2c5bd 07897250ef69478aa83c3e940291b0d6 - - 9bb0e01d9ab346938f9b498cf23c3601 9bb0e01d9ab346938f9b498cf23c3601] 199.19.213.121 "GET /v2.0/floatingips?fixed_ip_address=fd7b%3Af9f7%3Afff%3A4eca%3A%3A12e&port_id=01c313f1-eb61-4245-8aa7-fa122e72d2d3 HTTP/1.1" status: 200 len: 217 time: 0.0179667
2026-05-20 07:13:23.337 9 INFO neutron.db.ovn_revision_numbers_db [None req-a46ea1ac-39fd-437f-b3e2-e5d56a88855b - - - - - -] Successfully bumped revision number for resource 62bb4120-4ef2-455f-91fb-d3ef3aeabd24 (type: ports) to 1
2026-05-20 07:13:23.353 10 INFO neutron.api.wsgi [req-58bc609a-f09b-48ff-94fe-01403c5190dd req-411973de-dd21-48ba-a025-f940e45d7609 296365cf3ca647c494585ac884a2c5bd 07897250ef69478aa83c3e940291b0d6 - - 9bb0e01d9ab346938f9b498cf23c3601 9bb0e01d9ab346938f9b498cf23c3601] 199.19.213.121 "GET /v2.0/subnets?id=5a3ca90c-eade-4b17-9232-530101d4eb65&id=2e2b9191-768b-418b-8510-2c21300f9b7d HTTP/1.1" status: 200 len: 1609 time: 0.0245595
2026-05-20 07:13:23.373 10 INFO neutron.api.wsgi [req-58bc609a-f09b-48ff-94fe-01403c5190dd req-09592e7a-f83c-466c-9782-833118c42d96 296365cf3ca647c494585ac884a2c5bd 07897250ef69478aa83c3e940291b0d6 - - 9bb0e01d9ab346938f9b498cf23c3601 9bb0e01d9ab346938f9b498cf23c3601] 199.19.213.121 "GET /v2.0/ports?network_id=9b3b7f7b-44a9-40e6-8e43-c9aa4d270426&device_owner=network%3Adhcp HTTP/1.1" status: 200 len: 210 time: 0.0140221
2026-05-20 07:13:23.383 9 WARNING neutron.scheduler.dhcp_agent_scheduler [None req-a46ea1ac-39fd-437f-b3e2-e5d56a88855b - - - - - -] No more DHCP agents
2026-05-20 07:13:23.384 9 WARNING neutron.api.rpc.agentnotifiers.dhcp_rpc_agent_api [None req-a46ea1ac-39fd-437f-b3e2-e5d56a88855b - - - - - -] Unable to schedule network b123b1b5-2539-451d-af8b-e268febbb204: no agents available; will retry on subsequent port and subnet creation events.
2026-05-20 07:13:23.392 10 INFO neutron.api.wsgi [req-58bc609a-f09b-48ff-94fe-01403c5190dd req-08690920-ea40-4360-90a9-48a68dcf91c7 296365cf3ca647c494585ac884a2c5bd 07897250ef69478aa83c3e940291b0d6 - - 9bb0e01d9ab346938f9b498cf23c3601 9bb0e01d9ab346938f9b498cf23c3601] 199.19.213.121 "GET /v2.0/ports?network_id=9b3b7f7b-44a9-40e6-8e43-c9aa4d270426&device_owner=network%3Adhcp HTTP/1.1" status: 200 len: 210 time: 0.0156407
2026-05-20 07:13:23.446 10 INFO neutron.api.wsgi [req-58bc609a-f09b-48ff-94fe-01403c5190dd req-afd90472-7a44-443f-99c7-007f77e89292 296365cf3ca647c494585ac884a2c5bd 07897250ef69478aa83c3e940291b0d6 - - 9bb0e01d9ab346938f9b498cf23c3601 9bb0e01d9ab346938f9b498cf23c3601] 199.19.213.121 "GET /v2.0/networks/9b3b7f7b-44a9-40e6-8e43-c9aa4d270426?fields=segments HTTP/1.1" status: 200 len: 212 time: 0.0510006
2026-05-20 07:13:23.496 10 INFO neutron.api.wsgi [req-58bc609a-f09b-48ff-94fe-01403c5190dd req-967d3c1f-ddda-4f71-8b69-ed3e2e9669b9 296365cf3ca647c494585ac884a2c5bd 07897250ef69478aa83c3e940291b0d6 - - 9bb0e01d9ab346938f9b498cf23c3601 9bb0e01d9ab346938f9b498cf23c3601] 199.19.213.121 "GET /v2.0/networks/9b3b7f7b-44a9-40e6-8e43-c9aa4d270426?fields=provider%3Aphysical_network&fields=provider%3Anetwork_type HTTP/1.1" status: 200 len: 277 time: 0.0457392
2026-05-20 07:13:24.075 9 INFO neutron.db.ovn_revision_numbers_db [None req-a46ea1ac-39fd-437f-b3e2-e5d56a88855b - - - - - -] Successfully bumped revision number for resource 62bb4120-4ef2-455f-91fb-d3ef3aeabd24 (type: router_ports) to 1
2026-05-20 07:13:24.121 10 WARNING neutron.plugins.ml2.drivers.ovn.mech_driver.ovsdb.ovn_client [None req-b7c25de9-7a1f-415e-b462-46be07c7519f - - - - - -] No hosting information found for port e6fe6825-dc41-4312-9178-a78e5e4f9521: RuntimeError: No hosting information found for port e6fe6825-dc41-4312-9178-a78e5e4f9521
2026-05-20 07:13:24.121 10 INFO neutron.plugins.ml2.drivers.ovn.mech_driver.mech_driver [None req-b7c25de9-7a1f-415e-b462-46be07c7519f - - - - - -] OVN reports status up for port: b566b5a0-8d7d-4495-a86e-67d8485324cb
2026-05-20 07:13:24.128 10 INFO neutron.plugins.ml2.plugin [None req-b7c25de9-7a1f-415e-b462-46be07c7519f - - - - - -] Attempt 1 to provision port b566b5a0-8d7d-4495-a86e-67d8485324cb
2026-05-20 07:13:24.288 9 WARNING neutron.scheduler.dhcp_agent_scheduler [None req-a46ea1ac-39fd-437f-b3e2-e5d56a88855b - - - - - -] No more DHCP agents
2026-05-20 07:13:24.289 9 WARNING neutron.api.rpc.agentnotifiers.dhcp_rpc_agent_api [None req-a46ea1ac-39fd-437f-b3e2-e5d56a88855b - - - - - -] Unable to schedule network b123b1b5-2539-451d-af8b-e268febbb204: no agents available; will retry on subsequent port and subnet creation events.
2026-05-20 07:13:24.405 9 INFO neutron.db.ovn_revision_numbers_db [None req-a46ea1ac-39fd-437f-b3e2-e5d56a88855b - - - - - -] Successfully bumped revision number for resource c1ea1c9f-37ae-4524-a160-eb542566f0aa (type: ports) to 1
2026-05-20 07:13:24.505 10 INFO neutron.db.ovn_revision_numbers_db [None req-b7c25de9-7a1f-415e-b462-46be07c7519f - - - - - -] Successfully bumped revision number for resource b566b5a0-8d7d-4495-a86e-67d8485324cb (type: ports) to 2
2026-05-20 07:13:24.596 9 INFO neutron.db.ovn_revision_numbers_db [None req-a46ea1ac-39fd-437f-b3e2-e5d56a88855b - - - - - -] Successfully bumped revision number for resource c1ea1c9f-37ae-4524-a160-eb542566f0aa (type: ports) to 3
2026-05-20 07:13:24.632 13 ERROR oslo_messaging.rpc.server [None req-dfaf41b0-4ab9-402f-b4bc-37bb9d06e8f0 8114c7197d744f218c85d829831db572 09199fd016314267b00ab70feece052f - - default default] Exception during message handling: sqlalchemy.exc.PendingRollbackError: This Session's transaction has been rolled back due to a previous exception during flush. To begin a new transaction with this Session, first issue Session.rollback(). Original exception was: (pymysql.err.IntegrityError) (1062, "Duplicate entry '2beba2c6-7f16-4568-8d15-c7c3bad6c697-fdd71234-8b5f-5170-81ff-fd8' for key 'routervpnagentbindings.PRIMARY'") [SQL: INSERT INTO routervpnagentbindings (router_id, vpn_agent_id) VALUES (%(router_id)s, %(vpn_agent_id)s)] [parameters: {'router_id': '2beba2c6-7f16-4568-8d15-c7c3bad6c697', 'vpn_agent_id': 'fdd71234-8b5f-5170-81ff-fd826230d961'}] (Background on this error at: https://sqlalche.me/e/20/gkpj) (Background on this error at: https://sqlalche.me/e/20/7s2a)
2026-05-20 07:13:24.632 13 ERROR oslo_messaging.rpc.server
Traceback (most recent call last):
2026-05-20 07:13:24.632 13 ERROR oslo_messaging.rpc.server
File "/var/lib/openstack/lib/python3.12/site-packages/oslo_messaging/rpc/server.py", line 172, in _process_incoming
2026-05-20 07:13:24.632 13 ERROR oslo_messaging.rpc.server res = self.dispatcher.dispatch(message)
2026-05-20 07:13:24.632 13 ERROR oslo_messaging.rpc.server ^^^^^^^^^^^^^^^^^^^^^^^^^^^^^^^^^
2026-05-20 07:13:24.632 13 ERROR oslo_messaging.rpc.server
File "/var/lib/openstack/lib/python3.12/site-packages/oslo_messaging/rpc/dispatcher.py", line 309, in dispatch
2026-05-20 07:13:24.632 13 ERROR oslo_messaging.rpc.server return self._do_dispatch(endpoint, method, ctxt, args)
2026-05-20 07:13:24.632 13 ERROR oslo_messaging.rpc.server ^^^^^^^^^^^^^^^^^^^^^^^^^^^^^^^^^^^^^^^^^^^^^^^
2026-05-20 07:13:24.632 13 ERROR oslo_messaging.rpc.server
File "/var/lib/openstack/lib/python3.12/site-packages/oslo_messaging/rpc/dispatcher.py", line 229, in _do_dispatch
2026-05-20 07:13:24.632 13 ERROR oslo_messaging.rpc.server result = func(ctxt, **new_args)
2026-05-20 07:13:24.632 13 ERROR oslo_messaging.rpc.server ^^^^^^^^^^^^^^^^^^^^^^
2026-05-20 07:13:24.632 13 ERROR oslo_messaging.rpc.server
File "/var/lib/openstack/lib/python3.12/site-packages/oslo_db/sqlalchemy/enginefacade.py", line 998, in wrapper
2026-05-20 07:13:24.632 13 ERROR oslo_messaging.rpc.server return fn(*args, **kwargs)
2026-05-20 07:13:24.632 13 ERROR oslo_messaging.rpc.server ^^^^^^^^^^^^^^^^^^^
2026-05-20 07:13:24.632 13 ERROR oslo_messaging.rpc.server
File "/var/lib/openstack/lib/python3.12/site-packages/neutron_vpnaas/services/vpn/service_drivers/base_ipsec.py", line 80, in get_vpn_services_on_host
2026-05-20 07:13:24.632 13 ERROR oslo_messaging.rpc.server local_cidr_map = plugin._build_local_subnet_cidr_map(context)
2026-05-20 07:13:24.632 13 ERROR oslo_messaging.rpc.server ^^^^^^^^^^^^^^^^^^^^^^^^^^^^^^^^^^^^^^^^^^^^
2026-05-20 07:13:24.632 13 ERROR oslo_messaging.rpc.server
File "/var/lib/openstack/lib/python3.12/site-packages/neutron_vpnaas/db/vpn/vpn_db.py", line 731, in _build_local_subnet_cidr_map
2026-05-20 07:13:24.632 13 ERROR oslo_messaging.rpc.server return {sn.id: sn.cidr for sn in query.all()}
2026-05-20 07:13:24.632 13 ERROR oslo_messaging.rpc.server ^^^^^^^^^^^
2026-05-20 07:13:24.632 13 ERROR oslo_messaging.rpc.server
File "/var/lib/openstack/lib/python3.12/site-packages/sqlalchemy/orm/query.py", line 2673, in all
2026-05-20 07:13:24.632 13 ERROR oslo_messaging.rpc.server return self._iter().all() # type: ignore
2026-05-20 07:13:24.632 13 ERROR oslo_messaging.rpc.server ^^^^^^^^^^^^
2026-05-20 07:13:24.632 13 ERROR oslo_messaging.rpc.server
File "/var/lib/openstack/lib/python3.12/site-packages/sqlalchemy/orm/query.py", line 2827, in _iter
2026-05-20 07:13:24.632 13 ERROR oslo_messaging.rpc.server result: Union[ScalarResult[_T], Result[_T]] = self.session.execute(
2026-05-20 07:13:24.632 13 ERROR oslo_messaging.rpc.server ^^^^^^^^^^^^^^^^^^^^^
2026-05-20 07:13:24.632 13 ERROR oslo_messaging.rpc.server
File "/var/lib/openstack/lib/python3.12/site-packages/sqlalchemy/orm/session.py", line 2362, in execute
2026-05-20 07:13:24.632 13 ERROR oslo_messaging.rpc.server return self._execute_internal(
2026-05-20 07:13:24.632 13 ERROR oslo_messaging.rpc.server ^^^^^^^^^^^^^^^^^^^^^^^
2026-05-20 07:13:24.632 13 ERROR oslo_messaging.rpc.server
File "/var/lib/openstack/lib/python3.12/site-packages/sqlalchemy/orm/session.py", line 2237, in _execute_internal
2026-05-20 07:13:24.632 13 ERROR oslo_messaging.rpc.server conn = self._connection_for_bind(bind)
2026-05-20 07:13:24.632 13 ERROR oslo_messaging.rpc.server ^^^^^^^^^^^^^^^^^^^^^^^^^^^^^^^
2026-05-20 07:13:24.632 13 ERROR oslo_messaging.rpc.server
File "/var/lib/openstack/lib/python3.12/site-packages/sqlalchemy/orm/session.py", line 2106, in _connection_for_bind
2026-05-20 07:13:24.632 13 ERROR oslo_messaging.rpc.server return trans._connection_for_bind(engine, execution_options)
2026-05-20 07:13:24.632 13 ERROR oslo_messaging.rpc.server ^^^^^^^^^^^^^^^^^^^^^^^^^^^^^^^^^^^^^^^^^^^^^^^^^^^^^
2026-05-20 07:13:24.632 13 ERROR oslo_messaging.rpc.server File "", line 2, in _connection_for_bind
2026-05-20 07:13:24.632 13 ERROR oslo_messaging.rpc.server
File "/var/lib/openstack/lib/python3.12/site-packages/sqlalchemy/orm/state_changes.py", line 103, in _go
2026-05-20 07:13:24.632 13 ERROR oslo_messaging.rpc.server self._raise_for_prerequisite_state(fn.__name__, current_state)
2026-05-20 07:13:24.632 13 ERROR oslo_messaging.rpc.server
File "/var/lib/openstack/lib/python3.12/site-packages/sqlalchemy/orm/session.py", line 973, in _raise_for_prerequisite_state
2026-05-20 07:13:24.632 13 ERROR oslo_messaging.rpc.server raise sa_exc.PendingRollbackError(
2026-05-20 07:13:24.632 13 ERROR oslo_messaging.rpc.server sqlalchemy.exc.PendingRollbackError: This Session's transaction has been rolled back due to a previous exception during flush. To begin a new transaction with this Session, first issue Session.rollback(). Original exception was: (pymysql.err.IntegrityError) (1062, "Duplicate entry '2beba2c6-7f16-4568-8d15-c7c3bad6c697-fdd71234-8b5f-5170-81ff-fd8' for key 'routervpnagentbindings.PRIMARY'")
2026-05-20 07:13:24.632 13 ERROR oslo_messaging.rpc.server [SQL: INSERT INTO routervpnagentbindings (router_id, vpn_agent_id) VALUES (%(router_id)s, %(vpn_agent_id)s)]
2026-05-20 07:13:24.632 13 ERROR oslo_messaging.rpc.server [parameters: {'router_id': '2beba2c6-7f16-4568-8d15-c7c3bad6c697', 'vpn_agent_id': 'fdd71234-8b5f-5170-81ff-fd826230d961'}]
2026-05-20 07:13:24.632 13 ERROR oslo_messaging.rpc.server (Background on this error at: https://sqlalche.me/e/20/gkpj) (Background on this error at: https://sqlalche.me/e/20/7s2a)
2026-05-20 07:13:24.632 13 ERROR oslo_messaging.rpc.server
2026-05-20 07:13:24.759 9 INFO neutron.api.wsgi [None req-bf31763e-b082-4596-91c6-f916029fe4f6 8114c7197d744f218c85d829831db572 09199fd016314267b00ab70feece052f - - default default] 10.0.0.205 "POST /v2.0/vpn/vpnservices HTTP/1.1" status: 201 len: 658 time: 3.8842332
2026-05-20 07:13:24.773 9 INFO neutron.api.wsgi [None req-c48052e8-2b77-4bef-86f9-1f142d628d15 8114c7197d744f218c85d829831db572 09199fd016314267b00ab70feece052f - - default default] 10.0.0.205 "GET /v2.0/vpn/vpnservices HTTP/1.1" status: 200 len: 1503 time: 0.0080926
2026-05-20 07:13:26.891 9 INFO neutron.services.segments.plugin [-] Segment c06cc8dd-f583-450d-9ed1-b2928e40fc0e resource provider aggregate not found
2026-05-20 07:13:26.898 9 INFO neutron.services.segments.plugin [-] Segment c06cc8dd-f583-450d-9ed1-b2928e40fc0e resource provider aggregate not found
2026-05-20 07:13:26.909 9 INFO neutron.services.segments.plugin [-] Segment c06cc8dd-f583-450d-9ed1-b2928e40fc0e resource provider not found; error: Placement Client Error (4xx): {"errors": [{"status": 404, "title": "Not Found", "detail": "The resource could not be found.\n\n No resource provider with uuid c06cc8dd-f583-450d-9ed1-b2928e40fc0e found for delete ", "request_id": "req-2c5b6d89-6b17-4f3f-87ec-620a2efbdd50"}]}
2026-05-20 07:13:26.914 9 INFO neutron.services.segments.plugin [-] Segment c06cc8dd-f583-450d-9ed1-b2928e40fc0e resource provider not found; error: Placement Client Error (4xx): {"errors": [{"status": 404, "title": "Not Found", "detail": "The resource could not be found.\n\n No resource provider with uuid c06cc8dd-f583-450d-9ed1-b2928e40fc0e found for delete ", "request_id": "req-d155b5f9-c701-4ea5-8dc7-32361aa8c444"}]}
2026-05-20 07:13:26.929 9 INFO neutron.api.wsgi [None req-fcd503f9-04e3-4ed0-97c9-b05aba487a69 8114c7197d744f218c85d829831db572 09199fd016314267b00ab70feece052f - - default default] 10.0.0.205 "DELETE /v2.0/vpn/vpnservices/7dce7e46-efee-457f-8cb0-5fd298ed18c7 HTTP/1.1" status: 204 len: 168 time: 2.1520786 /var/lib/openstack/lib/python3.12/site-packages/pycadf/identifier.py:71: UserWarning: Invalid uuid: neutron. To ensure interoperability, identifiers should be a valid uuid. warnings.warn(('Invalid uuid: %s. To ensure interoperability, '
2026-05-20 07:13:26.947 9 INFO neutron.api.wsgi [None req-c5af9a39-c63f-4f3d-804a-b29f03cc2593 8114c7197d744f218c85d829831db572 09199fd016314267b00ab70feece052f - - default default] 10.0.0.205 "GET /v2.0/vpn/vpnservices HTTP/1.1" status: 200 len: 1057 time: 0.0124338
2026-05-20 07:13:26.959 9 WARNING neutron_lib.context [None req-6695ee70-f719-4fed-a231-aabc5c1dad15 8114c7197d744f218c85d829831db572 09199fd016314267b00ab70feece052f - - default default] Method 'is_advsvc' is deprecated since 2023.2 release (neutron-lib 3.8.0) and will be removed once support for the old RBAC API policies will be removed from Neutron. Please use method 'is_service_role' instead.
2026-05-20 07:13:27.005 9 INFO neutron.api.v2.resource [None req-6695ee70-f719-4fed-a231-aabc5c1dad15 8114c7197d744f218c85d829831db572 09199fd016314267b00ab70feece052f - - default default] create failed (client error): The server could not comply with the request since it is either malformed or otherwise incorrect.
2026-05-20 07:13:27.006 9 INFO neutron.api.wsgi [None req-6695ee70-f719-4fed-a231-aabc5c1dad15 8114c7197d744f218c85d829831db572 09199fd016314267b00ab70feece052f - - default default] 10.0.0.205 "POST /v2.0/vpn/ipsec-site-connections HTTP/1.1" status: 400 len: 330 time: 0.0519764
2026-05-20 07:13:27.019 9 WARNING neutron_lib.context [None req-4f03fd69-f8fd-4810-b44d-eeb1d16c70d0 8114c7197d744f218c85d829831db572 09199fd016314267b00ab70feece052f - - default default] Method 'is_advsvc' is deprecated since 2023.2 release (neutron-lib 3.8.0) and will be removed once support for the old RBAC API policies will be removed from Neutron. Please use method 'is_service_role' instead.
2026-05-20 07:13:27.068 9 INFO neutron.api.v2.resource [None req-4f03fd69-f8fd-4810-b44d-eeb1d16c70d0 8114c7197d744f218c85d829831db572 09199fd016314267b00ab70feece052f - - default default] create failed (client error): The server could not comply with the request since it is either malformed or otherwise incorrect.
2026-05-20 07:13:27.070 9 INFO neutron.api.wsgi [None req-4f03fd69-f8fd-4810-b44d-eeb1d16c70d0 8114c7197d744f218c85d829831db572 09199fd016314267b00ab70feece052f - - default default] 10.0.0.205 "POST /v2.0/vpn/ipsec-site-connections HTTP/1.1" status: 400 len: 339 time: 0.0576477
2026-05-20 07:13:27.085 9 WARNING neutron.api.v2.base [None req-b487daab-b6c1-4659-9cca-e593c722a7dc 8114c7197d744f218c85d829831db572 09199fd016314267b00ab70feece052f - - default default] An exception happened while processing the request body. The exception message is [Invalid input for dpd. Reason: '59' is not a dictionary.].: webob.exc.HTTPBadRequest: Invalid input for dpd. Reason: '59' is not a dictionary.
2026-05-20 07:13:27.085 9 INFO neutron.api.v2.resource [None req-b487daab-b6c1-4659-9cca-e593c722a7dc 8114c7197d744f218c85d829831db572 09199fd016314267b00ab70feece052f - - default default] create failed (client error): Invalid input for dpd. Reason: '59' is not a dictionary.
2026-05-20 07:13:27.086 9 INFO neutron.api.wsgi [None req-b487daab-b6c1-4659-9cca-e593c722a7dc 8114c7197d744f218c85d829831db572 09199fd016314267b00ab70feece052f - - default default] 10.0.0.205 "POST /v2.0/vpn/ipsec-site-connections HTTP/1.1" status: 400 len: 332 time: 0.0093815
2026-05-20 07:13:27.101 9 WARNING neutron_lib.context [None req-26b53c07-0236-4c67-ab97-3ea6a2b1707c 8114c7197d744f218c85d829831db572 09199fd016314267b00ab70feece052f - - default default] Method 'is_advsvc' is deprecated since 2023.2 release (neutron-lib 3.8.0) and will be removed once support for the old RBAC API policies will be removed from Neutron. Please use method 'is_service_role' instead.
2026-05-20 07:13:27.134 9 INFO neutron.api.wsgi [None req-26b53c07-0236-4c67-ab97-3ea6a2b1707c 8114c7197d744f218c85d829831db572 09199fd016314267b00ab70feece052f - - default default] 10.0.0.205 "POST /v2.0/vpn/endpoint-groups HTTP/1.1" status: 201 len: 491 time: 0.0405064
2026-05-20 07:13:27.144 9 WARNING neutron_lib.context [None req-27b05b0a-8dad-4f64-8dc2-5d0c4112e2d4 8114c7197d744f218c85d829831db572 09199fd016314267b00ab70feece052f - - default default] Method 'is_advsvc' is deprecated since 2023.2 release (neutron-lib 3.8.0) and will be removed once support for the old RBAC API policies will be removed from Neutron. Please use method 'is_service_role' instead.
2026-05-20 07:13:27.189 9 INFO neutron.api.v2.resource [None req-27b05b0a-8dad-4f64-8dc2-5d0c4112e2d4 8114c7197d744f218c85d829831db572 09199fd016314267b00ab70feece052f - - default default] create failed (client error): The server could not comply with the request since it is either malformed or otherwise incorrect.
2026-05-20 07:13:27.190 9 INFO neutron.api.wsgi [None req-27b05b0a-8dad-4f64-8dc2-5d0c4112e2d4 8114c7197d744f218c85d829831db572 09199fd016314267b00ab70feece052f - - default default] 10.0.0.205 "POST /v2.0/vpn/ipsec-site-connections HTTP/1.1" status: 400 len: 352 time: 0.0507290
2026-05-20 07:13:27.208 9 INFO neutron.api.wsgi [None req-910e751d-ab0b-48a1-ab79-106310aefeca 8114c7197d744f218c85d829831db572 09199fd016314267b00ab70feece052f - - default default] 10.0.0.205 "GET /v2.0/vpn/endpoint-groups HTTP/1.1" status: 200 len: 1102 time: 0.0127501
2026-05-20 07:13:27.237 10 INFO neutron.api.wsgi [None req-32d88115-1f0a-4bc2-8dc1-cc614b3125c4 8114c7197d744f218c85d829831db572 09199fd016314267b00ab70feece052f - - default default] 10.0.0.205 "DELETE /v2.0/vpn/endpoint-groups/b4689784-a860-4aeb-bf21-b392db4fbf95 HTTP/1.1" status: 204 len: 168 time: 0.0243998
2026-05-20 07:13:27.250 10 INFO neutron.api.wsgi [None req-83257814-52de-45e5-a806-eee7fbd98750 8114c7197d744f218c85d829831db572 09199fd016314267b00ab70feece052f - - default default] 10.0.0.205 "GET /v2.0/vpn/endpoint-groups HTTP/1.1" status: 200 len: 828 time: 0.0095308
2026-05-20 07:13:27.261 10 WARNING neutron_lib.context [None req-cd5eda38-bc6a-4443-a8a2-f982927f2559 8114c7197d744f218c85d829831db572 09199fd016314267b00ab70feece052f - - default default] Method 'is_advsvc' is deprecated since 2023.2 release (neutron-lib 3.8.0) and will be removed once support for the old RBAC API policies will be removed from Neutron. Please use method 'is_service_role' instead.
2026-05-20 07:13:27.309 10 INFO neutron.api.wsgi [None req-cd5eda38-bc6a-4443-a8a2-f982927f2559 8114c7197d744f218c85d829831db572 09199fd016314267b00ab70feece052f - - default default] 10.0.0.205 "POST /v2.0/vpn/endpoint-groups HTTP/1.1" status: 201 len: 501 time: 0.0528936
2026-05-20 07:13:27.319 10 WARNING neutron_lib.context [None req-33c7b9e0-7272-4415-ae5e-d7d26e883791 8114c7197d744f218c85d829831db572 09199fd016314267b00ab70feece052f - - default default] Method 'is_advsvc' is deprecated since 2023.2 release (neutron-lib 3.8.0) and will be removed once support for the old RBAC API policies will be removed from Neutron. Please use method 'is_service_role' instead.
2026-05-20 07:13:27.359 10 INFO neutron.api.v2.resource [None req-33c7b9e0-7272-4415-ae5e-d7d26e883791 8114c7197d744f218c85d829831db572 09199fd016314267b00ab70feece052f - - default default] create failed (client error): The server could not comply with the request since it is either malformed or otherwise incorrect.
2026-05-20 07:13:27.360 10 INFO neutron.api.wsgi [None req-33c7b9e0-7272-4415-ae5e-d7d26e883791 8114c7197d744f218c85d829831db572 09199fd016314267b00ab70feece052f - - default default] 10.0.0.205 "POST /v2.0/vpn/ipsec-site-connections HTTP/1.1" status: 400 len: 351 time: 0.0456889
2026-05-20 07:13:27.376 10 INFO neutron.api.wsgi [None req-af5a240f-5b08-4fa8-b403-52220f4820af 8114c7197d744f218c85d829831db572 09199fd016314267b00ab70feece052f - - default default] 10.0.0.205 "GET /v2.0/vpn/endpoint-groups HTTP/1.1" status: 200 len: 1112 time: 0.0105820
2026-05-20 07:13:27.400 9 INFO neutron.api.wsgi [None req-998b38e1-59ae-4062-9a09-3a9baaf8fcb2 8114c7197d744f218c85d829831db572 09199fd016314267b00ab70feece052f - - default default] 10.0.0.205 "DELETE /v2.0/vpn/endpoint-groups/670f088d-3454-4a77-ae2c-8d46f593eecb HTTP/1.1" status: 204 len: 168 time: 0.0200679
2026-05-20 07:13:27.415 9 INFO neutron.api.wsgi [None req-f310d3e3-b6f1-4488-bfb6-8393f9f3e261 8114c7197d744f218c85d829831db572 09199fd016314267b00ab70feece052f - - default default] 10.0.0.205 "GET /v2.0/vpn/endpoint-groups HTTP/1.1" status: 200 len: 828 time: 0.0100842
2026-05-20 07:13:27.429 10 WARNING neutron.api.v2.base [None req-f5db71eb-cf6b-4735-8e6e-c14052ca65c6 8114c7197d744f218c85d829831db572 09199fd016314267b00ab70feece052f - - default default] An exception happened while processing the request body. The exception message is [Invalid input for peer_cidrs. Reason: '1.0.0.0/33' is not a valid IP subnet.].: webob.exc.HTTPBadRequest: Invalid input for peer_cidrs. Reason: '1.0.0.0/33' is not a valid IP subnet.
2026-05-20 07:13:27.430 10 INFO neutron.api.v2.resource [None req-f5db71eb-cf6b-4735-8e6e-c14052ca65c6 8114c7197d744f218c85d829831db572 09199fd016314267b00ab70feece052f - - default default] create failed (client error): Invalid input for peer_cidrs. Reason: '1.0.0.0/33' is not a valid IP subnet.
2026-05-20 07:13:27.431 10 INFO neutron.api.wsgi [None req-f5db71eb-cf6b-4735-8e6e-c14052ca65c6 8114c7197d744f218c85d829831db572 09199fd016314267b00ab70feece052f - - default default] 10.0.0.205 "POST /v2.0/vpn/ipsec-site-connections HTTP/1.1" status: 400 len: 352 time: 0.0084150
2026-05-20 07:13:27.442 9 WARNING neutron_lib.context [None req-b01cfb7d-ddbe-4c28-8077-420be72ccf76 8114c7197d744f218c85d829831db572 09199fd016314267b00ab70feece052f - - default default] Method 'is_advsvc' is deprecated since 2023.2 release (neutron-lib 3.8.0) and will be removed once support for the old RBAC API policies will be removed from Neutron. Please use method 'is_service_role' instead.
2026-05-20 07:13:27.463 10 INFO neutron.api.wsgi [req-7f1fb8b5-d2b7-4e3e-bbb1-d21a8f1376d6 req-fdefd347-3831-4409-af7e-28ca06409b20 909a59eedeca4bb984ab315b403561cb f8eb00d3bfb34ea9824e10e8d2a36a97 - - default default] 199.19.213.121 "GET /v2.0/networks?id=5cc4584b-c24a-4856-aca7-39375b8505a5 HTTP/1.1" status: 200 len: 904 time: 0.0522566
2026-05-20 07:13:27.504 10 INFO neutron.api.wsgi [req-7f1fb8b5-d2b7-4e3e-bbb1-d21a8f1376d6 req-f2025c43-a66f-4091-93df-adab803c8d3c 909a59eedeca4bb984ab315b403561cb f8eb00d3bfb34ea9824e10e8d2a36a97 - - default default] 199.19.213.121 "GET /v2.0/security-groups?fields=id&fields=name&tenant_id=f8eb00d3bfb34ea9824e10e8d2a36a97 HTTP/1.1" status: 200 len: 378 time: 0.0368237
2026-05-20 07:13:27.515 10 WARNING neutron_lib.context [req-7f1fb8b5-d2b7-4e3e-bbb1-d21a8f1376d6 req-f222f12f-9075-4b28-8068-c965b02ce2e4 909a59eedeca4bb984ab315b403561cb f8eb00d3bfb34ea9824e10e8d2a36a97 - - default default] Method 'is_advsvc' is deprecated since 2023.2 release (neutron-lib 3.8.0) and will be removed once support for the old RBAC API policies will be removed from Neutron. Please use method 'is_service_role' instead.
2026-05-20 07:13:27.540 9 INFO neutron.db.segments_db [None req-b01cfb7d-ddbe-4c28-8077-420be72ccf76 8114c7197d744f218c85d829831db572 09199fd016314267b00ab70feece052f - - default default] Added segment 671f775b-2257-4a90-8c3a-e3e26ed7045e of type geneve for network ab8e907a-fe68-4294-bcca-1f3b940fce03
2026-05-20 07:13:27.841 10 WARNING neutron.scheduler.dhcp_agent_scheduler [req-7f1fb8b5-d2b7-4e3e-bbb1-d21a8f1376d6 req-f222f12f-9075-4b28-8068-c965b02ce2e4 909a59eedeca4bb984ab315b403561cb f8eb00d3bfb34ea9824e10e8d2a36a97 - - default default] No more DHCP agents
2026-05-20 07:13:27.842 10 WARNING neutron.api.rpc.agentnotifiers.dhcp_rpc_agent_api [req-7f1fb8b5-d2b7-4e3e-bbb1-d21a8f1376d6 req-f222f12f-9075-4b28-8068-c965b02ce2e4 909a59eedeca4bb984ab315b403561cb f8eb00d3bfb34ea9824e10e8d2a36a97 - - default default] Unable to schedule network 5cc4584b-c24a-4856-aca7-39375b8505a5: no agents available; will retry on subsequent port and subnet creation events.
2026-05-20 07:13:27.953 9 INFO neutron.db.ovn_revision_numbers_db [None req-b01cfb7d-ddbe-4c28-8077-420be72ccf76 8114c7197d744f218c85d829831db572 09199fd016314267b00ab70feece052f - - default default] Successfully bumped revision number for resource ab8e907a-fe68-4294-bcca-1f3b940fce03 (type: networks) to 1
2026-05-20 07:13:28.009 10 INFO neutron.db.ovn_revision_numbers_db [req-7f1fb8b5-d2b7-4e3e-bbb1-d21a8f1376d6 req-f222f12f-9075-4b28-8068-c965b02ce2e4 909a59eedeca4bb984ab315b403561cb f8eb00d3bfb34ea9824e10e8d2a36a97 - - default default] Successfully bumped revision number for resource e766a499-8589-4fff-ae34-bc29ccfdd58d (type: ports) to 1
2026-05-20 07:13:28.032 10 INFO neutron.api.wsgi [req-7f1fb8b5-d2b7-4e3e-bbb1-d21a8f1376d6 req-f222f12f-9075-4b28-8068-c965b02ce2e4 909a59eedeca4bb984ab315b403561cb f8eb00d3bfb34ea9824e10e8d2a36a97 - - default default] 199.19.213.121 "POST /v2.0/ports HTTP/1.1" status: 201 len: 1392 time: 0.5223176 /var/lib/openstack/lib/python3.12/site-packages/pycadf/identifier.py:71: UserWarning: Invalid uuid: neutron. To ensure interoperability, identifiers should be a valid uuid. warnings.warn(('Invalid uuid: %s. To ensure interoperability, '
2026-05-20 07:13:28.142 9 WARNING neutron.scheduler.dhcp_agent_scheduler [None req-b01cfb7d-ddbe-4c28-8077-420be72ccf76 8114c7197d744f218c85d829831db572 09199fd016314267b00ab70feece052f - - default default] No more DHCP agents
2026-05-20 07:13:28.144 9 WARNING neutron.api.rpc.agentnotifiers.dhcp_rpc_agent_api [None req-b01cfb7d-ddbe-4c28-8077-420be72ccf76 8114c7197d744f218c85d829831db572 09199fd016314267b00ab70feece052f - - default default] Unable to schedule network ab8e907a-fe68-4294-bcca-1f3b940fce03: no agents available; will retry on subsequent port and subnet creation events.
2026-05-20 07:13:28.224 9 INFO neutron.db.ovn_revision_numbers_db [None req-b01cfb7d-ddbe-4c28-8077-420be72ccf76 8114c7197d744f218c85d829831db572 09199fd016314267b00ab70feece052f - - default default] Successfully bumped revision number for resource 8aa9d496-9a3c-4b96-970e-4085b831c3d7 (type: ports) to 1
2026-05-20 07:13:28.272 9 INFO neutron.api.wsgi [None req-b01cfb7d-ddbe-4c28-8077-420be72ccf76 8114c7197d744f218c85d829831db572 09199fd016314267b00ab70feece052f - - default default] 10.0.0.205 "POST /v2.0/networks HTTP/1.1" status: 201 len: 831 time: 0.8340149
2026-05-20 07:13:28.280 9 WARNING neutron_lib.context [None req-1ab68b0a-837e-4b17-a6c3-b1647c0091f4 8114c7197d744f218c85d829831db572 09199fd016314267b00ab70feece052f - - default default] Method 'is_advsvc' is deprecated since 2023.2 release (neutron-lib 3.8.0) and will be removed once support for the old RBAC API policies will be removed from Neutron. Please use method 'is_service_role' instead.
2026-05-20 07:13:28.340 9 INFO neutron.api.wsgi [req-33b5fa12-d839-47ab-bc14-eaf471029543 req-1c4e7382-f6f2-439e-9677-ccc3ee0bd943 909a59eedeca4bb984ab315b403561cb f8eb00d3bfb34ea9824e10e8d2a36a97 - - default default] 10.0.0.88 "GET /v2.0/ports?device_id=f1d570a0-4b39-4c28-abbd-e3b956737e25 HTTP/1.1" status: 200 len: 1402 time: 0.0846221
2026-05-20 07:13:28.380 9 INFO neutron.api.wsgi [req-33b5fa12-d839-47ab-bc14-eaf471029543 req-962a11ba-41f0-4188-a07b-af0bd71ef80c 909a59eedeca4bb984ab315b403561cb f8eb00d3bfb34ea9824e10e8d2a36a97 - - default default] 10.0.0.88 "GET /v2.0/security-groups?id=b3d596f6-d11b-4852-b9f1-d232b2e3e82f&fields=id&fields=name HTTP/1.1" status: 200 len: 311 time: 0.0346043
2026-05-20 07:13:28.407 10 INFO neutron.db.ovn_revision_numbers_db [req-7f1fb8b5-d2b7-4e3e-bbb1-d21a8f1376d6 req-4cc83791-86ab-4428-aa4d-973339a73218 296365cf3ca647c494585ac884a2c5bd 07897250ef69478aa83c3e940291b0d6 - - 9bb0e01d9ab346938f9b498cf23c3601 9bb0e01d9ab346938f9b498cf23c3601] Successfully bumped revision number for resource e766a499-8589-4fff-ae34-bc29ccfdd58d (type: ports) to 2
2026-05-20 07:13:28.502 9 INFO neutron.api.wsgi [req-4b2a92d0-d1f2-4da8-93cd-a8cad5089539 req-bae90684-6b2e-4ac9-9873-6776486b4b7b 296365cf3ca647c494585ac884a2c5bd 07897250ef69478aa83c3e940291b0d6 - - 9bb0e01d9ab346938f9b498cf23c3601 9bb0e01d9ab346938f9b498cf23c3601] 10.0.0.147 "GET /v2.0/ports?device_id=12fd842c-ded1-47b9-b9a6-4f1692cc5b93 HTTP/1.1" status: 200 len: 1630 time: 0.0401225
