2026-05-20 07:10:40.277 9 INFO neutron.api.wsgi [None req-1f43705f-af26-444a-a6e2-66537143c31b 8742df3e7d234f8ebbc30080cc1296a4 a2b0120f89524c728d536578829aa219 - - default default] 10.0.0.205 "GET /v2.0/extensions/ext-gw-mode HTTP/1.1" status: 200 len: 462 time: 0.0049922
2026-05-20 07:10:40.286 10 INFO neutron.api.wsgi [None req-47915fa2-b0cb-4727-887c-acadc80a8635 8742df3e7d234f8ebbc30080cc1296a4 a2b0120f89524c728d536578829aa219 - - default default] 10.0.0.205 "GET /v2.0/extensions/l3-ha HTTP/1.1" status: 200 len: 360 time: 0.0048301
2026-05-20 07:10:40.294 10 INFO neutron.api.wsgi [None req-6b702eee-2249-4e9c-ae27-49fdfdb19648 8742df3e7d234f8ebbc30080cc1296a4 a2b0120f89524c728d536578829aa219 - - default default] 10.0.0.205 "GET /v2.0/extensions/external-gateway-multihoming HTTP/1.1" status: 200 len: 421 time: 0.0040588
2026-05-20 07:10:40.303 9 INFO neutron.api.wsgi [None req-a6d6a2b3-4a0b-4178-bec4-dbbba268bc5f 8742df3e7d234f8ebbc30080cc1296a4 a2b0120f89524c728d536578829aa219 - - default default] 10.0.0.205 "GET /v2.0/extensions/l3-flavors HTTP/1.1" status: 200 len: 366 time: 0.0051136
2026-05-20 07:10:40.313 10 INFO neutron.api.wsgi [None req-d1a11f8c-ac7d-4079-977a-9de8dd4c1158 8742df3e7d234f8ebbc30080cc1296a4 a2b0120f89524c728d536578829aa219 - - default default] 10.0.0.205 "GET /v2.0/extensions/logging HTTP/1.1" status: 200 len: 407 time: 0.0058546
2026-05-20 07:10:40.320 9 INFO neutron.api.wsgi [None req-f7e8f1e8-5ca0-4686-83de-f0fe39a6d1a5 8742df3e7d234f8ebbc30080cc1296a4 a2b0120f89524c728d536578829aa219 - - default default] 10.0.0.205 "GET /v2.0/extensions/multi-provider HTTP/1.1" status: 200 len: 406 time: 0.0037105
2026-05-20 07:10:40.329 9 INFO neutron.api.wsgi [None req-ddcbc641-a200-4901-8d31-7cf119d44631 8742df3e7d234f8ebbc30080cc1296a4 a2b0120f89524c728d536578829aa219 - - default default] 10.0.0.205 "GET /v2.0/extensions/net-mtu HTTP/1.1" status: 200 len: 370 time: 0.0045121
2026-05-20 07:10:40.337 10 INFO neutron.api.wsgi [None req-0e9d369f-eb78-412d-98ec-fd493e2f25f8 8742df3e7d234f8ebbc30080cc1296a4 a2b0120f89524c728d536578829aa219 - - default default] 10.0.0.205 "GET /v2.0/extensions/net-mtu-writable HTTP/1.1" status: 200 len: 401 time: 0.0042465
2026-05-20 07:10:40.346 10 INFO neutron.api.wsgi [None req-03eb50ee-99c7-4a64-b20f-5834dcb13b6e 8742df3e7d234f8ebbc30080cc1296a4 a2b0120f89524c728d536578829aa219 - - default default] 10.0.0.205 "GET /v2.0/extensions/network_availability_zone HTTP/1.1" status: 200 len: 394 time: 0.0047095
2026-05-20 07:10:40.348 9 INFO neutron.plugins.ml2.drivers.ovn.mech_driver.mech_driver [None req-e41d544c-07af-48a0-9146-7d6752fcb339 - - - - - -] OVN reports status up for port: 4d18bcbc-143f-47a9-af01-d5fa17f4b555
2026-05-20 07:10:40.359 10 INFO neutron.api.wsgi [None req-df4ff8e5-c28c-4950-a4d1-82cc626da75f 8742df3e7d234f8ebbc30080cc1296a4 a2b0120f89524c728d536578829aa219 - - default default] 10.0.0.205 "GET /v2.0/extensions/network-ip-availability HTTP/1.1" status: 200 len: 410 time: 0.0051742
2026-05-20 07:10:40.362 9 INFO neutron.plugins.ml2.plugin [None req-e41d544c-07af-48a0-9146-7d6752fcb339 - - - - - -] Attempt 1 to provision port 4d18bcbc-143f-47a9-af01-d5fa17f4b555
2026-05-20 07:10:40.368 10 INFO neutron.api.wsgi [None req-91fd7394-2cd7-44a4-94fa-1aa9c26de2ff 8742df3e7d234f8ebbc30080cc1296a4 a2b0120f89524c728d536578829aa219 - - default default] 10.0.0.205 "GET /v2.0/extensions/pagination HTTP/1.1" status: 200 len: 386 time: 0.0054991
2026-05-20 07:10:40.378 9 INFO neutron.api.wsgi [None req-6ba57386-be15-43be-bc64-5d858bfc2bb4 8742df3e7d234f8ebbc30080cc1296a4 a2b0120f89524c728d536578829aa219 - - default default] 10.0.0.205 "GET /v2.0/extensions/port-device-profile HTTP/1.1" status: 200 len: 383 time: 0.0051281
2026-05-20 07:10:40.382 9 INFO neutron.db.ovn_revision_numbers_db [None req-611c2762-eda9-4393-9e28-07513f4082c5 95a62c67598c43b89b07ac6c27339adb 4f5adb511d19433180caf1a65dbc2c63 - - default default] Successfully bumped revision number for resource 4d18bcbc-143f-47a9-af01-d5fa17f4b555 (type: ports) to 1
2026-05-20 07:10:40.389 10 INFO neutron.api.wsgi [None req-95fcd28c-c4ac-40f5-adbf-f1b6c85621a9 8742df3e7d234f8ebbc30080cc1296a4 a2b0120f89524c728d536578829aa219 - - default default] 10.0.0.205 "GET /v2.0/extensions/port-mac-address-regenerate HTTP/1.1" status: 200 len: 403 time: 0.0053802
2026-05-20 07:10:40.403 9 INFO neutron.api.wsgi [None req-dfb9b4be-f6a6-4427-bfa4-b4d6dae1ca36 8742df3e7d234f8ebbc30080cc1296a4 a2b0120f89524c728d536578829aa219 - - default default] 10.0.0.205 "GET /v2.0/extensions/port-numa-affinity-policy HTTP/1.1" status: 200 len: 392 time: 0.0077040
2026-05-20 07:10:40.412 10 INFO neutron.api.wsgi [None req-1ca734a8-e6a0-4414-ac20-6bbb118e78bf 8742df3e7d234f8ebbc30080cc1296a4 a2b0120f89524c728d536578829aa219 - - default default] 10.0.0.205 "GET /v2.0/extensions/port-numa-affinity-policy-socket HTTP/1.1" status: 200 len: 434 time: 0.0052989
2026-05-20 07:10:40.421 10 INFO neutron.api.wsgi [None req-0e335c17-9013-4bcc-9aea-e81a27854e22 8742df3e7d234f8ebbc30080cc1296a4 a2b0120f89524c728d536578829aa219 - - default default] 10.0.0.205 "GET /v2.0/extensions/port-resource-request HTTP/1.1" status: 200 len: 379 time: 0.0036168
2026-05-20 07:10:40.428 10 INFO neutron.api.wsgi [None req-0bf4ca9a-5ec2-4fb7-bc06-117fcebda062 8742df3e7d234f8ebbc30080cc1296a4 a2b0120f89524c728d536578829aa219 - - default default] 10.0.0.205 "GET /v2.0/extensions/port-resource-request-groups HTTP/1.1" status: 200 len: 465 time: 0.0031638
2026-05-20 07:10:40.437 10 INFO neutron.api.wsgi [None req-17a136b5-8ae2-410d-909c-6f2be08cc50d 8742df3e7d234f8ebbc30080cc1296a4 a2b0120f89524c728d536578829aa219 - - default default] 10.0.0.205 "GET /v2.0/extensions/binding HTTP/1.1" status: 200 len: 387 time: 0.0053813
2026-05-20 07:10:40.440 9 WARNING neutron.scheduler.dhcp_agent_scheduler [None req-611c2762-eda9-4393-9e28-07513f4082c5 95a62c67598c43b89b07ac6c27339adb 4f5adb511d19433180caf1a65dbc2c63 - - default default] No more DHCP agents
2026-05-20 07:10:40.442 9 WARNING neutron.api.rpc.agentnotifiers.dhcp_rpc_agent_api [None req-611c2762-eda9-4393-9e28-07513f4082c5 95a62c67598c43b89b07ac6c27339adb 4f5adb511d19433180caf1a65dbc2c63 - - default default] Unable to schedule network bf5e3f8c-be36-45d2-a5f5-b2cd9bebc3f5: no agents available; will retry on subsequent port and subnet creation events.
2026-05-20 07:10:40.444 10 INFO neutron.api.wsgi [None req-e893bda8-50dd-46ac-bde0-f1cd3e2aa242 8742df3e7d234f8ebbc30080cc1296a4 a2b0120f89524c728d536578829aa219 - - default default] 10.0.0.205 "GET /v2.0/extensions/binding-extended HTTP/1.1" status: 200 len: 406 time: 0.0034330
2026-05-20 07:10:40.451 10 INFO neutron.api.wsgi [None req-6d7000b0-3cf3-4e32-8230-00b2f424b880 8742df3e7d234f8ebbc30080cc1296a4 a2b0120f89524c728d536578829aa219 - - default default] 10.0.0.205 "GET /v2.0/extensions/port-security HTTP/1.1" status: 200 len: 354 time: 0.0036933
2026-05-20 07:10:40.459 10 INFO neutron.api.wsgi [None req-b977477f-3813-4985-bf1b-cf3fa9edaf1a 8742df3e7d234f8ebbc30080cc1296a4 a2b0120f89524c728d536578829aa219 - - default default] 10.0.0.205 "GET /v2.0/extensions/project-id HTTP/1.1" status: 200 len: 398 time: 0.0042686
2026-05-20 07:10:40.462 10 INFO neutron.api.wsgi [None req-d3b91b07-9d53-4134-b664-4aa8c4e0e584 ab628ee62b214545be46d2bbc2e265f7 455f8fdf6aad4dadb003a1815790c9ca - - default default] 10.0.0.205 "DELETE /v2.0/subnets/b8e9976f-b206-4433-a632-bd7999a5a2bf HTTP/1.1" status: 204 len: 168 time: 0.2112827
2026-05-20 07:10:40.465 10 INFO neutron.api.wsgi [None req-78c2c697-c0b4-4924-9b5f-7417efa1d56c 8742df3e7d234f8ebbc30080cc1296a4 a2b0120f89524c728d536578829aa219 - - default default] 10.0.0.205 "GET /v2.0/extensions/provider HTTP/1.1" status: 200 len: 385 time: 0.0028157
2026-05-20 07:10:40.480 10 INFO neutron.api.wsgi [None req-3116f1cc-a251-46cb-a1d2-fc5fd5b4ee39 8742df3e7d234f8ebbc30080cc1296a4 a2b0120f89524c728d536578829aa219 - - default default] 10.0.0.205 "GET /v2.0/extensions/qos HTTP/1.1" status: 200 len: 360 time: 0.0120888
2026-05-20 07:10:40.489 10 INFO neutron.api.wsgi [None req-cd19a564-b297-4ff8-96f8-df429c635cbb 8742df3e7d234f8ebbc30080cc1296a4 a2b0120f89524c728d536578829aa219 - - default default] 10.0.0.205 "GET /v2.0/extensions/qos-bw-limit-direction HTTP/1.1" status: 200 len: 452 time: 0.0031760
2026-05-20 07:10:40.496 10 INFO neutron.api.wsgi [None req-f708c27b-89eb-4b58-aced-c8691ce215e1 8742df3e7d234f8ebbc30080cc1296a4 a2b0120f89524c728d536578829aa219 - - default default] 10.0.0.205 "GET /v2.0/extensions/qos-bw-minimum-ingress HTTP/1.1" status: 200 len: 445 time: 0.0035400
2026-05-20 07:10:40.506 10 INFO neutron.api.wsgi [None req-bda8b8e6-f41b-4d6f-84b5-236c038f06c3 8742df3e7d234f8ebbc30080cc1296a4 a2b0120f89524c728d536578829aa219 - - default default] 10.0.0.205 "GET /v2.0/extensions/qos-default HTTP/1.1" status: 200 len: 377 time: 0.0034163
2026-05-20 07:10:40.513 10 INFO neutron.api.wsgi [None req-7cbc1d68-31c8-4de0-a343-297abe3892d7 8742df3e7d234f8ebbc30080cc1296a4 a2b0120f89524c728d536578829aa219 - - default default] 10.0.0.205 "GET /v2.0/extensions/qos-fip HTTP/1.1" status: 200 len: 372 time: 0.0034730
2026-05-20 07:10:40.521 10 INFO neutron.api.wsgi [None req-fb298546-a312-451a-a934-79640fbac15a 8742df3e7d234f8ebbc30080cc1296a4 a2b0120f89524c728d536578829aa219 - - default default] 10.0.0.205 "GET /v2.0/extensions/qos-gateway-ip HTTP/1.1" status: 200 len: 391 time: 0.0029964
2026-05-20 07:10:40.529 10 INFO neutron.api.wsgi [None req-86bae43e-d71c-40bd-9710-18263afcf99d 8742df3e7d234f8ebbc30080cc1296a4 a2b0120f89524c728d536578829aa219 - - default default] 10.0.0.205 "GET /v2.0/extensions/qos-port-network-policy HTTP/1.1" status: 200 len: 403 time: 0.0046055
2026-05-20 07:10:40.539 10 INFO neutron.api.wsgi [None req-82e04c66-25f2-4b40-989c-b863185ea69e 8742df3e7d234f8ebbc30080cc1296a4 a2b0120f89524c728d536578829aa219 - - default default] 10.0.0.205 "GET /v2.0/extensions/qos-pps-minimum HTTP/1.1" status: 200 len: 397 time: 0.0032573
2026-05-20 07:10:40.548 10 INFO neutron.api.wsgi [None req-d56c2507-015d-49f4-ae76-d6fe75ef9f0b 8742df3e7d234f8ebbc30080cc1296a4 a2b0120f89524c728d536578829aa219 - - default default] 10.0.0.205 "GET /v2.0/extensions/qos-pps-minimum-rule-alias HTTP/1.1" status: 200 len: 471 time: 0.0047011
2026-05-20 07:10:40.558 9 INFO neutron.api.wsgi [None req-f7786af6-953d-49a2-beb3-647e8081ffea 8742df3e7d234f8ebbc30080cc1296a4 a2b0120f89524c728d536578829aa219 - - default default] 10.0.0.205 "GET /v2.0/extensions/qos-pps HTTP/1.1" status: 200 len: 389 time: 0.0056493
2026-05-20 07:10:40.569 10 INFO neutron.api.wsgi [None req-f0182fbd-0355-491f-954e-447e4592aef7 8742df3e7d234f8ebbc30080cc1296a4 a2b0120f89524c728d536578829aa219 - - default default] 10.0.0.205 "GET /v2.0/extensions/qos-rule-type-details HTTP/1.1" status: 200 len: 423 time: 0.0061300
2026-05-20 07:10:40.576 10 INFO neutron.api.wsgi [None req-454b5ed7-363e-4dde-a958-19c9794918ba 8742df3e7d234f8ebbc30080cc1296a4 a2b0120f89524c728d536578829aa219 - - default default] 10.0.0.205 "GET /v2.0/extensions/qos-rule-type-filter HTTP/1.1" status: 200 len: 567 time: 0.0041771
2026-05-20 07:10:40.584 10 INFO neutron.api.wsgi [None req-3dd16c69-571d-41e0-88fc-fb7fc386a352 8742df3e7d234f8ebbc30080cc1296a4 a2b0120f89524c728d536578829aa219 - - default default] 10.0.0.205 "GET /v2.0/extensions/qos-rules-alias HTTP/1.1" status: 200 len: 448 time: 0.0035408
2026-05-20 07:10:40.599 10 INFO neutron.api.wsgi [None req-0b9ff56d-22c3-4701-b5a3-0dcd85862a13 8742df3e7d234f8ebbc30080cc1296a4 a2b0120f89524c728d536578829aa219 - - default default] 10.0.0.205 "GET /v2.0/extensions/quota-check-limit HTTP/1.1" status: 200 len: 420 time: 0.0089216
2026-05-20 07:10:40.607 10 INFO neutron.api.wsgi [None req-62c21a72-ff85-46a2-8765-8dbad3d2807b 8742df3e7d234f8ebbc30080cc1296a4 a2b0120f89524c728d536578829aa219 - - default default] 10.0.0.205 "GET /v2.0/extensions/quotas HTTP/1.1" status: 200 len: 386 time: 0.0045824
2026-05-20 07:10:40.616 10 INFO neutron.api.wsgi [None req-2f7e3cfd-ffbe-4553-bd67-26610ddf8c65 8742df3e7d234f8ebbc30080cc1296a4 a2b0120f89524c728d536578829aa219 - - default default] 10.0.0.205 "GET /v2.0/extensions/quota_details HTTP/1.1" status: 200 len: 407 time: 0.0048525
2026-05-20 07:10:40.623 10 INFO neutron.api.wsgi [None req-74b2127a-492f-4c2f-a95d-c37a38f080a7 8742df3e7d234f8ebbc30080cc1296a4 a2b0120f89524c728d536578829aa219 - - default default] 10.0.0.205 "GET /v2.0/extensions/rbac-policies HTTP/1.1" status: 200 len: 417 time: 0.0033226
2026-05-20 07:10:40.631 9 INFO neutron.api.wsgi [None req-54d5bb50-0b46-4049-91c1-3ccbd3641eaa 8742df3e7d234f8ebbc30080cc1296a4 a2b0120f89524c728d536578829aa219 - - default default] 10.0.0.205 "GET /v2.0/extensions/rbac-address-scope HTTP/1.1" status: 200 len: 384 time: 0.0037153
2026-05-20 07:10:40.638 9 INFO neutron.api.wsgi [None req-14881c43-3daf-4782-b0f1-50e0eaf7a711 8742df3e7d234f8ebbc30080cc1296a4 a2b0120f89524c728d536578829aa219 - - default default] 10.0.0.205 "GET /v2.0/extensions/rbac-security-groups HTTP/1.1" status: 200 len: 404 time: 0.0040040
2026-05-20 07:10:40.647 9 INFO neutron.api.wsgi [None req-2b8819ab-d342-4595-bc48-c1e6e25e5c98 8742df3e7d234f8ebbc30080cc1296a4 a2b0120f89524c728d536578829aa219 - - default default] 10.0.0.205 "GET /v2.0/extensions/revision-if-match HTTP/1.1" status: 200 len: 441 time: 0.0042651
2026-05-20 07:10:40.657 10 INFO neutron.api.wsgi [None req-961bb7a5-6d94-43a0-9513-9f340ab4056b 8742df3e7d234f8ebbc30080cc1296a4 a2b0120f89524c728d536578829aa219 - - default default] 10.0.0.205 "GET /v2.0/extensions/standard-attr-revisions HTTP/1.1" status: 200 len: 423 time: 0.0055964
2026-05-20 07:10:40.665 10 INFO neutron.api.wsgi [None req-71384cca-8ee4-48da-9118-755e31d8a2c0 8742df3e7d234f8ebbc30080cc1296a4 a2b0120f89524c728d536578829aa219 - - default default] 10.0.0.205 "GET /v2.0/extensions/router_availability_zone HTTP/1.1" status: 200 len: 391 time: 0.0046160
2026-05-20 07:10:40.673 10 INFO neutron.api.wsgi [None req-8c3c4ca6-8ddc-444d-bd82-24fed462ff2b 8742df3e7d234f8ebbc30080cc1296a4 a2b0120f89524c728d536578829aa219 - - default default] 10.0.0.205 "GET /v2.0/extensions/security-groups-default-rules HTTP/1.1" status: 200 len: 456 time: 0.0039513
2026-05-20 07:10:40.680 10 INFO neutron.api.wsgi [None req-d60c236a-1524-4a83-9de7-c9fa44615e48 8742df3e7d234f8ebbc30080cc1296a4 a2b0120f89524c728d536578829aa219 - - default default] 10.0.0.205 "GET /v2.0/extensions/security-groups-normalized-cidr HTTP/1.1" status: 200 len: 445 time: 0.0033989
2026-05-20 07:10:40.690 10 INFO neutron.api.wsgi [None req-c8430050-6570-4076-8b39-79d8a5047b68 8742df3e7d234f8ebbc30080cc1296a4 a2b0120f89524c728d536578829aa219 - - default default] 10.0.0.205 "GET /v2.0/extensions/security-groups-remote-address-group HTTP/1.1" status: 200 len: 448 time: 0.0036631
2026-05-20 07:10:40.698 9 INFO neutron.api.wsgi [None req-fe3c5aae-8324-45db-8b8a-f6a5f8a13ead 8742df3e7d234f8ebbc30080cc1296a4 a2b0120f89524c728d536578829aa219 - - default default] 10.0.0.205 "GET /v2.0/extensions/security-groups-rules-belongs-to-default-sg HTTP/1.1" status: 200 len: 508 time: 0.0049782
2026-05-20 07:10:40.706 10 INFO neutron.api.wsgi [None req-0de91e31-4704-41aa-9db0-0b5466c21a19 8742df3e7d234f8ebbc30080cc1296a4 a2b0120f89524c728d536578829aa219 - - default default] 10.0.0.205 "GET /v2.0/extensions/security-groups-shared-filtering HTTP/1.1" status: 200 len: 435 time: 0.0040171
2026-05-20 07:10:40.714 10 INFO neutron.api.wsgi [None req-170b889b-0903-4b83-a461-f4776be3e49f 8742df3e7d234f8ebbc30080cc1296a4 a2b0120f89524c728d536578829aa219 - - default default] 10.0.0.205 "GET /v2.0/extensions/security-group HTTP/1.1" status: 200 len: 364 time: 0.0043294
2026-05-20 07:10:40.720 10 INFO neutron.api.wsgi [None req-27c22ede-cf0c-43dd-8453-24b208d6833e 8742df3e7d234f8ebbc30080cc1296a4 a2b0120f89524c728d536578829aa219 - - default default] 10.0.0.205 "GET /v2.0/extensions/segment HTTP/1.1" status: 200 len: 339 time: 0.0032558
2026-05-20 07:10:40.728 10 INFO neutron.api.wsgi [None req-ebfa919e-65ea-4804-8ac8-0afe32efc4a8 8742df3e7d234f8ebbc30080cc1296a4 a2b0120f89524c728d536578829aa219 - - default default] 10.0.0.205 "GET /v2.0/extensions/segments-peer-subnet-host-routes HTTP/1.1" status: 200 len: 427 time: 0.0038161
2026-05-20 07:10:40.735 10 INFO neutron.api.wsgi [None req-59ceffd5-737f-4d76-b84c-1820859321de 8742df3e7d234f8ebbc30080cc1296a4 a2b0120f89524c728d536578829aa219 - - default default] 10.0.0.205 "GET /v2.0/extensions/service-type HTTP/1.1" status: 200 len: 415 time: 0.0039132
2026-05-20 07:10:40.742 10 INFO neutron.api.wsgi [None req-dee8c7c6-ccec-4186-a60c-04a3344d4a2b 8742df3e7d234f8ebbc30080cc1296a4 a2b0120f89524c728d536578829aa219 - - default default] 10.0.0.205 "GET /v2.0/extensions/sorting HTTP/1.1" status: 200 len: 377 time: 0.0038447
2026-05-20 07:10:40.750 10 INFO neutron.api.wsgi [None req-604bcd49-d483-4fe2-84d5-4a93d906d93f 8742df3e7d234f8ebbc30080cc1296a4 a2b0120f89524c728d536578829aa219 - - default default] 10.0.0.205 "GET /v2.0/extensions/standard-attr-segment HTTP/1.1" status: 200 len: 406 time: 0.0030861
2026-05-20 07:10:40.757 10 INFO neutron.api.wsgi [None req-e6c9ba28-f087-4297-85e1-c89302c7bc2b 8742df3e7d234f8ebbc30080cc1296a4 a2b0120f89524c728d536578829aa219 - - default default] 10.0.0.205 "GET /v2.0/extensions/standard-attr-description HTTP/1.1" status: 200 len: 408 time: 0.0034590
2026-05-20 07:10:40.765 10 INFO neutron.api.wsgi [None req-4095d80e-f054-4cf2-a7d3-e1325543e93c 8742df3e7d234f8ebbc30080cc1296a4 a2b0120f89524c728d536578829aa219 - - default default] 10.0.0.205 "GET /v2.0/extensions/stateful-security-group HTTP/1.1" status: 200 len: 402 time: 0.0040631
2026-05-20 07:10:40.773 10 INFO neutron.api.wsgi [None req-4d953a55-2749-420d-8791-6b654208e64a 8742df3e7d234f8ebbc30080cc1296a4 a2b0120f89524c728d536578829aa219 - - default default] 10.0.0.205 "GET /v2.0/extensions/subnet-dns-publish-fixed-ip HTTP/1.1" status: 200 len: 421 time: 0.0034683
2026-05-20 07:10:40.774 9 INFO neutron.db.ovn_revision_numbers_db [None req-e41d544c-07af-48a0-9146-7d6752fcb339 - - - - - -] Successfully bumped revision number for resource 4d18bcbc-143f-47a9-af01-d5fa17f4b555 (type: ports) to 2
2026-05-20 07:10:40.780 10 INFO neutron.api.wsgi [None req-5d515540-3b5c-4ac8-9b2c-8391a038ca6f 8742df3e7d234f8ebbc30080cc1296a4 a2b0120f89524c728d536578829aa219 - - default default] 10.0.0.205 "GET /v2.0/extensions/subnet-external-network HTTP/1.1" status: 200 len: 418 time: 0.0028234
2026-05-20 07:10:40.787 10 INFO neutron.api.wsgi [None req-8ca2871e-64bd-4658-9b84-d313124fed58 8742df3e7d234f8ebbc30080cc1296a4 a2b0120f89524c728d536578829aa219 - - default default] 10.0.0.205 "GET /v2.0/extensions/subnet-segmentid-writable HTTP/1.1" status: 200 len: 421 time: 0.0030470
2026-05-20 07:10:40.795 10 INFO neutron.api.wsgi [None req-fba503d1-8d2c-431a-860b-4c8c17d7c15e 8742df3e7d234f8ebbc30080cc1296a4 a2b0120f89524c728d536578829aa219 - - default default] 10.0.0.205 "GET /v2.0/extensions/subnet-service-types HTTP/1.1" status: 200 len: 400 time: 0.0042000
2026-05-20 07:10:40.803 9 INFO neutron.api.wsgi [None req-6f6866ef-5cf3-44af-ac77-b2e62489b53e 8742df3e7d234f8ebbc30080cc1296a4 a2b0120f89524c728d536578829aa219 - - default default] 10.0.0.205 "GET /v2.0/extensions/subnet_allocation HTTP/1.1" status: 200 len: 388 time: 0.0041735
2026-05-20 07:10:40.813 9 INFO neutron.api.wsgi [None req-f262fae4-f9f2-4cc3-9166-5e93badacc48 8742df3e7d234f8ebbc30080cc1296a4 a2b0120f89524c728d536578829aa219 - - default default] 10.0.0.205 "GET /v2.0/extensions/subnetpool-prefix-ops HTTP/1.1" status: 200 len: 418 time: 0.0047917
2026-05-20 07:10:40.823 10 INFO neutron.api.wsgi [None req-37a706a6-db4f-4570-b431-c4b380889ee7 8742df3e7d234f8ebbc30080cc1296a4 a2b0120f89524c728d536578829aa219 - - default default] 10.0.0.205 "GET /v2.0/extensions/tag-creation HTTP/1.1" status: 200 len: 384 time: 0.0051184
2026-05-20 07:10:40.832 10 INFO neutron.api.wsgi [None req-c78f8473-8935-4aa1-9291-4b2630fa577b 8742df3e7d234f8ebbc30080cc1296a4 a2b0120f89524c728d536578829aa219 - - default default] 10.0.0.205 "GET /v2.0/extensions/standard-attr-tag HTTP/1.1" status: 200 len: 537 time: 0.0058243
2026-05-20 07:10:40.839 10 INFO neutron.api.wsgi [None req-4afb6f73-65cc-4b8b-af95-805c55241eb4 8742df3e7d234f8ebbc30080cc1296a4 a2b0120f89524c728d536578829aa219 - - default default] 10.0.0.205 "GET /v2.0/extensions/standard-attr-timestamp HTTP/1.1" status: 200 len: 449 time: 0.0036612
2026-05-20 07:10:40.848 10 INFO neutron.api.wsgi [None req-750c5869-713c-4202-9f0b-6829cc13e728 8742df3e7d234f8ebbc30080cc1296a4 a2b0120f89524c728d536578829aa219 - - default default] 10.0.0.205 "GET /v2.0/extensions/trunk HTTP/1.1" status: 200 len: 358 time: 0.0059674
2026-05-20 07:10:40.854 9 INFO neutron.db.ovn_revision_numbers_db [None req-611c2762-eda9-4393-9e28-07513f4082c5 95a62c67598c43b89b07ac6c27339adb 4f5adb511d19433180caf1a65dbc2c63 - - default default] Successfully bumped revision number for resource 4d18bcbc-143f-47a9-af01-d5fa17f4b555 (type: router_ports) to 1
2026-05-20 07:10:40.859 9 INFO neutron.api.wsgi [None req-611c2762-eda9-4393-9e28-07513f4082c5 95a62c67598c43b89b07ac6c27339adb 4f5adb511d19433180caf1a65dbc2c63 - - default default] 10.0.0.205 "PUT /v2.0/routers/50f7e753-54f6-4c02-abee-ac740eedb721/add_router_interface HTTP/1.1" status: 200 len: 503 time: 1.8136041
2026-05-20 07:10:40.859 10 INFO neutron.api.wsgi [None req-e7634f43-6a6f-4c6f-964d-9cf1693879c5 8742df3e7d234f8ebbc30080cc1296a4 a2b0120f89524c728d536578829aa219 - - default default] 10.0.0.205 "GET /v2.0/extensions/trunk-details HTTP/1.1" status: 200 len: 362 time: 0.0058899
2026-05-20 07:10:40.870 10 INFO neutron.api.wsgi [None req-c30d5279-65d1-467a-aa36-b1850fb55279 8742df3e7d234f8ebbc30080cc1296a4 a2b0120f89524c728d536578829aa219 - - default default] 10.0.0.205 "GET /v2.0/extensions/vpn-agent-scheduler HTTP/1.1" status: 200 len: 393 time: 0.0062952
2026-05-20 07:10:40.882 10 INFO neutron.api.wsgi [None req-36b86c0f-d68f-4f62-98b1-382f291a60a1 8742df3e7d234f8ebbc30080cc1296a4 a2b0120f89524c728d536578829aa219 - - default default] 10.0.0.205 "GET /v2.0/extensions/vpn-endpoint-groups HTTP/1.1" status: 200 len: 371 time: 0.0030000
2026-05-20 07:10:40.891 9 INFO neutron.api.wsgi [None req-8e8f6340-5a1c-4d43-a78e-45a9b2891907 8742df3e7d234f8ebbc30080cc1296a4 a2b0120f89524c728d536578829aa219 - - default default] 10.0.0.205 "GET /v2.0/extensions/vpn-flavors HTTP/1.1" status: 200 len: 376 time: 0.0061741
2026-05-20 07:10:40.901 9 INFO neutron.api.wsgi [None req-0b21782b-73a3-4da0-b64b-590ed7b55078 8742df3e7d234f8ebbc30080cc1296a4 a2b0120f89524c728d536578829aa219 - - default default] 10.0.0.205 "GET /v2.0/extensions/vpnaas HTTP/1.1" status: 200 len: 348 time: 0.0053921
2026-05-20 07:10:40.912 10 INFO neutron.services.segments.plugin [-] Segment a3c156c1-7960-44e7-9324-c69b9f28b167 resource provider aggregate not found
2026-05-20 07:10:40.916 10 INFO neutron.services.segments.plugin [-] Segment a3c156c1-7960-44e7-9324-c69b9f28b167 resource provider aggregate not found
2026-05-20 07:10:40.927 10 INFO neutron.services.segments.plugin [-] Segment a3c156c1-7960-44e7-9324-c69b9f28b167 resource provider not found; error: Placement Client Error (4xx): {"errors": [{"status": 404, "title": "Not Found", "detail": "The resource could not be found.\n\n No resource provider with uuid a3c156c1-7960-44e7-9324-c69b9f28b167 found for delete ", "request_id": "req-e2d3dfa1-40b2-4ad9-b484-a3ca371174f1"}]}
2026-05-20 07:10:40.930 10 INFO neutron.services.segments.plugin [-] Segment a3c156c1-7960-44e7-9324-c69b9f28b167 resource provider not found; error: Placement Client Error (4xx): {"errors": [{"status": 404, "title": "Not Found", "detail": "The resource could not be found.\n\n No resource provider with uuid a3c156c1-7960-44e7-9324-c69b9f28b167 found for delete ", "request_id": "req-90b7810b-3c9c-4a11-8d1a-ba981ee98ee0"}]}
2026-05-20 07:10:40.937 9 INFO neutron.api.wsgi [None req-ad6a0f64-998a-4540-afd1-b787c510424d 061828d73f774b69b92e7c90e8c8fc23 7a0649b5f4044c7d87143617c79413b3 - - default default] 10.0.0.205 "GET /v2.0/networks HTTP/1.1" status: 200 len: 3841 time: 0.0731788
2026-05-20 07:10:40.944 10 INFO neutron.api.wsgi [None req-7ba1cca4-47eb-4264-a878-ac7a3430ba19 ab628ee62b214545be46d2bbc2e265f7 455f8fdf6aad4dadb003a1815790c9ca - - default default] 10.0.0.205 "DELETE /v2.0/networks/4662eae9-97a6-4f00-b40e-e2c9e26f0f38 HTTP/1.1" status: 204 len: 168 time: 0.4765422
2026-05-20 07:10:40.976 9 INFO neutron.api.wsgi [None req-84d22722-043c-40b6-92ec-7749a2e7092a 061828d73f774b69b92e7c90e8c8fc23 7a0649b5f4044c7d87143617c79413b3 - - default default] 10.0.0.205 "GET /v2.0/subnets HTTP/1.1" status: 200 len: 2166 time: 0.0356679
2026-05-20 07:10:41.060 9 INFO neutron.api.wsgi [None req-cf359e1c-a6f8-4c53-8ead-dda9e3c49215 061828d73f774b69b92e7c90e8c8fc23 7a0649b5f4044c7d87143617c79413b3 - - default default] 10.0.0.205 "GET /v2.0/routers HTTP/1.1" status: 200 len: 1170 time: 0.0782831
2026-05-20 07:10:41.111 10 INFO neutron.api.wsgi [None req-3dff3488-5a25-4c62-8be0-e9a7d433a933 ab628ee62b214545be46d2bbc2e265f7 455f8fdf6aad4dadb003a1815790c9ca - - default default] 10.0.0.205 "GET /v2.0/security-groups?tenant_id=3daff303edca4185b63841a913e4af90&name=default HTTP/1.1" status: 200 len: 3120 time: 0.0295539
2026-05-20 07:10:41.121 10 WARNING neutron_lib.context [None req-6d1804ec-c509-4979-bfd8-393b8113ae8f 95a62c67598c43b89b07ac6c27339adb 4f5adb511d19433180caf1a65dbc2c63 - - default default] Method 'is_advsvc' is deprecated since 2023.2 release (neutron-lib 3.8.0) and will be removed once support for the old RBAC API policies will be removed from Neutron. Please use method 'is_service_role' instead.
2026-05-20 07:10:41.222 10 INFO neutron.db.ovn_revision_numbers_db [None req-6d1804ec-c509-4979-bfd8-393b8113ae8f 95a62c67598c43b89b07ac6c27339adb 4f5adb511d19433180caf1a65dbc2c63 - - default default] Successfully bumped revision number for resource 29effa73-3926-47e6-bf3a-f0e5c898e1b5 (type: security_groups) to 1
2026-05-20 07:10:41.234 10 INFO neutron.db.ovn_revision_numbers_db [None req-6d1804ec-c509-4979-bfd8-393b8113ae8f 95a62c67598c43b89b07ac6c27339adb 4f5adb511d19433180caf1a65dbc2c63 - - default default] Successfully bumped revision number for resource 9d2c3790-e5d6-4c58-8fc9-389fa961960a (type: security_group_rules) to 0
2026-05-20 07:10:41.251 10 INFO neutron.db.ovn_revision_numbers_db [None req-6d1804ec-c509-4979-bfd8-393b8113ae8f 95a62c67598c43b89b07ac6c27339adb 4f5adb511d19433180caf1a65dbc2c63 - - default default] Successfully bumped revision number for resource e160af23-bfe0-4787-9ea4-7d765271115e (type: security_group_rules) to 0
2026-05-20 07:10:41.285 10 INFO neutron.api.wsgi [None req-6d1804ec-c509-4979-bfd8-393b8113ae8f 95a62c67598c43b89b07ac6c27339adb 4f5adb511d19433180caf1a65dbc2c63 - - default default] 10.0.0.205 "POST /v2.0/security-groups HTTP/1.1" status: 201 len: 1875 time: 0.1692162
2026-05-20 07:10:41.294 10 WARNING neutron_lib.context [None req-e00f4ba6-3837-4676-9cdb-f7019bbe18e4 95a62c67598c43b89b07ac6c27339adb 4f5adb511d19433180caf1a65dbc2c63 - - default default] Method 'is_advsvc' is deprecated since 2023.2 release (neutron-lib 3.8.0) and will be removed once support for the old RBAC API policies will be removed from Neutron. Please use method 'is_service_role' instead.
2026-05-20 07:10:41.327 9 INFO neutron.api.wsgi [None req-8233c5c4-afca-412f-9a1e-64e9ce471170 ab628ee62b214545be46d2bbc2e265f7 455f8fdf6aad4dadb003a1815790c9ca - - default default] 10.0.0.205 "DELETE /v2.0/security-groups/06633031-0961-4021-a5d1-1f8ef555fb3f HTTP/1.1" status: 204 len: 168 time: 0.2092645
2026-05-20 07:10:41.411 10 INFO neutron.db.ovn_revision_numbers_db [None req-e00f4ba6-3837-4676-9cdb-f7019bbe18e4 95a62c67598c43b89b07ac6c27339adb 4f5adb511d19433180caf1a65dbc2c63 - - default default] Successfully bumped revision number for resource 54dfe47d-4139-45cb-977d-faa5f92792e4 (type: security_group_rules) to 0
2026-05-20 07:10:41.445 10 INFO neutron.api.wsgi [None req-e00f4ba6-3837-4676-9cdb-f7019bbe18e4 95a62c67598c43b89b07ac6c27339adb 4f5adb511d19433180caf1a65dbc2c63 - - default default] 10.0.0.205 "POST /v2.0/security-group-rules HTTP/1.1" status: 201 len: 796 time: 0.1547756
2026-05-20 07:10:41.458 10 WARNING neutron_lib.context [None req-fe3ec5a5-a9ab-42f4-8e9f-db11ed014016 95a62c67598c43b89b07ac6c27339adb 4f5adb511d19433180caf1a65dbc2c63 - - default default] Method 'is_advsvc' is deprecated since 2023.2 release (neutron-lib 3.8.0) and will be removed once support for the old RBAC API policies will be removed from Neutron. Please use method 'is_service_role' instead.
2026-05-20 07:10:41.574 10 INFO neutron.db.ovn_revision_numbers_db [None req-fe3ec5a5-a9ab-42f4-8e9f-db11ed014016 95a62c67598c43b89b07ac6c27339adb 4f5adb511d19433180caf1a65dbc2c63 - - default default] Successfully bumped revision number for resource 04df18ea-847e-473e-a2a8-2a675f293ce3 (type: security_group_rules) to 0
2026-05-20 07:10:41.605 10 INFO neutron.api.wsgi [None req-fe3ec5a5-a9ab-42f4-8e9f-db11ed014016 95a62c67598c43b89b07ac6c27339adb 4f5adb511d19433180caf1a65dbc2c63 - - default default] 10.0.0.205 "POST /v2.0/security-group-rules HTTP/1.1" status: 201 len: 795 time: 0.1527600
2026-05-20 07:10:41.616 9 WARNING neutron_lib.context [None req-9830a73a-e7ab-47ab-a93e-8ba357b1778c 95a62c67598c43b89b07ac6c27339adb 4f5adb511d19433180caf1a65dbc2c63 - - default default] Method 'is_advsvc' is deprecated since 2023.2 release (neutron-lib 3.8.0) and will be removed once support for the old RBAC API policies will be removed from Neutron. Please use method 'is_service_role' instead.
2026-05-20 07:10:41.743 9 INFO neutron.db.ovn_revision_numbers_db [None req-44107568-59d7-494d-b2ff-ba5bf99e41f9 ab628ee62b214545be46d2bbc2e265f7 455f8fdf6aad4dadb003a1815790c9ca - - default default] Successfully bumped revision number for resource 8531957b-2630-46f5-8b31-5f1532b7507c (type: security_groups) to 1
2026-05-20 07:10:41.757 9 INFO neutron.db.ovn_revision_numbers_db [None req-44107568-59d7-494d-b2ff-ba5bf99e41f9 ab628ee62b214545be46d2bbc2e265f7 455f8fdf6aad4dadb003a1815790c9ca - - default default] Successfully bumped revision number for resource 066aa0b0-4752-41fd-9b00-464d1789cd10 (type: security_group_rules) to 0
2026-05-20 07:10:41.760 9 INFO neutron.db.ovn_revision_numbers_db [None req-9830a73a-e7ab-47ab-a93e-8ba357b1778c 95a62c67598c43b89b07ac6c27339adb 4f5adb511d19433180caf1a65dbc2c63 - - default default] Successfully bumped revision number for resource 268b2c0d-f5ba-450e-809e-9cff0e395326 (type: security_group_rules) to 0
2026-05-20 07:10:41.771 9 INFO neutron.db.ovn_revision_numbers_db [None req-44107568-59d7-494d-b2ff-ba5bf99e41f9 ab628ee62b214545be46d2bbc2e265f7 455f8fdf6aad4dadb003a1815790c9ca - - default default] Successfully bumped revision number for resource 5a307910-8975-45c8-8091-844671b4f41c (type: security_group_rules) to 0
2026-05-20 07:10:41.784 9 INFO neutron.db.ovn_revision_numbers_db [None req-44107568-59d7-494d-b2ff-ba5bf99e41f9 ab628ee62b214545be46d2bbc2e265f7 455f8fdf6aad4dadb003a1815790c9ca - - default default] Successfully bumped revision number for resource bd2a0242-1721-488c-a736-7b1df3142c30 (type: security_group_rules) to 0
2026-05-20 07:10:41.789 9 INFO neutron.api.wsgi [None req-9830a73a-e7ab-47ab-a93e-8ba357b1778c 95a62c67598c43b89b07ac6c27339adb 4f5adb511d19433180caf1a65dbc2c63 - - default default] 10.0.0.205 "POST /v2.0/security-group-rules HTTP/1.1" status: 201 len: 801 time: 0.1793725
2026-05-20 07:10:41.798 9 INFO neutron.db.ovn_revision_numbers_db [None req-44107568-59d7-494d-b2ff-ba5bf99e41f9 ab628ee62b214545be46d2bbc2e265f7 455f8fdf6aad4dadb003a1815790c9ca - - default default] Successfully bumped revision number for resource fb6abb37-af32-49a2-b2eb-66c6de2847b3 (type: security_group_rules) to 0
2026-05-20 07:10:41.801 10 WARNING neutron_lib.context [None req-7df894c1-55aa-41d3-b965-94260efd398a 95a62c67598c43b89b07ac6c27339adb 4f5adb511d19433180caf1a65dbc2c63 - - default default] Method 'is_advsvc' is deprecated since 2023.2 release (neutron-lib 3.8.0) and will be removed once support for the old RBAC API policies will be removed from Neutron. Please use method 'is_service_role' instead.
2026-05-20 07:10:41.835 9 INFO neutron.api.wsgi [None req-44107568-59d7-494d-b2ff-ba5bf99e41f9 ab628ee62b214545be46d2bbc2e265f7 455f8fdf6aad4dadb003a1815790c9ca - - default default] 10.0.0.205 "GET /v2.0/security-groups?tenant_id=a2b0120f89524c728d536578829aa219&name=default HTTP/1.1" status: 200 len: 3120 time: 0.4298024
2026-05-20 07:10:41.952 10 INFO neutron.db.ovn_revision_numbers_db [None req-7df894c1-55aa-41d3-b965-94260efd398a 95a62c67598c43b89b07ac6c27339adb 4f5adb511d19433180caf1a65dbc2c63 - - default default] Successfully bumped revision number for resource 4534bf98-891e-4a76-93ea-e5d15741d7c8 (type: security_group_rules) to 0
2026-05-20 07:10:41.983 10 INFO neutron.api.wsgi [None req-7df894c1-55aa-41d3-b965-94260efd398a 95a62c67598c43b89b07ac6c27339adb 4f5adb511d19433180caf1a65dbc2c63 - - default default] 10.0.0.205 "POST /v2.0/security-group-rules HTTP/1.1" status: 201 len: 800 time: 0.1887624
2026-05-20 07:10:41.992 9 WARNING neutron_lib.context [None req-ec8d7567-66a9-4ad0-91ca-93fd7f21e820 95a62c67598c43b89b07ac6c27339adb 4f5adb511d19433180caf1a65dbc2c63 - - default default] Method 'is_advsvc' is deprecated since 2023.2 release (neutron-lib 3.8.0) and will be removed once support for the old RBAC API policies will be removed from Neutron. Please use method 'is_service_role' instead.
2026-05-20 07:10:42.022 9 INFO neutron.db.securitygroups_db [None req-ec8d7567-66a9-4ad0-91ca-93fd7f21e820 95a62c67598c43b89b07ac6c27339adb 4f5adb511d19433180caf1a65dbc2c63 - - default default] Project 4f5adb511d19433180caf1a65dbc2c63 added a security group rule with legacy IPv6 ICMP protocol name icmp, ipv6-icmp should be used instead. It was automatically converted.
2026-05-20 07:10:42.065 9 INFO neutron.api.wsgi [None req-52aa9d8a-6a23-4159-a512-7ea1b7130ed9 ab628ee62b214545be46d2bbc2e265f7 455f8fdf6aad4dadb003a1815790c9ca - - default default] 10.0.0.205 "DELETE /v2.0/security-groups/8531957b-2630-46f5-8b31-5f1532b7507c HTTP/1.1" status: 204 len: 168 time: 0.2262909
2026-05-20 07:10:42.109 9 INFO neutron.db.ovn_revision_numbers_db [None req-ec8d7567-66a9-4ad0-91ca-93fd7f21e820 95a62c67598c43b89b07ac6c27339adb 4f5adb511d19433180caf1a65dbc2c63 - - default default] Successfully bumped revision number for resource c2bcfbaa-ac36-4b16-98d7-8c8c8a008297 (type: security_group_rules) to 0
2026-05-20 07:10:42.139 9 INFO neutron.api.wsgi [None req-ec8d7567-66a9-4ad0-91ca-93fd7f21e820 95a62c67598c43b89b07ac6c27339adb 4f5adb511d19433180caf1a65dbc2c63 - - default default] 10.0.0.205 "POST /v2.0/security-group-rules HTTP/1.1" status: 201 len: 806 time: 0.1519859
2026-05-20 07:10:42.148 9 WARNING neutron_lib.context [None req-a7b10c80-9977-4bd0-bbe2-f4745f8b996d 95a62c67598c43b89b07ac6c27339adb 4f5adb511d19433180caf1a65dbc2c63 - - default default] Method 'is_advsvc' is deprecated since 2023.2 release (neutron-lib 3.8.0) and will be removed once support for the old RBAC API policies will be removed from Neutron. Please use method 'is_service_role' instead.
2026-05-20 07:10:42.179 9 INFO neutron.db.securitygroups_db [None req-a7b10c80-9977-4bd0-bbe2-f4745f8b996d 95a62c67598c43b89b07ac6c27339adb 4f5adb511d19433180caf1a65dbc2c63 - - default default] Project 4f5adb511d19433180caf1a65dbc2c63 added a security group rule with legacy IPv6 ICMP protocol name icmp, ipv6-icmp should be used instead. It was automatically converted.
2026-05-20 07:10:42.276 9 INFO neutron.db.ovn_revision_numbers_db [None req-a7b10c80-9977-4bd0-bbe2-f4745f8b996d 95a62c67598c43b89b07ac6c27339adb 4f5adb511d19433180caf1a65dbc2c63 - - default default] Successfully bumped revision number for resource ef290206-3197-4e6a-be2c-9a883206d212 (type: security_group_rules) to 0
2026-05-20 07:10:42.305 9 INFO neutron.api.wsgi [None req-a7b10c80-9977-4bd0-bbe2-f4745f8b996d 95a62c67598c43b89b07ac6c27339adb 4f5adb511d19433180caf1a65dbc2c63 - - default default] 10.0.0.205 "POST /v2.0/security-group-rules HTTP/1.1" status: 201 len: 805 time: 0.1606004
2026-05-20 07:10:42.836 9 INFO neutron.api.wsgi [None req-ce25d9a8-2455-40cf-a684-f92af787cb19 95a62c67598c43b89b07ac6c27339adb 4f5adb511d19433180caf1a65dbc2c63 - - default default] 10.0.0.205 "GET /v2.0/networks HTTP/1.1" status: 200 len: 1492 time: 0.1614246
2026-05-20 07:10:42.950 9 INFO neutron.api.wsgi [req-1838125a-df5a-4759-acdd-c8fbcc43ecc1 req-f3443815-4fd6-45d6-a6fa-0712bb4eb79c 95a62c67598c43b89b07ac6c27339adb 4f5adb511d19433180caf1a65dbc2c63 - - default default] 10.0.0.88 "GET /v2.0/security-groups?name=tempest-secgroup-smoke-1302898772&fields=id&tenant_id=4f5adb511d19433180caf1a65dbc2c63 HTTP/1.1" status: 200 len: 267 time: 0.0367968
2026-05-20 07:10:42.995 9 INFO neutron.api.wsgi [req-1838125a-df5a-4759-acdd-c8fbcc43ecc1 req-59d7e7aa-5ff6-4407-a1a8-469bffb8dfdd 95a62c67598c43b89b07ac6c27339adb 4f5adb511d19433180caf1a65dbc2c63 - - default default] 10.0.0.88 "GET /v2.0/networks?id=bf5e3f8c-be36-45d2-a5f5-b2cd9bebc3f5 HTTP/1.1" status: 200 len: 859 time: 0.0405214
2026-05-20 07:10:43.008 9 INFO neutron.api.wsgi [req-1838125a-df5a-4759-acdd-c8fbcc43ecc1 req-323b16d4-6e36-4521-acc7-0f9f2134ca2e 95a62c67598c43b89b07ac6c27339adb 4f5adb511d19433180caf1a65dbc2c63 - - default default] 10.0.0.88 "GET /v2.0/quotas/4f5adb511d19433180caf1a65dbc2c63 HTTP/1.1" status: 200 len: 491 time: 0.0084848
2026-05-20 07:10:43.072 9 INFO neutron.api.wsgi [req-1838125a-df5a-4759-acdd-c8fbcc43ecc1 req-d259ad99-1b33-4ce1-9e84-6597e7563e70 95a62c67598c43b89b07ac6c27339adb 4f5adb511d19433180caf1a65dbc2c63 - - default default] 10.0.0.88 "GET /v2.0/ports?tenant_id=4f5adb511d19433180caf1a65dbc2c63&fields=id HTTP/1.1" status: 200 len: 302 time: 0.0580456
2026-05-20 07:10:43.125 9 INFO neutron.api.wsgi [req-1838125a-df5a-4759-acdd-c8fbcc43ecc1 req-9da891d7-9bf7-4355-8bbf-846d64314109 296365cf3ca647c494585ac884a2c5bd 07897250ef69478aa83c3e940291b0d6 - - 9bb0e01d9ab346938f9b498cf23c3601 9bb0e01d9ab346938f9b498cf23c3601] 10.0.0.88 "GET /v2.0/networks/bf5e3f8c-be36-45d2-a5f5-b2cd9bebc3f5?fields=segments HTTP/1.1" status: 200 len: 212 time: 0.0415921
2026-05-20 07:10:43.179 9 INFO neutron.api.wsgi [req-1838125a-df5a-4759-acdd-c8fbcc43ecc1 req-9c7a8ce4-00ff-4cec-b4d2-baf388522478 296365cf3ca647c494585ac884a2c5bd 07897250ef69478aa83c3e940291b0d6 - - 9bb0e01d9ab346938f9b498cf23c3601 9bb0e01d9ab346938f9b498cf23c3601] 10.0.0.88 "GET /v2.0/networks/bf5e3f8c-be36-45d2-a5f5-b2cd9bebc3f5?fields=provider%3Aphysical_network&fields=provider%3Anetwork_type HTTP/1.1" status: 200 len: 277 time: 0.0459840
2026-05-20 07:10:43.302 9 INFO neutron.api.wsgi [req-8c4ae332-7179-4298-a149-aa59adc30bb8 req-c195ac01-5c20-46b5-a848-c2a93e05cc09 95a62c67598c43b89b07ac6c27339adb 4f5adb511d19433180caf1a65dbc2c63 - - default default] 10.0.0.88 "GET /v2.0/ports?device_id=559f761e-42fd-4e02-af1f-d2f9fa9381a3 HTTP/1.1" status: 200 len: 210 time: 0.0131378
2026-05-20 07:10:43.893 10 WARNING neutron_lib.context [None req-1db73219-d69a-48e2-b777-9b341faafb84 4a33f787693c4076b93e1abcd3fdd2a2 a947edce16aa4db0a8fa981281709ec9 - - default default] Method 'is_advsvc' is deprecated since 2023.2 release (neutron-lib 3.8.0) and will be removed once support for the old RBAC API policies will be removed from Neutron. Please use method 'is_service_role' instead.
2026-05-20 07:10:44.051 10 INFO neutron.db.ovn_revision_numbers_db [None req-1db73219-d69a-48e2-b777-9b341faafb84 4a33f787693c4076b93e1abcd3fdd2a2 a947edce16aa4db0a8fa981281709ec9 - - default default] Successfully bumped revision number for resource d0801145-52c6-421b-ad2e-712cd4fdb207 (type: security_groups) to 1
2026-05-20 07:10:44.080 10 INFO neutron.db.ovn_revision_numbers_db [None req-1db73219-d69a-48e2-b777-9b341faafb84 4a33f787693c4076b93e1abcd3fdd2a2 a947edce16aa4db0a8fa981281709ec9 - - default default] Successfully bumped revision number for resource 0614229b-b589-415c-b0da-c21972c68b5e (type: security_group_rules) to 0
2026-05-20 07:10:44.096 10 INFO neutron.db.ovn_revision_numbers_db [None req-1db73219-d69a-48e2-b777-9b341faafb84 4a33f787693c4076b93e1abcd3fdd2a2 a947edce16aa4db0a8fa981281709ec9 - - default default] Successfully bumped revision number for resource 12253b47-0744-4cc3-a2de-303a5de6a0d9 (type: security_group_rules) to 0
2026-05-20 07:10:44.114 10 INFO neutron.db.ovn_revision_numbers_db [None req-1db73219-d69a-48e2-b777-9b341faafb84 4a33f787693c4076b93e1abcd3fdd2a2 a947edce16aa4db0a8fa981281709ec9 - - default default] Successfully bumped revision number for resource 438fa688-a1b9-4461-b586-d4e81eb1a384 (type: security_group_rules) to 0
2026-05-20 07:10:44.130 10 INFO neutron.db.ovn_revision_numbers_db [None req-1db73219-d69a-48e2-b777-9b341faafb84 4a33f787693c4076b93e1abcd3fdd2a2 a947edce16aa4db0a8fa981281709ec9 - - default default] Successfully bumped revision number for resource 7290220d-8f20-475e-a84f-afdd7428780b (type: security_group_rules) to 0
2026-05-20 07:10:44.203 10 INFO neutron.db.segments_db [None req-1db73219-d69a-48e2-b777-9b341faafb84 4a33f787693c4076b93e1abcd3fdd2a2 a947edce16aa4db0a8fa981281709ec9 - - default default] Added segment ec3ab635-e970-4976-b4f3-556fe3630f2a of type geneve for network c939b8b9-2cf8-4f11-8cba-e57dce747e1f
2026-05-20 07:10:44.306 10 INFO neutron.db.ovn_revision_numbers_db [None req-1db73219-d69a-48e2-b777-9b341faafb84 4a33f787693c4076b93e1abcd3fdd2a2 a947edce16aa4db0a8fa981281709ec9 - - default default] Successfully bumped revision number for resource c939b8b9-2cf8-4f11-8cba-e57dce747e1f (type: networks) to 1
2026-05-20 07:10:44.375 9 INFO neutron.api.wsgi [req-812a2b20-c7f5-4c0a-bdbd-bd87ba6cb1ed req-6cd784d9-aecb-427a-ac9f-0976df19f1cc 95a62c67598c43b89b07ac6c27339adb 4f5adb511d19433180caf1a65dbc2c63 - - default default] 10.0.0.88 "GET /v2.0/ports?device_id=559f761e-42fd-4e02-af1f-d2f9fa9381a3 HTTP/1.1" status: 200 len: 210 time: 0.0181649
2026-05-20 07:10:44.468 10 WARNING neutron.scheduler.dhcp_agent_scheduler [None req-1db73219-d69a-48e2-b777-9b341faafb84 4a33f787693c4076b93e1abcd3fdd2a2 a947edce16aa4db0a8fa981281709ec9 - - default default] No more DHCP agents
2026-05-20 07:10:44.469 10 WARNING neutron.api.rpc.agentnotifiers.dhcp_rpc_agent_api [None req-1db73219-d69a-48e2-b777-9b341faafb84 4a33f787693c4076b93e1abcd3fdd2a2 a947edce16aa4db0a8fa981281709ec9 - - default default] Unable to schedule network c939b8b9-2cf8-4f11-8cba-e57dce747e1f: no agents available; will retry on subsequent port and subnet creation events.
2026-05-20 07:10:44.542 10 INFO neutron.db.ovn_revision_numbers_db [None req-1db73219-d69a-48e2-b777-9b341faafb84 4a33f787693c4076b93e1abcd3fdd2a2 a947edce16aa4db0a8fa981281709ec9 - - default default] Successfully bumped revision number for resource a1e2b573-c10e-490b-b3c3-80891f8db852 (type: ports) to 1
2026-05-20 07:10:44.567 10 INFO neutron.api.wsgi [None req-1db73219-d69a-48e2-b777-9b341faafb84 4a33f787693c4076b93e1abcd3fdd2a2 a947edce16aa4db0a8fa981281709ec9 - - default default] 10.0.0.205 "POST /v2.0/networks HTTP/1.1" status: 201 len: 849 time: 0.8567123
2026-05-20 07:10:44.581 10 WARNING neutron_lib.context [None req-7b958061-a91e-435a-a86b-ce85996793e8 4a33f787693c4076b93e1abcd3fdd2a2 a947edce16aa4db0a8fa981281709ec9 - - default default] Method 'is_advsvc' is deprecated since 2023.2 release (neutron-lib 3.8.0) and will be removed once support for the old RBAC API policies will be removed from Neutron. Please use method 'is_service_role' instead.
2026-05-20 07:10:44.773 10 WARNING neutron.scheduler.dhcp_agent_scheduler [None req-7b958061-a91e-435a-a86b-ce85996793e8 4a33f787693c4076b93e1abcd3fdd2a2 a947edce16aa4db0a8fa981281709ec9 - - default default] No more DHCP agents
2026-05-20 07:10:44.774 10 WARNING neutron.api.rpc.agentnotifiers.dhcp_rpc_agent_api [None req-7b958061-a91e-435a-a86b-ce85996793e8 4a33f787693c4076b93e1abcd3fdd2a2 a947edce16aa4db0a8fa981281709ec9 - - default default] Unable to schedule network c939b8b9-2cf8-4f11-8cba-e57dce747e1f: no agents available; will retry on subsequent port and subnet creation events.
2026-05-20 07:10:44.798 10 INFO neutron.db.ovn_revision_numbers_db [None req-7b958061-a91e-435a-a86b-ce85996793e8 4a33f787693c4076b93e1abcd3fdd2a2 a947edce16aa4db0a8fa981281709ec9 - - default default] Successfully bumped revision number for resource f8692841-d4b9-44d5-96e2-f6e28ddf6fc0 (type: subnets) to 0
2026-05-20 07:10:44.813 10 INFO neutron.api.wsgi [None req-7b958061-a91e-435a-a86b-ce85996793e8 4a33f787693c4076b93e1abcd3fdd2a2 a947edce16aa4db0a8fa981281709ec9 - - default default] 10.0.0.205 "POST /v2.0/subnets HTTP/1.1" status: 201 len: 826 time: 0.2364337
2026-05-20 07:10:44.823 10 WARNING neutron_lib.context [None req-6d1a5347-aecb-442a-80ff-97551e88c86e 4a33f787693c4076b93e1abcd3fdd2a2 a947edce16aa4db0a8fa981281709ec9 - - default default] Method 'is_advsvc' is deprecated since 2023.2 release (neutron-lib 3.8.0) and will be removed once support for the old RBAC API policies will be removed from Neutron. Please use method 'is_service_role' instead.
2026-05-20 07:10:45.214 10 WARNING neutron.scheduler.dhcp_agent_scheduler [None req-6d1a5347-aecb-442a-80ff-97551e88c86e 4a33f787693c4076b93e1abcd3fdd2a2 a947edce16aa4db0a8fa981281709ec9 - - default default] No more DHCP agents
2026-05-20 07:10:45.215 10 WARNING neutron.api.rpc.agentnotifiers.dhcp_rpc_agent_api [None req-6d1a5347-aecb-442a-80ff-97551e88c86e 4a33f787693c4076b93e1abcd3fdd2a2 a947edce16aa4db0a8fa981281709ec9 - - default default] Unable to schedule network c44ab934-c330-4f5c-a6a9-48e2107a84ce: no agents available; will retry on subsequent port and subnet creation events.
2026-05-20 07:10:45.341 10 INFO neutron.db.ovn_revision_numbers_db [None req-6d1a5347-aecb-442a-80ff-97551e88c86e 4a33f787693c4076b93e1abcd3fdd2a2 a947edce16aa4db0a8fa981281709ec9 - - default default] Successfully bumped revision number for resource 0f68c227-5411-433b-8929-e1d6a3062b21 (type: ports) to 1
2026-05-20 07:10:45.455 9 INFO neutron.api.wsgi [req-e50bbb23-4e81-4588-a81f-7df5c6413ccc req-747f4431-0d5c-4c4c-b531-2ac4d077d1ec 95a62c67598c43b89b07ac6c27339adb 4f5adb511d19433180caf1a65dbc2c63 - - default default] 10.0.0.88 "GET /v2.0/ports?device_id=559f761e-42fd-4e02-af1f-d2f9fa9381a3 HTTP/1.1" status: 200 len: 210 time: 0.0195138
2026-05-20 07:10:45.670 10 INFO neutron.db.ovn_revision_numbers_db [None req-5729eee0-afcf-4415-a674-86ffe321c521 ab628ee62b214545be46d2bbc2e265f7 455f8fdf6aad4dadb003a1815790c9ca - - default default] Successfully bumped revision number for resource c02841c3-99ac-4657-917c-1b68d24c5dda (type: security_groups) to 1
2026-05-20 07:10:45.690 10 INFO neutron.db.ovn_revision_numbers_db [None req-5729eee0-afcf-4415-a674-86ffe321c521 ab628ee62b214545be46d2bbc2e265f7 455f8fdf6aad4dadb003a1815790c9ca - - default default] Successfully bumped revision number for resource 647b9018-438f-47d5-8091-728717c33695 (type: security_group_rules) to 0
2026-05-20 07:10:45.703 10 INFO neutron.db.ovn_revision_numbers_db [None req-5729eee0-afcf-4415-a674-86ffe321c521 ab628ee62b214545be46d2bbc2e265f7 455f8fdf6aad4dadb003a1815790c9ca - - default default] Successfully bumped revision number for resource 8b6f64f2-2081-480b-867a-15640ca9c29c (type: security_group_rules) to 0
2026-05-20 07:10:45.715 10 INFO neutron.db.ovn_revision_numbers_db [None req-5729eee0-afcf-4415-a674-86ffe321c521 ab628ee62b214545be46d2bbc2e265f7 455f8fdf6aad4dadb003a1815790c9ca - - default default] Successfully bumped revision number for resource 9734a3e0-3169-46ae-92a6-fae6bd9b4dcf (type: security_group_rules) to 0
2026-05-20 07:10:45.721 9 WARNING neutron.plugins.ml2.drivers.ovn.mech_driver.ovsdb.ovn_client [None req-3650627c-43f7-422d-af6e-5d8e35de5c47 - - - - - -] No hosting information found for port 4d18bcbc-143f-47a9-af01-d5fa17f4b555: RuntimeError: No hosting information found for port 4d18bcbc-143f-47a9-af01-d5fa17f4b555
2026-05-20 07:10:45.732 10 INFO neutron.db.ovn_revision_numbers_db [None req-5729eee0-afcf-4415-a674-86ffe321c521 ab628ee62b214545be46d2bbc2e265f7 455f8fdf6aad4dadb003a1815790c9ca - - default default] Successfully bumped revision number for resource f08ad309-cd73-4060-b5fa-f7bf04bfb283 (type: security_group_rules) to 0
2026-05-20 07:10:45.770 10 INFO neutron.api.wsgi [None req-5729eee0-afcf-4415-a674-86ffe321c521 ab628ee62b214545be46d2bbc2e265f7 455f8fdf6aad4dadb003a1815790c9ca - - default default] 10.0.0.205 "GET /v2.0/security-groups?tenant_id=1344c65a8c9f4b7cb0b099dde8555993&name=default HTTP/1.1" status: 200 len: 3120 time: 0.3780949
2026-05-20 07:10:45.806 9 INFO neutron.db.ovn_revision_numbers_db [None req-3650627c-43f7-422d-af6e-5d8e35de5c47 - - - - - -] Successfully bumped revision number for resource 4d18bcbc-143f-47a9-af01-d5fa17f4b555 (type: router_ports) to 2
2026-05-20 07:10:45.904 10 INFO neutron.plugins.ml2.drivers.ovn.mech_driver.ovsdb.commands [None req-c318b495-26cc-4d67-b6ca-ad08a0bf4762 - - - - - -] Schedule LRP lrp-0f68c227-5411-433b-8929-e1d6a3062b21 on gateway 8a1e40f6-ac7c-4803-8620-eed60ddf07a3 with priority 1
2026-05-20 07:10:45.918 9 INFO neutron.plugins.ml2.drivers.ovn.mech_driver.mech_driver [None req-3650627c-43f7-422d-af6e-5d8e35de5c47 - - - - - -] OVN reports status up for port: 0f68c227-5411-433b-8929-e1d6a3062b21
2026-05-20 07:10:45.926 9 INFO neutron.plugins.ml2.plugin [None req-3650627c-43f7-422d-af6e-5d8e35de5c47 - - - - - -] Attempt 1 to provision port 0f68c227-5411-433b-8929-e1d6a3062b21
2026-05-20 07:10:45.944 10 INFO neutron.db.ovn_revision_numbers_db [None req-6d1a5347-aecb-442a-80ff-97551e88c86e 4a33f787693c4076b93e1abcd3fdd2a2 a947edce16aa4db0a8fa981281709ec9 - - default default] Successfully bumped revision number for resource 0f68c227-5411-433b-8929-e1d6a3062b21 (type: router_ports) to 1
