2026-05-20 07:10:04.022 9 INFO neutron.api.wsgi [req-bd613486-868d-4845-b567-7ae5c96ddc54 req-d777f800-999c-4211-afa9-3e691e686742 5eb6dc06c7914a54a3cae3cd92f5c565 e8336331db424888b0d3c607522217ac - - default default] 10.0.0.88 "GET /v2.0/ports?device_id=f745ef13-3b61-498a-afc2-c0c7a2eab4e4 HTTP/1.1" status: 200 len: 210 time: 0.0175810
2026-05-20 07:10:04.089 10 WARNING neutron.scheduler.dhcp_agent_scheduler [None req-b782d22b-7014-471a-9a3c-ee99ef99d25e ab628ee62b214545be46d2bbc2e265f7 455f8fdf6aad4dadb003a1815790c9ca - - default default] No more DHCP agents
2026-05-20 07:10:04.097 10 WARNING neutron.api.rpc.agentnotifiers.dhcp_rpc_agent_api [None req-b782d22b-7014-471a-9a3c-ee99ef99d25e ab628ee62b214545be46d2bbc2e265f7 455f8fdf6aad4dadb003a1815790c9ca - - default default] Unable to schedule network c44ab934-c330-4f5c-a6a9-48e2107a84ce: no agents available; will retry on subsequent port and subnet creation events.
2026-05-20 07:10:04.219 10 INFO neutron.db.ovn_revision_numbers_db [None req-b782d22b-7014-471a-9a3c-ee99ef99d25e ab628ee62b214545be46d2bbc2e265f7 455f8fdf6aad4dadb003a1815790c9ca - - default default] Successfully bumped revision number for resource c680bff9-8825-473c-82a6-8c7e9cc6fd0d (type: ports) to 1
2026-05-20 07:10:04.247 9 WARNING neutron.scheduler.dhcp_agent_scheduler [req-54127147-9871-4c01-a593-6971f45d6381 req-24c6f7e2-6129-4b64-a3d9-6f989e627dfd 5eb6dc06c7914a54a3cae3cd92f5c565 e8336331db424888b0d3c607522217ac - - default default] No more DHCP agents
2026-05-20 07:10:04.247 9 WARNING neutron.api.rpc.agentnotifiers.dhcp_rpc_agent_api [req-54127147-9871-4c01-a593-6971f45d6381 req-24c6f7e2-6129-4b64-a3d9-6f989e627dfd 5eb6dc06c7914a54a3cae3cd92f5c565 e8336331db424888b0d3c607522217ac - - default default] Unable to schedule network 254f7065-7dca-4776-a693-8bfc0ad6cce8: no agents available; will retry on subsequent port and subnet creation events.
2026-05-20 07:10:04.367 9 INFO neutron.db.ovn_revision_numbers_db [req-54127147-9871-4c01-a593-6971f45d6381 req-24c6f7e2-6129-4b64-a3d9-6f989e627dfd 5eb6dc06c7914a54a3cae3cd92f5c565 e8336331db424888b0d3c607522217ac - - default default] Successfully bumped revision number for resource 57417017-a026-4f84-80fe-f95c2592dca0 (type: ports) to 1
2026-05-20 07:10:04.390 9 INFO neutron.api.wsgi [req-54127147-9871-4c01-a593-6971f45d6381 req-24c6f7e2-6129-4b64-a3d9-6f989e627dfd 5eb6dc06c7914a54a3cae3cd92f5c565 e8336331db424888b0d3c607522217ac - - default default] 199.19.213.121 "POST /v2.0/ports HTTP/1.1" status: 201 len: 1158 time: 0.4576211 /var/lib/openstack/lib/python3.12/site-packages/pycadf/identifier.py:71: UserWarning: Invalid uuid: neutron. To ensure interoperability, identifiers should be a valid uuid. warnings.warn(('Invalid uuid: %s. To ensure interoperability, '
2026-05-20 07:10:04.639 10 INFO neutron.api.wsgi [None req-14a32923-4249-4fdb-b0ec-c5236273d983 fb108b637d884b3e9144a0e6bf5eda1a a6ee4beb8d4e40dca9f0aace40e55926 - - default default] 10.0.0.205 "GET /v2.0/ports/01de6ebf-327e-4968-80e4-a7dde57249bb HTTP/1.1" status: 200 len: 1135 time: 0.0297892
2026-05-20 07:10:04.759 9 INFO neutron.db.ovn_revision_numbers_db [req-54127147-9871-4c01-a593-6971f45d6381 req-d01c4b79-d87d-4726-b454-39ab212eafc1 296365cf3ca647c494585ac884a2c5bd 07897250ef69478aa83c3e940291b0d6 - - 9bb0e01d9ab346938f9b498cf23c3601 9bb0e01d9ab346938f9b498cf23c3601] Successfully bumped revision number for resource 57417017-a026-4f84-80fe-f95c2592dca0 (type: ports) to 2
2026-05-20 07:10:04.766 10 WARNING neutron.plugins.ml2.drivers.ovn.mech_driver.ovsdb.ovn_client [None req-e500a060-f337-45d9-ab5d-c304e32cb10b - - - - - -] No hosting information found for port 6d9fb6b0-79ff-4ca7-9c34-3559efc00810: RuntimeError: No hosting information found for port 6d9fb6b0-79ff-4ca7-9c34-3559efc00810
2026-05-20 07:10:04.878 10 INFO neutron.db.ovn_revision_numbers_db [None req-e500a060-f337-45d9-ab5d-c304e32cb10b - - - - - -] Successfully bumped revision number for resource 6d9fb6b0-79ff-4ca7-9c34-3559efc00810 (type: router_ports) to 2
2026-05-20 07:10:04.899 10 INFO neutron.plugins.ml2.drivers.ovn.mech_driver.ovsdb.commands [None req-c318b495-26cc-4d67-b6ca-ad08a0bf4762 - - - - - -] Schedule LRP lrp-c680bff9-8825-473c-82a6-8c7e9cc6fd0d on gateway 8a1e40f6-ac7c-4803-8620-eed60ddf07a3 with priority 1
2026-05-20 07:10:04.930 10 INFO neutron.plugins.ml2.drivers.ovn.mech_driver.ovsdb.ovsdb_monitor [None req-a677a1a0-414b-4c42-a20b-0982ad87f3f2 - - - - - -] Router 132c804a-d110-4d1c-819b-9cf00e9519b2 is bound to host instance
2026-05-20 07:10:04.943 10 INFO neutron.plugins.ml2.drivers.ovn.mech_driver.mech_driver [None req-e500a060-f337-45d9-ab5d-c304e32cb10b - - - - - -] OVN reports status up for port: 01de6ebf-327e-4968-80e4-a7dde57249bb
2026-05-20 07:10:04.954 10 INFO neutron.plugins.ml2.plugin [None req-e500a060-f337-45d9-ab5d-c304e32cb10b - - - - - -] Attempt 1 to provision port 01de6ebf-327e-4968-80e4-a7dde57249bb
2026-05-20 07:10:04.967 10 INFO neutron.db.ovn_revision_numbers_db [None req-b782d22b-7014-471a-9a3c-ee99ef99d25e ab628ee62b214545be46d2bbc2e265f7 455f8fdf6aad4dadb003a1815790c9ca - - default default] Successfully bumped revision number for resource c680bff9-8825-473c-82a6-8c7e9cc6fd0d (type: router_ports) to 1
2026-05-20 07:10:05.023 9 INFO neutron.db.ovn_revision_numbers_db [req-54127147-9871-4c01-a593-6971f45d6381 req-d01c4b79-d87d-4726-b454-39ab212eafc1 296365cf3ca647c494585ac884a2c5bd 07897250ef69478aa83c3e940291b0d6 - - 9bb0e01d9ab346938f9b498cf23c3601 9bb0e01d9ab346938f9b498cf23c3601] Successfully bumped revision number for resource 57417017-a026-4f84-80fe-f95c2592dca0 (type: ports) to 4
2026-05-20 07:10:05.050 9 INFO neutron.api.wsgi [req-54127147-9871-4c01-a593-6971f45d6381 req-d01c4b79-d87d-4726-b454-39ab212eafc1 296365cf3ca647c494585ac884a2c5bd 07897250ef69478aa83c3e940291b0d6 - - 9bb0e01d9ab346938f9b498cf23c3601 9bb0e01d9ab346938f9b498cf23c3601] 199.19.213.121 "PUT /v2.0/ports/57417017-a026-4f84-80fe-f95c2592dca0 HTTP/1.1" status: 200 len: 1404 time: 0.6549687
2026-05-20 07:10:05.073 10 INFO neutron.db.ovn_revision_numbers_db [None req-b782d22b-7014-471a-9a3c-ee99ef99d25e ab628ee62b214545be46d2bbc2e265f7 455f8fdf6aad4dadb003a1815790c9ca - - default default] Successfully bumped revision number for resource 132c804a-d110-4d1c-819b-9cf00e9519b2 (type: routers) to 2 /var/lib/openstack/lib/python3.12/site-packages/pycadf/identifier.py:71: UserWarning: Invalid uuid: neutron. To ensure interoperability, identifiers should be a valid uuid. warnings.warn(('Invalid uuid: %s. To ensure interoperability, '
2026-05-20 07:10:05.093 9 INFO neutron.notifiers.nova [-] Nova event matching ['req-5821b1b5-bb94-42a4-b2a4-c99279e952f1'] response: {'name': 'network-changed', 'server_uuid': 'f745ef13-3b61-498a-afc2-c0c7a2eab4e4', 'tag': '57417017-a026-4f84-80fe-f95c2592dca0', 'status': 'completed', 'code': 200}
2026-05-20 07:10:05.100 10 INFO neutron.api.wsgi [None req-b782d22b-7014-471a-9a3c-ee99ef99d25e ab628ee62b214545be46d2bbc2e265f7 455f8fdf6aad4dadb003a1815790c9ca - - default default] 10.0.0.205 "POST /v2.0/routers HTTP/1.1" status: 201 len: 1172 time: 1.4383833
2026-05-20 07:10:05.165 9 INFO neutron.api.wsgi [req-8dec9f4c-6ce1-46cb-9f82-82a7922ee2c4 req-00a824a9-b5ff-45b6-b97e-331df5c1981c 5eb6dc06c7914a54a3cae3cd92f5c565 e8336331db424888b0d3c607522217ac - - default default] 10.0.0.88 "GET /v2.0/ports?device_id=f745ef13-3b61-498a-afc2-c0c7a2eab4e4 HTTP/1.1" status: 200 len: 1168 time: 0.0898724
2026-05-20 07:10:05.198 10 WARNING neutron_lib.context [None req-d06f62c7-c440-4da5-8722-7d3a1e8fdc75 475bbcad4c2042a39938081b77057650 d37a3e03166d41a1991f6b22bae7db8b - - default default] Method 'is_advsvc' is deprecated since 2023.2 release (neutron-lib 3.8.0) and will be removed once support for the old RBAC API policies will be removed from Neutron. Please use method 'is_service_role' instead.
2026-05-20 07:10:05.215 9 INFO neutron.api.wsgi [req-8dec9f4c-6ce1-46cb-9f82-82a7922ee2c4 req-cdc11c33-d454-43f3-8803-0e8e73cc380d 5eb6dc06c7914a54a3cae3cd92f5c565 e8336331db424888b0d3c607522217ac - - default default] 10.0.0.88 "GET /v2.0/security-groups?id=aaf506cf-fbeb-455a-80c2-43377c7b8150&fields=id&fields=name HTTP/1.1" status: 200 len: 286 time: 0.0419228
2026-05-20 07:10:05.425 10 INFO neutron.db.ovn_revision_numbers_db [None req-d06f62c7-c440-4da5-8722-7d3a1e8fdc75 475bbcad4c2042a39938081b77057650 d37a3e03166d41a1991f6b22bae7db8b - - default default] Successfully bumped revision number for resource 3d06867d-bc4e-4fb9-9090-805990c46697 (type: security_groups) to 1
2026-05-20 07:10:05.440 10 INFO neutron.db.ovn_revision_numbers_db [None req-d06f62c7-c440-4da5-8722-7d3a1e8fdc75 475bbcad4c2042a39938081b77057650 d37a3e03166d41a1991f6b22bae7db8b - - default default] Successfully bumped revision number for resource 2eabb7dd-a5b8-4cdd-957e-e0356eb4d069 (type: security_group_rules) to 0
2026-05-20 07:10:05.444 10 INFO neutron.db.ovn_revision_numbers_db [None req-e500a060-f337-45d9-ab5d-c304e32cb10b - - - - - -] Successfully bumped revision number for resource 01de6ebf-327e-4968-80e4-a7dde57249bb (type: ports) to 2
2026-05-20 07:10:05.461 10 INFO neutron.db.ovn_revision_numbers_db [None req-d06f62c7-c440-4da5-8722-7d3a1e8fdc75 475bbcad4c2042a39938081b77057650 d37a3e03166d41a1991f6b22bae7db8b - - default default] Successfully bumped revision number for resource 4fd83a69-78ad-41ec-9728-0d0a965d0f55 (type: security_group_rules) to 0
2026-05-20 07:10:05.487 10 INFO neutron.db.ovn_revision_numbers_db [None req-d06f62c7-c440-4da5-8722-7d3a1e8fdc75 475bbcad4c2042a39938081b77057650 d37a3e03166d41a1991f6b22bae7db8b - - default default] Successfully bumped revision number for resource d7bbce11-ab9e-47f6-91f9-052415719245 (type: security_group_rules) to 0
2026-05-20 07:10:05.505 10 INFO neutron.db.ovn_revision_numbers_db [None req-d06f62c7-c440-4da5-8722-7d3a1e8fdc75 475bbcad4c2042a39938081b77057650 d37a3e03166d41a1991f6b22bae7db8b - - default default] Successfully bumped revision number for resource f6101c59-2e24-4e35-9de8-ce68b89cedac (type: security_group_rules) to 0
2026-05-20 07:10:05.537 9 WARNING neutron.scheduler.dhcp_agent_scheduler [None req-20dec3dc-d770-47c8-b65a-60205d96e181 ab628ee62b214545be46d2bbc2e265f7 455f8fdf6aad4dadb003a1815790c9ca - - default default] No more DHCP agents
2026-05-20 07:10:05.538 9 WARNING neutron.api.rpc.agentnotifiers.dhcp_rpc_agent_api [None req-20dec3dc-d770-47c8-b65a-60205d96e181 ab628ee62b214545be46d2bbc2e265f7 455f8fdf6aad4dadb003a1815790c9ca - - default default] Unable to schedule network 4662eae9-97a6-4f00-b40e-e2c9e26f0f38: no agents available; will retry on subsequent port and subnet creation events.
2026-05-20 07:10:05.551 10 INFO neutron.db.ovn_revision_numbers_db [None req-f1842fcb-d1a7-46a0-8c96-6cabcd7f1a4c - - - - - -] Successfully bumped revision number for resource c680bff9-8825-473c-82a6-8c7e9cc6fd0d (type: ports) to 1
2026-05-20 07:10:05.591 10 INFO neutron.db.segments_db [None req-d06f62c7-c440-4da5-8722-7d3a1e8fdc75 475bbcad4c2042a39938081b77057650 d37a3e03166d41a1991f6b22bae7db8b - - default default] Added segment 13eff769-fb19-41a6-abfa-5d89144737cd of type geneve for network 3ad50b24-2532-4026-9911-76541d8fb971
2026-05-20 07:10:05.634 9 INFO neutron.api.wsgi [req-fd370347-0e69-4b02-bc09-6eae42aa560d req-743112a2-f5cd-409d-be9a-a754a9352145 296365cf3ca647c494585ac884a2c5bd 07897250ef69478aa83c3e940291b0d6 - - 9bb0e01d9ab346938f9b498cf23c3601 9bb0e01d9ab346938f9b498cf23c3601] 199.19.213.121 "GET /v2.0/ports?tenant_id=e8336331db424888b0d3c607522217ac&device_id=f745ef13-3b61-498a-afc2-c0c7a2eab4e4 HTTP/1.1" status: 200 len: 1407 time: 0.0322325
2026-05-20 07:10:05.704 9 INFO neutron.api.wsgi [None req-c87ef5df-86ad-485f-bc76-55ed074c2edc fb108b637d884b3e9144a0e6bf5eda1a a6ee4beb8d4e40dca9f0aace40e55926 - - default default] 10.0.0.205 "GET /v2.0/ports/01de6ebf-327e-4968-80e4-a7dde57249bb HTTP/1.1" status: 200 len: 1137 time: 0.0511158
2026-05-20 07:10:05.710 9 INFO neutron.api.wsgi [req-fd370347-0e69-4b02-bc09-6eae42aa560d req-7fd3996f-9dd6-46fb-8929-07ebbe4c633f 296365cf3ca647c494585ac884a2c5bd 07897250ef69478aa83c3e940291b0d6 - - 9bb0e01d9ab346938f9b498cf23c3601 9bb0e01d9ab346938f9b498cf23c3601] 199.19.213.121 "GET /v2.0/networks?tenant_id=e8336331db424888b0d3c607522217ac&shared=False HTTP/1.1" status: 200 len: 975 time: 0.0700660
2026-05-20 07:10:05.714 10 INFO neutron.db.ovn_revision_numbers_db [None req-d06f62c7-c440-4da5-8722-7d3a1e8fdc75 475bbcad4c2042a39938081b77057650 d37a3e03166d41a1991f6b22bae7db8b - - default default] Successfully bumped revision number for resource 3ad50b24-2532-4026-9911-76541d8fb971 (type: networks) to 1
2026-05-20 07:10:05.719 9 INFO neutron.db.ovn_revision_numbers_db [None req-20dec3dc-d770-47c8-b65a-60205d96e181 ab628ee62b214545be46d2bbc2e265f7 455f8fdf6aad4dadb003a1815790c9ca - - default default] Successfully bumped revision number for resource cda193d1-e8e1-4dac-86f4-ce7bb54474ca (type: ports) to 1
2026-05-20 07:10:05.768 9 INFO neutron.api.wsgi [req-fd370347-0e69-4b02-bc09-6eae42aa560d req-c5038e46-8ea4-4098-9b7a-76c84c853702 296365cf3ca647c494585ac884a2c5bd 07897250ef69478aa83c3e940291b0d6 - - 9bb0e01d9ab346938f9b498cf23c3601 9bb0e01d9ab346938f9b498cf23c3601] 199.19.213.121 "GET /v2.0/networks?shared=True HTTP/1.1" status: 200 len: 952 time: 0.0496917
2026-05-20 07:10:06.206 10 WARNING neutron.scheduler.dhcp_agent_scheduler [None req-d06f62c7-c440-4da5-8722-7d3a1e8fdc75 475bbcad4c2042a39938081b77057650 d37a3e03166d41a1991f6b22bae7db8b - - default default] No more DHCP agents
2026-05-20 07:10:06.209 10 WARNING neutron.api.rpc.agentnotifiers.dhcp_rpc_agent_api [None req-d06f62c7-c440-4da5-8722-7d3a1e8fdc75 475bbcad4c2042a39938081b77057650 d37a3e03166d41a1991f6b22bae7db8b - - default default] Unable to schedule network 3ad50b24-2532-4026-9911-76541d8fb971: no agents available; will retry on subsequent port and subnet creation events.
2026-05-20 07:10:06.219 10 INFO neutron.db.ovn_revision_numbers_db [None req-f1842fcb-d1a7-46a0-8c96-6cabcd7f1a4c - - - - - -] Successfully bumped revision number for resource c680bff9-8825-473c-82a6-8c7e9cc6fd0d (type: ports) to 4
2026-05-20 07:10:06.236 9 INFO neutron.db.ovn_revision_numbers_db [None req-20dec3dc-d770-47c8-b65a-60205d96e181 ab628ee62b214545be46d2bbc2e265f7 455f8fdf6aad4dadb003a1815790c9ca - - default default] Successfully bumped revision number for resource cda193d1-e8e1-4dac-86f4-ce7bb54474ca (type: ports) to 1
2026-05-20 07:10:06.282 9 WARNING neutron.scheduler.dhcp_agent_scheduler [None req-20dec3dc-d770-47c8-b65a-60205d96e181 ab628ee62b214545be46d2bbc2e265f7 455f8fdf6aad4dadb003a1815790c9ca - - default default] No more DHCP agents
2026-05-20 07:10:06.284 9 WARNING neutron.api.rpc.agentnotifiers.dhcp_rpc_agent_api [None req-20dec3dc-d770-47c8-b65a-60205d96e181 ab628ee62b214545be46d2bbc2e265f7 455f8fdf6aad4dadb003a1815790c9ca - - default default] Unable to schedule network 4662eae9-97a6-4f00-b40e-e2c9e26f0f38: no agents available; will retry on subsequent port and subnet creation events.
2026-05-20 07:10:06.296 10 INFO neutron.db.ovn_revision_numbers_db [None req-d06f62c7-c440-4da5-8722-7d3a1e8fdc75 475bbcad4c2042a39938081b77057650 d37a3e03166d41a1991f6b22bae7db8b - - default default] Successfully bumped revision number for resource d6d293c4-0f9b-4e54-a82b-a400bacc5531 (type: ports) to 1
2026-05-20 07:10:06.325 9 INFO neutron.api.wsgi [req-20483338-ef9b-4bb1-bb19-9fe7a2ce2a27 req-4740ec63-a4f7-4aa9-bd5b-6381fc7b88e8 5eb6dc06c7914a54a3cae3cd92f5c565 e8336331db424888b0d3c607522217ac - - default default] 10.0.0.88 "GET /v2.0/ports?device_id=f745ef13-3b61-498a-afc2-c0c7a2eab4e4 HTTP/1.1" status: 200 len: 1168 time: 0.0329974
2026-05-20 07:10:06.327 10 INFO neutron.api.wsgi [None req-d06f62c7-c440-4da5-8722-7d3a1e8fdc75 475bbcad4c2042a39938081b77057650 d37a3e03166d41a1991f6b22bae7db8b - - default default] 10.0.0.205 "POST /v2.0/networks HTTP/1.1" status: 201 len: 843 time: 1.2770662
2026-05-20 07:10:06.339 9 WARNING neutron_lib.context [None req-e40fd8fd-0978-48d8-bb7a-9f398536271a 475bbcad4c2042a39938081b77057650 d37a3e03166d41a1991f6b22bae7db8b - - default default] Method 'is_advsvc' is deprecated since 2023.2 release (neutron-lib 3.8.0) and will be removed once support for the old RBAC API policies will be removed from Neutron. Please use method 'is_service_role' instead.
2026-05-20 07:10:06.384 9 INFO neutron.api.wsgi [req-20483338-ef9b-4bb1-bb19-9fe7a2ce2a27 req-2600cc5e-cb1a-43f3-bc54-7dd1c7effe60 5eb6dc06c7914a54a3cae3cd92f5c565 e8336331db424888b0d3c607522217ac - - default default] 10.0.0.88 "GET /v2.0/security-groups?id=aaf506cf-fbeb-455a-80c2-43377c7b8150&fields=id&fields=name HTTP/1.1" status: 200 len: 286 time: 0.0530617
2026-05-20 07:10:06.594 9 WARNING neutron.scheduler.dhcp_agent_scheduler [None req-e40fd8fd-0978-48d8-bb7a-9f398536271a 475bbcad4c2042a39938081b77057650 d37a3e03166d41a1991f6b22bae7db8b - - default default] No more DHCP agents
2026-05-20 07:10:06.597 9 WARNING neutron.api.rpc.agentnotifiers.dhcp_rpc_agent_api [None req-e40fd8fd-0978-48d8-bb7a-9f398536271a 475bbcad4c2042a39938081b77057650 d37a3e03166d41a1991f6b22bae7db8b - - default default] Unable to schedule network 3ad50b24-2532-4026-9911-76541d8fb971: no agents available; will retry on subsequent port and subnet creation events.
2026-05-20 07:10:06.630 10 INFO neutron.api.wsgi [None req-befcbbb3-c088-40d2-95b4-3237edbbeaaa fb108b637d884b3e9144a0e6bf5eda1a a6ee4beb8d4e40dca9f0aace40e55926 - - default default] 10.0.0.205 "PUT /v2.0/routers/c0779b2c-a893-412d-a0fa-d9661a3564b0/remove_router_interface HTTP/1.1" status: 200 len: 503 time: 0.9208188
2026-05-20 07:10:06.631 10 INFO neutron.db.ovn_revision_numbers_db [None req-f1842fcb-d1a7-46a0-8c96-6cabcd7f1a4c - - - - - -] Successfully bumped revision number for resource c680bff9-8825-473c-82a6-8c7e9cc6fd0d (type: ports) to 5 /var/lib/openstack/lib/python3.12/site-packages/pycadf/identifier.py:71: UserWarning: Invalid uuid: neutron. To ensure interoperability, identifiers should be a valid uuid. warnings.warn(('Invalid uuid: %s. To ensure interoperability, '
2026-05-20 07:10:06.668 10 INFO neutron.api.wsgi [None req-603b92bc-c7e7-4be2-9a51-f8a88c2202af fb108b637d884b3e9144a0e6bf5eda1a a6ee4beb8d4e40dca9f0aace40e55926 - - default default] 10.0.0.205 "GET /v2.0/ports?device_id=c0779b2c-a893-412d-a0fa-d9661a3564b0 HTTP/1.1" status: 200 len: 205 time: 0.0241349
2026-05-20 07:10:06.673 9 INFO neutron.db.ovn_revision_numbers_db [None req-e40fd8fd-0978-48d8-bb7a-9f398536271a 475bbcad4c2042a39938081b77057650 d37a3e03166d41a1991f6b22bae7db8b - - default default] Successfully bumped revision number for resource 9471f592-f9bd-4aa9-9b3d-118c3e6859c5 (type: ports) to 1
2026-05-20 07:10:06.698 9 INFO neutron.api.wsgi [None req-e40fd8fd-0978-48d8-bb7a-9f398536271a 475bbcad4c2042a39938081b77057650 d37a3e03166d41a1991f6b22bae7db8b - - default default] 10.0.0.205 "POST /v2.0/ports HTTP/1.1" status: 201 len: 974 time: 0.3628910 /var/lib/openstack/lib/python3.12/site-packages/pycadf/identifier.py:71: UserWarning: Invalid uuid: neutron. To ensure interoperability, identifiers should be a valid uuid. warnings.warn(('Invalid uuid: %s. To ensure interoperability, '
2026-05-20 07:10:06.710 9 WARNING neutron_lib.context [None req-aa8dbf7d-eda5-47ff-b0fc-f9d9314887da 475bbcad4c2042a39938081b77057650 d37a3e03166d41a1991f6b22bae7db8b - - default default] Method 'is_advsvc' is deprecated since 2023.2 release (neutron-lib 3.8.0) and will be removed once support for the old RBAC API policies will be removed from Neutron. Please use method 'is_service_role' instead.
2026-05-20 07:10:06.789 9 INFO neutron.db.segments_db [None req-aa8dbf7d-eda5-47ff-b0fc-f9d9314887da 475bbcad4c2042a39938081b77057650 d37a3e03166d41a1991f6b22bae7db8b - - default default] Added segment 2eb263a4-c32f-4425-9155-b213119be72a of type geneve for network 2cfc2f99-1355-4ea4-8777-ded3a2640775
2026-05-20 07:10:06.836 9 INFO neutron.api.wsgi [req-54127147-9871-4c01-a593-6971f45d6381 req-0dde61e2-5d9c-4454-8ec1-d7cc85ed288f 296365cf3ca647c494585ac884a2c5bd 07897250ef69478aa83c3e940291b0d6 - - 9bb0e01d9ab346938f9b498cf23c3601 9bb0e01d9ab346938f9b498cf23c3601] 199.19.213.121 "GET /v2.0/ports?tenant_id=e8336331db424888b0d3c607522217ac&device_id=f745ef13-3b61-498a-afc2-c0c7a2eab4e4 HTTP/1.1" status: 200 len: 1407 time: 0.0475678
2026-05-20 07:10:06.843 10 INFO neutron.api.wsgi [None req-a3bcbd2c-1a3a-4cfc-b357-55a973e9ce2e fb108b637d884b3e9144a0e6bf5eda1a a6ee4beb8d4e40dca9f0aace40e55926 - - default default] 10.0.0.205 "DELETE /v2.0/routers/c0779b2c-a893-412d-a0fa-d9661a3564b0 HTTP/1.1" status: 204 len: 168 time: 0.1703176
2026-05-20 07:10:06.867 9 INFO neutron.api.wsgi [req-54127147-9871-4c01-a593-6971f45d6381 req-cc96fe50-070e-49a6-ab78-46c677cfe868 296365cf3ca647c494585ac884a2c5bd 07897250ef69478aa83c3e940291b0d6 - - 9bb0e01d9ab346938f9b498cf23c3601 9bb0e01d9ab346938f9b498cf23c3601] 199.19.213.121 "GET /v2.0/floatingips?fixed_ip_address=10.100.0.6&port_id=57417017-a026-4f84-80fe-f95c2592dca0 HTTP/1.1" status: 200 len: 217 time: 0.0229042
2026-05-20 07:10:06.914 9 INFO neutron.api.wsgi [req-54127147-9871-4c01-a593-6971f45d6381 req-87aaed0c-9bb0-49d7-ab7c-46eed1c2ff20 296365cf3ca647c494585ac884a2c5bd 07897250ef69478aa83c3e940291b0d6 - - 9bb0e01d9ab346938f9b498cf23c3601 9bb0e01d9ab346938f9b498cf23c3601] 199.19.213.121 "GET /v2.0/subnets?id=47addb23-cc69-48da-9454-4c8ea1a1b99e HTTP/1.1" status: 200 len: 894 time: 0.0416598
2026-05-20 07:10:06.941 9 INFO neutron.db.ovn_revision_numbers_db [None req-20dec3dc-d770-47c8-b65a-60205d96e181 ab628ee62b214545be46d2bbc2e265f7 455f8fdf6aad4dadb003a1815790c9ca - - default default] Successfully bumped revision number for resource cda193d1-e8e1-4dac-86f4-ce7bb54474ca (type: router_ports) to 1
2026-05-20 07:10:06.943 9 INFO neutron.api.wsgi [req-54127147-9871-4c01-a593-6971f45d6381 req-a77c4246-1f62-4506-a790-33434cb2bf3a 296365cf3ca647c494585ac884a2c5bd 07897250ef69478aa83c3e940291b0d6 - - 9bb0e01d9ab346938f9b498cf23c3601 9bb0e01d9ab346938f9b498cf23c3601] 199.19.213.121 "GET /v2.0/ports?network_id=254f7065-7dca-4776-a693-8bfc0ad6cce8&device_owner=network%3Adhcp HTTP/1.1" status: 200 len: 210 time: 0.0228705
2026-05-20 07:10:06.946 9 INFO neutron.api.wsgi [None req-20dec3dc-d770-47c8-b65a-60205d96e181 ab628ee62b214545be46d2bbc2e265f7 455f8fdf6aad4dadb003a1815790c9ca - - default default] 10.0.0.205 "PUT /v2.0/routers/132c804a-d110-4d1c-819b-9cf00e9519b2/add_router_interface HTTP/1.1" status: 200 len: 503 time: 1.8405042
2026-05-20 07:10:06.985 9 INFO neutron.db.ovn_revision_numbers_db [None req-aa8dbf7d-eda5-47ff-b0fc-f9d9314887da 475bbcad4c2042a39938081b77057650 d37a3e03166d41a1991f6b22bae7db8b - - default default] Successfully bumped revision number for resource 2cfc2f99-1355-4ea4-8777-ded3a2640775 (type: networks) to 1
2026-05-20 07:10:06.997 9 INFO neutron.api.wsgi [req-54127147-9871-4c01-a593-6971f45d6381 req-00e9f31c-66d4-4e76-bbb6-1bffac13dcbd 296365cf3ca647c494585ac884a2c5bd 07897250ef69478aa83c3e940291b0d6 - - 9bb0e01d9ab346938f9b498cf23c3601 9bb0e01d9ab346938f9b498cf23c3601] 199.19.213.121 "GET /v2.0/networks/254f7065-7dca-4776-a693-8bfc0ad6cce8?fields=segments HTTP/1.1" status: 200 len: 212 time: 0.0479069
2026-05-20 07:10:07.019 10 INFO neutron.api.wsgi [None req-fef79e5c-fc97-41f8-a13d-aa793e62315b fb108b637d884b3e9144a0e6bf5eda1a a6ee4beb8d4e40dca9f0aace40e55926 - - default default] 10.0.0.205 "DELETE /v2.0/subnets/3c816fa6-5e10-45b3-9cd5-f1ac6704f5f0 HTTP/1.1" status: 204 len: 168 time: 0.1712785
2026-05-20 07:10:07.047 9 INFO neutron.api.wsgi [req-54127147-9871-4c01-a593-6971f45d6381 req-c5fa0302-b558-4429-8b49-5139a3855f8e 296365cf3ca647c494585ac884a2c5bd 07897250ef69478aa83c3e940291b0d6 - - 9bb0e01d9ab346938f9b498cf23c3601 9bb0e01d9ab346938f9b498cf23c3601] 199.19.213.121 "GET /v2.0/networks/254f7065-7dca-4776-a693-8bfc0ad6cce8?fields=provider%3Aphysical_network&fields=provider%3Anetwork_type HTTP/1.1" status: 200 len: 277 time: 0.0443330
2026-05-20 07:10:07.171 9 WARNING neutron.scheduler.dhcp_agent_scheduler [None req-aa8dbf7d-eda5-47ff-b0fc-f9d9314887da 475bbcad4c2042a39938081b77057650 d37a3e03166d41a1991f6b22bae7db8b - - default default] No more DHCP agents
2026-05-20 07:10:07.172 9 WARNING neutron.api.rpc.agentnotifiers.dhcp_rpc_agent_api [None req-aa8dbf7d-eda5-47ff-b0fc-f9d9314887da 475bbcad4c2042a39938081b77057650 d37a3e03166d41a1991f6b22bae7db8b - - default default] Unable to schedule network 2cfc2f99-1355-4ea4-8777-ded3a2640775: no agents available; will retry on subsequent port and subnet creation events.
2026-05-20 07:10:07.183 10 INFO neutron.api.wsgi [None req-8a27b005-ec01-4bfb-b543-ce2a7e40ddfb fb108b637d884b3e9144a0e6bf5eda1a a6ee4beb8d4e40dca9f0aace40e55926 - - default default] 10.0.0.205 "DELETE /v2.0/subnets/07cfaf93-87d1-4780-b992-0c80f4b88498 HTTP/1.1" status: 204 len: 168 time: 0.1593139
2026-05-20 07:10:07.244 9 INFO neutron.db.ovn_revision_numbers_db [None req-aa8dbf7d-eda5-47ff-b0fc-f9d9314887da 475bbcad4c2042a39938081b77057650 d37a3e03166d41a1991f6b22bae7db8b - - default default] Successfully bumped revision number for resource 04d57df1-b161-4a9f-b327-e786339007e3 (type: ports) to 1
2026-05-20 07:10:07.272 9 INFO neutron.api.wsgi [None req-aa8dbf7d-eda5-47ff-b0fc-f9d9314887da 475bbcad4c2042a39938081b77057650 d37a3e03166d41a1991f6b22bae7db8b - - default default] 10.0.0.205 "POST /v2.0/networks HTTP/1.1" status: 201 len: 830 time: 0.5667953
2026-05-20 07:10:07.281 10 WARNING neutron_lib.context [None req-266827b5-cf70-4eea-ab60-7e9aaa4230b7 475bbcad4c2042a39938081b77057650 d37a3e03166d41a1991f6b22bae7db8b - - default default] Method 'is_advsvc' is deprecated since 2023.2 release (neutron-lib 3.8.0) and will be removed once support for the old RBAC API policies will be removed from Neutron. Please use method 'is_service_role' instead.
2026-05-20 07:10:07.474 10 WARNING neutron_lib.context [None req-419fce45-e1ed-4556-abea-494961df0945 bfa47c3e37474d0d83a5f72a9773113e 3daff303edca4185b63841a913e4af90 - - default default] Method 'is_advsvc' is deprecated since 2023.2 release (neutron-lib 3.8.0) and will be removed once support for the old RBAC API policies will be removed from Neutron. Please use method 'is_service_role' instead.
2026-05-20 07:10:07.483 9 INFO neutron.api.wsgi [req-a5ccd812-df3c-48a5-b881-00889faedd8e req-e8163afd-0fa9-458c-991c-98abca70b621 5eb6dc06c7914a54a3cae3cd92f5c565 e8336331db424888b0d3c607522217ac - - default default] 10.0.0.88 "GET /v2.0/ports?device_id=f745ef13-3b61-498a-afc2-c0c7a2eab4e4 HTTP/1.1" status: 200 len: 1168 time: 0.0352011
2026-05-20 07:10:07.516 10 WARNING neutron.scheduler.dhcp_agent_scheduler [None req-266827b5-cf70-4eea-ab60-7e9aaa4230b7 475bbcad4c2042a39938081b77057650 d37a3e03166d41a1991f6b22bae7db8b - - default default] No more DHCP agents
2026-05-20 07:10:07.519 10 WARNING neutron.api.rpc.agentnotifiers.dhcp_rpc_agent_api [None req-266827b5-cf70-4eea-ab60-7e9aaa4230b7 475bbcad4c2042a39938081b77057650 d37a3e03166d41a1991f6b22bae7db8b - - default default] Unable to schedule network 2cfc2f99-1355-4ea4-8777-ded3a2640775: no agents available; will retry on subsequent port and subnet creation events.
2026-05-20 07:10:07.523 9 INFO neutron.api.wsgi [req-a5ccd812-df3c-48a5-b881-00889faedd8e req-156033f8-c97e-43c9-b5b5-c741ee58bee1 5eb6dc06c7914a54a3cae3cd92f5c565 e8336331db424888b0d3c607522217ac - - default default] 10.0.0.88 "GET /v2.0/security-groups?id=aaf506cf-fbeb-455a-80c2-43377c7b8150&fields=id&fields=name HTTP/1.1" status: 200 len: 286 time: 0.0324793
2026-05-20 07:10:07.565 10 INFO neutron.services.segments.plugin [-] Segment 1fac33d2-7073-43d4-949b-6d7378df9c12 resource provider aggregate not found
2026-05-20 07:10:07.573 10 INFO neutron.services.segments.plugin [-] Segment 1fac33d2-7073-43d4-949b-6d7378df9c12 resource provider aggregate not found
2026-05-20 07:10:07.579 10 INFO neutron.services.segments.plugin [-] Segment 1fac33d2-7073-43d4-949b-6d7378df9c12 resource provider not found; error: Placement Client Error (4xx): {"errors": [{"status": 404, "title": "Not Found", "detail": "The resource could not be found.\n\n No resource provider with uuid 1fac33d2-7073-43d4-949b-6d7378df9c12 found for delete ", "request_id": "req-7a2a3afa-f3de-4a81-b839-f81fd73ddb99"}]}
2026-05-20 07:10:07.589 10 INFO neutron.services.segments.plugin [-] Segment 1fac33d2-7073-43d4-949b-6d7378df9c12 resource provider not found; error: Placement Client Error (4xx): {"errors": [{"status": 404, "title": "Not Found", "detail": "The resource could not be found.\n\n No resource provider with uuid 1fac33d2-7073-43d4-949b-6d7378df9c12 found for delete ", "request_id": "req-441100e5-0253-482a-aa91-4caddefd1d88"}]}
2026-05-20 07:10:07.640 10 INFO neutron.api.wsgi [None req-1eaabcf7-bdcc-45a4-be65-94b6e4e59713 fb108b637d884b3e9144a0e6bf5eda1a a6ee4beb8d4e40dca9f0aace40e55926 - - default default] 10.0.0.205 "DELETE /v2.0/networks/57d398ab-f74c-4e39-b0c3-9b10c06097a2 HTTP/1.1" status: 204 len: 168 time: 0.4500129
2026-05-20 07:10:07.641 10 INFO neutron.db.ovn_revision_numbers_db [None req-419fce45-e1ed-4556-abea-494961df0945 bfa47c3e37474d0d83a5f72a9773113e 3daff303edca4185b63841a913e4af90 - - default default] Successfully bumped revision number for resource 772a00dd-9d64-4fb5-908a-4424e5e31183 (type: security_groups) to 1
2026-05-20 07:10:07.660 10 INFO neutron.db.ovn_revision_numbers_db [None req-419fce45-e1ed-4556-abea-494961df0945 bfa47c3e37474d0d83a5f72a9773113e 3daff303edca4185b63841a913e4af90 - - default default] Successfully bumped revision number for resource c84e700e-a70b-479d-ae77-2b3dbf132b33 (type: security_group_rules) to 0
2026-05-20 07:10:07.678 10 INFO neutron.db.ovn_revision_numbers_db [None req-419fce45-e1ed-4556-abea-494961df0945 bfa47c3e37474d0d83a5f72a9773113e 3daff303edca4185b63841a913e4af90 - - default default] Successfully bumped revision number for resource d249ac87-f0c8-49c2-9c8e-c575bec7727e (type: security_group_rules) to 0
2026-05-20 07:10:07.719 10 INFO neutron.api.wsgi [None req-419fce45-e1ed-4556-abea-494961df0945 bfa47c3e37474d0d83a5f72a9773113e 3daff303edca4185b63841a913e4af90 - - default default] 10.0.0.205 "POST /v2.0/security-groups HTTP/1.1" status: 201 len: 1859 time: 0.2538009
2026-05-20 07:10:07.736 10 WARNING neutron_lib.context [None req-d9b112a2-a673-45d5-89f2-239030c913e9 bfa47c3e37474d0d83a5f72a9773113e 3daff303edca4185b63841a913e4af90 - - default default] Method 'is_advsvc' is deprecated since 2023.2 release (neutron-lib 3.8.0) and will be removed once support for the old RBAC API policies will be removed from Neutron. Please use method 'is_service_role' instead.
2026-05-20 07:10:07.874 10 INFO neutron.db.ovn_revision_numbers_db [None req-d9b112a2-a673-45d5-89f2-239030c913e9 bfa47c3e37474d0d83a5f72a9773113e 3daff303edca4185b63841a913e4af90 - - default default] Successfully bumped revision number for resource 96502422-3b04-4f4c-8add-02d24d11f4d0 (type: security_group_rules) to 0
2026-05-20 07:10:07.909 10 INFO neutron.api.wsgi [None req-d9b112a2-a673-45d5-89f2-239030c913e9 bfa47c3e37474d0d83a5f72a9773113e 3daff303edca4185b63841a913e4af90 - - default default] 10.0.0.205 "POST /v2.0/security-group-rules HTTP/1.1" status: 201 len: 796 time: 0.1813738
2026-05-20 07:10:07.910 9 INFO neutron.services.segments.plugin [-] Segment 3f94df62-a722-4f82-9d4a-d304a51d36b9 resource provider aggregate not found
2026-05-20 07:10:07.916 9 INFO neutron.services.segments.plugin [-] Segment 3f94df62-a722-4f82-9d4a-d304a51d36b9 resource provider aggregate not found
2026-05-20 07:10:07.926 10 WARNING neutron_lib.context [None req-47d1de4c-fab6-4987-ab95-d358b4669578 bfa47c3e37474d0d83a5f72a9773113e 3daff303edca4185b63841a913e4af90 - - default default] Method 'is_advsvc' is deprecated since 2023.2 release (neutron-lib 3.8.0) and will be removed once support for the old RBAC API policies will be removed from Neutron. Please use method 'is_service_role' instead.
2026-05-20 07:10:07.927 9 INFO neutron.services.segments.plugin [-] Segment 3f94df62-a722-4f82-9d4a-d304a51d36b9 resource provider not found; error: Placement Client Error (4xx): {"errors": [{"status": 404, "title": "Not Found", "detail": "The resource could not be found.\n\n No resource provider with uuid 3f94df62-a722-4f82-9d4a-d304a51d36b9 found for delete ", "request_id": "req-511197c4-1738-493c-82d9-6ae6046a92cf"}]}
2026-05-20 07:10:07.944 9 INFO neutron.services.segments.plugin [-] Segment 3f94df62-a722-4f82-9d4a-d304a51d36b9 resource provider not found; error: Placement Client Error (4xx): {"errors": [{"status": 404, "title": "Not Found", "detail": "The resource could not be found.\n\n No resource provider with uuid 3f94df62-a722-4f82-9d4a-d304a51d36b9 found for delete ", "request_id": "req-5451553c-08ed-4c20-b5f2-f5b91a04b904"}]}
2026-05-20 07:10:07.962 9 INFO neutron.api.wsgi [None req-8624d071-fe3e-4de8-bd8e-57f4db1793d2 fb108b637d884b3e9144a0e6bf5eda1a a6ee4beb8d4e40dca9f0aace40e55926 - - default default] 10.0.0.205 "DELETE /v2.0/networks/b3d3d9d4-c064-4ec2-a8f6-f0f6c2507134 HTTP/1.1" status: 204 len: 168 time: 0.3170266
2026-05-20 07:10:07.974 9 WARNING neutron_lib.context [None req-b4fd2b9c-54a6-4d0c-b34a-7538eee2dd20 fb108b637d884b3e9144a0e6bf5eda1a a6ee4beb8d4e40dca9f0aace40e55926 - - default default] Method 'is_advsvc' is deprecated since 2023.2 release (neutron-lib 3.8.0) and will be removed once support for the old RBAC API policies will be removed from Neutron. Please use method 'is_service_role' instead.
2026-05-20 07:10:08.073 9 INFO neutron.db.segments_db [None req-b4fd2b9c-54a6-4d0c-b34a-7538eee2dd20 fb108b637d884b3e9144a0e6bf5eda1a a6ee4beb8d4e40dca9f0aace40e55926 - - default default] Added segment c1ee3a66-1205-4252-b79b-051f2631c5ea of type geneve for network 3b8216a1-cd91-4f4e-8d7c-a9e7fb51050f
2026-05-20 07:10:08.116 10 INFO neutron.db.ovn_revision_numbers_db [None req-9dfed8e1-2ffb-4d51-89a3-0d4e063f8f57 - - - - - -] Successfully bumped revision number for resource 04d57df1-b161-4a9f-b327-e786339007e3 (type: ports) to 2
2026-05-20 07:10:08.128 10 INFO neutron.db.ovn_revision_numbers_db [None req-47d1de4c-fab6-4987-ab95-d358b4669578 bfa47c3e37474d0d83a5f72a9773113e 3daff303edca4185b63841a913e4af90 - - default default] Successfully bumped revision number for resource 7c41d3be-70dc-496c-8d5d-96870c8be556 (type: security_group_rules) to 0
2026-05-20 07:10:08.148 10 INFO neutron.db.ovn_revision_numbers_db [None req-9dfed8e1-2ffb-4d51-89a3-0d4e063f8f57 - - - - - -] Successfully bumped revision number for resource 0a2139b8-673e-4b67-8f62-421a6d38e752 (type: subnets) to 0
2026-05-20 07:10:08.162 10 INFO neutron.api.wsgi [None req-47d1de4c-fab6-4987-ab95-d358b4669578 bfa47c3e37474d0d83a5f72a9773113e 3daff303edca4185b63841a913e4af90 - - default default] 10.0.0.205 "POST /v2.0/security-group-rules HTTP/1.1" status: 201 len: 801 time: 0.2442360
2026-05-20 07:10:08.164 10 INFO neutron.api.wsgi [None req-266827b5-cf70-4eea-ab60-7e9aaa4230b7 475bbcad4c2042a39938081b77057650 d37a3e03166d41a1991f6b22bae7db8b - - default default] 10.0.0.205 "POST /v2.0/subnets HTTP/1.1" status: 201 len: 825 time: 0.8873568
2026-05-20 07:10:08.169 9 WARNING neutron_lib.context [None req-21e77436-459e-4fe1-8a15-554f2d79b39b bfa47c3e37474d0d83a5f72a9773113e 3daff303edca4185b63841a913e4af90 - - default default] Method 'is_advsvc' is deprecated since 2023.2 release (neutron-lib 3.8.0) and will be removed once support for the old RBAC API policies will be removed from Neutron. Please use method 'is_service_role' instead.
2026-05-20 07:10:08.172 9 INFO neutron.db.ovn_revision_numbers_db [None req-b4fd2b9c-54a6-4d0c-b34a-7538eee2dd20 fb108b637d884b3e9144a0e6bf5eda1a a6ee4beb8d4e40dca9f0aace40e55926 - - default default] Successfully bumped revision number for resource 3b8216a1-cd91-4f4e-8d7c-a9e7fb51050f (type: networks) to 1
2026-05-20 07:10:08.173 10 WARNING neutron_lib.context [None req-67e5997d-b493-4ced-83f2-fe59d720a17e 475bbcad4c2042a39938081b77057650 d37a3e03166d41a1991f6b22bae7db8b - - default default] Method 'is_advsvc' is deprecated since 2023.2 release (neutron-lib 3.8.0) and will be removed once support for the old RBAC API policies will be removed from Neutron. Please use method 'is_service_role' instead.
2026-05-20 07:10:08.276 9 WARNING neutron.plugins.ml2.drivers.ovn.mech_driver.ovsdb.ovn_client [None req-20a45454-f948-471c-b39b-7991a3962a67 - - - - - -] No port found with ID e45edc19-e6db-476c-a012-af7b20c76f86: RuntimeError: No port found with ID e45edc19-e6db-476c-a012-af7b20c76f86
2026-05-20 07:10:08.301 9 INFO neutron.plugins.ml2.drivers.ovn.mech_driver.mech_driver [None req-20a45454-f948-471c-b39b-7991a3962a67 - - - - - -] OVN reports status up for port: c680bff9-8825-473c-82a6-8c7e9cc6fd0d
2026-05-20 07:10:08.317 9 INFO neutron.plugins.ml2.plugin [None req-20a45454-f948-471c-b39b-7991a3962a67 - - - - - -] Attempt 1 to provision port c680bff9-8825-473c-82a6-8c7e9cc6fd0d
2026-05-20 07:10:08.367 9 WARNING neutron.scheduler.dhcp_agent_scheduler [None req-b4fd2b9c-54a6-4d0c-b34a-7538eee2dd20 fb108b637d884b3e9144a0e6bf5eda1a a6ee4beb8d4e40dca9f0aace40e55926 - - default default] No more DHCP agents
2026-05-20 07:10:08.370 9 WARNING neutron.api.rpc.agentnotifiers.dhcp_rpc_agent_api [None req-b4fd2b9c-54a6-4d0c-b34a-7538eee2dd20 fb108b637d884b3e9144a0e6bf5eda1a a6ee4beb8d4e40dca9f0aace40e55926 - - default default] Unable to schedule network 3b8216a1-cd91-4f4e-8d7c-a9e7fb51050f: no agents available; will retry on subsequent port and subnet creation events.
2026-05-20 07:10:08.447 9 WARNING neutron.scheduler.dhcp_agent_scheduler [None req-21e77436-459e-4fe1-8a15-554f2d79b39b bfa47c3e37474d0d83a5f72a9773113e 3daff303edca4185b63841a913e4af90 - - default default] No more DHCP agents
2026-05-20 07:10:08.449 9 WARNING neutron.api.rpc.agentnotifiers.dhcp_rpc_agent_api [None req-21e77436-459e-4fe1-8a15-554f2d79b39b bfa47c3e37474d0d83a5f72a9773113e 3daff303edca4185b63841a913e4af90 - - default default] Unable to schedule network c44ab934-c330-4f5c-a6a9-48e2107a84ce: no agents available; will retry on subsequent port and subnet creation events.
2026-05-20 07:10:08.456 10 WARNING neutron.scheduler.dhcp_agent_scheduler [None req-67e5997d-b493-4ced-83f2-fe59d720a17e 475bbcad4c2042a39938081b77057650 d37a3e03166d41a1991f6b22bae7db8b - - default default] No more DHCP agents
2026-05-20 07:10:08.458 10 WARNING neutron.api.rpc.agentnotifiers.dhcp_rpc_agent_api [None req-67e5997d-b493-4ced-83f2-fe59d720a17e 475bbcad4c2042a39938081b77057650 d37a3e03166d41a1991f6b22bae7db8b - - default default] Unable to schedule network 2cfc2f99-1355-4ea4-8777-ded3a2640775: no agents available; will retry on subsequent port and subnet creation events.
2026-05-20 07:10:08.460 9 INFO neutron.db.ovn_revision_numbers_db [None req-b4fd2b9c-54a6-4d0c-b34a-7538eee2dd20 fb108b637d884b3e9144a0e6bf5eda1a a6ee4beb8d4e40dca9f0aace40e55926 - - default default] Successfully bumped revision number for resource 350c34f3-8d13-4efc-90a4-9d5d687f4bb7 (type: ports) to 1
2026-05-20 07:10:08.482 9 INFO neutron.api.wsgi [None req-b4fd2b9c-54a6-4d0c-b34a-7538eee2dd20 fb108b637d884b3e9144a0e6bf5eda1a a6ee4beb8d4e40dca9f0aace40e55926 - - default default] 10.0.0.205 "POST /v2.0/networks HTTP/1.1" status: 201 len: 829 time: 0.5124586
2026-05-20 07:10:08.490 9 WARNING neutron_lib.context [None req-ddd69df1-43d1-43d6-8ace-061becf4b2f7 fb108b637d884b3e9144a0e6bf5eda1a a6ee4beb8d4e40dca9f0aace40e55926 - - default default] Method 'is_advsvc' is deprecated since 2023.2 release (neutron-lib 3.8.0) and will be removed once support for the old RBAC API policies will be removed from Neutron. Please use method 'is_service_role' instead.
2026-05-20 07:10:08.589 10 INFO neutron.db.ovn_revision_numbers_db [None req-67e5997d-b493-4ced-83f2-fe59d720a17e 475bbcad4c2042a39938081b77057650 d37a3e03166d41a1991f6b22bae7db8b - - default default] Successfully bumped revision number for resource 32a71f34-4b0f-4fec-87cd-941705ee449f (type: ports) to 1
2026-05-20 07:10:08.608 10 INFO neutron.api.wsgi [None req-67e5997d-b493-4ced-83f2-fe59d720a17e 475bbcad4c2042a39938081b77057650 d37a3e03166d41a1991f6b22bae7db8b - - default default] 10.0.0.205 "POST /v2.0/ports HTTP/1.1" status: 201 len: 1148 time: 0.4389596 /var/lib/openstack/lib/python3.12/site-packages/pycadf/identifier.py:71: UserWarning: Invalid uuid: neutron. To ensure interoperability, identifiers should be a valid uuid. warnings.warn(('Invalid uuid: %s. To ensure interoperability, '
2026-05-20 07:10:08.637 9 INFO neutron.api.wsgi [req-e2c2d7c1-3b4b-4581-9529-b258f67c3c2f req-2eb7a1de-cd36-4930-a5d9-b5154c199a21 5eb6dc06c7914a54a3cae3cd92f5c565 e8336331db424888b0d3c607522217ac - - default default] 10.0.0.88 "GET /v2.0/ports?device_id=f745ef13-3b61-498a-afc2-c0c7a2eab4e4 HTTP/1.1" status: 200 len: 1168 time: 0.0428438
2026-05-20 07:10:08.698 9 INFO neutron.api.wsgi [req-e2c2d7c1-3b4b-4581-9529-b258f67c3c2f req-d0bb838e-871f-45a3-b2aa-356304cf9ff8 5eb6dc06c7914a54a3cae3cd92f5c565 e8336331db424888b0d3c607522217ac - - default default] 10.0.0.88 "GET /v2.0/security-groups?id=aaf506cf-fbeb-455a-80c2-43377c7b8150&fields=id&fields=name HTTP/1.1" status: 200 len: 286 time: 0.0478945
2026-05-20 07:10:08.740 9 WARNING neutron.scheduler.dhcp_agent_scheduler [None req-ddd69df1-43d1-43d6-8ace-061becf4b2f7 fb108b637d884b3e9144a0e6bf5eda1a a6ee4beb8d4e40dca9f0aace40e55926 - - default default] No more DHCP agents
2026-05-20 07:10:08.741 9 WARNING neutron.api.rpc.agentnotifiers.dhcp_rpc_agent_api [None req-ddd69df1-43d1-43d6-8ace-061becf4b2f7 fb108b637d884b3e9144a0e6bf5eda1a a6ee4beb8d4e40dca9f0aace40e55926 - - default default] Unable to schedule network 3b8216a1-cd91-4f4e-8d7c-a9e7fb51050f: no agents available; will retry on subsequent port and subnet creation events.
2026-05-20 07:10:08.829 9 INFO neutron.api.wsgi [None req-21e77436-459e-4fe1-8a15-554f2d79b39b bfa47c3e37474d0d83a5f72a9773113e 3daff303edca4185b63841a913e4af90 - - default default] 10.0.0.205 "POST /v2.0/floatingips HTTP/1.1" status: 201 len: 751 time: 0.6630917
2026-05-20 07:10:08.961 10 INFO neutron.api.wsgi [None req-4ce130d8-559a-4e01-98ba-6bb30bf497a2 475bbcad4c2042a39938081b77057650 d37a3e03166d41a1991f6b22bae7db8b - - default default] 10.0.0.205 "DELETE /v2.0/ports/32a71f34-4b0f-4fec-87cd-941705ee449f HTTP/1.1" status: 204 len: 168 time: 0.3467922
2026-05-20 07:10:09.002 10 INFO neutron.pecan_wsgi.hooks.translation [None req-c44d4cef-d3e8-4d88-92ca-85331676e1fd 475bbcad4c2042a39938081b77057650 d37a3e03166d41a1991f6b22bae7db8b - - default default] DELETE failed (client error): The resource could not be found.
2026-05-20 07:10:09.006 10 INFO neutron.api.wsgi [None req-c44d4cef-d3e8-4d88-92ca-85331676e1fd 475bbcad4c2042a39938081b77057650 d37a3e03166d41a1991f6b22bae7db8b - - default default] 10.0.0.205 "DELETE /v2.0/ports/32a71f34-4b0f-4fec-87cd-941705ee449f HTTP/1.1" status: 404 len: 333 time: 0.0296795
2026-05-20 07:10:09.036 9 INFO neutron.pecan_wsgi.hooks.translation [None req-2bba7a67-21b3-4227-a61c-862ce729d1a5 475bbcad4c2042a39938081b77057650 d37a3e03166d41a1991f6b22bae7db8b - - default default] GET failed (client error): The resource could not be found.
2026-05-20 07:10:09.037 9 INFO neutron.api.wsgi [None req-2bba7a67-21b3-4227-a61c-862ce729d1a5 475bbcad4c2042a39938081b77057650 d37a3e03166d41a1991f6b22bae7db8b - - default default] 10.0.0.205 "GET /v2.0/ports/32a71f34-4b0f-4fec-87cd-941705ee449f HTTP/1.1" status: 404 len: 333 time: 0.0145791
2026-05-20 07:10:09.274 10 INFO neutron.api.wsgi [None req-22c54797-52e7-4058-a4fe-68f361843718 475bbcad4c2042a39938081b77057650 d37a3e03166d41a1991f6b22bae7db8b - - default default] 10.0.0.205 "DELETE /v2.0/subnets/0a2139b8-673e-4b67-8f62-421a6d38e752 HTTP/1.1" status: 204 len: 168 time: 0.2288246
2026-05-20 07:10:09.291 9 INFO neutron.db.ovn_revision_numbers_db [None req-2083b2c2-d5e5-45d5-810d-e372a8fabbc7 - - - - - -] Successfully bumped revision number for resource 350c34f3-8d13-4efc-90a4-9d5d687f4bb7 (type: ports) to 2
2026-05-20 07:10:09.315 9 INFO neutron.db.ovn_revision_numbers_db [None req-2083b2c2-d5e5-45d5-810d-e372a8fabbc7 - - - - - -] Successfully bumped revision number for resource c0b325c4-a56b-4c66-beb5-8e7501aea1e0 (type: subnets) to 0
2026-05-20 07:10:09.339 9 INFO neutron.api.wsgi [None req-ddd69df1-43d1-43d6-8ace-061becf4b2f7 fb108b637d884b3e9144a0e6bf5eda1a a6ee4beb8d4e40dca9f0aace40e55926 - - default default] 10.0.0.205 "POST /v2.0/subnets HTTP/1.1" status: 201 len: 825 time: 0.8526046
2026-05-20 07:10:09.353 9 WARNING neutron_lib.context [None req-1c8ba686-9de6-494c-85ee-4dd5c89cbdb0 fb108b637d884b3e9144a0e6bf5eda1a a6ee4beb8d4e40dca9f0aace40e55926 - - default default] Method 'is_advsvc' is deprecated since 2023.2 release (neutron-lib 3.8.0) and will be removed once support for the old RBAC API policies will be removed from Neutron. Please use method 'is_service_role' instead.
2026-05-20 07:10:09.454 9 INFO neutron.db.ovn_revision_numbers_db [None req-1c8ba686-9de6-494c-85ee-4dd5c89cbdb0 fb108b637d884b3e9144a0e6bf5eda1a a6ee4beb8d4e40dca9f0aace40e55926 - - default default] Successfully bumped revision number for resource 2a5f7d6a-b850-4cfe-b09e-90ddf14cce63 (type: routers) to 1
2026-05-20 07:10:09.478 9 INFO neutron.api.wsgi [None req-1c8ba686-9de6-494c-85ee-4dd5c89cbdb0 fb108b637d884b3e9144a0e6bf5eda1a a6ee4beb8d4e40dca9f0aace40e55926 - - default default] 10.0.0.205 "POST /v2.0/routers HTTP/1.1" status: 201 len: 801 time: 0.1315553
2026-05-20 07:10:09.488 10 WARNING neutron_lib.context [None req-50a4ff79-fac1-45b5-a769-ea3d254c2d98 fb108b637d884b3e9144a0e6bf5eda1a a6ee4beb8d4e40dca9f0aace40e55926 - - default default] Method 'is_advsvc' is deprecated since 2023.2 release (neutron-lib 3.8.0) and will be removed once support for the old RBAC API policies will be removed from Neutron. Please use method 'is_service_role' instead.
2026-05-20 07:10:09.679 10 INFO neutron.services.segments.plugin [-] Segment 2eb263a4-c32f-4425-9155-b213119be72a resource provider aggregate not found
2026-05-20 07:10:09.687 10 INFO neutron.services.segments.plugin [-] Segment 2eb263a4-c32f-4425-9155-b213119be72a resource provider aggregate not found
2026-05-20 07:10:09.699 10 INFO neutron.services.segments.plugin [-] Segment 2eb263a4-c32f-4425-9155-b213119be72a resource provider not found; error: Placement Client Error (4xx): {"errors": [{"status": 404, "title": "Not Found", "detail": "The resource could not be found.\n\n No resource provider with uuid 2eb263a4-c32f-4425-9155-b213119be72a found for delete ", "request_id": "req-8eb9f784-7916-497c-b991-5b690da2bc27"}]}
2026-05-20 07:10:09.713 10 INFO neutron.services.segments.plugin [-] Segment 2eb263a4-c32f-4425-9155-b213119be72a resource provider not found; error: Placement Client Error (4xx): {"errors": [{"status": 404, "title": "Not Found", "detail": "The resource could not be found.\n\n No resource provider with uuid 2eb263a4-c32f-4425-9155-b213119be72a found for delete ", "request_id": "req-23bfdc5e-0b95-45a3-88e9-6947bb807b98"}]}
2026-05-20 07:10:09.739 10 INFO neutron.api.wsgi [None req-c3299bf3-f392-420a-b0db-9b14aedf5b37 475bbcad4c2042a39938081b77057650 d37a3e03166d41a1991f6b22bae7db8b - - default default] 10.0.0.205 "DELETE /v2.0/networks/2cfc2f99-1355-4ea4-8777-ded3a2640775 HTTP/1.1" status: 204 len: 168 time: 0.4608195
2026-05-20 07:10:09.760 9 WARNING neutron_lib.context [None req-6e6dcf63-8055-4a5b-97b0-7777b6864644 475bbcad4c2042a39938081b77057650 d37a3e03166d41a1991f6b22bae7db8b - - default default] Method 'is_advsvc' is deprecated since 2023.2 release (neutron-lib 3.8.0) and will be removed once support for the old RBAC API policies will be removed from Neutron. Please use method 'is_service_role' instead.
2026-05-20 07:10:09.819 9 INFO neutron.api.wsgi [req-963f6781-e672-4c6d-aed6-2bd0241121a4 req-077a65e7-b496-4cc4-a9c1-dd4ba27d35f3 5eb6dc06c7914a54a3cae3cd92f5c565 e8336331db424888b0d3c607522217ac - - default default] 10.0.0.88 "GET /v2.0/ports?device_id=f745ef13-3b61-498a-afc2-c0c7a2eab4e4 HTTP/1.1" status: 200 len: 1168 time: 0.0425746
2026-05-20 07:10:09.845 10 WARNING neutron.scheduler.dhcp_agent_scheduler [None req-50a4ff79-fac1-45b5-a769-ea3d254c2d98 fb108b637d884b3e9144a0e6bf5eda1a a6ee4beb8d4e40dca9f0aace40e55926 - - default default] No more DHCP agents
2026-05-20 07:10:09.846 10 WARNING neutron.api.rpc.agentnotifiers.dhcp_rpc_agent_api [None req-50a4ff79-fac1-45b5-a769-ea3d254c2d98 fb108b637d884b3e9144a0e6bf5eda1a a6ee4beb8d4e40dca9f0aace40e55926 - - default default] Unable to schedule network 3b8216a1-cd91-4f4e-8d7c-a9e7fb51050f: no agents available; will retry on subsequent port and subnet creation events.
2026-05-20 07:10:09.857 9 INFO neutron.api.wsgi [req-963f6781-e672-4c6d-aed6-2bd0241121a4 req-7127f1f6-f00d-4946-9e3c-2b35799075ca 5eb6dc06c7914a54a3cae3cd92f5c565 e8336331db424888b0d3c607522217ac - - default default] 10.0.0.88 "GET /v2.0/security-groups?id=aaf506cf-fbeb-455a-80c2-43377c7b8150&fields=id&fields=name HTTP/1.1" status: 200 len: 286 time: 0.0326233
2026-05-20 07:10:09.863 9 INFO neutron.db.segments_db [None req-6e6dcf63-8055-4a5b-97b0-7777b6864644 475bbcad4c2042a39938081b77057650 d37a3e03166d41a1991f6b22bae7db8b - - default default] Added segment 0738ce7f-95b7-48fb-b66e-1d8f491ac7f2 of type geneve for network 006fbe66-2823-418f-84bb-99a87d2b04bd
2026-05-20 07:10:09.980 10 INFO neutron.db.ovn_revision_numbers_db [None req-50a4ff79-fac1-45b5-a769-ea3d254c2d98 fb108b637d884b3e9144a0e6bf5eda1a a6ee4beb8d4e40dca9f0aace40e55926 - - default default] Successfully bumped revision number for resource c2401282-1621-4752-b280-16441fef5025 (type: ports) to 1
2026-05-20 07:10:09.982 9 INFO neutron.db.ovn_revision_numbers_db [None req-6e6dcf63-8055-4a5b-97b0-7777b6864644 475bbcad4c2042a39938081b77057650 d37a3e03166d41a1991f6b22bae7db8b - - default default] Successfully bumped revision number for resource 006fbe66-2823-418f-84bb-99a87d2b04bd (type: networks) to 1
