+ COMMAND=start + start + for KEYSTONE_WSGI_SCRIPT in keystone-wsgi-public ++ type -p keystone-wsgi-public + cp -a /var/lib/openstack/bin/keystone-wsgi-public /var/www/cgi-bin/keystone/ + '[' -f /etc/apache2/envvars ']' + source /etc/apache2/envvars ++ unset HOME ++ '[' '' '!=' '' ']' ++ SUFFIX= ++ export APACHE_RUN_USER=www-data ++ APACHE_RUN_USER=www-data ++ export APACHE_RUN_GROUP=www-data ++ APACHE_RUN_GROUP=www-data ++ export APACHE_PID_FILE=/var/run/apache2/apache2.pid ++ APACHE_PID_FILE=/var/run/apache2/apache2.pid ++ export APACHE_RUN_DIR=/var/run/apache2 ++ APACHE_RUN_DIR=/var/run/apache2 ++ export APACHE_LOCK_DIR=/var/lock/apache2 ++ APACHE_LOCK_DIR=/var/lock/apache2 ++ export APACHE_LOG_DIR=/var/log/apache2 ++ APACHE_LOG_DIR=/var/log/apache2 ++ export LANG=C ++ LANG=C ++ export LANG + '[' -f /var/run/apache2/apache2.pid ']' + exec apache2 -DFOREGROUND AH00558: apache2: Could not reliably determine the server's fully qualified domain name, using 10.0.0.92. Set the 'ServerName' directive globally to suppress this message AH00558: apache2: Could not reliably determine the server's fully qualified domain name, using 10.0.0.92. Set the 'ServerName' directive globally to suppress this message
[Sat May 02 05:51:56.193540 2026] [mpm_event:notice] [pid 1:tid 139850876491648] AH00489: Apache/2.4.58 (Ubuntu) mod_wsgi/5.0.0 Python/3.12 configured -- resuming normal operations
[Sat May 02 05:51:56.193685 2026] [core:notice] [pid 1:tid 139850876491648] AH00094: Command line: 'apache2 -D FOREGROUND'
[Sat May 02 05:52:55.698026 2026] [wsgi:error] [pid 11:tid 139850239719104] /var/lib/openstack/lib/python3.12/site-packages/oslo_utils/importutils.py:77: EventletDeprecationWarning:
[Sat May 02 05:52:55.698071 2026] [wsgi:error] [pid 11:tid 139850239719104] Eventlet is deprecated. It is currently being maintained in bugfix mode, and
[Sat May 02 05:52:55.698073 2026] [wsgi:error] [pid 11:tid 139850239719104] we strongly recommend against using it for new projects.
[Sat May 02 05:52:55.698074 2026] [wsgi:error] [pid 11:tid 139850239719104]
[Sat May 02 05:52:55.698075 2026] [wsgi:error] [pid 11:tid 139850239719104] If you are already using Eventlet, we recommend migrating to a different
[Sat May 02 05:52:55.698077 2026] [wsgi:error] [pid 11:tid 139850239719104] framework. For more detail see
[Sat May 02 05:52:55.698078 2026] [wsgi:error] [pid 11:tid 139850239719104] https://eventlet.readthedocs.io/en/latest/asyncio/migration.html
[Sat May 02 05:52:55.698079 2026] [wsgi:error] [pid 11:tid 139850239719104]
[Sat May 02 05:52:55.698080 2026] [wsgi:error] [pid 11:tid 139850239719104] __import__(import_str)
[Sat May 02 05:52:55.699755 2026] [wsgi:error] [pid 9:tid 139850239719104] /var/lib/openstack/lib/python3.12/site-packages/oslo_utils/importutils.py:77: EventletDeprecationWarning:
[Sat May 02 05:52:55.699854 2026] [wsgi:error] [pid 9:tid 139850239719104] Eventlet is deprecated. It is currently being maintained in bugfix mode, and
[Sat May 02 05:52:55.699867 2026] [wsgi:error] [pid 9:tid 139850239719104] we strongly recommend against using it for new projects.
[Sat May 02 05:52:55.699877 2026] [wsgi:error] [pid 9:tid 139850239719104]
[Sat May 02 05:52:55.699889 2026] [wsgi:error] [pid 9:tid 139850239719104] If you are already using Eventlet, we recommend migrating to a different
[Sat May 02 05:52:55.699899 2026] [wsgi:error] [pid 9:tid 139850239719104] framework. For more detail see
[Sat May 02 05:52:55.699909 2026] [wsgi:error] [pid 9:tid 139850239719104] https://eventlet.readthedocs.io/en/latest/asyncio/migration.html
[Sat May 02 05:52:55.699918 2026] [wsgi:error] [pid 9:tid 139850239719104]
[Sat May 02 05:52:55.699928 2026] [wsgi:error] [pid 9:tid 139850239719104] __import__(import_str) 10.0.0.194 - - [02/May/2026:05:52:54 +0000] "GET /v3/ HTTP/1.1" 200 249 10.0.0.194 - - [02/May/2026:05:52:54 +0000] "GET /v3/ HTTP/1.1" 200 249
[Sat May 02 05:53:00.963390 2026] [wsgi:error] [pid 12:tid 139850239719104] /var/lib/openstack/lib/python3.12/site-packages/oslo_utils/importutils.py:77: EventletDeprecationWarning:
[Sat May 02 05:53:00.963434 2026] [wsgi:error] [pid 12:tid 139850239719104] Eventlet is deprecated. It is currently being maintained in bugfix mode, and
[Sat May 02 05:53:00.963436 2026] [wsgi:error] [pid 12:tid 139850239719104] we strongly recommend against using it for new projects.
[Sat May 02 05:53:00.963437 2026] [wsgi:error] [pid 12:tid 139850239719104]
[Sat May 02 05:53:00.963439 2026] [wsgi:error] [pid 12:tid 139850239719104] If you are already using Eventlet, we recommend migrating to a different
[Sat May 02 05:53:00.963440 2026] [wsgi:error] [pid 12:tid 139850239719104] framework. For more detail see
[Sat May 02 05:53:00.963441 2026] [wsgi:error] [pid 12:tid 139850239719104] https://eventlet.readthedocs.io/en/latest/asyncio/migration.html
[Sat May 02 05:53:00.963442 2026] [wsgi:error] [pid 12:tid 139850239719104]
[Sat May 02 05:53:00.963443 2026] [wsgi:error] [pid 12:tid 139850239719104] __import__(import_str) 10.0.0.194 - - [02/May/2026:05:53:00 +0000] "GET /v3/ HTTP/1.1" 200 249
[Sat May 02 05:53:06.703875 2026] [wsgi:error] [pid 10:tid 139850239719104] /var/lib/openstack/lib/python3.12/site-packages/oslo_utils/importutils.py:77: EventletDeprecationWarning:
[Sat May 02 05:53:06.703922 2026] [wsgi:error] [pid 10:tid 139850239719104] Eventlet is deprecated. It is currently being maintained in bugfix mode, and
[Sat May 02 05:53:06.703924 2026] [wsgi:error] [pid 10:tid 139850239719104] we strongly recommend against using it for new projects.
[Sat May 02 05:53:06.703925 2026] [wsgi:error] [pid 10:tid 139850239719104]
[Sat May 02 05:53:06.703926 2026] [wsgi:error] [pid 10:tid 139850239719104] If you are already using Eventlet, we recommend migrating to a different
[Sat May 02 05:53:06.703927 2026] [wsgi:error] [pid 10:tid 139850239719104] framework. For more detail see
[Sat May 02 05:53:06.703929 2026] [wsgi:error] [pid 10:tid 139850239719104] https://eventlet.readthedocs.io/en/latest/asyncio/migration.html
[Sat May 02 05:53:06.703930 2026] [wsgi:error] [pid 10:tid 139850239719104]
[Sat May 02 05:53:06.703931 2026] [wsgi:error] [pid 10:tid 139850239719104] __import__(import_str) 10.0.0.95 - - [02/May/2026:05:53:05 +0000] "GET / HTTP/1.1" 300 295
[Sat May 02 05:53:11.215507 2026] [wsgi:error] [pid 9:tid 139850239719104] [remote 10.0.0.95:52726] 2026-05-02 05:53:11.211 9 WARNING keystone.identity.core [None req-4caf4053-f3b0-4799-bcce-36820404f69a - - - - - -] Invalid domain name (atmosphere) found in config file name: keystone.exception.DomainNotFound: Could not find domain: atmosphere.
[Sat May 02 05:53:11.283929 2026] [wsgi:error] [pid 9:tid 139850239719104] [remote 10.0.0.95:52726] 2026-05-02 05:53:11.283 9 WARNING keystone.common.password_hashing [None req-4caf4053-f3b0-4799-bcce-36820404f69a - - - - - -] Truncating password to algorithm specific maximum length 72 characters.
[Sat May 02 05:53:11.593966 2026] [wsgi:error] [pid 9:tid 139850239719104] [remote 10.0.0.95:52726] 2026-05-02 05:53:11.593 9 WARNING keystone.common.fernet_utils [None req-4caf4053-f3b0-4799-bcce-36820404f69a - - - - - -] key_repository is world readable: /etc/keystone/fernet-keys/ 10.0.0.95 - - [02/May/2026:05:53:11 +0000] "POST /v3/auth/tokens HTTP/1.1" 201 1360
[Sat May 02 05:53:11.925500 2026] [wsgi:error] [pid 11:tid 139850239719104] [remote 10.0.0.95:52726] 2026-05-02 05:53:11.922 11 WARNING keystone.identity.core [None req-d935216c-d456-4a76-a801-c4abd5eecd7e - - - - - -] Invalid domain name (atmosphere) found in config file name: keystone.exception.DomainNotFound: Could not find domain: atmosphere. 10.0.0.95 - - [02/May/2026:05:53:11 +0000] "POST /v3/domains HTTP/1.1" 201 261 10.0.0.16 - - [02/May/2026:05:53:22 +0000] "GET / HTTP/1.1" 300 295
[Sat May 02 05:53:22.424854 2026] [wsgi:error] [pid 10:tid 139850239719104] [remote 10.0.0.16:45200] 2026-05-02 05:53:22.424 10 WARNING keystone.common.password_hashing [None req-317187a3-f1e7-47e6-b8b4-d1b1bb53c39b - - - - - -] Truncating password to algorithm specific maximum length 72 characters.
[Sat May 02 05:53:22.704777 2026] [wsgi:error] [pid 10:tid 139850239719104] [remote 10.0.0.16:45200] 2026-05-02 05:53:22.704 10 WARNING keystone.common.fernet_utils [None req-317187a3-f1e7-47e6-b8b4-d1b1bb53c39b - - - - - -] key_repository is world readable: /etc/keystone/fernet-keys/ 10.0.0.16 - - [02/May/2026:05:53:22 +0000] "POST /v3/auth/tokens HTTP/1.1" 201 1360 10.0.0.16 - - [02/May/2026:05:53:22 +0000] "GET /v3/roles/admin HTTP/1.1" 404 83
[Sat May 02 05:53:22.917692 2026] [wsgi:error] [pid 11:tid 139850239719104] [remote 10.0.0.16:45200] 2026-05-02 05:53:22.917 11 WARNING keystone.common.rbac_enforcer.enforcer [None req-33a733d4-c3f2-41f7-a0d1-5c5ae1190413 fbc5a27e41b241daa652d5fa5fe4dd39 6128648e591845b59ff9d3a59ae435ff - - default default] Deprecated policy rules found. Use oslopolicy-policy-generator and oslopolicy-policy-upgrade to detect and resolve deprecated policies in your configuration. 10.0.0.16 - - [02/May/2026:05:53:22 +0000] "GET /v3/roles?name=admin HTTP/1.1" 200 389
[Sat May 02 05:53:23.232247 2026] [wsgi:error] [pid 12:tid 139850239719104] [remote 10.0.0.16:45200] 2026-05-02 05:53:23.231 12 WARNING keystone.common.rbac_enforcer.enforcer [None req-666e9716-4c1c-4a39-85a8-4a1b1dc4ec80 fbc5a27e41b241daa652d5fa5fe4dd39 6128648e591845b59ff9d3a59ae435ff - - default default] Deprecated policy rules found. Use oslopolicy-policy-generator and oslopolicy-policy-upgrade to detect and resolve deprecated policies in your configuration. 10.0.0.16 - - [02/May/2026:05:53:22 +0000] "GET /v3/users/admin-RegionOne HTTP/1.1" 404 93
[Sat May 02 05:53:23.366163 2026] [wsgi:error] [pid 10:tid 139850239719104] [remote 10.0.0.16:45200] 2026-05-02 05:53:23.365 10 WARNING keystone.common.rbac_enforcer.enforcer [None req-df3a14d0-8240-4bcc-9d44-e729c487e387 fbc5a27e41b241daa652d5fa5fe4dd39 6128648e591845b59ff9d3a59ae435ff - - default default] Deprecated policy rules found. Use oslopolicy-policy-generator and oslopolicy-policy-upgrade to detect and resolve deprecated policies in your configuration. 10.0.0.16 - - [02/May/2026:05:53:23 +0000] "GET /v3/users?name=admin-RegionOne HTTP/1.1" 200 422
[Sat May 02 05:53:23.543962 2026] [wsgi:error] [pid 9:tid 139850239719104] [remote 10.0.0.16:45200] 2026-05-02 05:53:23.543 9 WARNING keystone.common.rbac_enforcer.enforcer [None req-80f67925-7bf4-403f-b8b5-775432142d93 fbc5a27e41b241daa652d5fa5fe4dd39 6128648e591845b59ff9d3a59ae435ff - - default default] Deprecated policy rules found. Use oslopolicy-policy-generator and oslopolicy-policy-upgrade to detect and resolve deprecated policies in your configuration. 10.0.0.16 - - [02/May/2026:05:53:23 +0000] "GET /v3/domains/default HTTP/1.1" 200 224 10.0.0.16 - - [02/May/2026:05:53:23 +0000] "PUT /v3/domains/default/users/fbc5a27e41b241daa652d5fa5fe4dd39/roles/75d35f8b20d545088ffd90ca59436ff2 HTTP/1.1" 204 - 10.0.0.194 - - [02/May/2026:05:53:33 +0000] "GET / HTTP/1.1" 300 281 10.0.0.194 - - [02/May/2026:05:53:34 +0000] "GET /v3 HTTP/1.1" 200 266
[Sat May 02 05:53:34.919611 2026] [wsgi:error] [pid 9:tid 139850239719104] [remote 10.0.0.194:36548] 2026-05-02 05:53:34.919 9 WARNING keystone.common.password_hashing [None req-f36fba34-0f3f-46b0-af0e-f5b9133414b9 - - - - - -] Truncating password to algorithm specific maximum length 72 characters.
[Sat May 02 05:53:35.215608 2026] [wsgi:error] [pid 9:tid 139850239719104] [remote 10.0.0.194:36548] 2026-05-02 05:53:35.215 9 WARNING keystone.common.fernet_utils [None req-f36fba34-0f3f-46b0-af0e-f5b9133414b9 - - - - - -] key_repository is world readable: /etc/keystone/fernet-keys/ 10.0.0.194 - - [02/May/2026:05:53:34 +0000] "POST /v3/auth/tokens HTTP/1.1" 201 1360 10.0.0.194 - - [02/May/2026:05:53:35 +0000] "GET / HTTP/1.1" 300 281 10.0.0.194 - - [02/May/2026:05:53:35 +0000] "GET /v3/domains/atmosphere HTTP/1.1" 404 90 10.0.0.194 - - [02/May/2026:05:53:35 +0000] "GET /v3/domains?name=atmosphere HTTP/1.1" 200 370 10.0.0.194 - - [02/May/2026:05:53:35 +0000] "GET /v3/domains/4f03137d79b74c2b906b440880c97c8a HTTP/1.1" 200 247 10.0.0.194 - - [02/May/2026:05:53:36 +0000] "GET /v3 HTTP/1.1" 200 266
[Sat May 02 05:53:36.359904 2026] [wsgi:error] [pid 12:tid 139850239719104] [remote 10.0.0.194:36558] 2026-05-02 05:53:36.359 12 WARNING keystone.common.password_hashing [None req-047ffd7d-2dfb-4296-bc95-ad94a057a8b2 - - - - - -] Truncating password to algorithm specific maximum length 72 characters.
[Sat May 02 05:53:36.646735 2026] [wsgi:error] [pid 12:tid 139850239719104] [remote 10.0.0.194:36558] 2026-05-02 05:53:36.646 12 WARNING keystone.common.fernet_utils [None req-047ffd7d-2dfb-4296-bc95-ad94a057a8b2 - - - - - -] key_repository is world readable: /etc/keystone/fernet-keys/ 10.0.0.194 - - [02/May/2026:05:53:36 +0000] "POST /v3/auth/tokens HTTP/1.1" 201 1360 10.0.0.194 - - [02/May/2026:05:53:36 +0000] "GET / HTTP/1.1" 300 281 10.0.0.194 - - [02/May/2026:05:53:36 +0000] "GET /v3/OS-FEDERATION/identity_providers/atmosphere HTTP/1.1" 404 101 10.0.0.194 - - [02/May/2026:05:53:36 +0000] "GET /v3/OS-FEDERATION/identity_providers HTTP/1.1" 200 156 10.0.0.194 - - [02/May/2026:05:53:36 +0000] "PUT /v3/OS-FEDERATION/identity_providers/atmosphere HTTP/1.1" 201 342 10.0.0.194 - - [02/May/2026:05:53:37 +0000] "GET /v3 HTTP/1.1" 200 266
[Sat May 02 05:53:37.436015 2026] [wsgi:error] [pid 9:tid 139850239719104] [remote 10.0.0.194:36548] 2026-05-02 05:53:37.435 9 WARNING keystone.common.password_hashing [None req-ea77fd67-03ca-4fbc-b51b-93a7d5181185 - - - - - -] Truncating password to algorithm specific maximum length 72 characters.
[Sat May 02 05:53:37.707982 2026] [wsgi:error] [pid 9:tid 139850239719104] [remote 10.0.0.194:36548] 2026-05-02 05:53:37.707 9 WARNING keystone.common.fernet_utils [None req-ea77fd67-03ca-4fbc-b51b-93a7d5181185 - - - - - -] key_repository is world readable: /etc/keystone/fernet-keys/ 10.0.0.194 - - [02/May/2026:05:53:37 +0000] "POST /v3/auth/tokens HTTP/1.1" 201 1360 10.0.0.194 - - [02/May/2026:05:53:37 +0000] "GET / HTTP/1.1" 300 281 10.0.0.194 - - [02/May/2026:05:53:37 +0000] "GET /v3/OS-FEDERATION/mappings/atmosphere-openid HTTP/1.1" 404 98 10.0.0.194 - - [02/May/2026:05:53:37 +0000] "GET /v3/OS-FEDERATION/mappings HTTP/1.1" 200 136 10.0.0.194 - - [02/May/2026:05:53:37 +0000] "PUT /v3/OS-FEDERATION/mappings/atmosphere-openid HTTP/1.1" 201 357 10.0.0.194 - - [02/May/2026:05:53:38 +0000] "GET /v3 HTTP/1.1" 200 266
[Sat May 02 05:53:38.550690 2026] [wsgi:error] [pid 12:tid 139850239719104] [remote 10.0.0.194:36548] 2026-05-02 05:53:38.549 12 WARNING keystone.common.password_hashing [None req-6a44fdf4-d285-492c-bd52-8601a47e0649 - - - - - -] Truncating password to algorithm specific maximum length 72 characters.
[Sat May 02 05:53:38.820773 2026] [wsgi:error] [pid 12:tid 139850239719104] [remote 10.0.0.194:36548] 2026-05-02 05:53:38.820 12 WARNING keystone.common.fernet_utils [None req-6a44fdf4-d285-492c-bd52-8601a47e0649 - - - - - -] key_repository is world readable: /etc/keystone/fernet-keys/ 10.0.0.194 - - [02/May/2026:05:53:38 +0000] "POST /v3/auth/tokens HTTP/1.1" 201 1360 10.0.0.194 - - [02/May/2026:05:53:38 +0000] "GET / HTTP/1.1" 300 281 10.0.0.194 - - [02/May/2026:05:53:38 +0000] "GET /v3/OS-FEDERATION/identity_providers/atmosphere/protocols/openid?idp_id=atmosphere HTTP/1.1" 404 131 10.0.0.194 - - [02/May/2026:05:53:38 +0000] "GET /v3/OS-FEDERATION/identity_providers/atmosphere/protocols HTTP/1.1" 200 168 10.0.0.194 - - [02/May/2026:05:53:38 +0000] "PUT /v3/OS-FEDERATION/identity_providers/atmosphere/protocols/openid HTTP/1.1" 201 224 10.0.0.194 - - [02/May/2026:05:53:54 +0000] "GET /v3/ HTTP/1.1" 200 249 10.0.0.194 - - [02/May/2026:05:53:54 +0000] "GET /v3/ HTTP/1.1" 200 249 10.0.0.194 - - [02/May/2026:05:54:54 +0000] "GET /v3/ HTTP/1.1" 200 249 10.0.0.194 - - [02/May/2026:05:54:54 +0000] "GET /v3/ HTTP/1.1" 200 249 10.0.0.195 - - [02/May/2026:05:55:00 +0000] "GET / HTTP/1.1" 300 295
[Sat May 02 05:55:00.958664 2026] [wsgi:error] [pid 10:tid 139850239719104] [remote 10.0.0.195:54856] 2026-05-02 05:55:00.958 10 WARNING keystone.common.password_hashing [None req-0d877bbe-23d3-4f38-940d-2377fb3d140f - - - - - -] Truncating password to algorithm specific maximum length 72 characters.
[Sat May 02 05:55:01.232537 2026] [wsgi:error] [pid 10:tid 139850239719104] [remote 10.0.0.195:54856] 2026-05-02 05:55:01.232 10 WARNING keystone.common.fernet_utils [None req-0d877bbe-23d3-4f38-940d-2377fb3d140f - - - - - -] key_repository is world readable: /etc/keystone/fernet-keys/ 10.0.0.195 - - [02/May/2026:05:55:00 +0000] "POST /v3/auth/tokens HTTP/1.1" 201 1360 10.0.0.195 - - [02/May/2026:05:55:01 +0000] "GET /v3/services HTTP/1.1" 200 355 10.0.0.195 - - [02/May/2026:05:55:04 +0000] "GET / HTTP/1.1" 300 295
[Sat May 02 05:55:04.627652 2026] [wsgi:error] [pid 9:tid 139850239719104] [remote 10.0.0.195:54858] 2026-05-02 05:55:04.627 9 WARNING keystone.common.password_hashing [None req-8dd76eb1-3197-4f98-bd2e-217116538198 - - - - - -] Truncating password to algorithm specific maximum length 72 characters.
[Sat May 02 05:55:04.902951 2026] [wsgi:error] [pid 9:tid 139850239719104] [remote 10.0.0.195:54858] 2026-05-02 05:55:04.902 9 WARNING keystone.common.fernet_utils [None req-8dd76eb1-3197-4f98-bd2e-217116538198 - - - - - -] key_repository is world readable: /etc/keystone/fernet-keys/ 10.0.0.195 - - [02/May/2026:05:55:04 +0000] "POST /v3/auth/tokens HTTP/1.1" 201 1360 10.0.0.195 - - [02/May/2026:05:55:05 +0000] "GET /v3/services HTTP/1.1" 200 355 10.0.0.195 - - [02/May/2026:05:55:08 +0000] "GET / HTTP/1.1" 300 295
[Sat May 02 05:55:08.325630 2026] [wsgi:error] [pid 12:tid 139850239719104] [remote 10.0.0.195:54868] 2026-05-02 05:55:08.325 12 WARNING keystone.common.password_hashing [None req-296a09bd-6024-4a02-8a77-ed3371893e8f - - - - - -] Truncating password to algorithm specific maximum length 72 characters.
[Sat May 02 05:55:08.593431 2026] [wsgi:error] [pid 12:tid 139850239719104] [remote 10.0.0.195:54868] 2026-05-02 05:55:08.593 12 WARNING keystone.common.fernet_utils [None req-296a09bd-6024-4a02-8a77-ed3371893e8f - - - - - -] key_repository is world readable: /etc/keystone/fernet-keys/ 10.0.0.195 - - [02/May/2026:05:55:08 +0000] "POST /v3/auth/tokens HTTP/1.1" 201 1360 10.0.0.195 - - [02/May/2026:05:55:08 +0000] "GET /v3/services HTTP/1.1" 200 355 10.0.0.195 - - [02/May/2026:05:55:12 +0000] "GET / HTTP/1.1" 300 295
[Sat May 02 05:55:12.041453 2026] [wsgi:error] [pid 11:tid 139850239719104] [remote 10.0.0.195:45304] 2026-05-02 05:55:12.041 11 WARNING keystone.common.password_hashing [None req-c0ac360e-30c9-4c44-95d1-5e7bd8b8aa3e - - - - - -] Truncating password to algorithm specific maximum length 72 characters.
[Sat May 02 05:55:12.314504 2026] [wsgi:error] [pid 11:tid 139850239719104] [remote 10.0.0.195:45304] 2026-05-02 05:55:12.314 11 WARNING keystone.common.fernet_utils [None req-c0ac360e-30c9-4c44-95d1-5e7bd8b8aa3e - - - - - -] key_repository is world readable: /etc/keystone/fernet-keys/ 10.0.0.195 - - [02/May/2026:05:55:12 +0000] "POST /v3/auth/tokens HTTP/1.1" 201 1360 10.0.0.195 - - [02/May/2026:05:55:12 +0000] "POST /v3/services HTTP/1.1" 201 296 10.0.0.150 - - [02/May/2026:05:55:22 +0000] "GET / HTTP/1.1" 300 295
[Sat May 02 05:55:22.028227 2026] [wsgi:error] [pid 10:tid 139850239719104] [remote 10.0.0.150:54300] 2026-05-02 05:55:22.028 10 WARNING keystone.common.password_hashing [None req-217694a0-4332-4614-bda8-397fac96cced - - - - - -] Truncating password to algorithm specific maximum length 72 characters. 10.0.0.150 - - [02/May/2026:05:55:22 +0000] "GET / HTTP/1.1" 300 295
[Sat May 02 05:55:22.157428 2026] [wsgi:error] [pid 12:tid 139850239719104] [remote 10.0.0.150:54314] 2026-05-02 05:55:22.157 12 WARNING keystone.common.password_hashing [None req-3d71bd81-13d2-4f33-b9cf-5082b5296981 - - - - - -] Truncating password to algorithm specific maximum length 72 characters. 10.0.0.150 - - [02/May/2026:05:55:22 +0000] "GET / HTTP/1.1" 300 295
[Sat May 02 05:55:22.285811 2026] [wsgi:error] [pid 11:tid 139850239719104] [remote 10.0.0.150:54316] 2026-05-02 05:55:22.285 11 WARNING keystone.common.password_hashing [None req-a7c04dbe-ceea-4404-841a-bea7f9b37106 - - - - - -] Truncating password to algorithm specific maximum length 72 characters.
[Sat May 02 05:55:22.305977 2026] [wsgi:error] [pid 10:tid 139850239719104] [remote 10.0.0.150:54300] 2026-05-02 05:55:22.305 10 WARNING keystone.common.fernet_utils [None req-217694a0-4332-4614-bda8-397fac96cced - - - - - -] key_repository is world readable: /etc/keystone/fernet-keys/ 10.0.0.150 - - [02/May/2026:05:55:22 +0000] "POST /v3/auth/tokens HTTP/1.1" 201 1464
[Sat May 02 05:55:22.431399 2026] [wsgi:error] [pid 12:tid 139850239719104] [remote 10.0.0.150:54314] 2026-05-02 05:55:22.431 12 WARNING keystone.common.fernet_utils [None req-3d71bd81-13d2-4f33-b9cf-5082b5296981 - - - - - -] key_repository is world readable: /etc/keystone/fernet-keys/ 10.0.0.150 - - [02/May/2026:05:55:22 +0000] "POST /v3/auth/tokens HTTP/1.1" 201 1464 10.0.0.150 - - [02/May/2026:05:55:22 +0000] "GET /v3/services HTTP/1.1" 200 639
[Sat May 02 05:55:22.553958 2026] [wsgi:error] [pid 11:tid 139850239719104] [remote 10.0.0.150:54316] 2026-05-02 05:55:22.553 11 WARNING keystone.common.fernet_utils [None req-a7c04dbe-ceea-4404-841a-bea7f9b37106 - - - - - -] key_repository is world readable: /etc/keystone/fernet-keys/ 10.0.0.150 - - [02/May/2026:05:55:22 +0000] "GET /v3/services HTTP/1.1" 200 639 10.0.0.150 - - [02/May/2026:05:55:22 +0000] "POST /v3/auth/tokens HTTP/1.1" 201 1464 10.0.0.150 - - [02/May/2026:05:55:22 +0000] "GET /v3/services HTTP/1.1" 200 639 10.0.0.150 - - [02/May/2026:05:55:23 +0000] "GET / HTTP/1.1" 300 295
[Sat May 02 05:55:23.851027 2026] [wsgi:error] [pid 10:tid 139850239719104] [remote 10.0.0.150:54318] 2026-05-02 05:55:23.850 10 WARNING keystone.common.password_hashing [None req-fd715f05-0c60-4e14-be94-948c675002fc - - - - - -] Truncating password to algorithm specific maximum length 72 characters. 10.0.0.150 - - [02/May/2026:05:55:23 +0000] "GET / HTTP/1.1" 300 295
[Sat May 02 05:55:23.944719 2026] [wsgi:error] [pid 12:tid 139850239719104] [remote 10.0.0.150:54326] 2026-05-02 05:55:23.944 12 WARNING keystone.common.password_hashing [None req-607cd4a7-0be5-46e2-a1a8-126ebacb63ae - - - - - -] Truncating password to algorithm specific maximum length 72 characters. 10.0.0.150 - - [02/May/2026:05:55:24 +0000] "GET / HTTP/1.1" 300 295
[Sat May 02 05:55:24.035211 2026] [wsgi:error] [pid 11:tid 139850239719104] [remote 10.0.0.150:54342] 2026-05-02 05:55:24.035 11 WARNING keystone.common.password_hashing [None req-b53f7b73-7fea-4bca-86f2-b38cbb8556f5 - - - - - -] Truncating password to algorithm specific maximum length 72 characters.
[Sat May 02 05:55:24.122965 2026] [wsgi:error] [pid 10:tid 139850239719104] [remote 10.0.0.150:54318] 2026-05-02 05:55:24.122 10 WARNING keystone.common.fernet_utils [None req-fd715f05-0c60-4e14-be94-948c675002fc - - - - - -] key_repository is world readable: /etc/keystone/fernet-keys/ 10.0.0.150 - - [02/May/2026:05:55:23 +0000] "POST /v3/auth/tokens HTTP/1.1" 201 1464
[Sat May 02 05:55:24.208545 2026] [wsgi:error] [pid 12:tid 139850239719104] [remote 10.0.0.150:54326] 2026-05-02 05:55:24.208 12 WARNING keystone.common.fernet_utils [None req-607cd4a7-0be5-46e2-a1a8-126ebacb63ae - - - - - -] key_repository is world readable: /etc/keystone/fernet-keys/ 10.0.0.150 - - [02/May/2026:05:55:23 +0000] "POST /v3/auth/tokens HTTP/1.1" 201 1464 10.0.0.150 - - [02/May/2026:05:55:24 +0000] "GET /v3/endpoints HTTP/1.1" 200 1227 10.0.0.150 - - [02/May/2026:05:55:24 +0000] "GET /v3/services/6967a2ef684d4b388b7ff7a006a56b67 HTTP/1.1" 200 233 10.0.0.150 - - [02/May/2026:05:55:24 +0000] "GET /v3/services/6967a2ef684d4b388b7ff7a006a56b67 HTTP/1.1" 200 233 10.0.0.150 - - [02/May/2026:05:55:24 +0000] "GET /v3/services/6967a2ef684d4b388b7ff7a006a56b67 HTTP/1.1" 200 233
[Sat May 02 05:55:24.299304 2026] [wsgi:error] [pid 11:tid 139850239719104] [remote 10.0.0.150:54342] 2026-05-02 05:55:24.299 11 WARNING keystone.common.fernet_utils [None req-b53f7b73-7fea-4bca-86f2-b38cbb8556f5 - - - - - -] key_repository is world readable: /etc/keystone/fernet-keys/ 10.0.0.150 - - [02/May/2026:05:55:24 +0000] "POST /v3/auth/tokens HTTP/1.1" 201 1464 10.0.0.150 - - [02/May/2026:05:55:24 +0000] "GET /v3/endpoints HTTP/1.1" 200 1227 10.0.0.150 - - [02/May/2026:05:55:24 +0000] "GET /v3/services/6967a2ef684d4b388b7ff7a006a56b67 HTTP/1.1" 200 233 10.0.0.150 - - [02/May/2026:05:55:24 +0000] "GET /v3/services/6967a2ef684d4b388b7ff7a006a56b67 HTTP/1.1" 200 233 10.0.0.150 - - [02/May/2026:05:55:24 +0000] "GET /v3/services/6967a2ef684d4b388b7ff7a006a56b67 HTTP/1.1" 200 233 10.0.0.150 - - [02/May/2026:05:55:24 +0000] "GET /v3/endpoints HTTP/1.1" 200 1227 10.0.0.150 - - [02/May/2026:05:55:24 +0000] "GET /v3/services/6967a2ef684d4b388b7ff7a006a56b67 HTTP/1.1" 200 233 10.0.0.150 - - [02/May/2026:05:55:24 +0000] "GET /v3/services/6967a2ef684d4b388b7ff7a006a56b67 HTTP/1.1" 200 233 10.0.0.150 - - [02/May/2026:05:55:24 +0000] "GET /v3/services/6967a2ef684d4b388b7ff7a006a56b67 HTTP/1.1" 200 233 10.0.0.150 - - [02/May/2026:05:55:25 +0000] "GET / HTTP/1.1" 300 295
[Sat May 02 05:55:25.595378 2026] [wsgi:error] [pid 12:tid 139850239719104] [remote 10.0.0.150:54348] 2026-05-02 05:55:25.595 12 WARNING keystone.common.password_hashing [None req-a32dd2fc-5002-448b-9cdd-60a6e89ad477 - - - - - -] Truncating password to algorithm specific maximum length 72 characters. 10.0.0.150 - - [02/May/2026:05:55:25 +0000] "GET / HTTP/1.1" 300 295
[Sat May 02 05:55:25.646371 2026] [wsgi:error] [pid 11:tid 139850239719104] [remote 10.0.0.150:54362] 2026-05-02 05:55:25.646 11 WARNING keystone.common.password_hashing [None req-a3c465dc-c4b7-4a89-855e-950c30d329e2 - - - - - -] Truncating password to algorithm specific maximum length 72 characters. 10.0.0.150 - - [02/May/2026:05:55:25 +0000] "GET / HTTP/1.1" 300 295
[Sat May 02 05:55:25.747831 2026] [wsgi:error] [pid 9:tid 139850239719104] [remote 10.0.0.150:54368] 2026-05-02 05:55:25.747 9 WARNING keystone.common.password_hashing [None req-cdec27cc-f21c-49ea-8df9-d4b48834c46e - - - - - -] Truncating password to algorithm specific maximum length 72 characters.
[Sat May 02 05:55:25.861809 2026] [wsgi:error] [pid 12:tid 139850239719104] [remote 10.0.0.150:54348] 2026-05-02 05:55:25.861 12 WARNING keystone.common.fernet_utils [None req-a32dd2fc-5002-448b-9cdd-60a6e89ad477 - - - - - -] key_repository is world readable: /etc/keystone/fernet-keys/ 10.0.0.150 - - [02/May/2026:05:55:25 +0000] "POST /v3/auth/tokens HTTP/1.1" 201 1464
[Sat May 02 05:55:25.913800 2026] [wsgi:error] [pid 11:tid 139850239719104] [remote 10.0.0.150:54362] 2026-05-02 05:55:25.913 11 WARNING keystone.common.fernet_utils [None req-a3c465dc-c4b7-4a89-855e-950c30d329e2 - - - - - -] key_repository is world readable: /etc/keystone/fernet-keys/ 10.0.0.150 - - [02/May/2026:05:55:25 +0000] "POST /v3/auth/tokens HTTP/1.1" 201 1464 10.0.0.150 - - [02/May/2026:05:55:25 +0000] "GET /v3/services/42f2802a0bcd4806a2244dfede25027d HTTP/1.1" 200 296 10.0.0.150 - - [02/May/2026:05:55:25 +0000] "GET /v3/regions/RegionOne HTTP/1.1" 200 173
[Sat May 02 05:55:26.024199 2026] [wsgi:error] [pid 9:tid 139850239719104] [remote 10.0.0.150:54368] 2026-05-02 05:55:26.024 9 WARNING keystone.common.fernet_utils [None req-cdec27cc-f21c-49ea-8df9-d4b48834c46e - - - - - -] key_repository is world readable: /etc/keystone/fernet-keys/ 10.0.0.150 - - [02/May/2026:05:55:25 +0000] "POST /v3/auth/tokens HTTP/1.1" 201 1464 10.0.0.150 - - [02/May/2026:05:55:26 +0000] "GET /v3/services/42f2802a0bcd4806a2244dfede25027d HTTP/1.1" 200 296 10.0.0.150 - - [02/May/2026:05:55:26 +0000] "POST /v3/endpoints HTTP/1.1" 201 380 10.0.0.150 - - [02/May/2026:05:55:26 +0000] "GET /v3/regions/RegionOne HTTP/1.1" 200 173 10.0.0.150 - - [02/May/2026:05:55:26 +0000] "GET /v3/services/42f2802a0bcd4806a2244dfede25027d HTTP/1.1" 200 296 10.0.0.150 - - [02/May/2026:05:55:26 +0000] "GET /v3/regions/RegionOne HTTP/1.1" 200 173 10.0.0.150 - - [02/May/2026:05:55:26 +0000] "POST /v3/endpoints HTTP/1.1" 201 370 10.0.0.150 - - [02/May/2026:05:55:26 +0000] "POST /v3/endpoints HTTP/1.1" 201 383 10.0.0.150 - - [02/May/2026:05:55:27 +0000] "GET / HTTP/1.1" 300 295
[Sat May 02 05:55:27.318469 2026] [wsgi:error] [pid 11:tid 139850239719104] [remote 10.0.0.150:54380] 2026-05-02 05:55:27.318 11 WARNING keystone.common.password_hashing [None req-e54f9022-80d4-4bb1-8ffe-c6c6b53dd078 - - - - - -] Truncating password to algorithm specific maximum length 72 characters. 10.0.0.150 - - [02/May/2026:05:55:27 +0000] "GET / HTTP/1.1" 300 295 10.0.0.150 - - [02/May/2026:05:55:27 +0000] "GET / HTTP/1.1" 300 295
[Sat May 02 05:55:27.489276 2026] [wsgi:error] [pid 9:tid 139850239719104] [remote 10.0.0.150:54396] 2026-05-02 05:55:27.489 9 WARNING keystone.common.password_hashing [None req-5fd19e3c-d27a-46cb-8372-5567568799f2 - - - - - -] Truncating password to algorithm specific maximum length 72 characters.
[Sat May 02 05:55:27.508124 2026] [wsgi:error] [pid 12:tid 139850239719104] [remote 10.0.0.150:54398] 2026-05-02 05:55:27.507 12 WARNING keystone.common.password_hashing [None req-2675e695-90e4-4bf7-8ce7-098d906b0829 - - - - - -] Truncating password to algorithm specific maximum length 72 characters.
[Sat May 02 05:55:27.584149 2026] [wsgi:error] [pid 11:tid 139850239719104] [remote 10.0.0.150:54380] 2026-05-02 05:55:27.584 11 WARNING keystone.common.fernet_utils [None req-e54f9022-80d4-4bb1-8ffe-c6c6b53dd078 - - - - - -] key_repository is world readable: /etc/keystone/fernet-keys/ 10.0.0.150 - - [02/May/2026:05:55:27 +0000] "POST /v3/auth/tokens HTTP/1.1" 201 1992 10.0.0.150 - - [02/May/2026:05:55:27 +0000] "GET /v3/endpoints/5d93a1c0241f492f814513badcaa1572 HTTP/1.1" 200 380 10.0.0.150 - - [02/May/2026:05:55:27 +0000] "GET /v3/services/42f2802a0bcd4806a2244dfede25027d HTTP/1.1" 200 296
[Sat May 02 05:55:27.766141 2026] [wsgi:error] [pid 9:tid 139850239719104] [remote 10.0.0.150:54396] 2026-05-02 05:55:27.765 9 WARNING keystone.common.fernet_utils [None req-5fd19e3c-d27a-46cb-8372-5567568799f2 - - - - - -] key_repository is world readable: /etc/keystone/fernet-keys/ 10.0.0.150 - - [02/May/2026:05:55:27 +0000] "POST /v3/auth/tokens HTTP/1.1" 201 1992
[Sat May 02 05:55:27.800771 2026] [wsgi:error] [pid 12:tid 139850239719104] [remote 10.0.0.150:54398] 2026-05-02 05:55:27.800 12 WARNING keystone.common.fernet_utils [None req-2675e695-90e4-4bf7-8ce7-098d906b0829 - - - - - -] key_repository is world readable: /etc/keystone/fernet-keys/ 10.0.0.150 - - [02/May/2026:05:55:27 +0000] "POST /v3/auth/tokens HTTP/1.1" 201 1992 10.0.0.150 - - [02/May/2026:05:55:27 +0000] "GET /v3/endpoints/0a7794c4889f49039e0e37b8ee0a94c8 HTTP/1.1" 200 383 10.0.0.150 - - [02/May/2026:05:55:27 +0000] "GET /v3/services/42f2802a0bcd4806a2244dfede25027d HTTP/1.1" 200 296 10.0.0.150 - - [02/May/2026:05:55:27 +0000] "GET /v3/endpoints/90869a4e7e0b4756a313d9d695786985 HTTP/1.1" 200 370 10.0.0.150 - - [02/May/2026:05:55:27 +0000] "GET /v3/services/42f2802a0bcd4806a2244dfede25027d HTTP/1.1" 200 296 10.0.0.193 - - [02/May/2026:05:55:38 +0000] "GET / HTTP/1.1" 300 295
[Sat May 02 05:55:38.204878 2026] [wsgi:error] [pid 11:tid 139850239719104] [remote 10.0.0.193:58960] 2026-05-02 05:55:38.204 11 WARNING keystone.common.password_hashing [None req-c4766eb1-984d-49ff-9b36-d3bce7240bed - - - - - -] Truncating password to algorithm specific maximum length 72 characters.
[Sat May 02 05:55:38.511582 2026] [wsgi:error] [pid 11:tid 139850239719104] [remote 10.0.0.193:58960] 2026-05-02 05:55:38.511 11 WARNING keystone.common.fernet_utils [None req-c4766eb1-984d-49ff-9b36-d3bce7240bed - - - - - -] key_repository is world readable: /etc/keystone/fernet-keys/ 10.0.0.193 - - [02/May/2026:05:55:38 +0000] "POST /v3/auth/tokens HTTP/1.1" 201 1992 10.0.0.193 - - [02/May/2026:05:55:38 +0000] "POST /v3/domains HTTP/1.1" 201 284 10.0.0.193 - - [02/May/2026:05:55:39 +0000] "GET / HTTP/1.1" 300 295
[Sat May 02 05:55:40.011401 2026] [wsgi:error] [pid 10:tid 139850239719104] [remote 10.0.0.193:58962] 2026-05-02 05:55:40.011 10 WARNING keystone.common.password_hashing [None req-9389dba4-73f0-470d-9e6d-a433d1b127b5 - - - - - -] Truncating password to algorithm specific maximum length 72 characters.
[Sat May 02 05:55:40.279267 2026] [wsgi:error] [pid 10:tid 139850239719104] [remote 10.0.0.193:58962] 2026-05-02 05:55:40.279 10 WARNING keystone.common.fernet_utils [None req-9389dba4-73f0-470d-9e6d-a433d1b127b5 - - - - - -] key_repository is world readable: /etc/keystone/fernet-keys/ 10.0.0.193 - - [02/May/2026:05:55:39 +0000] "POST /v3/auth/tokens HTTP/1.1" 201 1992
[Sat May 02 05:55:40.455197 2026] [wsgi:error] [pid 11:tid 139850239719104] [remote 10.0.0.193:58962] 2026-05-02 05:55:40.442 11 ERROR keystone.server.flask.application [None req-03ad6b6f-11a7-4b87-819d-9970cc902e6d fbc5a27e41b241daa652d5fa5fe4dd39 6128648e591845b59ff9d3a59ae435ff - - default default] Conflict occurred attempting to store project - it is not permitted to have two projects acting as domains with the same name: service.: keystone.exception.Conflict: Conflict occurred attempting to store project - it is not permitted to have two projects acting as domains with the same name: service.
[Sat May 02 05:55:40.455218 2026] [wsgi:error] [pid 11:tid 139850239719104] [remote 10.0.0.193:58962] 2026-05-02 05:55:40.442 11 ERROR keystone.server.flask.application
Traceback (most recent call last):
[Sat May 02 05:55:40.455220 2026] [wsgi:error] [pid 11:tid 139850239719104] [remote 10.0.0.193:58962] 2026-05-02 05:55:40.442 11 ERROR keystone.server.flask.application
File "/var/lib/openstack/lib/python3.12/site-packages/sqlalchemy/engine/base.py", line 1967, in _exec_single_context
[Sat May 02 05:55:40.455222 2026] [wsgi:error] [pid 11:tid 139850239719104] [remote 10.0.0.193:58962] 2026-05-02 05:55:40.442 11 ERROR keystone.server.flask.application self.dialect.do_execute(
[Sat May 02 05:55:40.455223 2026] [wsgi:error] [pid 11:tid 139850239719104] [remote 10.0.0.193:58962] 2026-05-02 05:55:40.442 11 ERROR keystone.server.flask.application
File "/var/lib/openstack/lib/python3.12/site-packages/sqlalchemy/engine/default.py", line 952, in do_execute
[Sat May 02 05:55:40.455225 2026] [wsgi:error] [pid 11:tid 139850239719104] [remote 10.0.0.193:58962] 2026-05-02 05:55:40.442 11 ERROR keystone.server.flask.application cursor.execute(statement, parameters)
[Sat May 02 05:55:40.455227 2026] [wsgi:error] [pid 11:tid 139850239719104] [remote 10.0.0.193:58962] 2026-05-02 05:55:40.442 11 ERROR keystone.server.flask.application
File "/var/lib/openstack/lib/python3.12/site-packages/pymysql/cursors.py", line 153, in execute
[Sat May 02 05:55:40.455228 2026] [wsgi:error] [pid 11:tid 139850239719104] [remote 10.0.0.193:58962] 2026-05-02 05:55:40.442 11 ERROR keystone.server.flask.application result = self._query(query)
[Sat May 02 05:55:40.455229 2026] [wsgi:error] [pid 11:tid 139850239719104] [remote 10.0.0.193:58962] 2026-05-02 05:55:40.442 11 ERROR keystone.server.flask.application ^^^^^^^^^^^^^^^^^^
[Sat May 02 05:55:40.455231 2026] [wsgi:error] [pid 11:tid 139850239719104] [remote 10.0.0.193:58962] 2026-05-02 05:55:40.442 11 ERROR keystone.server.flask.application
File "/var/lib/openstack/lib/python3.12/site-packages/pymysql/cursors.py", line 322, in _query
[Sat May 02 05:55:40.455232 2026] [wsgi:error] [pid 11:tid 139850239719104] [remote 10.0.0.193:58962] 2026-05-02 05:55:40.442 11 ERROR keystone.server.flask.application conn.query(q)
[Sat May 02 05:55:40.455234 2026] [wsgi:error] [pid 11:tid 139850239719104] [remote 10.0.0.193:58962] 2026-05-02 05:55:40.442 11 ERROR keystone.server.flask.application
File "/var/lib/openstack/lib/python3.12/site-packages/pymysql/connections.py", line 575, in query
[Sat May 02 05:55:40.455236 2026] [wsgi:error] [pid 11:tid 139850239719104] [remote 10.0.0.193:58962] 2026-05-02 05:55:40.442 11 ERROR keystone.server.flask.application self._affected_rows = self._read_query_result(unbuffered=unbuffered)
[Sat May 02 05:55:40.455237 2026] [wsgi:error] [pid 11:tid 139850239719104] [remote 10.0.0.193:58962] 2026-05-02 05:55:40.442 11 ERROR keystone.server.flask.application ^^^^^^^^^^^^^^^^^^^^^^^^^^^^^^^^^^^^^^^^^^^^^^
[Sat May 02 05:55:40.455239 2026] [wsgi:error] [pid 11:tid 139850239719104] [remote 10.0.0.193:58962] 2026-05-02 05:55:40.442 11 ERROR keystone.server.flask.application
File "/var/lib/openstack/lib/python3.12/site-packages/pymysql/connections.py", line 826, in _read_query_result
[Sat May 02 05:55:40.455240 2026] [wsgi:error] [pid 11:tid 139850239719104] [remote 10.0.0.193:58962] 2026-05-02 05:55:40.442 11 ERROR keystone.server.flask.application result.read()
[Sat May 02 05:55:40.455243 2026] [wsgi:error] [pid 11:tid 139850239719104] [remote 10.0.0.193:58962] 2026-05-02 05:55:40.442 11 ERROR keystone.server.flask.application
File "/var/lib/openstack/lib/python3.12/site-packages/pymysql/connections.py", line 1203, in read
[Sat May 02 05:55:40.455245 2026] [wsgi:error] [pid 11:tid 139850239719104] [remote 10.0.0.193:58962] 2026-05-02 05:55:40.442 11 ERROR keystone.server.flask.application first_packet = self.connection._read_packet()
[Sat May 02 05:55:40.455246 2026] [wsgi:error] [pid 11:tid 139850239719104] [remote 10.0.0.193:58962] 2026-05-02 05:55:40.442 11 ERROR keystone.server.flask.application ^^^^^^^^^^^^^^^^^^^^^^^^^^^^^^
[Sat May 02 05:55:40.455248 2026] [wsgi:error] [pid 11:tid 139850239719104] [remote 10.0.0.193:58962] 2026-05-02 05:55:40.442 11 ERROR keystone.server.flask.application
File "/var/lib/openstack/lib/python3.12/site-packages/pymysql/connections.py", line 782, in _read_packet
[Sat May 02 05:55:40.455249 2026] [wsgi:error] [pid 11:tid 139850239719104] [remote 10.0.0.193:58962] 2026-05-02 05:55:40.442 11 ERROR keystone.server.flask.application packet.raise_for_error()
[Sat May 02 05:55:40.455251 2026] [wsgi:error] [pid 11:tid 139850239719104] [remote 10.0.0.193:58962] 2026-05-02 05:55:40.442 11 ERROR keystone.server.flask.application
File "/var/lib/openstack/lib/python3.12/site-packages/pymysql/protocol.py", line 219, in raise_for_error
[Sat May 02 05:55:40.455252 2026] [wsgi:error] [pid 11:tid 139850239719104] [remote 10.0.0.193:58962] 2026-05-02 05:55:40.442 11 ERROR keystone.server.flask.application err.raise_mysql_exception(self._data)
[Sat May 02 05:55:40.455253 2026] [wsgi:error] [pid 11:tid 139850239719104] [remote 10.0.0.193:58962] 2026-05-02 05:55:40.442 11 ERROR keystone.server.flask.application
File "/var/lib/openstack/lib/python3.12/site-packages/pymysql/err.py", line 150, in raise_mysql_exception
[Sat May 02 05:55:40.455255 2026] [wsgi:error] [pid 11:tid 139850239719104] [remote 10.0.0.193:58962] 2026-05-02 05:55:40.442 11 ERROR keystone.server.flask.application raise errorclass(errno, errval)
[Sat May 02 05:55:40.455257 2026] [wsgi:error] [pid 11:tid 139850239719104] [remote 10.0.0.193:58962] 2026-05-02 05:55:40.442 11 ERROR keystone.server.flask.application pymysql.err.IntegrityError: (1062, "Duplicate entry '<>-service' for key 'project.ixu_project_name_domain_id'")
[Sat May 02 05:55:40.455266 2026] [wsgi:error] [pid 11:tid 139850239719104] [remote 10.0.0.193:58962] 2026-05-02 05:55:40.442 11 ERROR keystone.server.flask.application
[Sat May 02 05:55:40.455267 2026] [wsgi:error] [pid 11:tid 139850239719104] [remote 10.0.0.193:58962] 2026-05-02 05:55:40.442 11 ERROR keystone.server.flask.application The above exception was the direct cause of the following exception:
[Sat May 02 05:55:40.455269 2026] [wsgi:error] [pid 11:tid 139850239719104] [remote 10.0.0.193:58962] 2026-05-02 05:55:40.442 11 ERROR keystone.server.flask.application
[Sat May 02 05:55:40.455270 2026] [wsgi:error] [pid 11:tid 139850239719104] [remote 10.0.0.193:58962] 2026-05-02 05:55:40.442 11 ERROR keystone.server.flask.application
Traceback (most recent call last):
[Sat May 02 05:55:40.455272 2026] [wsgi:error] [pid 11:tid 139850239719104] [remote 10.0.0.193:58962] 2026-05-02 05:55:40.442 11 ERROR keystone.server.flask.application
File "/var/lib/openstack/lib/python3.12/site-packages/keystone/common/sql/core.py", line 575, in wrapper
[Sat May 02 05:55:40.455273 2026] [wsgi:error] [pid 11:tid 139850239719104] [remote 10.0.0.193:58962] 2026-05-02 05:55:40.442 11 ERROR keystone.server.flask.application return method(*args, **kwargs)
[Sat May 02 05:55:40.455275 2026] [wsgi:error] [pid 11:tid 139850239719104] [remote 10.0.0.193:58962] 2026-05-02 05:55:40.442 11 ERROR keystone.server.flask.application ^^^^^^^^^^^^^^^^^^^^^^^
[Sat May 02 05:55:40.455276 2026] [wsgi:error] [pid 11:tid 139850239719104] [remote 10.0.0.193:58962] 2026-05-02 05:55:40.442 11 ERROR keystone.server.flask.application
File "/var/lib/openstack/lib/python3.12/site-packages/keystone/resource/backends/sql.py", line 278, in create_project
[Sat May 02 05:55:40.455278 2026] [wsgi:error] [pid 11:tid 139850239719104] [remote 10.0.0.193:58962] 2026-05-02 05:55:40.442 11 ERROR keystone.server.flask.application with sql.session_for_write() as session:
[Sat May 02 05:55:40.455279 2026] [wsgi:error] [pid 11:tid 139850239719104] [remote 10.0.0.193:58962] 2026-05-02 05:55:40.442 11 ERROR keystone.server.flask.application
File "/usr/lib/python3.12/contextlib.py", line 144, in __exit__
[Sat May 02 05:55:40.455281 2026] [wsgi:error] [pid 11:tid 139850239719104] [remote 10.0.0.193:58962] 2026-05-02 05:55:40.442 11 ERROR keystone.server.flask.application next(self.gen)
[Sat May 02 05:55:40.455282 2026] [wsgi:error] [pid 11:tid 139850239719104] [remote 10.0.0.193:58962] 2026-05-02 05:55:40.442 11 ERROR keystone.server.flask.application
File "/var/lib/openstack/lib/python3.12/site-packages/oslo_db/sqlalchemy/enginefacade.py", line 1175, in _transaction_scope
[Sat May 02 05:55:40.455284 2026] [wsgi:error] [pid 11:tid 139850239719104] [remote 10.0.0.193:58962] 2026-05-02 05:55:40.442 11 ERROR keystone.server.flask.application with current._produce_block(
[Sat May 02 05:55:40.455285 2026] [wsgi:error] [pid 11:tid 139850239719104] [remote 10.0.0.193:58962] 2026-05-02 05:55:40.442 11 ERROR keystone.server.flask.application
File "/usr/lib/python3.12/contextlib.py", line 144, in __exit__
[Sat May 02 05:55:40.455287 2026] [wsgi:error] [pid 11:tid 139850239719104] [remote 10.0.0.193:58962] 2026-05-02 05:55:40.442 11 ERROR keystone.server.flask.application next(self.gen)
[Sat May 02 05:55:40.455288 2026] [wsgi:error] [pid 11:tid 139850239719104] [remote 10.0.0.193:58962] 2026-05-02 05:55:40.442 11 ERROR keystone.server.flask.application
File "/var/lib/openstack/lib/python3.12/site-packages/oslo_db/sqlalchemy/enginefacade.py", line 837, in _session
[Sat May 02 05:55:40.455290 2026] [wsgi:error] [pid 11:tid 139850239719104] [remote 10.0.0.193:58962] 2026-05-02 05:55:40.442 11 ERROR keystone.server.flask.application with excutils.save_and_reraise_exception():
[Sat May 02 05:55:40.455292 2026] [wsgi:error] [pid 11:tid 139850239719104] [remote 10.0.0.193:58962] 2026-05-02 05:55:40.442 11 ERROR keystone.server.flask.application
File "/var/lib/openstack/lib/python3.12/site-packages/oslo_utils/excutils.py", line 271, in __exit__
[Sat May 02 05:55:40.455294 2026] [wsgi:error] [pid 11:tid 139850239719104] [remote 10.0.0.193:58962] 2026-05-02 05:55:40.442 11 ERROR keystone.server.flask.application self.force_reraise()
[Sat May 02 05:55:40.455295 2026] [wsgi:error] [pid 11:tid 139850239719104] [remote 10.0.0.193:58962] 2026-05-02 05:55:40.442 11 ERROR keystone.server.flask.application
File "/var/lib/openstack/lib/python3.12/site-packages/oslo_utils/excutils.py", line 233, in force_reraise
[Sat May 02 05:55:40.455300 2026] [wsgi:error] [pid 11:tid 139850239719104] [remote 10.0.0.193:58962] 2026-05-02 05:55:40.442 11 ERROR keystone.server.flask.application raise self.value
[Sat May 02 05:55:40.455301 2026] [wsgi:error] [pid 11:tid 139850239719104] [remote 10.0.0.193:58962] 2026-05-02 05:55:40.442 11 ERROR keystone.server.flask.application
File "/var/lib/openstack/lib/python3.12/site-packages/oslo_db/sqlalchemy/enginefacade.py", line 835, in _session
[Sat May 02 05:55:40.455303 2026] [wsgi:error] [pid 11:tid 139850239719104] [remote 10.0.0.193:58962] 2026-05-02 05:55:40.442 11 ERROR keystone.server.flask.application self._end_session_transaction(self.session)
[Sat May 02 05:55:40.455304 2026] [wsgi:error] [pid 11:tid 139850239719104] [remote 10.0.0.193:58962] 2026-05-02 05:55:40.442 11 ERROR keystone.server.flask.application
File "/var/lib/openstack/lib/python3.12/site-packages/oslo_db/sqlalchemy/enginefacade.py", line 748, in _end_session_transaction
[Sat May 02 05:55:40.455306 2026] [wsgi:error] [pid 11:tid 139850239719104] [remote 10.0.0.193:58962] 2026-05-02 05:55:40.442 11 ERROR keystone.server.flask.application session.commit()
[Sat May 02 05:55:40.455308 2026] [wsgi:error] [pid 11:tid 139850239719104] [remote 10.0.0.193:58962] 2026-05-02 05:55:40.442 11 ERROR keystone.server.flask.application
File "/var/lib/openstack/lib/python3.12/site-packages/sqlalchemy/orm/session.py", line 2030, in commit
[Sat May 02 05:55:40.455310 2026] [wsgi:error] [pid 11:tid 139850239719104] [remote 10.0.0.193:58962] 2026-05-02 05:55:40.442 11 ERROR keystone.server.flask.application trans.commit(_to_root=True)
[Sat May 02 05:55:40.455311 2026] [wsgi:error] [pid 11:tid 139850239719104] [remote 10.0.0.193:58962] 2026-05-02 05:55:40.442 11 ERROR keystone.server.flask.application File "", line 2, in commit
[Sat May 02 05:55:40.455313 2026] [wsgi:error] [pid 11:tid 139850239719104] [remote 10.0.0.193:58962] 2026-05-02 05:55:40.442 11 ERROR keystone.server.flask.application
File "/var/lib/openstack/lib/python3.12/site-packages/sqlalchemy/orm/state_changes.py", line 137, in _go
[Sat May 02 05:55:40.455315 2026] [wsgi:error] [pid 11:tid 139850239719104] [remote 10.0.0.193:58962] 2026-05-02 05:55:40.442 11 ERROR keystone.server.flask.application ret_value = fn(self, *arg, **kw)
[Sat May 02 05:55:40.455317 2026] [wsgi:error] [pid 11:tid 139850239719104] [remote 10.0.0.193:58962] 2026-05-02 05:55:40.442 11 ERROR keystone.server.flask.application ^^^^^^^^^^^^^^^^^^^^
[Sat May 02 05:55:40.455319 2026] [wsgi:error] [pid 11:tid 139850239719104] [remote 10.0.0.193:58962] 2026-05-02 05:55:40.442 11 ERROR keystone.server.flask.application
File "/var/lib/openstack/lib/python3.12/site-packages/sqlalchemy/orm/session.py", line 1311, in commit
[Sat May 02 05:55:40.455320 2026] [wsgi:error] [pid 11:tid 139850239719104] [remote 10.0.0.193:58962] 2026-05-02 05:55:40.442 11 ERROR keystone.server.flask.application self._prepare_impl()
[Sat May 02 05:55:40.455322 2026] [wsgi:error] [pid 11:tid 139850239719104] [remote 10.0.0.193:58962] 2026-05-02 05:55:40.442 11 ERROR keystone.server.flask.application File "", line 2, in _prepare_impl
[Sat May 02 05:55:40.455323 2026] [wsgi:error] [pid 11:tid 139850239719104] [remote 10.0.0.193:58962] 2026-05-02 05:55:40.442 11 ERROR keystone.server.flask.application
File "/var/lib/openstack/lib/python3.12/site-packages/sqlalchemy/orm/state_changes.py", line 137, in _go
[Sat May 02 05:55:40.455326 2026] [wsgi:error] [pid 11:tid 139850239719104] [remote 10.0.0.193:58962] 2026-05-02 05:55:40.442 11 ERROR keystone.server.flask.application ret_value = fn(self, *arg, **kw)
[Sat May 02 05:55:40.455329 2026] [wsgi:error] [pid 11:tid 139850239719104] [remote 10.0.0.193:58962] 2026-05-02 05:55:40.442 11 ERROR keystone.server.flask.application ^^^^^^^^^^^^^^^^^^^^
[Sat May 02 05:55:40.455331 2026] [wsgi:error] [pid 11:tid 139850239719104] [remote 10.0.0.193:58962] 2026-05-02 05:55:40.442 11 ERROR keystone.server.flask.application
File "/var/lib/openstack/lib/python3.12/site-packages/sqlalchemy/orm/session.py", line 1286, in _prepare_impl
[Sat May 02 05:55:40.455334 2026] [wsgi:error] [pid 11:tid 139850239719104] [remote 10.0.0.193:58962] 2026-05-02 05:55:40.442 11 ERROR keystone.server.flask.application self.session.flush()
[Sat May 02 05:55:40.455337 2026] [wsgi:error] [pid 11:tid 139850239719104] [remote 10.0.0.193:58962] 2026-05-02 05:55:40.442 11 ERROR keystone.server.flask.application
File "/var/lib/openstack/lib/python3.12/site-packages/sqlalchemy/orm/session.py", line 4331, in flush
[Sat May 02 05:55:40.455339 2026] [wsgi:error] [pid 11:tid 139850239719104] [remote 10.0.0.193:58962] 2026-05-02 05:55:40.442 11 ERROR keystone.server.flask.application self._flush(objects)
[Sat May 02 05:55:40.455342 2026] [wsgi:error] [pid 11:tid 139850239719104] [remote 10.0.0.193:58962] 2026-05-02 05:55:40.442 11 ERROR keystone.server.flask.application
File "/var/lib/openstack/lib/python3.12/site-packages/sqlalchemy/orm/session.py", line 4466, in _flush
[Sat May 02 05:55:40.455344 2026] [wsgi:error] [pid 11:tid 139850239719104] [remote 10.0.0.193:58962] 2026-05-02 05:55:40.442 11 ERROR keystone.server.flask.application with util.safe_reraise():
[Sat May 02 05:55:40.455347 2026] [wsgi:error] [pid 11:tid 139850239719104] [remote 10.0.0.193:58962] 2026-05-02 05:55:40.442 11 ERROR keystone.server.flask.application
File "/var/lib/openstack/lib/python3.12/site-packages/sqlalchemy/util/langhelpers.py", line 121, in __exit__
[Sat May 02 05:55:40.455349 2026] [wsgi:error] [pid 11:tid 139850239719104] [remote 10.0.0.193:58962] 2026-05-02 05:55:40.442 11 ERROR keystone.server.flask.application raise exc_value.with_traceback(exc_tb)
[Sat May 02 05:55:40.455351 2026] [wsgi:error] [pid 11:tid 139850239719104] [remote 10.0.0.193:58962] 2026-05-02 05:55:40.442 11 ERROR keystone.server.flask.application
File "/var/lib/openstack/lib/python3.12/site-packages/sqlalchemy/orm/session.py", line 4427, in _flush
[Sat May 02 05:55:40.455353 2026] [wsgi:error] [pid 11:tid 139850239719104] [remote 10.0.0.193:58962] 2026-05-02 05:55:40.442 11 ERROR keystone.server.flask.application flush_context.execute()
[Sat May 02 05:55:40.455355 2026] [wsgi:error] [pid 11:tid 139850239719104] [remote 10.0.0.193:58962] 2026-05-02 05:55:40.442 11 ERROR keystone.server.flask.application
