2026-05-21 16:04:39.098 8 INFO placement.requestlog [None req-dbcbf321-21e4-4298-ac76-699191f8bbf6 c84e54cfd5da4c46b50a06f2854f195c 83f2ec51e41a4ec0bd624611099c43f4 - - b40ef066928340b2a55b86ea017ee8c5 b40ef066928340b2a55b86ea017ee8c5] 10.0.0.120 "DELETE /resource_providers/55166d27-3552-4e1b-9979-a13fdb9199f5" status: 404 len: 246 microversion: 1.1 [pid: 8|app: 0|req: 331/668] 10.0.0.120 () {34 vars in 816 bytes} [Thu May 21 16:04:39 2026] DELETE /resource_providers/55166d27-3552-4e1b-9979-a13fdb9199f5 => generated 246 bytes in 20 msecs (HTTP/1.1 404) 6 headers in 231 bytes (1 switches on core 0)
2026-05-21 16:04:47.216 8 INFO placement.requestlog [None req-cbb443a7-6f62-49e1-83ea-f6b2434431d2 - - - - - -] 10.0.0.60 "GET /" status: 200 len: 136 microversion: 1.0
2026-05-21 16:04:47.217 7 INFO placement.requestlog [None req-3ff0f7a4-7743-465e-b966-afebe6245f7b - - - - - -] 10.0.0.60 "GET /" status: 200 len: 136 microversion: 1.0
2026-05-21 16:04:49.165 8 INFO placement.requestlog [req-e8575b45-102e-4a35-ba32-c7df342946dc req-891e77b3-fad1-4b95-8a00-91fcbe3de1de f6f96d2626524455a2408ba9b2114c78 83f2ec51e41a4ec0bd624611099c43f4 - - b40ef066928340b2a55b86ea017ee8c5 b40ef066928340b2a55b86ea017ee8c5] 10.0.0.126 "GET /allocation_candidates?limit=1000&resources=DISK_GB%3A1%2CMEMORY_MB%3A512%2CVCPU%3A1&root_required=%21COMPUTE_STATUS_DISABLED" status: 200 len: 2783 microversion: 1.36 [pid: 8|app: 0|req: 333/671] 10.0.0.126 () {34 vars in 1012 bytes} [Thu May 21 16:04:49 2026] GET /allocation_candidates?limit=1000&resources=DISK_GB%3A1%2CMEMORY_MB%3A512%2CVCPU%3A1&root_required=%21COMPUTE_STATUS_DISABLED => generated 2783 bytes in 56 msecs (HTTP/1.1 200) 8 headers in 297 bytes (1 switches on core 0)
2026-05-21 16:04:49.198 7 INFO placement.requestlog [req-e8575b45-102e-4a35-ba32-c7df342946dc req-398237d7-31b7-4254-b01c-ebddf1c32694 f6f96d2626524455a2408ba9b2114c78 83f2ec51e41a4ec0bd624611099c43f4 - - b40ef066928340b2a55b86ea017ee8c5 b40ef066928340b2a55b86ea017ee8c5] 10.0.0.126 "GET /allocations/3e102bf1-c083-4060-94b8-b0479bfb59a6" status: 200 len: 19 microversion: 1.28 [pid: 7|app: 0|req: 339/672] 10.0.0.126 () {34 vars in 861 bytes} [Thu May 21 16:04:49 2026] GET /allocations/3e102bf1-c083-4060-94b8-b0479bfb59a6 => generated 19 bytes in 11 msecs (HTTP/1.1 200) 8 headers in 295 bytes (1 switches on core 0)
2026-05-21 16:04:49.263 8 INFO placement.requestlog [req-e8575b45-102e-4a35-ba32-c7df342946dc req-7bc09328-15c7-41fb-afbd-e08c2000efbd f6f96d2626524455a2408ba9b2114c78 83f2ec51e41a4ec0bd624611099c43f4 - - b40ef066928340b2a55b86ea017ee8c5 b40ef066928340b2a55b86ea017ee8c5] 10.0.0.126 "PUT /allocations/3e102bf1-c083-4060-94b8-b0479bfb59a6" status: 204 len: 0 microversion: 1.36 [pid: 8|app: 0|req: 334/673] 10.0.0.126 () {38 vars in 914 bytes} [Thu May 21 16:04:49 2026] PUT /allocations/3e102bf1-c083-4060-94b8-b0479bfb59a6 => generated 0 bytes in 58 msecs (HTTP/1.1 204) 5 headers in 199 bytes (1 switches on core 0)
2026-05-21 16:04:50.777 7 INFO placement.requestlog [req-e8575b45-102e-4a35-ba32-c7df342946dc req-a7e92f48-be5d-4bfd-9ce2-d4b89c3ef4d4 f6f96d2626524455a2408ba9b2114c78 83f2ec51e41a4ec0bd624611099c43f4 - - b40ef066928340b2a55b86ea017ee8c5 b40ef066928340b2a55b86ea017ee8c5] 199.204.45.132 "GET /allocations/3e102bf1-c083-4060-94b8-b0479bfb59a6" status: 200 len: 257 microversion: 1.28 [pid: 7|app: 0|req: 340/674] 199.204.45.132 () {34 vars in 863 bytes} [Thu May 21 16:04:50 2026] GET /allocations/3e102bf1-c083-4060-94b8-b0479bfb59a6 => generated 257 bytes in 12 msecs (HTTP/1.1 200) 8 headers in 296 bytes (1 switches on core 0)
2026-05-21 16:04:51.810 8 INFO placement.requestlog [req-e8575b45-102e-4a35-ba32-c7df342946dc req-51524006-8900-4351-86eb-4cc84a6de086 f6f96d2626524455a2408ba9b2114c78 83f2ec51e41a4ec0bd624611099c43f4 - - b40ef066928340b2a55b86ea017ee8c5 b40ef066928340b2a55b86ea017ee8c5] 199.204.45.132 "GET /resource_providers/84cb253b-6ef0-49c5-ab44-970e599c1f0a/allocations" status: 200 len: 252 microversion: 1.0 [pid: 8|app: 0|req: 335/675] 199.204.45.132 () {32 vars in 857 bytes} [Thu May 21 16:04:51 2026] GET /resource_providers/84cb253b-6ef0-49c5-ab44-970e599c1f0a/allocations => generated 252 bytes in 14 msecs (HTTP/1.1 200) 6 headers in 224 bytes (1 switches on core 0)
2026-05-21 16:04:51.833 7 INFO placement.requestlog [req-e8575b45-102e-4a35-ba32-c7df342946dc req-1976066a-31fc-4ba4-861f-e83f99dc5be1 f6f96d2626524455a2408ba9b2114c78 83f2ec51e41a4ec0bd624611099c43f4 - - b40ef066928340b2a55b86ea017ee8c5 b40ef066928340b2a55b86ea017ee8c5] 199.204.45.132 "GET /allocations/be3d7d55-a5c6-4210-b07d-7ac2be1261de" status: 200 len: 257 microversion: 1.28 [pid: 7|app: 0|req: 341/676] 199.204.45.132 () {34 vars in 863 bytes} [Thu May 21 16:04:51 2026] GET /allocations/be3d7d55-a5c6-4210-b07d-7ac2be1261de => generated 257 bytes in 18 msecs (HTTP/1.1 200) 8 headers in 296 bytes (1 switches on core 0)
2026-05-21 16:04:51.854 8 INFO placement.requestlog [req-e8575b45-102e-4a35-ba32-c7df342946dc req-e99c2aa7-5659-40d5-a157-e1df2519c583 f6f96d2626524455a2408ba9b2114c78 83f2ec51e41a4ec0bd624611099c43f4 - - b40ef066928340b2a55b86ea017ee8c5 b40ef066928340b2a55b86ea017ee8c5] 199.204.45.132 "GET /allocations/3e102bf1-c083-4060-94b8-b0479bfb59a6" status: 200 len: 257 microversion: 1.28 [pid: 8|app: 0|req: 336/677] 199.204.45.132 () {34 vars in 863 bytes} [Thu May 21 16:04:51 2026] GET /allocations/3e102bf1-c083-4060-94b8-b0479bfb59a6 => generated 257 bytes in 13 msecs (HTTP/1.1 200) 8 headers in 296 bytes (1 switches on core 0)
2026-05-21 16:04:54.304 7 INFO placement.requestlog [req-a500f21b-e6b1-43a0-9365-61cfa214243d req-d2f2f77a-9a99-4e89-99ce-aa648dfb20f5 f6f96d2626524455a2408ba9b2114c78 83f2ec51e41a4ec0bd624611099c43f4 - - b40ef066928340b2a55b86ea017ee8c5 b40ef066928340b2a55b86ea017ee8c5] 199.204.45.132 "GET /resource_providers/84cb253b-6ef0-49c5-ab44-970e599c1f0a/allocations" status: 200 len: 252 microversion: 1.0 [pid: 7|app: 0|req: 342/678] 199.204.45.132 () {32 vars in 857 bytes} [Thu May 21 16:04:54 2026] GET /resource_providers/84cb253b-6ef0-49c5-ab44-970e599c1f0a/allocations => generated 252 bytes in 16 msecs (HTTP/1.1 200) 6 headers in 224 bytes (1 switches on core 0)
2026-05-21 16:04:54.327 8 INFO placement.requestlog [req-a500f21b-e6b1-43a0-9365-61cfa214243d req-92fe53a8-8e68-482a-95de-b2203aa8061d f6f96d2626524455a2408ba9b2114c78 83f2ec51e41a4ec0bd624611099c43f4 - - b40ef066928340b2a55b86ea017ee8c5 b40ef066928340b2a55b86ea017ee8c5] 199.204.45.132 "GET /allocations/be3d7d55-a5c6-4210-b07d-7ac2be1261de" status: 200 len: 257 microversion: 1.28 [pid: 8|app: 0|req: 337/679] 199.204.45.132 () {34 vars in 863 bytes} [Thu May 21 16:04:54 2026] GET /allocations/be3d7d55-a5c6-4210-b07d-7ac2be1261de => generated 257 bytes in 16 msecs (HTTP/1.1 200) 8 headers in 296 bytes (1 switches on core 0)
2026-05-21 16:04:54.347 7 INFO placement.requestlog [req-a500f21b-e6b1-43a0-9365-61cfa214243d req-7c382ec4-89e2-4e06-b088-9c4762d7f716 f6f96d2626524455a2408ba9b2114c78 83f2ec51e41a4ec0bd624611099c43f4 - - b40ef066928340b2a55b86ea017ee8c5 b40ef066928340b2a55b86ea017ee8c5] 199.204.45.132 "GET /allocations/3e102bf1-c083-4060-94b8-b0479bfb59a6" status: 200 len: 257 microversion: 1.28 [pid: 7|app: 0|req: 343/680] 199.204.45.132 () {34 vars in 863 bytes} [Thu May 21 16:04:54 2026] GET /allocations/3e102bf1-c083-4060-94b8-b0479bfb59a6 => generated 257 bytes in 15 msecs (HTTP/1.1 200) 8 headers in 296 bytes (1 switches on core 0)
2026-05-21 16:04:55.397 8 INFO placement.requestlog [req-a500f21b-e6b1-43a0-9365-61cfa214243d req-011f9832-ffac-4ab5-9855-843182e48c0f f6f96d2626524455a2408ba9b2114c78 83f2ec51e41a4ec0bd624611099c43f4 - - b40ef066928340b2a55b86ea017ee8c5 b40ef066928340b2a55b86ea017ee8c5] 199.204.45.132 "DELETE /allocations/be3d7d55-a5c6-4210-b07d-7ac2be1261de" status: 204 len: 0 microversion: 1.0 [pid: 8|app: 0|req: 338/681] 199.204.45.132 () {34 vars in 841 bytes} [Thu May 21 16:04:55 2026] DELETE /allocations/be3d7d55-a5c6-4210-b07d-7ac2be1261de => generated 0 bytes in 24 msecs (HTTP/1.1 204) 5 headers in 198 bytes (1 switches on core 0)
2026-05-21 16:04:57.216 8 INFO placement.requestlog [None req-5d17ca1f-3fa1-429a-b6e1-d48e4e0ef313 - - - - - -] 10.0.0.60 "GET /" status: 200 len: 136 microversion: 1.0
2026-05-21 16:04:57.216 7 INFO placement.requestlog [None req-9f6935ec-1296-4a15-b120-e337defd4629 - - - - - -] 10.0.0.60 "GET /" status: 200 len: 136 microversion: 1.0
2026-05-21 16:04:59.567 8 INFO placement.requestlog [None req-5e311781-f2a7-4e2b-9bd2-8040cc46cb08 c84e54cfd5da4c46b50a06f2854f195c 83f2ec51e41a4ec0bd624611099c43f4 - - b40ef066928340b2a55b86ea017ee8c5 b40ef066928340b2a55b86ea017ee8c5] 10.0.0.120 "GET /resource_providers/3dbbccb1-f916-45af-a101-acf8c7fd7610/aggregates" status: 404 len: 235 microversion: 1.1 [pid: 8|app: 0|req: 340/684] 10.0.0.120 () {32 vars in 816 bytes} [Thu May 21 16:04:59 2026] GET /resource_providers/3dbbccb1-f916-45af-a101-acf8c7fd7610/aggregates => generated 235 bytes in 10 msecs (HTTP/1.1 404) 5 headers in 202 bytes (1 switches on core 0)
2026-05-21 16:04:59.573 7 INFO placement.requestlog [None req-431cb793-13d0-4972-bbf3-cbd6bdc85b5f c84e54cfd5da4c46b50a06f2854f195c 83f2ec51e41a4ec0bd624611099c43f4 - - b40ef066928340b2a55b86ea017ee8c5 b40ef066928340b2a55b86ea017ee8c5] 10.0.0.120 "GET /resource_providers/3dbbccb1-f916-45af-a101-acf8c7fd7610/aggregates" status: 404 len: 235 microversion: 1.1 [pid: 7|app: 0|req: 345/685] 10.0.0.120 () {32 vars in 816 bytes} [Thu May 21 16:04:59 2026] GET /resource_providers/3dbbccb1-f916-45af-a101-acf8c7fd7610/aggregates => generated 235 bytes in 11 msecs (HTTP/1.1 404) 5 headers in 202 bytes (1 switches on core 0)
2026-05-21 16:04:59.588 8 INFO placement.requestlog [None req-70a0b76b-41da-4078-8a47-e403398a00ce c84e54cfd5da4c46b50a06f2854f195c 83f2ec51e41a4ec0bd624611099c43f4 - - b40ef066928340b2a55b86ea017ee8c5 b40ef066928340b2a55b86ea017ee8c5] 10.0.0.120 "DELETE /resource_providers/3dbbccb1-f916-45af-a101-acf8c7fd7610" status: 404 len: 246 microversion: 1.1 [pid: 8|app: 0|req: 341/686] 10.0.0.120 () {34 vars in 816 bytes} [Thu May 21 16:04:59 2026] DELETE /resource_providers/3dbbccb1-f916-45af-a101-acf8c7fd7610 => generated 246 bytes in 10 msecs (HTTP/1.1 404) 6 headers in 231 bytes (1 switches on core 0)
2026-05-21 16:04:59.597 7 INFO placement.requestlog [None req-7263af2a-9548-4ef3-9f70-5411fd96c6f9 c84e54cfd5da4c46b50a06f2854f195c 83f2ec51e41a4ec0bd624611099c43f4 - - b40ef066928340b2a55b86ea017ee8c5 b40ef066928340b2a55b86ea017ee8c5] 10.0.0.120 "DELETE /resource_providers/3dbbccb1-f916-45af-a101-acf8c7fd7610" status: 404 len: 246 microversion: 1.1 [pid: 7|app: 0|req: 346/687] 10.0.0.120 () {34 vars in 816 bytes} [Thu May 21 16:04:59 2026] DELETE /resource_providers/3dbbccb1-f916-45af-a101-acf8c7fd7610 => generated 246 bytes in 11 msecs (HTTP/1.1 404) 6 headers in 231 bytes (1 switches on core 0)
2026-05-21 16:05:02.329 8 INFO placement.requestlog [None req-7da40d06-7f30-45c2-8e6a-6f8a53f0e3d1 c84e54cfd5da4c46b50a06f2854f195c 83f2ec51e41a4ec0bd624611099c43f4 - - b40ef066928340b2a55b86ea017ee8c5 b40ef066928340b2a55b86ea017ee8c5] 10.0.0.120 "GET /resource_providers/8e047853-4bf3-4bbd-8827-08d61e5576b3/aggregates" status: 404 len: 235 microversion: 1.1 [pid: 8|app: 0|req: 342/688] 10.0.0.120 () {32 vars in 816 bytes} [Thu May 21 16:05:02 2026] GET /resource_providers/8e047853-4bf3-4bbd-8827-08d61e5576b3/aggregates => generated 235 bytes in 11 msecs (HTTP/1.1 404) 5 headers in 202 bytes (1 switches on core 0)
2026-05-21 16:05:02.337 7 INFO placement.requestlog [None req-3c368137-5baf-4908-89b0-25881b4b194d c84e54cfd5da4c46b50a06f2854f195c 83f2ec51e41a4ec0bd624611099c43f4 - - b40ef066928340b2a55b86ea017ee8c5 b40ef066928340b2a55b86ea017ee8c5] 10.0.0.120 "GET /resource_providers/8e047853-4bf3-4bbd-8827-08d61e5576b3/aggregates" status: 404 len: 235 microversion: 1.1 [pid: 7|app: 0|req: 347/689] 10.0.0.120 () {32 vars in 816 bytes} [Thu May 21 16:05:02 2026] GET /resource_providers/8e047853-4bf3-4bbd-8827-08d61e5576b3/aggregates => generated 235 bytes in 17 msecs (HTTP/1.1 404) 5 headers in 202 bytes (1 switches on core 0)
2026-05-21 16:05:02.346 8 INFO placement.requestlog [None req-1c039f91-3286-4bfb-b1e3-ad1df2011f4c c84e54cfd5da4c46b50a06f2854f195c 83f2ec51e41a4ec0bd624611099c43f4 - - b40ef066928340b2a55b86ea017ee8c5 b40ef066928340b2a55b86ea017ee8c5] 10.0.0.120 "DELETE /resource_providers/8e047853-4bf3-4bbd-8827-08d61e5576b3" status: 404 len: 246 microversion: 1.1 [pid: 8|app: 0|req: 343/690] 10.0.0.120 () {34 vars in 816 bytes} [Thu May 21 16:05:02 2026] DELETE /resource_providers/8e047853-4bf3-4bbd-8827-08d61e5576b3 => generated 246 bytes in 8 msecs (HTTP/1.1 404) 6 headers in 231 bytes (1 switches on core 0)
2026-05-21 16:05:02.356 7 INFO placement.requestlog [None req-1a1a84c3-3786-476b-aee6-9e6dc8cc51bd c84e54cfd5da4c46b50a06f2854f195c 83f2ec51e41a4ec0bd624611099c43f4 - - b40ef066928340b2a55b86ea017ee8c5 b40ef066928340b2a55b86ea017ee8c5] 10.0.0.120 "DELETE /resource_providers/8e047853-4bf3-4bbd-8827-08d61e5576b3" status: 404 len: 246 microversion: 1.1 [pid: 7|app: 0|req: 348/691] 10.0.0.120 () {34 vars in 816 bytes} [Thu May 21 16:05:02 2026] DELETE /resource_providers/8e047853-4bf3-4bbd-8827-08d61e5576b3 => generated 246 bytes in 10 msecs (HTTP/1.1 404) 6 headers in 231 bytes (1 switches on core 0)
2026-05-21 16:05:05.391 7 INFO placement.requestlog [None req-f1b43c4c-adbe-4030-830b-f9984f233251 c84e54cfd5da4c46b50a06f2854f195c 83f2ec51e41a4ec0bd624611099c43f4 - - b40ef066928340b2a55b86ea017ee8c5 b40ef066928340b2a55b86ea017ee8c5] 10.0.0.120 "GET /resource_providers/95a27433-8906-4539-beab-21afb0ec586d/aggregates" status: 404 len: 235 microversion: 1.1 [pid: 7|app: 0|req: 349/692] 10.0.0.120 () {32 vars in 816 bytes} [Thu May 21 16:05:05 2026] GET /resource_providers/95a27433-8906-4539-beab-21afb0ec586d/aggregates => generated 235 bytes in 10 msecs (HTTP/1.1 404) 5 headers in 202 bytes (1 switches on core 0)
2026-05-21 16:05:05.399 8 INFO placement.requestlog [None req-401e2ecb-804a-4c41-ae58-2a3ed07534ab c84e54cfd5da4c46b50a06f2854f195c 83f2ec51e41a4ec0bd624611099c43f4 - - b40ef066928340b2a55b86ea017ee8c5 b40ef066928340b2a55b86ea017ee8c5] 10.0.0.120 "GET /resource_providers/95a27433-8906-4539-beab-21afb0ec586d/aggregates" status: 404 len: 235 microversion: 1.1 [pid: 8|app: 0|req: 344/693] 10.0.0.120 () {32 vars in 816 bytes} [Thu May 21 16:05:05 2026] GET /resource_providers/95a27433-8906-4539-beab-21afb0ec586d/aggregates => generated 235 bytes in 22 msecs (HTTP/1.1 404) 5 headers in 202 bytes (1 switches on core 0)
2026-05-21 16:05:05.433 7 INFO placement.requestlog [None req-955a0f0a-d64b-4860-aaf4-64bf54d6d1ec c84e54cfd5da4c46b50a06f2854f195c 83f2ec51e41a4ec0bd624611099c43f4 - - b40ef066928340b2a55b86ea017ee8c5 b40ef066928340b2a55b86ea017ee8c5] 10.0.0.120 "DELETE /resource_providers/95a27433-8906-4539-beab-21afb0ec586d" status: 404 len: 246 microversion: 1.1 [pid: 7|app: 0|req: 350/694] 10.0.0.120 () {34 vars in 816 bytes} [Thu May 21 16:05:05 2026] DELETE /resource_providers/95a27433-8906-4539-beab-21afb0ec586d => generated 246 bytes in 21 msecs (HTTP/1.1 404) 6 headers in 231 bytes (1 switches on core 0)
2026-05-21 16:05:05.438 8 INFO placement.requestlog [None req-640abd1e-d3af-4600-a422-a199a98f64ff c84e54cfd5da4c46b50a06f2854f195c 83f2ec51e41a4ec0bd624611099c43f4 - - b40ef066928340b2a55b86ea017ee8c5 b40ef066928340b2a55b86ea017ee8c5] 10.0.0.120 "DELETE /resource_providers/95a27433-8906-4539-beab-21afb0ec586d" status: 404 len: 246 microversion: 1.1 [pid: 8|app: 0|req: 345/695] 10.0.0.120 () {34 vars in 816 bytes} [Thu May 21 16:05:05 2026] DELETE /resource_providers/95a27433-8906-4539-beab-21afb0ec586d => generated 246 bytes in 20 msecs (HTTP/1.1 404) 6 headers in 231 bytes (1 switches on core 0)
2026-05-21 16:05:07.216 8 INFO placement.requestlog [None req-8fa06b95-0bca-4854-b80c-12937019163a - - - - - -] 10.0.0.60 "GET /" status: 200 len: 136 microversion: 1.0
2026-05-21 16:05:07.217 7 INFO placement.requestlog [None req-417eda17-31e9-4c78-9bec-99ff79cc5c5c - - - - - -] 10.0.0.60 "GET /" status: 200 len: 136 microversion: 1.0
2026-05-21 16:05:10.832 8 INFO placement.requestlog [req-8e006349-e1bd-4866-ac0e-76dad549d956 req-97ecd49c-aeb6-4599-82a2-521811eb76e7 f6f96d2626524455a2408ba9b2114c78 83f2ec51e41a4ec0bd624611099c43f4 - - b40ef066928340b2a55b86ea017ee8c5 b40ef066928340b2a55b86ea017ee8c5] 199.204.45.132 "GET /resource_providers/84cb253b-6ef0-49c5-ab44-970e599c1f0a/allocations" status: 200 len: 152 microversion: 1.0 [pid: 8|app: 0|req: 347/698] 199.204.45.132 () {32 vars in 857 bytes} [Thu May 21 16:05:10 2026] GET /resource_providers/84cb253b-6ef0-49c5-ab44-970e599c1f0a/allocations => generated 152 bytes in 17 msecs (HTTP/1.1 200) 6 headers in 224 bytes (1 switches on core 0)
2026-05-21 16:05:10.853 7 INFO placement.requestlog [req-8e006349-e1bd-4866-ac0e-76dad549d956 req-7acee254-fd36-4ba6-9e50-f88e19578999 f6f96d2626524455a2408ba9b2114c78 83f2ec51e41a4ec0bd624611099c43f4 - - b40ef066928340b2a55b86ea017ee8c5 b40ef066928340b2a55b86ea017ee8c5] 199.204.45.132 "GET /allocations/3e102bf1-c083-4060-94b8-b0479bfb59a6" status: 200 len: 257 microversion: 1.28 [pid: 7|app: 0|req: 352/699] 199.204.45.132 () {34 vars in 863 bytes} [Thu May 21 16:05:10 2026] GET /allocations/3e102bf1-c083-4060-94b8-b0479bfb59a6 => generated 257 bytes in 13 msecs (HTTP/1.1 200) 8 headers in 296 bytes (1 switches on core 0)
2026-05-21 16:05:11.896 8 INFO placement.requestlog [req-8e006349-e1bd-4866-ac0e-76dad549d956 req-02039233-aa19-481d-8aee-9ff9a205c469 f6f96d2626524455a2408ba9b2114c78 83f2ec51e41a4ec0bd624611099c43f4 - - b40ef066928340b2a55b86ea017ee8c5 b40ef066928340b2a55b86ea017ee8c5] 199.204.45.132 "DELETE /allocations/3e102bf1-c083-4060-94b8-b0479bfb59a6" status: 204 len: 0 microversion: 1.0 [pid: 8|app: 0|req: 348/700] 199.204.45.132 () {34 vars in 841 bytes} [Thu May 21 16:05:11 2026] DELETE /allocations/3e102bf1-c083-4060-94b8-b0479bfb59a6 => generated 0 bytes in 20 msecs (HTTP/1.1 204) 5 headers in 198 bytes (1 switches on core 0)
2026-05-21 16:05:13.761 7 INFO placement.requestlog [None req-584daaf2-a575-40c2-b966-13d31dba61e7 c84e54cfd5da4c46b50a06f2854f195c 83f2ec51e41a4ec0bd624611099c43f4 - - b40ef066928340b2a55b86ea017ee8c5 b40ef066928340b2a55b86ea017ee8c5] 10.0.0.120 "GET /resource_providers/3b571640-0f8d-4fa3-a88a-9eecb2db28d5/aggregates" status: 404 len: 235 microversion: 1.1 [pid: 7|app: 0|req: 353/701] 10.0.0.120 () {32 vars in 816 bytes} [Thu May 21 16:05:13 2026] GET /resource_providers/3b571640-0f8d-4fa3-a88a-9eecb2db28d5/aggregates => generated 235 bytes in 9 msecs (HTTP/1.1 404) 5 headers in 202 bytes (1 switches on core 0)
2026-05-21 16:05:13.765 8 INFO placement.requestlog [None req-a1f21b91-dd93-423a-99ab-54e7f1525ce9 c84e54cfd5da4c46b50a06f2854f195c 83f2ec51e41a4ec0bd624611099c43f4 - - b40ef066928340b2a55b86ea017ee8c5 b40ef066928340b2a55b86ea017ee8c5] 10.0.0.120 "GET /resource_providers/3b571640-0f8d-4fa3-a88a-9eecb2db28d5/aggregates" status: 404 len: 235 microversion: 1.1 [pid: 8|app: 0|req: 349/702] 10.0.0.120 () {32 vars in 816 bytes} [Thu May 21 16:05:13 2026] GET /resource_providers/3b571640-0f8d-4fa3-a88a-9eecb2db28d5/aggregates => generated 235 bytes in 8 msecs (HTTP/1.1 404) 5 headers in 202 bytes (1 switches on core 0)
2026-05-21 16:05:13.784 7 INFO placement.requestlog [None req-70763cc3-2ed4-47e3-9ec2-10122610b707 c84e54cfd5da4c46b50a06f2854f195c 83f2ec51e41a4ec0bd624611099c43f4 - - b40ef066928340b2a55b86ea017ee8c5 b40ef066928340b2a55b86ea017ee8c5] 10.0.0.120 "DELETE /resource_providers/3b571640-0f8d-4fa3-a88a-9eecb2db28d5" status: 404 len: 246 microversion: 1.1 [pid: 7|app: 0|req: 354/703] 10.0.0.120 () {34 vars in 816 bytes} [Thu May 21 16:05:13 2026] DELETE /resource_providers/3b571640-0f8d-4fa3-a88a-9eecb2db28d5 => generated 246 bytes in 10 msecs (HTTP/1.1 404) 6 headers in 231 bytes (1 switches on core 0)
2026-05-21 16:05:13.790 8 INFO placement.requestlog [None req-badc2417-4e2c-44d1-97ad-072ea8d44c51 c84e54cfd5da4c46b50a06f2854f195c 83f2ec51e41a4ec0bd624611099c43f4 - - b40ef066928340b2a55b86ea017ee8c5 b40ef066928340b2a55b86ea017ee8c5] 10.0.0.120 "DELETE /resource_providers/3b571640-0f8d-4fa3-a88a-9eecb2db28d5" status: 404 len: 246 microversion: 1.1 [pid: 8|app: 0|req: 350/704] 10.0.0.120 () {34 vars in 816 bytes} [Thu May 21 16:05:13 2026] DELETE /resource_providers/3b571640-0f8d-4fa3-a88a-9eecb2db28d5 => generated 246 bytes in 12 msecs (HTTP/1.1 404) 6 headers in 231 bytes (1 switches on core 0)
2026-05-21 16:05:14.033 7 INFO placement.requestlog [req-54082ee2-babb-423c-a229-6acca9cf973b req-552ba897-d4cf-4a38-a5eb-79609f1e6f9d f6f96d2626524455a2408ba9b2114c78 83f2ec51e41a4ec0bd624611099c43f4 - - b40ef066928340b2a55b86ea017ee8c5 b40ef066928340b2a55b86ea017ee8c5] 10.0.0.126 "GET /allocation_candidates?limit=1000&resources=DISK_GB%3A1%2CMEMORY_MB%3A512%2CVCPU%3A1&root_required=%21COMPUTE_STATUS_DISABLED" status: 200 len: 2781 microversion: 1.36 [pid: 7|app: 0|req: 355/705] 10.0.0.126 () {34 vars in 1012 bytes} [Thu May 21 16:05:13 2026] GET /allocation_candidates?limit=1000&resources=DISK_GB%3A1%2CMEMORY_MB%3A512%2CVCPU%3A1&root_required=%21COMPUTE_STATUS_DISABLED => generated 2781 bytes in 45 msecs (HTTP/1.1 200) 8 headers in 297 bytes (1 switches on core 0)
2026-05-21 16:05:14.063 8 INFO placement.requestlog [req-54082ee2-babb-423c-a229-6acca9cf973b req-4f9fbd62-85c3-40bb-aa1b-fd39d0b12ce7 f6f96d2626524455a2408ba9b2114c78 83f2ec51e41a4ec0bd624611099c43f4 - - b40ef066928340b2a55b86ea017ee8c5 b40ef066928340b2a55b86ea017ee8c5] 10.0.0.126 "GET /allocations/e020e266-16bb-4722-afc5-1dd90cb088f9" status: 200 len: 19 microversion: 1.28 [pid: 8|app: 0|req: 351/706] 10.0.0.126 () {34 vars in 861 bytes} [Thu May 21 16:05:14 2026] GET /allocations/e020e266-16bb-4722-afc5-1dd90cb088f9 => generated 19 bytes in 10 msecs (HTTP/1.1 200) 8 headers in 295 bytes (1 switches on core 0)
2026-05-21 16:05:14.131 7 INFO placement.requestlog [req-54082ee2-babb-423c-a229-6acca9cf973b req-4cf6ba98-dcd1-41c9-babc-afa1a3837a6b f6f96d2626524455a2408ba9b2114c78 83f2ec51e41a4ec0bd624611099c43f4 - - b40ef066928340b2a55b86ea017ee8c5 b40ef066928340b2a55b86ea017ee8c5] 10.0.0.126 "PUT /allocations/e020e266-16bb-4722-afc5-1dd90cb088f9" status: 204 len: 0 microversion: 1.36 [pid: 7|app: 0|req: 356/707] 10.0.0.126 () {38 vars in 914 bytes} [Thu May 21 16:05:14 2026] PUT /allocations/e020e266-16bb-4722-afc5-1dd90cb088f9 => generated 0 bytes in 63 msecs (HTTP/1.1 204) 5 headers in 199 bytes (1 switches on core 0)
2026-05-21 16:05:15.644 8 INFO placement.requestlog [req-54082ee2-babb-423c-a229-6acca9cf973b req-b32826c8-f435-44a3-bf2e-c37f0f25239e f6f96d2626524455a2408ba9b2114c78 83f2ec51e41a4ec0bd624611099c43f4 - - b40ef066928340b2a55b86ea017ee8c5 b40ef066928340b2a55b86ea017ee8c5] 199.204.45.132 "GET /allocations/e020e266-16bb-4722-afc5-1dd90cb088f9" status: 200 len: 257 microversion: 1.28 [pid: 8|app: 0|req: 352/708] 199.204.45.132 () {34 vars in 863 bytes} [Thu May 21 16:05:15 2026] GET /allocations/e020e266-16bb-4722-afc5-1dd90cb088f9 => generated 257 bytes in 15 msecs (HTTP/1.1 200) 8 headers in 296 bytes (1 switches on core 0)
2026-05-21 16:05:15.809 7 INFO placement.requestlog [None req-22cdf82a-b6f6-4ab1-bb41-6a3c381977b0 c84e54cfd5da4c46b50a06f2854f195c 83f2ec51e41a4ec0bd624611099c43f4 - - b40ef066928340b2a55b86ea017ee8c5 b40ef066928340b2a55b86ea017ee8c5] 10.0.0.120 "GET /resource_providers/eb575ac4-b407-4fce-ae3a-c2480c79f3a1/aggregates" status: 404 len: 235 microversion: 1.1 [pid: 7|app: 0|req: 357/709] 10.0.0.120 () {32 vars in 816 bytes} [Thu May 21 16:05:15 2026] GET /resource_providers/eb575ac4-b407-4fce-ae3a-c2480c79f3a1/aggregates => generated 235 bytes in 10 msecs (HTTP/1.1 404) 5 headers in 202 bytes (1 switches on core 0)
2026-05-21 16:05:15.810 8 INFO placement.requestlog [None req-2246c16e-7341-4b17-86d6-bd04f9a54dfc c84e54cfd5da4c46b50a06f2854f195c 83f2ec51e41a4ec0bd624611099c43f4 - - b40ef066928340b2a55b86ea017ee8c5 b40ef066928340b2a55b86ea017ee8c5] 10.0.0.120 "GET /resource_providers/eb575ac4-b407-4fce-ae3a-c2480c79f3a1/aggregates" status: 404 len: 235 microversion: 1.1 [pid: 8|app: 0|req: 353/710] 10.0.0.120 () {32 vars in 816 bytes} [Thu May 21 16:05:15 2026] GET /resource_providers/eb575ac4-b407-4fce-ae3a-c2480c79f3a1/aggregates => generated 235 bytes in 8 msecs (HTTP/1.1 404) 5 headers in 202 bytes (1 switches on core 0)
2026-05-21 16:05:15.834 7 INFO placement.requestlog [None req-374a3e4d-00eb-4a39-881e-b20d859ee0d0 c84e54cfd5da4c46b50a06f2854f195c 83f2ec51e41a4ec0bd624611099c43f4 - - b40ef066928340b2a55b86ea017ee8c5 b40ef066928340b2a55b86ea017ee8c5] 10.0.0.120 "DELETE /resource_providers/eb575ac4-b407-4fce-ae3a-c2480c79f3a1" status: 404 len: 246 microversion: 1.1
2026-05-21 16:05:15.834 8 INFO placement.requestlog [None req-41a3eea7-d56b-4b76-8920-c8dd0f855550 c84e54cfd5da4c46b50a06f2854f195c 83f2ec51e41a4ec0bd624611099c43f4 - - b40ef066928340b2a55b86ea017ee8c5 b40ef066928340b2a55b86ea017ee8c5] 10.0.0.120 "DELETE /resource_providers/eb575ac4-b407-4fce-ae3a-c2480c79f3a1" status: 404 len: 246 microversion: 1.1 [pid: 7|app: 0|req: 358/711] 10.0.0.120 () {34 vars in 816 bytes} [Thu May 21 16:05:15 2026] DELETE /resource_providers/eb575ac4-b407-4fce-ae3a-c2480c79f3a1 => generated 246 bytes in 9 msecs (HTTP/1.1 404) 6 headers in 231 bytes (1 switches on core 0) [pid: 8|app: 0|req: 354/712] 10.0.0.120 () {34 vars in 816 bytes} [Thu May 21 16:05:15 2026] DELETE /resource_providers/eb575ac4-b407-4fce-ae3a-c2480c79f3a1 => generated 246 bytes in 9 msecs (HTTP/1.1 404) 6 headers in 231 bytes (1 switches on core 0)
2026-05-21 16:05:15.856 7 INFO placement.requestlog [None req-ce2df094-5e9b-4349-9c85-6e638a8ef721 c84e54cfd5da4c46b50a06f2854f195c 83f2ec51e41a4ec0bd624611099c43f4 - - b40ef066928340b2a55b86ea017ee8c5 b40ef066928340b2a55b86ea017ee8c5] 10.0.0.120 "GET /resource_providers/941dde6c-0ecf-4db8-8814-114d51047d5d/aggregates" status: 404 len: 235 microversion: 1.1 [pid: 7|app: 0|req: 359/713] 10.0.0.120 () {32 vars in 816 bytes} [Thu May 21 16:05:15 2026] GET /resource_providers/941dde6c-0ecf-4db8-8814-114d51047d5d/aggregates => generated 235 bytes in 10 msecs (HTTP/1.1 404) 5 headers in 202 bytes (1 switches on core 0)
2026-05-21 16:05:15.859 8 INFO placement.requestlog [None req-1d62785c-dd91-4423-9a2d-d4fae006ad97 c84e54cfd5da4c46b50a06f2854f195c 83f2ec51e41a4ec0bd624611099c43f4 - - b40ef066928340b2a55b86ea017ee8c5 b40ef066928340b2a55b86ea017ee8c5] 10.0.0.120 "GET /resource_providers/941dde6c-0ecf-4db8-8814-114d51047d5d/aggregates" status: 404 len: 235 microversion: 1.1 [pid: 8|app: 0|req: 355/714] 10.0.0.120 () {32 vars in 816 bytes} [Thu May 21 16:05:15 2026] GET /resource_providers/941dde6c-0ecf-4db8-8814-114d51047d5d/aggregates => generated 235 bytes in 8 msecs (HTTP/1.1 404) 5 headers in 202 bytes (1 switches on core 0)
2026-05-21 16:05:15.874 7 INFO placement.requestlog [None req-08c51582-2827-41c2-98f1-dd8ad79238d5 c84e54cfd5da4c46b50a06f2854f195c 83f2ec51e41a4ec0bd624611099c43f4 - - b40ef066928340b2a55b86ea017ee8c5 b40ef066928340b2a55b86ea017ee8c5] 10.0.0.120 "DELETE /resource_providers/941dde6c-0ecf-4db8-8814-114d51047d5d" status: 404 len: 246 microversion: 1.1 [pid: 7|app: 0|req: 360/715] 10.0.0.120 () {34 vars in 816 bytes} [Thu May 21 16:05:15 2026] DELETE /resource_providers/941dde6c-0ecf-4db8-8814-114d51047d5d => generated 246 bytes in 8 msecs (HTTP/1.1 404) 6 headers in 231 bytes (1 switches on core 0)
2026-05-21 16:05:15.876 8 INFO placement.requestlog [None req-f569f711-6517-4162-b2eb-42f1a6d609c8 c84e54cfd5da4c46b50a06f2854f195c 83f2ec51e41a4ec0bd624611099c43f4 - - b40ef066928340b2a55b86ea017ee8c5 b40ef066928340b2a55b86ea017ee8c5] 10.0.0.120 "DELETE /resource_providers/941dde6c-0ecf-4db8-8814-114d51047d5d" status: 404 len: 246 microversion: 1.1 [pid: 8|app: 0|req: 356/716] 10.0.0.120 () {34 vars in 816 bytes} [Thu May 21 16:05:15 2026] DELETE /resource_providers/941dde6c-0ecf-4db8-8814-114d51047d5d => generated 246 bytes in 8 msecs (HTTP/1.1 404) 6 headers in 231 bytes (1 switches on core 0)
2026-05-21 16:05:16.683 7 INFO placement.requestlog [req-54082ee2-babb-423c-a229-6acca9cf973b req-195e9427-cadf-4102-8561-14a845e227ab f6f96d2626524455a2408ba9b2114c78 83f2ec51e41a4ec0bd624611099c43f4 - - b40ef066928340b2a55b86ea017ee8c5 b40ef066928340b2a55b86ea017ee8c5] 199.204.45.132 "GET /resource_providers/84cb253b-6ef0-49c5-ab44-970e599c1f0a/allocations" status: 200 len: 152 microversion: 1.0 [pid: 7|app: 0|req: 361/717] 199.204.45.132 () {32 vars in 857 bytes} [Thu May 21 16:05:16 2026] GET /resource_providers/84cb253b-6ef0-49c5-ab44-970e599c1f0a/allocations => generated 152 bytes in 15 msecs (HTTP/1.1 200) 6 headers in 224 bytes (1 switches on core 0)
2026-05-21 16:05:16.701 8 INFO placement.requestlog [req-54082ee2-babb-423c-a229-6acca9cf973b req-c438068a-a525-48b9-89af-f73202d11085 f6f96d2626524455a2408ba9b2114c78 83f2ec51e41a4ec0bd624611099c43f4 - - b40ef066928340b2a55b86ea017ee8c5 b40ef066928340b2a55b86ea017ee8c5] 199.204.45.132 "GET /allocations/e020e266-16bb-4722-afc5-1dd90cb088f9" status: 200 len: 257 microversion: 1.28 [pid: 8|app: 0|req: 357/718] 199.204.45.132 () {34 vars in 863 bytes} [Thu May 21 16:05:16 2026] GET /allocations/e020e266-16bb-4722-afc5-1dd90cb088f9 => generated 257 bytes in 11 msecs (HTTP/1.1 200) 8 headers in 296 bytes (1 switches on core 0)
2026-05-21 16:05:17.216 8 INFO placement.requestlog [None req-f059e814-829b-4e9b-9c74-89ff54797874 - - - - - -] 10.0.0.60 "GET /" status: 200 len: 136 microversion: 1.0
2026-05-21 16:05:17.216 7 INFO placement.requestlog [None req-92214fd1-0343-4811-97a1-611318125521 - - - - - -] 10.0.0.60 "GET /" status: 200 len: 136 microversion: 1.0
2026-05-21 16:05:22.701 8 INFO placement.requestlog [None req-98dd2e48-0725-47d1-afa2-32c8f8a5a5e6 c84e54cfd5da4c46b50a06f2854f195c 83f2ec51e41a4ec0bd624611099c43f4 - - b40ef066928340b2a55b86ea017ee8c5 b40ef066928340b2a55b86ea017ee8c5] 10.0.0.120 "GET /resource_providers/770d91b3-d676-4f77-9b56-0d0c1e67bcfd/aggregates" status: 404 len: 235 microversion: 1.1 [pid: 8|app: 0|req: 359/721] 10.0.0.120 () {32 vars in 816 bytes} [Thu May 21 16:05:22 2026] GET /resource_providers/770d91b3-d676-4f77-9b56-0d0c1e67bcfd/aggregates => generated 235 bytes in 8 msecs (HTTP/1.1 404) 5 headers in 202 bytes (1 switches on core 0)
2026-05-21 16:05:22.706 7 INFO placement.requestlog [None req-8f27cbbd-5282-4405-9d41-8cf6dcf60095 c84e54cfd5da4c46b50a06f2854f195c 83f2ec51e41a4ec0bd624611099c43f4 - - b40ef066928340b2a55b86ea017ee8c5 b40ef066928340b2a55b86ea017ee8c5] 10.0.0.120 "GET /resource_providers/770d91b3-d676-4f77-9b56-0d0c1e67bcfd/aggregates" status: 404 len: 235 microversion: 1.1 [pid: 7|app: 0|req: 363/722] 10.0.0.120 () {32 vars in 816 bytes} [Thu May 21 16:05:22 2026] GET /resource_providers/770d91b3-d676-4f77-9b56-0d0c1e67bcfd/aggregates => generated 235 bytes in 10 msecs (HTTP/1.1 404) 5 headers in 202 bytes (1 switches on core 0)
2026-05-21 16:05:22.722 7 INFO placement.requestlog [None req-4c61df81-2f5b-450d-9b1e-e8779fac73dc c84e54cfd5da4c46b50a06f2854f195c 83f2ec51e41a4ec0bd624611099c43f4 - - b40ef066928340b2a55b86ea017ee8c5 b40ef066928340b2a55b86ea017ee8c5] 10.0.0.120 "DELETE /resource_providers/770d91b3-d676-4f77-9b56-0d0c1e67bcfd" status: 404 len: 246 microversion: 1.1
2026-05-21 16:05:22.722 8 INFO placement.requestlog [None req-89b2d2f7-766a-4690-88f9-fd195f591718 c84e54cfd5da4c46b50a06f2854f195c 83f2ec51e41a4ec0bd624611099c43f4 - - b40ef066928340b2a55b86ea017ee8c5 b40ef066928340b2a55b86ea017ee8c5] 10.0.0.120 "DELETE /resource_providers/770d91b3-d676-4f77-9b56-0d0c1e67bcfd" status: 404 len: 246 microversion: 1.1 [pid: 8|app: 0|req: 360/723] 10.0.0.120 () {34 vars in 816 bytes} [Thu May 21 16:05:22 2026] DELETE /resource_providers/770d91b3-d676-4f77-9b56-0d0c1e67bcfd => generated 246 bytes in 9 msecs (HTTP/1.1 404) 6 headers in 231 bytes (1 switches on core 0) [pid: 7|app: 0|req: 364/724] 10.0.0.120 () {34 vars in 816 bytes} [Thu May 21 16:05:22 2026] DELETE /resource_providers/770d91b3-d676-4f77-9b56-0d0c1e67bcfd => generated 246 bytes in 8 msecs (HTTP/1.1 404) 6 headers in 231 bytes (1 switches on core 0)
2026-05-21 16:05:25.496 8 INFO placement.requestlog [None req-2bbeb3ea-b728-4ec8-a888-e898a3bd0930 c84e54cfd5da4c46b50a06f2854f195c 83f2ec51e41a4ec0bd624611099c43f4 - - b40ef066928340b2a55b86ea017ee8c5 b40ef066928340b2a55b86ea017ee8c5] 10.0.0.120 "GET /resource_providers/74c36f2a-4160-48a5-b683-65bb8375fcf1/aggregates" status: 404 len: 235 microversion: 1.1 [pid: 8|app: 0|req: 361/725] 10.0.0.120 () {32 vars in 816 bytes} [Thu May 21 16:05:25 2026] GET /resource_providers/74c36f2a-4160-48a5-b683-65bb8375fcf1/aggregates => generated 235 bytes in 8 msecs (HTTP/1.1 404) 5 headers in 202 bytes (1 switches on core 0)
2026-05-21 16:05:25.497 7 INFO placement.requestlog [None req-19553bf2-49f2-4569-a564-400a120a4c16 c84e54cfd5da4c46b50a06f2854f195c 83f2ec51e41a4ec0bd624611099c43f4 - - b40ef066928340b2a55b86ea017ee8c5 b40ef066928340b2a55b86ea017ee8c5] 10.0.0.120 "GET /resource_providers/74c36f2a-4160-48a5-b683-65bb8375fcf1/aggregates" status: 404 len: 235 microversion: 1.1 [pid: 7|app: 0|req: 365/726] 10.0.0.120 () {32 vars in 816 bytes} [Thu May 21 16:05:25 2026] GET /resource_providers/74c36f2a-4160-48a5-b683-65bb8375fcf1/aggregates => generated 235 bytes in 9 msecs (HTTP/1.1 404) 5 headers in 202 bytes (1 switches on core 0)
2026-05-21 16:05:25.513 8 INFO placement.requestlog [None req-950076ed-e878-4fe4-986b-8796a03b29e4 c84e54cfd5da4c46b50a06f2854f195c 83f2ec51e41a4ec0bd624611099c43f4 - - b40ef066928340b2a55b86ea017ee8c5 b40ef066928340b2a55b86ea017ee8c5] 10.0.0.120 "DELETE /resource_providers/74c36f2a-4160-48a5-b683-65bb8375fcf1" status: 404 len: 246 microversion: 1.1 [pid: 8|app: 0|req: 362/727] 10.0.0.120 () {34 vars in 816 bytes} [Thu May 21 16:05:25 2026] DELETE /resource_providers/74c36f2a-4160-48a5-b683-65bb8375fcf1 => generated 246 bytes in 7 msecs (HTTP/1.1 404) 6 headers in 231 bytes (1 switches on core 0)
2026-05-21 16:05:25.514 7 INFO placement.requestlog [None req-54c92bde-96d3-43fb-bc50-136c4ad87572 c84e54cfd5da4c46b50a06f2854f195c 83f2ec51e41a4ec0bd624611099c43f4 - - b40ef066928340b2a55b86ea017ee8c5 b40ef066928340b2a55b86ea017ee8c5] 10.0.0.120 "DELETE /resource_providers/74c36f2a-4160-48a5-b683-65bb8375fcf1" status: 404 len: 246 microversion: 1.1 [pid: 7|app: 0|req: 366/728] 10.0.0.120 () {34 vars in 816 bytes} [Thu May 21 16:05:25 2026] DELETE /resource_providers/74c36f2a-4160-48a5-b683-65bb8375fcf1 => generated 246 bytes in 8 msecs (HTTP/1.1 404) 6 headers in 231 bytes (1 switches on core 0)
2026-05-21 16:05:27.217 7 INFO placement.requestlog [None req-59821f72-5dd2-4df7-acde-2e2c6e8c94ba - - - - - -] 10.0.0.60 "GET /" status: 200 len: 136 microversion: 1.0
2026-05-21 16:05:27.217 8 INFO placement.requestlog [None req-0fd77fc1-bced-4d1e-a9b8-cf3c88f3d773 - - - - - -] 10.0.0.60 "GET /" status: 200 len: 136 microversion: 1.0
2026-05-21 16:05:27.550 8 INFO placement.requestlog [None req-ae5d8472-b3a2-4a22-a230-7cec874dcf26 c84e54cfd5da4c46b50a06f2854f195c 83f2ec51e41a4ec0bd624611099c43f4 - - b40ef066928340b2a55b86ea017ee8c5 b40ef066928340b2a55b86ea017ee8c5] 10.0.0.120 "GET /resource_providers/3cf65253-4fb9-4a76-bf27-1637c95c31bb/aggregates" status: 404 len: 235 microversion: 1.1 [pid: 8|app: 0|req: 364/731] 10.0.0.120 () {32 vars in 816 bytes} [Thu May 21 16:05:27 2026] GET /resource_providers/3cf65253-4fb9-4a76-bf27-1637c95c31bb/aggregates => generated 235 bytes in 14 msecs (HTTP/1.1 404) 5 headers in 202 bytes (1 switches on core 0)
2026-05-21 16:05:27.552 7 INFO placement.requestlog [None req-be9728b3-0e12-460a-806a-191ee23fdf8d c84e54cfd5da4c46b50a06f2854f195c 83f2ec51e41a4ec0bd624611099c43f4 - - b40ef066928340b2a55b86ea017ee8c5 b40ef066928340b2a55b86ea017ee8c5] 10.0.0.120 "GET /resource_providers/3cf65253-4fb9-4a76-bf27-1637c95c31bb/aggregates" status: 404 len: 235 microversion: 1.1 [pid: 7|app: 0|req: 368/732] 10.0.0.120 () {32 vars in 816 bytes} [Thu May 21 16:05:27 2026] GET /resource_providers/3cf65253-4fb9-4a76-bf27-1637c95c31bb/aggregates => generated 235 bytes in 14 msecs (HTTP/1.1 404) 5 headers in 202 bytes (1 switches on core 0)
2026-05-21 16:05:27.578 8 INFO placement.requestlog [None req-fdf96edc-9bd2-4fc0-9fe7-61332b32cd53 c84e54cfd5da4c46b50a06f2854f195c 83f2ec51e41a4ec0bd624611099c43f4 - - b40ef066928340b2a55b86ea017ee8c5 b40ef066928340b2a55b86ea017ee8c5] 10.0.0.120 "DELETE /resource_providers/3cf65253-4fb9-4a76-bf27-1637c95c31bb" status: 404 len: 246 microversion: 1.1 [pid: 8|app: 0|req: 365/733] 10.0.0.120 () {34 vars in 816 bytes} [Thu May 21 16:05:27 2026] DELETE /resource_providers/3cf65253-4fb9-4a76-bf27-1637c95c31bb => generated 246 bytes in 8 msecs (HTTP/1.1 404) 6 headers in 231 bytes (1 switches on core 0)
2026-05-21 16:05:27.583 7 INFO placement.requestlog [None req-a58626cc-3d02-46fe-be2b-cc04514b2d90 c84e54cfd5da4c46b50a06f2854f195c 83f2ec51e41a4ec0bd624611099c43f4 - - b40ef066928340b2a55b86ea017ee8c5 b40ef066928340b2a55b86ea017ee8c5] 10.0.0.120 "DELETE /resource_providers/3cf65253-4fb9-4a76-bf27-1637c95c31bb" status: 404 len: 246 microversion: 1.1 [pid: 7|app: 0|req: 369/734] 10.0.0.120 () {34 vars in 816 bytes} [Thu May 21 16:05:27 2026] DELETE /resource_providers/3cf65253-4fb9-4a76-bf27-1637c95c31bb => generated 246 bytes in 8 msecs (HTTP/1.1 404) 6 headers in 231 bytes (1 switches on core 0)
2026-05-21 16:05:31.660 8 INFO placement.requestlog [None req-ba7333df-a9b9-4ec2-a10e-45af392a9289 c84e54cfd5da4c46b50a06f2854f195c 83f2ec51e41a4ec0bd624611099c43f4 - - b40ef066928340b2a55b86ea017ee8c5 b40ef066928340b2a55b86ea017ee8c5] 10.0.0.120 "GET /resource_providers/c37ba646-8a6f-4731-abf0-0881de6bb36c/aggregates" status: 404 len: 235 microversion: 1.1 [pid: 8|app: 0|req: 366/735] 10.0.0.120 () {32 vars in 816 bytes} [Thu May 21 16:05:31 2026] GET /resource_providers/c37ba646-8a6f-4731-abf0-0881de6bb36c/aggregates => generated 235 bytes in 10 msecs (HTTP/1.1 404) 5 headers in 202 bytes (1 switches on core 0)
2026-05-21 16:05:31.664 7 INFO placement.requestlog [None req-4db64fe5-7f82-4919-a682-c15a342b7f71 c84e54cfd5da4c46b50a06f2854f195c 83f2ec51e41a4ec0bd624611099c43f4 - - b40ef066928340b2a55b86ea017ee8c5 b40ef066928340b2a55b86ea017ee8c5] 10.0.0.120 "GET /resource_providers/c37ba646-8a6f-4731-abf0-0881de6bb36c/aggregates" status: 404 len: 235 microversion: 1.1 [pid: 7|app: 0|req: 370/736] 10.0.0.120 () {32 vars in 816 bytes} [Thu May 21 16:05:31 2026] GET /resource_providers/c37ba646-8a6f-4731-abf0-0881de6bb36c/aggregates => generated 235 bytes in 10 msecs (HTTP/1.1 404) 5 headers in 202 bytes (1 switches on core 0)
2026-05-21 16:05:31.685 7 INFO placement.requestlog [None req-b3bbaff1-2bcf-473e-9f89-54d94897c2f0 c84e54cfd5da4c46b50a06f2854f195c 83f2ec51e41a4ec0bd624611099c43f4 - - b40ef066928340b2a55b86ea017ee8c5 b40ef066928340b2a55b86ea017ee8c5] 10.0.0.120 "DELETE /resource_providers/c37ba646-8a6f-4731-abf0-0881de6bb36c" status: 404 len: 246 microversion: 1.1 [pid: 7|app: 0|req: 371/737] 10.0.0.120 () {34 vars in 816 bytes} [Thu May 21 16:05:31 2026] DELETE /resource_providers/c37ba646-8a6f-4731-abf0-0881de6bb36c => generated 246 bytes in 8 msecs (HTTP/1.1 404) 6 headers in 231 bytes (1 switches on core 0)
2026-05-21 16:05:31.688 8 INFO placement.requestlog [None req-e100db4e-f6cc-4a0a-a834-930e62ca39be c84e54cfd5da4c46b50a06f2854f195c 83f2ec51e41a4ec0bd624611099c43f4 - - b40ef066928340b2a55b86ea017ee8c5 b40ef066928340b2a55b86ea017ee8c5] 10.0.0.120 "DELETE /resource_providers/c37ba646-8a6f-4731-abf0-0881de6bb36c" status: 404 len: 246 microversion: 1.1 [pid: 8|app: 0|req: 367/738] 10.0.0.120 () {34 vars in 816 bytes} [Thu May 21 16:05:31 2026] DELETE /resource_providers/c37ba646-8a6f-4731-abf0-0881de6bb36c => generated 246 bytes in 11 msecs (HTTP/1.1 404) 6 headers in 231 bytes (1 switches on core 0)
2026-05-21 16:05:32.074 8 INFO placement.requestlog [None req-11d0c0af-d434-40d6-ad02-ccb07575de3c c84e54cfd5da4c46b50a06f2854f195c 83f2ec51e41a4ec0bd624611099c43f4 - - b40ef066928340b2a55b86ea017ee8c5 b40ef066928340b2a55b86ea017ee8c5] 10.0.0.120 "GET /resource_providers/7494334e-4721-4a2a-8e95-f7cbb23f562d/aggregates" status: 404 len: 235 microversion: 1.1 [pid: 8|app: 0|req: 368/739] 10.0.0.120 () {32 vars in 816 bytes} [Thu May 21 16:05:32 2026] GET /resource_providers/7494334e-4721-4a2a-8e95-f7cbb23f562d/aggregates => generated 235 bytes in 9 msecs (HTTP/1.1 404) 5 headers in 202 bytes (1 switches on core 0)
2026-05-21 16:05:32.077 7 INFO placement.requestlog [None req-08096aef-6b03-4c06-8616-62ddcf0ff87b c84e54cfd5da4c46b50a06f2854f195c 83f2ec51e41a4ec0bd624611099c43f4 - - b40ef066928340b2a55b86ea017ee8c5 b40ef066928340b2a55b86ea017ee8c5] 10.0.0.120 "GET /resource_providers/7494334e-4721-4a2a-8e95-f7cbb23f562d/aggregates" status: 404 len: 235 microversion: 1.1 [pid: 7|app: 0|req: 372/740] 10.0.0.120 () {32 vars in 816 bytes} [Thu May 21 16:05:32 2026] GET /resource_providers/7494334e-4721-4a2a-8e95-f7cbb23f562d/aggregates => generated 235 bytes in 13 msecs (HTTP/1.1 404) 5 headers in 202 bytes (1 switches on core 0)
2026-05-21 16:05:32.108 8 INFO placement.requestlog [None req-1be3a8f0-d863-42ac-8bfa-5962d29cb024 c84e54cfd5da4c46b50a06f2854f195c 83f2ec51e41a4ec0bd624611099c43f4 - - b40ef066928340b2a55b86ea017ee8c5 b40ef066928340b2a55b86ea017ee8c5] 10.0.0.120 "DELETE /resource_providers/7494334e-4721-4a2a-8e95-f7cbb23f562d" status: 404 len: 246 microversion: 1.1 [pid: 8|app: 0|req: 369/741] 10.0.0.120 () {34 vars in 816 bytes} [Thu May 21 16:05:32 2026] DELETE /resource_providers/7494334e-4721-4a2a-8e95-f7cbb23f562d => generated 246 bytes in 9 msecs (HTTP/1.1 404) 6 headers in 231 bytes (1 switches on core 0)
2026-05-21 16:05:32.111 7 INFO placement.requestlog [None req-4b3b8723-1006-4d82-b686-589a3f76205c c84e54cfd5da4c46b50a06f2854f195c 83f2ec51e41a4ec0bd624611099c43f4 - - b40ef066928340b2a55b86ea017ee8c5 b40ef066928340b2a55b86ea017ee8c5] 10.0.0.120 "DELETE /resource_providers/7494334e-4721-4a2a-8e95-f7cbb23f562d" status: 404 len: 246 microversion: 1.1 [pid: 7|app: 0|req: 373/742] 10.0.0.120 () {34 vars in 816 bytes} [Thu May 21 16:05:32 2026] DELETE /resource_providers/7494334e-4721-4a2a-8e95-f7cbb23f562d => generated 246 bytes in 10 msecs (HTTP/1.1 404) 6 headers in 231 bytes (1 switches on core 0)
2026-05-21 16:05:36.472 8 INFO placement.requestlog [req-38d31305-4cee-42bf-b5b3-2b6910f24a2d req-05a7010d-039d-4b71-be44-a62c09bfd4cc f6f96d2626524455a2408ba9b2114c78 83f2ec51e41a4ec0bd624611099c43f4 - - b40ef066928340b2a55b86ea017ee8c5 b40ef066928340b2a55b86ea017ee8c5] 199.204.45.132 "GET /resource_providers/84cb253b-6ef0-49c5-ab44-970e599c1f0a/allocations" status: 200 len: 152 microversion: 1.0 [pid: 8|app: 0|req: 370/743] 199.204.45.132 () {32 vars in 857 bytes} [Thu May 21 16:05:36 2026] GET /resource_providers/84cb253b-6ef0-49c5-ab44-970e599c1f0a/allocations => generated 152 bytes in 18 msecs (HTTP/1.1 200) 6 headers in 224 bytes (1 switches on core 0)
2026-05-21 16:05:36.499 7 INFO placement.requestlog [req-38d31305-4cee-42bf-b5b3-2b6910f24a2d req-a104a057-6857-4a52-bdd4-7d9ed15d3f77 f6f96d2626524455a2408ba9b2114c78 83f2ec51e41a4ec0bd624611099c43f4 - - b40ef066928340b2a55b86ea017ee8c5 b40ef066928340b2a55b86ea017ee8c5] 199.204.45.132 "GET /resource_providers/84cb253b-6ef0-49c5-ab44-970e599c1f0a/allocations" status: 200 len: 152 microversion: 1.0 [pid: 7|app: 0|req: 374/744] 199.204.45.132 () {32 vars in 857 bytes} [Thu May 21 16:05:36 2026] GET /resource_providers/84cb253b-6ef0-49c5-ab44-970e599c1f0a/allocations => generated 152 bytes in 19 msecs (HTTP/1.1 200) 6 headers in 224 bytes (1 switches on core 0)
2026-05-21 16:05:36.527 8 INFO placement.requestlog [req-38d31305-4cee-42bf-b5b3-2b6910f24a2d req-dc0fb2a5-7928-40d4-88f3-b2c385f5712a f6f96d2626524455a2408ba9b2114c78 83f2ec51e41a4ec0bd624611099c43f4 - - b40ef066928340b2a55b86ea017ee8c5 b40ef066928340b2a55b86ea017ee8c5] 199.204.45.132 "GET /allocations/e020e266-16bb-4722-afc5-1dd90cb088f9" status: 200 len: 257 microversion: 1.28 [pid: 8|app: 0|req: 371/745] 199.204.45.132 () {34 vars in 863 bytes} [Thu May 21 16:05:36 2026] GET /allocations/e020e266-16bb-4722-afc5-1dd90cb088f9 => generated 257 bytes in 18 msecs (HTTP/1.1 200) 8 headers in 296 bytes (1 switches on core 0)
2026-05-21 16:05:37.115 8 INFO placement.requestlog [None req-c00eec9d-64df-440e-8f84-9dd40e2ee404 c84e54cfd5da4c46b50a06f2854f195c 83f2ec51e41a4ec0bd624611099c43f4 - - b40ef066928340b2a55b86ea017ee8c5 b40ef066928340b2a55b86ea017ee8c5] 10.0.0.120 "GET /resource_providers/4277da01-ae7e-4173-8c15-0e8ce0d0260c/aggregates" status: 404 len: 235 microversion: 1.1
2026-05-21 16:05:37.115 7 INFO placement.requestlog [None req-b1aeec10-4b18-4097-b5f5-2ecba87f4078 c84e54cfd5da4c46b50a06f2854f195c 83f2ec51e41a4ec0bd624611099c43f4 - - b40ef066928340b2a55b86ea017ee8c5 b40ef066928340b2a55b86ea017ee8c5] 10.0.0.120 "GET /resource_providers/4277da01-ae7e-4173-8c15-0e8ce0d0260c/aggregates" status: 404 len: 235 microversion: 1.1 [pid: 8|app: 0|req: 372/746] 10.0.0.120 () {32 vars in 816 bytes} [Thu May 21 16:05:37 2026] GET /resource_providers/4277da01-ae7e-4173-8c15-0e8ce0d0260c/aggregates => generated 235 bytes in 8 msecs (HTTP/1.1 404) 5 headers in 202 bytes (1 switches on core 0) [pid: 7|app: 0|req: 375/747] 10.0.0.120 () {32 vars in 816 bytes} [Thu May 21 16:05:37 2026] GET /resource_providers/4277da01-ae7e-4173-8c15-0e8ce0d0260c/aggregates => generated 235 bytes in 9 msecs (HTTP/1.1 404) 5 headers in 202 bytes (1 switches on core 0)
2026-05-21 16:05:37.134 8 INFO placement.requestlog [None req-52f3ac89-8b42-44e7-a6d5-51e53c3a7fe5 c84e54cfd5da4c46b50a06f2854f195c 83f2ec51e41a4ec0bd624611099c43f4 - - b40ef066928340b2a55b86ea017ee8c5 b40ef066928340b2a55b86ea017ee8c5] 10.0.0.120 "DELETE /resource_providers/4277da01-ae7e-4173-8c15-0e8ce0d0260c" status: 404 len: 246 microversion: 1.1 [pid: 8|app: 0|req: 373/748] 10.0.0.120 () {34 vars in 816 bytes} [Thu May 21 16:05:37 2026] DELETE /resource_providers/4277da01-ae7e-4173-8c15-0e8ce0d0260c => generated 246 bytes in 9 msecs (HTTP/1.1 404) 6 headers in 231 bytes (1 switches on core 0)
2026-05-21 16:05:37.136 7 INFO placement.requestlog [None req-87abff53-b0b4-4e0a-a274-ca03e0da8ed0 c84e54cfd5da4c46b50a06f2854f195c 83f2ec51e41a4ec0bd624611099c43f4 - - b40ef066928340b2a55b86ea017ee8c5 b40ef066928340b2a55b86ea017ee8c5] 10.0.0.120 "DELETE /resource_providers/4277da01-ae7e-4173-8c15-0e8ce0d0260c" status: 404 len: 246 microversion: 1.1 [pid: 7|app: 0|req: 376/749] 10.0.0.120 () {34 vars in 816 bytes} [Thu May 21 16:05:37 2026] DELETE /resource_providers/4277da01-ae7e-4173-8c15-0e8ce0d0260c => generated 246 bytes in 11 msecs (HTTP/1.1 404) 6 headers in 231 bytes (1 switches on core 0)
2026-05-21 16:05:37.216 7 INFO placement.requestlog [None req-8f38c90c-986c-4ad1-baca-f313bbfcb40b - - - - - -] 10.0.0.60 "GET /" status: 200 len: 136 microversion: 1.0
2026-05-21 16:05:37.216 8 INFO placement.requestlog [None req-f97fcc78-f0ff-42bf-b6e3-fac65677367c - - - - - -] 10.0.0.60 "GET /" status: 200 len: 136 microversion: 1.0
2026-05-21 16:05:40.739 8 INFO placement.requestlog [None req-9e18e470-2a29-4a64-8c4c-e32d294adcfa c84e54cfd5da4c46b50a06f2854f195c 83f2ec51e41a4ec0bd624611099c43f4 - - b40ef066928340b2a55b86ea017ee8c5 b40ef066928340b2a55b86ea017ee8c5] 10.0.0.120 "GET /resource_providers/25db0493-6dad-4de6-9d76-d4254c849d0a/aggregates" status: 404 len: 235 microversion: 1.1 [pid: 8|app: 0|req: 375/752] 10.0.0.120 () {32 vars in 816 bytes} [Thu May 21 16:05:40 2026] GET /resource_providers/25db0493-6dad-4de6-9d76-d4254c849d0a/aggregates => generated 235 bytes in 8 msecs (HTTP/1.1 404) 5 headers in 202 bytes (1 switches on core 0)
2026-05-21 16:05:40.744 7 INFO placement.requestlog [None req-b3619ecc-3592-4196-9dae-ef0f83fd5b3a c84e54cfd5da4c46b50a06f2854f195c 83f2ec51e41a4ec0bd624611099c43f4 - - b40ef066928340b2a55b86ea017ee8c5 b40ef066928340b2a55b86ea017ee8c5] 10.0.0.120 "GET /resource_providers/25db0493-6dad-4de6-9d76-d4254c849d0a/aggregates" status: 404 len: 235 microversion: 1.1 [pid: 7|app: 0|req: 378/753] 10.0.0.120 () {32 vars in 816 bytes} [Thu May 21 16:05:40 2026] GET /resource_providers/25db0493-6dad-4de6-9d76-d4254c849d0a/aggregates => generated 235 bytes in 13 msecs (HTTP/1.1 404) 5 headers in 202 bytes (1 switches on core 0)
2026-05-21 16:05:40.763 8 INFO placement.requestlog [None req-6980eeb5-997a-45ae-b438-f03ec81bf4ff c84e54cfd5da4c46b50a06f2854f195c 83f2ec51e41a4ec0bd624611099c43f4 - - b40ef066928340b2a55b86ea017ee8c5 b40ef066928340b2a55b86ea017ee8c5] 10.0.0.120 "DELETE /resource_providers/25db0493-6dad-4de6-9d76-d4254c849d0a" status: 404 len: 246 microversion: 1.1
2026-05-21 16:05:40.764 7 INFO placement.requestlog [None req-bc021189-4cdb-4c46-a1f9-886271aac795 c84e54cfd5da4c46b50a06f2854f195c 83f2ec51e41a4ec0bd624611099c43f4 - - b40ef066928340b2a55b86ea017ee8c5 b40ef066928340b2a55b86ea017ee8c5] 10.0.0.120 "DELETE /resource_providers/25db0493-6dad-4de6-9d76-d4254c849d0a" status: 404 len: 246 microversion: 1.1 [pid: 8|app: 0|req: 376/755] 10.0.0.120 () {34 vars in 816 bytes} [Thu May 21 16:05:40 2026] DELETE /resource_providers/25db0493-6dad-4de6-9d76-d4254c849d0a => generated 246 bytes in 12 msecs (HTTP/1.1 404) 6 headers in 231 bytes (1 switches on core 0) [pid: 7|app: 0|req: 379/755] 10.0.0.120 () {34 vars in 816 bytes} [Thu May 21 16:05:40 2026] DELETE /resource_providers/25db0493-6dad-4de6-9d76-d4254c849d0a => generated 246 bytes in 9 msecs (HTTP/1.1 404) 6 headers in 231 bytes (1 switches on core 0)
