2026-05-10 04:39:44.885 7 INFO neutron.api.extensions [None req-88d174db-505b-4a33-9476-7b9a5f7c49a9 - - - - - -] Extension metering not supported by any of loaded plugins
2026-05-10 04:39:44.885 8 INFO neutron.api.extensions [None req-fde48c4b-a085-472c-b6a2-5dd49c2d1ecf - - - - - -] Loaded extension: vpnaas
2026-05-10 04:39:44.886 7 INFO neutron.api.extensions [None req-88d174db-505b-4a33-9476-7b9a5f7c49a9 - - - - - -] Extension metering_source_and_destination_fields not supported by any of loaded plugins
2026-05-10 04:39:44.886 7 INFO neutron.api.extensions [None req-88d174db-505b-4a33-9476-7b9a5f7c49a9 - - - - - -] Loaded extension: multi-provider
2026-05-10 04:39:44.887 8 INFO neutron.api.extensions [None req-fde48c4b-a085-472c-b6a2-5dd49c2d1ecf - - - - - -] Loaded extension: taas
2026-05-10 04:39:44.887 7 INFO neutron.api.extensions [None req-88d174db-505b-4a33-9476-7b9a5f7c49a9 - - - - - -] Loaded extension: net-mtu
2026-05-10 04:39:44.887 7 INFO neutron.api.extensions [None req-88d174db-505b-4a33-9476-7b9a5f7c49a9 - - - - - -] Loaded extension: net-mtu-writable
2026-05-10 04:39:44.888 8 INFO neutron.api.extensions [None req-fde48c4b-a085-472c-b6a2-5dd49c2d1ecf - - - - - -] Loaded extension: tap-mirror
2026-05-10 04:39:44.888 7 INFO neutron.api.extensions [None req-88d174db-505b-4a33-9476-7b9a5f7c49a9 - - - - - -] Loaded extension: network_availability_zone
2026-05-10 04:39:44.888 7 INFO neutron.api.extensions [None req-88d174db-505b-4a33-9476-7b9a5f7c49a9 - - - - - -] Loaded extension: network_ha
2026-05-10 04:39:44.889 8 INFO neutron.api.extensions [None req-fde48c4b-a085-472c-b6a2-5dd49c2d1ecf - - - - - -] Loaded extension: tap-mirror-both-direction
2026-05-10 04:39:44.889 7 INFO neutron.api.extensions [None req-88d174db-505b-4a33-9476-7b9a5f7c49a9 - - - - - -] Loaded extension: network-ip-availability
2026-05-10 04:39:44.889 8 INFO neutron.api.extensions [None req-fde48c4b-a085-472c-b6a2-5dd49c2d1ecf - - - - - -] Loaded extension: taas-vlan-filter
2026-05-10 04:39:44.890 7 INFO neutron.api.extensions [None req-88d174db-505b-4a33-9476-7b9a5f7c49a9 - - - - - -] Loaded extension: network-ip-availability-details
2026-05-10 04:39:44.891 7 INFO neutron.api.extensions [None req-88d174db-505b-4a33-9476-7b9a5f7c49a9 - - - - - -] Extension network-segment-range not supported by any of loaded plugins
2026-05-10 04:39:44.891 7 INFO neutron.api.extensions [None req-88d174db-505b-4a33-9476-7b9a5f7c49a9 - - - - - -] Loaded extension: pagination
2026-05-10 04:39:44.892 7 INFO neutron.api.extensions [None req-88d174db-505b-4a33-9476-7b9a5f7c49a9 - - - - - -] Loaded extension: port-device-profile
2026-05-10 04:39:44.892 8 INFO neutron.quota.resource_registry [None req-fde48c4b-a085-472c-b6a2-5dd49c2d1ecf - - - - - -] Creating instance of TrackedResource for resource:network
2026-05-10 04:39:44.892 8 INFO neutron.quota.resource_registry [None req-fde48c4b-a085-472c-b6a2-5dd49c2d1ecf - - - - - -] Creating instance of TrackedResource for resource:subnet
2026-05-10 04:39:44.892 7 INFO neutron.api.extensions [None req-88d174db-505b-4a33-9476-7b9a5f7c49a9 - - - - - -] Extension port-hardware-offload-type not supported by any of loaded plugins
2026-05-10 04:39:44.892 8 INFO neutron.quota.resource_registry [None req-fde48c4b-a085-472c-b6a2-5dd49c2d1ecf - - - - - -] Creating instance of TrackedResource for resource:subnetpool
2026-05-10 04:39:44.893 8 INFO neutron.quota.resource_registry [None req-fde48c4b-a085-472c-b6a2-5dd49c2d1ecf - - - - - -] Creating instance of TrackedResource for resource:port
2026-05-10 04:39:44.893 7 INFO neutron.api.extensions [None req-88d174db-505b-4a33-9476-7b9a5f7c49a9 - - - - - -] Extension port-hint-ovs-tx-steering not supported by any of loaded plugins
2026-05-10 04:39:44.893 7 INFO neutron.api.extensions [None req-88d174db-505b-4a33-9476-7b9a5f7c49a9 - - - - - -] Extension port-hints not supported by any of loaded plugins
2026-05-10 04:39:44.894 7 INFO neutron.api.extensions [None req-88d174db-505b-4a33-9476-7b9a5f7c49a9 - - - - - -] Loaded extension: port-mac-override
2026-05-10 04:39:44.894 7 INFO neutron.api.extensions [None req-88d174db-505b-4a33-9476-7b9a5f7c49a9 - - - - - -] Loaded extension: port-mac-address-regenerate
2026-05-10 04:39:44.895 7 INFO neutron.api.extensions [None req-88d174db-505b-4a33-9476-7b9a5f7c49a9 - - - - - -] Loaded extension: port-numa-affinity-policy
2026-05-10 04:39:44.895 7 INFO neutron.api.extensions [None req-88d174db-505b-4a33-9476-7b9a5f7c49a9 - - - - - -] Loaded extension: port-numa-affinity-policy-socket
2026-05-10 04:39:44.896 8 INFO neutron.quota.resource_registry [None req-fde48c4b-a085-472c-b6a2-5dd49c2d1ecf - - - - - -] Creating instance of TrackedResource for resource:router
2026-05-10 04:39:44.896 7 INFO neutron.api.extensions [None req-88d174db-505b-4a33-9476-7b9a5f7c49a9 - - - - - -] Loaded extension: port-resource-request
2026-05-10 04:39:44.896 8 INFO neutron.quota.resource_registry [None req-fde48c4b-a085-472c-b6a2-5dd49c2d1ecf - - - - - -] Creating instance of TrackedResource for resource:floatingip
2026-05-10 04:39:44.896 7 INFO neutron.api.extensions [None req-88d174db-505b-4a33-9476-7b9a5f7c49a9 - - - - - -] Loaded extension: port-resource-request-groups
2026-05-10 04:39:44.897 7 INFO neutron.api.extensions [None req-88d174db-505b-4a33-9476-7b9a5f7c49a9 - - - - - -] Extension port-trusted-vif not supported by any of loaded plugins
2026-05-10 04:39:44.897 7 INFO neutron.api.extensions [None req-88d174db-505b-4a33-9476-7b9a5f7c49a9 - - - - - -] Loaded extension: binding
2026-05-10 04:39:44.898 7 INFO neutron.api.extensions [None req-88d174db-505b-4a33-9476-7b9a5f7c49a9 - - - - - -] Loaded extension: binding-extended
2026-05-10 04:39:44.899 7 INFO neutron.api.extensions [None req-88d174db-505b-4a33-9476-7b9a5f7c49a9 - - - - - -] Loaded extension: port-security
2026-05-10 04:39:44.899 7 INFO neutron.api.extensions [None req-88d174db-505b-4a33-9476-7b9a5f7c49a9 - - - - - -] Loaded extension: project-id
2026-05-10 04:39:44.900 7 INFO neutron.api.extensions [None req-88d174db-505b-4a33-9476-7b9a5f7c49a9 - - - - - -] Loaded extension: provider
2026-05-10 04:39:44.900 7 INFO neutron.api.extensions [None req-88d174db-505b-4a33-9476-7b9a5f7c49a9 - - - - - -] Extension qinq not supported by any of loaded plugins
2026-05-10 04:39:44.902 7 INFO neutron.api.extensions [None req-88d174db-505b-4a33-9476-7b9a5f7c49a9 - - - - - -] Loaded extension: qos
2026-05-10 04:39:44.902 8 INFO neutron.quota.resource_registry [None req-fde48c4b-a085-472c-b6a2-5dd49c2d1ecf - - - - - -] Creating instance of CountableResource for resource:rbac_policy
2026-05-10 04:39:44.903 8 INFO neutron.quota.resource_registry [None req-fde48c4b-a085-472c-b6a2-5dd49c2d1ecf - - - - - -] Creating instance of TrackedResource for resource:security_group
2026-05-10 04:39:44.903 7 INFO neutron.api.extensions [None req-88d174db-505b-4a33-9476-7b9a5f7c49a9 - - - - - -] Loaded extension: qos-bw-limit-direction
2026-05-10 04:39:44.903 8 INFO neutron.quota.resource_registry [None req-fde48c4b-a085-472c-b6a2-5dd49c2d1ecf - - - - - -] Creating instance of TrackedResource for resource:security_group_rule
2026-05-10 04:39:44.904 7 INFO neutron.api.extensions [None req-88d174db-505b-4a33-9476-7b9a5f7c49a9 - - - - - -] Loaded extension: qos-bw-minimum-ingress
2026-05-10 04:39:44.904 8 WARNING neutron.api.api_common [None req-fde48c4b-a085-472c-b6a2-5dd49c2d1ecf - - - - - -] The plugin class neutron.db.servicetype_db.ServiceTypeManager should inherit from ``ServicePluginBase`` or ``NeutronDbPluginV2``. This class needs to be refactored. Please report a Launchpad bug in https://bugs.launchpad.net/neutron.
2026-05-10 04:39:44.904 7 INFO neutron.api.extensions [None req-88d174db-505b-4a33-9476-7b9a5f7c49a9 - - - - - -] Loaded extension: qos-default
2026-05-10 04:39:44.905 8 INFO neutron.quota.resource_registry [None req-fde48c4b-a085-472c-b6a2-5dd49c2d1ecf - - - - - -] Creating instance of TrackedResource for resource:subnetpool
2026-05-10 04:39:44.905 8 WARNING neutron.quota.resource_registry [None req-fde48c4b-a085-472c-b6a2-5dd49c2d1ecf - - - - - -] subnetpool is already registered
2026-05-10 04:39:44.905 7 INFO neutron.api.extensions [None req-88d174db-505b-4a33-9476-7b9a5f7c49a9 - - - - - -] Loaded extension: qos-fip
2026-05-10 04:39:44.905 8 INFO neutron.quota.resource_registry [None req-fde48c4b-a085-472c-b6a2-5dd49c2d1ecf - - - - - -] Creating instance of TrackedResource for resource:subnetpool
2026-05-10 04:39:44.905 8 WARNING neutron.quota.resource_registry [None req-fde48c4b-a085-472c-b6a2-5dd49c2d1ecf - - - - - -] subnetpool is already registered
2026-05-10 04:39:44.906 7 INFO neutron.api.extensions [None req-88d174db-505b-4a33-9476-7b9a5f7c49a9 - - - - - -] Extension qos-fip-network-policy not supported by any of loaded plugins
2026-05-10 04:39:44.906 8 INFO neutron.quota.resource_registry [None req-fde48c4b-a085-472c-b6a2-5dd49c2d1ecf - - - - - -] Creating instance of CountableResource for resource:trunk
2026-05-10 04:39:44.906 7 INFO neutron.api.extensions [None req-88d174db-505b-4a33-9476-7b9a5f7c49a9 - - - - - -] Loaded extension: qos-gateway-ip
2026-05-10 04:39:44.906 8 INFO neutron.quota.resource_registry [None req-fde48c4b-a085-472c-b6a2-5dd49c2d1ecf - - - - - -] Creating instance of CountableResource for resource:ikepolicy
2026-05-10 04:39:44.907 7 INFO neutron.api.extensions [None req-88d174db-505b-4a33-9476-7b9a5f7c49a9 - - - - - -] Loaded extension: qos-port-network-policy
2026-05-10 04:39:44.907 8 INFO neutron.quota.resource_registry [None req-fde48c4b-a085-472c-b6a2-5dd49c2d1ecf - - - - - -] Creating instance of CountableResource for resource:ipsecpolicy
2026-05-10 04:39:44.907 8 INFO neutron.quota.resource_registry [None req-fde48c4b-a085-472c-b6a2-5dd49c2d1ecf - - - - - -] Creating instance of CountableResource for resource:endpoint_group
2026-05-10 04:39:44.908 7 INFO neutron.api.extensions [None req-88d174db-505b-4a33-9476-7b9a5f7c49a9 - - - - - -] Loaded extension: qos-pps-minimum
2026-05-10 04:39:44.908 8 INFO neutron.quota.resource_registry [None req-fde48c4b-a085-472c-b6a2-5dd49c2d1ecf - - - - - -] Creating instance of CountableResource for resource:vpnservice
2026-05-10 04:39:44.908 8 INFO neutron.quota.resource_registry [None req-fde48c4b-a085-472c-b6a2-5dd49c2d1ecf - - - - - -] Creating instance of CountableResource for resource:ipsec_site_connection
2026-05-10 04:39:44.909 8 INFO neutron.quota.resource_registry [None req-fde48c4b-a085-472c-b6a2-5dd49c2d1ecf - - - - - -] Creating instance of CountableResource for resource:ipsecpolicy
2026-05-10 04:39:44.909 8 WARNING neutron.quota.resource_registry [None req-fde48c4b-a085-472c-b6a2-5dd49c2d1ecf - - - - - -] ipsecpolicy is already registered
2026-05-10 04:39:44.909 8 INFO neutron.quota.resource_registry [None req-fde48c4b-a085-472c-b6a2-5dd49c2d1ecf - - - - - -] Creating instance of CountableResource for resource:ikepolicy
2026-05-10 04:39:44.909 7 INFO neutron.api.extensions [None req-88d174db-505b-4a33-9476-7b9a5f7c49a9 - - - - - -] Loaded extension: qos-pps-minimum-rule-alias
2026-05-10 04:39:44.909 8 WARNING neutron.quota.resource_registry [None req-fde48c4b-a085-472c-b6a2-5dd49c2d1ecf - - - - - -] ikepolicy is already registered
2026-05-10 04:39:44.910 7 INFO neutron.api.extensions [None req-88d174db-505b-4a33-9476-7b9a5f7c49a9 - - - - - -] Loaded extension: qos-pps
2026-05-10 04:39:44.911 8 WARNING neutron.api.api_common [None req-fde48c4b-a085-472c-b6a2-5dd49c2d1ecf - - - - - -] The plugin class builtins.NoneType should inherit from ``ServicePluginBase`` or ``NeutronDbPluginV2``. This class needs to be refactored. Please report a Launchpad bug in https://bugs.launchpad.net/neutron.
2026-05-10 04:39:44.911 8 WARNING neutron.api.api_common [None req-fde48c4b-a085-472c-b6a2-5dd49c2d1ecf - - - - - -] The plugin class builtins.NoneType should inherit from ``ServicePluginBase`` or ``NeutronDbPluginV2``. This class needs to be refactored. Please report a Launchpad bug in https://bugs.launchpad.net/neutron.
2026-05-10 04:39:44.911 7 INFO neutron.api.extensions [None req-88d174db-505b-4a33-9476-7b9a5f7c49a9 - - - - - -] Loaded extension: qos-rule-type-details
2026-05-10 04:39:44.911 8 WARNING neutron.api.api_common [None req-fde48c4b-a085-472c-b6a2-5dd49c2d1ecf - - - - - -] The plugin class builtins.NoneType should inherit from ``ServicePluginBase`` or ``NeutronDbPluginV2``. This class needs to be refactored. Please report a Launchpad bug in https://bugs.launchpad.net/neutron.
2026-05-10 04:39:44.911 8 WARNING neutron.api.api_common [None req-fde48c4b-a085-472c-b6a2-5dd49c2d1ecf - - - - - -] The plugin class builtins.NoneType should inherit from ``ServicePluginBase`` or ``NeutronDbPluginV2``. This class needs to be refactored. Please report a Launchpad bug in https://bugs.launchpad.net/neutron.
2026-05-10 04:39:44.912 7 INFO neutron.api.extensions [None req-88d174db-505b-4a33-9476-7b9a5f7c49a9 - - - - - -] Loaded extension: qos-rule-type-filter
2026-05-10 04:39:44.912 8 WARNING neutron.api.api_common [None req-fde48c4b-a085-472c-b6a2-5dd49c2d1ecf - - - - - -] The plugin class builtins.NoneType should inherit from ``ServicePluginBase`` or ``NeutronDbPluginV2``. This class needs to be refactored. Please report a Launchpad bug in https://bugs.launchpad.net/neutron.
2026-05-10 04:39:44.912 8 WARNING neutron.api.api_common [None req-fde48c4b-a085-472c-b6a2-5dd49c2d1ecf - - - - - -] The plugin class neutron.db.servicetype_db.ServiceTypeManager should inherit from ``ServicePluginBase`` or ``NeutronDbPluginV2``. This class needs to be refactored. Please report a Launchpad bug in https://bugs.launchpad.net/neutron.
2026-05-10 04:39:44.912 7 INFO neutron.api.extensions [None req-88d174db-505b-4a33-9476-7b9a5f7c49a9 - - - - - -] Loaded extension: qos-rules-alias
2026-05-10 04:39:44.912 8 WARNING neutron.api.api_common [None req-fde48c4b-a085-472c-b6a2-5dd49c2d1ecf - - - - - -] The plugin class builtins.NoneType should inherit from ``ServicePluginBase`` or ``NeutronDbPluginV2``. This class needs to be refactored. Please report a Launchpad bug in https://bugs.launchpad.net/neutron.
2026-05-10 04:39:44.912 8 WARNING neutron.api.api_common [None req-fde48c4b-a085-472c-b6a2-5dd49c2d1ecf - - - - - -] The plugin class builtins.NoneType should inherit from ``ServicePluginBase`` or ``NeutronDbPluginV2``. This class needs to be refactored. Please report a Launchpad bug in https://bugs.launchpad.net/neutron.
2026-05-10 04:39:44.912 8 WARNING neutron.api.api_common [None req-fde48c4b-a085-472c-b6a2-5dd49c2d1ecf - - - - - -] The plugin class builtins.NoneType should inherit from ``ServicePluginBase`` or ``NeutronDbPluginV2``. This class needs to be refactored. Please report a Launchpad bug in https://bugs.launchpad.net/neutron.
2026-05-10 04:39:44.913 8 WARNING neutron.api.api_common [None req-fde48c4b-a085-472c-b6a2-5dd49c2d1ecf - - - - - -] The plugin class builtins.NoneType should inherit from ``ServicePluginBase`` or ``NeutronDbPluginV2``. This class needs to be refactored. Please report a Launchpad bug in https://bugs.launchpad.net/neutron.
2026-05-10 04:39:44.913 7 INFO neutron.api.extensions [None req-88d174db-505b-4a33-9476-7b9a5f7c49a9 - - - - - -] Loaded extension: quota-check-limit
2026-05-10 04:39:44.913 8 WARNING neutron.api.api_common [None req-fde48c4b-a085-472c-b6a2-5dd49c2d1ecf - - - - - -] The plugin class builtins.NoneType should inherit from ``ServicePluginBase`` or ``NeutronDbPluginV2``. This class needs to be refactored. Please report a Launchpad bug in https://bugs.launchpad.net/neutron.
2026-05-10 04:39:44.913 8 WARNING neutron.api.api_common [None req-fde48c4b-a085-472c-b6a2-5dd49c2d1ecf - - - - - -] The plugin class builtins.NoneType should inherit from ``ServicePluginBase`` or ``NeutronDbPluginV2``. This class needs to be refactored. Please report a Launchpad bug in https://bugs.launchpad.net/neutron.
2026-05-10 04:39:44.913 8 WARNING neutron.api.api_common [None req-fde48c4b-a085-472c-b6a2-5dd49c2d1ecf - - - - - -] The plugin class builtins.NoneType should inherit from ``ServicePluginBase`` or ``NeutronDbPluginV2``. This class needs to be refactored. Please report a Launchpad bug in https://bugs.launchpad.net/neutron.
2026-05-10 04:39:44.913 8 WARNING neutron.api.api_common [None req-fde48c4b-a085-472c-b6a2-5dd49c2d1ecf - - - - - -] The plugin class builtins.NoneType should inherit from ``ServicePluginBase`` or ``NeutronDbPluginV2``. This class needs to be refactored. Please report a Launchpad bug in https://bugs.launchpad.net/neutron.
2026-05-10 04:39:44.913 8 WARNING neutron.api.api_common [None req-fde48c4b-a085-472c-b6a2-5dd49c2d1ecf - - - - - -] The plugin class builtins.NoneType should inherit from ``ServicePluginBase`` or ``NeutronDbPluginV2``. This class needs to be refactored. Please report a Launchpad bug in https://bugs.launchpad.net/neutron.
2026-05-10 04:39:44.913 7 INFO neutron.api.extensions [None req-88d174db-505b-4a33-9476-7b9a5f7c49a9 - - - - - -] Loaded extension: quota-check-limit-default
2026-05-10 04:39:44.913 8 WARNING neutron.api.api_common [None req-fde48c4b-a085-472c-b6a2-5dd49c2d1ecf - - - - - -] The plugin class builtins.NoneType should inherit from ``ServicePluginBase`` or ``NeutronDbPluginV2``. This class needs to be refactored. Please report a Launchpad bug in https://bugs.launchpad.net/neutron.
2026-05-10 04:39:44.916 7 INFO neutron.api.extensions [None req-88d174db-505b-4a33-9476-7b9a5f7c49a9 - - - - - -] Loaded extension: quotas
2026-05-10 04:39:44.917 8 INFO neutron.quota.resource_registry [None req-fde48c4b-a085-472c-b6a2-5dd49c2d1ecf - - - - - -] Creating instance of TrackedResource for resource:router
2026-05-10 04:39:44.917 8 WARNING neutron.quota.resource_registry [None req-fde48c4b-a085-472c-b6a2-5dd49c2d1ecf - - - - - -] router is already registered
2026-05-10 04:39:44.917 8 INFO neutron.quota.resource_registry [None req-fde48c4b-a085-472c-b6a2-5dd49c2d1ecf - - - - - -] Creating instance of TrackedResource for resource:floatingip
2026-05-10 04:39:44.917 7 INFO neutron.api.extensions [None req-88d174db-505b-4a33-9476-7b9a5f7c49a9 - - - - - -] Loaded extension: quota_details
2026-05-10 04:39:44.917 8 WARNING neutron.quota.resource_registry [None req-fde48c4b-a085-472c-b6a2-5dd49c2d1ecf - - - - - -] floatingip is already registered
2026-05-10 04:39:44.919 7 INFO neutron.api.extensions [None req-88d174db-505b-4a33-9476-7b9a5f7c49a9 - - - - - -] Loaded extension: rbac-policies
2026-05-10 04:39:44.920 7 INFO neutron.api.extensions [None req-88d174db-505b-4a33-9476-7b9a5f7c49a9 - - - - - -] Loaded extension: rbac-address-group
2026-05-10 04:39:44.920 7 INFO neutron.api.extensions [None req-88d174db-505b-4a33-9476-7b9a5f7c49a9 - - - - - -] Loaded extension: rbac-address-scope
2026-05-10 04:39:44.921 7 INFO neutron.api.extensions [None req-88d174db-505b-4a33-9476-7b9a5f7c49a9 - - - - - -] Loaded extension: rbac-security-groups
2026-05-10 04:39:44.921 7 INFO neutron.api.extensions [None req-88d174db-505b-4a33-9476-7b9a5f7c49a9 - - - - - -] Loaded extension: rbac-subnetpool
2026-05-10 04:39:44.921 8 INFO neutron.quota.resource_registry [None req-fde48c4b-a085-472c-b6a2-5dd49c2d1ecf - - - - - -] Creating instance of CountableResource for resource:rbac_policy
2026-05-10 04:39:44.922 8 WARNING neutron.quota.resource_registry [None req-fde48c4b-a085-472c-b6a2-5dd49c2d1ecf - - - - - -] rbac_policy is already registered
2026-05-10 04:39:44.922 7 INFO neutron.api.extensions [None req-88d174db-505b-4a33-9476-7b9a5f7c49a9 - - - - - -] Loaded extension: revision-if-match
2026-05-10 04:39:44.922 8 INFO neutron.quota.resource_registry [None req-fde48c4b-a085-472c-b6a2-5dd49c2d1ecf - - - - - -] Creating instance of TrackedResource for resource:security_group
2026-05-10 04:39:44.922 7 INFO neutron.api.extensions [None req-88d174db-505b-4a33-9476-7b9a5f7c49a9 - - - - - -] Loaded extension: standard-attr-revisions
2026-05-10 04:39:44.922 8 WARNING neutron.quota.resource_registry [None req-fde48c4b-a085-472c-b6a2-5dd49c2d1ecf - - - - - -] security_group is already registered
2026-05-10 04:39:44.923 8 INFO neutron.quota.resource_registry [None req-fde48c4b-a085-472c-b6a2-5dd49c2d1ecf - - - - - -] Creating instance of TrackedResource for resource:security_group_rule
2026-05-10 04:39:44.923 7 INFO neutron.api.extensions [None req-88d174db-505b-4a33-9476-7b9a5f7c49a9 - - - - - -] Loaded extension: router_availability_zone
2026-05-10 04:39:44.923 8 WARNING neutron.quota.resource_registry [None req-fde48c4b-a085-472c-b6a2-5dd49c2d1ecf - - - - - -] security_group_rule is already registered
2026-05-10 04:39:44.924 7 INFO neutron.api.extensions [None req-88d174db-505b-4a33-9476-7b9a5f7c49a9 - - - - - -] Extension router-enable-snat not supported by any of loaded plugins
2026-05-10 04:39:44.924 8 WARNING neutron.api.api_common [None req-fde48c4b-a085-472c-b6a2-5dd49c2d1ecf - - - - - -] The plugin class neutron.db.servicetype_db.ServiceTypeManager should inherit from ``ServicePluginBase`` or ``NeutronDbPluginV2``. This class needs to be refactored. Please report a Launchpad bug in https://bugs.launchpad.net/neutron.
2026-05-10 04:39:44.924 7 INFO neutron.api.extensions [None req-88d174db-505b-4a33-9476-7b9a5f7c49a9 - - - - - -] Extension router-service-type not supported by any of loaded plugins
2026-05-10 04:39:44.924 8 INFO neutron.quota.resource_registry [None req-fde48c4b-a085-472c-b6a2-5dd49c2d1ecf - - - - - -] Creating instance of TrackedResource for resource:subnetpool
2026-05-10 04:39:44.925 8 WARNING neutron.quota.resource_registry [None req-fde48c4b-a085-472c-b6a2-5dd49c2d1ecf - - - - - -] subnetpool is already registered
2026-05-10 04:39:44.925 8 INFO neutron.quota.resource_registry [None req-fde48c4b-a085-472c-b6a2-5dd49c2d1ecf - - - - - -] Creating instance of TrackedResource for resource:subnetpool
2026-05-10 04:39:44.925 8 WARNING neutron.quota.resource_registry [None req-fde48c4b-a085-472c-b6a2-5dd49c2d1ecf - - - - - -] subnetpool is already registered
2026-05-10 04:39:44.926 8 INFO neutron.quota.resource_registry [None req-fde48c4b-a085-472c-b6a2-5dd49c2d1ecf - - - - - -] Creating instance of CountableResource for resource:trunk
2026-05-10 04:39:44.926 8 WARNING neutron.quota.resource_registry [None req-fde48c4b-a085-472c-b6a2-5dd49c2d1ecf - - - - - -] trunk is already registered
2026-05-10 04:39:44.926 7 INFO neutron.api.extensions [None req-88d174db-505b-4a33-9476-7b9a5f7c49a9 - - - - - -] Loaded extension: security-groups-default-rules
2026-05-10 04:39:44.926 8 INFO neutron.quota.resource_registry [None req-fde48c4b-a085-472c-b6a2-5dd49c2d1ecf - - - - - -] Creating instance of CountableResource for resource:ikepolicy
2026-05-10 04:39:44.926 8 WARNING neutron.quota.resource_registry [None req-fde48c4b-a085-472c-b6a2-5dd49c2d1ecf - - - - - -] ikepolicy is already registered
2026-05-10 04:39:44.927 7 INFO neutron.api.extensions [None req-88d174db-505b-4a33-9476-7b9a5f7c49a9 - - - - - -] Loaded extension: security-groups-normalized-cidr
2026-05-10 04:39:44.927 8 INFO neutron.quota.resource_registry [None req-fde48c4b-a085-472c-b6a2-5dd49c2d1ecf - - - - - -] Creating instance of CountableResource for resource:ipsecpolicy
2026-05-10 04:39:44.927 8 WARNING neutron.quota.resource_registry [None req-fde48c4b-a085-472c-b6a2-5dd49c2d1ecf - - - - - -] ipsecpolicy is already registered
2026-05-10 04:39:44.927 8 INFO neutron.quota.resource_registry [None req-fde48c4b-a085-472c-b6a2-5dd49c2d1ecf - - - - - -] Creating instance of CountableResource for resource:endpoint_group
2026-05-10 04:39:44.928 7 INFO neutron.api.extensions [None req-88d174db-505b-4a33-9476-7b9a5f7c49a9 - - - - - -] Loaded extension: port-security-groups-filtering
2026-05-10 04:39:44.928 8 WARNING neutron.quota.resource_registry [None req-fde48c4b-a085-472c-b6a2-5dd49c2d1ecf - - - - - -] endpoint_group is already registered
2026-05-10 04:39:44.928 8 INFO neutron.quota.resource_registry [None req-fde48c4b-a085-472c-b6a2-5dd49c2d1ecf - - - - - -] Creating instance of CountableResource for resource:vpnservice
2026-05-10 04:39:44.928 7 INFO neutron.api.extensions [None req-88d174db-505b-4a33-9476-7b9a5f7c49a9 - - - - - -] Loaded extension: security-groups-remote-address-group
2026-05-10 04:39:44.928 8 WARNING neutron.quota.resource_registry [None req-fde48c4b-a085-472c-b6a2-5dd49c2d1ecf - - - - - -] vpnservice is already registered
2026-05-10 04:39:44.928 8 INFO neutron.quota.resource_registry [None req-fde48c4b-a085-472c-b6a2-5dd49c2d1ecf - - - - - -] Creating instance of CountableResource for resource:ipsec_site_connection
2026-05-10 04:39:44.929 7 INFO neutron.api.extensions [None req-88d174db-505b-4a33-9476-7b9a5f7c49a9 - - - - - -] Loaded extension: security-groups-rules-belongs-to-default-sg
2026-05-10 04:39:44.929 8 WARNING neutron.quota.resource_registry [None req-fde48c4b-a085-472c-b6a2-5dd49c2d1ecf - - - - - -] ipsec_site_connection is already registered
2026-05-10 04:39:44.929 8 INFO neutron.quota.resource_registry [None req-fde48c4b-a085-472c-b6a2-5dd49c2d1ecf - - - - - -] Creating instance of CountableResource for resource:ipsecpolicy
2026-05-10 04:39:44.929 7 INFO neutron.api.extensions [None req-88d174db-505b-4a33-9476-7b9a5f7c49a9 - - - - - -] Loaded extension: security-groups-shared-filtering
2026-05-10 04:39:44.929 8 WARNING neutron.quota.resource_registry [None req-fde48c4b-a085-472c-b6a2-5dd49c2d1ecf - - - - - -] ipsecpolicy is already registered
2026-05-10 04:39:44.929 8 INFO neutron.quota.resource_registry [None req-fde48c4b-a085-472c-b6a2-5dd49c2d1ecf - - - - - -] Creating instance of CountableResource for resource:ikepolicy
2026-05-10 04:39:44.930 8 WARNING neutron.quota.resource_registry [None req-fde48c4b-a085-472c-b6a2-5dd49c2d1ecf - - - - - -] ikepolicy is already registered
2026-05-10 04:39:44.934 7 INFO neutron.api.extensions [None req-88d174db-505b-4a33-9476-7b9a5f7c49a9 - - - - - -] Loaded extension: security-group
2026-05-10 04:39:44.935 7 INFO neutron.api.extensions [None req-88d174db-505b-4a33-9476-7b9a5f7c49a9 - - - - - -] Loaded extension: segment
2026-05-10 04:39:44.936 7 INFO neutron.api.extensions [None req-88d174db-505b-4a33-9476-7b9a5f7c49a9 - - - - - -] Loaded extension: segments-peer-subnet-host-routes
2026-05-10 04:39:44.936 7 INFO neutron.api.extensions [None req-88d174db-505b-4a33-9476-7b9a5f7c49a9 - - - - - -] Loaded extension: service-type
2026-05-10 04:39:44.937 7 INFO neutron.api.extensions [None req-88d174db-505b-4a33-9476-7b9a5f7c49a9 - - - - - -] Loaded extension: sorting
2026-05-10 04:39:44.937 7 INFO neutron.api.extensions [None req-88d174db-505b-4a33-9476-7b9a5f7c49a9 - - - - - -] Loaded extension: standard-attr-segment
2026-05-10 04:39:44.938 7 INFO neutron.api.extensions [None req-88d174db-505b-4a33-9476-7b9a5f7c49a9 - - - - - -] Loaded extension: standard-attr-description
2026-05-10 04:39:44.938 7 INFO neutron.api.extensions [None req-88d174db-505b-4a33-9476-7b9a5f7c49a9 - - - - - -] Loaded extension: stateful-security-group
2026-05-10 04:39:44.939 7 WARNING neutron.api.extensions [None req-88d174db-505b-4a33-9476-7b9a5f7c49a9 - - - - - -] Did not find expected name "Stdattrs_common" in /var/lib/openstack/lib/python3.12/site-packages/neutron/extensions/stdattrs_common.py
2026-05-10 04:39:44.940 7 INFO neutron.api.extensions [None req-88d174db-505b-4a33-9476-7b9a5f7c49a9 - - - - - -] Extension subnet-dns-publish-fixed-ip not supported by any of loaded plugins
2026-05-10 04:39:44.940 7 INFO neutron.api.extensions [None req-88d174db-505b-4a33-9476-7b9a5f7c49a9 - - - - - -] Loaded extension: subnet-external-network
2026-05-10 04:39:44.941 7 INFO neutron.api.extensions [None req-88d174db-505b-4a33-9476-7b9a5f7c49a9 - - - - - -] Loaded extension: subnet_onboard
2026-05-10 04:39:44.941 7 INFO neutron.api.extensions [None req-88d174db-505b-4a33-9476-7b9a5f7c49a9 - - - - - -] Loaded extension: subnet-segmentid-writable
2026-05-10 04:39:44.942 7 INFO neutron.api.extensions [None req-88d174db-505b-4a33-9476-7b9a5f7c49a9 - - - - - -] Loaded extension: subnet-service-types
2026-05-10 04:39:44.942 7 INFO neutron.api.extensions [None req-88d174db-505b-4a33-9476-7b9a5f7c49a9 - - - - - -] Loaded extension: subnet_allocation
2026-05-10 04:39:44.944 7 INFO neutron.api.extensions [None req-88d174db-505b-4a33-9476-7b9a5f7c49a9 - - - - - -] Loaded extension: subnetpool-prefix-ops
2026-05-10 04:39:44.945 7 INFO neutron.api.extensions [None req-88d174db-505b-4a33-9476-7b9a5f7c49a9 - - - - - -] Loaded extension: tag-creation
2026-05-10 04:39:44.945 7 INFO neutron.api.extensions [None req-88d174db-505b-4a33-9476-7b9a5f7c49a9 - - - - - -] Extension tag-ports-during-bulk-creation not supported by any of loaded plugins
2026-05-10 04:39:44.950 7 INFO neutron.api.extensions [None req-88d174db-505b-4a33-9476-7b9a5f7c49a9 - - - - - -] Loaded extension: standard-attr-tag
2026-05-10 04:39:44.951 7 INFO neutron.api.extensions [None req-88d174db-505b-4a33-9476-7b9a5f7c49a9 - - - - - -] Loaded extension: standard-attr-timestamp
2026-05-10 04:39:44.954 7 INFO neutron.api.extensions [None req-88d174db-505b-4a33-9476-7b9a5f7c49a9 - - - - - -] Loaded extension: trunk
2026-05-10 04:39:44.955 7 INFO neutron.api.extensions [None req-88d174db-505b-4a33-9476-7b9a5f7c49a9 - - - - - -] Loaded extension: trunk-details
2026-05-10 04:39:44.955 7 INFO neutron.api.extensions [None req-88d174db-505b-4a33-9476-7b9a5f7c49a9 - - - - - -] Extension uplink-status-propagation not supported by any of loaded plugins
2026-05-10 04:39:44.956 7 INFO neutron.api.extensions [None req-88d174db-505b-4a33-9476-7b9a5f7c49a9 - - - - - -] Extension uplink-status-propagation-updatable not supported by any of loaded plugins
2026-05-10 04:39:44.957 7 INFO neutron.api.extensions [None req-88d174db-505b-4a33-9476-7b9a5f7c49a9 - - - - - -] Extension vlan-transparent not supported by any of loaded plugins
2026-05-10 04:39:44.957 7 INFO neutron.api.extensions [None req-88d174db-505b-4a33-9476-7b9a5f7c49a9 - - - - - -] Loaded extension: vpn-aes-ctr
2026-05-10 04:39:44.960 7 INFO neutron.api.extensions [None req-88d174db-505b-4a33-9476-7b9a5f7c49a9 - - - - - -] Extension vpn-agent-scheduler not supported by any of loaded plugins
2026-05-10 04:39:44.961 7 INFO neutron.api.extensions [None req-88d174db-505b-4a33-9476-7b9a5f7c49a9 - - - - - -] Loaded extension: vpn-endpoint-groups
2026-05-10 04:39:44.961 7 INFO neutron.api.extensions [None req-88d174db-505b-4a33-9476-7b9a5f7c49a9 - - - - - -] Loaded extension: vpn-flavors
2026-05-10 04:39:44.963 7 INFO neutron.api.extensions [None req-88d174db-505b-4a33-9476-7b9a5f7c49a9 - - - - - -] Loaded extension: vpnaas
2026-05-10 04:39:44.964 7 INFO neutron.api.extensions [None req-88d174db-505b-4a33-9476-7b9a5f7c49a9 - - - - - -] Loaded extension: taas
2026-05-10 04:39:44.966 7 INFO neutron.api.extensions [None req-88d174db-505b-4a33-9476-7b9a5f7c49a9 - - - - - -] Loaded extension: tap-mirror
2026-05-10 04:39:44.967 7 INFO neutron.api.extensions [None req-88d174db-505b-4a33-9476-7b9a5f7c49a9 - - - - - -] Loaded extension: tap-mirror-both-direction
2026-05-10 04:39:44.968 7 INFO neutron.api.extensions [None req-88d174db-505b-4a33-9476-7b9a5f7c49a9 - - - - - -] Loaded extension: taas-vlan-filter
2026-05-10 04:39:44.970 8 WARNING keystonemiddleware._common.config [None req-fde48c4b-a085-472c-b6a2-5dd49c2d1ecf - - - - - -] The option "audit_map_file" is not known to keystonemiddleware
2026-05-10 04:39:44.971 7 INFO neutron.quota.resource_registry [None req-88d174db-505b-4a33-9476-7b9a5f7c49a9 - - - - - -] Creating instance of TrackedResource for resource:network
2026-05-10 04:39:44.971 7 INFO neutron.quota.resource_registry [None req-88d174db-505b-4a33-9476-7b9a5f7c49a9 - - - - - -] Creating instance of TrackedResource for resource:subnet
2026-05-10 04:39:44.971 7 INFO neutron.quota.resource_registry [None req-88d174db-505b-4a33-9476-7b9a5f7c49a9 - - - - - -] Creating instance of TrackedResource for resource:subnetpool
2026-05-10 04:39:44.972 7 INFO neutron.quota.resource_registry [None req-88d174db-505b-4a33-9476-7b9a5f7c49a9 - - - - - -] Creating instance of TrackedResource for resource:port
2026-05-10 04:39:44.975 7 INFO neutron.quota.resource_registry [None req-88d174db-505b-4a33-9476-7b9a5f7c49a9 - - - - - -] Creating instance of TrackedResource for resource:router
2026-05-10 04:39:44.976 7 INFO neutron.quota.resource_registry [None req-88d174db-505b-4a33-9476-7b9a5f7c49a9 - - - - - -] Creating instance of TrackedResource for resource:floatingip
2026-05-10 04:39:44.978 8 WARNING oslo_config.cfg [None req-fde48c4b-a085-472c-b6a2-5dd49c2d1ecf - - - - - -] Deprecated: Option "auth_uri" from group "keystone_authtoken" is deprecated. Use option "www_authenticate_uri" from group "keystone_authtoken".
2026-05-10 04:39:44.980 7 INFO neutron.quota.resource_registry [None req-88d174db-505b-4a33-9476-7b9a5f7c49a9 - - - - - -] Creating instance of CountableResource for resource:rbac_policy WSGI app 0 (mountpoint='') ready in 8 seconds on interpreter 0x7f2a9a9b6668 pid: 8 (default app)
2026-05-10 04:39:44.981 7 INFO neutron.quota.resource_registry [None req-88d174db-505b-4a33-9476-7b9a5f7c49a9 - - - - - -] Creating instance of TrackedResource for resource:security_group
2026-05-10 04:39:44.981 7 INFO neutron.quota.resource_registry [None req-88d174db-505b-4a33-9476-7b9a5f7c49a9 - - - - - -] Creating instance of TrackedResource for resource:security_group_rule
2026-05-10 04:39:44.982 7 WARNING neutron.api.api_common [None req-88d174db-505b-4a33-9476-7b9a5f7c49a9 - - - - - -] The plugin class neutron.db.servicetype_db.ServiceTypeManager should inherit from ``ServicePluginBase`` or ``NeutronDbPluginV2``. This class needs to be refactored. Please report a Launchpad bug in https://bugs.launchpad.net/neutron.
2026-05-10 04:39:44.982 7 INFO neutron.quota.resource_registry [None req-88d174db-505b-4a33-9476-7b9a5f7c49a9 - - - - - -] Creating instance of TrackedResource for resource:subnetpool
2026-05-10 04:39:44.982 7 WARNING neutron.quota.resource_registry [None req-88d174db-505b-4a33-9476-7b9a5f7c49a9 - - - - - -] subnetpool is already registered
2026-05-10 04:39:44.983 7 INFO neutron.quota.resource_registry [None req-88d174db-505b-4a33-9476-7b9a5f7c49a9 - - - - - -] Creating instance of TrackedResource for resource:subnetpool
2026-05-10 04:39:44.983 7 WARNING neutron.quota.resource_registry [None req-88d174db-505b-4a33-9476-7b9a5f7c49a9 - - - - - -] subnetpool is already registered
2026-05-10 04:39:44.984 7 INFO neutron.quota.resource_registry [None req-88d174db-505b-4a33-9476-7b9a5f7c49a9 - - - - - -] Creating instance of CountableResource for resource:trunk
2026-05-10 04:39:44.984 7 INFO neutron.quota.resource_registry [None req-88d174db-505b-4a33-9476-7b9a5f7c49a9 - - - - - -] Creating instance of CountableResource for resource:ikepolicy
2026-05-10 04:39:44.985 7 INFO neutron.quota.resource_registry [None req-88d174db-505b-4a33-9476-7b9a5f7c49a9 - - - - - -] Creating instance of CountableResource for resource:ipsecpolicy
2026-05-10 04:39:44.985 7 INFO neutron.quota.resource_registry [None req-88d174db-505b-4a33-9476-7b9a5f7c49a9 - - - - - -] Creating instance of CountableResource for resource:endpoint_group
2026-05-10 04:39:44.986 7 INFO neutron.quota.resource_registry [None req-88d174db-505b-4a33-9476-7b9a5f7c49a9 - - - - - -] Creating instance of CountableResource for resource:vpnservice
2026-05-10 04:39:44.986 7 INFO neutron.quota.resource_registry [None req-88d174db-505b-4a33-9476-7b9a5f7c49a9 - - - - - -] Creating instance of CountableResource for resource:ipsec_site_connection
2026-05-10 04:39:44.986 7 INFO neutron.quota.resource_registry [None req-88d174db-505b-4a33-9476-7b9a5f7c49a9 - - - - - -] Creating instance of CountableResource for resource:ipsecpolicy
2026-05-10 04:39:44.987 7 WARNING neutron.quota.resource_registry [None req-88d174db-505b-4a33-9476-7b9a5f7c49a9 - - - - - -] ipsecpolicy is already registered
2026-05-10 04:39:44.987 7 INFO neutron.quota.resource_registry [None req-88d174db-505b-4a33-9476-7b9a5f7c49a9 - - - - - -] Creating instance of CountableResource for resource:ikepolicy
2026-05-10 04:39:44.987 7 WARNING neutron.quota.resource_registry [None req-88d174db-505b-4a33-9476-7b9a5f7c49a9 - - - - - -] ikepolicy is already registered
2026-05-10 04:39:44.988 7 WARNING neutron.api.api_common [None req-88d174db-505b-4a33-9476-7b9a5f7c49a9 - - - - - -] The plugin class builtins.NoneType should inherit from ``ServicePluginBase`` or ``NeutronDbPluginV2``. This class needs to be refactored. Please report a Launchpad bug in https://bugs.launchpad.net/neutron.
2026-05-10 04:39:44.989 7 WARNING neutron.api.api_common [None req-88d174db-505b-4a33-9476-7b9a5f7c49a9 - - - - - -] The plugin class builtins.NoneType should inherit from ``ServicePluginBase`` or ``NeutronDbPluginV2``. This class needs to be refactored. Please report a Launchpad bug in https://bugs.launchpad.net/neutron.
2026-05-10 04:39:44.989 7 WARNING neutron.api.api_common [None req-88d174db-505b-4a33-9476-7b9a5f7c49a9 - - - - - -] The plugin class builtins.NoneType should inherit from ``ServicePluginBase`` or ``NeutronDbPluginV2``. This class needs to be refactored. Please report a Launchpad bug in https://bugs.launchpad.net/neutron.
2026-05-10 04:39:44.989 7 WARNING neutron.api.api_common [None req-88d174db-505b-4a33-9476-7b9a5f7c49a9 - - - - - -] The plugin class builtins.NoneType should inherit from ``ServicePluginBase`` or ``NeutronDbPluginV2``. This class needs to be refactored. Please report a Launchpad bug in https://bugs.launchpad.net/neutron.
2026-05-10 04:39:44.989 7 WARNING neutron.api.api_common [None req-88d174db-505b-4a33-9476-7b9a5f7c49a9 - - - - - -] The plugin class builtins.NoneType should inherit from ``ServicePluginBase`` or ``NeutronDbPluginV2``. This class needs to be refactored. Please report a Launchpad bug in https://bugs.launchpad.net/neutron.
2026-05-10 04:39:44.990 7 WARNING neutron.api.api_common [None req-88d174db-505b-4a33-9476-7b9a5f7c49a9 - - - - - -] The plugin class neutron.db.servicetype_db.ServiceTypeManager should inherit from ``ServicePluginBase`` or ``NeutronDbPluginV2``. This class needs to be refactored. Please report a Launchpad bug in https://bugs.launchpad.net/neutron.
2026-05-10 04:39:44.990 7 WARNING neutron.api.api_common [None req-88d174db-505b-4a33-9476-7b9a5f7c49a9 - - - - - -] The plugin class builtins.NoneType should inherit from ``ServicePluginBase`` or ``NeutronDbPluginV2``. This class needs to be refactored. Please report a Launchpad bug in https://bugs.launchpad.net/neutron.
2026-05-10 04:39:44.990 7 WARNING neutron.api.api_common [None req-88d174db-505b-4a33-9476-7b9a5f7c49a9 - - - - - -] The plugin class builtins.NoneType should inherit from ``ServicePluginBase`` or ``NeutronDbPluginV2``. This class needs to be refactored. Please report a Launchpad bug in https://bugs.launchpad.net/neutron.
2026-05-10 04:39:44.990 7 WARNING neutron.api.api_common [None req-88d174db-505b-4a33-9476-7b9a5f7c49a9 - - - - - -] The plugin class builtins.NoneType should inherit from ``ServicePluginBase`` or ``NeutronDbPluginV2``. This class needs to be refactored. Please report a Launchpad bug in https://bugs.launchpad.net/neutron.
2026-05-10 04:39:44.990 7 WARNING neutron.api.api_common [None req-88d174db-505b-4a33-9476-7b9a5f7c49a9 - - - - - -] The plugin class builtins.NoneType should inherit from ``ServicePluginBase`` or ``NeutronDbPluginV2``. This class needs to be refactored. Please report a Launchpad bug in https://bugs.launchpad.net/neutron.
2026-05-10 04:39:44.990 7 WARNING neutron.api.api_common [None req-88d174db-505b-4a33-9476-7b9a5f7c49a9 - - - - - -] The plugin class builtins.NoneType should inherit from ``ServicePluginBase`` or ``NeutronDbPluginV2``. This class needs to be refactored. Please report a Launchpad bug in https://bugs.launchpad.net/neutron.
2026-05-10 04:39:44.990 7 WARNING neutron.api.api_common [None req-88d174db-505b-4a33-9476-7b9a5f7c49a9 - - - - - -] The plugin class builtins.NoneType should inherit from ``ServicePluginBase`` or ``NeutronDbPluginV2``. This class needs to be refactored. Please report a Launchpad bug in https://bugs.launchpad.net/neutron.
2026-05-10 04:39:44.990 7 WARNING neutron.api.api_common [None req-88d174db-505b-4a33-9476-7b9a5f7c49a9 - - - - - -] The plugin class builtins.NoneType should inherit from ``ServicePluginBase`` or ``NeutronDbPluginV2``. This class needs to be refactored. Please report a Launchpad bug in https://bugs.launchpad.net/neutron.
2026-05-10 04:39:44.991 7 WARNING neutron.api.api_common [None req-88d174db-505b-4a33-9476-7b9a5f7c49a9 - - - - - -] The plugin class builtins.NoneType should inherit from ``ServicePluginBase`` or ``NeutronDbPluginV2``. This class needs to be refactored. Please report a Launchpad bug in https://bugs.launchpad.net/neutron.
2026-05-10 04:39:44.991 7 WARNING neutron.api.api_common [None req-88d174db-505b-4a33-9476-7b9a5f7c49a9 - - - - - -] The plugin class builtins.NoneType should inherit from ``ServicePluginBase`` or ``NeutronDbPluginV2``. This class needs to be refactored. Please report a Launchpad bug in https://bugs.launchpad.net/neutron.
2026-05-10 04:39:44.991 7 WARNING neutron.api.api_common [None req-88d174db-505b-4a33-9476-7b9a5f7c49a9 - - - - - -] The plugin class builtins.NoneType should inherit from ``ServicePluginBase`` or ``NeutronDbPluginV2``. This class needs to be refactored. Please report a Launchpad bug in https://bugs.launchpad.net/neutron.
2026-05-10 04:39:44.994 7 INFO neutron.quota.resource_registry [None req-88d174db-505b-4a33-9476-7b9a5f7c49a9 - - - - - -] Creating instance of TrackedResource for resource:router
2026-05-10 04:39:44.994 7 WARNING neutron.quota.resource_registry [None req-88d174db-505b-4a33-9476-7b9a5f7c49a9 - - - - - -] router is already registered
2026-05-10 04:39:44.994 7 INFO neutron.quota.resource_registry [None req-88d174db-505b-4a33-9476-7b9a5f7c49a9 - - - - - -] Creating instance of TrackedResource for resource:floatingip
2026-05-10 04:39:44.995 7 WARNING neutron.quota.resource_registry [None req-88d174db-505b-4a33-9476-7b9a5f7c49a9 - - - - - -] floatingip is already registered
2026-05-10 04:39:44.998 7 INFO neutron.quota.resource_registry [None req-88d174db-505b-4a33-9476-7b9a5f7c49a9 - - - - - -] Creating instance of CountableResource for resource:rbac_policy
2026-05-10 04:39:44.999 7 WARNING neutron.quota.resource_registry [None req-88d174db-505b-4a33-9476-7b9a5f7c49a9 - - - - - -] rbac_policy is already registered
2026-05-10 04:39:44.999 7 INFO neutron.quota.resource_registry [None req-88d174db-505b-4a33-9476-7b9a5f7c49a9 - - - - - -] Creating instance of TrackedResource for resource:security_group
2026-05-10 04:39:45.000 7 WARNING neutron.quota.resource_registry [None req-88d174db-505b-4a33-9476-7b9a5f7c49a9 - - - - - -] security_group is already registered
2026-05-10 04:39:45.000 7 INFO neutron.quota.resource_registry [None req-88d174db-505b-4a33-9476-7b9a5f7c49a9 - - - - - -] Creating instance of TrackedResource for resource:security_group_rule
2026-05-10 04:39:45.000 7 WARNING neutron.quota.resource_registry [None req-88d174db-505b-4a33-9476-7b9a5f7c49a9 - - - - - -] security_group_rule is already registered
2026-05-10 04:39:45.001 7 WARNING neutron.api.api_common [None req-88d174db-505b-4a33-9476-7b9a5f7c49a9 - - - - - -] The plugin class neutron.db.servicetype_db.ServiceTypeManager should inherit from ``ServicePluginBase`` or ``NeutronDbPluginV2``. This class needs to be refactored. Please report a Launchpad bug in https://bugs.launchpad.net/neutron.
2026-05-10 04:39:45.001 7 INFO neutron.quota.resource_registry [None req-88d174db-505b-4a33-9476-7b9a5f7c49a9 - - - - - -] Creating instance of TrackedResource for resource:subnetpool
2026-05-10 04:39:45.001 7 WARNING neutron.quota.resource_registry [None req-88d174db-505b-4a33-9476-7b9a5f7c49a9 - - - - - -] subnetpool is already registered
2026-05-10 04:39:45.002 7 INFO neutron.quota.resource_registry [None req-88d174db-505b-4a33-9476-7b9a5f7c49a9 - - - - - -] Creating instance of TrackedResource for resource:subnetpool
2026-05-10 04:39:45.002 7 WARNING neutron.quota.resource_registry [None req-88d174db-505b-4a33-9476-7b9a5f7c49a9 - - - - - -] subnetpool is already registered
2026-05-10 04:39:45.002 7 INFO neutron.quota.resource_registry [None req-88d174db-505b-4a33-9476-7b9a5f7c49a9 - - - - - -] Creating instance of CountableResource for resource:trunk
2026-05-10 04:39:45.003 7 WARNING neutron.quota.resource_registry [None req-88d174db-505b-4a33-9476-7b9a5f7c49a9 - - - - - -] trunk is already registered
2026-05-10 04:39:45.003 7 INFO neutron.quota.resource_registry [None req-88d174db-505b-4a33-9476-7b9a5f7c49a9 - - - - - -] Creating instance of CountableResource for resource:ikepolicy
2026-05-10 04:39:45.003 7 WARNING neutron.quota.resource_registry [None req-88d174db-505b-4a33-9476-7b9a5f7c49a9 - - - - - -] ikepolicy is already registered
2026-05-10 04:39:45.004 7 INFO neutron.quota.resource_registry [None req-88d174db-505b-4a33-9476-7b9a5f7c49a9 - - - - - -] Creating instance of CountableResource for resource:ipsecpolicy
2026-05-10 04:39:45.004 7 WARNING neutron.quota.resource_registry [None req-88d174db-505b-4a33-9476-7b9a5f7c49a9 - - - - - -] ipsecpolicy is already registered
2026-05-10 04:39:45.004 7 INFO neutron.quota.resource_registry [None req-88d174db-505b-4a33-9476-7b9a5f7c49a9 - - - - - -] Creating instance of CountableResource for resource:endpoint_group
2026-05-10 04:39:45.004 7 WARNING neutron.quota.resource_registry [None req-88d174db-505b-4a33-9476-7b9a5f7c49a9 - - - - - -] endpoint_group is already registered
2026-05-10 04:39:45.005 7 INFO neutron.quota.resource_registry [None req-88d174db-505b-4a33-9476-7b9a5f7c49a9 - - - - - -] Creating instance of CountableResource for resource:vpnservice
2026-05-10 04:39:45.005 7 WARNING neutron.quota.resource_registry [None req-88d174db-505b-4a33-9476-7b9a5f7c49a9 - - - - - -] vpnservice is already registered
2026-05-10 04:39:45.005 7 INFO neutron.quota.resource_registry [None req-88d174db-505b-4a33-9476-7b9a5f7c49a9 - - - - - -] Creating instance of CountableResource for resource:ipsec_site_connection
2026-05-10 04:39:45.006 7 WARNING neutron.quota.resource_registry [None req-88d174db-505b-4a33-9476-7b9a5f7c49a9 - - - - - -] ipsec_site_connection is already registered
2026-05-10 04:39:45.006 7 INFO neutron.quota.resource_registry [None req-88d174db-505b-4a33-9476-7b9a5f7c49a9 - - - - - -] Creating instance of CountableResource for resource:ipsecpolicy
2026-05-10 04:39:45.006 7 WARNING neutron.quota.resource_registry [None req-88d174db-505b-4a33-9476-7b9a5f7c49a9 - - - - - -] ipsecpolicy is already registered
2026-05-10 04:39:45.007 7 INFO neutron.quota.resource_registry [None req-88d174db-505b-4a33-9476-7b9a5f7c49a9 - - - - - -] Creating instance of CountableResource for resource:ikepolicy
2026-05-10 04:39:45.007 7 WARNING neutron.quota.resource_registry [None req-88d174db-505b-4a33-9476-7b9a5f7c49a9 - - - - - -] ikepolicy is already registered
2026-05-10 04:39:45.053 7 WARNING keystonemiddleware._common.config [None req-88d174db-505b-4a33-9476-7b9a5f7c49a9 - - - - - -] The option "audit_map_file" is not known to keystonemiddleware
2026-05-10 04:39:45.062 7 WARNING oslo_config.cfg [None req-88d174db-505b-4a33-9476-7b9a5f7c49a9 - - - - - -] Deprecated: Option "auth_uri" from group "keystone_authtoken" is deprecated. Use option "www_authenticate_uri" from group "keystone_authtoken". WSGI app 0 (mountpoint='') ready in 9 seconds on interpreter 0x7f2a9a9b6668 pid: 7 (default app) /var/lib/openstack/lib/python3.12/site-packages/pycadf/identifier.py:70: UserWarning: Invalid uuid: unknown. To ensure interoperability, identifiers should be a valid uuid. warnings.warn(('Invalid uuid: %s. To ensure interoperability, '
2026-05-10 04:39:49.462 8 INFO neutron.pecan_wsgi.hooks.translation [None req-77bf62c9-fe8e-4494-a512-739a3d1c9fb8 4a6aaf9edb9a4c95899810131ab61fd1 f85cf1b7b4d54a00a64be767f96a2725 - - default default] GET failed (client error): The resource could not be found. [pid: 8|app: 0|req: 4/4] 199.204.45.250 () {44 vars in 926 bytes} [Sun May 10 04:39:48 2026] GET /v2.0/networks/public => generated 108 bytes in 962 msecs (HTTP/1.1 404) 4 headers in 164 bytes (1 switches on core 0) /var/lib/openstack/lib/python3.12/site-packages/pycadf/identifier.py:70: UserWarning: Invalid uuid: unknown. To ensure interoperability, identifiers should be a valid uuid. warnings.warn(('Invalid uuid: %s. To ensure interoperability, ' [pid: 7|app: 0|req: 1/5] 199.204.45.250 () {44 vars in 948 bytes} [Sun May 10 04:39:49 2026] GET /v2.0/networks?name=public => generated 15 bytes in 396 msecs (HTTP/1.1 200) 4 headers in 156 bytes (1 switches on core 0)
2026-05-10 04:39:50.443 8 WARNING neutron.services.revisions.revision_plugin [None req-a5431388-5ce4-4403-833e-1407cc20f671 4a6aaf9edb9a4c95899810131ab61fd1 f85cf1b7b4d54a00a64be767f96a2725 - - default default] Could not find related network for resource to bump revision.
2026-05-10 04:39:50.459 8 INFO neutron.db.segments_db [None req-a5431388-5ce4-4403-833e-1407cc20f671 4a6aaf9edb9a4c95899810131ab61fd1 f85cf1b7b4d54a00a64be767f96a2725 - - default default] Added segment 092fdd64-51d2-4814-9f2c-531442196f2f of type flat for network 789b6580-e193-4867-b869-002ab736289a
2026-05-10 04:39:50.501 8 INFO neutron.pecan_wsgi.hooks.translation [None req-a5431388-5ce4-4403-833e-1407cc20f671 4a6aaf9edb9a4c95899810131ab61fd1 f85cf1b7b4d54a00a64be767f96a2725 - - default default] POST failed (client error): The resource could not be found. [pid: 8|app: 0|req: 5/6] 199.204.45.250 () {48 vars in 966 bytes} [Sun May 10 04:39:49 2026] POST /v2.0/networks => generated 124 bytes in 652 msecs (HTTP/1.1 404) 4 headers in 164 bytes (1 switches on core 0)
