Apr 06 17:18:42.237614 np0000163539 devstack@neutron-api.service[102119]: DEBUG ovsdbapp.backend.ovs_idl [None req-b5e28732-c421-4c9f-b238-ab06565e574c None None] Created schema index Chassis_Template_Var.chassis {{(pid=102119) autocreate_indices /opt/stack/data/venv/lib/python3.12/site-packages/ovsdbapp/backend/ovs_idl/__init__.py:106}}
Apr 06 17:18:42.237655 np0000163539 devstack@neutron-api.service[102119]: DEBUG ovsdbapp.backend.ovs_idl [None req-b5e28732-c421-4c9f-b238-ab06565e574c None None] Created schema index Logical_Router_Port.name {{(pid=102119) autocreate_indices /opt/stack/data/venv/lib/python3.12/site-packages/ovsdbapp/backend/ovs_idl/__init__.py:106}}
Apr 06 17:18:42.237718 np0000163539 devstack@neutron-api.service[102119]: DEBUG ovsdbapp.backend.ovs_idl [None req-b5e28732-c421-4c9f-b238-ab06565e574c None None] Created schema index Port_Group.name {{(pid=102119) autocreate_indices /opt/stack/data/venv/lib/python3.12/site-packages/ovsdbapp/backend/ovs_idl/__init__.py:106}}
Apr 06 17:18:42.237802 np0000163539 devstack@neutron-api.service[102119]: DEBUG ovsdbapp.backend.ovs_idl [None req-b5e28732-c421-4c9f-b238-ab06565e574c None None] Created schema index Logical_Switch_Port.name {{(pid=102119) autocreate_indices /opt/stack/data/venv/lib/python3.12/site-packages/ovsdbapp/backend/ovs_idl/__init__.py:106}}
Apr 06 17:18:42.240420 np0000163539 devstack@neutron-api.service[102119]: INFO ovsdbapp.backend.ovs_idl.vlog [None req-b5e28732-c421-4c9f-b238-ab06565e574c None None] ssl:199.204.45.4:6641: connecting...
Apr 06 17:18:42.246033 np0000163539 devstack@neutron-api.service[102119]: INFO ovsdbapp.backend.ovs_idl.vlog [None req-b5e28732-c421-4c9f-b238-ab06565e574c None None] ssl:199.204.45.4:6641: connected
Apr 06 17:18:42.261117 np0000163539 devstack@neutron-api.service[102121]: DEBUG neutron.common.ovn.hash_ring_manager [None req-ec92fe41-2838-4710-a52a-1454b4be2f1b None None] Allow caching, nodes 4>=4 {{(pid=102121) _wait_startup_before_caching /opt/stack/neutron/neutron/common/ovn/hash_ring_manager.py:65}}
Apr 06 17:18:42.265613 np0000163539 devstack@neutron-api.service[102121]: DEBUG neutron.common.ovn.hash_ring_manager [None req-ec92fe41-2838-4710-a52a-1454b4be2f1b None None] Hash Ring loaded. 4 active nodes. 0 offline nodes {{(pid=102121) _load_hash_ring /opt/stack/neutron/neutron/common/ovn/hash_ring_manager.py:102}}
Apr 06 17:18:42.265874 np0000163539 devstack@neutron-api.service[102121]: DEBUG neutron.plugins.ml2.drivers.ovn.mech_driver.ovsdb.ovsdb_monitor [None req-ec92fe41-2838-4710-a52a-1454b4be2f1b None None] ChassisOVNAgentWriteEvent : Matched Chassis_Private, create, None None {{(pid=102121) matches /opt/stack/neutron/neutron/plugins/ml2/drivers/ovn/mech_driver/ovsdb/ovsdb_monitor.py:64}}
Apr 06 17:18:42.266024 np0000163539 devstack@neutron-api.service[102121]: DEBUG neutron.plugins.ml2.drivers.ovn.mech_driver.ovsdb.ovsdb_monitor [None req-ec92fe41-2838-4710-a52a-1454b4be2f1b None None] ChassisAgentWriteEvent : Matched Chassis_Private, create, None None {{(pid=102121) matches /opt/stack/neutron/neutron/plugins/ml2/drivers/ovn/mech_driver/ovsdb/ovsdb_monitor.py:64}}
Apr 06 17:18:42.267485 np0000163539 devstack@neutron-api.service[102122]: DEBUG neutron.common.ovn.hash_ring_manager [None req-990fb399-c5b4-4760-b020-a4b9ecde3f85 None None] Allow caching, nodes 4>=4 {{(pid=102122) _wait_startup_before_caching /opt/stack/neutron/neutron/common/ovn/hash_ring_manager.py:65}}
Apr 06 17:18:42.268748 np0000163539 devstack@neutron-api.service[102121]: INFO neutron.plugins.ml2.drivers.ovn.mech_driver.mech_driver [None req-ec92fe41-2838-4710-a52a-1454b4be2f1b None None] WorkerService process has finished the post initialization
Apr 06 17:18:42.270437 np0000163539 devstack@neutron-api.service[102121]: WSGI app 0 (mountpoint='') ready in 8 seconds on interpreter 0x7d559e8a3668 pid: 102121 (default app)
Apr 06 17:18:42.271990 np0000163539 devstack@neutron-api.service[102122]: DEBUG neutron.common.ovn.hash_ring_manager [None req-990fb399-c5b4-4760-b020-a4b9ecde3f85 None None] Hash Ring loaded. 4 active nodes. 0 offline nodes {{(pid=102122) _load_hash_ring /opt/stack/neutron/neutron/common/ovn/hash_ring_manager.py:102}}
Apr 06 17:18:42.272256 np0000163539 devstack@neutron-api.service[102122]: DEBUG neutron.plugins.ml2.drivers.ovn.mech_driver.ovsdb.ovsdb_monitor [None req-990fb399-c5b4-4760-b020-a4b9ecde3f85 None None] ChassisOVNAgentWriteEvent : Matched Chassis_Private, create, None None {{(pid=102122) matches /opt/stack/neutron/neutron/plugins/ml2/drivers/ovn/mech_driver/ovsdb/ovsdb_monitor.py:64}}
Apr 06 17:18:42.272443 np0000163539 devstack@neutron-api.service[102122]: DEBUG neutron.plugins.ml2.drivers.ovn.mech_driver.ovsdb.ovsdb_monitor [None req-990fb399-c5b4-4760-b020-a4b9ecde3f85 None None] ChassisAgentWriteEvent : Matched Chassis_Private, create, None None {{(pid=102122) matches /opt/stack/neutron/neutron/plugins/ml2/drivers/ovn/mech_driver/ovsdb/ovsdb_monitor.py:64}}
Apr 06 17:18:42.272903 np0000163539 devstack@neutron-api.service[102122]: DEBUG neutron.plugins.ml2.drivers.ovn.mech_driver.ovsdb.ovsdb_monitor [None req-990fb399-c5b4-4760-b020-a4b9ecde3f85 None None] Hash Ring: Node 85c6362003585c97a3e0295711ceae48 (host: np0000163539) handling event "create" for row 5bb41a34-7b2d-480e-a97a-8dc3f0e547de (table: Encap) {{(pid=102122) notify /opt/stack/neutron/neutron/plugins/ml2/drivers/ovn/mech_driver/ovsdb/ovsdb_monitor.py:912}}
Apr 06 17:18:42.275085 np0000163539 devstack@neutron-api.service[102122]: INFO neutron.plugins.ml2.drivers.ovn.mech_driver.mech_driver [None req-990fb399-c5b4-4760-b020-a4b9ecde3f85 None None] WorkerService process has finished the post initialization
Apr 06 17:18:42.275335 np0000163539 devstack@neutron-api.service[102119]: DEBUG neutron.common.ovn.hash_ring_manager [None req-b5e28732-c421-4c9f-b238-ab06565e574c None None] Allow caching, nodes 4>=4 {{(pid=102119) _wait_startup_before_caching /opt/stack/neutron/neutron/common/ovn/hash_ring_manager.py:65}}
Apr 06 17:18:42.276969 np0000163539 devstack@neutron-api.service[102122]: WSGI app 0 (mountpoint='') ready in 8 seconds on interpreter 0x7d559e8a3668 pid: 102122 (default app)
Apr 06 17:18:42.279875 np0000163539 devstack@neutron-api.service[102119]: DEBUG neutron.common.ovn.hash_ring_manager [None req-b5e28732-c421-4c9f-b238-ab06565e574c None None] Hash Ring loaded. 4 active nodes. 0 offline nodes {{(pid=102119) _load_hash_ring /opt/stack/neutron/neutron/common/ovn/hash_ring_manager.py:102}}
Apr 06 17:18:42.280794 np0000163539 devstack@neutron-api.service[102119]: DEBUG neutron.plugins.ml2.drivers.ovn.mech_driver.ovsdb.ovsdb_monitor [None req-b5e28732-c421-4c9f-b238-ab06565e574c None None] Hash Ring: Node e1f301eb51b85684b1ff287637b6d28d (host: np0000163539) handling event "create" for row 53fb7395-94a1-444b-a638-04f03497612e (table: Connection) {{(pid=102119) notify /opt/stack/neutron/neutron/plugins/ml2/drivers/ovn/mech_driver/ovsdb/ovsdb_monitor.py:912}}
Apr 06 17:18:42.280794 np0000163539 devstack@neutron-api.service[102119]: DEBUG neutron.plugins.ml2.drivers.ovn.mech_driver.ovsdb.ovsdb_monitor [None req-b5e28732-c421-4c9f-b238-ab06565e574c None None] Hash Ring: Node e1f301eb51b85684b1ff287637b6d28d (host: np0000163539) handling event "create" for row 493b1792-c229-4ea9-a88f-56165cc5db15 (table: NB_Global) {{(pid=102119) notify /opt/stack/neutron/neutron/plugins/ml2/drivers/ovn/mech_driver/ovsdb/ovsdb_monitor.py:912}}
Apr 06 17:18:42.281288 np0000163539 devstack@neutron-api.service[102119]: INFO neutron.plugins.ml2.drivers.ovn.mech_driver.ovsdb.impl_idl_ovn [None req-b5e28732-c421-4c9f-b238-ab06565e574c None None] Getting OvsdbSbOvnIdl for WorkerService with retry
Apr 06 17:18:42.314891 np0000163539 devstack@neutron-api.service[102119]: DEBUG ovsdbapp.backend.ovs_idl [None req-b5e28732-c421-4c9f-b238-ab06565e574c None None] Created lookup_table index Chassis.name {{(pid=102119) autocreate_indices /opt/stack/data/venv/lib/python3.12/site-packages/ovsdbapp/backend/ovs_idl/__init__.py:87}}
Apr 06 17:18:42.314995 np0000163539 devstack@neutron-api.service[102119]: DEBUG ovsdbapp.backend.ovs_idl [None req-b5e28732-c421-4c9f-b238-ab06565e574c None None] Created lookup_table index Port_Binding.logical_port {{(pid=102119) autocreate_indices /opt/stack/data/venv/lib/python3.12/site-packages/ovsdbapp/backend/ovs_idl/__init__.py:87}}
Apr 06 17:18:42.315061 np0000163539 devstack@neutron-api.service[102119]: DEBUG ovsdbapp.backend.ovs_idl [None req-b5e28732-c421-4c9f-b238-ab06565e574c None None] Created schema index Chassis_Private.name {{(pid=102119) autocreate_indices /opt/stack/data/venv/lib/python3.12/site-packages/ovsdbapp/backend/ovs_idl/__init__.py:106}}
Apr 06 17:18:42.315165 np0000163539 devstack@neutron-api.service[102119]: DEBUG ovsdbapp.backend.ovs_idl [None req-b5e28732-c421-4c9f-b238-ab06565e574c None None] Created schema index Datapath_Binding.tunnel_key {{(pid=102119) autocreate_indices /opt/stack/data/venv/lib/python3.12/site-packages/ovsdbapp/backend/ovs_idl/__init__.py:106}}
Apr 06 17:18:42.317366 np0000163539 devstack@neutron-api.service[102119]: INFO ovsdbapp.backend.ovs_idl.vlog [None req-b5e28732-c421-4c9f-b238-ab06565e574c None None] ssl:199.204.45.4:6642: connecting...
Apr 06 17:18:42.321883 np0000163539 devstack@neutron-api.service[102119]: INFO ovsdbapp.backend.ovs_idl.vlog [None req-b5e28732-c421-4c9f-b238-ab06565e574c None None] ssl:199.204.45.4:6642: connected
Apr 06 17:18:42.350982 np0000163539 devstack@neutron-api.service[102119]: DEBUG neutron.common.ovn.hash_ring_manager [None req-b5e28732-c421-4c9f-b238-ab06565e574c None None] Allow caching, nodes 4>=4 {{(pid=102119) _wait_startup_before_caching /opt/stack/neutron/neutron/common/ovn/hash_ring_manager.py:65}}
Apr 06 17:18:42.355304 np0000163539 devstack@neutron-api.service[102119]: DEBUG neutron.common.ovn.hash_ring_manager [None req-b5e28732-c421-4c9f-b238-ab06565e574c None None] Hash Ring loaded. 4 active nodes. 0 offline nodes {{(pid=102119) _load_hash_ring /opt/stack/neutron/neutron/common/ovn/hash_ring_manager.py:102}}
Apr 06 17:18:42.355497 np0000163539 devstack@neutron-api.service[102119]: DEBUG neutron.plugins.ml2.drivers.ovn.mech_driver.ovsdb.ovsdb_monitor [None req-b5e28732-c421-4c9f-b238-ab06565e574c None None] Hash Ring: Node e1f301eb51b85684b1ff287637b6d28d (host: np0000163539) handling event "create" for row 661979c9-e7cb-46f6-887c-1a54d247aa13 (table: Chassis) {{(pid=102119) notify /opt/stack/neutron/neutron/plugins/ml2/drivers/ovn/mech_driver/ovsdb/ovsdb_monitor.py:912}}
Apr 06 17:18:42.356585 np0000163539 devstack@neutron-api.service[102119]: DEBUG ovsdbapp.backend.ovs_idl.event [None req-b5e28732-c421-4c9f-b238-ab06565e574c None None] Matched CREATE: ChassisBandwidthConfigEvent(events=('create', 'update'), table='Chassis', conditions=None, old_conditions=None), priority=20 to row=Chassis(uuid=661979c9-e7cb-46f6-887c-1a54d247aa13, encaps=[5bb41a34-7b2d-480e-a97a-8dc3f0e547de], external_ids={}, hostname='np0000163539', name='efb77b6c-2a17-4a15-a4a1-f1c724caad70', nb_cfg=0, other_config={'ct-commit-nat-v2': 'true', 'ct-commit-to-zone': 'true', 'ct-next-zone': 'true', 'ct-no-masked-label': 'true', 'ct-state-save': 'true', 'datapath-type': 'system', 'fdb-timestamp': 'true', 'iface-types': 'afxdp,afxdp-nonpmd,bareudp,erspan,geneve,gre,gtpu,internal,ip6erspan,ip6gre,lisp,patch,srv6,stt,system,tap,vxlan', 'is-interconn': 'false', 'ls-dpg-column': 'true', 'mac-binding-timestamp': 'true', 'ovn-bridge-mappings': 'public:br-ex', 'ovn-chassis-mac-mappings': '', 'ovn-cms-options': 'enable-chassis-as-gw', 'ovn-ct-lb-related': 'true', 'ovn-enable-lflow-cache': 'true', 'ovn-limit-lflow-cache': '', 'ovn-memlimit-lflow-cache-kb': '', 'ovn-monitor-all': 'false', 'ovn-trim-limit-lflow-cache': '', 'ovn-trim-timeout-ms': '', 'ovn-trim-wmark-perc-lflow-cache': '', 'port-up-notif': 'true'}, transport_zones=[], vtep_logical_switches=[]) old= {{(pid=102119) matches /opt/stack/data/venv/lib/python3.12/site-packages/ovsdbapp/backend/ovs_idl/event.py:55}}
Apr 06 17:18:42.357290 np0000163539 devstack@neutron-api.service[102119]: DEBUG neutron.plugins.ml2.drivers.ovn.mech_driver.ovsdb.ovsdb_monitor [None req-b5e28732-c421-4c9f-b238-ab06565e574c None None] ChassisAgentWriteEvent : Matched Chassis_Private, create, None None {{(pid=102119) matches /opt/stack/neutron/neutron/plugins/ml2/drivers/ovn/mech_driver/ovsdb/ovsdb_monitor.py:64}}
Apr 06 17:18:42.357492 np0000163539 devstack@neutron-api.service[102119]: DEBUG neutron.plugins.ml2.drivers.ovn.mech_driver.ovsdb.ovsdb_monitor [None req-b5e28732-c421-4c9f-b238-ab06565e574c None None] ChassisOVNAgentWriteEvent : Matched Chassis_Private, create, None None {{(pid=102119) matches /opt/stack/neutron/neutron/plugins/ml2/drivers/ovn/mech_driver/ovsdb/ovsdb_monitor.py:64}}
Apr 06 17:18:42.357860 np0000163539 devstack@neutron-api.service[102119]: DEBUG neutron.plugins.ml2.drivers.ovn.mech_driver.ovsdb.ovsdb_monitor [None req-b5e28732-c421-4c9f-b238-ab06565e574c None None] Hash Ring: Node e1f301eb51b85684b1ff287637b6d28d (host: np0000163539) handling event "create" for row 0dd7109a-07a9-4bf1-8bd6-cd601c506120 (table: Chassis_Private) {{(pid=102119) notify /opt/stack/neutron/neutron/plugins/ml2/drivers/ovn/mech_driver/ovsdb/ovsdb_monitor.py:912}}
Apr 06 17:18:42.359315 np0000163539 devstack@neutron-api.service[102119]: INFO neutron.plugins.ml2.drivers.ovn.mech_driver.mech_driver [None req-b5e28732-c421-4c9f-b238-ab06565e574c None None] WorkerService process has finished the post initialization
Apr 06 17:18:42.360356 np0000163539 devstack@neutron-api.service[102119]: INFO neutron.plugins.ml2.drivers.ovn.mech_driver.ovsdb.extensions.qos [-] Starting OVNClientQosExtension
Apr 06 17:18:42.360748 np0000163539 devstack@neutron-api.service[102119]: INFO neutron.plugins.ml2.drivers.ovn.mech_driver.ovsdb.extensions.placement [-] Starting OVNClientPlacementExtension
Apr 06 17:18:42.362607 np0000163539 devstack@neutron-api.service[102119]: WSGI app 0 (mountpoint='') ready in 8 seconds on interpreter 0x7d559e8a3668 pid: 102119 (default app)
Apr 06 17:18:44.217144 np0000163539 devstack@neutron-api.service[102120]: DEBUG neutron.common.ovn.hash_ring_manager [-] Allow caching, nodes 4>=4 {{(pid=102120) _wait_startup_before_caching /opt/stack/neutron/neutron/common/ovn/hash_ring_manager.py:65}}
Apr 06 17:18:44.217578 np0000163539 devstack@neutron-api.service[102120]: DEBUG neutron.plugins.ml2.drivers.ovn.mech_driver.ovsdb.ovsdb_monitor [-] Hash Ring: Node c45db93cf2685e1ab06655cf49956bad (host: np0000163539) handling event "update" for row 53fb7395-94a1-444b-a638-04f03497612e (table: Connection) {{(pid=102120) notify /opt/stack/neutron/neutron/plugins/ml2/drivers/ovn/mech_driver/ovsdb/ovsdb_monitor.py:912}}
Apr 06 17:18:44.218103 np0000163539 devstack@neutron-api.service[102119]: DEBUG neutron.plugins.ml2.drivers.ovn.mech_driver.ovsdb.ovsdb_monitor [-] Hash Ring: Node e1f301eb51b85684b1ff287637b6d28d (host: np0000163539) handling event "update" for row 53fb7395-94a1-444b-a638-04f03497612e (table: Connection) {{(pid=102119) notify /opt/stack/neutron/neutron/plugins/ml2/drivers/ovn/mech_driver/ovsdb/ovsdb_monitor.py:912}}
Apr 06 17:18:44.218412 np0000163539 devstack@neutron-api.service[102121]: DEBUG neutron.common.ovn.hash_ring_manager [-] Allow caching, nodes 4>=4 {{(pid=102121) _wait_startup_before_caching /opt/stack/neutron/neutron/common/ovn/hash_ring_manager.py:65}}
Apr 06 17:18:47.617150 np0000163539 devstack@neutron-api.service[102120]: DEBUG neutron.api.wsgi [None req-f713833b-6d50-47b6-97a3-5ed709204310 admin admin] Missing Content-Type {{(pid=102120) get_content_type /opt/stack/neutron/neutron/api/wsgi.py:85}}
Apr 06 17:18:47.617943 np0000163539 devstack@neutron-api.service[102120]: DEBUG neutron.api.wsgi [None req-f713833b-6d50-47b6-97a3-5ed709204310 admin admin] https://199.204.45.4/networking/v2.0/extensions returned with HTTP 200 {{(pid=102120) __call__ /opt/stack/neutron/neutron/api/wsgi.py:545}}
Apr 06 17:18:47.617943 np0000163539 devstack@neutron-api.service[102120]: [pid: 102120|app: 0|req: 2/2] 199.204.45.4 () {64 vars in 1309 bytes} [Mon Apr 6 17:18:47 2026] GET /networking/v2.0/extensions => generated 15208 bytes in 405 msecs (HTTP/1.1 200) 4 headers in 159 bytes (1 switches on core 0)
Apr 06 17:18:48.017754 np0000163539 devstack@neutron-api.service[102121]: DEBUG neutron.api.v2.base [None req-7b118ba6-0d41-4c70-8bcf-a315f1889816 admin admin] Request body: {'subnetpool': {'default_prefixlen': 26, 'name': 'shared-default-subnetpool-v4', 'shared': True, 'is_default': True, 'prefixes': ['10.1.0.0/20']}} {{(pid=102121) prepare_request_body /opt/stack/neutron/neutron/api/v2/base.py:729}}
Apr 06 17:18:48.215837 np0000163539 devstack@neutron-api.service[102121]: DEBUG neutron.policy [None req-7b118ba6-0d41-4c70-8bcf-a315f1889816 admin admin] Loaded default policies from ['neutron'] under neutron.policies entry points {{(pid=102121) register_rules /opt/stack/neutron/neutron/policy.py:65}}
Apr 06 17:18:48.369214 np0000163539 devstack@neutron-api.service[102121]: DEBUG neutron_lib.callbacks.manager [None req-7b118ba6-0d41-4c70-8bcf-a315f1889816 admin admin] Publish callbacks ['neutron.objects.securitygroup.RbacNeutronDbObjectMixin.validate_rbac_policy_change-2655753568805', 'neutron.objects.address_group.RbacNeutronDbObjectMixin.validate_rbac_policy_change-2655753149076', 'neutron.objects.network.RbacNeutronDbObjectMixin.validate_rbac_policy_change-2655753541605', 'neutron.objects.qos.policy.RbacNeutronDbObjectMixin.validate_rbac_policy_change-2655753536372', 'neutron.objects.subnetpool.RbacNeutronDbObjectMixin.validate_rbac_policy_change-2655753513825', 'neutron.objects.address_scope.RbacNeutronDbObjectMixin.validate_rbac_policy_change-2655753514449', 'neutron.plugins.ml2.plugin.External_net_db_mixin._process_ext_policy_create-67202', 'neutron.plugins.ml2.plugin.NeutronDbPluginV2.validate_network_rbac_policy_change-72046'] for rbac-policy (None), before_create {{(pid=102121) _notify_loop /opt/stack/data/venv/lib/python3.12/site-packages/neutron_lib/callbacks/manager.py:184}}
Apr 06 17:18:48.407007 np0000163539 devstack@neutron-api.service[102121]: DEBUG neutron_lib.callbacks.manager [None req-7b118ba6-0d41-4c70-8bcf-a315f1889816 admin admin] Publish callbacks [] for subnetpool (None), before_response {{(pid=102121) _notify_loop /opt/stack/data/venv/lib/python3.12/site-packages/neutron_lib/callbacks/manager.py:184}}
Apr 06 17:18:48.407646 np0000163539 devstack@neutron-api.service[102121]: [pid: 102121|app: 0|req: 1/3] 199.204.45.4 () {68 vars in 1353 bytes} [Mon Apr 6 17:18:47 2026] POST /networking/v2.0/subnetpools => generated 533 bytes in 494 msecs (HTTP/1.1 201) 4 headers in 162 bytes (1 switches on core 0)
Apr 06 17:18:48.725561 np0000163539 devstack@neutron-api.service[102122]: DEBUG neutron.api.v2.base [None req-ab0bca6a-165f-4a3c-adf0-d46b97a31257 admin admin] Request body: {'subnetpool': {'default_prefixlen': 64, 'name': 'shared-default-subnetpool-v6', 'shared': True, 'is_default': True, 'prefixes': ['fde3:674a:2306::/56']}} {{(pid=102122) prepare_request_body /opt/stack/neutron/neutron/api/v2/base.py:729}}
Apr 06 17:18:48.940448 np0000163539 devstack@neutron-api.service[102122]: DEBUG neutron.policy [None req-ab0bca6a-165f-4a3c-adf0-d46b97a31257 admin admin] Loaded default policies from ['neutron'] under neutron.policies entry points {{(pid=102122) register_rules /opt/stack/neutron/neutron/policy.py:65}}
Apr 06 17:18:49.084822 np0000163539 devstack@neutron-api.service[102122]: DEBUG neutron_lib.callbacks.manager [None req-ab0bca6a-165f-4a3c-adf0-d46b97a31257 admin admin] Publish callbacks ['neutron.objects.securitygroup.RbacNeutronDbObjectMixin.validate_rbac_policy_change-2655753146060', 'neutron.objects.address_group.RbacNeutronDbObjectMixin.validate_rbac_policy_change-2655753513728', 'neutron.objects.network.RbacNeutronDbObjectMixin.validate_rbac_policy_change-2655753495433', 'neutron.objects.qos.policy.RbacNeutronDbObjectMixin.validate_rbac_policy_change-2655753490480', 'neutron.objects.subnetpool.RbacNeutronDbObjectMixin.validate_rbac_policy_change-2655753599083', 'neutron.objects.address_scope.RbacNeutronDbObjectMixin.validate_rbac_policy_change-2655753599416', 'neutron.plugins.ml2.plugin.External_net_db_mixin._process_ext_policy_create-296267', 'neutron.plugins.ml2.plugin.NeutronDbPluginV2.validate_network_rbac_policy_change-306423'] for rbac-policy (None), before_create {{(pid=102122) _notify_loop /opt/stack/data/venv/lib/python3.12/site-packages/neutron_lib/callbacks/manager.py:184}}
Apr 06 17:18:49.129028 np0000163539 devstack@neutron-api.service[102122]: DEBUG neutron_lib.callbacks.manager [None req-ab0bca6a-165f-4a3c-adf0-d46b97a31257 admin admin] Publish callbacks [] for subnetpool (None), before_response {{(pid=102122) _notify_loop /opt/stack/data/venv/lib/python3.12/site-packages/neutron_lib/callbacks/manager.py:184}}
Apr 06 17:18:49.129911 np0000163539 devstack@neutron-api.service[102122]: [pid: 102122|app: 0|req: 1/4] 199.204.45.4 () {68 vars in 1353 bytes} [Mon Apr 6 17:18:48 2026] POST /networking/v2.0/subnetpools => generated 543 bytes in 513 msecs (HTTP/1.1 201) 4 headers in 162 bytes (1 switches on core 0)
Apr 06 17:18:49.549066 np0000163539 devstack@neutron-api.service[102119]: DEBUG neutron.api.v2.base [None req-f7346b75-b244-43e2-9064-6540dd357649 admin admin] Request body: {'network': {'name': 'private', 'admin_state_up': True}} {{(pid=102119) prepare_request_body /opt/stack/neutron/neutron/api/v2/base.py:729}}
Apr 06 17:18:49.575911 np0000163539 devstack@neutron-api.service[102119]: DEBUG neutron.pecan_wsgi.hooks.quota_enforcement [None req-f7346b75-b244-43e2-9064-6540dd357649 admin admin] Made reservation on behalf of f4b1797385b34acfba0c3c909b1ca763 for: {'network': 1} {{(pid=102119) before /opt/stack/neutron/neutron/pecan_wsgi/hooks/quota_enforcement.py:66}}
Apr 06 17:18:49.759161 np0000163539 devstack@neutron-api.service[102119]: DEBUG neutron.policy [None req-f7346b75-b244-43e2-9064-6540dd357649 admin admin] Loaded default policies from ['neutron'] under neutron.policies entry points {{(pid=102119) register_rules /opt/stack/neutron/neutron/policy.py:65}}
Apr 06 17:18:49.870346 np0000163539 devstack@neutron-api.service[102119]: DEBUG neutron_lib.callbacks.manager [None req-f7346b75-b244-43e2-9064-6540dd357649 admin admin] Publish callbacks ['neutron.plugins.ml2.plugin.SecurityGroupDbMixin._ensure_default_security_group_handler-15930522'] for network (None), before_create {{(pid=102119) _notify_loop /opt/stack/data/venv/lib/python3.12/site-packages/neutron_lib/callbacks/manager.py:184}}
Apr 06 17:18:49.892106 np0000163539 devstack@neutron-api.service[102119]: DEBUG neutron_lib.callbacks.manager [None req-f7346b75-b244-43e2-9064-6540dd357649 admin admin] Publish callbacks [] for security_group (None), before_create {{(pid=102119) _notify_loop /opt/stack/data/venv/lib/python3.12/site-packages/neutron_lib/callbacks/manager.py:184}}
Apr 06 17:18:50.001323 np0000163539 devstack@neutron-api.service[102119]: DEBUG neutron_lib.callbacks.manager [None req-f7346b75-b244-43e2-9064-6540dd357649 admin admin] Publish callbacks ['neutron.plugins.ml2.drivers.ovn.mech_driver.mech_driver.OVNMechanismDriver._create_security_group_precommit-906900'] for security_group (b7d35d5d-8340-411d-8c5c-a86bbf813868), precommit_create {{(pid=102119) _notify_loop /opt/stack/data/venv/lib/python3.12/site-packages/neutron_lib/callbacks/manager.py:184}}
Apr 06 17:18:50.001571 np0000163539 devstack@neutron-api.service[102119]: DEBUG neutron.db.ovn_revision_numbers_db [None req-f7346b75-b244-43e2-9064-6540dd357649 admin admin] create_initial_revision uuid=b7d35d5d-8340-411d-8c5c-a86bbf813868, type=security_groups, rev=-1 {{(pid=102119) create_initial_revision /opt/stack/neutron/neutron/db/ovn_revision_numbers_db.py:98}}
Apr 06 17:18:50.003956 np0000163539 devstack@neutron-api.service[102119]: DEBUG neutron.db.ovn_revision_numbers_db [None req-f7346b75-b244-43e2-9064-6540dd357649 admin admin] create_initial_revision uuid=275c45a6-810e-4005-b525-2fcdc054aacf, type=security_group_rules, rev=-1 {{(pid=102119) create_initial_revision /opt/stack/neutron/neutron/db/ovn_revision_numbers_db.py:98}}
Apr 06 17:18:50.005048 np0000163539 devstack@neutron-api.service[102119]: DEBUG neutron.db.ovn_revision_numbers_db [None req-f7346b75-b244-43e2-9064-6540dd357649 admin admin] create_initial_revision uuid=4ddaec60-d68f-4f62-ac3c-0dd34877be65, type=security_group_rules, rev=-1 {{(pid=102119) create_initial_revision /opt/stack/neutron/neutron/db/ovn_revision_numbers_db.py:98}}
Apr 06 17:18:50.006140 np0000163539 devstack@neutron-api.service[102119]: DEBUG neutron.db.ovn_revision_numbers_db [None req-f7346b75-b244-43e2-9064-6540dd357649 admin admin] create_initial_revision uuid=5921a938-1586-4ccc-a12c-80ee64831991, type=security_group_rules, rev=-1 {{(pid=102119) create_initial_revision /opt/stack/neutron/neutron/db/ovn_revision_numbers_db.py:98}}
Apr 06 17:18:50.007310 np0000163539 devstack@neutron-api.service[102119]: DEBUG neutron.db.ovn_revision_numbers_db [None req-f7346b75-b244-43e2-9064-6540dd357649 admin admin] create_initial_revision uuid=6e9e4251-5362-4e05-a5c0-126b66497db4, type=security_group_rules, rev=-1 {{(pid=102119) create_initial_revision /opt/stack/neutron/neutron/db/ovn_revision_numbers_db.py:98}}
Apr 06 17:18:50.014965 np0000163539 devstack@neutron-api.service[102119]: DEBUG neutron_lib.callbacks.manager [None req-f7346b75-b244-43e2-9064-6540dd357649 admin admin] Publish callbacks ['neutron.plugins.ml2.drivers.ovn.mech_driver.mech_driver.OVNMechanismDriver._create_security_group-906910', 'neutron.plugins.ml2.ovo_rpc._ObjectChangeHandler.handle_event-2050698'] for security_group (b7d35d5d-8340-411d-8c5c-a86bbf813868), after_create {{(pid=102119) _notify_loop /opt/stack/data/venv/lib/python3.12/site-packages/neutron_lib/callbacks/manager.py:184}}
Apr 06 17:18:50.016455 np0000163539 devstack@neutron-api.service[102119]: DEBUG ovsdbapp.backend.ovs_idl.transaction [-] Running txn n=1 command(idx=0): PgAddCommand(_result=None, name=pg_b7d35d5d_8340_411d_8c5c_a86bbf813868, may_exist=False, columns={'acls': [], 'external_ids': {'neutron:security_group_id': 'b7d35d5d-8340-411d-8c5c-a86bbf813868'}}) {{(pid=102119) do_commit /opt/stack/data/venv/lib/python3.12/site-packages/ovsdbapp/backend/ovs_idl/transaction.py:89}}
Apr 06 17:18:50.018594 np0000163539 devstack@neutron-api.service[102119]: DEBUG ovsdbapp.backend.ovs_idl.transaction [-] Running txn n=1 command(idx=1): PgAclAddCommand(_result=None, entity=pg_b7d35d5d_8340_411d_8c5c_a86bbf813868, direction=to-lport, priority=1002, match=outport == @pg_b7d35d5d_8340_411d_8c5c_a86bbf813868 && ip4 && ip4.src == $pg_b7d35d5d_8340_411d_8c5c_a86bbf813868_ip4, action=allow-related, log=False, may_exist=True, severity=[], name=[], meter=[], external_ids={'neutron:security_group_rule_id': '275c45a6-810e-4005-b525-2fcdc054aacf'}) {{(pid=102119) do_commit /opt/stack/data/venv/lib/python3.12/site-packages/ovsdbapp/backend/ovs_idl/transaction.py:89}}
Apr 06 17:18:50.019323 np0000163539 devstack@neutron-api.service[102119]: DEBUG ovsdbapp.backend.ovs_idl.transaction [-] Running txn n=1 command(idx=2): PgAclAddCommand(_result=None, entity=pg_b7d35d5d_8340_411d_8c5c_a86bbf813868, direction=to-lport, priority=1002, match=outport == @pg_b7d35d5d_8340_411d_8c5c_a86bbf813868 && ip6 && ip6.src == $pg_b7d35d5d_8340_411d_8c5c_a86bbf813868_ip6, action=allow-related, log=False, may_exist=True, severity=[], name=[], meter=[], external_ids={'neutron:security_group_rule_id': '4ddaec60-d68f-4f62-ac3c-0dd34877be65'}) {{(pid=102119) do_commit /opt/stack/data/venv/lib/python3.12/site-packages/ovsdbapp/backend/ovs_idl/transaction.py:89}}
Apr 06 17:18:50.019920 np0000163539 devstack@neutron-api.service[102119]: DEBUG ovsdbapp.backend.ovs_idl.transaction [-] Running txn n=1 command(idx=3): PgAclAddCommand(_result=None, entity=pg_b7d35d5d_8340_411d_8c5c_a86bbf813868, direction=from-lport, priority=1002, match=inport == @pg_b7d35d5d_8340_411d_8c5c_a86bbf813868 && ip4, action=allow-related, log=False, may_exist=True, severity=[], name=[], meter=[], external_ids={'neutron:security_group_rule_id': '5921a938-1586-4ccc-a12c-80ee64831991'}) {{(pid=102119) do_commit /opt/stack/data/venv/lib/python3.12/site-packages/ovsdbapp/backend/ovs_idl/transaction.py:89}}
Apr 06 17:18:50.020416 np0000163539 devstack@neutron-api.service[102119]: DEBUG ovsdbapp.backend.ovs_idl.transaction [-] Running txn n=1 command(idx=4): PgAclAddCommand(_result=None, entity=pg_b7d35d5d_8340_411d_8c5c_a86bbf813868, direction=from-lport, priority=1002, match=inport == @pg_b7d35d5d_8340_411d_8c5c_a86bbf813868 && ip6, action=allow-related, log=False, may_exist=True, severity=[], name=[], meter=[], external_ids={'neutron:security_group_rule_id': '6e9e4251-5362-4e05-a5c0-126b66497db4'}) {{(pid=102119) do_commit /opt/stack/data/venv/lib/python3.12/site-packages/ovsdbapp/backend/ovs_idl/transaction.py:89}}
Apr 06 17:18:50.066118 np0000163539 devstack@neutron-api.service[102120]: DEBUG neutron.plugins.ml2.drivers.ovn.mech_driver.ovsdb.ovsdb_monitor [-] Hash Ring: Node c45db93cf2685e1ab06655cf49956bad (host: np0000163539) handling event "create" for row 09c54b3b-b5d0-4bbc-900f-786bf1cfdfb9 (table: ACL) {{(pid=102120) notify /opt/stack/neutron/neutron/plugins/ml2/drivers/ovn/mech_driver/ovsdb/ovsdb_monitor.py:912}}
Apr 06 17:18:50.066696 np0000163539 devstack@neutron-api.service[102120]: DEBUG neutron.plugins.ml2.drivers.ovn.mech_driver.ovsdb.ovsdb_monitor [-] Hash Ring: Node c45db93cf2685e1ab06655cf49956bad (host: np0000163539) handling event "create" for row 15e8687a-e7d0-4b95-b419-788ef09b0e72 (table: ACL) {{(pid=102120) notify /opt/stack/neutron/neutron/plugins/ml2/drivers/ovn/mech_driver/ovsdb/ovsdb_monitor.py:912}}
Apr 06 17:18:50.066798 np0000163539 devstack@neutron-api.service[102119]: DEBUG neutron.plugins.ml2.drivers.ovn.mech_driver.ovsdb.ovsdb_monitor [-] Hash Ring: Node e1f301eb51b85684b1ff287637b6d28d (host: np0000163539) handling event "create" for row 09c54b3b-b5d0-4bbc-900f-786bf1cfdfb9 (table: ACL) {{(pid=102119) notify /opt/stack/neutron/neutron/plugins/ml2/drivers/ovn/mech_driver/ovsdb/ovsdb_monitor.py:912}}
Apr 06 17:18:50.066873 np0000163539 devstack@neutron-api.service[102120]: DEBUG neutron.plugins.ml2.drivers.ovn.mech_driver.ovsdb.ovsdb_monitor [-] Hash Ring: Node c45db93cf2685e1ab06655cf49956bad (host: np0000163539) handling event "create" for row 1b621fe9-a94c-4b70-bb6f-82fd87bcdb4b (table: ACL) {{(pid=102120) notify /opt/stack/neutron/neutron/plugins/ml2/drivers/ovn/mech_driver/ovsdb/ovsdb_monitor.py:912}}
Apr 06 17:18:50.066873 np0000163539 devstack@neutron-api.service[102120]: DEBUG neutron.plugins.ml2.drivers.ovn.mech_driver.ovsdb.ovsdb_monitor [-] Hash Ring: Node c45db93cf2685e1ab06655cf49956bad (host: np0000163539) handling event "create" for row d24f4bd0-ab64-4863-9664-4791b12eb53c (table: ACL) {{(pid=102120) notify /opt/stack/neutron/neutron/plugins/ml2/drivers/ovn/mech_driver/ovsdb/ovsdb_monitor.py:912}}
Apr 06 17:18:50.067007 np0000163539 devstack@neutron-api.service[102120]: DEBUG neutron.plugins.ml2.drivers.ovn.mech_driver.ovsdb.ovsdb_monitor [-] Hash Ring: Node c45db93cf2685e1ab06655cf49956bad (host: np0000163539) handling event "create" for row 1465cc11-b93e-43f6-ba23-13c774cd3125 (table: Port_Group) {{(pid=102120) notify /opt/stack/neutron/neutron/plugins/ml2/drivers/ovn/mech_driver/ovsdb/ovsdb_monitor.py:912}}
Apr 06 17:18:50.067070 np0000163539 devstack@neutron-api.service[102119]: DEBUG neutron.plugins.ml2.drivers.ovn.mech_driver.ovsdb.ovsdb_monitor [-] Hash Ring: Node e1f301eb51b85684b1ff287637b6d28d (host: np0000163539) handling event "create" for row 15e8687a-e7d0-4b95-b419-788ef09b0e72 (table: ACL) {{(pid=102119) notify /opt/stack/neutron/neutron/plugins/ml2/drivers/ovn/mech_driver/ovsdb/ovsdb_monitor.py:912}}
Apr 06 17:18:50.067700 np0000163539 devstack@neutron-api.service[102119]: DEBUG neutron.plugins.ml2.drivers.ovn.mech_driver.ovsdb.ovsdb_monitor [-] Hash Ring: Node e1f301eb51b85684b1ff287637b6d28d (host: np0000163539) handling event "create" for row d24f4bd0-ab64-4863-9664-4791b12eb53c (table: ACL) {{(pid=102119) notify /opt/stack/neutron/neutron/plugins/ml2/drivers/ovn/mech_driver/ovsdb/ovsdb_monitor.py:912}}
Apr 06 17:18:50.068512 np0000163539 devstack@neutron-api.service[102122]: DEBUG neutron.plugins.ml2.drivers.ovn.mech_driver.ovsdb.ovsdb_monitor [-] Hash Ring: Node 85c6362003585c97a3e0295711ceae48 (host: np0000163539) handling event "create" for row 1b621fe9-a94c-4b70-bb6f-82fd87bcdb4b (table: ACL) {{(pid=102122) notify /opt/stack/neutron/neutron/plugins/ml2/drivers/ovn/mech_driver/ovsdb/ovsdb_monitor.py:912}}
Apr 06 17:18:50.102145 np0000163539 devstack@neutron-api.service[102119]: INFO neutron.db.ovn_revision_numbers_db [None req-f7346b75-b244-43e2-9064-6540dd357649 admin admin] Successfully bumped revision number for resource b7d35d5d-8340-411d-8c5c-a86bbf813868 (type: security_groups) to 1
Apr 06 17:18:50.117458 np0000163539 devstack@neutron-api.service[102119]: INFO neutron.db.ovn_revision_numbers_db [None req-f7346b75-b244-43e2-9064-6540dd357649 admin admin] Successfully bumped revision number for resource 275c45a6-810e-4005-b525-2fcdc054aacf (type: security_group_rules) to 0
Apr 06 17:18:50.130873 np0000163539 devstack@neutron-api.service[102119]: INFO neutron.db.ovn_revision_numbers_db [None req-f7346b75-b244-43e2-9064-6540dd357649 admin admin] Successfully bumped revision number for resource 4ddaec60-d68f-4f62-ac3c-0dd34877be65 (type: security_group_rules) to 0
Apr 06 17:18:50.144174 np0000163539 devstack@neutron-api.service[102119]: INFO neutron.db.ovn_revision_numbers_db [None req-f7346b75-b244-43e2-9064-6540dd357649 admin admin] Successfully bumped revision number for resource 5921a938-1586-4ccc-a12c-80ee64831991 (type: security_group_rules) to 0
Apr 06 17:18:50.158335 np0000163539 devstack@neutron-api.service[102119]: INFO neutron.db.ovn_revision_numbers_db [None req-f7346b75-b244-43e2-9064-6540dd357649 admin admin] Successfully bumped revision number for resource 6e9e4251-5362-4e05-a5c0-126b66497db4 (type: security_group_rules) to 0
Apr 06 17:18:50.190641 np0000163539 devstack@neutron-api.service[102119]: DEBUG neutron.api.rpc.handlers.resources_rpc [None req-f7346b75-b244-43e2-9064-6540dd357649 admin admin] Pushing event updated for resources: {'SecurityGroup': ['ID=b7d35d5d-8340-411d-8c5c-a86bbf813868,revision_number=1']} {{(pid=102119) push /opt/stack/neutron/neutron/api/rpc/handlers/resources_rpc.py:237}}
Apr 06 17:18:50.199184 np0000163539 devstack@neutron-api.service[102119]: DEBUG ovsdbapp.backend.ovs_idl.transaction [-] Running txn n=1 command(idx=0): CheckLivenessCommand(_result=None) {{(pid=102119) do_commit /opt/stack/data/venv/lib/python3.12/site-packages/ovsdbapp/backend/ovs_idl/transaction.py:89}}
Apr 06 17:18:50.202130 np0000163539 devstack@neutron-api.service[102119]: DEBUG neutron.plugins.ml2.drivers.ovn.mech_driver.ovsdb.ovsdb_monitor [-] Hash Ring: Node e1f301eb51b85684b1ff287637b6d28d (host: np0000163539) handling event "update" for row 493b1792-c229-4ea9-a88f-56165cc5db15 (table: NB_Global) {{(pid=102119) notify /opt/stack/neutron/neutron/plugins/ml2/drivers/ovn/mech_driver/ovsdb/ovsdb_monitor.py:912}}
Apr 06 17:18:50.203428 np0000163539 devstack@neutron-api.service[102120]: DEBUG neutron.plugins.ml2.drivers.ovn.mech_driver.ovsdb.ovsdb_monitor [-] Hash Ring: Node c45db93cf2685e1ab06655cf49956bad (host: np0000163539) handling event "update" for row 493b1792-c229-4ea9-a88f-56165cc5db15 (table: NB_Global) {{(pid=102120) notify /opt/stack/neutron/neutron/plugins/ml2/drivers/ovn/mech_driver/ovsdb/ovsdb_monitor.py:912}}
Apr 06 17:18:50.203905 np0000163539 devstack@neutron-api.service[102119]: DEBUG neutron.plugins.ml2.drivers.ovn.mech_driver.ovsdb.ovsdb_monitor [-] Hash Ring: Node e1f301eb51b85684b1ff287637b6d28d (host: np0000163539) handling event "update" for row 493b1792-c229-4ea9-a88f-56165cc5db15 (table: NB_Global) {{(pid=102119) notify /opt/stack/neutron/neutron/plugins/ml2/drivers/ovn/mech_driver/ovsdb/ovsdb_monitor.py:912}}
Apr 06 17:18:50.204538 np0000163539 devstack@neutron-api.service[102120]: DEBUG neutron.plugins.ml2.drivers.ovn.mech_driver.ovsdb.ovsdb_monitor [-] Hash Ring: Node c45db93cf2685e1ab06655cf49956bad (host: np0000163539) handling event "update" for row 493b1792-c229-4ea9-a88f-56165cc5db15 (table: NB_Global) {{(pid=102120) notify /opt/stack/neutron/neutron/plugins/ml2/drivers/ovn/mech_driver/ovsdb/ovsdb_monitor.py:912}}
Apr 06 17:18:50.204631 np0000163539 devstack@neutron-api.service[102119]: DEBUG neutron.plugins.ml2.drivers.ovn.mech_driver.ovsdb.ovsdb_monitor [-] Hash Ring: Node e1f301eb51b85684b1ff287637b6d28d (host: np0000163539) handling event "update" for row 493b1792-c229-4ea9-a88f-56165cc5db15 (table: NB_Global) {{(pid=102119) notify /opt/stack/neutron/neutron/plugins/ml2/drivers/ovn/mech_driver/ovsdb/ovsdb_monitor.py:912}}
Apr 06 17:18:50.206153 np0000163539 devstack@neutron-api.service[102120]: DEBUG neutron.plugins.ml2.drivers.ovn.mech_driver.ovsdb.ovsdb_monitor [-] Hash Ring: Node c45db93cf2685e1ab06655cf49956bad (host: np0000163539) handling event "update" for row 493b1792-c229-4ea9-a88f-56165cc5db15 (table: NB_Global) {{(pid=102120) notify /opt/stack/neutron/neutron/plugins/ml2/drivers/ovn/mech_driver/ovsdb/ovsdb_monitor.py:912}}
Apr 06 17:18:50.207308 np0000163539 devstack@neutron-api.service[102119]: DEBUG neutron.api.rpc.callbacks.version_manager [None req-f7346b75-b244-43e2-9064-6540dd357649 admin admin] Tracked resource versions report:
Apr 06 17:18:50.207308 np0000163539 devstack@neutron-api.service[102119]: pushed versions:
Apr 06 17:18:50.207308 np0000163539 devstack@neutron-api.service[102119]: { 'AddressGroup': {'1.2'},
Apr 06 17:18:50.207308 np0000163539 devstack@neutron-api.service[102119]: 'Agent': {'1.1'},
Apr 06 17:18:50.207308 np0000163539 devstack@neutron-api.service[102119]: 'ConntrackHelper': {'1.0'},
Apr 06 17:18:50.207308 np0000163539 devstack@neutron-api.service[102119]: 'LocalIPAssociation': {'1.0'},
Apr 06 17:18:50.207308 np0000163539 devstack@neutron-api.service[102119]: 'Log': {'1.0'},
Apr 06 17:18:50.207308 np0000163539 devstack@neutron-api.service[102119]: 'NDPProxy': {'1.0'},
Apr 06 17:18:50.207308 np0000163539 devstack@neutron-api.service[102119]: 'Network': {'1.2'},
Apr 06 17:18:50.207308 np0000163539 devstack@neutron-api.service[102119]: 'Port': {'1.10'},
Apr 06 17:18:50.207308 np0000163539 devstack@neutron-api.service[102119]: 'PortForwarding': {'1.3'},
Apr 06 17:18:50.207308 np0000163539 devstack@neutron-api.service[102119]: 'QosPolicy': {'1.10'},
Apr 06 17:18:50.207308 np0000163539 devstack@neutron-api.service[102119]: 'SecurityGroup': {'1.6'},
Apr 06 17:18:50.207308 np0000163539 devstack@neutron-api.service[102119]: 'SecurityGroupRule': {'1.3'},
Apr 06 17:18:50.207308 np0000163539 devstack@neutron-api.service[102119]: 'SubPort': {'1.0'},
Apr 06 17:18:50.207308 np0000163539 devstack@neutron-api.service[102119]: 'Subnet': {'1.2'},
Apr 06 17:18:50.207308 np0000163539 devstack@neutron-api.service[102119]: 'Trunk': {'1.1'}}
Apr 06 17:18:50.207308 np0000163539 devstack@neutron-api.service[102119]: consumer versions:
Apr 06 17:18:50.207308 np0000163539 devstack@neutron-api.service[102119]: {}
Apr 06 17:18:50.207308 np0000163539 devstack@neutron-api.service[102119]: {{(pid=102119) report /opt/stack/neutron/neutron/api/rpc/callbacks/version_manager.py:183}}
Apr 06 17:18:50.208613 np0000163539 devstack@neutron-api.service[102121]: DEBUG neutron.plugins.ml2.drivers.ovn.mech_driver.ovsdb.ovsdb_monitor [-] ChassisAgentWriteEvent : Matched Chassis_Private, update, None None {{(pid=102121) matches /opt/stack/neutron/neutron/plugins/ml2/drivers/ovn/mech_driver/ovsdb/ovsdb_monitor.py:64}}
Apr 06 17:18:50.209358 np0000163539 devstack@neutron-api.service[102122]: DEBUG neutron.plugins.ml2.drivers.ovn.mech_driver.ovsdb.ovsdb_monitor [-] ChassisAgentWriteEvent : Matched Chassis_Private, update, None None {{(pid=102122) matches /opt/stack/neutron/neutron/plugins/ml2/drivers/ovn/mech_driver/ovsdb/ovsdb_monitor.py:64}}
Apr 06 17:18:50.209738 np0000163539 devstack@neutron-api.service[102120]: DEBUG neutron.plugins.ml2.drivers.ovn.mech_driver.ovsdb.ovsdb_monitor [-] ChassisAgentWriteEvent : Matched Chassis_Private, update, None None {{(pid=102120) matches /opt/stack/neutron/neutron/plugins/ml2/drivers/ovn/mech_driver/ovsdb/ovsdb_monitor.py:64}}
Apr 06 17:18:50.212612 np0000163539 devstack@neutron-api.service[102119]: DEBUG neutron.plugins.ml2.drivers.ovn.mech_driver.ovsdb.ovsdb_monitor [-] ChassisAgentWriteEvent : Matched Chassis_Private, update, None None {{(pid=102119) matches /opt/stack/neutron/neutron/plugins/ml2/drivers/ovn/mech_driver/ovsdb/ovsdb_monitor.py:64}}
Apr 06 17:18:50.212894 np0000163539 devstack@neutron-api.service[102120]: DEBUG neutron.plugins.ml2.drivers.ovn.mech_driver.ovsdb.ovsdb_monitor [-] Hash Ring: Node c45db93cf2685e1ab06655cf49956bad (host: np0000163539) handling event "update" for row 493b1792-c229-4ea9-a88f-56165cc5db15 (table: NB_Global) {{(pid=102120) notify /opt/stack/neutron/neutron/plugins/ml2/drivers/ovn/mech_driver/ovsdb/ovsdb_monitor.py:912}}
Apr 06 17:18:50.213024 np0000163539 devstack@neutron-api.service[102119]: DEBUG neutron.plugins.ml2.drivers.ovn.mech_driver.ovsdb.ovsdb_monitor [-] Hash Ring: Node e1f301eb51b85684b1ff287637b6d28d (host: np0000163539) handling event "update" for row 0dd7109a-07a9-4bf1-8bd6-cd601c506120 (table: Chassis_Private) {{(pid=102119) notify /opt/stack/neutron/neutron/plugins/ml2/drivers/ovn/mech_driver/ovsdb/ovsdb_monitor.py:912}}
Apr 06 17:18:50.213536 np0000163539 devstack@neutron-api.service[102119]: DEBUG neutron.plugins.ml2.drivers.ovn.mech_driver.ovsdb.ovsdb_monitor [-] Hash Ring: Node e1f301eb51b85684b1ff287637b6d28d (host: np0000163539) handling event "update" for row 493b1792-c229-4ea9-a88f-56165cc5db15 (table: NB_Global) {{(pid=102119) notify /opt/stack/neutron/neutron/plugins/ml2/drivers/ovn/mech_driver/ovsdb/ovsdb_monitor.py:912}}
Apr 06 17:18:50.214160 np0000163539 devstack@neutron-api.service[102120]: DEBUG neutron.common.ovn.hash_ring_manager [-] Allow caching, nodes 4>=4 {{(pid=102120) _wait_startup_before_caching /opt/stack/neutron/neutron/common/ovn/hash_ring_manager.py:65}}
Apr 06 17:18:50.214283 np0000163539 devstack@neutron-api.service[102120]: DEBUG neutron.plugins.ml2.drivers.ovn.mech_driver.ovsdb.ovsdb_monitor [-] Hash Ring: Node c45db93cf2685e1ab06655cf49956bad (host: np0000163539) handling event "update" for row 0dd7109a-07a9-4bf1-8bd6-cd601c506120 (table: Chassis_Private) {{(pid=102120) notify /opt/stack/neutron/neutron/plugins/ml2/drivers/ovn/mech_driver/ovsdb/ovsdb_monitor.py:912}}
Apr 06 17:18:50.215348 np0000163539 devstack@neutron-api.service[102120]: DEBUG neutron.plugins.ml2.drivers.ovn.mech_driver.ovsdb.ovsdb_monitor [-] ChassisOVNAgentWriteEvent : Matched Chassis_Private, update, None None {{(pid=102120) matches /opt/stack/neutron/neutron/plugins/ml2/drivers/ovn/mech_driver/ovsdb/ovsdb_monitor.py:64}}
Apr 06 17:18:50.215610 np0000163539 devstack@neutron-api.service[102121]: DEBUG neutron.plugins.ml2.drivers.ovn.mech_driver.ovsdb.ovsdb_monitor [-] ChassisOVNAgentWriteEvent : Matched Chassis_Private, update, None None {{(pid=102121) matches /opt/stack/neutron/neutron/plugins/ml2/drivers/ovn/mech_driver/ovsdb/ovsdb_monitor.py:64}}
Apr 06 17:18:50.215724 np0000163539 devstack@neutron-api.service[102120]: DEBUG neutron.plugins.ml2.drivers.ovn.mech_driver.ovsdb.ovsdb_monitor [-] Hash Ring: Node c45db93cf2685e1ab06655cf49956bad (host: np0000163539) handling event "update" for row 0dd7109a-07a9-4bf1-8bd6-cd601c506120 (table: Chassis_Private) {{(pid=102120) notify /opt/stack/neutron/neutron/plugins/ml2/drivers/ovn/mech_driver/ovsdb/ovsdb_monitor.py:912}}
Apr 06 17:18:50.215947 np0000163539 devstack@neutron-api.service[102122]: DEBUG neutron.plugins.ml2.drivers.ovn.mech_driver.ovsdb.ovsdb_monitor [-] ChassisOVNAgentWriteEvent : Matched Chassis_Private, update, None None {{(pid=102122) matches /opt/stack/neutron/neutron/plugins/ml2/drivers/ovn/mech_driver/ovsdb/ovsdb_monitor.py:64}}
Apr 06 17:18:50.216773 np0000163539 devstack@neutron-api.service[102119]: DEBUG neutron.plugins.ml2.drivers.ovn.mech_driver.ovsdb.ovsdb_monitor [-] ChassisOVNAgentWriteEvent : Matched Chassis_Private, update, None None {{(pid=102119) matches /opt/stack/neutron/neutron/plugins/ml2/drivers/ovn/mech_driver/ovsdb/ovsdb_monitor.py:64}}
Apr 06 17:18:50.217120 np0000163539 devstack@neutron-api.service[102119]: DEBUG neutron.plugins.ml2.drivers.ovn.mech_driver.ovsdb.ovsdb_monitor [-] Hash Ring: Node e1f301eb51b85684b1ff287637b6d28d (host: np0000163539) handling event "update" for row 0dd7109a-07a9-4bf1-8bd6-cd601c506120 (table: Chassis_Private) {{(pid=102119) notify /opt/stack/neutron/neutron/plugins/ml2/drivers/ovn/mech_driver/ovsdb/ovsdb_monitor.py:912}}
Apr 06 17:18:50.272385 np0000163539 devstack@neutron-api.service[102119]: DEBUG neutron.plugins.ml2.drivers.helpers [None req-f7346b75-b244-43e2-9064-6540dd357649 admin admin] geneve segment allocate from pool success with {'geneve_vni': 19453} {{(pid=102119) allocate_partially_specified_segment /opt/stack/neutron/neutron/plugins/ml2/drivers/helpers.py:142}}
Apr 06 17:18:50.287963 np0000163539 devstack@neutron-api.service[102119]: DEBUG neutron_lib.callbacks.manager [None req-f7346b75-b244-43e2-9064-6540dd357649 admin admin] Publish callbacks ['neutron.services.segments.db._add_segment_host_mapping_for_segment-8612910791904', 'neutron.plugins.ml2.plugin.Ml2Plugin._handle_segment_change-16201336'] for segment (52683f47-ff5d-4a8b-924c-1a5065df7aa0), precommit_create {{(pid=102119) _notify_loop /opt/stack/data/venv/lib/python3.12/site-packages/neutron_lib/callbacks/manager.py:184}}
Apr 06 17:18:50.288125 np0000163539 devstack@neutron-api.service[102119]: INFO neutron.db.segments_db [None req-f7346b75-b244-43e2-9064-6540dd357649 admin admin] Added segment 52683f47-ff5d-4a8b-924c-1a5065df7aa0 of type geneve for network 487249d7-85a1-4925-98fe-70b871b551d8
Apr 06 17:18:50.334145 np0000163539 devstack@neutron-api.service[102119]: DEBUG neutron_lib.callbacks.manager [None req-f7346b75-b244-43e2-9064-6540dd357649 admin admin] Publish callbacks ['neutron.services.auto_allocate.db._ensure_external_network_default_value_callback-8612909107324'] for network (487249d7-85a1-4925-98fe-70b871b551d8), precommit_create {{(pid=102119) _notify_loop /opt/stack/data/venv/lib/python3.12/site-packages/neutron_lib/callbacks/manager.py:184}}
Apr 06 17:18:50.349852 np0000163539 devstack@neutron-api.service[102119]: DEBUG neutron.plugins.ml2.drivers.ovn.mech_driver.mech_driver [None req-f7346b75-b244-43e2-9064-6540dd357649 admin admin] Validating network segment with type geneve, segmentation ID 19453, physical network None {{(pid=102119) _validate_network_segments /opt/stack/neutron/neutron/plugins/ml2/drivers/ovn/mech_driver/mech_driver.py:631}}
Apr 06 17:18:50.350069 np0000163539 devstack@neutron-api.service[102119]: DEBUG neutron.db.ovn_revision_numbers_db [None req-f7346b75-b244-43e2-9064-6540dd357649 admin admin] create_initial_revision uuid=487249d7-85a1-4925-98fe-70b871b551d8, type=networks, rev=-1 {{(pid=102119) create_initial_revision /opt/stack/neutron/neutron/db/ovn_revision_numbers_db.py:98}}
Apr 06 17:18:50.366567 np0000163539 devstack@neutron-api.service[102119]: DEBUG neutron_lib.callbacks.manager [None req-f7346b75-b244-43e2-9064-6540dd357649 admin admin] Publish callbacks ['neutron.plugins.ml2.ovo_rpc._ObjectChangeHandler.handle_event-2050697'] for network (487249d7-85a1-4925-98fe-70b871b551d8), after_create {{(pid=102119) _notify_loop /opt/stack/data/venv/lib/python3.12/site-packages/neutron_lib/callbacks/manager.py:184}}
Apr 06 17:18:50.410441 np0000163539 devstack@neutron-api.service[102119]: DEBUG neutron.api.rpc.handlers.resources_rpc [None req-f7346b75-b244-43e2-9064-6540dd357649 admin admin] Pushing event updated for resources: {'Network': ['ID=487249d7-85a1-4925-98fe-70b871b551d8,revision_number=1']} {{(pid=102119) push /opt/stack/neutron/neutron/api/rpc/handlers/resources_rpc.py:237}}
Apr 06 17:18:50.417709 np0000163539 devstack@neutron-api.service[102119]: DEBUG ovsdbapp.backend.ovs_idl.transaction [-] Running txn n=1 command(idx=0): AddNetworkCommand(_result=None, network_uuid=487249d7-85a1-4925-98fe-70b871b551d8, may_exist=True, columns={'external_ids': {'neutron:network_name': 'private', 'neutron:mtu': '1372', 'neutron:revision_number': '1', 'neutron:availability_zone_hints': '', 'neutron:provnet-network-type': 'geneve'}, 'other_config': {'mcast_snoop': 'false', 'mcast_flood_unregistered': 'false', 'vlan-passthru': 'false'}}) {{(pid=102119) do_commit /opt/stack/data/venv/lib/python3.12/site-packages/ovsdbapp/backend/ovs_idl/transaction.py:89}}
Apr 06 17:18:50.418047 np0000163539 devstack@neutron-api.service[102119]: DEBUG neutron.common.ovn.utils [-] OVS persist_uuid supported=True {{(pid=102119) ovs_persist_uuid_supported /opt/stack/neutron/neutron/common/ovn/utils.py:1535}}
Apr 06 17:18:50.420187 np0000163539 devstack@neutron-api.service[102119]: DEBUG neutron.plugins.ml2.drivers.ovn.mech_driver.ovsdb.ovsdb_monitor [-] Hash Ring: Node e1f301eb51b85684b1ff287637b6d28d (host: np0000163539) handling event "create" for row 487249d7-85a1-4925-98fe-70b871b551d8 (table: Logical_Switch) {{(pid=102119) notify /opt/stack/neutron/neutron/plugins/ml2/drivers/ovn/mech_driver/ovsdb/ovsdb_monitor.py:912}}
Apr 06 17:18:50.421682 np0000163539 devstack@neutron-api.service[102120]: DEBUG neutron.plugins.ml2.drivers.ovn.mech_driver.ovsdb.ovsdb_monitor [-] Hash Ring: Node c45db93cf2685e1ab06655cf49956bad (host: np0000163539) handling event "create" for row 487249d7-85a1-4925-98fe-70b871b551d8 (table: Logical_Switch) {{(pid=102120) notify /opt/stack/neutron/neutron/plugins/ml2/drivers/ovn/mech_driver/ovsdb/ovsdb_monitor.py:912}}
