Jun 12 10:33:36.274158 np0000179798 devstack@n-api.service[100565]: INFO nova.api.openstack.requestlog [None req-ccea1e94-0362-472c-9db6-312c0d3bc926 demo demo] 199.204.45.156 "GET /compute/v2.1/flavors/detail?is_public=None" status: 200 len: 5262 microversion: 2.61 time: 0.033773
Jun 12 10:33:36.274448 np0000179798 devstack@n-api.service[100565]: [pid: 100565|app: 0|req: 16/63] 199.204.45.156 () {68 vars in 1424 bytes} [Fri Jun 12 10:33:36 2026] GET /compute/v2.1/flavors/detail?is_public=None => generated 5262 bytes in 35 msecs (HTTP/1.1 200) 9 headers in 360 bytes (1 switches on core 0)
Jun 12 10:33:36.330357 np0000179798 devstack@n-api.service[100566]: DEBUG nova.api.openstack.wsgi [None req-ec4d5997-4323-4ecd-8c2e-2c10c3f10d18 demo demo] Calling method '>' {{(pid=100566) _process_stack /opt/stack/nova/nova/api/openstack/wsgi.py:551}}
Jun 12 10:33:36.358282 np0000179798 devstack@n-api.service[100566]: INFO nova.api.openstack.requestlog [None req-ec4d5997-4323-4ecd-8c2e-2c10c3f10d18 demo demo] 199.204.45.156 "GET /compute/v2.1/flavors/detail?is_public=None" status: 200 len: 5262 microversion: 2.61 time: 0.031619
Jun 12 10:33:36.358592 np0000179798 devstack@n-api.service[100566]: [pid: 100566|app: 0|req: 16/64] 199.204.45.156 () {68 vars in 1424 bytes} [Fri Jun 12 10:33:36 2026] GET /compute/v2.1/flavors/detail?is_public=None => generated 5262 bytes in 32 msecs (HTTP/1.1 200) 9 headers in 360 bytes (1 switches on core 0)
Jun 12 10:33:36.687697 np0000179798 devstack@n-api.service[100563]: DEBUG nova.api.openstack.wsgi [None req-579718a7-f43c-46ee-a3aa-6f2b87b60672 admin admin] Calling method '>' {{(pid=100563) _process_stack /opt/stack/nova/nova/api/openstack/wsgi.py:551}}
Jun 12 10:33:36.693976 np0000179798 devstack@n-api.service[100563]: INFO nova.api.openstack.requestlog [None req-579718a7-f43c-46ee-a3aa-6f2b87b60672 admin admin] 199.204.45.156 "GET /compute/v2.1" status: 200 len: 393 microversion: 2.1 time: 0.006832
Jun 12 10:33:36.694417 np0000179798 devstack@n-api.service[100563]: [pid: 100563|app: 0|req: 16/65] 199.204.45.156 () {62 vars in 1063 bytes} [Fri Jun 12 10:33:36 2026] GET /compute/v2.1 => generated 393 bytes in 8 msecs (HTTP/1.1 200) 9 headers in 357 bytes (1 switches on core 0)
Jun 12 10:33:36.743565 np0000179798 devstack@n-api.service[100564]: DEBUG nova.api.openstack.wsgi [None req-851529e5-e185-489b-8beb-d063158685e9 admin admin] Calling method '>' {{(pid=100564) _process_stack /opt/stack/nova/nova/api/openstack/wsgi.py:551}}
Jun 12 10:33:36.749408 np0000179798 devstack@n-api.service[100564]: INFO nova.api.openstack.requestlog [None req-851529e5-e185-489b-8beb-d063158685e9 admin admin] 199.204.45.156 "GET /compute/v2.1/" status: 200 len: 393 microversion: 2.1 time: 0.006297
Jun 12 10:33:36.749802 np0000179798 devstack@n-api.service[100564]: [pid: 100564|app: 0|req: 18/66] 199.204.45.156 () {62 vars in 1066 bytes} [Fri Jun 12 10:33:36 2026] GET /compute/v2.1/ => generated 393 bytes in 8 msecs (HTTP/1.1 200) 9 headers in 357 bytes (1 switches on core 0)
Jun 12 10:33:36.794856 np0000179798 devstack@n-api.service[100565]: DEBUG nova.api.openstack.wsgi [None req-3c0e384a-1980-4454-a223-841c957c9042 demo demo] Calling method '>' {{(pid=100565) _process_stack /opt/stack/nova/nova/api/openstack/wsgi.py:551}}
Jun 12 10:33:36.820590 np0000179798 devstack@n-api.service[100565]: INFO nova.api.openstack.requestlog [None req-3c0e384a-1980-4454-a223-841c957c9042 demo demo] 199.204.45.156 "GET /compute/v2.1/flavors/detail?is_public=None" status: 200 len: 5262 microversion: 2.61 time: 0.029550
Jun 12 10:33:36.820877 np0000179798 devstack@n-api.service[100565]: [pid: 100565|app: 0|req: 17/67] 199.204.45.156 () {68 vars in 1424 bytes} [Fri Jun 12 10:33:36 2026] GET /compute/v2.1/flavors/detail?is_public=None => generated 5262 bytes in 30 msecs (HTTP/1.1 200) 9 headers in 360 bytes (1 switches on core 0)
Jun 12 10:33:36.870289 np0000179798 devstack@n-api.service[100566]: DEBUG nova.api.openstack.wsgi [None req-4be02ce9-d49e-49a0-b2e0-0dc589e5ea1e demo demo] Calling method '>' {{(pid=100566) _process_stack /opt/stack/nova/nova/api/openstack/wsgi.py:551}}
Jun 12 10:33:36.897266 np0000179798 devstack@n-api.service[100566]: INFO nova.api.openstack.requestlog [None req-4be02ce9-d49e-49a0-b2e0-0dc589e5ea1e demo demo] 199.204.45.156 "GET /compute/v2.1/flavors/detail?is_public=None" status: 200 len: 5262 microversion: 2.61 time: 0.029708
Jun 12 10:33:36.897539 np0000179798 devstack@n-api.service[100566]: [pid: 100566|app: 0|req: 17/68] 199.204.45.156 () {68 vars in 1424 bytes} [Fri Jun 12 10:33:36 2026] GET /compute/v2.1/flavors/detail?is_public=None => generated 5262 bytes in 31 msecs (HTTP/1.1 200) 9 headers in 360 bytes (1 switches on core 0)
Jun 12 10:33:42.116071 np0000179798 devstack@n-api.service[100563]: DEBUG nova.api.openstack.wsgi [None req-579718a7-f43c-46ee-a3aa-6f2b87b60672 admin admin] Calling method '>' {{(pid=100563) _process_stack /opt/stack/nova/nova/api/openstack/wsgi.py:551}}
Jun 12 10:33:42.120155 np0000179798 devstack@n-api.service[100563]: INFO nova.api.openstack.requestlog [None req-579718a7-f43c-46ee-a3aa-6f2b87b60672 admin admin] 199.204.45.156 "GET /compute/v2.1" status: 200 len: 393 microversion: 2.1 time: 0.004395
Jun 12 10:33:42.120381 np0000179798 devstack@n-api.service[100563]: [pid: 100563|app: 0|req: 17/69] 199.204.45.156 () {62 vars in 1063 bytes} [Fri Jun 12 10:33:42 2026] GET /compute/v2.1 => generated 393 bytes in 5 msecs (HTTP/1.1 200) 9 headers in 357 bytes (1 switches on core 0)
Jun 12 10:33:42.161293 np0000179798 devstack@n-api.service[100564]: DEBUG nova.api.openstack.wsgi [None req-851529e5-e185-489b-8beb-d063158685e9 admin admin] Calling method '>' {{(pid=100564) _process_stack /opt/stack/nova/nova/api/openstack/wsgi.py:551}}
Jun 12 10:33:42.164537 np0000179798 devstack@n-api.service[100564]: INFO nova.api.openstack.requestlog [None req-851529e5-e185-489b-8beb-d063158685e9 admin admin] 199.204.45.156 "GET /compute/v2.1/" status: 200 len: 393 microversion: 2.1 time: 0.003534
Jun 12 10:33:42.164780 np0000179798 devstack@n-api.service[100564]: [pid: 100564|app: 0|req: 19/70] 199.204.45.156 () {62 vars in 1066 bytes} [Fri Jun 12 10:33:42 2026] GET /compute/v2.1/ => generated 393 bytes in 4 msecs (HTTP/1.1 200) 9 headers in 357 bytes (1 switches on core 0)
Jun 12 10:33:42.207927 np0000179798 devstack@n-api.service[100565]: DEBUG nova.api.openstack.wsgi [None req-efc0eb65-5ed2-4a57-963c-9ab1290ed8fa demo demo] Calling method '>' {{(pid=100565) _process_stack /opt/stack/nova/nova/api/openstack/wsgi.py:551}}
Jun 12 10:33:42.236820 np0000179798 devstack@n-api.service[100565]: INFO nova.api.openstack.requestlog [None req-efc0eb65-5ed2-4a57-963c-9ab1290ed8fa demo demo] 199.204.45.156 "GET /compute/v2.1/flavors/detail?is_public=None" status: 200 len: 5262 microversion: 2.61 time: 0.032562
Jun 12 10:33:42.237194 np0000179798 devstack@n-api.service[100565]: [pid: 100565|app: 0|req: 18/71] 199.204.45.156 () {68 vars in 1424 bytes} [Fri Jun 12 10:33:42 2026] GET /compute/v2.1/flavors/detail?is_public=None => generated 5262 bytes in 34 msecs (HTTP/1.1 200) 9 headers in 360 bytes (1 switches on core 0)
Jun 12 10:33:42.296291 np0000179798 devstack@n-api.service[100566]: DEBUG nova.api.openstack.wsgi [None req-4ffb0184-a4c7-4feb-af2a-05053a1ed9f0 demo demo] Calling method '>' {{(pid=100566) _process_stack /opt/stack/nova/nova/api/openstack/wsgi.py:551}}
Jun 12 10:33:42.318041 np0000179798 devstack@n-api.service[100566]: INFO nova.api.openstack.requestlog [None req-4ffb0184-a4c7-4feb-af2a-05053a1ed9f0 demo demo] 199.204.45.156 "GET /compute/v2.1/flavors/detail?is_public=None" status: 200 len: 5262 microversion: 2.61 time: 0.025523
Jun 12 10:33:42.318376 np0000179798 devstack@n-api.service[100566]: [pid: 100566|app: 0|req: 18/72] 199.204.45.156 () {68 vars in 1424 bytes} [Fri Jun 12 10:33:42 2026] GET /compute/v2.1/flavors/detail?is_public=None => generated 5262 bytes in 26 msecs (HTTP/1.1 200) 9 headers in 360 bytes (1 switches on core 0)
Jun 12 10:33:42.487981 np0000179798 devstack@n-api.service[100563]: DEBUG nova.api.openstack.wsgi [None req-579718a7-f43c-46ee-a3aa-6f2b87b60672 admin admin] Calling method '>' {{(pid=100563) _process_stack /opt/stack/nova/nova/api/openstack/wsgi.py:551}}
Jun 12 10:33:42.492701 np0000179798 devstack@n-api.service[100563]: INFO nova.api.openstack.requestlog [None req-579718a7-f43c-46ee-a3aa-6f2b87b60672 admin admin] 199.204.45.156 "GET /compute/v2.1" status: 200 len: 393 microversion: 2.1 time: 0.005076
Jun 12 10:33:42.492958 np0000179798 devstack@n-api.service[100563]: [pid: 100563|app: 0|req: 18/73] 199.204.45.156 () {62 vars in 1063 bytes} [Fri Jun 12 10:33:42 2026] GET /compute/v2.1 => generated 393 bytes in 6 msecs (HTTP/1.1 200) 9 headers in 357 bytes (1 switches on core 0)
Jun 12 10:33:42.535855 np0000179798 devstack@n-api.service[100564]: DEBUG nova.api.openstack.wsgi [None req-851529e5-e185-489b-8beb-d063158685e9 admin admin] Calling method '>' {{(pid=100564) _process_stack /opt/stack/nova/nova/api/openstack/wsgi.py:551}}
Jun 12 10:33:42.539573 np0000179798 devstack@n-api.service[100564]: INFO nova.api.openstack.requestlog [None req-851529e5-e185-489b-8beb-d063158685e9 admin admin] 199.204.45.156 "GET /compute/v2.1/" status: 200 len: 393 microversion: 2.1 time: 0.003988
Jun 12 10:33:42.539812 np0000179798 devstack@n-api.service[100564]: [pid: 100564|app: 0|req: 20/74] 199.204.45.156 () {62 vars in 1066 bytes} [Fri Jun 12 10:33:42 2026] GET /compute/v2.1/ => generated 393 bytes in 4 msecs (HTTP/1.1 200) 9 headers in 357 bytes (1 switches on core 0)
Jun 12 10:33:42.583806 np0000179798 devstack@n-api.service[100565]: DEBUG nova.api.openstack.wsgi [None req-4f9827e1-d17c-4436-bed3-ce537e121601 demo demo] Calling method '>' {{(pid=100565) _process_stack /opt/stack/nova/nova/api/openstack/wsgi.py:551}}
Jun 12 10:33:42.604789 np0000179798 devstack@n-api.service[100565]: INFO nova.api.openstack.requestlog [None req-4f9827e1-d17c-4436-bed3-ce537e121601 demo demo] 199.204.45.156 "GET /compute/v2.1/flavors/detail?is_public=None" status: 200 len: 5262 microversion: 2.61 time: 0.024573
Jun 12 10:33:42.605071 np0000179798 devstack@n-api.service[100565]: [pid: 100565|app: 0|req: 19/75] 199.204.45.156 () {68 vars in 1424 bytes} [Fri Jun 12 10:33:42 2026] GET /compute/v2.1/flavors/detail?is_public=None => generated 5262 bytes in 25 msecs (HTTP/1.1 200) 9 headers in 360 bytes (1 switches on core 0)
Jun 12 10:33:42.665859 np0000179798 devstack@n-api.service[100566]: DEBUG nova.api.openstack.wsgi [None req-7e95e1f2-6511-4185-b659-c684e68dc441 demo demo] Calling method '>' {{(pid=100566) _process_stack /opt/stack/nova/nova/api/openstack/wsgi.py:551}}
Jun 12 10:33:42.690167 np0000179798 devstack@n-api.service[100566]: INFO nova.api.openstack.requestlog [None req-7e95e1f2-6511-4185-b659-c684e68dc441 demo demo] 199.204.45.156 "GET /compute/v2.1/flavors/detail?is_public=None" status: 200 len: 5262 microversion: 2.61 time: 0.028091
Jun 12 10:33:42.690456 np0000179798 devstack@n-api.service[100566]: [pid: 100566|app: 0|req: 19/76] 199.204.45.156 () {68 vars in 1424 bytes} [Fri Jun 12 10:33:42 2026] GET /compute/v2.1/flavors/detail?is_public=None => generated 5262 bytes in 29 msecs (HTTP/1.1 200) 9 headers in 360 bytes (1 switches on core 0)
Jun 12 10:33:47.444690 np0000179798 devstack@n-api.service[100563]: DEBUG nova.api.openstack.wsgi [None req-579718a7-f43c-46ee-a3aa-6f2b87b60672 admin admin] Calling method '>' {{(pid=100563) _process_stack /opt/stack/nova/nova/api/openstack/wsgi.py:551}}
Jun 12 10:33:47.449091 np0000179798 devstack@n-api.service[100563]: INFO nova.api.openstack.requestlog [None req-579718a7-f43c-46ee-a3aa-6f2b87b60672 admin admin] 199.204.45.156 "GET /compute/v2.1" status: 200 len: 393 microversion: 2.1 time: 0.005686
Jun 12 10:33:47.449387 np0000179798 devstack@n-api.service[100563]: [pid: 100563|app: 0|req: 19/77] 199.204.45.156 () {62 vars in 1074 bytes} [Fri Jun 12 10:33:47 2026] GET /compute/v2.1 => generated 393 bytes in 7 msecs (HTTP/1.1 200) 9 headers in 357 bytes (1 switches on core 0)
Jun 12 10:33:47.490746 np0000179798 devstack@n-api.service[100564]: DEBUG nova.api.openstack.wsgi [None req-851529e5-e185-489b-8beb-d063158685e9 admin admin] Calling method '>' {{(pid=100564) _process_stack /opt/stack/nova/nova/api/openstack/wsgi.py:551}}
Jun 12 10:33:47.497400 np0000179798 devstack@n-api.service[100564]: INFO nova.api.openstack.requestlog [None req-851529e5-e185-489b-8beb-d063158685e9 admin admin] 199.204.45.156 "GET /compute/v2.1/" status: 200 len: 393 microversion: 2.1 time: 0.006864
Jun 12 10:33:47.497400 np0000179798 devstack@n-api.service[100564]: [pid: 100564|app: 0|req: 21/78] 199.204.45.156 () {62 vars in 1077 bytes} [Fri Jun 12 10:33:47 2026] GET /compute/v2.1/ => generated 393 bytes in 8 msecs (HTTP/1.1 200) 9 headers in 357 bytes (1 switches on core 0)
Jun 12 10:33:47.542740 np0000179798 devstack@n-api.service[100565]: DEBUG nova.api.openstack.wsgi [None req-f06f148e-7d2f-45ea-b28c-3657bbeeafa4 demo demo] Calling method '>' {{(pid=100565) _process_stack /opt/stack/nova/nova/api/openstack/wsgi.py:551}}
Jun 12 10:33:47.565460 np0000179798 devstack@n-api.service[100565]: INFO nova.api.openstack.requestlog [None req-f06f148e-7d2f-45ea-b28c-3657bbeeafa4 demo demo] 199.204.45.156 "GET /compute/v2.1/os-server-groups" status: 200 len: 21 microversion: 2.64 time: 0.026630
Jun 12 10:33:47.565735 np0000179798 devstack@n-api.service[100565]: [pid: 100565|app: 0|req: 20/79] 199.204.45.156 () {68 vars in 1412 bytes} [Fri Jun 12 10:33:47 2026] GET /compute/v2.1/os-server-groups => generated 21 bytes in 27 msecs (HTTP/1.1 200) 9 headers in 358 bytes (1 switches on core 0)
Jun 12 10:33:47.607933 np0000179798 devstack@n-api.service[100566]: DEBUG nova.api.openstack.wsgi [None req-7e95e1f2-6511-4185-b659-c684e68dc441 demo demo] Calling method '>' {{(pid=100566) _process_stack /opt/stack/nova/nova/api/openstack/wsgi.py:551}}
Jun 12 10:33:47.612422 np0000179798 devstack@n-api.service[100566]: INFO nova.api.openstack.requestlog [None req-7e95e1f2-6511-4185-b659-c684e68dc441 demo demo] 199.204.45.156 "GET /compute/v2.1" status: 200 len: 393 microversion: 2.1 time: 0.004740
Jun 12 10:33:47.612977 np0000179798 devstack@n-api.service[100566]: [pid: 100566|app: 0|req: 20/80] 199.204.45.156 () {62 vars in 1074 bytes} [Fri Jun 12 10:33:47 2026] GET /compute/v2.1 => generated 393 bytes in 5 msecs (HTTP/1.1 200) 9 headers in 357 bytes (1 switches on core 0)
Jun 12 10:33:47.658601 np0000179798 devstack@n-api.service[100563]: DEBUG nova.api.openstack.wsgi [None req-579718a7-f43c-46ee-a3aa-6f2b87b60672 admin admin] Calling method '>' {{(pid=100563) _process_stack /opt/stack/nova/nova/api/openstack/wsgi.py:551}}
Jun 12 10:33:47.663796 np0000179798 devstack@n-api.service[100563]: INFO nova.api.openstack.requestlog [None req-579718a7-f43c-46ee-a3aa-6f2b87b60672 admin admin] 199.204.45.156 "GET /compute/v2.1/" status: 200 len: 393 microversion: 2.1 time: 0.005214
Jun 12 10:33:47.664206 np0000179798 devstack@n-api.service[100563]: [pid: 100563|app: 0|req: 20/81] 199.204.45.156 () {62 vars in 1077 bytes} [Fri Jun 12 10:33:47 2026] GET /compute/v2.1/ => generated 393 bytes in 6 msecs (HTTP/1.1 200) 9 headers in 357 bytes (1 switches on core 0)
Jun 12 10:33:47.714040 np0000179798 devstack@n-api.service[100564]: DEBUG nova.api.openstack.wsgi [None req-14119b42-ad5f-4b0e-9ecb-8e08bb5cd88d demo demo] Action: 'create', calling method: >, body: {"server_group": {"name": "kube-orz3v", "policy": "soft-anti-affinity"}} {{(pid=100564) _process_stack /opt/stack/nova/nova/api/openstack/wsgi.py:549}}
Jun 12 10:33:47.744994 np0000179798 devstack@n-api.service[100564]: DEBUG nova.quota [None req-14119b42-ad5f-4b0e-9ecb-8e08bb5cd88d demo demo] Getting quotas for project 6435cbc9666a464f8f8a6b81b0c8c5ae. Resources: {'server_groups'} {{(pid=100564) _get_quotas /opt/stack/nova/nova/quota.py:392}}
Jun 12 10:33:47.748869 np0000179798 devstack@n-api.service[100564]: DEBUG nova.quota [None req-14119b42-ad5f-4b0e-9ecb-8e08bb5cd88d demo demo] Getting quotas for user 59c585c3e982496e8f24d8d3591c6c83 and project 6435cbc9666a464f8f8a6b81b0c8c5ae. Resources: {'server_groups'} {{(pid=100564) _get_quotas /opt/stack/nova/nova/quota.py:382}}
Jun 12 10:33:48.035431 np0000179798 devstack@n-api.service[100564]: DEBUG nova.quota [None req-14119b42-ad5f-4b0e-9ecb-8e08bb5cd88d demo demo] Getting quotas for project 6435cbc9666a464f8f8a6b81b0c8c5ae. Resources: {'server_groups'} {{(pid=100564) _get_quotas /opt/stack/nova/nova/quota.py:392}}
Jun 12 10:33:48.037976 np0000179798 devstack@n-api.service[100564]: DEBUG nova.quota [None req-14119b42-ad5f-4b0e-9ecb-8e08bb5cd88d demo demo] Getting quotas for user 59c585c3e982496e8f24d8d3591c6c83 and project 6435cbc9666a464f8f8a6b81b0c8c5ae. Resources: {'server_groups'} {{(pid=100564) _get_quotas /opt/stack/nova/nova/quota.py:382}}
Jun 12 10:33:48.055388 np0000179798 devstack@n-api.service[100564]: INFO nova.api.openstack.requestlog [None req-14119b42-ad5f-4b0e-9ecb-8e08bb5cd88d demo demo] 199.204.45.156 "POST /compute/v2.1/os-server-groups" status: 200 len: 243 microversion: 2.64 time: 0.336544
Jun 12 10:33:48.055388 np0000179798 devstack@n-api.service[100564]: [pid: 100564|app: 0|req: 22/82] 199.204.45.156 () {72 vars in 1452 bytes} [Fri Jun 12 10:33:47 2026] POST /compute/v2.1/os-server-groups => generated 243 bytes in 337 msecs (HTTP/1.1 200) 9 headers in 359 bytes (1 switches on core 0)
Jun 12 10:33:48.223213 np0000179798 devstack@n-api.service[100565]: DEBUG nova.api.openstack.wsgi [None req-f06f148e-7d2f-45ea-b28c-3657bbeeafa4 demo demo] Calling method '>' {{(pid=100565) _process_stack /opt/stack/nova/nova/api/openstack/wsgi.py:551}}
Jun 12 10:33:48.229363 np0000179798 devstack@n-api.service[100565]: INFO nova.api.openstack.requestlog [None req-f06f148e-7d2f-45ea-b28c-3657bbeeafa4 demo demo] 199.204.45.156 "GET /compute/v2.1" status: 200 len: 393 microversion: 2.1 time: 0.006630
Jun 12 10:33:48.229735 np0000179798 devstack@n-api.service[100565]: [pid: 100565|app: 0|req: 21/83] 199.204.45.156 () {62 vars in 1074 bytes} [Fri Jun 12 10:33:48 2026] GET /compute/v2.1 => generated 393 bytes in 8 msecs (HTTP/1.1 200) 9 headers in 357 bytes (1 switches on core 0)
Jun 12 10:33:48.271530 np0000179798 devstack@n-api.service[100566]: DEBUG nova.api.openstack.wsgi [None req-7e95e1f2-6511-4185-b659-c684e68dc441 demo demo] Calling method '>' {{(pid=100566) _process_stack /opt/stack/nova/nova/api/openstack/wsgi.py:551}}
Jun 12 10:33:48.277548 np0000179798 devstack@n-api.service[100566]: INFO nova.api.openstack.requestlog [None req-7e95e1f2-6511-4185-b659-c684e68dc441 demo demo] 199.204.45.156 "GET /compute/v2.1/" status: 200 len: 393 microversion: 2.1 time: 0.006320
Jun 12 10:33:48.277710 np0000179798 devstack@n-api.service[100566]: [pid: 100566|app: 0|req: 21/84] 199.204.45.156 () {62 vars in 1077 bytes} [Fri Jun 12 10:33:48 2026] GET /compute/v2.1/ => generated 393 bytes in 7 msecs (HTTP/1.1 200) 9 headers in 357 bytes (1 switches on core 0)
Jun 12 10:33:48.325940 np0000179798 devstack@n-api.service[100563]: DEBUG nova.api.openstack.wsgi [None req-6f785e9f-086c-495c-b2a6-c7510840d439 demo demo] Calling method '>' {{(pid=100563) _process_stack /opt/stack/nova/nova/api/openstack/wsgi.py:551}}
Jun 12 10:33:48.348206 np0000179798 devstack@n-api.service[100563]: INFO nova.api.openstack.requestlog [None req-6f785e9f-086c-495c-b2a6-c7510840d439 demo demo] 199.204.45.156 "GET /compute/v2.1/os-server-groups" status: 200 len: 246 microversion: 2.64 time: 0.026105
Jun 12 10:33:48.348549 np0000179798 devstack@n-api.service[100563]: [pid: 100563|app: 0|req: 21/85] 199.204.45.156 () {68 vars in 1412 bytes} [Fri Jun 12 10:33:48 2026] GET /compute/v2.1/os-server-groups => generated 246 bytes in 27 msecs (HTTP/1.1 200) 9 headers in 359 bytes (1 switches on core 0)
Jun 12 10:33:48.416800 np0000179798 devstack@n-api.service[100564]: DEBUG nova.api.openstack.wsgi [None req-14119b42-ad5f-4b0e-9ecb-8e08bb5cd88d demo demo] Calling method '>' {{(pid=100564) _process_stack /opt/stack/nova/nova/api/openstack/wsgi.py:551}}
Jun 12 10:33:48.423458 np0000179798 devstack@n-api.service[100564]: INFO nova.api.openstack.requestlog [None req-14119b42-ad5f-4b0e-9ecb-8e08bb5cd88d demo demo] 199.204.45.156 "GET /compute/v2.1" status: 200 len: 393 microversion: 2.1 time: 0.006921
Jun 12 10:33:48.423753 np0000179798 devstack@n-api.service[100564]: [pid: 100564|app: 0|req: 23/86] 199.204.45.156 () {62 vars in 1074 bytes} [Fri Jun 12 10:33:48 2026] GET /compute/v2.1 => generated 393 bytes in 8 msecs (HTTP/1.1 200) 9 headers in 357 bytes (1 switches on core 0)
Jun 12 10:33:48.481476 np0000179798 devstack@n-api.service[100565]: DEBUG nova.api.openstack.wsgi [None req-f06f148e-7d2f-45ea-b28c-3657bbeeafa4 demo demo] Calling method '>' {{(pid=100565) _process_stack /opt/stack/nova/nova/api/openstack/wsgi.py:551}}
Jun 12 10:33:48.485728 np0000179798 devstack@n-api.service[100565]: INFO nova.api.openstack.requestlog [None req-f06f148e-7d2f-45ea-b28c-3657bbeeafa4 demo demo] 199.204.45.156 "GET /compute/v2.1/" status: 200 len: 393 microversion: 2.1 time: 0.004662
Jun 12 10:33:48.485995 np0000179798 devstack@n-api.service[100565]: [pid: 100565|app: 0|req: 22/87] 199.204.45.156 () {62 vars in 1077 bytes} [Fri Jun 12 10:33:48 2026] GET /compute/v2.1/ => generated 393 bytes in 5 msecs (HTTP/1.1 200) 9 headers in 357 bytes (1 switches on core 0)
Jun 12 10:33:48.534315 np0000179798 devstack@n-api.service[100566]: DEBUG nova.api.openstack.wsgi [None req-0a2151a4-773d-4a3f-96fe-b545e529b9ac demo demo] Action: 'create', calling method: >, body: {"server_group": {"name": "kube-orz3v-default-worker", "policy": "soft-anti-affinity"}} {{(pid=100566) _process_stack /opt/stack/nova/nova/api/openstack/wsgi.py:549}}
Jun 12 10:33:48.565566 np0000179798 devstack@n-api.service[100566]: DEBUG nova.quota [None req-0a2151a4-773d-4a3f-96fe-b545e529b9ac demo demo] Getting quotas for project 6435cbc9666a464f8f8a6b81b0c8c5ae. Resources: {'server_groups'} {{(pid=100566) _get_quotas /opt/stack/nova/nova/quota.py:392}}
Jun 12 10:33:48.569857 np0000179798 devstack@n-api.service[100566]: DEBUG nova.quota [None req-0a2151a4-773d-4a3f-96fe-b545e529b9ac demo demo] Getting quotas for user 59c585c3e982496e8f24d8d3591c6c83 and project 6435cbc9666a464f8f8a6b81b0c8c5ae. Resources: {'server_groups'} {{(pid=100566) _get_quotas /opt/stack/nova/nova/quota.py:382}}
Jun 12 10:33:48.835367 np0000179798 devstack@n-api.service[100566]: DEBUG nova.quota [None req-0a2151a4-773d-4a3f-96fe-b545e529b9ac demo demo] Getting quotas for project 6435cbc9666a464f8f8a6b81b0c8c5ae. Resources: {'server_groups'} {{(pid=100566) _get_quotas /opt/stack/nova/nova/quota.py:392}}
Jun 12 10:33:48.837758 np0000179798 devstack@n-api.service[100566]: DEBUG nova.quota [None req-0a2151a4-773d-4a3f-96fe-b545e529b9ac demo demo] Getting quotas for user 59c585c3e982496e8f24d8d3591c6c83 and project 6435cbc9666a464f8f8a6b81b0c8c5ae. Resources: {'server_groups'} {{(pid=100566) _get_quotas /opt/stack/nova/nova/quota.py:382}}
Jun 12 10:33:48.847019 np0000179798 devstack@n-api.service[100566]: INFO nova.api.openstack.requestlog [None req-0a2151a4-773d-4a3f-96fe-b545e529b9ac demo demo] 199.204.45.156 "POST /compute/v2.1/os-server-groups" status: 200 len: 258 microversion: 2.64 time: 0.316720
Jun 12 10:33:48.847436 np0000179798 devstack@n-api.service[100566]: [pid: 100566|app: 0|req: 22/88] 199.204.45.156 () {72 vars in 1452 bytes} [Fri Jun 12 10:33:48 2026] POST /compute/v2.1/os-server-groups => generated 258 bytes in 317 msecs (HTTP/1.1 200) 9 headers in 359 bytes (1 switches on core 0)
Jun 12 10:33:53.513304 np0000179798 devstack@n-api.service[100563]: DEBUG nova.api.openstack.wsgi [None req-6f785e9f-086c-495c-b2a6-c7510840d439 demo demo] Calling method '>' {{(pid=100563) _process_stack /opt/stack/nova/nova/api/openstack/wsgi.py:551}}
Jun 12 10:33:53.515232 np0000179798 devstack@n-api.service[100563]: INFO nova.api.openstack.requestlog [None req-6f785e9f-086c-495c-b2a6-c7510840d439 demo demo] 199.204.45.156 "GET /compute/v2.1" status: 200 len: 393 microversion: 2.1 time: 0.004788
Jun 12 10:33:53.544365 np0000179798 devstack@n-api.service[100563]: [pid: 100563|app: 0|req: 22/89] 199.204.45.156 () {62 vars in 1074 bytes} [Fri Jun 12 10:33:53 2026] GET /compute/v2.1 => generated 393 bytes in 5 msecs (HTTP/1.1 200) 9 headers in 357 bytes (1 switches on core 0)
Jun 12 10:33:53.556004 np0000179798 devstack@n-api.service[100564]: DEBUG nova.api.openstack.wsgi [None req-14119b42-ad5f-4b0e-9ecb-8e08bb5cd88d demo demo] Calling method '>' {{(pid=100564) _process_stack /opt/stack/nova/nova/api/openstack/wsgi.py:551}}
Jun 12 10:33:53.560454 np0000179798 devstack@n-api.service[100564]: INFO nova.api.openstack.requestlog [None req-14119b42-ad5f-4b0e-9ecb-8e08bb5cd88d demo demo] 199.204.45.156 "GET /compute/v2.1/" status: 200 len: 393 microversion: 2.1 time: 0.004746
Jun 12 10:33:53.560725 np0000179798 devstack@n-api.service[100564]: [pid: 100564|app: 0|req: 24/90] 199.204.45.156 () {62 vars in 1077 bytes} [Fri Jun 12 10:33:53 2026] GET /compute/v2.1/ => generated 393 bytes in 5 msecs (HTTP/1.1 200) 9 headers in 357 bytes (1 switches on core 0)
Jun 12 10:33:53.606218 np0000179798 devstack@n-api.service[100565]: DEBUG nova.api.openstack.wsgi [None req-855d0e58-9a17-4df1-9801-f5028a80a3cf demo demo] Calling method '>' {{(pid=100565) _process_stack /opt/stack/nova/nova/api/openstack/wsgi.py:551}}
Jun 12 10:33:53.632522 np0000179798 devstack@n-api.service[100565]: INFO nova.api.openstack.requestlog [None req-855d0e58-9a17-4df1-9801-f5028a80a3cf demo demo] 199.204.45.156 "GET /compute/v2.1/flavors/detail?is_public=None" status: 200 len: 5262 microversion: 2.61 time: 0.028159
Jun 12 10:33:53.632861 np0000179798 devstack@n-api.service[100565]: [pid: 100565|app: 0|req: 23/91] 199.204.45.156 () {68 vars in 1435 bytes} [Fri Jun 12 10:33:53 2026] GET /compute/v2.1/flavors/detail?is_public=None => generated 5262 bytes in 29 msecs (HTTP/1.1 200) 9 headers in 360 bytes (1 switches on core 0)
Jun 12 10:33:53.681755 np0000179798 devstack@n-api.service[100566]: DEBUG nova.api.openstack.wsgi [None req-9b14a054-6b48-4007-bef2-9afdcf2e2263 demo demo] Calling method '>' {{(pid=100566) _process_stack /opt/stack/nova/nova/api/openstack/wsgi.py:551}}
Jun 12 10:33:53.705881 np0000179798 devstack@n-api.service[100566]: INFO nova.api.openstack.requestlog [None req-9b14a054-6b48-4007-bef2-9afdcf2e2263 demo demo] 199.204.45.156 "GET /compute/v2.1/flavors/detail?is_public=None" status: 200 len: 5262 microversion: 2.61 time: 0.026550
Jun 12 10:33:53.706137 np0000179798 devstack@n-api.service[100566]: [pid: 100566|app: 0|req: 23/92] 199.204.45.156 () {68 vars in 1435 bytes} [Fri Jun 12 10:33:53 2026] GET /compute/v2.1/flavors/detail?is_public=None => generated 5262 bytes in 27 msecs (HTTP/1.1 200) 9 headers in 360 bytes (1 switches on core 0)
Jun 12 10:33:54.670342 np0000179798 devstack@n-api.service[100563]: DEBUG nova.api.openstack.wsgi [None req-6f785e9f-086c-495c-b2a6-c7510840d439 demo demo] Calling method '>' {{(pid=100563) _process_stack /opt/stack/nova/nova/api/openstack/wsgi.py:551}}
Jun 12 10:33:54.670342 np0000179798 devstack@n-api.service[100563]: INFO nova.api.openstack.requestlog [None req-6f785e9f-086c-495c-b2a6-c7510840d439 demo demo] 199.204.45.156 "GET /compute/v2.1" status: 200 len: 393 microversion: 2.1 time: 0.009050
Jun 12 10:33:54.670342 np0000179798 devstack@n-api.service[100563]: [pid: 100563|app: 0|req: 23/93] 199.204.45.156 () {62 vars in 1074 bytes} [Fri Jun 12 10:33:54 2026] GET /compute/v2.1 => generated 393 bytes in 10 msecs (HTTP/1.1 200) 9 headers in 357 bytes (1 switches on core 0)
Jun 12 10:33:54.711781 np0000179798 devstack@n-api.service[100564]: DEBUG nova.api.openstack.wsgi [None req-14119b42-ad5f-4b0e-9ecb-8e08bb5cd88d demo demo] Calling method '>' {{(pid=100564) _process_stack /opt/stack/nova/nova/api/openstack/wsgi.py:551}}
Jun 12 10:33:54.714942 np0000179798 devstack@n-api.service[100564]: INFO nova.api.openstack.requestlog [None req-14119b42-ad5f-4b0e-9ecb-8e08bb5cd88d demo demo] 199.204.45.156 "GET /compute/v2.1/" status: 200 len: 393 microversion: 2.1 time: 0.003363
Jun 12 10:33:54.715205 np0000179798 devstack@n-api.service[100564]: [pid: 100564|app: 0|req: 25/94] 199.204.45.156 () {62 vars in 1077 bytes} [Fri Jun 12 10:33:54 2026] GET /compute/v2.1/ => generated 393 bytes in 4 msecs (HTTP/1.1 200) 9 headers in 357 bytes (1 switches on core 0)
Jun 12 10:33:54.761441 np0000179798 devstack@n-api.service[100565]: DEBUG nova.api.openstack.wsgi [None req-f576fab8-3547-4940-a759-3309e4ffca2d demo demo] Calling method '>' {{(pid=100565) _process_stack /opt/stack/nova/nova/api/openstack/wsgi.py:551}}
Jun 12 10:33:54.783022 np0000179798 devstack@n-api.service[100565]: INFO nova.api.openstack.requestlog [None req-f576fab8-3547-4940-a759-3309e4ffca2d demo demo] 199.204.45.156 "GET /compute/v2.1/flavors/detail?is_public=None" status: 200 len: 5262 microversion: 2.61 time: 0.025718
Jun 12 10:33:54.783373 np0000179798 devstack@n-api.service[100565]: [pid: 100565|app: 0|req: 24/95] 199.204.45.156 () {68 vars in 1435 bytes} [Fri Jun 12 10:33:54 2026] GET /compute/v2.1/flavors/detail?is_public=None => generated 5262 bytes in 27 msecs (HTTP/1.1 200) 9 headers in 360 bytes (1 switches on core 0)
Jun 12 10:33:58.041539 np0000179798 devstack@n-api.service[100564]: DEBUG dbcounter [-] [100564] Writing DB stats nova_cell0:SELECT=4 {{(pid=100564) stat_writer /opt/stack/data/venv/lib/python3.12/site-packages/dbcounter.py:115}}
Jun 12 10:33:58.044050 np0000179798 devstack@n-api.service[100564]: DEBUG dbcounter [-] [100564] Writing DB stats nova_api:SELECT=14,nova_api:INSERT=2 {{(pid=100564) stat_writer /opt/stack/data/venv/lib/python3.12/site-packages/dbcounter.py:115}}
Jun 12 10:33:58.344525 np0000179798 devstack@n-api.service[100563]: DEBUG dbcounter [-] [100563] Writing DB stats nova_api:SELECT=2 {{(pid=100563) stat_writer /opt/stack/data/venv/lib/python3.12/site-packages/dbcounter.py:115}}
Jun 12 10:33:58.841433 np0000179798 devstack@n-api.service[100566]: DEBUG dbcounter [-] [100566] Writing DB stats nova_cell0:SELECT=4 {{(pid=100566) stat_writer /opt/stack/data/venv/lib/python3.12/site-packages/dbcounter.py:115}}
Jun 12 10:34:03.688514 np0000179798 devstack@n-api.service[100566]: DEBUG dbcounter [-] [100566] Writing DB stats nova_api:SELECT=19,nova_api:INSERT=2 {{(pid=100566) stat_writer /opt/stack/data/venv/lib/python3.12/site-packages/dbcounter.py:115}}
Jun 12 10:34:04.768253 np0000179798 devstack@n-api.service[100565]: DEBUG dbcounter [-] [100565] Writing DB stats nova_api:SELECT=8 {{(pid=100565) stat_writer /opt/stack/data/venv/lib/python3.12/site-packages/dbcounter.py:115}}
Jun 12 10:34:25.147563 np0000179798 devstack@n-api.service[100566]: DEBUG nova.api.openstack.wsgi [None req-9b14a054-6b48-4007-bef2-9afdcf2e2263 demo demo] Calling method '>' {{(pid=100566) _process_stack /opt/stack/nova/nova/api/openstack/wsgi.py:551}}
Jun 12 10:34:25.152349 np0000179798 devstack@n-api.service[100566]: INFO nova.api.openstack.requestlog [None req-9b14a054-6b48-4007-bef2-9afdcf2e2263 demo demo] 172.18.0.2 "GET /compute/v2.1/" status: 200 len: 393 microversion: 2.1 time: 0.005794
Jun 12 10:34:25.152933 np0000179798 devstack@n-api.service[100566]: [pid: 100566|app: 0|req: 24/96] 199.204.45.156 () {64 vars in 1272 bytes} [Fri Jun 12 10:34:25 2026] GET /compute/v2.1/ => generated 393 bytes in 7 msecs (HTTP/1.1 200) 9 headers in 357 bytes (1 switches on core 0)
Jun 12 10:34:25.163564 np0000179798 devstack@n-api.service[100563]: DEBUG nova.api.openstack.wsgi [None req-dd40bcaa-cd15-4b2d-9e89-a88a1f76f177 demo demo] Calling method '>' {{(pid=100563) _process_stack /opt/stack/nova/nova/api/openstack/wsgi.py:551}}
Jun 12 10:34:25.167265 np0000179798 devstack@n-api.service[100563]: DEBUG oslo_concurrency.lockutils [None req-dd40bcaa-cd15-4b2d-9e89-a88a1f76f177 demo demo] Acquiring lock "00000000-0000-0000-0000-000000000000" by "nova.context.set_target_cell..get_or_set_cached_cell_and_set_connections" {{(pid=100563) inner /opt/stack/data/venv/lib/python3.12/site-packages/oslo_concurrency/lockutils.py:511}}
Jun 12 10:34:25.167509 np0000179798 devstack@n-api.service[100563]: DEBUG oslo_concurrency.lockutils [None req-dd40bcaa-cd15-4b2d-9e89-a88a1f76f177 demo demo] Lock "00000000-0000-0000-0000-000000000000" acquired by "nova.context.set_target_cell..get_or_set_cached_cell_and_set_connections" :: waited 0.000s {{(pid=100563) inner /opt/stack/data/venv/lib/python3.12/site-packages/oslo_concurrency/lockutils.py:524}}
Jun 12 10:34:25.167753 np0000179798 devstack@n-api.service[100563]: DEBUG oslo_concurrency.lockutils [None req-dd40bcaa-cd15-4b2d-9e89-a88a1f76f177 demo demo] Lock "00000000-0000-0000-0000-000000000000" "released" by "nova.context.set_target_cell..get_or_set_cached_cell_and_set_connections" :: held 0.000s {{(pid=100563) inner /opt/stack/data/venv/lib/python3.12/site-packages/oslo_concurrency/lockutils.py:543}}
Jun 12 10:34:25.168908 np0000179798 devstack@n-api.service[100563]: DEBUG oslo_concurrency.lockutils [None req-dd40bcaa-cd15-4b2d-9e89-a88a1f76f177 demo demo] Acquiring lock "e7892f9a-8e4f-4bfe-b837-5aa6f577e347" by "nova.context.set_target_cell..get_or_set_cached_cell_and_set_connections" {{(pid=100563) inner /opt/stack/data/venv/lib/python3.12/site-packages/oslo_concurrency/lockutils.py:511}}
Jun 12 10:34:25.170942 np0000179798 devstack@n-api.service[100563]: DEBUG oslo_concurrency.lockutils [None req-dd40bcaa-cd15-4b2d-9e89-a88a1f76f177 demo demo] Lock "e7892f9a-8e4f-4bfe-b837-5aa6f577e347" acquired by "nova.context.set_target_cell..get_or_set_cached_cell_and_set_connections" :: waited 0.002s {{(pid=100563) inner /opt/stack/data/venv/lib/python3.12/site-packages/oslo_concurrency/lockutils.py:524}}
Jun 12 10:34:25.171134 np0000179798 devstack@n-api.service[100563]: DEBUG oslo_concurrency.lockutils [None req-dd40bcaa-cd15-4b2d-9e89-a88a1f76f177 demo demo] Lock "e7892f9a-8e4f-4bfe-b837-5aa6f577e347" "released" by "nova.context.set_target_cell..get_or_set_cached_cell_and_set_connections" :: held 0.000s {{(pid=100563) inner /opt/stack/data/venv/lib/python3.12/site-packages/oslo_concurrency/lockutils.py:543}}
Jun 12 10:34:25.253849 np0000179798 devstack@n-api.service[100563]: INFO nova.api.openstack.requestlog [None req-dd40bcaa-cd15-4b2d-9e89-a88a1f76f177 demo demo] 172.18.0.2 "GET /compute/v2.1/os-availability-zone" status: 200 len: 97 microversion: 2.38 time: 0.094425
Jun 12 10:34:25.254462 np0000179798 devstack@n-api.service[100563]: [pid: 100563|app: 0|req: 24/97] 199.204.45.156 () {68 vars in 1415 bytes} [Fri Jun 12 10:34:25 2026] GET /compute/v2.1/os-availability-zone => generated 97 bytes in 96 msecs (HTTP/1.1 200) 9 headers in 358 bytes (1 switches on core 0)
Jun 12 10:34:26.326740 np0000179798 devstack@n-api.service[100564]: DEBUG nova.api.openstack.wsgi [None req-14119b42-ad5f-4b0e-9ecb-8e08bb5cd88d demo demo] Calling method '>' {{(pid=100564) _process_stack /opt/stack/nova/nova/api/openstack/wsgi.py:551}}
Jun 12 10:34:26.335132 np0000179798 devstack@n-api.service[100564]: INFO nova.api.openstack.requestlog [None req-14119b42-ad5f-4b0e-9ecb-8e08bb5cd88d demo demo] 172.18.0.2 "GET /compute/v2.1/" status: 200 len: 393 microversion: 2.1 time: 0.010895
Jun 12 10:34:26.337599 np0000179798 devstack@n-api.service[100564]: [pid: 100564|app: 0|req: 26/98] 199.204.45.156 () {64 vars in 1272 bytes} [Fri Jun 12 10:34:26 2026] GET /compute/v2.1/ => generated 393 bytes in 12 msecs (HTTP/1.1 200) 9 headers in 357 bytes (1 switches on core 0)
Jun 12 10:34:26.361288 np0000179798 devstack@n-api.service[100565]: DEBUG nova.api.openstack.wsgi [None req-d82d716f-e7b6-43a6-a11a-0210ff159efe demo demo] Calling method '>' {{(pid=100565) _process_stack /opt/stack/nova/nova/api/openstack/wsgi.py:551}}
Jun 12 10:34:26.379885 np0000179798 devstack@n-api.service[100565]: INFO nova.api.openstack.requestlog [None req-d82d716f-e7b6-43a6-a11a-0210ff159efe demo demo] 172.18.0.2 "GET /compute/v2.1/flavors/detail" status: 200 len: 4022 microversion: 2.38 time: 0.020353
Jun 12 10:34:26.380220 np0000179798 devstack@n-api.service[100565]: [pid: 100565|app: 0|req: 25/99] 199.204.45.156 () {68 vars in 1397 bytes} [Fri Jun 12 10:34:26 2026] GET /compute/v2.1/flavors/detail => generated 4022 bytes in 21 msecs (HTTP/1.1 200) 9 headers in 360 bytes (1 switches on core 0)
Jun 12 10:34:26.461033 np0000179798 devstack@n-api.service[100566]: DEBUG nova.api.openstack.wsgi [None req-9b14a054-6b48-4007-bef2-9afdcf2e2263 demo demo] Calling method '>' {{(pid=100566) _process_stack /opt/stack/nova/nova/api/openstack/wsgi.py:551}}
Jun 12 10:34:26.466357 np0000179798 devstack@n-api.service[100566]: INFO nova.api.openstack.requestlog [None req-9b14a054-6b48-4007-bef2-9afdcf2e2263 demo demo] 172.18.0.2 "GET /compute/v2.1/" status: 200 len: 393 microversion: 2.1 time: 0.006202
Jun 12 10:34:26.466561 np0000179798 devstack@n-api.service[100566]: [pid: 100566|app: 0|req: 25/100] 199.204.45.156 () {64 vars in 1272 bytes} [Fri Jun 12 10:34:26 2026] GET /compute/v2.1/ => generated 393 bytes in 7 msecs (HTTP/1.1 200) 9 headers in 357 bytes (1 switches on core 0)
Jun 12 10:34:26.481693 np0000179798 devstack@n-api.service[100563]: DEBUG nova.api.openstack.wsgi [None req-53e9f75b-036c-45ef-a89c-ccafdbd9860b demo demo] Calling method '>' {{(pid=100563) _process_stack /opt/stack/nova/nova/api/openstack/wsgi.py:551}}
Jun 12 10:34:26.484405 np0000179798 devstack@n-api.service[100563]: DEBUG oslo_concurrency.lockutils [None req-53e9f75b-036c-45ef-a89c-ccafdbd9860b demo demo] Acquiring lock "00000000-0000-0000-0000-000000000000" by "nova.context.set_target_cell..get_or_set_cached_cell_and_set_connections" {{(pid=100563) inner /opt/stack/data/venv/lib/python3.12/site-packages/oslo_concurrency/lockutils.py:511}}
Jun 12 10:34:26.484715 np0000179798 devstack@n-api.service[100563]: DEBUG oslo_concurrency.lockutils [None req-53e9f75b-036c-45ef-a89c-ccafdbd9860b demo demo] Lock "00000000-0000-0000-0000-000000000000" acquired by "nova.context.set_target_cell..get_or_set_cached_cell_and_set_connections" :: waited 0.000s {{(pid=100563) inner /opt/stack/data/venv/lib/python3.12/site-packages/oslo_concurrency/lockutils.py:524}}
Jun 12 10:34:26.484913 np0000179798 devstack@n-api.service[100563]: DEBUG oslo_concurrency.lockutils [None req-53e9f75b-036c-45ef-a89c-ccafdbd9860b demo demo] Lock "00000000-0000-0000-0000-000000000000" "released" by "nova.context.set_target_cell..get_or_set_cached_cell_and_set_connections" :: held 0.000s {{(pid=100563) inner /opt/stack/data/venv/lib/python3.12/site-packages/oslo_concurrency/lockutils.py:543}}
Jun 12 10:34:26.485804 np0000179798 devstack@n-api.service[100563]: DEBUG oslo_concurrency.lockutils [None req-53e9f75b-036c-45ef-a89c-ccafdbd9860b demo demo] Acquiring lock "e7892f9a-8e4f-4bfe-b837-5aa6f577e347" by "nova.context.set_target_cell..get_or_set_cached_cell_and_set_connections" {{(pid=100563) inner /opt/stack/data/venv/lib/python3.12/site-packages/oslo_concurrency/lockutils.py:511}}
Jun 12 10:34:26.486072 np0000179798 devstack@n-api.service[100563]: DEBUG oslo_concurrency.lockutils [None req-53e9f75b-036c-45ef-a89c-ccafdbd9860b demo demo] Lock "e7892f9a-8e4f-4bfe-b837-5aa6f577e347" acquired by "nova.context.set_target_cell..get_or_set_cached_cell_and_set_connections" :: waited 0.000s {{(pid=100563) inner /opt/stack/data/venv/lib/python3.12/site-packages/oslo_concurrency/lockutils.py:524}}
Jun 12 10:34:26.486272 np0000179798 devstack@n-api.service[100563]: DEBUG oslo_concurrency.lockutils [None req-53e9f75b-036c-45ef-a89c-ccafdbd9860b demo demo] Lock "e7892f9a-8e4f-4bfe-b837-5aa6f577e347" "released" by "nova.context.set_target_cell..get_or_set_cached_cell_and_set_connections" :: held 0.000s {{(pid=100563) inner /opt/stack/data/venv/lib/python3.12/site-packages/oslo_concurrency/lockutils.py:543}}
Jun 12 10:34:26.505858 np0000179798 devstack@n-api.service[100563]: INFO nova.api.openstack.requestlog [None req-53e9f75b-036c-45ef-a89c-ccafdbd9860b demo demo] 172.18.0.2 "GET /compute/v2.1/os-availability-zone" status: 200 len: 97 microversion: 2.38 time: 0.030006
Jun 12 10:34:26.507651 np0000179798 devstack@n-api.service[100563]: [pid: 100563|app: 0|req: 25/101] 199.204.45.156 () {68 vars in 1415 bytes} [Fri Jun 12 10:34:26 2026] GET /compute/v2.1/os-availability-zone => generated 97 bytes in 31 msecs (HTTP/1.1 200) 9 headers in 358 bytes (1 switches on core 0)
Jun 12 10:34:27.332510 np0000179798 devstack@n-api.service[100564]: DEBUG nova.api.openstack.wsgi [None req-14119b42-ad5f-4b0e-9ecb-8e08bb5cd88d demo demo] Calling method '>' {{(pid=100564) _process_stack /opt/stack/nova/nova/api/openstack/wsgi.py:551}}
Jun 12 10:34:27.340860 np0000179798 devstack@n-api.service[100564]: INFO nova.api.openstack.requestlog [None req-14119b42-ad5f-4b0e-9ecb-8e08bb5cd88d demo demo] 172.18.0.2 "GET /compute/v2.1/" status: 200 len: 393 microversion: 2.1 time: 0.008504
Jun 12 10:34:27.341150 np0000179798 devstack@n-api.service[100564]: [pid: 100564|app: 0|req: 27/102] 199.204.45.156 () {64 vars in 1272 bytes} [Fri Jun 12 10:34:27 2026] GET /compute/v2.1/ => generated 393 bytes in 10 msecs (HTTP/1.1 200) 9 headers in 357 bytes (1 switches on core 0)
Jun 12 10:34:27.354195 np0000179798 devstack@n-api.service[100565]: DEBUG nova.api.openstack.wsgi [None req-9ba1d7a6-922d-4422-9f4f-304952a7b642 demo demo] Calling method '>' {{(pid=100565) _process_stack /opt/stack/nova/nova/api/openstack/wsgi.py:551}}
Jun 12 10:34:27.357473 np0000179798 devstack@n-api.service[100565]: DEBUG oslo_concurrency.lockutils [None req-9ba1d7a6-922d-4422-9f4f-304952a7b642 demo demo] Acquiring lock "00000000-0000-0000-0000-000000000000" by "nova.context.set_target_cell..get_or_set_cached_cell_and_set_connections" {{(pid=100565) inner /opt/stack/data/venv/lib/python3.12/site-packages/oslo_concurrency/lockutils.py:511}}
Jun 12 10:34:27.357911 np0000179798 devstack@n-api.service[100565]: DEBUG oslo_concurrency.lockutils [None req-9ba1d7a6-922d-4422-9f4f-304952a7b642 demo demo] Lock "00000000-0000-0000-0000-000000000000" acquired by "nova.context.set_target_cell..get_or_set_cached_cell_and_set_connections" :: waited 0.000s {{(pid=100565) inner /opt/stack/data/venv/lib/python3.12/site-packages/oslo_concurrency/lockutils.py:524}}
Jun 12 10:34:27.357911 np0000179798 devstack@n-api.service[100565]: DEBUG oslo_concurrency.lockutils [None req-9ba1d7a6-922d-4422-9f4f-304952a7b642 demo demo] Lock "00000000-0000-0000-0000-000000000000" "released" by "nova.context.set_target_cell..get_or_set_cached_cell_and_set_connections" :: held 0.000s {{(pid=100565) inner /opt/stack/data/venv/lib/python3.12/site-packages/oslo_concurrency/lockutils.py:543}}
Jun 12 10:34:27.359019 np0000179798 devstack@n-api.service[100565]: DEBUG oslo_concurrency.lockutils [None req-9ba1d7a6-922d-4422-9f4f-304952a7b642 demo demo] Acquiring lock "e7892f9a-8e4f-4bfe-b837-5aa6f577e347" by "nova.context.set_target_cell..get_or_set_cached_cell_and_set_connections" {{(pid=100565) inner /opt/stack/data/venv/lib/python3.12/site-packages/oslo_concurrency/lockutils.py:511}}
Jun 12 10:34:27.359134 np0000179798 devstack@n-api.service[100565]: DEBUG oslo_concurrency.lockutils [None req-9ba1d7a6-922d-4422-9f4f-304952a7b642 demo demo] Lock "e7892f9a-8e4f-4bfe-b837-5aa6f577e347" acquired by "nova.context.set_target_cell..get_or_set_cached_cell_and_set_connections" :: waited 0.000s {{(pid=100565) inner /opt/stack/data/venv/lib/python3.12/site-packages/oslo_concurrency/lockutils.py:524}}
Jun 12 10:34:27.360484 np0000179798 devstack@n-api.service[100565]: DEBUG oslo_concurrency.lockutils [None req-9ba1d7a6-922d-4422-9f4f-304952a7b642 demo demo] Lock "e7892f9a-8e4f-4bfe-b837-5aa6f577e347" "released" by "nova.context.set_target_cell..get_or_set_cached_cell_and_set_connections" :: held 0.001s {{(pid=100565) inner /opt/stack/data/venv/lib/python3.12/site-packages/oslo_concurrency/lockutils.py:543}}
Jun 12 10:34:27.404546 np0000179798 devstack@n-api.service[100566]: DEBUG nova.api.openstack.wsgi [None req-9b14a054-6b48-4007-bef2-9afdcf2e2263 demo demo] Calling method '>' {{(pid=100566) _process_stack /opt/stack/nova/nova/api/openstack/wsgi.py:551}}
Jun 12 10:34:27.410364 np0000179798 devstack@n-api.service[100566]: INFO nova.api.openstack.requestlog [None req-9b14a054-6b48-4007-bef2-9afdcf2e2263 demo demo] 172.18.0.2 "GET /compute/v2.1/" status: 200 len: 393 microversion: 2.1 time: 0.006325
Jun 12 10:34:27.410462 np0000179798 devstack@n-api.service[100566]: [pid: 100566|app: 0|req: 26/103] 199.204.45.156 () {64 vars in 1272 bytes} [Fri Jun 12 10:34:27 2026] GET /compute/v2.1/ => generated 393 bytes in 7 msecs (HTTP/1.1 200) 9 headers in 357 bytes (1 switches on core 0)
Jun 12 10:34:27.421792 np0000179798 devstack@n-api.service[100563]: DEBUG nova.api.openstack.wsgi [None req-662debd8-6d6d-4ae5-bbab-d423face2ca5 demo demo] Calling method '>' {{(pid=100563) _process_stack /opt/stack/nova/nova/api/openstack/wsgi.py:551}}
Jun 12 10:34:27.425857 np0000179798 devstack@n-api.service[100563]: DEBUG nova.policy [None req-662debd8-6d6d-4ae5-bbab-d423face2ca5 demo demo] Policy check for os_compute_api:servers:allow_all_filters failed with credentials {'is_admin': False, 'user_id': '59c585c3e982496e8f24d8d3591c6c83', 'user_domain_id': 'default', 'system_scope': None, 'domain_id': None, 'project_id': '6435cbc9666a464f8f8a6b81b0c8c5ae', 'project_domain_id': 'default', 'roles': ['member', 'load-balancer_member', 'anotherrole', 'reader'], 'is_admin_project': True, 'service_user_id': None, 'service_user_domain_id': None, 'service_project_id': None, 'service_project_domain_id': None, 'service_roles': []} {{(pid=100563) authorize /opt/stack/nova/nova/policy.py:192}}
Jun 12 10:34:27.426345 np0000179798 devstack@n-api.service[100563]: DEBUG nova.compute.api [None req-662debd8-6d6d-4ae5-bbab-d423face2ca5 demo demo] Searching by: {'name': '^kube-orz3v-rpktr-4qd57$', 'deleted': False, 'project_id': '6435cbc9666a464f8f8a6b81b0c8c5ae'} {{(pid=100563) get_all /opt/stack/nova/nova/compute/api.py:3107}}
Jun 12 10:34:27.432579 np0000179798 devstack@n-api.service[100563]: DEBUG oslo_concurrency.lockutils [None req-662debd8-6d6d-4ae5-bbab-d423face2ca5 demo demo] Acquiring lock "00000000-0000-0000-0000-000000000000" by "nova.context.set_target_cell..get_or_set_cached_cell_and_set_connections" {{(pid=100563) inner /opt/stack/data/venv/lib/python3.12/site-packages/oslo_concurrency/lockutils.py:511}}
Jun 12 10:34:27.432795 np0000179798 devstack@n-api.service[100563]: DEBUG oslo_concurrency.lockutils [None req-662debd8-6d6d-4ae5-bbab-d423face2ca5 demo demo] Lock "00000000-0000-0000-0000-000000000000" acquired by "nova.context.set_target_cell..get_or_set_cached_cell_and_set_connections" :: waited 0.000s {{(pid=100563) inner /opt/stack/data/venv/lib/python3.12/site-packages/oslo_concurrency/lockutils.py:524}}
Jun 12 10:34:27.432983 np0000179798 devstack@n-api.service[100563]: DEBUG oslo_concurrency.lockutils [None req-662debd8-6d6d-4ae5-bbab-d423face2ca5 demo demo] Lock "00000000-0000-0000-0000-000000000000" "released" by "nova.context.set_target_cell..get_or_set_cached_cell_and_set_connections" :: held 0.000s {{(pid=100563) inner /opt/stack/data/venv/lib/python3.12/site-packages/oslo_concurrency/lockutils.py:543}}
Jun 12 10:34:27.433373 np0000179798 devstack@n-api.service[100563]: DEBUG oslo_concurrency.lockutils [None req-662debd8-6d6d-4ae5-bbab-d423face2ca5 demo demo] Acquiring lock "e7892f9a-8e4f-4bfe-b837-5aa6f577e347" by "nova.context.set_target_cell..get_or_set_cached_cell_and_set_connections" {{(pid=100563) inner /opt/stack/data/venv/lib/python3.12/site-packages/oslo_concurrency/lockutils.py:511}}
Jun 12 10:34:27.433586 np0000179798 devstack@n-api.service[100563]: DEBUG oslo_concurrency.lockutils [None req-662debd8-6d6d-4ae5-bbab-d423face2ca5 demo demo] Lock "e7892f9a-8e4f-4bfe-b837-5aa6f577e347" acquired by "nova.context.set_target_cell..get_or_set_cached_cell_and_set_connections" :: waited 0.000s {{(pid=100563) inner /opt/stack/data/venv/lib/python3.12/site-packages/oslo_concurrency/lockutils.py:524}}
Jun 12 10:34:27.433772 np0000179798 devstack@n-api.service[100563]: DEBUG oslo_concurrency.lockutils [None req-662debd8-6d6d-4ae5-bbab-d423face2ca5 demo demo] Lock "e7892f9a-8e4f-4bfe-b837-5aa6f577e347" "released" by "nova.context.set_target_cell..get_or_set_cached_cell_and_set_connections" :: held 0.000s {{(pid=100563) inner /opt/stack/data/venv/lib/python3.12/site-packages/oslo_concurrency/lockutils.py:543}}
Jun 12 10:34:27.438861 np0000179798 devstack@n-api.service[100565]: INFO nova.api.openstack.requestlog [None req-9ba1d7a6-922d-4422-9f4f-304952a7b642 demo demo] 172.18.0.2 "GET /compute/v2.1/os-availability-zone" status: 200 len: 97 microversion: 2.38 time: 0.089061
Jun 12 10:34:27.439652 np0000179798 devstack@n-api.service[100565]: [pid: 100565|app: 0|req: 26/104] 199.204.45.156 () {68 vars in 1415 bytes} [Fri Jun 12 10:34:27 2026] GET /compute/v2.1/os-availability-zone => generated 97 bytes in 91 msecs (HTTP/1.1 200) 9 headers in 358 bytes (1 switches on core 0)
Jun 12 10:34:27.502196 np0000179798 devstack@n-api.service[100563]: DEBUG oslo_concurrency.lockutils [None req-662debd8-6d6d-4ae5-bbab-d423face2ca5 demo demo] Acquiring lock "00000000-0000-0000-0000-000000000000" by "nova.context.set_target_cell..get_or_set_cached_cell_and_set_connections" {{(pid=100563) inner /opt/stack/data/venv/lib/python3.12/site-packages/oslo_concurrency/lockutils.py:511}}
Jun 12 10:34:27.502734 np0000179798 devstack@n-api.service[100563]: DEBUG oslo_concurrency.lockutils [None req-662debd8-6d6d-4ae5-bbab-d423face2ca5 demo demo] Lock "00000000-0000-0000-0000-000000000000" acquired by "nova.context.set_target_cell..get_or_set_cached_cell_and_set_connections" :: waited 0.001s {{(pid=100563) inner /opt/stack/data/venv/lib/python3.12/site-packages/oslo_concurrency/lockutils.py:524}}
