2026-03-03 04:11:10.113 7 INFO neutron.db.segments_db [None req-6f191e15-b787-492f-9860-94d18b8ee33d 8f0f2926fdb449388939a91db350887c a16a56d406b847649ccd365fb67ce8ec - - default default] Added segment e62df09c-807b-445b-9bd4-8d069fd83080 of type geneve for network da5307e5-5995-460a-b1d5-4101c2973f6a [pid: 8|app: 0|req: 1405/2452] 10.0.0.128 () {32 vars in 723 bytes} [Tue Mar 3 04:11:09 2026] DELETE /v2.0/routers/69dcb280-3645-4e4d-9dab-65a37f06acfe => generated 0 bytes in 856 msecs (HTTP/1.1 204) 2 headers in 112 bytes (1 switches on core 0)
2026-03-03 04:11:10.271 7 INFO neutron.db.ovn_revision_numbers_db [None req-6f191e15-b787-492f-9860-94d18b8ee33d 8f0f2926fdb449388939a91db350887c a16a56d406b847649ccd365fb67ce8ec - - default default] Successfully bumped revision number for resource da5307e5-5995-460a-b1d5-4101c2973f6a (type: networks) to 1
2026-03-03 04:11:10.404 8 WARNING neutron.scheduler.dhcp_agent_scheduler [None req-20ed23dd-2d2d-4bba-9fe2-97e8b6282157 eee282587ca24759af78938b73d70800 45cc476595234bb78a81e8c9299f0e12 - - default default] No more DHCP agents
2026-03-03 04:11:10.405 8 WARNING neutron.api.rpc.agentnotifiers.dhcp_rpc_agent_api [None req-20ed23dd-2d2d-4bba-9fe2-97e8b6282157 eee282587ca24759af78938b73d70800 45cc476595234bb78a81e8c9299f0e12 - - default default] Unable to schedule network 1c5adebf-5b1b-4c55-a7c1-74f50cd6b0b3: no agents available; will retry on subsequent port and subnet creation events.
2026-03-03 04:11:10.449 8 INFO neutron.db.ovn_revision_numbers_db [None req-20ed23dd-2d2d-4bba-9fe2-97e8b6282157 eee282587ca24759af78938b73d70800 45cc476595234bb78a81e8c9299f0e12 - - default default] Successfully bumped revision number for resource 2bf1e97a-ce54-46c3-93e0-ec8744b0524e (type: subnets) to 0 [pid: 8|app: 0|req: 1406/2453] 10.0.0.128 () {34 vars in 668 bytes} [Tue Mar 3 04:11:10 2026] POST /v2.0/subnets => generated 730 bytes in 341 msecs (HTTP/1.1 201) 4 headers in 162 bytes (1 switches on core 0)
2026-03-03 04:11:10.470 7 WARNING neutron.scheduler.dhcp_agent_scheduler [None req-6f191e15-b787-492f-9860-94d18b8ee33d 8f0f2926fdb449388939a91db350887c a16a56d406b847649ccd365fb67ce8ec - - default default] No more DHCP agents
2026-03-03 04:11:10.471 7 WARNING neutron.api.rpc.agentnotifiers.dhcp_rpc_agent_api [None req-6f191e15-b787-492f-9860-94d18b8ee33d 8f0f2926fdb449388939a91db350887c a16a56d406b847649ccd365fb67ce8ec - - default default] Unable to schedule network da5307e5-5995-460a-b1d5-4101c2973f6a: no agents available; will retry on subsequent port and subnet creation events.
2026-03-03 04:11:10.535 7 INFO neutron.plugins.ml2.drivers.ovn.mech_driver.mech_driver [None req-113b6923-2c6c-4443-a542-cce0c248f131 - - - - - -] OVN reports status down for port: 709da4bd-7653-43e6-bcbf-d591973a474c
2026-03-03 04:11:10.601 7 INFO neutron.db.ovn_revision_numbers_db [None req-6f191e15-b787-492f-9860-94d18b8ee33d 8f0f2926fdb449388939a91db350887c a16a56d406b847649ccd365fb67ce8ec - - default default] Successfully bumped revision number for resource 709da4bd-7653-43e6-bcbf-d591973a474c (type: ports) to 1
2026-03-03 04:11:10.614 8 INFO neutron_taas.services.taas.taas_plugin [None req-31f83f3d-444d-4a89-96a2-12f3e24d897c 0aeacedc61b24601941c60d5c9a34410 6e071c71cc6646e294a2cba872434b6d - - default default] TaaS: Handle Delete Port: 763884f1-8419-44c7-b2ab-9583dedcbc61
2026-03-03 04:11:10.616 8 INFO neutron_taas.services.taas.tap_mirror_plugin [None req-31f83f3d-444d-4a89-96a2-12f3e24d897c 0aeacedc61b24601941c60d5c9a34410 6e071c71cc6646e294a2cba872434b6d - - default default] Tap Mirror: Handle Delete Port: 763884f1-8419-44c7-b2ab-9583dedcbc61 [pid: 7|app: 0|req: 1048/2454] 10.0.0.128 () {34 vars in 669 bytes} [Tue Mar 3 04:11:09 2026] POST /v2.0/networks => generated 670 bytes in 1074 msecs (HTTP/1.1 201) 4 headers in 162 bytes (1 switches on core 0)
2026-03-03 04:11:10.850 8 INFO neutron.services.segments.plugin [-] Segment 06835928-c0e7-435f-af12-c4ed441b3dc3 resource provider aggregate not found
2026-03-03 04:11:10.858 8 INFO neutron.services.segments.plugin [-] Segment 06835928-c0e7-435f-af12-c4ed441b3dc3 resource provider aggregate not found
2026-03-03 04:11:10.876 8 INFO neutron.services.segments.plugin [-] Segment 06835928-c0e7-435f-af12-c4ed441b3dc3 resource provider not found; error: Placement Client Error (4xx): {"errors": [{"status": 404, "title": "Not Found", "detail": "The resource could not be found.\n\n No resource provider with uuid 06835928-c0e7-435f-af12-c4ed441b3dc3 found for delete ", "request_id": "req-b6394281-463e-4b1c-b03a-72aa44f5c4d7"}]}
2026-03-03 04:11:10.890 8 INFO neutron.services.segments.plugin [-] Segment 06835928-c0e7-435f-af12-c4ed441b3dc3 resource provider not found; error: Placement Client Error (4xx): {"errors": [{"status": 404, "title": "Not Found", "detail": "The resource could not be found.\n\n No resource provider with uuid 06835928-c0e7-435f-af12-c4ed441b3dc3 found for delete ", "request_id": "req-99b306e3-1c8f-4883-ab3e-22bc1c399076"}]} [pid: 8|app: 0|req: 1407/2455] 10.0.0.128 () {32 vars in 725 bytes} [Tue Mar 3 04:11:10 2026] DELETE /v2.0/networks/98c207f7-887f-4520-9af6-b2feb05bf17e => generated 0 bytes in 463 msecs (HTTP/1.1 204) 3 headers in 131 bytes (1 switches on core 0)
2026-03-03 04:11:11.031 8 INFO neutron.db.segments_db [None req-afd0ad5b-2554-44ca-8203-844b5c042b3c 8f0f2926fdb449388939a91db350887c a16a56d406b847649ccd365fb67ce8ec - - default default] Added segment 40bab556-736a-4e04-9155-dc0ecece0083 of type geneve for network 0f1c5454-d04a-40c5-bb01-5d535d457ed8
2026-03-03 04:11:11.149 7 WARNING neutron.scheduler.dhcp_agent_scheduler [None req-1951bb56-e515-4e9f-bddb-cf5a7ac7a91d eee282587ca24759af78938b73d70800 45cc476595234bb78a81e8c9299f0e12 - - default default] No more DHCP agents
2026-03-03 04:11:11.152 7 WARNING neutron.api.rpc.agentnotifiers.dhcp_rpc_agent_api [None req-1951bb56-e515-4e9f-bddb-cf5a7ac7a91d eee282587ca24759af78938b73d70800 45cc476595234bb78a81e8c9299f0e12 - - default default] Unable to schedule network 40ae9478-3ea0-4fc4-9532-d5616e09770e: no agents available; will retry on subsequent port and subnet creation events.
2026-03-03 04:11:11.165 8 INFO neutron.db.ovn_revision_numbers_db [None req-afd0ad5b-2554-44ca-8203-844b5c042b3c 8f0f2926fdb449388939a91db350887c a16a56d406b847649ccd365fb67ce8ec - - default default] Successfully bumped revision number for resource 0f1c5454-d04a-40c5-bb01-5d535d457ed8 (type: networks) to 1
2026-03-03 04:11:11.276 7 INFO neutron.plugins.ml2.drivers.ovn.mech_driver.mech_driver [None req-113b6923-2c6c-4443-a542-cce0c248f131 - - - - - -] OVN reports status down for port: 8f948d5e-196b-4d14-80d4-4e78b6fd2f52
2026-03-03 04:11:11.347 7 INFO neutron.db.ovn_revision_numbers_db [None req-1951bb56-e515-4e9f-bddb-cf5a7ac7a91d eee282587ca24759af78938b73d70800 45cc476595234bb78a81e8c9299f0e12 - - default default] Successfully bumped revision number for resource 8f948d5e-196b-4d14-80d4-4e78b6fd2f52 (type: ports) to 1
2026-03-03 04:11:11.394 8 WARNING neutron.scheduler.dhcp_agent_scheduler [None req-afd0ad5b-2554-44ca-8203-844b5c042b3c 8f0f2926fdb449388939a91db350887c a16a56d406b847649ccd365fb67ce8ec - - default default] No more DHCP agents
2026-03-03 04:11:11.396 8 WARNING neutron.api.rpc.agentnotifiers.dhcp_rpc_agent_api [None req-afd0ad5b-2554-44ca-8203-844b5c042b3c 8f0f2926fdb449388939a91db350887c a16a56d406b847649ccd365fb67ce8ec - - default default] Unable to schedule network 0f1c5454-d04a-40c5-bb01-5d535d457ed8: no agents available; will retry on subsequent port and subnet creation events.
2026-03-03 04:11:11.508 8 INFO neutron.db.ovn_revision_numbers_db [None req-afd0ad5b-2554-44ca-8203-844b5c042b3c 8f0f2926fdb449388939a91db350887c a16a56d406b847649ccd365fb67ce8ec - - default default] Successfully bumped revision number for resource 8089f52c-d204-4e29-adfe-921b10d9579b (type: ports) to 1
2026-03-03 04:11:11.510 7 INFO neutron.plugins.ml2.drivers.ovn.mech_driver.mech_driver [None req-113b6923-2c6c-4443-a542-cce0c248f131 - - - - - -] OVN reports status down for port: 8089f52c-d204-4e29-adfe-921b10d9579b [pid: 8|app: 0|req: 1408/2456] 10.0.0.128 () {34 vars in 669 bytes} [Tue Mar 3 04:11:10 2026] POST /v2.0/networks => generated 669 bytes in 603 msecs (HTTP/1.1 201) 4 headers in 162 bytes (1 switches on core 0)
2026-03-03 04:11:11.623 8 INFO neutron.db.segments_db [None req-16331bce-1931-4622-b245-64ac3415e53f 8f0f2926fdb449388939a91db350887c a16a56d406b847649ccd365fb67ce8ec - - default default] Added segment db5b0f9a-c3f1-48b9-a9ad-98abdec2037d of type geneve for network 8dc09b2b-d2bd-4118-a530-84197e671f7d
2026-03-03 04:11:11.742 8 INFO neutron.db.ovn_revision_numbers_db [None req-16331bce-1931-4622-b245-64ac3415e53f 8f0f2926fdb449388939a91db350887c a16a56d406b847649ccd365fb67ce8ec - - default default] Successfully bumped revision number for resource 8dc09b2b-d2bd-4118-a530-84197e671f7d (type: networks) to 1
2026-03-03 04:11:11.893 8 WARNING neutron.scheduler.dhcp_agent_scheduler [None req-16331bce-1931-4622-b245-64ac3415e53f 8f0f2926fdb449388939a91db350887c a16a56d406b847649ccd365fb67ce8ec - - default default] No more DHCP agents
2026-03-03 04:11:11.894 8 WARNING neutron.api.rpc.agentnotifiers.dhcp_rpc_agent_api [None req-16331bce-1931-4622-b245-64ac3415e53f 8f0f2926fdb449388939a91db350887c a16a56d406b847649ccd365fb67ce8ec - - default default] Unable to schedule network 8dc09b2b-d2bd-4118-a530-84197e671f7d: no agents available; will retry on subsequent port and subnet creation events.
2026-03-03 04:11:11.997 7 INFO neutron.plugins.ml2.drivers.ovn.mech_driver.mech_driver [None req-113b6923-2c6c-4443-a542-cce0c248f131 - - - - - -] OVN reports status down for port: 3b3d31be-4473-4595-b190-40ba59210561
2026-03-03 04:11:12.001 8 INFO neutron.db.ovn_revision_numbers_db [None req-16331bce-1931-4622-b245-64ac3415e53f 8f0f2926fdb449388939a91db350887c a16a56d406b847649ccd365fb67ce8ec - - default default] Successfully bumped revision number for resource 3b3d31be-4473-4595-b190-40ba59210561 (type: ports) to 1 [pid: 8|app: 0|req: 1409/2457] 10.0.0.128 () {34 vars in 669 bytes} [Tue Mar 3 04:11:11 2026] POST /v2.0/networks => generated 670 bytes in 487 msecs (HTTP/1.1 201) 4 headers in 162 bytes (1 switches on core 0) [pid: 8|app: 0|req: 1410/2458] 10.0.0.128 () {32 vars in 773 bytes} [Tue Mar 3 04:11:12 2026] GET /v2.0/security-groups?tenant_id=6e071c71cc6646e294a2cba872434b6d&name=default => generated 2925 bytes in 128 msecs (HTTP/1.1 200) 4 headers in 158 bytes (1 switches on core 0)
2026-03-03 04:11:12.194 7 INFO neutron.plugins.ml2.drivers.ovn.mech_driver.ovsdb.commands [None req-26f7409b-a3c7-49ea-9498-8f18ba3c63b8 - - - - - -] Schedule LRP lrp-8f948d5e-196b-4d14-80d4-4e78b6fd2f52 on gateway 997dcbc4-0b4b-4c5e-86b5-6944c360f4fd with priority 1
2026-03-03 04:11:12.250 8 INFO neutron.db.segments_db [None req-10a18ab4-df42-493f-9f4b-4a9500a51cad 8f0f2926fdb449388939a91db350887c a16a56d406b847649ccd365fb67ce8ec - - default default] Added segment 59cd6f19-7f4f-49ab-909c-997259cbb7d3 of type geneve for network 90dcba23-3bdc-4037-970d-1602a39085e8
2026-03-03 04:11:12.305 7 INFO neutron.plugins.ml2.drivers.ovn.mech_driver.ovsdb.ovsdb_monitor [None req-572d0ffb-6b17-469e-bcf8-eea1d935c22b - - - - - -] Router d0152f0b-dfd5-4dc0-8859-e13089669c32 is bound to host instance
2026-03-03 04:11:12.346 7 INFO neutron.plugins.ml2.drivers.ovn.mech_driver.mech_driver [None req-113b6923-2c6c-4443-a542-cce0c248f131 - - - - - -] OVN reports status up for port: 8f948d5e-196b-4d14-80d4-4e78b6fd2f52
2026-03-03 04:11:12.436 7 INFO neutron.plugins.ml2.plugin [None req-113b6923-2c6c-4443-a542-cce0c248f131 - - - - - -] Attempt 1 to provision port 8f948d5e-196b-4d14-80d4-4e78b6fd2f52
2026-03-03 04:11:12.451 8 INFO neutron.db.ovn_revision_numbers_db [None req-10a18ab4-df42-493f-9f4b-4a9500a51cad 8f0f2926fdb449388939a91db350887c a16a56d406b847649ccd365fb67ce8ec - - default default] Successfully bumped revision number for resource 90dcba23-3bdc-4037-970d-1602a39085e8 (type: networks) to 1
2026-03-03 04:11:12.506 7 INFO neutron.db.ovn_revision_numbers_db [None req-1951bb56-e515-4e9f-bddb-cf5a7ac7a91d eee282587ca24759af78938b73d70800 45cc476595234bb78a81e8c9299f0e12 - - default default] Successfully bumped revision number for resource 8f948d5e-196b-4d14-80d4-4e78b6fd2f52 (type: router_ports) to 1
2026-03-03 04:11:12.620 8 WARNING neutron.scheduler.dhcp_agent_scheduler [None req-10a18ab4-df42-493f-9f4b-4a9500a51cad 8f0f2926fdb449388939a91db350887c a16a56d406b847649ccd365fb67ce8ec - - default default] No more DHCP agents
2026-03-03 04:11:12.621 8 WARNING neutron.api.rpc.agentnotifiers.dhcp_rpc_agent_api [None req-10a18ab4-df42-493f-9f4b-4a9500a51cad 8f0f2926fdb449388939a91db350887c a16a56d406b847649ccd365fb67ce8ec - - default default] Unable to schedule network 90dcba23-3bdc-4037-970d-1602a39085e8: no agents available; will retry on subsequent port and subnet creation events.
2026-03-03 04:11:12.711 7 INFO neutron.db.ovn_revision_numbers_db [None req-1951bb56-e515-4e9f-bddb-cf5a7ac7a91d eee282587ca24759af78938b73d70800 45cc476595234bb78a81e8c9299f0e12 - - default default] Successfully bumped revision number for resource d0152f0b-dfd5-4dc0-8859-e13089669c32 (type: routers) to 2
2026-03-03 04:11:12.750 8 INFO neutron.db.ovn_revision_numbers_db [None req-10a18ab4-df42-493f-9f4b-4a9500a51cad 8f0f2926fdb449388939a91db350887c a16a56d406b847649ccd365fb67ce8ec - - default default] Successfully bumped revision number for resource 901f3f4a-d47c-43c8-b988-8cb62d71762c (type: ports) to 1 [pid: 7|app: 0|req: 1049/2459] 10.0.0.128 () {34 vars in 668 bytes} [Tue Mar 3 04:11:10 2026] POST /v2.0/routers => generated 945 bytes in 2104 msecs (HTTP/1.1 201) 4 headers in 162 bytes (1 switches on core 0) [pid: 8|app: 0|req: 1411/2460] 10.0.0.128 () {34 vars in 669 bytes} [Tue Mar 3 04:11:12 2026] POST /v2.0/networks => generated 670 bytes in 620 msecs (HTTP/1.1 201) 4 headers in 162 bytes (1 switches on core 0) [pid: 7|app: 0|req: 1050/2461] 10.0.0.128 () {32 vars in 739 bytes} [Tue Mar 3 04:11:12 2026] DELETE /v2.0/security-groups/606bb30e-b4ea-4f96-9784-7f961d3f67da => generated 0 bytes in 535 msecs (HTTP/1.1 204) 2 headers in 112 bytes (1 switches on core 0)
2026-03-03 04:11:13.451 7 INFO neutron.db.segments_db [None req-36829b82-67e4-45ac-9725-1083e1bf30b5 8f0f2926fdb449388939a91db350887c a16a56d406b847649ccd365fb67ce8ec - - default default] Added segment 0e5fcca5-98cd-4bf0-89fa-a0b13e9e1f1a of type geneve for network b902f36c-a011-4be7-8b7c-5aa74930fedd
2026-03-03 04:11:13.686 7 INFO neutron.db.ovn_revision_numbers_db [None req-36829b82-67e4-45ac-9725-1083e1bf30b5 8f0f2926fdb449388939a91db350887c a16a56d406b847649ccd365fb67ce8ec - - default default] Successfully bumped revision number for resource b902f36c-a011-4be7-8b7c-5aa74930fedd (type: networks) to 1
2026-03-03 04:11:14.035 7 INFO neutron.db.ovn_revision_numbers_db [None req-3bcaac51-8fe4-4187-8a73-7c00bc0f9b7a - - - - - -] Successfully bumped revision number for resource 8f948d5e-196b-4d14-80d4-4e78b6fd2f52 (type: ports) to 4
2026-03-03 04:11:14.036 7 WARNING neutron.scheduler.dhcp_agent_scheduler [None req-36829b82-67e4-45ac-9725-1083e1bf30b5 8f0f2926fdb449388939a91db350887c a16a56d406b847649ccd365fb67ce8ec - - default default] No more DHCP agents
2026-03-03 04:11:14.039 7 WARNING neutron.api.rpc.agentnotifiers.dhcp_rpc_agent_api [None req-36829b82-67e4-45ac-9725-1083e1bf30b5 8f0f2926fdb449388939a91db350887c a16a56d406b847649ccd365fb67ce8ec - - default default] Unable to schedule network b902f36c-a011-4be7-8b7c-5aa74930fedd: no agents available; will retry on subsequent port and subnet creation events.
2026-03-03 04:11:14.215 8 WARNING neutron.scheduler.dhcp_agent_scheduler [None req-ca351212-e1d3-40ab-9bb4-dccb7ddaa85f eee282587ca24759af78938b73d70800 45cc476595234bb78a81e8c9299f0e12 - - default default] No more DHCP agents
2026-03-03 04:11:14.217 8 WARNING neutron.api.rpc.agentnotifiers.dhcp_rpc_agent_api [None req-ca351212-e1d3-40ab-9bb4-dccb7ddaa85f eee282587ca24759af78938b73d70800 45cc476595234bb78a81e8c9299f0e12 - - default default] Unable to schedule network 4067dcce-49af-4911-94de-553667854895: no agents available; will retry on subsequent port and subnet creation events.
2026-03-03 04:11:14.285 7 INFO neutron.db.ovn_revision_numbers_db [None req-36829b82-67e4-45ac-9725-1083e1bf30b5 8f0f2926fdb449388939a91db350887c a16a56d406b847649ccd365fb67ce8ec - - default default] Successfully bumped revision number for resource 24e09efb-001e-4e7f-8378-e00fd5d93232 (type: ports) to 1 [pid: 7|app: 0|req: 1051/2462] 10.0.0.128 () {34 vars in 669 bytes} [Tue Mar 3 04:11:13 2026] POST /v2.0/networks => generated 669 bytes in 1031 msecs (HTTP/1.1 201) 4 headers in 162 bytes (1 switches on core 0)
2026-03-03 04:11:14.426 8 INFO neutron.db.ovn_revision_numbers_db [None req-ca351212-e1d3-40ab-9bb4-dccb7ddaa85f eee282587ca24759af78938b73d70800 45cc476595234bb78a81e8c9299f0e12 - - default default] Successfully bumped revision number for resource a69e3b96-136b-47f2-b951-a98b90dc747c (type: ports) to 1
2026-03-03 04:11:14.668 7 INFO neutron.db.ovn_revision_numbers_db [None req-0e66fbf6-a925-4c9a-9a5f-1cadca046f20 ab3d543d75eb4b6cb235b31e0ad07120 2c53018bf61c452e8c97894f30a51869 - - default default] Successfully bumped revision number for resource 77d8a1c5-2800-4b33-b5d8-6f23af087aa8 (type: security_groups) to 1
2026-03-03 04:11:14.703 7 INFO neutron.db.ovn_revision_numbers_db [None req-0e66fbf6-a925-4c9a-9a5f-1cadca046f20 ab3d543d75eb4b6cb235b31e0ad07120 2c53018bf61c452e8c97894f30a51869 - - default default] Successfully bumped revision number for resource 9506478e-b39f-4622-8967-25357fbcdbfd (type: security_group_rules) to 0
2026-03-03 04:11:14.724 7 INFO neutron.db.ovn_revision_numbers_db [None req-3bcaac51-8fe4-4187-8a73-7c00bc0f9b7a - - - - - -] Successfully bumped revision number for resource 8f948d5e-196b-4d14-80d4-4e78b6fd2f52 (type: ports) to 5
2026-03-03 04:11:14.726 7 INFO neutron.db.ovn_revision_numbers_db [None req-0e66fbf6-a925-4c9a-9a5f-1cadca046f20 ab3d543d75eb4b6cb235b31e0ad07120 2c53018bf61c452e8c97894f30a51869 - - default default] Successfully bumped revision number for resource 98d9f6e1-6fd0-48bb-b710-7cd69f61027b (type: security_group_rules) to 0
2026-03-03 04:11:14.740 7 INFO neutron.db.ovn_revision_numbers_db [None req-0e66fbf6-a925-4c9a-9a5f-1cadca046f20 ab3d543d75eb4b6cb235b31e0ad07120 2c53018bf61c452e8c97894f30a51869 - - default default] Successfully bumped revision number for resource cde6918a-adfc-400d-8104-e6639350dfde (type: security_group_rules) to 0
2026-03-03 04:11:14.760 7 INFO neutron.db.ovn_revision_numbers_db [None req-0e66fbf6-a925-4c9a-9a5f-1cadca046f20 ab3d543d75eb4b6cb235b31e0ad07120 2c53018bf61c452e8c97894f30a51869 - - default default] Successfully bumped revision number for resource d4169280-bec2-41a9-b689-07896d1faddb (type: security_group_rules) to 0 [pid: 7|app: 0|req: 1052/2463] 10.0.0.128 () {32 vars in 773 bytes} [Tue Mar 3 04:11:14 2026] GET /v2.0/security-groups?tenant_id=d6d8c48ad7144441b7ab26087883f77f&name=default => generated 2925 bytes in 499 msecs (HTTP/1.1 200) 4 headers in 158 bytes (1 switches on core 0) [pid: 7|app: 0|req: 1055/2466] 10.0.0.128 () {34 vars in 752 bytes} [Tue Mar 3 04:11:14 2026] PUT /v2.0/networks/da5307e5-5995-460a-b1d5-4101c2973f6a/tags => generated 17 bytes in 62 msecs (HTTP/1.1 200) 4 headers in 156 bytes (1 switches on core 0) [pid: 7|app: 0|req: 1056/2467] 10.0.0.128 () {32 vars in 739 bytes} [Tue Mar 3 04:11:14 2026] DELETE /v2.0/security-groups/77d8a1c5-2800-4b33-b5d8-6f23af087aa8 => generated 0 bytes in 286 msecs (HTTP/1.1 204) 2 headers in 112 bytes (1 switches on core 0) [pid: 7|app: 0|req: 1057/2468] 10.0.0.128 () {34 vars in 752 bytes} [Tue Mar 3 04:11:15 2026] PUT /v2.0/networks/0f1c5454-d04a-40c5-bb01-5d535d457ed8/tags => generated 25 bytes in 72 msecs (HTTP/1.1 200) 4 headers in 156 bytes (1 switches on core 0)
2026-03-03 04:11:15.269 8 WARNING neutron.scheduler.dhcp_agent_scheduler [None req-ca351212-e1d3-40ab-9bb4-dccb7ddaa85f eee282587ca24759af78938b73d70800 45cc476595234bb78a81e8c9299f0e12 - - default default] No more DHCP agents
2026-03-03 04:11:15.270 8 WARNING neutron.api.rpc.agentnotifiers.dhcp_rpc_agent_api [None req-ca351212-e1d3-40ab-9bb4-dccb7ddaa85f eee282587ca24759af78938b73d70800 45cc476595234bb78a81e8c9299f0e12 - - default default] Unable to schedule network 4067dcce-49af-4911-94de-553667854895: no agents available; will retry on subsequent port and subnet creation events. [pid: 7|app: 0|req: 1058/2469] 10.0.0.128 () {34 vars in 752 bytes} [Tue Mar 3 04:11:15 2026] PUT /v2.0/networks/8dc09b2b-d2bd-4118-a530-84197e671f7d/tags => generated 34 bytes in 63 msecs (HTTP/1.1 200) 4 headers in 156 bytes (1 switches on core 0)
2026-03-03 04:11:15.348 7 INFO neutron.plugins.ml2.drivers.ovn.mech_driver.mech_driver [None req-113b6923-2c6c-4443-a542-cce0c248f131 - - - - - -] OVN reports status down for port: 901f3f4a-d47c-43c8-b988-8cb62d71762c [pid: 7|app: 0|req: 1059/2470] 10.0.0.128 () {34 vars in 752 bytes} [Tue Mar 3 04:11:15 2026] PUT /v2.0/networks/90dcba23-3bdc-4037-970d-1602a39085e8/tags => generated 19 bytes in 100 msecs (HTTP/1.1 200) 4 headers in 156 bytes (1 switches on core 0)
2026-03-03 04:11:15.454 7 INFO neutron.plugins.ml2.drivers.ovn.mech_driver.mech_driver [None req-113b6923-2c6c-4443-a542-cce0c248f131 - - - - - -] OVN reports status down for port: 24e09efb-001e-4e7f-8378-e00fd5d93232 [pid: 7|app: 0|req: 1060/2471] 10.0.0.128 () {32 vars in 665 bytes} [Tue Mar 3 04:11:15 2026] GET /v2.0/networks?tags=red => generated 1988 bytes in 97 msecs (HTTP/1.1 200) 4 headers in 158 bytes (1 switches on core 0)
2026-03-03 04:11:15.621 8 INFO neutron.db.ovn_revision_numbers_db [None req-ca351212-e1d3-40ab-9bb4-dccb7ddaa85f eee282587ca24759af78938b73d70800 45cc476595234bb78a81e8c9299f0e12 - - default default] Successfully bumped revision number for resource a69e3b96-136b-47f2-b951-a98b90dc747c (type: router_ports) to 1 [pid: 8|app: 0|req: 1412/2472] 10.0.0.128 () {34 vars in 782 bytes} [Tue Mar 3 04:11:12 2026] PUT /v2.0/routers/d0152f0b-dfd5-4dc0-8859-e13089669c32/add_router_interface => generated 309 bytes in 2853 msecs (HTTP/1.1 200) 4 headers in 157 bytes (1 switches on core 0)
2026-03-03 04:11:15.713 7 INFO neutron.plugins.ml2.drivers.ovn.mech_driver.mech_driver [None req-113b6923-2c6c-4443-a542-cce0c248f131 - - - - - -] OVN reports status down for port: a69e3b96-136b-47f2-b951-a98b90dc747c [pid: 7|app: 0|req: 1061/2473] 10.0.0.128 () {32 vars in 679 bytes} [Tue Mar 3 04:11:15 2026] GET /v2.0/networks?tags=red%2Cblue => generated 1337 bytes in 215 msecs (HTTP/1.1 200) 4 headers in 158 bytes (1 switches on core 0) [pid: 7|app: 0|req: 1062/2474] 10.0.0.128 () {32 vars in 675 bytes} [Tue Mar 3 04:11:15 2026] GET /v2.0/networks?tags-any=blue => generated 1337 bytes in 79 msecs (HTTP/1.1 200) 4 headers in 158 bytes (1 switches on core 0)
2026-03-03 04:11:15.838 7 WARNING neutron.plugins.ml2.drivers.ovn.mech_driver.ovsdb.ovn_client [None req-113b6923-2c6c-4443-a542-cce0c248f131 - - - - - -] Logical_Switch_Port a69e3b96-136b-47f2-b951-a98b90dc747c host information not removed, the port state is up
2026-03-03 04:11:15.839 7 INFO neutron.plugins.ml2.drivers.ovn.mech_driver.mech_driver [None req-113b6923-2c6c-4443-a542-cce0c248f131 - - - - - -] OVN reports status up for port: a69e3b96-136b-47f2-b951-a98b90dc747c
2026-03-03 04:11:15.864 7 INFO neutron.plugins.ml2.plugin [None req-113b6923-2c6c-4443-a542-cce0c248f131 - - - - - -] Attempt 1 to provision port a69e3b96-136b-47f2-b951-a98b90dc747c [pid: 7|app: 0|req: 1063/2475] 10.0.0.128 () {32 vars in 687 bytes} [Tue Mar 3 04:11:15 2026] GET /v2.0/networks?tags-any=red%2Cblue => generated 1988 bytes in 103 msecs (HTTP/1.1 200) 4 headers in 158 bytes (1 switches on core 0) [pid: 7|app: 0|req: 1064/2476] 10.0.0.128 () {32 vars in 673 bytes} [Tue Mar 3 04:11:15 2026] GET /v2.0/networks?not-tags=red => generated 1987 bytes in 115 msecs (HTTP/1.1 200) 4 headers in 158 bytes (1 switches on core 0)
2026-03-03 04:11:16.127 8 WARNING neutron.scheduler.dhcp_agent_scheduler [None req-651f88cd-ae6d-4fb9-b85b-2baa9835a47b eee282587ca24759af78938b73d70800 45cc476595234bb78a81e8c9299f0e12 - - default default] No more DHCP agents
2026-03-03 04:11:16.129 8 WARNING neutron.api.rpc.agentnotifiers.dhcp_rpc_agent_api [None req-651f88cd-ae6d-4fb9-b85b-2baa9835a47b eee282587ca24759af78938b73d70800 45cc476595234bb78a81e8c9299f0e12 - - default default] Unable to schedule network 44eccc62-96fa-43bf-85a2-c89c18208d97: no agents available; will retry on subsequent port and subnet creation events. [pid: 7|app: 0|req: 1065/2477] 10.0.0.128 () {32 vars in 687 bytes} [Tue Mar 3 04:11:16 2026] GET /v2.0/networks?not-tags=red%2Cblue => generated 2638 bytes in 125 msecs (HTTP/1.1 200) 4 headers in 158 bytes (1 switches on core 0)
2026-03-03 04:11:16.297 8 INFO neutron.db.ovn_revision_numbers_db [None req-651f88cd-ae6d-4fb9-b85b-2baa9835a47b eee282587ca24759af78938b73d70800 45cc476595234bb78a81e8c9299f0e12 - - default default] Successfully bumped revision number for resource 01d6fb27-be24-4204-983e-fe52fb9c38e4 (type: ports) to 1 [pid: 7|app: 0|req: 1066/2478] 10.0.0.128 () {32 vars in 683 bytes} [Tue Mar 3 04:11:16 2026] GET /v2.0/networks?not-tags-any=blue => generated 2638 bytes in 152 msecs (HTTP/1.1 200) 4 headers in 158 bytes (1 switches on core 0) [pid: 7|app: 0|req: 1067/2479] 10.0.0.128 () {32 vars in 695 bytes} [Tue Mar 3 04:11:16 2026] GET /v2.0/networks?not-tags-any=red%2Cblue => generated 1987 bytes in 110 msecs (HTTP/1.1 200) 4 headers in 158 bytes (1 switches on core 0)
2026-03-03 04:11:16.690 7 INFO neutron_taas.services.taas.taas_plugin [None req-5dedb57e-1d6f-4c47-945a-3bb829af04ff 8f0f2926fdb449388939a91db350887c a16a56d406b847649ccd365fb67ce8ec - - default default] TaaS: Handle Delete Port: 709da4bd-7653-43e6-bcbf-d591973a474c
2026-03-03 04:11:16.695 7 INFO neutron_taas.services.taas.tap_mirror_plugin [None req-5dedb57e-1d6f-4c47-945a-3bb829af04ff 8f0f2926fdb449388939a91db350887c a16a56d406b847649ccd365fb67ce8ec - - default default] Tap Mirror: Handle Delete Port: 709da4bd-7653-43e6-bcbf-d591973a474c
2026-03-03 04:11:16.735 7 INFO neutron.db.ovn_revision_numbers_db [None req-113b6923-2c6c-4443-a542-cce0c248f131 - - - - - -] Successfully bumped revision number for resource a69e3b96-136b-47f2-b951-a98b90dc747c (type: ports) to 2
2026-03-03 04:11:16.980 7 INFO neutron.services.segments.plugin [-] Segment e62df09c-807b-445b-9bd4-8d069fd83080 resource provider aggregate not found
2026-03-03 04:11:16.987 7 INFO neutron.services.segments.plugin [-] Segment e62df09c-807b-445b-9bd4-8d069fd83080 resource provider aggregate not found
2026-03-03 04:11:16.994 7 INFO neutron.services.segments.plugin [-] Segment e62df09c-807b-445b-9bd4-8d069fd83080 resource provider not found; error: Placement Client Error (4xx): {"errors": [{"status": 404, "title": "Not Found", "detail": "The resource could not be found.\n\n No resource provider with uuid e62df09c-807b-445b-9bd4-8d069fd83080 found for delete ", "request_id": "req-4b090fca-5dde-4227-a7dc-91d966b6d981"}]}
2026-03-03 04:11:16.998 7 INFO neutron.services.segments.plugin [-] Segment e62df09c-807b-445b-9bd4-8d069fd83080 resource provider not found; error: Placement Client Error (4xx): {"errors": [{"status": 404, "title": "Not Found", "detail": "The resource could not be found.\n\n No resource provider with uuid e62df09c-807b-445b-9bd4-8d069fd83080 found for delete ", "request_id": "req-3adaf523-95d4-43e2-b42f-37cce503e2e2"}]} [pid: 7|app: 0|req: 1068/2480] 10.0.0.128 () {32 vars in 725 bytes} [Tue Mar 3 04:11:16 2026] DELETE /v2.0/networks/da5307e5-5995-460a-b1d5-4101c2973f6a => generated 0 bytes in 629 msecs (HTTP/1.1 204) 3 headers in 131 bytes (1 switches on core 0)
2026-03-03 04:11:17.139 8 WARNING neutron.scheduler.dhcp_agent_scheduler [None req-651f88cd-ae6d-4fb9-b85b-2baa9835a47b eee282587ca24759af78938b73d70800 45cc476595234bb78a81e8c9299f0e12 - - default default] No more DHCP agents
2026-03-03 04:11:17.141 8 WARNING neutron.api.rpc.agentnotifiers.dhcp_rpc_agent_api [None req-651f88cd-ae6d-4fb9-b85b-2baa9835a47b eee282587ca24759af78938b73d70800 45cc476595234bb78a81e8c9299f0e12 - - default default] Unable to schedule network 44eccc62-96fa-43bf-85a2-c89c18208d97: no agents available; will retry on subsequent port and subnet creation events.
2026-03-03 04:11:17.225 7 INFO neutron_taas.services.taas.taas_plugin [None req-222a3120-bc13-448b-90df-a09639fbb020 8f0f2926fdb449388939a91db350887c a16a56d406b847649ccd365fb67ce8ec - - default default] TaaS: Handle Delete Port: 8089f52c-d204-4e29-adfe-921b10d9579b
2026-03-03 04:11:17.229 7 INFO neutron_taas.services.taas.tap_mirror_plugin [None req-222a3120-bc13-448b-90df-a09639fbb020 8f0f2926fdb449388939a91db350887c a16a56d406b847649ccd365fb67ce8ec - - default default] Tap Mirror: Handle Delete Port: 8089f52c-d204-4e29-adfe-921b10d9579b [pid: 7|app: 0|req: 1069/2481] 10.0.0.128 () {32 vars in 725 bytes} [Tue Mar 3 04:11:17 2026] DELETE /v2.0/networks/0f1c5454-d04a-40c5-bb01-5d535d457ed8 => generated 0 bytes in 365 msecs (HTTP/1.1 204) 3 headers in 131 bytes (1 switches on core 0)
2026-03-03 04:11:17.602 8 INFO neutron.db.ovn_revision_numbers_db [None req-651f88cd-ae6d-4fb9-b85b-2baa9835a47b eee282587ca24759af78938b73d70800 45cc476595234bb78a81e8c9299f0e12 - - default default] Successfully bumped revision number for resource 01d6fb27-be24-4204-983e-fe52fb9c38e4 (type: router_ports) to 1 [pid: 8|app: 0|req: 1413/2482] 10.0.0.128 () {34 vars in 782 bytes} [Tue Mar 3 04:11:15 2026] PUT /v2.0/routers/d0152f0b-dfd5-4dc0-8859-e13089669c32/add_router_interface => generated 309 bytes in 1977 msecs (HTTP/1.1 200) 4 headers in 157 bytes (1 switches on core 0)
2026-03-03 04:11:17.695 7 INFO neutron_taas.services.taas.taas_plugin [None req-8e0daa86-03f7-4989-bada-b0047af94b20 8f0f2926fdb449388939a91db350887c a16a56d406b847649ccd365fb67ce8ec - - default default] TaaS: Handle Delete Port: 3b3d31be-4473-4595-b190-40ba59210561
2026-03-03 04:11:17.698 7 INFO neutron_taas.services.taas.tap_mirror_plugin [None req-8e0daa86-03f7-4989-bada-b0047af94b20 8f0f2926fdb449388939a91db350887c a16a56d406b847649ccd365fb67ce8ec - - default default] Tap Mirror: Handle Delete Port: 3b3d31be-4473-4595-b190-40ba59210561 [pid: 7|app: 0|req: 1070/2483] 10.0.0.128 () {32 vars in 725 bytes} [Tue Mar 3 04:11:17 2026] DELETE /v2.0/networks/8dc09b2b-d2bd-4118-a530-84197e671f7d => generated 0 bytes in 472 msecs (HTTP/1.1 204) 3 headers in 131 bytes (1 switches on core 0)
2026-03-03 04:11:18.051 7 INFO neutron_taas.services.taas.taas_plugin [None req-ad87163a-d96a-43d2-ba68-7decb57d9ca6 8f0f2926fdb449388939a91db350887c a16a56d406b847649ccd365fb67ce8ec - - default default] TaaS: Handle Delete Port: 901f3f4a-d47c-43c8-b988-8cb62d71762c
2026-03-03 04:11:18.054 7 INFO neutron_taas.services.taas.tap_mirror_plugin [None req-ad87163a-d96a-43d2-ba68-7decb57d9ca6 8f0f2926fdb449388939a91db350887c a16a56d406b847649ccd365fb67ce8ec - - default default] Tap Mirror: Handle Delete Port: 901f3f4a-d47c-43c8-b988-8cb62d71762c
2026-03-03 04:11:18.182 8 WARNING neutron.scheduler.dhcp_agent_scheduler [None req-b5b31e6d-6600-4390-9780-fcadebed09d8 eee282587ca24759af78938b73d70800 45cc476595234bb78a81e8c9299f0e12 - - default default] No more DHCP agents
2026-03-03 04:11:18.184 8 WARNING neutron.api.rpc.agentnotifiers.dhcp_rpc_agent_api [None req-b5b31e6d-6600-4390-9780-fcadebed09d8 eee282587ca24759af78938b73d70800 45cc476595234bb78a81e8c9299f0e12 - - default default] Unable to schedule network 1c5adebf-5b1b-4c55-a7c1-74f50cd6b0b3: no agents available; will retry on subsequent port and subnet creation events. [pid: 7|app: 0|req: 1071/2484] 10.0.0.128 () {32 vars in 725 bytes} [Tue Mar 3 04:11:17 2026] DELETE /v2.0/networks/90dcba23-3bdc-4037-970d-1602a39085e8 => generated 0 bytes in 318 msecs (HTTP/1.1 204) 3 headers in 131 bytes (1 switches on core 0)
2026-03-03 04:11:18.365 8 INFO neutron.db.ovn_revision_numbers_db [None req-b5b31e6d-6600-4390-9780-fcadebed09d8 eee282587ca24759af78938b73d70800 45cc476595234bb78a81e8c9299f0e12 - - default default] Successfully bumped revision number for resource 697aee52-1c7c-4346-a200-c60ae8cc21e4 (type: ports) to 1
2026-03-03 04:11:18.420 7 INFO neutron_taas.services.taas.taas_plugin [None req-6ea3f35f-2c8a-4172-9d0d-c4cdb9f3c4f0 8f0f2926fdb449388939a91db350887c a16a56d406b847649ccd365fb67ce8ec - - default default] TaaS: Handle Delete Port: 24e09efb-001e-4e7f-8378-e00fd5d93232
2026-03-03 04:11:18.422 7 INFO neutron_taas.services.taas.tap_mirror_plugin [None req-6ea3f35f-2c8a-4172-9d0d-c4cdb9f3c4f0 8f0f2926fdb449388939a91db350887c a16a56d406b847649ccd365fb67ce8ec - - default default] Tap Mirror: Handle Delete Port: 24e09efb-001e-4e7f-8378-e00fd5d93232 [pid: 7|app: 0|req: 1072/2485] 10.0.0.128 () {32 vars in 725 bytes} [Tue Mar 3 04:11:18 2026] DELETE /v2.0/networks/b902f36c-a011-4be7-8b7c-5aa74930fedd => generated 0 bytes in 343 msecs (HTTP/1.1 204) 3 headers in 131 bytes (1 switches on core 0)
2026-03-03 04:11:19.015 7 INFO neutron.services.segments.plugin [-] Segment 40bab556-736a-4e04-9155-dc0ecece0083 resource provider aggregate not found
2026-03-03 04:11:19.019 7 INFO neutron.services.segments.plugin [-] Segment 40bab556-736a-4e04-9155-dc0ecece0083 resource provider aggregate not found
2026-03-03 04:11:19.030 7 INFO neutron.services.segments.plugin [-] Segment 40bab556-736a-4e04-9155-dc0ecece0083 resource provider not found; error: Placement Client Error (4xx): {"errors": [{"status": 404, "title": "Not Found", "detail": "The resource could not be found.\n\n No resource provider with uuid 40bab556-736a-4e04-9155-dc0ecece0083 found for delete ", "request_id": "req-a6f14c54-659f-4da1-9dab-b6eb58ec503a"}]}
2026-03-03 04:11:19.040 7 INFO neutron.services.segments.plugin [-] Segment 40bab556-736a-4e04-9155-dc0ecece0083 resource provider not found; error: Placement Client Error (4xx): {"errors": [{"status": 404, "title": "Not Found", "detail": "The resource could not be found.\n\n No resource provider with uuid 40bab556-736a-4e04-9155-dc0ecece0083 found for delete ", "request_id": "req-b4c2dec7-81b9-44b0-a939-92e3663c747d"}]}
2026-03-03 04:11:19.055 7 INFO neutron.services.segments.plugin [-] Segment db5b0f9a-c3f1-48b9-a9ad-98abdec2037d resource provider aggregate not found
2026-03-03 04:11:19.066 7 INFO neutron.services.segments.plugin [-] Segment db5b0f9a-c3f1-48b9-a9ad-98abdec2037d resource provider aggregate not found
2026-03-03 04:11:19.076 7 INFO neutron.services.segments.plugin [-] Segment db5b0f9a-c3f1-48b9-a9ad-98abdec2037d resource provider not found; error: Placement Client Error (4xx): {"errors": [{"status": 404, "title": "Not Found", "detail": "The resource could not be found.\n\n No resource provider with uuid db5b0f9a-c3f1-48b9-a9ad-98abdec2037d found for delete ", "request_id": "req-f7bd2ed6-85db-4f64-b51c-24d79f02f3d2"}]}
2026-03-03 04:11:19.080 7 INFO neutron.services.segments.plugin [-] Segment db5b0f9a-c3f1-48b9-a9ad-98abdec2037d resource provider not found; error: Placement Client Error (4xx): {"errors": [{"status": 404, "title": "Not Found", "detail": "The resource could not be found.\n\n No resource provider with uuid db5b0f9a-c3f1-48b9-a9ad-98abdec2037d found for delete ", "request_id": "req-43196a2f-48c3-4054-b6a9-40ac5e33b8d0"}]}
2026-03-03 04:11:19.092 7 INFO neutron.services.segments.plugin [-] Segment 59cd6f19-7f4f-49ab-909c-997259cbb7d3 resource provider aggregate not found
2026-03-03 04:11:19.098 7 INFO neutron.services.segments.plugin [-] Segment 59cd6f19-7f4f-49ab-909c-997259cbb7d3 resource provider aggregate not found
2026-03-03 04:11:19.109 7 INFO neutron.services.segments.plugin [-] Segment 59cd6f19-7f4f-49ab-909c-997259cbb7d3 resource provider not found; error: Placement Client Error (4xx): {"errors": [{"status": 404, "title": "Not Found", "detail": "The resource could not be found.\n\n No resource provider with uuid 59cd6f19-7f4f-49ab-909c-997259cbb7d3 found for delete ", "request_id": "req-898109af-5acd-4d95-8c76-e6e7d6d24d5c"}]}
2026-03-03 04:11:19.116 7 INFO neutron.services.segments.plugin [-] Segment 59cd6f19-7f4f-49ab-909c-997259cbb7d3 resource provider not found; error: Placement Client Error (4xx): {"errors": [{"status": 404, "title": "Not Found", "detail": "The resource could not be found.\n\n No resource provider with uuid 59cd6f19-7f4f-49ab-909c-997259cbb7d3 found for delete ", "request_id": "req-c80acce6-4a6c-41f3-8001-2fb1702239d4"}]}
2026-03-03 04:11:19.127 7 INFO neutron.services.segments.plugin [-] Segment 0e5fcca5-98cd-4bf0-89fa-a0b13e9e1f1a resource provider aggregate not found
2026-03-03 04:11:19.140 8 WARNING neutron.scheduler.dhcp_agent_scheduler [None req-b5b31e6d-6600-4390-9780-fcadebed09d8 eee282587ca24759af78938b73d70800 45cc476595234bb78a81e8c9299f0e12 - - default default] No more DHCP agents
2026-03-03 04:11:19.142 7 INFO neutron.services.segments.plugin [-] Segment 0e5fcca5-98cd-4bf0-89fa-a0b13e9e1f1a resource provider aggregate not found
2026-03-03 04:11:19.142 8 WARNING neutron.api.rpc.agentnotifiers.dhcp_rpc_agent_api [None req-b5b31e6d-6600-4390-9780-fcadebed09d8 eee282587ca24759af78938b73d70800 45cc476595234bb78a81e8c9299f0e12 - - default default] Unable to schedule network 1c5adebf-5b1b-4c55-a7c1-74f50cd6b0b3: no agents available; will retry on subsequent port and subnet creation events.
2026-03-03 04:11:19.145 7 INFO neutron.services.segments.plugin [-] Segment 0e5fcca5-98cd-4bf0-89fa-a0b13e9e1f1a resource provider not found; error: Placement Client Error (4xx): {"errors": [{"status": 404, "title": "Not Found", "detail": "The resource could not be found.\n\n No resource provider with uuid 0e5fcca5-98cd-4bf0-89fa-a0b13e9e1f1a found for delete ", "request_id": "req-4c6491a8-7f53-4428-986a-89a6f4ffa476"}]}
2026-03-03 04:11:19.164 7 INFO neutron.services.segments.plugin [-] Segment 0e5fcca5-98cd-4bf0-89fa-a0b13e9e1f1a resource provider not found; error: Placement Client Error (4xx): {"errors": [{"status": 404, "title": "Not Found", "detail": "The resource could not be found.\n\n No resource provider with uuid 0e5fcca5-98cd-4bf0-89fa-a0b13e9e1f1a found for delete ", "request_id": "req-c6a138e6-890d-4652-9092-2f8a3b6ec0ac"}]}
2026-03-03 04:11:19.481 8 INFO neutron.db.ovn_revision_numbers_db [None req-b5b31e6d-6600-4390-9780-fcadebed09d8 eee282587ca24759af78938b73d70800 45cc476595234bb78a81e8c9299f0e12 - - default default] Successfully bumped revision number for resource 697aee52-1c7c-4346-a200-c60ae8cc21e4 (type: router_ports) to 1 [pid: 8|app: 0|req: 1414/2486] 10.0.0.128 () {34 vars in 782 bytes} [Tue Mar 3 04:11:17 2026] PUT /v2.0/routers/d0152f0b-dfd5-4dc0-8859-e13089669c32/add_router_interface => generated 309 bytes in 1871 msecs (HTTP/1.1 200) 4 headers in 157 bytes (1 switches on core 0)
2026-03-03 04:11:19.650 7 INFO neutron.db.ovn_revision_numbers_db [None req-98623862-5824-433a-bdcb-f766ec2a1a5d b31f7b91698040b5854c9f03813627c2 54d92138cc8e458dae1e0bb56894f1c1 - - default default] Successfully bumped revision number for resource 4b68875a-b14c-43de-8ee0-4620841ac300 (type: security_groups) to 1
2026-03-03 04:11:19.669 7 INFO neutron.db.ovn_revision_numbers_db [None req-98623862-5824-433a-bdcb-f766ec2a1a5d b31f7b91698040b5854c9f03813627c2 54d92138cc8e458dae1e0bb56894f1c1 - - default default] Successfully bumped revision number for resource 1c3466ac-54a9-4a6f-b7fe-2be0c42c64c8 (type: security_group_rules) to 0
2026-03-03 04:11:19.684 7 INFO neutron.db.ovn_revision_numbers_db [None req-98623862-5824-433a-bdcb-f766ec2a1a5d b31f7b91698040b5854c9f03813627c2 54d92138cc8e458dae1e0bb56894f1c1 - - default default] Successfully bumped revision number for resource 279c326e-c276-483a-ac36-8ee5301fec41 (type: security_group_rules) to 0
2026-03-03 04:11:19.699 7 INFO neutron.db.ovn_revision_numbers_db [None req-98623862-5824-433a-bdcb-f766ec2a1a5d b31f7b91698040b5854c9f03813627c2 54d92138cc8e458dae1e0bb56894f1c1 - - default default] Successfully bumped revision number for resource 45268ee9-3870-44ad-bb8c-09e9d688ac93 (type: security_group_rules) to 0
2026-03-03 04:11:19.715 7 INFO neutron.db.ovn_revision_numbers_db [None req-98623862-5824-433a-bdcb-f766ec2a1a5d b31f7b91698040b5854c9f03813627c2 54d92138cc8e458dae1e0bb56894f1c1 - - default default] Successfully bumped revision number for resource b6880ef5-734a-44e4-a46d-a57b7e89a997 (type: security_group_rules) to 0
2026-03-03 04:11:19.720 8 INFO neutron.db.ovn_revision_numbers_db [None req-22050112-4e3c-420e-99bf-b6e03bf62028 ab3d543d75eb4b6cb235b31e0ad07120 2c53018bf61c452e8c97894f30a51869 - - default default] Successfully bumped revision number for resource 2aaf3510-7776-47c4-bf5f-a656e0c81bc8 (type: security_groups) to 1
2026-03-03 04:11:19.732 8 INFO neutron.db.ovn_revision_numbers_db [None req-22050112-4e3c-420e-99bf-b6e03bf62028 ab3d543d75eb4b6cb235b31e0ad07120 2c53018bf61c452e8c97894f30a51869 - - default default] Successfully bumped revision number for resource 2862cf73-b2c4-4552-b3e0-24bb02fe57f9 (type: security_group_rules) to 0
2026-03-03 04:11:19.745 8 INFO neutron.db.ovn_revision_numbers_db [None req-22050112-4e3c-420e-99bf-b6e03bf62028 ab3d543d75eb4b6cb235b31e0ad07120 2c53018bf61c452e8c97894f30a51869 - - default default] Successfully bumped revision number for resource 4046937e-02b2-4eea-a168-962f6926d525 (type: security_group_rules) to 0
2026-03-03 04:11:19.756 8 INFO neutron.db.ovn_revision_numbers_db [None req-22050112-4e3c-420e-99bf-b6e03bf62028 ab3d543d75eb4b6cb235b31e0ad07120 2c53018bf61c452e8c97894f30a51869 - - default default] Successfully bumped revision number for resource d76d3aab-a965-4a16-981a-cc8ef91e61a3 (type: security_group_rules) to 0
2026-03-03 04:11:19.767 8 INFO neutron.db.ovn_revision_numbers_db [None req-22050112-4e3c-420e-99bf-b6e03bf62028 ab3d543d75eb4b6cb235b31e0ad07120 2c53018bf61c452e8c97894f30a51869 - - default default] Successfully bumped revision number for resource e682c6d9-d531-48a5-83ef-f400c25adde3 (type: security_group_rules) to 0
2026-03-03 04:11:19.804 7 INFO neutron.db.segments_db [None req-98623862-5824-433a-bdcb-f766ec2a1a5d b31f7b91698040b5854c9f03813627c2 54d92138cc8e458dae1e0bb56894f1c1 - - default default] Added segment 4caec612-cff8-40a9-b973-903d08e1c415 of type geneve for network 7e9c7a13-643d-483b-878a-e0f8a22152c2 [pid: 8|app: 0|req: 1415/2487] 10.0.0.128 () {32 vars in 773 bytes} [Tue Mar 3 04:11:19 2026] GET /v2.0/security-groups?tenant_id=20d2418f8c60409f84b78dc3217fa9ae&name=default => generated 2925 bytes in 332 msecs (HTTP/1.1 200) 4 headers in 158 bytes (1 switches on core 0)
2026-03-03 04:11:19.904 7 INFO neutron.db.ovn_revision_numbers_db [None req-98623862-5824-433a-bdcb-f766ec2a1a5d b31f7b91698040b5854c9f03813627c2 54d92138cc8e458dae1e0bb56894f1c1 - - default default] Successfully bumped revision number for resource 7e9c7a13-643d-483b-878a-e0f8a22152c2 (type: networks) to 1
2026-03-03 04:11:19.989 8 INFO neutron.db.ovn_revision_numbers_db [None req-d8fcdbff-d368-4ef4-b02a-d504ad425646 eee282587ca24759af78938b73d70800 45cc476595234bb78a81e8c9299f0e12 - - default default] Successfully bumped revision number for resource 4013b8b2-9edd-4e46-abc7-278da40f4229 (type: security_groups) to 1
2026-03-03 04:11:20.000 8 INFO neutron.db.ovn_revision_numbers_db [None req-d8fcdbff-d368-4ef4-b02a-d504ad425646 eee282587ca24759af78938b73d70800 45cc476595234bb78a81e8c9299f0e12 - - default default] Successfully bumped revision number for resource c9cd04bf-6f7e-4992-9aae-fa0f42ebc7c4 (type: security_group_rules) to 0
2026-03-03 04:11:20.014 8 INFO neutron.db.ovn_revision_numbers_db [None req-d8fcdbff-d368-4ef4-b02a-d504ad425646 eee282587ca24759af78938b73d70800 45cc476595234bb78a81e8c9299f0e12 - - default default] Successfully bumped revision number for resource e42d51e3-e4ce-4ed3-bb02-e9d2d6c52930 (type: security_group_rules) to 0
2026-03-03 04:11:20.045 7 WARNING neutron.scheduler.dhcp_agent_scheduler [None req-98623862-5824-433a-bdcb-f766ec2a1a5d b31f7b91698040b5854c9f03813627c2 54d92138cc8e458dae1e0bb56894f1c1 - - default default] No more DHCP agents
2026-03-03 04:11:20.046 7 WARNING neutron.api.rpc.agentnotifiers.dhcp_rpc_agent_api [None req-98623862-5824-433a-bdcb-f766ec2a1a5d b31f7b91698040b5854c9f03813627c2 54d92138cc8e458dae1e0bb56894f1c1 - - default default] Unable to schedule network 7e9c7a13-643d-483b-878a-e0f8a22152c2: no agents available; will retry on subsequent port and subnet creation events. [pid: 8|app: 0|req: 1416/2488] 10.0.0.128 () {34 vars in 683 bytes} [Tue Mar 3 04:11:19 2026] POST /v2.0/security-groups => generated 1626 bytes in 230 msecs (HTTP/1.1 201) 4 headers in 163 bytes (1 switches on core 0)
2026-03-03 04:11:20.141 7 INFO neutron.db.ovn_revision_numbers_db [None req-98623862-5824-433a-bdcb-f766ec2a1a5d b31f7b91698040b5854c9f03813627c2 54d92138cc8e458dae1e0bb56894f1c1 - - default default] Successfully bumped revision number for resource 1edd4cc7-7dbd-4635-9a55-71812f777deb (type: ports) to 1 [pid: 7|app: 0|req: 1073/2489] 10.0.0.128 () {34 vars in 669 bytes} [Tue Mar 3 04:11:19 2026] POST /v2.0/networks => generated 768 bytes in 1074 msecs (HTTP/1.1 201) 4 headers in 162 bytes (1 switches on core 0)
2026-03-03 04:11:20.318 7 INFO neutron.db.ovn_revision_numbers_db [None req-182fd8b4-b6e7-4bf9-bc44-dee5618bf64c eee282587ca24759af78938b73d70800 45cc476595234bb78a81e8c9299f0e12 - - default default] Successfully bumped revision number for resource 1fb04792-206e-4635-a4e8-6577cc864f34 (type: security_group_rules) to 0 [pid: 7|app: 0|req: 1074/2490] 10.0.0.128 () {34 vars in 694 bytes} [Tue Mar 3 04:11:20 2026] POST /v2.0/security-group-rules => generated 597 bytes in 199 msecs (HTTP/1.1 201) 4 headers in 162 bytes (1 switches on core 0) [pid: 8|app: 0|req: 1417/2491] 10.0.0.128 () {32 vars in 739 bytes} [Tue Mar 3 04:11:20 2026] DELETE /v2.0/security-groups/2aaf3510-7776-47c4-bf5f-a656e0c81bc8 => generated 0 bytes in 317 msecs (HTTP/1.1 204) 2 headers in 112 bytes (1 switches on core 0)
2026-03-03 04:11:20.497 8 INFO neutron.db.ovn_revision_numbers_db [None req-aba4772d-7963-4e66-9db4-dc82305dc132 eee282587ca24759af78938b73d70800 45cc476595234bb78a81e8c9299f0e12 - - default default] Successfully bumped revision number for resource d3de5fe6-b35a-4550-be91-5620dfe0ce4f (type: security_group_rules) to 0
2026-03-03 04:11:20.515 7 WARNING neutron.scheduler.dhcp_agent_scheduler [None req-ec808b56-73b7-4a6d-baa5-fb18930ccb81 b31f7b91698040b5854c9f03813627c2 54d92138cc8e458dae1e0bb56894f1c1 - - default default] No more DHCP agents
2026-03-03 04:11:20.516 7 WARNING neutron.api.rpc.agentnotifiers.dhcp_rpc_agent_api [None req-ec808b56-73b7-4a6d-baa5-fb18930ccb81 b31f7b91698040b5854c9f03813627c2 54d92138cc8e458dae1e0bb56894f1c1 - - default default] Unable to schedule network 7e9c7a13-643d-483b-878a-e0f8a22152c2: no agents available; will retry on subsequent port and subnet creation events. [pid: 8|app: 0|req: 1418/2492] 10.0.0.128 () {34 vars in 694 bytes} [Tue Mar 3 04:11:20 2026] POST /v2.0/security-group-rules => generated 597 bytes in 156 msecs (HTTP/1.1 201) 4 headers in 162 bytes (1 switches on core 0)
2026-03-03 04:11:20.680 8 INFO neutron.db.ovn_revision_numbers_db [None req-729da39b-2b99-4ca3-bb68-3302530089bb ab3d543d75eb4b6cb235b31e0ad07120 2c53018bf61c452e8c97894f30a51869 - - default default] Successfully bumped revision number for resource 53f2f00c-de42-4289-a86a-95789b00cb0d (type: security_groups) to 1
2026-03-03 04:11:20.691 8 INFO neutron.db.ovn_revision_numbers_db [None req-729da39b-2b99-4ca3-bb68-3302530089bb ab3d543d75eb4b6cb235b31e0ad07120 2c53018bf61c452e8c97894f30a51869 - - default default] Successfully bumped revision number for resource 67facab3-d4e7-4525-9b87-32fabf546820 (type: security_group_rules) to 0
2026-03-03 04:11:20.701 8 INFO neutron.db.ovn_revision_numbers_db [None req-729da39b-2b99-4ca3-bb68-3302530089bb ab3d543d75eb4b6cb235b31e0ad07120 2c53018bf61c452e8c97894f30a51869 - - default default] Successfully bumped revision number for resource 7f4db136-6aa0-40a4-9a39-e65f7298672a (type: security_group_rules) to 0
2026-03-03 04:11:20.711 8 INFO neutron.db.ovn_revision_numbers_db [None req-729da39b-2b99-4ca3-bb68-3302530089bb ab3d543d75eb4b6cb235b31e0ad07120 2c53018bf61c452e8c97894f30a51869 - - default default] Successfully bumped revision number for resource d6d9d891-f077-4976-817a-ad224f900645 (type: security_group_rules) to 0
2026-03-03 04:11:20.723 8 INFO neutron.db.ovn_revision_numbers_db [None req-729da39b-2b99-4ca3-bb68-3302530089bb ab3d543d75eb4b6cb235b31e0ad07120 2c53018bf61c452e8c97894f30a51869 - - default default] Successfully bumped revision number for resource f3051db0-1f53-4a9e-acac-b090618b4958 (type: security_group_rules) to 0 [pid: 8|app: 0|req: 1419/2493] 10.0.0.128 () {32 vars in 773 bytes} [Tue Mar 3 04:11:20 2026] GET /v2.0/security-groups?tenant_id=893eec01e3724563b04a291364c2abda&name=default => generated 2925 bytes in 239 msecs (HTTP/1.1 200) 4 headers in 158 bytes (1 switches on core 0)
2026-03-03 04:11:20.915 8 INFO neutron.db.ovn_revision_numbers_db [None req-4ab10049-57b7-4b8e-8951-d56a1d68adcb eee282587ca24759af78938b73d70800 45cc476595234bb78a81e8c9299f0e12 - - default default] Successfully bumped revision number for resource 23ee5385-f7a0-4e6f-91a8-31b983a3986f (type: security_group_rules) to 0 [pid: 8|app: 0|req: 1420/2494] 10.0.0.128 () {34 vars in 694 bytes} [Tue Mar 3 04:11:20 2026] POST /v2.0/security-group-rules => generated 599 bytes in 195 msecs (HTTP/1.1 201) 4 headers in 162 bytes (1 switches on core 0)
2026-03-03 04:11:21.044 7 INFO neutron.db.ovn_revision_numbers_db [None req-26c579d9-df5d-4671-8626-ca24558011a7 - - - - - -] Successfully bumped revision number for resource 1edd4cc7-7dbd-4635-9a55-71812f777deb (type: ports) to 2
