2026-03-03 04:08:42.360 8 WARNING neutron.scheduler.dhcp_agent_scheduler [None req-9a0a631d-e7b2-4590-bcb8-b80066e604dd ab3d543d75eb4b6cb235b31e0ad07120 2c53018bf61c452e8c97894f30a51869 - - default default] No more DHCP agents
2026-03-03 04:08:42.362 8 WARNING neutron.api.rpc.agentnotifiers.dhcp_rpc_agent_api [None req-9a0a631d-e7b2-4590-bcb8-b80066e604dd ab3d543d75eb4b6cb235b31e0ad07120 2c53018bf61c452e8c97894f30a51869 - - default default] Unable to schedule network 3ffc8486-470b-48d9-b8c4-e50160b9c5f4: no agents available; will retry on subsequent port and subnet creation events.
2026-03-03 04:08:42.555 7 INFO neutron.db.ovn_revision_numbers_db [None req-0f2a1ad8-e3e3-4c3f-a67a-5831024a7fd9 - - - - - -] Successfully bumped revision number for resource 5549d79c-faed-4b94-a89f-0d8d7c5982a4 (type: ports) to 5
2026-03-03 04:08:42.709 7 WARNING neutron.scheduler.dhcp_agent_scheduler [None req-da8aeb18-952c-4bbe-bf2f-d77f71b858d2 c26109287c204e2ea4c65b972a58f3f8 ead6cd57d4b64298a0fd6255152271e7 - - default default] No more DHCP agents
2026-03-03 04:08:42.711 7 WARNING neutron.api.rpc.agentnotifiers.dhcp_rpc_agent_api [None req-da8aeb18-952c-4bbe-bf2f-d77f71b858d2 c26109287c204e2ea4c65b972a58f3f8 ead6cd57d4b64298a0fd6255152271e7 - - default default] Unable to schedule network 95a3025f-1ec7-4d4f-ada5-145ed18adbe8: no agents available; will retry on subsequent port and subnet creation events.
2026-03-03 04:08:42.847 8 INFO neutron.db.ovn_revision_numbers_db [None req-9a0a631d-e7b2-4590-bcb8-b80066e604dd ab3d543d75eb4b6cb235b31e0ad07120 2c53018bf61c452e8c97894f30a51869 - - default default] Successfully bumped revision number for resource d7fc64c1-3c60-4529-bfd9-38355d489d19 (type: router_ports) to 1 [pid: 8|app: 0|req: 919/1551] 10.0.0.128 () {34 vars in 782 bytes} [Tue Mar 3 04:08:40 2026] PUT /v2.0/routers/e577fd3f-da20-46d1-9658-80c43973c8c3/add_router_interface => generated 309 bytes in 2411 msecs (HTTP/1.1 200) 4 headers in 157 bytes (1 switches on core 0)
2026-03-03 04:08:42.866 8 INFO neutron.api.v2.resource [None req-cd433328-6d0c-451d-a590-575bc97c543e 66bb840bd92a4aee9fa8817b5ce68de5 5b892330f259490a8aa04d9118abb962 - - default default] show failed (client error): The resource could not be found. [pid: 8|app: 0|req: 920/1552] 10.0.0.128 () {32 vars in 736 bytes} [Tue Mar 3 04:08:42 2026] GET /v2.0/security-groups/06fa64fc-a493-4f8f-aa08-de40cb0a3699 => generated 146 bytes in 12 msecs (HTTP/1.1 404) 4 headers in 164 bytes (1 switches on core 0)
2026-03-03 04:08:43.138 7 INFO neutron.plugins.ml2.drivers.ovn.mech_driver.mech_driver [None req-143a989a-e865-4bf0-b86e-50366ab8e5e1 - - - - - -] OVN reports status down for port: d7fc64c1-3c60-4529-bfd9-38355d489d19
2026-03-03 04:08:43.140 8 INFO neutron.db.ovn_revision_numbers_db [None req-3a034ba1-876c-4bc5-a393-ae8528d70450 ab3d543d75eb4b6cb235b31e0ad07120 2c53018bf61c452e8c97894f30a51869 - - default default] Successfully bumped revision number for resource b21b2f7f-7736-458e-9b30-bf69cbad6740 (type: security_groups) to 1
2026-03-03 04:08:43.156 8 INFO neutron.db.ovn_revision_numbers_db [None req-3a034ba1-876c-4bc5-a393-ae8528d70450 ab3d543d75eb4b6cb235b31e0ad07120 2c53018bf61c452e8c97894f30a51869 - - default default] Successfully bumped revision number for resource 51cb88e4-5217-4c3c-bd57-e6a92cdd0958 (type: security_group_rules) to 0
2026-03-03 04:08:43.167 8 INFO neutron.db.ovn_revision_numbers_db [None req-3a034ba1-876c-4bc5-a393-ae8528d70450 ab3d543d75eb4b6cb235b31e0ad07120 2c53018bf61c452e8c97894f30a51869 - - default default] Successfully bumped revision number for resource 5cbc5fdd-2c48-475d-b85c-cb4523b14512 (type: security_group_rules) to 0
2026-03-03 04:08:43.178 8 INFO neutron.db.ovn_revision_numbers_db [None req-3a034ba1-876c-4bc5-a393-ae8528d70450 ab3d543d75eb4b6cb235b31e0ad07120 2c53018bf61c452e8c97894f30a51869 - - default default] Successfully bumped revision number for resource b598330d-2576-4c38-9f3a-af6b7bcf7130 (type: security_group_rules) to 0
2026-03-03 04:08:43.189 8 INFO neutron.db.ovn_revision_numbers_db [None req-3a034ba1-876c-4bc5-a393-ae8528d70450 ab3d543d75eb4b6cb235b31e0ad07120 2c53018bf61c452e8c97894f30a51869 - - default default] Successfully bumped revision number for resource e2f8ab6a-adee-48ac-8b8e-88d1751ca828 (type: security_group_rules) to 0 [pid: 8|app: 0|req: 921/1553] 10.0.0.128 () {32 vars in 773 bytes} [Tue Mar 3 04:08:42 2026] GET /v2.0/security-groups?tenant_id=4abb06b2d7fd41e1a5186a8881ac196f&name=default => generated 2925 bytes in 352 msecs (HTTP/1.1 200) 4 headers in 158 bytes (1 switches on core 0)
2026-03-03 04:08:43.241 7 WARNING neutron.plugins.ml2.drivers.ovn.mech_driver.ovsdb.ovn_client [None req-143a989a-e865-4bf0-b86e-50366ab8e5e1 - - - - - -] Logical_Switch_Port d7fc64c1-3c60-4529-bfd9-38355d489d19 host information not removed, the port state is up
2026-03-03 04:08:43.242 7 INFO neutron.plugins.ml2.drivers.ovn.mech_driver.mech_driver [None req-143a989a-e865-4bf0-b86e-50366ab8e5e1 - - - - - -] OVN reports status down for port: 05c758bd-038f-4a63-9d57-088c5fbcc9be
2026-03-03 04:08:43.333 8 INFO neutron_taas.services.taas.taas_plugin [None req-26a1bf02-bc48-47df-ba87-127362a882df 66bb840bd92a4aee9fa8817b5ce68de5 5b892330f259490a8aa04d9118abb962 - - default default] TaaS: Handle Delete Port: 4894f24a-2acc-436f-b5b3-ad519081ec88
2026-03-03 04:08:43.336 8 INFO neutron_taas.services.taas.tap_mirror_plugin [None req-26a1bf02-bc48-47df-ba87-127362a882df 66bb840bd92a4aee9fa8817b5ce68de5 5b892330f259490a8aa04d9118abb962 - - default default] Tap Mirror: Handle Delete Port: 4894f24a-2acc-436f-b5b3-ad519081ec88
2026-03-03 04:08:43.348 7 INFO neutron.plugins.ml2.drivers.ovn.mech_driver.mech_driver [None req-143a989a-e865-4bf0-b86e-50366ab8e5e1 - - - - - -] OVN reports status up for port: d7fc64c1-3c60-4529-bfd9-38355d489d19
2026-03-03 04:08:43.368 7 INFO neutron.plugins.ml2.plugin [None req-143a989a-e865-4bf0-b86e-50366ab8e5e1 - - - - - -] Attempt 1 to provision port d7fc64c1-3c60-4529-bfd9-38355d489d19 [pid: 8|app: 0|req: 922/1554] 10.0.0.128 () {32 vars in 731 bytes} [Tue Mar 3 04:08:43 2026] DELETE /v2.0/floatingips/da74c60d-0957-478a-8ed5-f9d6e4886637 => generated 0 bytes in 322 msecs (HTTP/1.1 204) 2 headers in 112 bytes (1 switches on core 0)
2026-03-03 04:08:43.608 7 INFO neutron.db.ovn_revision_numbers_db [None req-678a31f5-63e6-4cf8-bb24-012021a2eea5 - - - - - -] Successfully bumped revision number for resource 05c758bd-038f-4a63-9d57-088c5fbcc9be (type: ports) to 2
2026-03-03 04:08:43.682 7 INFO neutron.db.ovn_revision_numbers_db [None req-678a31f5-63e6-4cf8-bb24-012021a2eea5 - - - - - -] Successfully bumped revision number for resource 627da70b-e2b8-4016-b9b1-f619724746a1 (type: subnets) to 0 [pid: 7|app: 0|req: 633/1555] 10.0.0.128 () {34 vars in 668 bytes} [Tue Mar 3 04:08:42 2026] POST /v2.0/subnets => generated 641 bytes in 1458 msecs (HTTP/1.1 201) 4 headers in 162 bytes (1 switches on core 0) [pid: 8|app: 0|req: 923/1556] 10.0.0.128 () {32 vars in 739 bytes} [Tue Mar 3 04:08:43 2026] DELETE /v2.0/security-groups/b21b2f7f-7736-458e-9b30-bf69cbad6740 => generated 0 bytes in 313 msecs (HTTP/1.1 204) 2 headers in 112 bytes (1 switches on core 0)
2026-03-03 04:08:43.956 8 INFO neutron.db.segments_db [None req-6b943031-d0a9-4fa9-a7df-7249b7e49949 c26109287c204e2ea4c65b972a58f3f8 ead6cd57d4b64298a0fd6255152271e7 - - default default] Added segment f7528dd9-3ed2-44c7-b96d-cc18ab54a412 of type geneve for network ed4e5276-0417-401b-a465-fcbcf00b9053
2026-03-03 04:08:44.156 8 INFO neutron.db.ovn_revision_numbers_db [None req-6b943031-d0a9-4fa9-a7df-7249b7e49949 c26109287c204e2ea4c65b972a58f3f8 ead6cd57d4b64298a0fd6255152271e7 - - default default] Successfully bumped revision number for resource ed4e5276-0417-401b-a465-fcbcf00b9053 (type: networks) to 1
2026-03-03 04:08:44.301 7 INFO neutron.db.ovn_revision_numbers_db [None req-143a989a-e865-4bf0-b86e-50366ab8e5e1 - - - - - -] Successfully bumped revision number for resource d7fc64c1-3c60-4529-bfd9-38355d489d19 (type: ports) to 2
2026-03-03 04:08:44.318 7 INFO neutron_taas.services.taas.taas_plugin [None req-7d4002cd-d4aa-4df6-9243-cabc180c4e07 ab3d543d75eb4b6cb235b31e0ad07120 2c53018bf61c452e8c97894f30a51869 - - default default] TaaS: Handle Delete Port: 38405968-6819-4af6-bc6c-72d07e3e40ce
2026-03-03 04:08:44.321 7 INFO neutron_taas.services.taas.tap_mirror_plugin [None req-7d4002cd-d4aa-4df6-9243-cabc180c4e07 ab3d543d75eb4b6cb235b31e0ad07120 2c53018bf61c452e8c97894f30a51869 - - default default] Tap Mirror: Handle Delete Port: 38405968-6819-4af6-bc6c-72d07e3e40ce
2026-03-03 04:08:44.363 8 WARNING neutron.scheduler.dhcp_agent_scheduler [None req-6b943031-d0a9-4fa9-a7df-7249b7e49949 c26109287c204e2ea4c65b972a58f3f8 ead6cd57d4b64298a0fd6255152271e7 - - default default] No more DHCP agents
2026-03-03 04:08:44.365 8 WARNING neutron.api.rpc.agentnotifiers.dhcp_rpc_agent_api [None req-6b943031-d0a9-4fa9-a7df-7249b7e49949 c26109287c204e2ea4c65b972a58f3f8 ead6cd57d4b64298a0fd6255152271e7 - - default default] Unable to schedule network ed4e5276-0417-401b-a465-fcbcf00b9053: no agents available; will retry on subsequent port and subnet creation events.
2026-03-03 04:08:44.498 8 INFO neutron.db.ovn_revision_numbers_db [None req-6b943031-d0a9-4fa9-a7df-7249b7e49949 c26109287c204e2ea4c65b972a58f3f8 ead6cd57d4b64298a0fd6255152271e7 - - default default] Successfully bumped revision number for resource 5ac3e797-c9ca-4f23-b00e-37b1cee48e93 (type: ports) to 1 [pid: 8|app: 0|req: 924/1557] 10.0.0.128 () {34 vars in 669 bytes} [Tue Mar 3 04:08:43 2026] POST /v2.0/networks => generated 682 bytes in 663 msecs (HTTP/1.1 201) 4 headers in 162 bytes (1 switches on core 0)
2026-03-03 04:08:44.664 8 INFO neutron.db.ovn_revision_numbers_db [None req-d0ba6d73-cbec-4d40-a57b-1c5ca514062c c26109287c204e2ea4c65b972a58f3f8 ead6cd57d4b64298a0fd6255152271e7 - - default default] Successfully bumped revision number for resource ed4e5276-0417-401b-a465-fcbcf00b9053 (type: networks) to 2 [pid: 8|app: 0|req: 927/1560] 10.0.0.128 () {34 vars in 742 bytes} [Tue Mar 3 04:08:44 2026] PUT /v2.0/networks/ed4e5276-0417-401b-a465-fcbcf00b9053 => generated 636 bytes in 144 msecs (HTTP/1.1 200) 4 headers in 157 bytes (1 switches on core 0)
2026-03-03 04:08:44.842 8 WARNING neutron.scheduler.dhcp_agent_scheduler [None req-3d283f68-fc1e-4f5f-84b8-74ab939b6665 c26109287c204e2ea4c65b972a58f3f8 ead6cd57d4b64298a0fd6255152271e7 - - default default] No more DHCP agents
2026-03-03 04:08:44.843 8 WARNING neutron.api.rpc.agentnotifiers.dhcp_rpc_agent_api [None req-3d283f68-fc1e-4f5f-84b8-74ab939b6665 c26109287c204e2ea4c65b972a58f3f8 ead6cd57d4b64298a0fd6255152271e7 - - default default] Unable to schedule network ed4e5276-0417-401b-a465-fcbcf00b9053: no agents available; will retry on subsequent port and subnet creation events. [pid: 7|app: 0|req: 634/1561] 10.0.0.128 () {34 vars in 788 bytes} [Tue Mar 3 04:08:43 2026] PUT /v2.0/routers/e95d8321-bcaa-4503-b4cd-8f9d469b9cba/remove_router_interface => generated 309 bytes in 1499 msecs (HTTP/1.1 200) 4 headers in 157 bytes (1 switches on core 0) /var/lib/openstack/lib/python3.12/site-packages/pycadf/identifier.py:70: UserWarning: Invalid uuid: neutron. To ensure interoperability, identifiers should be a valid uuid. warnings.warn(('Invalid uuid: %s. To ensure interoperability, '
2026-03-03 04:08:45.273 8 INFO neutron.db.ovn_revision_numbers_db [None req-ad6150f2-848c-4f5f-824e-152edb919575 - - - - - -] Successfully bumped revision number for resource 5ac3e797-c9ca-4f23-b00e-37b1cee48e93 (type: ports) to 2
2026-03-03 04:08:45.296 8 INFO neutron.db.ovn_revision_numbers_db [None req-ad6150f2-848c-4f5f-824e-152edb919575 - - - - - -] Successfully bumped revision number for resource 59a945c4-631c-423e-b07b-ad0b40dc3068 (type: subnets) to 0 [pid: 7|app: 0|req: 635/1562] 10.0.0.140 () {34 vars in 981 bytes} [Tue Mar 3 04:08:45 2026] GET /v2.0/networks?id=3ffc8486-470b-48d9-b8c4-e50160b9c5f4 => generated 710 bytes in 69 msecs (HTTP/1.1 200) 4 headers in 157 bytes (1 switches on core 0) [pid: 8|app: 0|req: 928/1563] 10.0.0.128 () {34 vars in 668 bytes} [Tue Mar 3 04:08:44 2026] POST /v2.0/subnets => generated 626 bytes in 638 msecs (HTTP/1.1 201) 4 headers in 162 bytes (1 switches on core 0) [pid: 8|app: 0|req: 929/1564] 10.0.0.140 () {34 vars in 964 bytes} [Tue Mar 3 04:08:45 2026] GET /v2.0/quotas/5f86c8c742fd4d4798edbaf589bb9eba => generated 292 bytes in 11 msecs (HTTP/1.1 200) 4 headers in 157 bytes (1 switches on core 0)
2026-03-03 04:08:45.622 8 INFO neutron.db.ovn_revision_numbers_db [None req-e3c44102-e6f9-459b-92db-619d7b3f0dbc c26109287c204e2ea4c65b972a58f3f8 ead6cd57d4b64298a0fd6255152271e7 - - default default] Successfully bumped revision number for resource 59a945c4-631c-423e-b07b-ad0b40dc3068 (type: subnets) to 1 [pid: 8|app: 0|req: 930/1565] 10.0.0.128 () {34 vars in 740 bytes} [Tue Mar 3 04:08:45 2026] PUT /v2.0/subnets/59a945c4-631c-423e-b07b-ad0b40dc3068 => generated 636 bytes in 304 msecs (HTTP/1.1 200) 4 headers in 157 bytes (1 switches on core 0)
2026-03-03 04:08:45.693 7 INFO neutron_taas.services.taas.taas_plugin [None req-a9909e2d-edd6-492a-881a-7901bcab77c8 ab3d543d75eb4b6cb235b31e0ad07120 2c53018bf61c452e8c97894f30a51869 - - default default] TaaS: Handle Delete Port: 56ddafc6-39dd-4ba9-8190-0286d6a17967
2026-03-03 04:08:45.697 7 INFO neutron_taas.services.taas.tap_mirror_plugin [None req-a9909e2d-edd6-492a-881a-7901bcab77c8 ab3d543d75eb4b6cb235b31e0ad07120 2c53018bf61c452e8c97894f30a51869 - - default default] Tap Mirror: Handle Delete Port: 56ddafc6-39dd-4ba9-8190-0286d6a17967 [pid: 8|app: 0|req: 931/1566] 10.0.0.140 () {34 vars in 1001 bytes} [Tue Mar 3 04:08:45 2026] GET /v2.0/ports?tenant_id=5f86c8c742fd4d4798edbaf589bb9eba&fields=id => generated 103 bytes in 74 msecs (HTTP/1.1 200) 4 headers in 157 bytes (1 switches on core 0)
2026-03-03 04:08:45.820 8 INFO neutron_taas.services.taas.taas_plugin [None req-cb275516-7cfc-4e2b-9d02-663148fb24a7 c26109287c204e2ea4c65b972a58f3f8 ead6cd57d4b64298a0fd6255152271e7 - - default default] TaaS: Handle Delete Port: 5ac3e797-c9ca-4f23-b00e-37b1cee48e93
2026-03-03 04:08:45.823 8 INFO neutron_taas.services.taas.tap_mirror_plugin [None req-cb275516-7cfc-4e2b-9d02-663148fb24a7 c26109287c204e2ea4c65b972a58f3f8 ead6cd57d4b64298a0fd6255152271e7 - - default default] Tap Mirror: Handle Delete Port: 5ac3e797-c9ca-4f23-b00e-37b1cee48e93 [pid: 7|app: 0|req: 636/1567] 10.0.0.128 () {32 vars in 723 bytes} [Tue Mar 3 04:08:45 2026] DELETE /v2.0/routers/e95d8321-bcaa-4503-b4cd-8f9d469b9cba => generated 0 bytes in 884 msecs (HTTP/1.1 204) 2 headers in 112 bytes (1 switches on core 0) [pid: 7|app: 0|req: 637/1568] 10.0.0.140 () {34 vars in 1007 bytes} [Tue Mar 3 04:08:46 2026] GET /v2.0/networks/3ffc8486-470b-48d9-b8c4-e50160b9c5f4?fields=segments => generated 14 bytes in 37 msecs (HTTP/1.1 200) 4 headers in 156 bytes (1 switches on core 0)
2026-03-03 04:08:46.294 8 INFO neutron.services.segments.plugin [-] Segment f7528dd9-3ed2-44c7-b96d-cc18ab54a412 resource provider aggregate not found
2026-03-03 04:08:46.303 8 INFO neutron.services.segments.plugin [-] Segment f7528dd9-3ed2-44c7-b96d-cc18ab54a412 resource provider aggregate not found
2026-03-03 04:08:46.320 8 INFO neutron.services.segments.plugin [-] Segment f7528dd9-3ed2-44c7-b96d-cc18ab54a412 resource provider not found; error: Placement Client Error (4xx): {"errors": [{"status": 404, "title": "Not Found", "detail": "The resource could not be found.\n\n No resource provider with uuid f7528dd9-3ed2-44c7-b96d-cc18ab54a412 found for delete ", "request_id": "req-06245959-006b-43b5-88a2-b2c5ee86ea0b"}]}
2026-03-03 04:08:46.322 8 INFO neutron.services.segments.plugin [-] Segment f7528dd9-3ed2-44c7-b96d-cc18ab54a412 resource provider not found; error: Placement Client Error (4xx): {"errors": [{"status": 404, "title": "Not Found", "detail": "The resource could not be found.\n\n No resource provider with uuid f7528dd9-3ed2-44c7-b96d-cc18ab54a412 found for delete ", "request_id": "req-990d47fe-e07e-447d-aa89-8368fb353d4c"}]} [pid: 8|app: 0|req: 932/1569] 10.0.0.128 () {32 vars in 725 bytes} [Tue Mar 3 04:08:45 2026] DELETE /v2.0/networks/ed4e5276-0417-401b-a465-fcbcf00b9053 => generated 0 bytes in 663 msecs (HTTP/1.1 204) 3 headers in 131 bytes (1 switches on core 0) [pid: 8|app: 0|req: 933/1570] 10.0.0.140 () {34 vars in 1107 bytes} [Tue Mar 3 04:08:46 2026] GET /v2.0/networks/3ffc8486-470b-48d9-b8c4-e50160b9c5f4?fields=provider%3Aphysical_network&fields=provider%3Anetwork_type => generated 79 bytes in 54 msecs (HTTP/1.1 200) 4 headers in 156 bytes (1 switches on core 0) [pid: 7|app: 0|req: 638/1571] 10.0.0.128 () {32 vars in 723 bytes} [Tue Mar 3 04:08:46 2026] DELETE /v2.0/subnets/3409c4de-67b2-47d2-af3d-fd5b6d383952 => generated 0 bytes in 201 msecs (HTTP/1.1 204) 3 headers in 131 bytes (1 switches on core 0)
2026-03-03 04:08:46.428 8 INFO neutron.pecan_wsgi.hooks.translation [None req-61d3e413-af0a-4c3a-8678-b8ee07d9285f c26109287c204e2ea4c65b972a58f3f8 ead6cd57d4b64298a0fd6255152271e7 - - default default] DELETE failed (client error): The resource could not be found. [pid: 8|app: 0|req: 934/1572] 10.0.0.128 () {32 vars in 725 bytes} [Tue Mar 3 04:08:46 2026] DELETE /v2.0/networks/ed4e5276-0417-401b-a465-fcbcf00b9053 => generated 138 bytes in 10 msecs (HTTP/1.1 404) 4 headers in 164 bytes (1 switches on core 0) [pid: 8|app: 0|req: 935/1573] 10.0.0.128 () {32 vars in 693 bytes} [Tue Mar 3 04:08:46 2026] GET /v2.0/networks?router%3Aexternal=True => generated 689 bytes in 57 msecs (HTTP/1.1 200) 4 headers in 157 bytes (1 switches on core 0) [pid: 8|app: 0|req: 936/1574] 10.0.0.128 () {32 vars in 741 bytes} [Tue Mar 3 04:08:46 2026] GET /v2.0/subnets?network_id=40ae9478-3ea0-4fc4-9532-d5616e09770e => generated 649 bytes in 24 msecs (HTTP/1.1 200) 4 headers in 157 bytes (1 switches on core 0) [pid: 8|app: 0|req: 937/1575] 10.0.0.140 () {34 vars in 989 bytes} [Tue Mar 3 04:08:46 2026] GET /v2.0/ports?device_id=e72a9c34-87cf-4e08-bb04-2327f0963770 => generated 12 bytes in 17 msecs (HTTP/1.1 200) 4 headers in 156 bytes (1 switches on core 0) [pid: 8|app: 0|req: 938/1576] 10.0.0.128 () {32 vars in 652 bytes} [Tue Mar 3 04:08:46 2026] GET /v2.0/extensions => generated 20541 bytes in 5 msecs (HTTP/1.1 200) 4 headers in 159 bytes (1 switches on core 0)
2026-03-03 04:08:46.559 7 INFO neutron_taas.services.taas.taas_plugin [None req-fff9888f-2353-487e-99aa-548310f33704 ab3d543d75eb4b6cb235b31e0ad07120 2c53018bf61c452e8c97894f30a51869 - - default default] TaaS: Handle Delete Port: c3aa6378-bb26-48ac-ba5a-f8c0d80c8f4a
2026-03-03 04:08:46.562 7 INFO neutron_taas.services.taas.tap_mirror_plugin [None req-fff9888f-2353-487e-99aa-548310f33704 ab3d543d75eb4b6cb235b31e0ad07120 2c53018bf61c452e8c97894f30a51869 - - default default] Tap Mirror: Handle Delete Port: c3aa6378-bb26-48ac-ba5a-f8c0d80c8f4a [pid: 8|app: 0|req: 939/1577] 10.0.0.128 () {32 vars in 648 bytes} [Tue Mar 3 04:08:46 2026] GET /v2.0/networks => generated 1385 bytes in 40 msecs (HTTP/1.1 200) 4 headers in 158 bytes (1 switches on core 0) [pid: 8|app: 0|req: 940/1578] 10.0.0.128 () {32 vars in 646 bytes} [Tue Mar 3 04:08:46 2026] GET /v2.0/subnets => generated 1280 bytes in 58 msecs (HTTP/1.1 200) 4 headers in 158 bytes (1 switches on core 0) [pid: 8|app: 0|req: 941/1579] 10.0.0.128 () {32 vars in 722 bytes} [Tue Mar 3 04:08:46 2026] GET /v2.0/networks/95a3025f-1ec7-4d4f-ada5-145ed18adbe8 => generated 707 bytes in 60 msecs (HTTP/1.1 200) 4 headers in 157 bytes (1 switches on core 0)
2026-03-03 04:08:46.778 7 INFO neutron.services.segments.plugin [-] Segment 28ad9fc4-87b9-4fec-80fb-d31843a7d394 resource provider aggregate not found [pid: 8|app: 0|req: 942/1580] 10.0.0.128 () {32 vars in 720 bytes} [Tue Mar 3 04:08:46 2026] GET /v2.0/subnets/627da70b-e2b8-4016-b9b1-f619724746a1 => generated 641 bytes in 37 msecs (HTTP/1.1 200) 4 headers in 157 bytes (1 switches on core 0)
2026-03-03 04:08:46.784 7 INFO neutron.services.segments.plugin [-] Segment 28ad9fc4-87b9-4fec-80fb-d31843a7d394 resource provider aggregate not found
2026-03-03 04:08:46.806 7 INFO neutron.services.segments.plugin [-] Segment 28ad9fc4-87b9-4fec-80fb-d31843a7d394 resource provider not found; error: Placement Client Error (4xx): {"errors": [{"status": 404, "title": "Not Found", "detail": "The resource could not be found.\n\n No resource provider with uuid 28ad9fc4-87b9-4fec-80fb-d31843a7d394 found for delete ", "request_id": "req-730cb8ca-be38-4bb7-8a1e-080d38b2df5b"}]}
2026-03-03 04:08:46.809 7 INFO neutron.services.segments.plugin [-] Segment 28ad9fc4-87b9-4fec-80fb-d31843a7d394 resource provider not found; error: Placement Client Error (4xx): {"errors": [{"status": 404, "title": "Not Found", "detail": "The resource could not be found.\n\n No resource provider with uuid 28ad9fc4-87b9-4fec-80fb-d31843a7d394 found for delete ", "request_id": "req-16d569e5-2f45-4120-8400-f394f3665470"}]}
2026-03-03 04:08:46.822 8 INFO neutron.pecan_wsgi.hooks.translation [None req-c7a11b85-6162-41d8-8f6e-0ba76f6e9f4c c26109287c204e2ea4c65b972a58f3f8 ead6cd57d4b64298a0fd6255152271e7 - - default default] DELETE failed (client error): The resource could not be found. [pid: 8|app: 0|req: 943/1581] 10.0.0.128 () {32 vars in 723 bytes} [Tue Mar 3 04:08:46 2026] DELETE /v2.0/subnets/59a945c4-631c-423e-b07b-ad0b40dc3068 => generated 136 bytes in 39 msecs (HTTP/1.1 404) 4 headers in 164 bytes (1 switches on core 0)
2026-03-03 04:08:46.841 8 INFO neutron.pecan_wsgi.hooks.translation [None req-623b92b8-a9e0-42f4-b08c-2ee94f9047bb c26109287c204e2ea4c65b972a58f3f8 ead6cd57d4b64298a0fd6255152271e7 - - default default] DELETE failed (client error): The resource could not be found. [pid: 8|app: 0|req: 944/1582] 10.0.0.128 () {32 vars in 725 bytes} [Tue Mar 3 04:08:46 2026] DELETE /v2.0/networks/ed4e5276-0417-401b-a465-fcbcf00b9053 => generated 138 bytes in 14 msecs (HTTP/1.1 404) 4 headers in 164 bytes (1 switches on core 0) [pid: 7|app: 0|req: 639/1583] 10.0.0.128 () {32 vars in 725 bytes} [Tue Mar 3 04:08:46 2026] DELETE /v2.0/networks/5cea195a-ae3a-43eb-8fed-c9dbb3b0b328 => generated 0 bytes in 419 msecs (HTTP/1.1 204) 3 headers in 131 bytes (1 switches on core 0) [pid: 7|app: 0|req: 640/1584] 10.0.0.128 () {32 vars in 773 bytes} [Tue Mar 3 04:08:46 2026] GET /v2.0/security-groups?tenant_id=5b892330f259490a8aa04d9118abb962&name=default => generated 2925 bytes in 43 msecs (HTTP/1.1 200) 4 headers in 158 bytes (1 switches on core 0) [pid: 8|app: 0|req: 945/1585] 10.0.0.128 () {32 vars in 723 bytes} [Tue Mar 3 04:08:46 2026] DELETE /v2.0/subnets/627da70b-e2b8-4016-b9b1-f619724746a1 => generated 0 bytes in 177 msecs (HTTP/1.1 204) 3 headers in 131 bytes (1 switches on core 0)
2026-03-03 04:08:47.183 8 INFO neutron_taas.services.taas.taas_plugin [None req-e5767926-4480-4c65-a247-aec8b5f245e0 c26109287c204e2ea4c65b972a58f3f8 ead6cd57d4b64298a0fd6255152271e7 - - default default] TaaS: Handle Delete Port: 05c758bd-038f-4a63-9d57-088c5fbcc9be
2026-03-03 04:08:47.189 8 INFO neutron_taas.services.taas.tap_mirror_plugin [None req-e5767926-4480-4c65-a247-aec8b5f245e0 c26109287c204e2ea4c65b972a58f3f8 ead6cd57d4b64298a0fd6255152271e7 - - default default] Tap Mirror: Handle Delete Port: 05c758bd-038f-4a63-9d57-088c5fbcc9be [pid: 7|app: 0|req: 641/1586] 10.0.0.128 () {32 vars in 739 bytes} [Tue Mar 3 04:08:47 2026] DELETE /v2.0/security-groups/b71ecddd-cd62-49b8-8423-04a12a41161e => generated 0 bytes in 322 msecs (HTTP/1.1 204) 2 headers in 112 bytes (1 switches on core 0) [pid: 8|app: 0|req: 946/1587] 10.0.0.128 () {32 vars in 725 bytes} [Tue Mar 3 04:08:47 2026] DELETE /v2.0/networks/95a3025f-1ec7-4d4f-ada5-145ed18adbe8 => generated 0 bytes in 392 msecs (HTTP/1.1 204) 3 headers in 131 bytes (1 switches on core 0) [pid: 7|app: 0|req: 642/1588] 10.0.0.140 () {34 vars in 989 bytes} [Tue Mar 3 04:08:47 2026] GET /v2.0/ports?device_id=e72a9c34-87cf-4e08-bb04-2327f0963770 => generated 12 bytes in 27 msecs (HTTP/1.1 200) 4 headers in 156 bytes (1 switches on core 0) [pid: 8|app: 0|req: 947/1589] 10.0.0.128 () {32 vars in 773 bytes} [Tue Mar 3 04:08:47 2026] GET /v2.0/security-groups?tenant_id=ead6cd57d4b64298a0fd6255152271e7&name=default => generated 2925 bytes in 154 msecs (HTTP/1.1 200) 4 headers in 158 bytes (1 switches on core 0)
2026-03-03 04:08:48.256 7 INFO neutron.db.ovn_revision_numbers_db [None req-abb33d33-a0c0-4408-a8bd-e42e471838a7 37f4981930a246ae802bf9a09f050cd4 332e981efe9c42c3a0a3741e13ccc607 - - default default] Successfully bumped revision number for resource dfa6e107-9f1d-48e3-9686-a567c27d1c5c (type: security_groups) to 1
2026-03-03 04:08:48.272 7 INFO neutron.db.ovn_revision_numbers_db [None req-abb33d33-a0c0-4408-a8bd-e42e471838a7 37f4981930a246ae802bf9a09f050cd4 332e981efe9c42c3a0a3741e13ccc607 - - default default] Successfully bumped revision number for resource 009883ec-8ae6-46e8-a0b3-21725c02f0e8 (type: security_group_rules) to 0
2026-03-03 04:08:48.285 7 INFO neutron.db.ovn_revision_numbers_db [None req-abb33d33-a0c0-4408-a8bd-e42e471838a7 37f4981930a246ae802bf9a09f050cd4 332e981efe9c42c3a0a3741e13ccc607 - - default default] Successfully bumped revision number for resource 28136655-dda7-4024-9977-65a27239b822 (type: security_group_rules) to 0
2026-03-03 04:08:48.302 7 INFO neutron.db.ovn_revision_numbers_db [None req-abb33d33-a0c0-4408-a8bd-e42e471838a7 37f4981930a246ae802bf9a09f050cd4 332e981efe9c42c3a0a3741e13ccc607 - - default default] Successfully bumped revision number for resource 8d163444-4f53-4caf-b98f-87fccc7f3768 (type: security_group_rules) to 0
2026-03-03 04:08:48.316 7 INFO neutron.db.ovn_revision_numbers_db [None req-abb33d33-a0c0-4408-a8bd-e42e471838a7 37f4981930a246ae802bf9a09f050cd4 332e981efe9c42c3a0a3741e13ccc607 - - default default] Successfully bumped revision number for resource bd59c762-fa85-4542-b2a1-dc7c48cd7956 (type: security_group_rules) to 0
2026-03-03 04:08:48.343 8 INFO neutron.services.segments.plugin [-] Segment f0b9a8ff-c5e7-4693-ba88-2a925ef6c00c resource provider aggregate not found
2026-03-03 04:08:48.350 8 INFO neutron.services.segments.plugin [-] Segment f0b9a8ff-c5e7-4693-ba88-2a925ef6c00c resource provider aggregate not found
2026-03-03 04:08:48.369 8 INFO neutron.services.segments.plugin [-] Segment f0b9a8ff-c5e7-4693-ba88-2a925ef6c00c resource provider not found; error: Placement Client Error (4xx): {"errors": [{"status": 404, "title": "Not Found", "detail": "The resource could not be found.\n\n No resource provider with uuid f0b9a8ff-c5e7-4693-ba88-2a925ef6c00c found for delete ", "request_id": "req-50d89b2a-7c77-42ab-96c2-daae256dcfd0"}]}
2026-03-03 04:08:48.370 8 INFO neutron.services.segments.plugin [-] Segment f0b9a8ff-c5e7-4693-ba88-2a925ef6c00c resource provider not found; error: Placement Client Error (4xx): {"errors": [{"status": 404, "title": "Not Found", "detail": "The resource could not be found.\n\n No resource provider with uuid f0b9a8ff-c5e7-4693-ba88-2a925ef6c00c found for delete ", "request_id": "req-ead23f7e-a874-4788-823f-dd4119899a56"}]} [pid: 8|app: 0|req: 948/1590] 10.0.0.128 () {32 vars in 739 bytes} [Tue Mar 3 04:08:48 2026] DELETE /v2.0/security-groups/5850654a-5e87-45d8-9e2e-894902459ecd => generated 0 bytes in 347 msecs (HTTP/1.1 204) 2 headers in 112 bytes (1 switches on core 0)
2026-03-03 04:08:48.400 7 INFO neutron.db.segments_db [None req-abb33d33-a0c0-4408-a8bd-e42e471838a7 37f4981930a246ae802bf9a09f050cd4 332e981efe9c42c3a0a3741e13ccc607 - - default default] Added segment e1a3ead5-3e26-4473-8013-e4b24ad5d451 of type geneve for network 0b1a51dd-2f46-402b-9515-8f54841526d4
2026-03-03 04:08:48.565 7 INFO neutron.db.ovn_revision_numbers_db [None req-abb33d33-a0c0-4408-a8bd-e42e471838a7 37f4981930a246ae802bf9a09f050cd4 332e981efe9c42c3a0a3741e13ccc607 - - default default] Successfully bumped revision number for resource 0b1a51dd-2f46-402b-9515-8f54841526d4 (type: networks) to 1 [pid: 8|app: 0|req: 949/1591] 10.0.0.140 () {34 vars in 989 bytes} [Tue Mar 3 04:08:48 2026] GET /v2.0/ports?device_id=e72a9c34-87cf-4e08-bb04-2327f0963770 => generated 12 bytes in 21 msecs (HTTP/1.1 200) 4 headers in 156 bytes (1 switches on core 0)
2026-03-03 04:08:48.724 7 WARNING neutron.scheduler.dhcp_agent_scheduler [None req-abb33d33-a0c0-4408-a8bd-e42e471838a7 37f4981930a246ae802bf9a09f050cd4 332e981efe9c42c3a0a3741e13ccc607 - - default default] No more DHCP agents
2026-03-03 04:08:48.726 7 WARNING neutron.api.rpc.agentnotifiers.dhcp_rpc_agent_api [None req-abb33d33-a0c0-4408-a8bd-e42e471838a7 37f4981930a246ae802bf9a09f050cd4 332e981efe9c42c3a0a3741e13ccc607 - - default default] Unable to schedule network 0b1a51dd-2f46-402b-9515-8f54841526d4: no agents available; will retry on subsequent port and subnet creation events.
2026-03-03 04:08:48.862 7 INFO neutron.db.ovn_revision_numbers_db [None req-abb33d33-a0c0-4408-a8bd-e42e471838a7 37f4981930a246ae802bf9a09f050cd4 332e981efe9c42c3a0a3741e13ccc607 - - default default] Successfully bumped revision number for resource 744fd011-7202-4e18-aa84-615545d9223f (type: ports) to 1 [pid: 7|app: 0|req: 643/1592] 10.0.0.128 () {34 vars in 669 bytes} [Tue Mar 3 04:08:47 2026] POST /v2.0/networks => generated 670 bytes in 931 msecs (HTTP/1.1 201) 4 headers in 162 bytes (1 switches on core 0)
2026-03-03 04:08:49.076 8 WARNING neutron.scheduler.dhcp_agent_scheduler [None req-5383e466-08d2-4423-ab50-116fb74c5ca1 37f4981930a246ae802bf9a09f050cd4 332e981efe9c42c3a0a3741e13ccc607 - - default default] No more DHCP agents
2026-03-03 04:08:49.078 8 WARNING neutron.api.rpc.agentnotifiers.dhcp_rpc_agent_api [None req-5383e466-08d2-4423-ab50-116fb74c5ca1 37f4981930a246ae802bf9a09f050cd4 332e981efe9c42c3a0a3741e13ccc607 - - default default] Unable to schedule network 0b1a51dd-2f46-402b-9515-8f54841526d4: no agents available; will retry on subsequent port and subnet creation events.
2026-03-03 04:08:49.478 8 INFO neutron.db.ovn_revision_numbers_db [None req-5790c12d-9fc7-4ea8-bfb9-ab7dca6a30f7 - - - - - -] Successfully bumped revision number for resource 744fd011-7202-4e18-aa84-615545d9223f (type: ports) to 2
2026-03-03 04:08:49.507 8 INFO neutron.db.ovn_revision_numbers_db [None req-5790c12d-9fc7-4ea8-bfb9-ab7dca6a30f7 - - - - - -] Successfully bumped revision number for resource 23372e10-9f88-4bc2-ac81-ef6718411ecd (type: subnets) to 0 [pid: 8|app: 0|req: 950/1593] 10.0.0.128 () {34 vars in 668 bytes} [Tue Mar 3 04:08:48 2026] POST /v2.0/subnets => generated 626 bytes in 627 msecs (HTTP/1.1 201) 4 headers in 162 bytes (1 switches on core 0)
2026-03-03 04:08:49.632 7 INFO neutron.db.segments_db [None req-425d07d0-2774-42c0-8d73-312b915eb974 37f4981930a246ae802bf9a09f050cd4 332e981efe9c42c3a0a3741e13ccc607 - - default default] Added segment 44da99c1-a06a-429c-8598-cc888d614387 of type geneve for network 9649dea8-c6e5-4126-aca1-697f1c2c5b95
2026-03-03 04:08:49.656 7 WARNING neutron.plugins.ml2.drivers.ovn.mech_driver.ovsdb.ovn_client [None req-479a3857-d03f-453e-9a48-463f7e94e6ab - - - - - -] No hosting information found for port d7fc64c1-3c60-4529-bfd9-38355d489d19: RuntimeError: No hosting information found for port d7fc64c1-3c60-4529-bfd9-38355d489d19 [pid: 8|app: 0|req: 951/1594] 10.0.0.140 () {34 vars in 989 bytes} [Tue Mar 3 04:08:49 2026] GET /v2.0/ports?device_id=e72a9c34-87cf-4e08-bb04-2327f0963770 => generated 12 bytes in 30 msecs (HTTP/1.1 200) 4 headers in 156 bytes (1 switches on core 0)
2026-03-03 04:08:49.879 7 INFO neutron.db.ovn_revision_numbers_db [None req-479a3857-d03f-453e-9a48-463f7e94e6ab - - - - - -] Successfully bumped revision number for resource d7fc64c1-3c60-4529-bfd9-38355d489d19 (type: router_ports) to 2
2026-03-03 04:08:49.883 7 INFO neutron.db.ovn_revision_numbers_db [None req-425d07d0-2774-42c0-8d73-312b915eb974 37f4981930a246ae802bf9a09f050cd4 332e981efe9c42c3a0a3741e13ccc607 - - default default] Successfully bumped revision number for resource 9649dea8-c6e5-4126-aca1-697f1c2c5b95 (type: networks) to 1
2026-03-03 04:08:49.963 7 INFO neutron.plugins.ml2.drivers.ovn.mech_driver.mech_driver [None req-479a3857-d03f-453e-9a48-463f7e94e6ab - - - - - -] OVN reports status down for port: 5ac3e797-c9ca-4f23-b00e-37b1cee48e93
2026-03-03 04:08:49.986 7 INFO neutron.plugins.ml2.drivers.ovn.mech_driver.mech_driver [None req-479a3857-d03f-453e-9a48-463f7e94e6ab - - - - - -] OVN reports status down for port: 744fd011-7202-4e18-aa84-615545d9223f
2026-03-03 04:08:50.172 7 WARNING neutron.scheduler.dhcp_agent_scheduler [None req-425d07d0-2774-42c0-8d73-312b915eb974 37f4981930a246ae802bf9a09f050cd4 332e981efe9c42c3a0a3741e13ccc607 - - default default] No more DHCP agents
2026-03-03 04:08:50.173 7 WARNING neutron.api.rpc.agentnotifiers.dhcp_rpc_agent_api [None req-425d07d0-2774-42c0-8d73-312b915eb974 37f4981930a246ae802bf9a09f050cd4 332e981efe9c42c3a0a3741e13ccc607 - - default default] Unable to schedule network 9649dea8-c6e5-4126-aca1-697f1c2c5b95: no agents available; will retry on subsequent port and subnet creation events.
2026-03-03 04:08:50.246 7 INFO neutron.plugins.ml2.drivers.ovn.mech_driver.mech_driver [None req-479a3857-d03f-453e-9a48-463f7e94e6ab - - - - - -] OVN reports status down for port: b2c95dc2-f706-4f86-a6cf-592c08a6881c
2026-03-03 04:08:50.313 7 INFO neutron.db.ovn_revision_numbers_db [None req-425d07d0-2774-42c0-8d73-312b915eb974 37f4981930a246ae802bf9a09f050cd4 332e981efe9c42c3a0a3741e13ccc607 - - default default] Successfully bumped revision number for resource b2c95dc2-f706-4f86-a6cf-592c08a6881c (type: ports) to 1 [pid: 7|app: 0|req: 644/1595] 10.0.0.128 () {34 vars in 669 bytes} [Tue Mar 3 04:08:49 2026] POST /v2.0/networks => generated 670 bytes in 838 msecs (HTTP/1.1 201) 4 headers in 162 bytes (1 switches on core 0)
2026-03-03 04:08:50.543 8 INFO neutron.db.ovn_revision_numbers_db [None req-c601e755-929f-45a8-bc33-c90baf74f307 1d30241651e74b4d9b8c45b68d6ccbb5 64c5b62c7d684265b4ad35e24a85e212 - - default default] Successfully bumped revision number for resource 06cdbd35-145a-4d7d-a068-3ad6fd089d28 (type: security_groups) to 1
2026-03-03 04:08:50.559 8 INFO neutron.db.ovn_revision_numbers_db [None req-c601e755-929f-45a8-bc33-c90baf74f307 1d30241651e74b4d9b8c45b68d6ccbb5 64c5b62c7d684265b4ad35e24a85e212 - - default default] Successfully bumped revision number for resource 39d43ec4-a236-4926-a6f0-fbd34fff78a5 (type: security_group_rules) to 0
2026-03-03 04:08:50.573 8 INFO neutron.db.ovn_revision_numbers_db [None req-c601e755-929f-45a8-bc33-c90baf74f307 1d30241651e74b4d9b8c45b68d6ccbb5 64c5b62c7d684265b4ad35e24a85e212 - - default default] Successfully bumped revision number for resource 44f68067-c1b1-4802-b121-097a3e2c3645 (type: security_group_rules) to 0
2026-03-03 04:08:50.586 8 INFO neutron.db.ovn_revision_numbers_db [None req-c601e755-929f-45a8-bc33-c90baf74f307 1d30241651e74b4d9b8c45b68d6ccbb5 64c5b62c7d684265b4ad35e24a85e212 - - default default] Successfully bumped revision number for resource c09eeef7-5670-4032-9fb4-27e9516c52a2 (type: security_group_rules) to 0
2026-03-03 04:08:50.599 8 INFO neutron.db.ovn_revision_numbers_db [None req-c601e755-929f-45a8-bc33-c90baf74f307 1d30241651e74b4d9b8c45b68d6ccbb5 64c5b62c7d684265b4ad35e24a85e212 - - default default] Successfully bumped revision number for resource f1c6200e-ebde-4228-8e01-4e3d88f0aa4f (type: security_group_rules) to 0
2026-03-03 04:08:50.657 7 WARNING neutron.scheduler.dhcp_agent_scheduler [None req-24424538-1201-4537-99a1-9aba02283a90 37f4981930a246ae802bf9a09f050cd4 332e981efe9c42c3a0a3741e13ccc607 - - default default] No more DHCP agents
2026-03-03 04:08:50.658 7 WARNING neutron.api.rpc.agentnotifiers.dhcp_rpc_agent_api [None req-24424538-1201-4537-99a1-9aba02283a90 37f4981930a246ae802bf9a09f050cd4 332e981efe9c42c3a0a3741e13ccc607 - - default default] Unable to schedule network 9649dea8-c6e5-4126-aca1-697f1c2c5b95: no agents available; will retry on subsequent port and subnet creation events.
2026-03-03 04:08:50.682 8 INFO neutron.db.segments_db [None req-c601e755-929f-45a8-bc33-c90baf74f307 1d30241651e74b4d9b8c45b68d6ccbb5 64c5b62c7d684265b4ad35e24a85e212 - - default default] Added segment 39b51ff4-0fa7-45e6-b41b-96a93427e878 of type geneve for network a58484b1-f3c7-4f5c-a1e9-528619e75c02
2026-03-03 04:08:50.807 8 INFO neutron.db.ovn_revision_numbers_db [None req-c601e755-929f-45a8-bc33-c90baf74f307 1d30241651e74b4d9b8c45b68d6ccbb5 64c5b62c7d684265b4ad35e24a85e212 - - default default] Successfully bumped revision number for resource a58484b1-f3c7-4f5c-a1e9-528619e75c02 (type: networks) to 1
2026-03-03 04:08:50.983 8 WARNING neutron.scheduler.dhcp_agent_scheduler [None req-c601e755-929f-45a8-bc33-c90baf74f307 1d30241651e74b4d9b8c45b68d6ccbb5 64c5b62c7d684265b4ad35e24a85e212 - - default default] No more DHCP agents
2026-03-03 04:08:50.984 8 WARNING neutron.api.rpc.agentnotifiers.dhcp_rpc_agent_api [None req-c601e755-929f-45a8-bc33-c90baf74f307 1d30241651e74b4d9b8c45b68d6ccbb5 64c5b62c7d684265b4ad35e24a85e212 - - default default] Unable to schedule network a58484b1-f3c7-4f5c-a1e9-528619e75c02: no agents available; will retry on subsequent port and subnet creation events.
2026-03-03 04:08:51.074 7 INFO neutron.plugins.ml2.drivers.ovn.mech_driver.mech_driver [None req-479a3857-d03f-453e-9a48-463f7e94e6ab - - - - - -] OVN reports status down for port: f7b15a8a-c2ef-4b0c-acc6-6fca160ba106
2026-03-03 04:08:51.088 8 INFO neutron.db.ovn_revision_numbers_db [None req-c601e755-929f-45a8-bc33-c90baf74f307 1d30241651e74b4d9b8c45b68d6ccbb5 64c5b62c7d684265b4ad35e24a85e212 - - default default] Successfully bumped revision number for resource f7b15a8a-c2ef-4b0c-acc6-6fca160ba106 (type: ports) to 1 [pid: 8|app: 0|req: 952/1596] 10.0.0.128 () {34 vars in 669 bytes} [Tue Mar 3 04:08:50 2026] POST /v2.0/networks => generated 671 bytes in 890 msecs (HTTP/1.1 201) 4 headers in 162 bytes (1 switches on core 0) [pid: 8|app: 0|req: 953/1597] 199.204.45.22 () {34 vars in 984 bytes} [Tue Mar 3 04:08:51 2026] GET /v2.0/networks?id=3ffc8486-470b-48d9-b8c4-e50160b9c5f4 => generated 710 bytes in 44 msecs (HTTP/1.1 200) 4 headers in 157 bytes (1 switches on core 0) [pid: 8|app: 0|req: 954/1598] 10.0.0.140 () {34 vars in 989 bytes} [Tue Mar 3 04:08:51 2026] GET /v2.0/ports?device_id=e72a9c34-87cf-4e08-bb04-2327f0963770 => generated 12 bytes in 21 msecs (HTTP/1.1 200) 4 headers in 156 bytes (1 switches on core 0)
2026-03-03 04:08:51.256 8 INFO neutron.db.segments_db [None req-ee2686ab-0c5b-422c-8a6e-0b1226a0220b 1d30241651e74b4d9b8c45b68d6ccbb5 64c5b62c7d684265b4ad35e24a85e212 - - default default] Added segment e41cde68-c623-4705-8bd8-ba73d9973286 of type geneve for network 229bf1c4-67a6-419a-9894-3cee74cad711
2026-03-03 04:08:51.326 7 INFO neutron.db.ovn_revision_numbers_db [None req-0f500c82-8f27-4e9d-875d-9826b92dc29f - - - - - -] Successfully bumped revision number for resource b2c95dc2-f706-4f86-a6cf-592c08a6881c (type: ports) to 2
2026-03-03 04:08:51.365 7 INFO neutron.db.ovn_revision_numbers_db [None req-0f500c82-8f27-4e9d-875d-9826b92dc29f - - - - - -] Successfully bumped revision number for resource 490357a5-faae-4176-9d2e-112b48be24f1 (type: subnets) to 0 [pid: 7|app: 0|req: 645/1599] 10.0.0.128 () {34 vars in 668 bytes} [Tue Mar 3 04:08:50 2026] POST /v2.0/subnets => generated 629 bytes in 1031 msecs (HTTP/1.1 201) 4 headers in 162 bytes (1 switches on core 0)
2026-03-03 04:08:51.402 8 INFO neutron.db.ovn_revision_numbers_db [None req-ee2686ab-0c5b-422c-8a6e-0b1226a0220b 1d30241651e74b4d9b8c45b68d6ccbb5 64c5b62c7d684265b4ad35e24a85e212 - - default default] Successfully bumped revision number for resource 229bf1c4-67a6-419a-9894-3cee74cad711 (type: networks) to 1
2026-03-03 04:08:51.570 8 WARNING neutron.scheduler.dhcp_agent_scheduler [None req-ee2686ab-0c5b-422c-8a6e-0b1226a0220b 1d30241651e74b4d9b8c45b68d6ccbb5 64c5b62c7d684265b4ad35e24a85e212 - - default default] No more DHCP agents
2026-03-03 04:08:51.572 8 WARNING neutron.api.rpc.agentnotifiers.dhcp_rpc_agent_api [None req-ee2686ab-0c5b-422c-8a6e-0b1226a0220b 1d30241651e74b4d9b8c45b68d6ccbb5 64c5b62c7d684265b4ad35e24a85e212 - - default default] Unable to schedule network 229bf1c4-67a6-419a-9894-3cee74cad711: no agents available; will retry on subsequent port and subnet creation events.
2026-03-03 04:08:51.658 7 INFO neutron.plugins.ml2.drivers.ovn.mech_driver.mech_driver [None req-479a3857-d03f-453e-9a48-463f7e94e6ab - - - - - -] OVN reports status down for port: 69cf8fc0-ec5f-401e-bd60-b9b8dcd027fc
2026-03-03 04:08:51.673 8 INFO neutron.db.ovn_revision_numbers_db [None req-ee2686ab-0c5b-422c-8a6e-0b1226a0220b 1d30241651e74b4d9b8c45b68d6ccbb5 64c5b62c7d684265b4ad35e24a85e212 - - default default] Successfully bumped revision number for resource 69cf8fc0-ec5f-401e-bd60-b9b8dcd027fc (type: ports) to 1 [pid: 8|app: 0|req: 955/1600] 10.0.0.128 () {34 vars in 669 bytes} [Tue Mar 3 04:08:51 2026] POST /v2.0/networks => generated 672 bytes in 519 msecs (HTTP/1.1 201) 4 headers in 162 bytes (1 switches on core 0)
2026-03-03 04:08:51.705 7 WARNING neutron.scheduler.dhcp_agent_scheduler [req-3beafde4-b843-492a-a6a4-8fd33cb66212 req-5b87a236-e679-4b6b-8701-936bd27c13c9 052c396fe3084ddebf9fb842b11e00ae 5f86c8c742fd4d4798edbaf589bb9eba - - default default] No more DHCP agents
2026-03-03 04:08:51.709 7 WARNING neutron.api.rpc.agentnotifiers.dhcp_rpc_agent_api [req-3beafde4-b843-492a-a6a4-8fd33cb66212 req-5b87a236-e679-4b6b-8701-936bd27c13c9 052c396fe3084ddebf9fb842b11e00ae 5f86c8c742fd4d4798edbaf589bb9eba - - default default] Unable to schedule network 3ffc8486-470b-48d9-b8c4-e50160b9c5f4: no agents available; will retry on subsequent port and subnet creation events.
2026-03-03 04:08:51.780 8 INFO neutron.db.segments_db [None req-f4d751fa-bbff-4fde-b0bd-a9fa5659f89d 37f4981930a246ae802bf9a09f050cd4 332e981efe9c42c3a0a3741e13ccc607 - - default default] Added segment 3e039e5b-5602-4f11-ad30-b919419e658a of type geneve for network 601fe69b-7cca-48b9-bb0e-f8804adfcb91
2026-03-03 04:08:51.912 8 INFO neutron.db.ovn_revision_numbers_db [None req-f4d751fa-bbff-4fde-b0bd-a9fa5659f89d 37f4981930a246ae802bf9a09f050cd4 332e981efe9c42c3a0a3741e13ccc607 - - default default] Successfully bumped revision number for resource 601fe69b-7cca-48b9-bb0e-f8804adfcb91 (type: networks) to 1
2026-03-03 04:08:51.913 7 INFO neutron.plugins.ml2.drivers.ovn.mech_driver.mech_driver [None req-479a3857-d03f-453e-9a48-463f7e94e6ab - - - - - -] OVN reports status down for port: 13294869-6e84-4f84-8e88-1ed17f0b1651
2026-03-03 04:08:52.001 7 INFO neutron.db.ovn_revision_numbers_db [req-3beafde4-b843-492a-a6a4-8fd33cb66212 req-5b87a236-e679-4b6b-8701-936bd27c13c9 052c396fe3084ddebf9fb842b11e00ae 5f86c8c742fd4d4798edbaf589bb9eba - - default default] Successfully bumped revision number for resource 13294869-6e84-4f84-8e88-1ed17f0b1651 (type: ports) to 1 [pid: 7|app: 0|req: 646/1601] 199.204.45.22 () {38 vars in 953 bytes} [Tue Mar 3 04:08:51 2026] POST /v2.0/ports => generated 958 bytes in 703 msecs (HTTP/1.1 201) 4 headers in 162 bytes (1 switches on core 0) /var/lib/openstack/lib/python3.12/site-packages/pycadf/identifier.py:70: UserWarning: Invalid uuid: neutron. To ensure interoperability, identifiers should be a valid uuid. warnings.warn(('Invalid uuid: %s. To ensure interoperability, '
2026-03-03 04:08:52.135 8 WARNING neutron.scheduler.dhcp_agent_scheduler [None req-f4d751fa-bbff-4fde-b0bd-a9fa5659f89d 37f4981930a246ae802bf9a09f050cd4 332e981efe9c42c3a0a3741e13ccc607 - - default default] No more DHCP agents
2026-03-03 04:08:52.136 8 WARNING neutron.api.rpc.agentnotifiers.dhcp_rpc_agent_api [None req-f4d751fa-bbff-4fde-b0bd-a9fa5659f89d 37f4981930a246ae802bf9a09f050cd4 332e981efe9c42c3a0a3741e13ccc607 - - default default] Unable to schedule network 601fe69b-7cca-48b9-bb0e-f8804adfcb91: no agents available; will retry on subsequent port and subnet creation events.
2026-03-03 04:08:52.218 7 INFO neutron.plugins.ml2.drivers.ovn.mech_driver.mech_driver [None req-479a3857-d03f-453e-9a48-463f7e94e6ab - - - - - -] OVN reports status down for port: ba549fd6-ac70-43a6-a4bf-28858e74e27f
2026-03-03 04:08:52.239 8 INFO neutron.db.ovn_revision_numbers_db [None req-f4d751fa-bbff-4fde-b0bd-a9fa5659f89d 37f4981930a246ae802bf9a09f050cd4 332e981efe9c42c3a0a3741e13ccc607 - - default default] Successfully bumped revision number for resource ba549fd6-ac70-43a6-a4bf-28858e74e27f (type: ports) to 1 [pid: 8|app: 0|req: 956/1602] 10.0.0.128 () {34 vars in 669 bytes} [Tue Mar 3 04:08:51 2026] POST /v2.0/networks => generated 670 bytes in 566 msecs (HTTP/1.1 201) 4 headers in 162 bytes (1 switches on core 0)
2026-03-03 04:08:52.418 7 WARNING neutron.scheduler.dhcp_agent_scheduler [None req-305f43cf-a9ea-4c69-a91e-b5774696a726 1d30241651e74b4d9b8c45b68d6ccbb5 64c5b62c7d684265b4ad35e24a85e212 - - default default] No more DHCP agents
2026-03-03 04:08:52.421 7 WARNING neutron.api.rpc.agentnotifiers.dhcp_rpc_agent_api [None req-305f43cf-a9ea-4c69-a91e-b5774696a726 1d30241651e74b4d9b8c45b68d6ccbb5 64c5b62c7d684265b4ad35e24a85e212 - - default default] Unable to schedule network a58484b1-f3c7-4f5c-a1e9-528619e75c02: no agents available; will retry on subsequent port and subnet creation events.
2026-03-03 04:08:52.466 7 INFO neutron.db.ovn_revision_numbers_db [None req-305f43cf-a9ea-4c69-a91e-b5774696a726 1d30241651e74b4d9b8c45b68d6ccbb5 64c5b62c7d684265b4ad35e24a85e212 - - default default] Successfully bumped revision number for resource 14ceaecd-3b73-4424-8242-6ce423a93072 (type: subnets) to 0 [pid: 7|app: 0|req: 647/1603] 10.0.0.128 () {34 vars in 668 bytes} [Tue Mar 3 04:08:52 2026] POST /v2.0/subnets => generated 646 bytes in 382 msecs (HTTP/1.1 201) 4 headers in 162 bytes (1 switches on core 0) [pid: 7|app: 0|req: 648/1604] 10.0.0.140 () {34 vars in 989 bytes} [Tue Mar 3 04:08:52 2026] GET /v2.0/ports?device_id=e72a9c34-87cf-4e08-bb04-2327f0963770 => generated 973 bytes in 47 msecs (HTTP/1.1 200) 4 headers in 157 bytes (1 switches on core 0)
2026-03-03 04:08:52.624 8 INFO neutron.db.ovn_revision_numbers_db [req-3beafde4-b843-492a-a6a4-8fd33cb66212 req-0fb1f5c3-420a-4237-a6f2-9fa7e25ca5a6 4ad404f8d3884e9198dede8533ddc176 bcd7273a5bf247f383ee33a43306a895 - - bcd73c5ba94a43afac97f36ac22dae24 bcd73c5ba94a43afac97f36ac22dae24] Successfully bumped revision number for resource 13294869-6e84-4f84-8e88-1ed17f0b1651 (type: ports) to 2
2026-03-03 04:08:52.745 7 WARNING neutron.scheduler.dhcp_agent_scheduler [None req-205e57a0-6451-4d08-a40e-dd6e73b4ea8c 37f4981930a246ae802bf9a09f050cd4 332e981efe9c42c3a0a3741e13ccc607 - - default default] No more DHCP agents
2026-03-03 04:08:52.746 7 WARNING neutron.api.rpc.agentnotifiers.dhcp_rpc_agent_api [None req-205e57a0-6451-4d08-a40e-dd6e73b4ea8c 37f4981930a246ae802bf9a09f050cd4 332e981efe9c42c3a0a3741e13ccc607 - - default default] Unable to schedule network 601fe69b-7cca-48b9-bb0e-f8804adfcb91: no agents available; will retry on subsequent port and subnet creation events.
2026-03-03 04:08:52.851 8 INFO neutron.db.ovn_revision_numbers_db [req-3beafde4-b843-492a-a6a4-8fd33cb66212 req-0fb1f5c3-420a-4237-a6f2-9fa7e25ca5a6 4ad404f8d3884e9198dede8533ddc176 bcd7273a5bf247f383ee33a43306a895 - - bcd73c5ba94a43afac97f36ac22dae24 bcd73c5ba94a43afac97f36ac22dae24] Successfully bumped revision number for resource 13294869-6e84-4f84-8e88-1ed17f0b1651 (type: ports) to 4 [pid: 8|app: 0|req: 957/1605] 199.204.45.22 () {38 vars in 1026 bytes} [Tue Mar 3 04:08:52 2026] PUT /v2.0/ports/13294869-6e84-4f84-8e88-1ed17f0b1651 => generated 1208 bytes in 612 msecs (HTTP/1.1 200) 4 headers in 158 bytes (1 switches on core 0) /var/lib/openstack/lib/python3.12/site-packages/pycadf/identifier.py:70: UserWarning: Invalid uuid: neutron. To ensure interoperability, identifiers should be a valid uuid. warnings.warn(('Invalid uuid: %s. To ensure interoperability, '
2026-03-03 04:08:52.911 8 INFO neutron.notifiers.nova [-] Nova event matching ['req-0a7d1e29-cad9-4f58-b17f-94939132eb05'] response: {'name': 'network-changed', 'server_uuid': 'e72a9c34-87cf-4e08-bb04-2327f0963770', 'tag': '13294869-6e84-4f84-8e88-1ed17f0b1651', 'status': 'completed', 'code': 200}
2026-03-03 04:08:53.110 8 WARNING neutron.scheduler.dhcp_agent_scheduler [None req-3b5fed31-af5d-4544-b654-2e92c3947de0 1d30241651e74b4d9b8c45b68d6ccbb5 64c5b62c7d684265b4ad35e24a85e212 - - default default] No more DHCP agents
2026-03-03 04:08:53.111 8 WARNING neutron.api.rpc.agentnotifiers.dhcp_rpc_agent_api [None req-3b5fed31-af5d-4544-b654-2e92c3947de0 1d30241651e74b4d9b8c45b68d6ccbb5 64c5b62c7d684265b4ad35e24a85e212 - - default default] Unable to schedule network 229bf1c4-67a6-419a-9894-3cee74cad711: no agents available; will retry on subsequent port and subnet creation events.
2026-03-03 04:08:53.155 8 INFO neutron.db.ovn_revision_numbers_db [None req-3b5fed31-af5d-4544-b654-2e92c3947de0 1d30241651e74b4d9b8c45b68d6ccbb5 64c5b62c7d684265b4ad35e24a85e212 - - default default] Successfully bumped revision number for resource 97df5822-9fd5-4c17-8dc2-37a413641fb4 (type: subnets) to 0 [pid: 8|app: 0|req: 958/1606] 10.0.0.128 () {34 vars in 668 bytes} [Tue Mar 3 04:08:52 2026] POST /v2.0/subnets => generated 655 bytes in 298 msecs (HTTP/1.1 201) 4 headers in 162 bytes (1 switches on core 0) [pid: 8|app: 0|req: 959/1607] 10.0.0.140 () {34 vars in 1039 bytes} [Tue Mar 3 04:08:53 2026] GET /v2.0/security-groups?id=5860d2e9-f103-4267-b9bc-4169d826b890&fields=id&fields=name => generated 88 bytes in 29 msecs (HTTP/1.1 200) 4 headers in 156 bytes (1 switches on core 0)
2026-03-03 04:08:53.640 8 INFO neutron.db.ovn_revision_numbers_db [None req-a6bdd087-1ec1-46e4-b2fb-d371bc6acfa1 ab3d543d75eb4b6cb235b31e0ad07120 2c53018bf61c452e8c97894f30a51869 - - default default] Successfully bumped revision number for resource dbbd3ec2-c5f9-408f-8849-6bfadf44db85 (type: security_groups) to 1
