2026-07-29 17:29:36.054 7 INFO placement.requestlog [None req-e6abefa5-80aa-4faf-bbee-84fb503c0429 - - - - - -] 10.0.0.172 "GET /" status: 200 len: 136 microversion: 1.0
2026-07-29 17:29:39.214 7 INFO placement.requestlog [None req-b0d26ef3-1aba-4026-88e7-f5dfe1bc8d2a c8b2d7d2e25e4f8d81f98adc7b6a05a1 8858a882675648d0b761043288578b37 - - 72f15bcd80154b08b23b6773fd3644ec 72f15bcd80154b08b23b6773fd3644ec] 10.0.0.99 "GET /resource_providers/17e61f93-1c03-48b7-a1b2-18254958a0b4/aggregates" status: 404 len: 235 microversion: 1.1 [pid: 7|app: 0|req: 585/1171] 10.0.0.99 () {32 vars in 815 bytes} [Wed Jul 29 17:29:39 2026] GET /resource_providers/17e61f93-1c03-48b7-a1b2-18254958a0b4/aggregates => generated 235 bytes in 10 msecs (HTTP/1.1 404) 5 headers in 202 bytes (1 switches on core 0)
2026-07-29 17:29:39.219 8 INFO placement.requestlog [None req-343e5adc-a604-4304-98fc-7be369ad93fa c8b2d7d2e25e4f8d81f98adc7b6a05a1 8858a882675648d0b761043288578b37 - - 72f15bcd80154b08b23b6773fd3644ec 72f15bcd80154b08b23b6773fd3644ec] 10.0.0.99 "GET /resource_providers/17e61f93-1c03-48b7-a1b2-18254958a0b4/aggregates" status: 404 len: 235 microversion: 1.1 [pid: 8|app: 0|req: 587/1172] 10.0.0.99 () {32 vars in 815 bytes} [Wed Jul 29 17:29:39 2026] GET /resource_providers/17e61f93-1c03-48b7-a1b2-18254958a0b4/aggregates => generated 235 bytes in 11 msecs (HTTP/1.1 404) 5 headers in 202 bytes (1 switches on core 0)
2026-07-29 17:29:39.237 7 INFO placement.requestlog [None req-68665426-16e3-4c11-84b8-18db2fd65885 c8b2d7d2e25e4f8d81f98adc7b6a05a1 8858a882675648d0b761043288578b37 - - 72f15bcd80154b08b23b6773fd3644ec 72f15bcd80154b08b23b6773fd3644ec] 10.0.0.99 "DELETE /resource_providers/17e61f93-1c03-48b7-a1b2-18254958a0b4" status: 404 len: 246 microversion: 1.1 [pid: 7|app: 0|req: 586/1173] 10.0.0.99 () {34 vars in 815 bytes} [Wed Jul 29 17:29:39 2026] DELETE /resource_providers/17e61f93-1c03-48b7-a1b2-18254958a0b4 => generated 246 bytes in 8 msecs (HTTP/1.1 404) 6 headers in 231 bytes (1 switches on core 0)
2026-07-29 17:29:39.239 8 INFO placement.requestlog [None req-53e638d8-b980-4186-8352-09f7ce04ed00 c8b2d7d2e25e4f8d81f98adc7b6a05a1 8858a882675648d0b761043288578b37 - - 72f15bcd80154b08b23b6773fd3644ec 72f15bcd80154b08b23b6773fd3644ec] 10.0.0.99 "DELETE /resource_providers/17e61f93-1c03-48b7-a1b2-18254958a0b4" status: 404 len: 246 microversion: 1.1 [pid: 8|app: 0|req: 588/1174] 10.0.0.99 () {34 vars in 815 bytes} [Wed Jul 29 17:29:39 2026] DELETE /resource_providers/17e61f93-1c03-48b7-a1b2-18254958a0b4 => generated 246 bytes in 8 msecs (HTTP/1.1 404) 6 headers in 231 bytes (1 switches on core 0)
2026-07-29 17:29:44.255 7 INFO placement.requestlog [None req-968d2bcd-d362-45d7-913e-e6266d53efa9 c8b2d7d2e25e4f8d81f98adc7b6a05a1 8858a882675648d0b761043288578b37 - - 72f15bcd80154b08b23b6773fd3644ec 72f15bcd80154b08b23b6773fd3644ec] 10.0.0.99 "GET /resource_providers/ef73e7ea-d9d8-49a4-9195-595228ccb3ea/aggregates" status: 404 len: 235 microversion: 1.1 [pid: 7|app: 0|req: 587/1175] 10.0.0.99 () {32 vars in 815 bytes} [Wed Jul 29 17:29:44 2026] GET /resource_providers/ef73e7ea-d9d8-49a4-9195-595228ccb3ea/aggregates => generated 235 bytes in 13 msecs (HTTP/1.1 404) 5 headers in 202 bytes (1 switches on core 0)
2026-07-29 17:29:44.256 8 INFO placement.requestlog [None req-4edbb51e-0f20-4e18-947c-97c590e2bacc c8b2d7d2e25e4f8d81f98adc7b6a05a1 8858a882675648d0b761043288578b37 - - 72f15bcd80154b08b23b6773fd3644ec 72f15bcd80154b08b23b6773fd3644ec] 10.0.0.99 "GET /resource_providers/ef73e7ea-d9d8-49a4-9195-595228ccb3ea/aggregates" status: 404 len: 235 microversion: 1.1 [pid: 8|app: 0|req: 589/1176] 10.0.0.99 () {32 vars in 815 bytes} [Wed Jul 29 17:29:44 2026] GET /resource_providers/ef73e7ea-d9d8-49a4-9195-595228ccb3ea/aggregates => generated 235 bytes in 15 msecs (HTTP/1.1 404) 5 headers in 202 bytes (1 switches on core 0)
2026-07-29 17:29:44.280 7 INFO placement.requestlog [None req-8012626d-bdb9-4537-9c6c-f50ce231fe41 c8b2d7d2e25e4f8d81f98adc7b6a05a1 8858a882675648d0b761043288578b37 - - 72f15bcd80154b08b23b6773fd3644ec 72f15bcd80154b08b23b6773fd3644ec] 10.0.0.99 "DELETE /resource_providers/ef73e7ea-d9d8-49a4-9195-595228ccb3ea" status: 404 len: 246 microversion: 1.1 [pid: 7|app: 0|req: 588/1177] 10.0.0.99 () {34 vars in 815 bytes} [Wed Jul 29 17:29:44 2026] DELETE /resource_providers/ef73e7ea-d9d8-49a4-9195-595228ccb3ea => generated 246 bytes in 10 msecs (HTTP/1.1 404) 6 headers in 231 bytes (1 switches on core 0)
2026-07-29 17:29:44.308 8 INFO placement.requestlog [None req-79425963-2567-45aa-8d14-1d449d56fef7 c8b2d7d2e25e4f8d81f98adc7b6a05a1 8858a882675648d0b761043288578b37 - - 72f15bcd80154b08b23b6773fd3644ec 72f15bcd80154b08b23b6773fd3644ec] 10.0.0.99 "DELETE /resource_providers/ef73e7ea-d9d8-49a4-9195-595228ccb3ea" status: 404 len: 246 microversion: 1.1 [pid: 8|app: 0|req: 590/1178] 10.0.0.99 () {34 vars in 815 bytes} [Wed Jul 29 17:29:44 2026] DELETE /resource_providers/ef73e7ea-d9d8-49a4-9195-595228ccb3ea => generated 246 bytes in 32 msecs (HTTP/1.1 404) 6 headers in 231 bytes (1 switches on core 0)
2026-07-29 17:29:45.242 7 INFO placement.requestlog [None req-b0f07fed-d421-46bc-ad2c-fe888174206c c8b2d7d2e25e4f8d81f98adc7b6a05a1 8858a882675648d0b761043288578b37 - - 72f15bcd80154b08b23b6773fd3644ec 72f15bcd80154b08b23b6773fd3644ec] 10.0.0.99 "GET /resource_providers/00fdfbf2-86cb-418d-9f60-22929c52cd95/aggregates" status: 404 len: 235 microversion: 1.1 [pid: 7|app: 0|req: 589/1179] 10.0.0.99 () {32 vars in 815 bytes} [Wed Jul 29 17:29:45 2026] GET /resource_providers/00fdfbf2-86cb-418d-9f60-22929c52cd95/aggregates => generated 235 bytes in 11 msecs (HTTP/1.1 404) 5 headers in 202 bytes (1 switches on core 0)
2026-07-29 17:29:45.245 8 INFO placement.requestlog [None req-3ab0a3ef-7074-4bc3-8ba8-ae7070170b3a c8b2d7d2e25e4f8d81f98adc7b6a05a1 8858a882675648d0b761043288578b37 - - 72f15bcd80154b08b23b6773fd3644ec 72f15bcd80154b08b23b6773fd3644ec] 10.0.0.99 "GET /resource_providers/00fdfbf2-86cb-418d-9f60-22929c52cd95/aggregates" status: 404 len: 235 microversion: 1.1 [pid: 8|app: 0|req: 591/1180] 10.0.0.99 () {32 vars in 815 bytes} [Wed Jul 29 17:29:45 2026] GET /resource_providers/00fdfbf2-86cb-418d-9f60-22929c52cd95/aggregates => generated 235 bytes in 15 msecs (HTTP/1.1 404) 5 headers in 202 bytes (1 switches on core 0)
2026-07-29 17:29:45.270 7 INFO placement.requestlog [None req-62ef5214-085c-412a-babc-f6c6b079a067 c8b2d7d2e25e4f8d81f98adc7b6a05a1 8858a882675648d0b761043288578b37 - - 72f15bcd80154b08b23b6773fd3644ec 72f15bcd80154b08b23b6773fd3644ec] 10.0.0.99 "DELETE /resource_providers/00fdfbf2-86cb-418d-9f60-22929c52cd95" status: 404 len: 246 microversion: 1.1 [pid: 7|app: 0|req: 590/1181] 10.0.0.99 () {34 vars in 815 bytes} [Wed Jul 29 17:29:45 2026] DELETE /resource_providers/00fdfbf2-86cb-418d-9f60-22929c52cd95 => generated 246 bytes in 12 msecs (HTTP/1.1 404) 6 headers in 231 bytes (1 switches on core 0)
2026-07-29 17:29:45.272 8 INFO placement.requestlog [None req-87ad6d2f-4015-4f3b-9e2c-9b99a4828ff8 c8b2d7d2e25e4f8d81f98adc7b6a05a1 8858a882675648d0b761043288578b37 - - 72f15bcd80154b08b23b6773fd3644ec 72f15bcd80154b08b23b6773fd3644ec] 10.0.0.99 "DELETE /resource_providers/00fdfbf2-86cb-418d-9f60-22929c52cd95" status: 404 len: 246 microversion: 1.1 [pid: 8|app: 0|req: 592/1182] 10.0.0.99 () {34 vars in 815 bytes} [Wed Jul 29 17:29:45 2026] DELETE /resource_providers/00fdfbf2-86cb-418d-9f60-22929c52cd95 => generated 246 bytes in 12 msecs (HTTP/1.1 404) 6 headers in 231 bytes (1 switches on core 0)
2026-07-29 17:29:46.054 8 INFO placement.requestlog [None req-bf0d84cc-beeb-4c0b-8744-c4b074efe25c - - - - - -] 10.0.0.172 "GET /" status: 200 len: 136 microversion: 1.0
2026-07-29 17:29:46.054 7 INFO placement.requestlog [None req-2fceb982-1f03-4901-b42d-73accc72f40a - - - - - -] 10.0.0.172 "GET /" status: 200 len: 136 microversion: 1.0
2026-07-29 17:29:46.303 7 INFO placement.requestlog [None req-37f44f26-8bf1-452f-aaaa-d750841650a3 c8b2d7d2e25e4f8d81f98adc7b6a05a1 8858a882675648d0b761043288578b37 - - 72f15bcd80154b08b23b6773fd3644ec 72f15bcd80154b08b23b6773fd3644ec] 10.0.0.99 "GET /resource_providers/4154deb0-aa84-4493-a095-036ca052179c/aggregates" status: 404 len: 235 microversion: 1.1 [pid: 7|app: 0|req: 592/1185] 10.0.0.99 () {32 vars in 815 bytes} [Wed Jul 29 17:29:46 2026] GET /resource_providers/4154deb0-aa84-4493-a095-036ca052179c/aggregates => generated 235 bytes in 8 msecs (HTTP/1.1 404) 5 headers in 202 bytes (1 switches on core 0)
2026-07-29 17:29:46.330 8 INFO placement.requestlog [None req-5340c22b-b422-4648-a4d4-4231cddaaabb c8b2d7d2e25e4f8d81f98adc7b6a05a1 8858a882675648d0b761043288578b37 - - 72f15bcd80154b08b23b6773fd3644ec 72f15bcd80154b08b23b6773fd3644ec] 10.0.0.99 "DELETE /resource_providers/4154deb0-aa84-4493-a095-036ca052179c" status: 404 len: 246 microversion: 1.1 [pid: 8|app: 0|req: 594/1186] 10.0.0.99 () {34 vars in 815 bytes} [Wed Jul 29 17:29:46 2026] DELETE /resource_providers/4154deb0-aa84-4493-a095-036ca052179c => generated 246 bytes in 15 msecs (HTTP/1.1 404) 6 headers in 231 bytes (1 switches on core 0)
2026-07-29 17:29:46.331 7 INFO placement.requestlog [None req-e0a7131c-c6d2-4fb2-b399-08f996a69f07 c8b2d7d2e25e4f8d81f98adc7b6a05a1 8858a882675648d0b761043288578b37 - - 72f15bcd80154b08b23b6773fd3644ec 72f15bcd80154b08b23b6773fd3644ec] 10.0.0.99 "GET /resource_providers/4154deb0-aa84-4493-a095-036ca052179c/aggregates" status: 404 len: 235 microversion: 1.1 [pid: 7|app: 0|req: 593/1187] 10.0.0.99 () {32 vars in 815 bytes} [Wed Jul 29 17:29:46 2026] GET /resource_providers/4154deb0-aa84-4493-a095-036ca052179c/aggregates => generated 235 bytes in 14 msecs (HTTP/1.1 404) 5 headers in 202 bytes (1 switches on core 0)
2026-07-29 17:29:46.361 8 INFO placement.requestlog [None req-17dc731c-c016-40d1-8be3-272f5909003a c8b2d7d2e25e4f8d81f98adc7b6a05a1 8858a882675648d0b761043288578b37 - - 72f15bcd80154b08b23b6773fd3644ec 72f15bcd80154b08b23b6773fd3644ec] 10.0.0.99 "DELETE /resource_providers/4154deb0-aa84-4493-a095-036ca052179c" status: 404 len: 246 microversion: 1.1 [pid: 8|app: 0|req: 595/1188] 10.0.0.99 () {34 vars in 815 bytes} [Wed Jul 29 17:29:46 2026] DELETE /resource_providers/4154deb0-aa84-4493-a095-036ca052179c => generated 246 bytes in 14 msecs (HTTP/1.1 404) 6 headers in 231 bytes (1 switches on core 0)
2026-07-29 17:29:52.986 7 INFO placement.requestlog [None req-1a392479-f2c6-4410-a7c2-e52aefdb102b c8b2d7d2e25e4f8d81f98adc7b6a05a1 8858a882675648d0b761043288578b37 - - 72f15bcd80154b08b23b6773fd3644ec 72f15bcd80154b08b23b6773fd3644ec] 10.0.0.99 "GET /resource_providers/8db9c7a4-4401-4b3c-9eb6-5889ffb1db52/aggregates" status: 404 len: 235 microversion: 1.1 [pid: 7|app: 0|req: 594/1189] 10.0.0.99 () {32 vars in 815 bytes} [Wed Jul 29 17:29:52 2026] GET /resource_providers/8db9c7a4-4401-4b3c-9eb6-5889ffb1db52/aggregates => generated 235 bytes in 13 msecs (HTTP/1.1 404) 5 headers in 202 bytes (1 switches on core 0)
2026-07-29 17:29:52.995 8 INFO placement.requestlog [None req-4baeb017-2c44-4115-9e97-3967f505e1a4 c8b2d7d2e25e4f8d81f98adc7b6a05a1 8858a882675648d0b761043288578b37 - - 72f15bcd80154b08b23b6773fd3644ec 72f15bcd80154b08b23b6773fd3644ec] 10.0.0.99 "GET /resource_providers/8db9c7a4-4401-4b3c-9eb6-5889ffb1db52/aggregates" status: 404 len: 235 microversion: 1.1 [pid: 8|app: 0|req: 596/1190] 10.0.0.99 () {32 vars in 815 bytes} [Wed Jul 29 17:29:52 2026] GET /resource_providers/8db9c7a4-4401-4b3c-9eb6-5889ffb1db52/aggregates => generated 235 bytes in 15 msecs (HTTP/1.1 404) 5 headers in 202 bytes (1 switches on core 0)
2026-07-29 17:29:53.009 7 INFO placement.requestlog [None req-a434cfe3-2164-49f7-ab0d-8c709e4a9bbf c8b2d7d2e25e4f8d81f98adc7b6a05a1 8858a882675648d0b761043288578b37 - - 72f15bcd80154b08b23b6773fd3644ec 72f15bcd80154b08b23b6773fd3644ec] 10.0.0.99 "DELETE /resource_providers/8db9c7a4-4401-4b3c-9eb6-5889ffb1db52" status: 404 len: 246 microversion: 1.1 [pid: 7|app: 0|req: 595/1191] 10.0.0.99 () {34 vars in 815 bytes} [Wed Jul 29 17:29:52 2026] DELETE /resource_providers/8db9c7a4-4401-4b3c-9eb6-5889ffb1db52 => generated 246 bytes in 10 msecs (HTTP/1.1 404) 6 headers in 231 bytes (1 switches on core 0)
2026-07-29 17:29:53.013 8 INFO placement.requestlog [None req-8bf86d43-3543-4384-9f69-5316a29438d8 c8b2d7d2e25e4f8d81f98adc7b6a05a1 8858a882675648d0b761043288578b37 - - 72f15bcd80154b08b23b6773fd3644ec 72f15bcd80154b08b23b6773fd3644ec] 10.0.0.99 "DELETE /resource_providers/8db9c7a4-4401-4b3c-9eb6-5889ffb1db52" status: 404 len: 246 microversion: 1.1 [pid: 8|app: 0|req: 597/1192] 10.0.0.99 () {34 vars in 815 bytes} [Wed Jul 29 17:29:53 2026] DELETE /resource_providers/8db9c7a4-4401-4b3c-9eb6-5889ffb1db52 => generated 246 bytes in 7 msecs (HTTP/1.1 404) 6 headers in 231 bytes (1 switches on core 0)
2026-07-29 17:29:54.917 8 INFO placement.requestlog [None req-5be371c8-8f35-4bdf-85dc-e7cb5225a55a c8b2d7d2e25e4f8d81f98adc7b6a05a1 8858a882675648d0b761043288578b37 - - 72f15bcd80154b08b23b6773fd3644ec 72f15bcd80154b08b23b6773fd3644ec] 10.0.0.99 "GET /resource_providers/303f2667-1c2c-42be-b12a-2e5a142fcf54/aggregates" status: 404 len: 235 microversion: 1.1 [pid: 8|app: 0|req: 598/1193] 10.0.0.99 () {32 vars in 815 bytes} [Wed Jul 29 17:29:54 2026] GET /resource_providers/303f2667-1c2c-42be-b12a-2e5a142fcf54/aggregates => generated 235 bytes in 8 msecs (HTTP/1.1 404) 5 headers in 202 bytes (1 switches on core 0)
2026-07-29 17:29:54.920 7 INFO placement.requestlog [None req-ed8a81c2-4b38-4fab-aa1b-053e3134ced6 c8b2d7d2e25e4f8d81f98adc7b6a05a1 8858a882675648d0b761043288578b37 - - 72f15bcd80154b08b23b6773fd3644ec 72f15bcd80154b08b23b6773fd3644ec] 10.0.0.99 "GET /resource_providers/303f2667-1c2c-42be-b12a-2e5a142fcf54/aggregates" status: 404 len: 235 microversion: 1.1 [pid: 7|app: 0|req: 596/1194] 10.0.0.99 () {32 vars in 815 bytes} [Wed Jul 29 17:29:54 2026] GET /resource_providers/303f2667-1c2c-42be-b12a-2e5a142fcf54/aggregates => generated 235 bytes in 17 msecs (HTTP/1.1 404) 5 headers in 202 bytes (1 switches on core 0)
2026-07-29 17:29:54.950 8 INFO placement.requestlog [None req-841b2bed-136a-4f95-aaef-e0e11993f61f c8b2d7d2e25e4f8d81f98adc7b6a05a1 8858a882675648d0b761043288578b37 - - 72f15bcd80154b08b23b6773fd3644ec 72f15bcd80154b08b23b6773fd3644ec] 10.0.0.99 "DELETE /resource_providers/303f2667-1c2c-42be-b12a-2e5a142fcf54" status: 404 len: 246 microversion: 1.1 [pid: 8|app: 0|req: 599/1195] 10.0.0.99 () {34 vars in 815 bytes} [Wed Jul 29 17:29:54 2026] DELETE /resource_providers/303f2667-1c2c-42be-b12a-2e5a142fcf54 => generated 246 bytes in 14 msecs (HTTP/1.1 404) 6 headers in 231 bytes (1 switches on core 0)
2026-07-29 17:29:54.956 7 INFO placement.requestlog [None req-a00cd677-9245-4646-bb04-235cf05fb1af c8b2d7d2e25e4f8d81f98adc7b6a05a1 8858a882675648d0b761043288578b37 - - 72f15bcd80154b08b23b6773fd3644ec 72f15bcd80154b08b23b6773fd3644ec] 10.0.0.99 "DELETE /resource_providers/303f2667-1c2c-42be-b12a-2e5a142fcf54" status: 404 len: 246 microversion: 1.1 [pid: 7|app: 0|req: 597/1196] 10.0.0.99 () {34 vars in 815 bytes} [Wed Jul 29 17:29:54 2026] DELETE /resource_providers/303f2667-1c2c-42be-b12a-2e5a142fcf54 => generated 246 bytes in 21 msecs (HTTP/1.1 404) 6 headers in 231 bytes (1 switches on core 0)
2026-07-29 17:29:55.043 8 INFO placement.requestlog [None req-53a80208-6110-488d-a99b-edbc118de0d0 c8b2d7d2e25e4f8d81f98adc7b6a05a1 8858a882675648d0b761043288578b37 - - 72f15bcd80154b08b23b6773fd3644ec 72f15bcd80154b08b23b6773fd3644ec] 10.0.0.99 "GET /resource_providers/8fe34727-780e-4d93-a549-1e16a139e0f6/aggregates" status: 404 len: 235 microversion: 1.1 [pid: 8|app: 0|req: 600/1197] 10.0.0.99 () {32 vars in 815 bytes} [Wed Jul 29 17:29:55 2026] GET /resource_providers/8fe34727-780e-4d93-a549-1e16a139e0f6/aggregates => generated 235 bytes in 12 msecs (HTTP/1.1 404) 5 headers in 202 bytes (1 switches on core 0)
2026-07-29 17:29:55.045 7 INFO placement.requestlog [None req-5efdba11-691a-4ef6-a190-b8fea4ee58d1 c8b2d7d2e25e4f8d81f98adc7b6a05a1 8858a882675648d0b761043288578b37 - - 72f15bcd80154b08b23b6773fd3644ec 72f15bcd80154b08b23b6773fd3644ec] 10.0.0.99 "GET /resource_providers/8fe34727-780e-4d93-a549-1e16a139e0f6/aggregates" status: 404 len: 235 microversion: 1.1 [pid: 7|app: 0|req: 598/1198] 10.0.0.99 () {32 vars in 815 bytes} [Wed Jul 29 17:29:55 2026] GET /resource_providers/8fe34727-780e-4d93-a549-1e16a139e0f6/aggregates => generated 235 bytes in 15 msecs (HTTP/1.1 404) 5 headers in 202 bytes (1 switches on core 0)
2026-07-29 17:29:55.067 8 INFO placement.requestlog [None req-fa19a2a0-cb6a-4bbb-aa4a-3c97fa46eaaa c8b2d7d2e25e4f8d81f98adc7b6a05a1 8858a882675648d0b761043288578b37 - - 72f15bcd80154b08b23b6773fd3644ec 72f15bcd80154b08b23b6773fd3644ec] 10.0.0.99 "DELETE /resource_providers/8fe34727-780e-4d93-a549-1e16a139e0f6" status: 404 len: 246 microversion: 1.1 [pid: 8|app: 0|req: 601/1199] 10.0.0.99 () {34 vars in 815 bytes} [Wed Jul 29 17:29:55 2026] DELETE /resource_providers/8fe34727-780e-4d93-a549-1e16a139e0f6 => generated 246 bytes in 11 msecs (HTTP/1.1 404) 6 headers in 231 bytes (1 switches on core 0)
2026-07-29 17:29:55.068 7 INFO placement.requestlog [None req-e298e2cd-6948-4ac6-b657-35f04ce43edf c8b2d7d2e25e4f8d81f98adc7b6a05a1 8858a882675648d0b761043288578b37 - - 72f15bcd80154b08b23b6773fd3644ec 72f15bcd80154b08b23b6773fd3644ec] 10.0.0.99 "DELETE /resource_providers/8fe34727-780e-4d93-a549-1e16a139e0f6" status: 404 len: 246 microversion: 1.1 [pid: 7|app: 0|req: 599/1200] 10.0.0.99 () {34 vars in 815 bytes} [Wed Jul 29 17:29:55 2026] DELETE /resource_providers/8fe34727-780e-4d93-a549-1e16a139e0f6 => generated 246 bytes in 12 msecs (HTTP/1.1 404) 6 headers in 231 bytes (1 switches on core 0)
2026-07-29 17:29:55.366 8 INFO placement.requestlog [req-233aa47b-1296-47e2-917f-5f6bae060e78 req-6d14b6e6-afac-4c2d-bab7-6b6f7e942ae7 5d9610c6eae0425e8eea286677b9a5d1 8858a882675648d0b761043288578b37 - - 72f15bcd80154b08b23b6773fd3644ec 72f15bcd80154b08b23b6773fd3644ec] 199.204.45.205 "GET /resource_providers/c4e24cd5-49c3-420e-8a4e-6bc24d399359/allocations" status: 200 len: 253 microversion: 1.0 [pid: 8|app: 0|req: 602/1201] 199.204.45.205 () {32 vars in 857 bytes} [Wed Jul 29 17:29:55 2026] GET /resource_providers/c4e24cd5-49c3-420e-8a4e-6bc24d399359/allocations => generated 253 bytes in 20 msecs (HTTP/1.1 200) 6 headers in 224 bytes (1 switches on core 0)
2026-07-29 17:29:55.398 7 INFO placement.requestlog [req-233aa47b-1296-47e2-917f-5f6bae060e78 req-6cfead07-6285-49ca-a695-6ffdd9ab79a5 5d9610c6eae0425e8eea286677b9a5d1 8858a882675648d0b761043288578b37 - - 72f15bcd80154b08b23b6773fd3644ec 72f15bcd80154b08b23b6773fd3644ec] 199.204.45.205 "GET /allocations/08ac8089-e1b7-4c48-bdba-88376eb24c28" status: 200 len: 258 microversion: 1.28 [pid: 7|app: 0|req: 600/1202] 199.204.45.205 () {34 vars in 863 bytes} [Wed Jul 29 17:29:55 2026] GET /allocations/08ac8089-e1b7-4c48-bdba-88376eb24c28 => generated 258 bytes in 26 msecs (HTTP/1.1 200) 8 headers in 296 bytes (1 switches on core 0)
2026-07-29 17:29:55.419 8 INFO placement.requestlog [req-233aa47b-1296-47e2-917f-5f6bae060e78 req-4f134ab2-de0a-4f4c-b4f6-e08c309699a1 5d9610c6eae0425e8eea286677b9a5d1 8858a882675648d0b761043288578b37 - - 72f15bcd80154b08b23b6773fd3644ec 72f15bcd80154b08b23b6773fd3644ec] 199.204.45.205 "GET /allocations/0453fbf8-32b5-459e-b33e-3f6e66ae91aa" status: 200 len: 258 microversion: 1.28 [pid: 8|app: 0|req: 603/1203] 199.204.45.205 () {34 vars in 863 bytes} [Wed Jul 29 17:29:55 2026] GET /allocations/0453fbf8-32b5-459e-b33e-3f6e66ae91aa => generated 258 bytes in 13 msecs (HTTP/1.1 200) 8 headers in 296 bytes (1 switches on core 0)
2026-07-29 17:29:56.054 7 INFO placement.requestlog [None req-2b8ad00c-fc35-446c-b4fa-35a101839570 - - - - - -] 10.0.0.172 "GET /" status: 200 len: 136 microversion: 1.0
2026-07-29 17:29:56.054 8 INFO placement.requestlog [None req-f5eeb3dd-4195-49a9-8827-c952ef541e50 - - - - - -] 10.0.0.172 "GET /" status: 200 len: 136 microversion: 1.0
2026-07-29 17:29:56.530 8 INFO placement.requestlog [req-233aa47b-1296-47e2-917f-5f6bae060e78 req-d754a60b-4af6-43cf-9ed3-1f303ebcca08 5d9610c6eae0425e8eea286677b9a5d1 8858a882675648d0b761043288578b37 - - 72f15bcd80154b08b23b6773fd3644ec 72f15bcd80154b08b23b6773fd3644ec] 199.204.45.205 "DELETE /allocations/08ac8089-e1b7-4c48-bdba-88376eb24c28" status: 204 len: 0 microversion: 1.0 [pid: 8|app: 0|req: 605/1206] 199.204.45.205 () {34 vars in 841 bytes} [Wed Jul 29 17:29:56 2026] DELETE /allocations/08ac8089-e1b7-4c48-bdba-88376eb24c28 => generated 0 bytes in 84 msecs (HTTP/1.1 204) 5 headers in 198 bytes (1 switches on core 0)
2026-07-29 17:29:56.975 7 INFO placement.requestlog [None req-503a6ebe-867d-4986-9e61-7590dbec67fd c8b2d7d2e25e4f8d81f98adc7b6a05a1 8858a882675648d0b761043288578b37 - - 72f15bcd80154b08b23b6773fd3644ec 72f15bcd80154b08b23b6773fd3644ec] 10.0.0.99 "GET /resource_providers/d17017ff-7d91-4826-a231-fe834ba8e725/aggregates" status: 404 len: 235 microversion: 1.1 [pid: 7|app: 0|req: 602/1207] 10.0.0.99 () {32 vars in 815 bytes} [Wed Jul 29 17:29:56 2026] GET /resource_providers/d17017ff-7d91-4826-a231-fe834ba8e725/aggregates => generated 235 bytes in 16 msecs (HTTP/1.1 404) 5 headers in 202 bytes (1 switches on core 0)
2026-07-29 17:29:57.002 8 INFO placement.requestlog [None req-1db47315-7d67-4fc6-88ec-3ed275466f7c c8b2d7d2e25e4f8d81f98adc7b6a05a1 8858a882675648d0b761043288578b37 - - 72f15bcd80154b08b23b6773fd3644ec 72f15bcd80154b08b23b6773fd3644ec] 10.0.0.99 "DELETE /resource_providers/d17017ff-7d91-4826-a231-fe834ba8e725" status: 404 len: 246 microversion: 1.1 [pid: 8|app: 0|req: 606/1208] 10.0.0.99 () {34 vars in 815 bytes} [Wed Jul 29 17:29:56 2026] DELETE /resource_providers/d17017ff-7d91-4826-a231-fe834ba8e725 => generated 246 bytes in 16 msecs (HTTP/1.1 404) 6 headers in 231 bytes (1 switches on core 0)
2026-07-29 17:29:57.007 7 INFO placement.requestlog [None req-91ad93c3-d915-4ba0-8096-b0e76e80089e c8b2d7d2e25e4f8d81f98adc7b6a05a1 8858a882675648d0b761043288578b37 - - 72f15bcd80154b08b23b6773fd3644ec 72f15bcd80154b08b23b6773fd3644ec] 10.0.0.99 "GET /resource_providers/d17017ff-7d91-4826-a231-fe834ba8e725/aggregates" status: 404 len: 235 microversion: 1.1 [pid: 7|app: 0|req: 603/1209] 10.0.0.99 () {32 vars in 815 bytes} [Wed Jul 29 17:29:56 2026] GET /resource_providers/d17017ff-7d91-4826-a231-fe834ba8e725/aggregates => generated 235 bytes in 20 msecs (HTTP/1.1 404) 5 headers in 202 bytes (1 switches on core 0)
2026-07-29 17:29:57.036 8 INFO placement.requestlog [None req-2143ab5b-3e20-402c-bdef-4dbabeb77f6e c8b2d7d2e25e4f8d81f98adc7b6a05a1 8858a882675648d0b761043288578b37 - - 72f15bcd80154b08b23b6773fd3644ec 72f15bcd80154b08b23b6773fd3644ec] 10.0.0.99 "GET /resource_providers/f8245030-887c-427f-805d-86f0c25545dc/aggregates" status: 404 len: 235 microversion: 1.1 [pid: 8|app: 0|req: 607/1210] 10.0.0.99 () {32 vars in 815 bytes} [Wed Jul 29 17:29:57 2026] GET /resource_providers/f8245030-887c-427f-805d-86f0c25545dc/aggregates => generated 235 bytes in 16 msecs (HTTP/1.1 404) 5 headers in 202 bytes (1 switches on core 0)
2026-07-29 17:29:57.037 7 INFO placement.requestlog [None req-107f8241-1bae-406b-ba51-e7a4e5e65a99 c8b2d7d2e25e4f8d81f98adc7b6a05a1 8858a882675648d0b761043288578b37 - - 72f15bcd80154b08b23b6773fd3644ec 72f15bcd80154b08b23b6773fd3644ec] 10.0.0.99 "DELETE /resource_providers/d17017ff-7d91-4826-a231-fe834ba8e725" status: 404 len: 246 microversion: 1.1 [pid: 7|app: 0|req: 604/1211] 10.0.0.99 () {34 vars in 815 bytes} [Wed Jul 29 17:29:57 2026] DELETE /resource_providers/d17017ff-7d91-4826-a231-fe834ba8e725 => generated 246 bytes in 14 msecs (HTTP/1.1 404) 6 headers in 231 bytes (1 switches on core 0)
2026-07-29 17:29:57.077 8 INFO placement.requestlog [None req-eddf294e-036d-4710-820a-74f3414a02df c8b2d7d2e25e4f8d81f98adc7b6a05a1 8858a882675648d0b761043288578b37 - - 72f15bcd80154b08b23b6773fd3644ec 72f15bcd80154b08b23b6773fd3644ec] 10.0.0.99 "DELETE /resource_providers/f8245030-887c-427f-805d-86f0c25545dc" status: 404 len: 246 microversion: 1.1 [pid: 8|app: 0|req: 608/1212] 10.0.0.99 () {34 vars in 815 bytes} [Wed Jul 29 17:29:57 2026] DELETE /resource_providers/f8245030-887c-427f-805d-86f0c25545dc => generated 246 bytes in 16 msecs (HTTP/1.1 404) 6 headers in 231 bytes (1 switches on core 0)
2026-07-29 17:29:57.082 7 INFO placement.requestlog [None req-1b99db43-0898-4a9c-8b6e-68dee0e26330 c8b2d7d2e25e4f8d81f98adc7b6a05a1 8858a882675648d0b761043288578b37 - - 72f15bcd80154b08b23b6773fd3644ec 72f15bcd80154b08b23b6773fd3644ec] 10.0.0.99 "GET /resource_providers/f8245030-887c-427f-805d-86f0c25545dc/aggregates" status: 404 len: 235 microversion: 1.1 [pid: 7|app: 0|req: 605/1213] 10.0.0.99 () {32 vars in 815 bytes} [Wed Jul 29 17:29:57 2026] GET /resource_providers/f8245030-887c-427f-805d-86f0c25545dc/aggregates => generated 235 bytes in 21 msecs (HTTP/1.1 404) 5 headers in 202 bytes (1 switches on core 0)
2026-07-29 17:29:57.103 8 INFO placement.requestlog [None req-be664444-f7cb-4e86-8e41-267792bdceaa c8b2d7d2e25e4f8d81f98adc7b6a05a1 8858a882675648d0b761043288578b37 - - 72f15bcd80154b08b23b6773fd3644ec 72f15bcd80154b08b23b6773fd3644ec] 10.0.0.99 "GET /resource_providers/16115da4-0bb0-40d0-b707-f06c4c977792/aggregates" status: 404 len: 235 microversion: 1.1 [pid: 8|app: 0|req: 609/1214] 10.0.0.99 () {32 vars in 815 bytes} [Wed Jul 29 17:29:57 2026] GET /resource_providers/16115da4-0bb0-40d0-b707-f06c4c977792/aggregates => generated 235 bytes in 11 msecs (HTTP/1.1 404) 5 headers in 202 bytes (1 switches on core 0)
2026-07-29 17:29:57.108 7 INFO placement.requestlog [None req-b26d4c9a-9d85-4217-8b33-da24607f36fb c8b2d7d2e25e4f8d81f98adc7b6a05a1 8858a882675648d0b761043288578b37 - - 72f15bcd80154b08b23b6773fd3644ec 72f15bcd80154b08b23b6773fd3644ec] 10.0.0.99 "DELETE /resource_providers/f8245030-887c-427f-805d-86f0c25545dc" status: 404 len: 246 microversion: 1.1 [pid: 7|app: 0|req: 606/1215] 10.0.0.99 () {34 vars in 815 bytes} [Wed Jul 29 17:29:57 2026] DELETE /resource_providers/f8245030-887c-427f-805d-86f0c25545dc => generated 246 bytes in 14 msecs (HTTP/1.1 404) 6 headers in 231 bytes (1 switches on core 0)
2026-07-29 17:29:57.127 8 INFO placement.requestlog [None req-3de7ae15-19f2-4940-9510-6fbb8c748bf2 c8b2d7d2e25e4f8d81f98adc7b6a05a1 8858a882675648d0b761043288578b37 - - 72f15bcd80154b08b23b6773fd3644ec 72f15bcd80154b08b23b6773fd3644ec] 10.0.0.99 "DELETE /resource_providers/16115da4-0bb0-40d0-b707-f06c4c977792" status: 404 len: 246 microversion: 1.1 [pid: 8|app: 0|req: 610/1216] 10.0.0.99 () {34 vars in 815 bytes} [Wed Jul 29 17:29:57 2026] DELETE /resource_providers/16115da4-0bb0-40d0-b707-f06c4c977792 => generated 246 bytes in 7 msecs (HTTP/1.1 404) 6 headers in 231 bytes (1 switches on core 0)
2026-07-29 17:29:57.130 7 INFO placement.requestlog [None req-9a93c5d4-65a9-42c2-81ae-9914914bbcd3 c8b2d7d2e25e4f8d81f98adc7b6a05a1 8858a882675648d0b761043288578b37 - - 72f15bcd80154b08b23b6773fd3644ec 72f15bcd80154b08b23b6773fd3644ec] 10.0.0.99 "GET /resource_providers/16115da4-0bb0-40d0-b707-f06c4c977792/aggregates" status: 404 len: 235 microversion: 1.1 [pid: 7|app: 0|req: 607/1217] 10.0.0.99 () {32 vars in 815 bytes} [Wed Jul 29 17:29:57 2026] GET /resource_providers/16115da4-0bb0-40d0-b707-f06c4c977792/aggregates => generated 235 bytes in 9 msecs (HTTP/1.1 404) 5 headers in 202 bytes (1 switches on core 0)
2026-07-29 17:29:57.159 8 INFO placement.requestlog [None req-6499320a-ded8-40bd-893d-52b4ef7c89de c8b2d7d2e25e4f8d81f98adc7b6a05a1 8858a882675648d0b761043288578b37 - - 72f15bcd80154b08b23b6773fd3644ec 72f15bcd80154b08b23b6773fd3644ec] 10.0.0.99 "GET /resource_providers/93c38fcb-bf92-4370-9bc2-84b2187ffc49/aggregates" status: 404 len: 235 microversion: 1.1 [pid: 8|app: 0|req: 611/1218] 10.0.0.99 () {32 vars in 815 bytes} [Wed Jul 29 17:29:57 2026] GET /resource_providers/93c38fcb-bf92-4370-9bc2-84b2187ffc49/aggregates => generated 235 bytes in 16 msecs (HTTP/1.1 404) 5 headers in 202 bytes (1 switches on core 0)
2026-07-29 17:29:57.171 7 INFO placement.requestlog [None req-60b3053e-5812-40b9-b5ad-99ed1419dcd8 c8b2d7d2e25e4f8d81f98adc7b6a05a1 8858a882675648d0b761043288578b37 - - 72f15bcd80154b08b23b6773fd3644ec 72f15bcd80154b08b23b6773fd3644ec] 10.0.0.99 "DELETE /resource_providers/16115da4-0bb0-40d0-b707-f06c4c977792" status: 404 len: 246 microversion: 1.1 [pid: 7|app: 0|req: 608/1219] 10.0.0.99 () {34 vars in 815 bytes} [Wed Jul 29 17:29:57 2026] DELETE /resource_providers/16115da4-0bb0-40d0-b707-f06c4c977792 => generated 246 bytes in 22 msecs (HTTP/1.1 404) 6 headers in 231 bytes (1 switches on core 0)
2026-07-29 17:29:57.174 8 INFO placement.requestlog [None req-caa1e4e4-2a41-48f9-8a8a-718233e3b7e1 c8b2d7d2e25e4f8d81f98adc7b6a05a1 8858a882675648d0b761043288578b37 - - 72f15bcd80154b08b23b6773fd3644ec 72f15bcd80154b08b23b6773fd3644ec] 10.0.0.99 "DELETE /resource_providers/93c38fcb-bf92-4370-9bc2-84b2187ffc49" status: 404 len: 246 microversion: 1.1 [pid: 8|app: 0|req: 612/1220] 10.0.0.99 () {34 vars in 815 bytes} [Wed Jul 29 17:29:57 2026] DELETE /resource_providers/93c38fcb-bf92-4370-9bc2-84b2187ffc49 => generated 246 bytes in 8 msecs (HTTP/1.1 404) 6 headers in 231 bytes (1 switches on core 0)
2026-07-29 17:29:57.198 7 INFO placement.requestlog [None req-509b551f-500c-4bb1-9633-6c432f920402 c8b2d7d2e25e4f8d81f98adc7b6a05a1 8858a882675648d0b761043288578b37 - - 72f15bcd80154b08b23b6773fd3644ec 72f15bcd80154b08b23b6773fd3644ec] 10.0.0.99 "GET /resource_providers/93c38fcb-bf92-4370-9bc2-84b2187ffc49/aggregates" status: 404 len: 235 microversion: 1.1 [pid: 7|app: 0|req: 609/1221] 10.0.0.99 () {32 vars in 815 bytes} [Wed Jul 29 17:29:57 2026] GET /resource_providers/93c38fcb-bf92-4370-9bc2-84b2187ffc49/aggregates => generated 235 bytes in 12 msecs (HTTP/1.1 404) 5 headers in 202 bytes (1 switches on core 0)
2026-07-29 17:29:57.223 8 INFO placement.requestlog [None req-77d33ee9-8011-42aa-b76b-ced9a9b0fbd6 c8b2d7d2e25e4f8d81f98adc7b6a05a1 8858a882675648d0b761043288578b37 - - 72f15bcd80154b08b23b6773fd3644ec 72f15bcd80154b08b23b6773fd3644ec] 10.0.0.99 "DELETE /resource_providers/93c38fcb-bf92-4370-9bc2-84b2187ffc49" status: 404 len: 246 microversion: 1.1 [pid: 8|app: 0|req: 613/1222] 10.0.0.99 () {34 vars in 815 bytes} [Wed Jul 29 17:29:57 2026] DELETE /resource_providers/93c38fcb-bf92-4370-9bc2-84b2187ffc49 => generated 246 bytes in 14 msecs (HTTP/1.1 404) 6 headers in 231 bytes (1 switches on core 0)
2026-07-29 17:29:59.622 7 INFO placement.requestlog [None req-01b0de7a-51c5-4b5f-a995-2b23546ccd65 c8b2d7d2e25e4f8d81f98adc7b6a05a1 8858a882675648d0b761043288578b37 - - 72f15bcd80154b08b23b6773fd3644ec 72f15bcd80154b08b23b6773fd3644ec] 10.0.0.99 "GET /resource_providers/6582618f-7bed-42a5-8a97-3104f9d8e665/aggregates" status: 404 len: 235 microversion: 1.1 [pid: 7|app: 0|req: 610/1223] 10.0.0.99 () {32 vars in 815 bytes} [Wed Jul 29 17:29:59 2026] GET /resource_providers/6582618f-7bed-42a5-8a97-3104f9d8e665/aggregates => generated 235 bytes in 9 msecs (HTTP/1.1 404) 5 headers in 202 bytes (1 switches on core 0)
2026-07-29 17:29:59.629 8 INFO placement.requestlog [None req-fb3cb96d-e153-4c75-9565-9674289d0601 c8b2d7d2e25e4f8d81f98adc7b6a05a1 8858a882675648d0b761043288578b37 - - 72f15bcd80154b08b23b6773fd3644ec 72f15bcd80154b08b23b6773fd3644ec] 10.0.0.99 "GET /resource_providers/6582618f-7bed-42a5-8a97-3104f9d8e665/aggregates" status: 404 len: 235 microversion: 1.1 [pid: 8|app: 0|req: 614/1224] 10.0.0.99 () {32 vars in 815 bytes} [Wed Jul 29 17:29:59 2026] GET /resource_providers/6582618f-7bed-42a5-8a97-3104f9d8e665/aggregates => generated 235 bytes in 15 msecs (HTTP/1.1 404) 5 headers in 202 bytes (1 switches on core 0)
2026-07-29 17:29:59.647 7 INFO placement.requestlog [None req-350cebe1-ed94-4c12-847e-37f877076be4 c8b2d7d2e25e4f8d81f98adc7b6a05a1 8858a882675648d0b761043288578b37 - - 72f15bcd80154b08b23b6773fd3644ec 72f15bcd80154b08b23b6773fd3644ec] 10.0.0.99 "DELETE /resource_providers/6582618f-7bed-42a5-8a97-3104f9d8e665" status: 404 len: 246 microversion: 1.1 [pid: 7|app: 0|req: 611/1225] 10.0.0.99 () {34 vars in 815 bytes} [Wed Jul 29 17:29:59 2026] DELETE /resource_providers/6582618f-7bed-42a5-8a97-3104f9d8e665 => generated 246 bytes in 12 msecs (HTTP/1.1 404) 6 headers in 231 bytes (1 switches on core 0)
2026-07-29 17:29:59.652 8 INFO placement.requestlog [None req-d2aca3af-9144-4520-a570-9d0aee72ec39 c8b2d7d2e25e4f8d81f98adc7b6a05a1 8858a882675648d0b761043288578b37 - - 72f15bcd80154b08b23b6773fd3644ec 72f15bcd80154b08b23b6773fd3644ec] 10.0.0.99 "DELETE /resource_providers/6582618f-7bed-42a5-8a97-3104f9d8e665" status: 404 len: 246 microversion: 1.1 [pid: 8|app: 0|req: 615/1226] 10.0.0.99 () {34 vars in 815 bytes} [Wed Jul 29 17:29:59 2026] DELETE /resource_providers/6582618f-7bed-42a5-8a97-3104f9d8e665 => generated 246 bytes in 12 msecs (HTTP/1.1 404) 6 headers in 231 bytes (1 switches on core 0)
2026-07-29 17:30:01.368 7 INFO placement.requestlog [req-0361f37a-2ee1-4f2f-b861-ecd5712a7bb1 req-d3678d6f-f8f2-487b-9696-50be8ccdb85c 5d9610c6eae0425e8eea286677b9a5d1 8858a882675648d0b761043288578b37 - - 72f15bcd80154b08b23b6773fd3644ec 72f15bcd80154b08b23b6773fd3644ec] 199.204.45.205 "GET /resource_providers/c4e24cd5-49c3-420e-8a4e-6bc24d399359/allocations" status: 200 len: 153 microversion: 1.0 [pid: 7|app: 0|req: 612/1227] 199.204.45.205 () {32 vars in 857 bytes} [Wed Jul 29 17:30:01 2026] GET /resource_providers/c4e24cd5-49c3-420e-8a4e-6bc24d399359/allocations => generated 153 bytes in 22 msecs (HTTP/1.1 200) 6 headers in 224 bytes (1 switches on core 0)
2026-07-29 17:30:01.432 8 INFO placement.requestlog [req-0361f37a-2ee1-4f2f-b861-ecd5712a7bb1 req-66de5330-7086-40d7-8499-fafd05713a55 5d9610c6eae0425e8eea286677b9a5d1 8858a882675648d0b761043288578b37 - - 72f15bcd80154b08b23b6773fd3644ec 72f15bcd80154b08b23b6773fd3644ec] 199.204.45.205 "GET /resource_providers/c4e24cd5-49c3-420e-8a4e-6bc24d399359/allocations" status: 200 len: 153 microversion: 1.0 [pid: 8|app: 0|req: 616/1228] 199.204.45.205 () {32 vars in 857 bytes} [Wed Jul 29 17:30:01 2026] GET /resource_providers/c4e24cd5-49c3-420e-8a4e-6bc24d399359/allocations => generated 153 bytes in 52 msecs (HTTP/1.1 200) 6 headers in 224 bytes (1 switches on core 0)
2026-07-29 17:30:01.453 7 INFO placement.requestlog [req-0361f37a-2ee1-4f2f-b861-ecd5712a7bb1 req-dcd5e0b2-17b6-440a-817c-fbb64eeff3f4 5d9610c6eae0425e8eea286677b9a5d1 8858a882675648d0b761043288578b37 - - 72f15bcd80154b08b23b6773fd3644ec 72f15bcd80154b08b23b6773fd3644ec] 199.204.45.205 "GET /allocations/0453fbf8-32b5-459e-b33e-3f6e66ae91aa" status: 200 len: 258 microversion: 1.28 [pid: 7|app: 0|req: 613/1229] 199.204.45.205 () {34 vars in 863 bytes} [Wed Jul 29 17:30:01 2026] GET /allocations/0453fbf8-32b5-459e-b33e-3f6e66ae91aa => generated 258 bytes in 14 msecs (HTTP/1.1 200) 8 headers in 296 bytes (1 switches on core 0)
2026-07-29 17:30:01.670 8 INFO placement.requestlog [None req-fa41e1fb-b78a-4ee9-b2c8-b153abd4ca1b c8b2d7d2e25e4f8d81f98adc7b6a05a1 8858a882675648d0b761043288578b37 - - 72f15bcd80154b08b23b6773fd3644ec 72f15bcd80154b08b23b6773fd3644ec] 10.0.0.99 "GET /resource_providers/50f6705c-cb03-4211-b1e4-e1ef49d40c93/aggregates" status: 404 len: 235 microversion: 1.1 [pid: 8|app: 0|req: 617/1230] 10.0.0.99 () {32 vars in 815 bytes} [Wed Jul 29 17:30:01 2026] GET /resource_providers/50f6705c-cb03-4211-b1e4-e1ef49d40c93/aggregates => generated 235 bytes in 8 msecs (HTTP/1.1 404) 5 headers in 202 bytes (1 switches on core 0)
2026-07-29 17:30:01.691 8 INFO placement.requestlog [None req-f94c25e9-1ad8-4205-81d7-374c391cc29c c8b2d7d2e25e4f8d81f98adc7b6a05a1 8858a882675648d0b761043288578b37 - - 72f15bcd80154b08b23b6773fd3644ec 72f15bcd80154b08b23b6773fd3644ec] 10.0.0.99 "DELETE /resource_providers/50f6705c-cb03-4211-b1e4-e1ef49d40c93" status: 404 len: 246 microversion: 1.1 [pid: 8|app: 0|req: 618/1231] 10.0.0.99 () {34 vars in 815 bytes} [Wed Jul 29 17:30:01 2026] DELETE /resource_providers/50f6705c-cb03-4211-b1e4-e1ef49d40c93 => generated 246 bytes in 8 msecs (HTTP/1.1 404) 6 headers in 231 bytes (1 switches on core 0)
2026-07-29 17:30:01.697 7 INFO placement.requestlog [None req-b8958feb-ce67-4d46-8a00-976d84135f91 c8b2d7d2e25e4f8d81f98adc7b6a05a1 8858a882675648d0b761043288578b37 - - 72f15bcd80154b08b23b6773fd3644ec 72f15bcd80154b08b23b6773fd3644ec] 10.0.0.99 "GET /resource_providers/50f6705c-cb03-4211-b1e4-e1ef49d40c93/aggregates" status: 404 len: 235 microversion: 1.1 [pid: 7|app: 0|req: 614/1232] 10.0.0.99 () {32 vars in 815 bytes} [Wed Jul 29 17:30:01 2026] GET /resource_providers/50f6705c-cb03-4211-b1e4-e1ef49d40c93/aggregates => generated 235 bytes in 15 msecs (HTTP/1.1 404) 5 headers in 202 bytes (1 switches on core 0)
2026-07-29 17:30:01.714 8 INFO placement.requestlog [None req-fdcb233a-8c93-47cd-a158-ffa03bde7783 c8b2d7d2e25e4f8d81f98adc7b6a05a1 8858a882675648d0b761043288578b37 - - 72f15bcd80154b08b23b6773fd3644ec 72f15bcd80154b08b23b6773fd3644ec] 10.0.0.99 "DELETE /resource_providers/50f6705c-cb03-4211-b1e4-e1ef49d40c93" status: 404 len: 246 microversion: 1.1 [pid: 8|app: 0|req: 619/1233] 10.0.0.99 () {34 vars in 815 bytes} [Wed Jul 29 17:30:01 2026] DELETE /resource_providers/50f6705c-cb03-4211-b1e4-e1ef49d40c93 => generated 246 bytes in 10 msecs (HTTP/1.1 404) 6 headers in 231 bytes (1 switches on core 0)
2026-07-29 17:30:01.786 7 INFO placement.requestlog [None req-e7bb1568-d7fd-4ba8-9a48-e968c4fd7b2b c8b2d7d2e25e4f8d81f98adc7b6a05a1 8858a882675648d0b761043288578b37 - - 72f15bcd80154b08b23b6773fd3644ec 72f15bcd80154b08b23b6773fd3644ec] 10.0.0.99 "GET /resource_providers/62326f1e-64a1-4d96-b840-3e5af65e5daa/aggregates" status: 404 len: 235 microversion: 1.1 [pid: 7|app: 0|req: 615/1234] 10.0.0.99 () {32 vars in 815 bytes} [Wed Jul 29 17:30:01 2026] GET /resource_providers/62326f1e-64a1-4d96-b840-3e5af65e5daa/aggregates => generated 235 bytes in 7 msecs (HTTP/1.1 404) 5 headers in 202 bytes (1 switches on core 0)
2026-07-29 17:30:01.789 8 INFO placement.requestlog [None req-c44a077e-863c-4093-8eb2-611f858df9b1 c8b2d7d2e25e4f8d81f98adc7b6a05a1 8858a882675648d0b761043288578b37 - - 72f15bcd80154b08b23b6773fd3644ec 72f15bcd80154b08b23b6773fd3644ec] 10.0.0.99 "GET /resource_providers/62326f1e-64a1-4d96-b840-3e5af65e5daa/aggregates" status: 404 len: 235 microversion: 1.1 [pid: 8|app: 0|req: 620/1235] 10.0.0.99 () {32 vars in 815 bytes} [Wed Jul 29 17:30:01 2026] GET /resource_providers/62326f1e-64a1-4d96-b840-3e5af65e5daa/aggregates => generated 235 bytes in 10 msecs (HTTP/1.1 404) 5 headers in 202 bytes (1 switches on core 0)
2026-07-29 17:30:01.819 7 INFO placement.requestlog [None req-d93bc20a-f342-49c3-842b-f95c13663513 c8b2d7d2e25e4f8d81f98adc7b6a05a1 8858a882675648d0b761043288578b37 - - 72f15bcd80154b08b23b6773fd3644ec 72f15bcd80154b08b23b6773fd3644ec] 10.0.0.99 "DELETE /resource_providers/62326f1e-64a1-4d96-b840-3e5af65e5daa" status: 404 len: 246 microversion: 1.1
2026-07-29 17:30:01.819 8 INFO placement.requestlog [None req-786804e9-181e-49ff-b412-9c0e9cdefaca c8b2d7d2e25e4f8d81f98adc7b6a05a1 8858a882675648d0b761043288578b37 - - 72f15bcd80154b08b23b6773fd3644ec 72f15bcd80154b08b23b6773fd3644ec] 10.0.0.99 "DELETE /resource_providers/62326f1e-64a1-4d96-b840-3e5af65e5daa" status: 404 len: 246 microversion: 1.1 [pid: 8|app: 0|req: 621/1236] 10.0.0.99 () {34 vars in 815 bytes} [Wed Jul 29 17:30:01 2026] DELETE /resource_providers/62326f1e-64a1-4d96-b840-3e5af65e5daa => generated 246 bytes in 18 msecs (HTTP/1.1 404) 6 headers in 231 bytes (1 switches on core 0) [pid: 7|app: 0|req: 616/1237] 10.0.0.99 () {34 vars in 815 bytes} [Wed Jul 29 17:30:01 2026] DELETE /resource_providers/62326f1e-64a1-4d96-b840-3e5af65e5daa => generated 246 bytes in 23 msecs (HTTP/1.1 404) 6 headers in 231 bytes (1 switches on core 0)
2026-07-29 17:30:03.842 8 INFO placement.requestlog [None req-2744de0e-a87a-4a96-a2d3-2a09a8d38b94 c8b2d7d2e25e4f8d81f98adc7b6a05a1 8858a882675648d0b761043288578b37 - - 72f15bcd80154b08b23b6773fd3644ec 72f15bcd80154b08b23b6773fd3644ec] 10.0.0.99 "GET /resource_providers/81a0f5d6-f82c-49aa-ab8b-116c3ac263e8/aggregates" status: 404 len: 235 microversion: 1.1 [pid: 8|app: 0|req: 622/1238] 10.0.0.99 () {32 vars in 815 bytes} [Wed Jul 29 17:30:03 2026] GET /resource_providers/81a0f5d6-f82c-49aa-ab8b-116c3ac263e8/aggregates => generated 235 bytes in 11 msecs (HTTP/1.1 404) 5 headers in 202 bytes (1 switches on core 0)
2026-07-29 17:30:03.861 8 INFO placement.requestlog [None req-4d52414a-3e94-4ece-b613-70195275f89c c8b2d7d2e25e4f8d81f98adc7b6a05a1 8858a882675648d0b761043288578b37 - - 72f15bcd80154b08b23b6773fd3644ec 72f15bcd80154b08b23b6773fd3644ec] 10.0.0.99 "DELETE /resource_providers/81a0f5d6-f82c-49aa-ab8b-116c3ac263e8" status: 404 len: 246 microversion: 1.1
2026-07-29 17:30:03.862 7 INFO placement.requestlog [None req-a8550ded-dc02-4595-b3a4-03cc9e720b9b c8b2d7d2e25e4f8d81f98adc7b6a05a1 8858a882675648d0b761043288578b37 - - 72f15bcd80154b08b23b6773fd3644ec 72f15bcd80154b08b23b6773fd3644ec] 10.0.0.99 "GET /resource_providers/81a0f5d6-f82c-49aa-ab8b-116c3ac263e8/aggregates" status: 404 len: 235 microversion: 1.1 [pid: 8|app: 0|req: 623/1239] 10.0.0.99 () {34 vars in 815 bytes} [Wed Jul 29 17:30:03 2026] DELETE /resource_providers/81a0f5d6-f82c-49aa-ab8b-116c3ac263e8 => generated 246 bytes in 9 msecs (HTTP/1.1 404) 6 headers in 231 bytes (1 switches on core 0) [pid: 7|app: 0|req: 617/1240] 10.0.0.99 () {32 vars in 815 bytes} [Wed Jul 29 17:30:03 2026] GET /resource_providers/81a0f5d6-f82c-49aa-ab8b-116c3ac263e8/aggregates => generated 235 bytes in 27 msecs (HTTP/1.1 404) 5 headers in 202 bytes (1 switches on core 0)
2026-07-29 17:30:03.891 8 INFO placement.requestlog [None req-2d5185c2-d212-4c85-b8fd-92ec64d10153 c8b2d7d2e25e4f8d81f98adc7b6a05a1 8858a882675648d0b761043288578b37 - - 72f15bcd80154b08b23b6773fd3644ec 72f15bcd80154b08b23b6773fd3644ec] 10.0.0.99 "DELETE /resource_providers/81a0f5d6-f82c-49aa-ab8b-116c3ac263e8" status: 404 len: 246 microversion: 1.1 [pid: 8|app: 0|req: 624/1241] 10.0.0.99 () {34 vars in 815 bytes} [Wed Jul 29 17:30:03 2026] DELETE /resource_providers/81a0f5d6-f82c-49aa-ab8b-116c3ac263e8 => generated 246 bytes in 10 msecs (HTTP/1.1 404) 6 headers in 231 bytes (1 switches on core 0)
2026-07-29 17:30:05.532 8 INFO placement.requestlog [None req-84f0e600-77dc-48c9-8477-a5dca3c206ab c8b2d7d2e25e4f8d81f98adc7b6a05a1 8858a882675648d0b761043288578b37 - - 72f15bcd80154b08b23b6773fd3644ec 72f15bcd80154b08b23b6773fd3644ec] 10.0.0.99 "GET /resource_providers/22e7a2ca-cd0f-46e9-a2e7-c3d267584956/aggregates" status: 404 len: 235 microversion: 1.1 [pid: 8|app: 0|req: 625/1242] 10.0.0.99 () {32 vars in 815 bytes} [Wed Jul 29 17:30:05 2026] GET /resource_providers/22e7a2ca-cd0f-46e9-a2e7-c3d267584956/aggregates => generated 235 bytes in 10 msecs (HTTP/1.1 404) 5 headers in 202 bytes (1 switches on core 0)
2026-07-29 17:30:05.541 7 INFO placement.requestlog [None req-4509d64e-4e62-4411-a131-98fd02ef6f78 c8b2d7d2e25e4f8d81f98adc7b6a05a1 8858a882675648d0b761043288578b37 - - 72f15bcd80154b08b23b6773fd3644ec 72f15bcd80154b08b23b6773fd3644ec] 10.0.0.99 "GET /resource_providers/22e7a2ca-cd0f-46e9-a2e7-c3d267584956/aggregates" status: 404 len: 235 microversion: 1.1 [pid: 7|app: 0|req: 618/1243] 10.0.0.99 () {32 vars in 815 bytes} [Wed Jul 29 17:30:05 2026] GET /resource_providers/22e7a2ca-cd0f-46e9-a2e7-c3d267584956/aggregates => generated 235 bytes in 22 msecs (HTTP/1.1 404) 5 headers in 202 bytes (1 switches on core 0)
2026-07-29 17:30:05.555 8 INFO placement.requestlog [None req-7fa7d75e-7e6f-44cc-8a70-11b27e1f886e c8b2d7d2e25e4f8d81f98adc7b6a05a1 8858a882675648d0b761043288578b37 - - 72f15bcd80154b08b23b6773fd3644ec 72f15bcd80154b08b23b6773fd3644ec] 10.0.0.99 "DELETE /resource_providers/22e7a2ca-cd0f-46e9-a2e7-c3d267584956" status: 404 len: 246 microversion: 1.1 [pid: 8|app: 0|req: 626/1244] 10.0.0.99 () {34 vars in 815 bytes} [Wed Jul 29 17:30:05 2026] DELETE /resource_providers/22e7a2ca-cd0f-46e9-a2e7-c3d267584956 => generated 246 bytes in 10 msecs (HTTP/1.1 404) 6 headers in 231 bytes (1 switches on core 0)
2026-07-29 17:30:05.561 7 INFO placement.requestlog [None req-c261ad02-cdb8-4c7d-9eb5-44aadc1adf4e c8b2d7d2e25e4f8d81f98adc7b6a05a1 8858a882675648d0b761043288578b37 - - 72f15bcd80154b08b23b6773fd3644ec 72f15bcd80154b08b23b6773fd3644ec] 10.0.0.99 "DELETE /resource_providers/22e7a2ca-cd0f-46e9-a2e7-c3d267584956" status: 404 len: 246 microversion: 1.1 [pid: 7|app: 0|req: 619/1245] 10.0.0.99 () {34 vars in 815 bytes} [Wed Jul 29 17:30:05 2026] DELETE /resource_providers/22e7a2ca-cd0f-46e9-a2e7-c3d267584956 => generated 246 bytes in 13 msecs (HTTP/1.1 404) 6 headers in 231 bytes (1 switches on core 0)
2026-07-29 17:30:06.054 8 INFO placement.requestlog [None req-7e4a64da-3fdf-4eac-8d0e-bb54121f94fd - - - - - -] 10.0.0.172 "GET /" status: 200 len: 136 microversion: 1.0
2026-07-29 17:30:06.056 7 INFO placement.requestlog [None req-805bbf37-4834-4b1b-a7cd-5ec9aaf3925f - - - - - -] 10.0.0.172 "GET /" status: 200 len: 136 microversion: 1.0
2026-07-29 17:30:06.498 8 INFO placement.requestlog [req-479b14b3-c2ff-4a8b-88c0-4a1c35557526 req-7e585383-ecb2-4747-a7ec-650de9903781 5d9610c6eae0425e8eea286677b9a5d1 8858a882675648d0b761043288578b37 - - 72f15bcd80154b08b23b6773fd3644ec 72f15bcd80154b08b23b6773fd3644ec] 199.204.45.205 "GET /resource_providers/c4e24cd5-49c3-420e-8a4e-6bc24d399359/allocations" status: 200 len: 153 microversion: 1.0 [pid: 8|app: 0|req: 628/1248] 199.204.45.205 () {32 vars in 857 bytes} [Wed Jul 29 17:30:06 2026] GET /resource_providers/c4e24cd5-49c3-420e-8a4e-6bc24d399359/allocations => generated 153 bytes in 20 msecs (HTTP/1.1 200) 6 headers in 224 bytes (1 switches on core 0)
2026-07-29 17:30:06.528 7 INFO placement.requestlog [req-479b14b3-c2ff-4a8b-88c0-4a1c35557526 req-6fde1f48-35f5-4fbf-94ad-dfcba4f14eeb 5d9610c6eae0425e8eea286677b9a5d1 8858a882675648d0b761043288578b37 - - 72f15bcd80154b08b23b6773fd3644ec 72f15bcd80154b08b23b6773fd3644ec] 199.204.45.205 "GET /allocations/0453fbf8-32b5-459e-b33e-3f6e66ae91aa" status: 200 len: 258 microversion: 1.28 [pid: 7|app: 0|req: 621/1249] 199.204.45.205 () {34 vars in 863 bytes} [Wed Jul 29 17:30:06 2026] GET /allocations/0453fbf8-32b5-459e-b33e-3f6e66ae91aa => generated 258 bytes in 20 msecs (HTTP/1.1 200) 8 headers in 296 bytes (1 switches on core 0)
2026-07-29 17:30:07.643 8 INFO placement.requestlog [req-479b14b3-c2ff-4a8b-88c0-4a1c35557526 req-5371d9fe-c34d-454b-8290-be0b6b68e37a 5d9610c6eae0425e8eea286677b9a5d1 8858a882675648d0b761043288578b37 - - 72f15bcd80154b08b23b6773fd3644ec 72f15bcd80154b08b23b6773fd3644ec] 199.204.45.205 "DELETE /allocations/0453fbf8-32b5-459e-b33e-3f6e66ae91aa" status: 204 len: 0 microversion: 1.0 [pid: 8|app: 0|req: 629/1250] 199.204.45.205 () {34 vars in 841 bytes} [Wed Jul 29 17:30:07 2026] DELETE /allocations/0453fbf8-32b5-459e-b33e-3f6e66ae91aa => generated 0 bytes in 82 msecs (HTTP/1.1 204) 5 headers in 198 bytes (1 switches on core 0)
2026-07-29 17:30:11.686 8 INFO placement.requestlog [None req-6ed7e514-695f-4c5c-b9ab-d004059f7048 c8b2d7d2e25e4f8d81f98adc7b6a05a1 8858a882675648d0b761043288578b37 - - 72f15bcd80154b08b23b6773fd3644ec 72f15bcd80154b08b23b6773fd3644ec] 10.0.0.99 "GET /resource_providers/f44a431f-1728-44fd-b148-bda5295a8e88/aggregates" status: 404 len: 235 microversion: 1.1 [pid: 8|app: 0|req: 630/1251] 10.0.0.99 () {32 vars in 815 bytes} [Wed Jul 29 17:30:11 2026] GET /resource_providers/f44a431f-1728-44fd-b148-bda5295a8e88/aggregates => generated 235 bytes in 11 msecs (HTTP/1.1 404) 5 headers in 202 bytes (1 switches on core 0)
2026-07-29 17:30:11.687 7 INFO placement.requestlog [None req-78932325-1570-440e-ac30-b9b12a93e967 c8b2d7d2e25e4f8d81f98adc7b6a05a1 8858a882675648d0b761043288578b37 - - 72f15bcd80154b08b23b6773fd3644ec 72f15bcd80154b08b23b6773fd3644ec] 10.0.0.99 "GET /resource_providers/f44a431f-1728-44fd-b148-bda5295a8e88/aggregates" status: 404 len: 235 microversion: 1.1 [pid: 7|app: 0|req: 622/1252] 10.0.0.99 () {32 vars in 815 bytes} [Wed Jul 29 17:30:11 2026] GET /resource_providers/f44a431f-1728-44fd-b148-bda5295a8e88/aggregates => generated 235 bytes in 18 msecs (HTTP/1.1 404) 5 headers in 202 bytes (1 switches on core 0)
2026-07-29 17:30:11.713 7 INFO placement.requestlog [None req-729a8707-db20-40d0-9608-460d2ab063a1 c8b2d7d2e25e4f8d81f98adc7b6a05a1 8858a882675648d0b761043288578b37 - - 72f15bcd80154b08b23b6773fd3644ec 72f15bcd80154b08b23b6773fd3644ec] 10.0.0.99 "DELETE /resource_providers/f44a431f-1728-44fd-b148-bda5295a8e88" status: 404 len: 246 microversion: 1.1 [pid: 7|app: 0|req: 623/1253] 10.0.0.99 () {34 vars in 815 bytes} [Wed Jul 29 17:30:11 2026] DELETE /resource_providers/f44a431f-1728-44fd-b148-bda5295a8e88 => generated 246 bytes in 12 msecs (HTTP/1.1 404) 6 headers in 231 bytes (1 switches on core 0)
2026-07-29 17:30:11.717 8 INFO placement.requestlog [None req-a5e7b27d-d7df-4b9b-aedc-d5966b57602e c8b2d7d2e25e4f8d81f98adc7b6a05a1 8858a882675648d0b761043288578b37 - - 72f15bcd80154b08b23b6773fd3644ec 72f15bcd80154b08b23b6773fd3644ec] 10.0.0.99 "DELETE /resource_providers/f44a431f-1728-44fd-b148-bda5295a8e88" status: 404 len: 246 microversion: 1.1 [pid: 8|app: 0|req: 631/1254] 10.0.0.99 () {34 vars in 815 bytes} [Wed Jul 29 17:30:11 2026] DELETE /resource_providers/f44a431f-1728-44fd-b148-bda5295a8e88 => generated 246 bytes in 18 msecs (HTTP/1.1 404) 6 headers in 231 bytes (1 switches on core 0)
2026-07-29 17:30:13.756 7 INFO placement.requestlog [None req-4b34f6f9-42f2-4a00-a702-d750322bd470 c8b2d7d2e25e4f8d81f98adc7b6a05a1 8858a882675648d0b761043288578b37 - - 72f15bcd80154b08b23b6773fd3644ec 72f15bcd80154b08b23b6773fd3644ec] 10.0.0.99 "GET /resource_providers/e1e22fad-1bf0-4558-b36f-01b38547e322/aggregates" status: 404 len: 235 microversion: 1.1 [pid: 7|app: 0|req: 624/1255] 10.0.0.99 () {32 vars in 815 bytes} [Wed Jul 29 17:30:13 2026] GET /resource_providers/e1e22fad-1bf0-4558-b36f-01b38547e322/aggregates => generated 235 bytes in 18 msecs (HTTP/1.1 404) 5 headers in 202 bytes (1 switches on core 0)
