+ exec neutron-ovn-metadata-agent --config-file /etc/neutron/neutron.conf --config-file /etc/neutron/ovn_metadata_agent.ini --config-file /tmp/pod-shared/neutron-agent.ini --config-file /tmp/pod-shared/ovn.ini /var/lib/openstack/lib/python3.10/site-packages/neutron/common/utils.py:54: UserWarning: pkg_resources is deprecated as an API. See https://setuptools.pypa.io/en/latest/pkg_resources.html. The pkg_resources package is slated for removal as early as 2025-11-30. Refrain from using this package or pin to Setuptools<81. import pkg_resources
2026-04-22 19:06:29.727 48 INFO neutron.common.config [-] Logging enabled!
2026-04-22 19:06:29.728 48 INFO neutron.common.config [-] /var/lib/openstack/bin/neutron-ovn-metadata-agent version 21.2.2.dev24
2026-04-22 19:06:29.759 48 INFO ovsdbapp.backend.ovs_idl.vlog [-] unix:/run/openvswitch/db.sock: connecting...
2026-04-22 19:06:29.759 48 INFO ovsdbapp.backend.ovs_idl.vlog [-] unix:/run/openvswitch/db.sock: connected
2026-04-22 19:06:29.833 48 INFO neutron.agent.ovn.metadata.ovsdb [-] Getting OvsdbSbOvnIdl for MetadataAgent with retry
2026-04-22 19:06:29.833 48 INFO ovsdbapp.backend.ovs_idl.vlog [-] tcp:10.107.34.131:6642: connecting...
2026-04-22 19:06:29.834 48 INFO ovsdbapp.backend.ovs_idl.vlog [-] tcp:10.107.34.131:6642: connected
2026-04-22 19:06:29.865 48 INFO oslo_service.service [-] Starting 2 workers
2026-04-22 19:06:29.870 48 INFO oslo.privsep.daemon [-] Running privsep helper: ['sudo', '/var/lib/openstack/bin/neutron-rootwrap', '/etc/neutron/rootwrap.conf', 'privsep-helper', '--config-file', '/etc/neutron/neutron.conf', '--config-file', '/etc/neutron/ovn_metadata_agent.ini', '--config-file', '/tmp/pod-shared/neutron-agent.ini', '--config-file', '/tmp/pod-shared/ovn.ini', '--privsep_context', 'neutron.privileged.namespace_cmd', '--privsep_sock_path', '/tmp/tmpw4ibl6j8/privsep.sock']
2026-04-22 19:06:29.904 57 INFO neutron.agent.ovn.metadata.ovsdb [-] Getting OvsdbSbOvnIdl for MetadataAgent with retry
2026-04-22 19:06:29.906 57 INFO ovsdbapp.backend.ovs_idl.vlog [-] tcp:10.107.34.131:6642: connecting...
2026-04-22 19:06:29.907 57 INFO ovsdbapp.backend.ovs_idl.vlog [-] tcp:10.107.34.131:6642: connected
2026-04-22 19:06:29.909 56 INFO neutron.agent.ovn.metadata.ovsdb [-] Getting OvsdbSbOvnIdl for MetadataAgent with retry
2026-04-22 19:06:29.911 56 INFO ovsdbapp.backend.ovs_idl.vlog [-] tcp:10.107.34.131:6642: connecting...
2026-04-22 19:06:29.912 56 INFO ovsdbapp.backend.ovs_idl.vlog [-] tcp:10.107.34.131:6642: connected
2026-04-22 19:06:29.943 57 INFO eventlet.wsgi.server [-] (57) wsgi starting up on http:/var/lib/neutron/openstack-helm/metadata_proxy
2026-04-22 19:06:29.948 56 INFO eventlet.wsgi.server [-] (56) wsgi starting up on http:/var/lib/neutron/openstack-helm/metadata_proxy
2026-04-22 19:06:31.378 48 INFO oslo.privsep.daemon [-] Spawned new privsep daemon via rootwrap
2026-04-22 19:06:31.217 61 INFO oslo.privsep.daemon [-] privsep daemon starting
2026-04-22 19:06:31.225 61 INFO oslo.privsep.daemon [-] privsep process running with uid/gid: 0/0
2026-04-22 19:06:31.228 61 INFO oslo.privsep.daemon [-] privsep process running with capabilities (eff/prm/inh): CAP_SYS_ADMIN/CAP_SYS_ADMIN/none
2026-04-22 19:06:31.228 61 INFO oslo.privsep.daemon [-] privsep daemon running as pid 61
2026-04-22 19:07:01.092 56 ERROR neutron.agent.ovn.metadata.server [-] No port found in network None with IP address 169.254.169.254
2026-04-22 19:07:01.093 56 INFO eventlet.wsgi.server [-] 169.254.169.254, "GET / HTTP/1.1" status: 404 len: 176 time: 0.0019679
2026-04-22 19:07:01.734 57 ERROR neutron.agent.ovn.metadata.server [-] No port found in network None with IP address 169.254.169.254
2026-04-22 19:07:01.737 57 INFO eventlet.wsgi.server [-] 169.254.169.254, "GET / HTTP/1.1" status: 404 len: 176 time: 0.0027668
2026-04-22 19:10:11.135 57 ERROR neutron.agent.ovn.metadata.server [-] No port found in network None with IP address 169.254.169.254
2026-04-22 19:10:11.136 57 INFO eventlet.wsgi.server [-] 169.254.169.254, "GET / HTTP/1.1" status: 404 len: 176 time: 0.0013559
2026-04-22 19:13:21.109 57 ERROR neutron.agent.ovn.metadata.server [-] No port found in network None with IP address 169.254.169.254
2026-04-22 19:13:21.110 57 INFO eventlet.wsgi.server [-] 169.254.169.254, "GET / HTTP/1.1" status: 404 len: 176 time: 0.0013616
2026-04-22 19:13:51.093 57 ERROR neutron.agent.ovn.metadata.server [-] No port found in network None with IP address 169.254.169.254
2026-04-22 19:13:51.094 57 INFO eventlet.wsgi.server [-] 169.254.169.254, "GET / HTTP/1.1" status: 404 len: 176 time: 0.0014853
2026-04-22 19:16:31.167 56 ERROR neutron.agent.ovn.metadata.server [-] No port found in network None with IP address 169.254.169.254
2026-04-22 19:16:31.169 56 INFO eventlet.wsgi.server [-] 169.254.169.254, "GET / HTTP/1.1" status: 404 len: 176 time: 0.0054300
2026-04-22 19:17:18.823 48 INFO neutron.agent.ovn.metadata.agent [-] Port 36611821-37d7-45a9-a95f-190217a00a99 in datapath 11326ab4-0fa2-43d8-9e2b-6e8cd336db4f bound to our chassis
2026-04-22 19:17:18.826 48 INFO neutron.agent.ovn.metadata.agent [-] Provisioning metadata for network 11326ab4-0fa2-43d8-9e2b-6e8cd336db4f
2026-04-22 19:17:18.830 48 INFO oslo.privsep.daemon [-] Running privsep helper: ['sudo', '/var/lib/openstack/bin/neutron-rootwrap', '/etc/neutron/rootwrap.conf', 'privsep-helper', '--config-file', '/etc/neutron/neutron.conf', '--config-file', '/etc/neutron/ovn_metadata_agent.ini', '--config-file', '/tmp/pod-shared/neutron-agent.ini', '--config-file', '/tmp/pod-shared/ovn.ini', '--privsep_context', 'neutron.privileged.default', '--privsep_sock_path', '/tmp/tmp9cvqtzj8/privsep.sock']
2026-04-22 19:17:19.622 48 INFO oslo.privsep.daemon [-] Spawned new privsep daemon via rootwrap
2026-04-22 19:17:19.486 104 INFO oslo.privsep.daemon [-] privsep daemon starting
2026-04-22 19:17:19.492 104 INFO oslo.privsep.daemon [-] privsep process running with uid/gid: 0/0
2026-04-22 19:17:19.495 104 INFO oslo.privsep.daemon [-] privsep process running with capabilities (eff/prm/inh): CAP_DAC_OVERRIDE|CAP_DAC_READ_SEARCH|CAP_NET_ADMIN|CAP_SYS_ADMIN|CAP_SYS_PTRACE/CAP_DAC_OVERRIDE|CAP_DAC_READ_SEARCH|CAP_NET_ADMIN|CAP_SYS_ADMIN|CAP_SYS_PTRACE/none
2026-04-22 19:17:19.495 104 INFO oslo.privsep.daemon [-] privsep daemon running as pid 104
2026-04-22 19:17:20.203 48 INFO oslo.privsep.daemon [-] Running privsep helper: ['sudo', '/var/lib/openstack/bin/neutron-rootwrap', '/etc/neutron/rootwrap.conf', 'privsep-helper', '--config-file', '/etc/neutron/neutron.conf', '--config-file', '/etc/neutron/ovn_metadata_agent.ini', '--config-file', '/tmp/pod-shared/neutron-agent.ini', '--config-file', '/tmp/pod-shared/ovn.ini', '--privsep_context', 'neutron.privileged.link_cmd', '--privsep_sock_path', '/tmp/tmpld3xe4eu/privsep.sock']
2026-04-22 19:17:21.055 48 INFO oslo.privsep.daemon [-] Spawned new privsep daemon via rootwrap
2026-04-22 19:17:20.864 117 INFO oslo.privsep.daemon [-] privsep daemon starting
2026-04-22 19:17:20.870 117 INFO oslo.privsep.daemon [-] privsep process running with uid/gid: 0/0
2026-04-22 19:17:20.874 117 INFO oslo.privsep.daemon [-] privsep process running with capabilities (eff/prm/inh): CAP_NET_ADMIN|CAP_SYS_ADMIN/CAP_NET_ADMIN|CAP_SYS_ADMIN/none
2026-04-22 19:17:20.874 117 INFO oslo.privsep.daemon [-] privsep daemon running as pid 117
2026-04-22 19:17:22.051 48 INFO oslo_rootwrap.client [-] Spawned new rootwrap daemon process with pid=139
2026-04-22 19:19:41.120 56 ERROR neutron.agent.ovn.metadata.server [-] No port found in network None with IP address 169.254.169.254
2026-04-22 19:19:41.121 56 INFO eventlet.wsgi.server [-] 169.254.169.254, "GET / HTTP/1.1" status: 404 len: 176 time: 0.0013900
2026-04-22 19:22:51.190 57 ERROR neutron.agent.ovn.metadata.server [-] No port found in network None with IP address 169.254.169.254
2026-04-22 19:22:51.191 57 INFO eventlet.wsgi.server [-] 169.254.169.254, "GET / HTTP/1.1" status: 404 len: 176 time: 0.0012734
2026-04-22 19:23:51.098 57 ERROR neutron.agent.ovn.metadata.server [-] No port found in network None with IP address 169.254.169.254
2026-04-22 19:23:51.098 57 INFO eventlet.wsgi.server [-] 169.254.169.254, "GET / HTTP/1.1" status: 404 len: 176 time: 0.0010958
2026-04-22 19:25:32.955 48 INFO neutron.agent.ovn.metadata.agent [-] Port 40ddd957-ca92-492b-8500-e4bacd7a0b46 in datapath 26923125-1441-4f07-a2b8-398e4654d709 bound to our chassis
2026-04-22 19:26:01.147 56 ERROR neutron.agent.ovn.metadata.server [-] No port found in network None with IP address 169.254.169.254
2026-04-22 19:26:01.148 56 INFO eventlet.wsgi.server [-] 169.254.169.254, "GET / HTTP/1.1" status: 404 len: 176 time: 0.0018787
2026-04-22 19:27:23.132 48 INFO oslo_rootwrap.client [-] Rootwrap daemon process exit with status: 0
2026-04-22 19:29:11.132 56 ERROR neutron.agent.ovn.metadata.server [-] No port found in network None with IP address 169.254.169.254
2026-04-22 19:29:11.133 56 INFO eventlet.wsgi.server [-] 169.254.169.254, "GET / HTTP/1.1" status: 404 len: 176 time: 0.0008256
2026-04-22 19:32:21.154 56 ERROR neutron.agent.ovn.metadata.server [-] No port found in network None with IP address 169.254.169.254
2026-04-22 19:32:21.155 56 INFO eventlet.wsgi.server [-] 169.254.169.254, "GET / HTTP/1.1" status: 404 len: 176 time: 0.0016513
2026-04-22 19:33:51.095 57 ERROR neutron.agent.ovn.metadata.server [-] No port found in network None with IP address 169.254.169.254
2026-04-22 19:33:51.096 57 INFO eventlet.wsgi.server [-] 169.254.169.254, "GET / HTTP/1.1" status: 404 len: 176 time: 0.0008278
2026-04-22 19:35:31.067 56 ERROR neutron.agent.ovn.metadata.server [-] No port found in network None with IP address 169.254.169.254
2026-04-22 19:35:31.068 56 INFO eventlet.wsgi.server [-] 169.254.169.254, "GET / HTTP/1.1" status: 404 len: 176 time: 0.0016611
2026-04-22 19:38:41.057 57 ERROR neutron.agent.ovn.metadata.server [-] No port found in network None with IP address 169.254.169.254
2026-04-22 19:38:41.058 57 INFO eventlet.wsgi.server [-] 169.254.169.254, "GET / HTTP/1.1" status: 404 len: 176 time: 0.0008888
2026-04-22 19:41:04.648 48 WARNING neutron.agent.ovn.metadata.agent [-] Removing non-external type port 36cafdb0-e398-4247-a507-7e544623029d with type "chassisredirect"
2026-04-22 19:41:07.301 48 WARNING neutron.agent.ovn.metadata.agent [-] Removing non-external type port e57f6798-27a0-4925-a5e3-af190d4ad939 with type "chassisredirect"
2026-04-22 19:41:13.827 48 INFO neutron.agent.ovn.metadata.agent [-] Port a4de6ebd-618e-4a4d-909a-54006752bc1d in datapath b6e2edf3-5f37-4f1e-acc7-039b253eab3b bound to our chassis
2026-04-22 19:41:13.829 48 INFO neutron.agent.ovn.metadata.agent [-] Provisioning metadata for network b6e2edf3-5f37-4f1e-acc7-039b253eab3b
2026-04-22 19:41:14.181 48 WARNING oslo_rootwrap.client [-] Leaving behind already spawned process with pid 139, root should kill it if it's still there (I can't)
2026-04-22 19:41:14.507 48 INFO oslo_rootwrap.client [-] Spawned new rootwrap daemon process with pid=241
2026-04-22 19:41:22.592 48 INFO neutron.agent.ovn.metadata.agent [-] Port a4de6ebd-618e-4a4d-909a-54006752bc1d in datapath b6e2edf3-5f37-4f1e-acc7-039b253eab3b unbound from our chassis
2026-04-22 19:41:22.595 48 INFO neutron.agent.ovn.metadata.agent [-] Cleaning up ovnmeta-b6e2edf3-5f37-4f1e-acc7-039b253eab3b namespace which is not needed anymore
2026-04-22 19:41:22.916 48 INFO neutron.agent.ovn.metadata.agent [-] Port 1f6083b4-0a04-4875-8a96-90a4251eebe6 in datapath 2e9dddb3-01f8-4c8c-abad-55b6bb5f7066 bound to our chassis
2026-04-22 19:41:22.918 48 INFO neutron.agent.ovn.metadata.agent [-] Provisioning metadata for network 2e9dddb3-01f8-4c8c-abad-55b6bb5f7066
2026-04-22 19:41:24.570 48 INFO neutron.agent.ovn.metadata.agent [-] Port 6ff3d58e-33b4-43a5-87b4-1f942513d8c0 in datapath 6207c0fe-ed95-40f1-940e-6869107d61f0 bound to our chassis
2026-04-22 19:41:24.573 48 INFO neutron.agent.ovn.metadata.agent [-] Provisioning metadata for network 6207c0fe-ed95-40f1-940e-6869107d61f0
2026-04-22 19:41:28.872 48 WARNING neutron.agent.ovn.metadata.agent [-] Removing non-external type port 5b200856-0ae5-4a8c-a3e1-ed5bab1bb143 with type "chassisredirect"
2026-04-22 19:41:37.571 56 INFO eventlet.wsgi.server [-] 10.100.0.10, "GET /2009-04-04/meta-data/instance-id HTTP/1.1" status: 200 len: 146 time: 1.1886058
2026-04-22 19:41:37.594 57 INFO eventlet.wsgi.server [-] 10.100.0.10, "GET /2009-04-04/meta-data/public-keys HTTP/1.1" status: 200 len: 163 time: 0.0134907
2026-04-22 19:41:37.613 57 INFO eventlet.wsgi.server [-] 10.100.0.10, "GET /2009-04-04/meta-data/public-keys/0/openssh-key HTTP/1.1" status: 200 len: 341 time: 0.0121176
2026-04-22 19:41:37.630 57 INFO eventlet.wsgi.server [-] 10.100.0.10, "GET /2009-04-04/meta-data/instance-id HTTP/1.1" status: 200 len: 146 time: 0.0096407
2026-04-22 19:41:37.645 57 INFO eventlet.wsgi.server [-] 10.100.0.10, "GET /2009-04-04/meta-data/ami-launch-index HTTP/1.1" status: 200 len: 136 time: 0.0082581
2026-04-22 19:41:37.659 57 INFO eventlet.wsgi.server [-] 10.100.0.10, "GET /2009-04-04/meta-data/instance-type HTTP/1.1" status: 200 len: 142 time: 0.0085087
2026-04-22 19:41:37.674 57 INFO eventlet.wsgi.server [-] 10.100.0.10, "GET /2009-04-04/meta-data/local-ipv4 HTTP/1.1" status: 200 len: 147 time: 0.0083997
2026-04-22 19:41:37.689 57 INFO eventlet.wsgi.server [-] 10.100.0.10, "GET /2009-04-04/meta-data/public-ipv4 HTTP/1.1" status: 200 len: 149 time: 0.0083385
2026-04-22 19:41:37.705 57 INFO eventlet.wsgi.server [-] 10.100.0.10, "GET /2009-04-04/meta-data/hostname HTTP/1.1" status: 200 len: 191 time: 0.0116284
2026-04-22 19:41:37.720 57 INFO eventlet.wsgi.server [-] 10.100.0.10, "GET /2009-04-04/meta-data/local-hostname HTTP/1.1" status: 200 len: 191 time: 0.0084639
2026-04-22 19:41:37.741 57 INFO eventlet.wsgi.server [-] 10.100.0.10, "GET /2009-04-04/user-data HTTP/1.1" status: 200 len: 231 time: 0.0109861
2026-04-22 19:41:37.778 57 INFO eventlet.wsgi.server [-] 10.100.0.10, "GET /2009-04-04/meta-data/block-device-mapping HTTP/1.1" status: 200 len: 143 time: 0.0099962
2026-04-22 19:41:37.792 57 INFO eventlet.wsgi.server [-] 10.100.0.10, "GET /2009-04-04/meta-data/block-device-mapping/ami HTTP/1.1" status: 200 len: 138 time: 0.0096562
2026-04-22 19:41:37.808 57 INFO eventlet.wsgi.server [-] 10.100.0.10, "GET /2009-04-04/meta-data/block-device-mapping/root HTTP/1.1" status: 200 len: 143 time: 0.0102539
2026-04-22 19:41:37.822 57 INFO eventlet.wsgi.server [-] 10.100.0.10, "GET /2009-04-04/meta-data/public-hostname HTTP/1.1" status: 200 len: 191 time: 0.0090952
2026-04-22 19:41:37.839 57 INFO eventlet.wsgi.server [-] 10.100.0.10, "GET /2009-04-04/meta-data/placement/availability-zone HTTP/1.1" status: 200 len: 139 time: 0.0105739
2026-04-22 19:41:37.871 56 INFO eventlet.wsgi.server [-] 10.100.0.4, "GET /2009-04-04/meta-data/instance-id HTTP/1.1" status: 200 len: 146 time: 0.9922342
2026-04-22 19:41:37.890 56 INFO eventlet.wsgi.server [-] 10.100.0.4, "GET /2009-04-04/meta-data/public-keys HTTP/1.1" status: 200 len: 163 time: 0.0094085
2026-04-22 19:41:37.905 56 INFO eventlet.wsgi.server [-] 10.100.0.4, "GET /2009-04-04/meta-data/public-keys/0/openssh-key HTTP/1.1" status: 200 len: 341 time: 0.0095963
2026-04-22 19:41:37.922 56 INFO eventlet.wsgi.server [-] 10.100.0.4, "GET /2009-04-04/meta-data/instance-id HTTP/1.1" status: 200 len: 146 time: 0.0105579
2026-04-22 19:41:37.959 56 INFO eventlet.wsgi.server [-] 10.100.0.4, "GET /2009-04-04/meta-data/ami-launch-index HTTP/1.1" status: 200 len: 136 time: 0.0292768
2026-04-22 19:41:37.979 57 INFO eventlet.wsgi.server [-] 10.100.0.4, "GET /2009-04-04/meta-data/instance-type HTTP/1.1" status: 200 len: 142 time: 0.0116165
2026-04-22 19:41:38.000 57 INFO eventlet.wsgi.server [-] 10.100.0.4, "GET /2009-04-04/meta-data/local-ipv4 HTTP/1.1" status: 200 len: 146 time: 0.0159619
2026-04-22 19:41:38.021 56 INFO eventlet.wsgi.server [-] 10.100.0.4, "GET /2009-04-04/meta-data/public-ipv4 HTTP/1.1" status: 200 len: 149 time: 0.0117109
2026-04-22 19:41:38.037 56 INFO eventlet.wsgi.server [-] 10.100.0.4, "GET /2009-04-04/meta-data/hostname HTTP/1.1" status: 200 len: 200 time: 0.0116756
2026-04-22 19:41:38.053 56 INFO eventlet.wsgi.server [-] 10.100.0.4, "GET /2009-04-04/meta-data/local-hostname HTTP/1.1" status: 200 len: 200 time: 0.0105147
2026-04-22 19:41:38.073 56 INFO eventlet.wsgi.server [-] 10.100.0.4, "GET /2009-04-04/user-data HTTP/1.1" status: 200 len: 231 time: 0.0122304
2026-04-22 19:41:38.115 56 INFO eventlet.wsgi.server [-] 10.100.0.4, "GET /2009-04-04/meta-data/block-device-mapping HTTP/1.1" status: 200 len: 143 time: 0.0112712
2026-04-22 19:41:38.134 56 INFO eventlet.wsgi.server [-] 10.100.0.4, "GET /2009-04-04/meta-data/block-device-mapping/ami HTTP/1.1" status: 200 len: 138 time: 0.0119295
2026-04-22 19:41:38.154 56 INFO eventlet.wsgi.server [-] 10.100.0.4, "GET /2009-04-04/meta-data/block-device-mapping/root HTTP/1.1" status: 200 len: 143 time: 0.0145862
2026-04-22 19:41:38.173 57 INFO eventlet.wsgi.server [-] 10.100.0.4, "GET /2009-04-04/meta-data/public-hostname HTTP/1.1" status: 200 len: 200 time: 0.0117004
2026-04-22 19:41:38.188 57 INFO eventlet.wsgi.server [-] 10.100.0.4, "GET /2009-04-04/meta-data/placement/availability-zone HTTP/1.1" status: 200 len: 139 time: 0.0086799
2026-04-22 19:41:42.401 48 INFO neutron.agent.ovn.metadata.agent [-] Port 9652e66c-c441-4457-98c1-c5746563075f in datapath 5d624eed-af30-4bb1-8977-861e98ec0ad4 bound to our chassis
2026-04-22 19:41:42.404 48 INFO neutron.agent.ovn.metadata.agent [-] Provisioning metadata for network 5d624eed-af30-4bb1-8977-861e98ec0ad4
2026-04-22 19:41:43.773 48 INFO neutron.agent.ovn.metadata.agent [-] Port 1f6083b4-0a04-4875-8a96-90a4251eebe6 in datapath 2e9dddb3-01f8-4c8c-abad-55b6bb5f7066 unbound from our chassis
2026-04-22 19:41:43.780 48 INFO neutron.agent.ovn.metadata.agent [-] Cleaning up ovnmeta-2e9dddb3-01f8-4c8c-abad-55b6bb5f7066 namespace which is not needed anymore
2026-04-22 19:41:44.375 48 INFO neutron.agent.ovn.metadata.agent [-] Port 1f6083b4-0a04-4875-8a96-90a4251eebe6 in datapath 2e9dddb3-01f8-4c8c-abad-55b6bb5f7066 bound to our chassis
2026-04-22 19:41:44.377 48 INFO neutron.agent.ovn.metadata.agent [-] Provisioning metadata for network 2e9dddb3-01f8-4c8c-abad-55b6bb5f7066
2026-04-22 19:41:45.559 48 INFO neutron.agent.ovn.metadata.agent [-] Port 9652e66c-c441-4457-98c1-c5746563075f in datapath 5d624eed-af30-4bb1-8977-861e98ec0ad4 unbound from our chassis
2026-04-22 19:41:45.563 48 INFO neutron.agent.ovn.metadata.agent [-] Cleaning up ovnmeta-5d624eed-af30-4bb1-8977-861e98ec0ad4 namespace which is not needed anymore
2026-04-22 19:41:49.402 48 INFO neutron.agent.ovn.metadata.agent [-] Port 6ff3d58e-33b4-43a5-87b4-1f942513d8c0 in datapath 6207c0fe-ed95-40f1-940e-6869107d61f0 unbound from our chassis
2026-04-22 19:41:49.405 48 INFO neutron.agent.ovn.metadata.agent [-] Cleaning up ovnmeta-6207c0fe-ed95-40f1-940e-6869107d61f0 namespace which is not needed anymore
2026-04-22 19:41:50.752 48 WARNING neutron.agent.ovn.metadata.agent [-] Removing non-external type port 5b57be95-d760-4253-a6d8-d9402351c349 with type "chassisredirect"
2026-04-22 19:41:51.136 56 ERROR neutron.agent.ovn.metadata.server [-] No port found in network None with IP address 169.254.169.254
2026-04-22 19:41:51.137 56 INFO eventlet.wsgi.server [-] 169.254.169.254, "GET / HTTP/1.1" status: 404 len: 176 time: 0.0015707
2026-04-22 19:41:53.720 48 WARNING neutron.agent.ovn.metadata.agent [-] Removing non-external type port e20eedca-eedc-4d18-bfe6-4f76735b37a0 with type "chassisredirect"
2026-04-22 19:41:58.173 56 INFO eventlet.wsgi.server [-] 10.100.0.10, "GET /2009-04-04/meta-data/instance-id HTTP/1.1" status: 200 len: 146 time: 0.1292028
2026-04-22 19:41:58.196 56 INFO eventlet.wsgi.server [-] 10.100.0.10, "GET /2009-04-04/meta-data/public-keys HTTP/1.1" status: 200 len: 163 time: 0.0113363
2026-04-22 19:41:58.211 56 INFO eventlet.wsgi.server [-] 10.100.0.10, "GET /2009-04-04/meta-data/public-keys/0/openssh-key HTTP/1.1" status: 200 len: 341 time: 0.0078146
2026-04-22 19:41:58.225 56 INFO eventlet.wsgi.server [-] 10.100.0.10, "GET /2009-04-04/meta-data/instance-id HTTP/1.1" status: 200 len: 146 time: 0.0074756
2026-04-22 19:41:58.240 56 INFO eventlet.wsgi.server [-] 10.100.0.10, "GET /2009-04-04/meta-data/ami-launch-index HTTP/1.1" status: 200 len: 136 time: 0.0099685
2026-04-22 19:41:58.261 56 INFO eventlet.wsgi.server [-] 10.100.0.10, "GET /2009-04-04/meta-data/instance-type HTTP/1.1" status: 200 len: 142 time: 0.0114810
2026-04-22 19:41:58.279 56 INFO eventlet.wsgi.server [-] 10.100.0.10, "GET /2009-04-04/meta-data/local-ipv4 HTTP/1.1" status: 200 len: 147 time: 0.0111322
2026-04-22 19:41:58.296 56 INFO eventlet.wsgi.server [-] 10.100.0.10, "GET /2009-04-04/meta-data/public-ipv4 HTTP/1.1" status: 200 len: 149 time: 0.0098319
2026-04-22 19:41:58.313 56 INFO eventlet.wsgi.server [-] 10.100.0.10, "GET /2009-04-04/meta-data/hostname HTTP/1.1" status: 200 len: 191 time: 0.0107188
2026-04-22 19:41:58.330 57 INFO eventlet.wsgi.server [-] 10.100.0.10, "GET /2009-04-04/meta-data/local-hostname HTTP/1.1" status: 200 len: 191 time: 0.0087261
2026-04-22 19:41:58.388 57 INFO eventlet.wsgi.server [-] 10.100.0.10, "GET /2009-04-04/user-data HTTP/1.1" status: 200 len: 231 time: 0.0121553
2026-04-22 19:41:58.405 57 INFO eventlet.wsgi.server [-] 10.100.0.10, "GET /2009-04-04/meta-data/block-device-mapping HTTP/1.1" status: 200 len: 143 time: 0.0103786
2026-04-22 19:41:58.419 57 INFO eventlet.wsgi.server [-] 10.100.0.10, "GET /2009-04-04/meta-data/block-device-mapping/ami HTTP/1.1" status: 200 len: 138 time: 0.0083306
2026-04-22 19:41:58.439 56 INFO eventlet.wsgi.server [-] 10.100.0.10, "GET /2009-04-04/meta-data/block-device-mapping/root HTTP/1.1" status: 200 len: 143 time: 0.0140030
2026-04-22 19:41:58.455 56 INFO eventlet.wsgi.server [-] 10.100.0.10, "GET /2009-04-04/meta-data/public-hostname HTTP/1.1" status: 200 len: 191 time: 0.0090482
2026-04-22 19:41:58.470 56 INFO eventlet.wsgi.server [-] 10.100.0.10, "GET /2009-04-04/meta-data/placement/availability-zone HTTP/1.1" status: 200 len: 139 time: 0.0089333
2026-04-22 19:42:02.382 48 INFO neutron.agent.ovn.metadata.agent [-] Port 1f6083b4-0a04-4875-8a96-90a4251eebe6 in datapath 2e9dddb3-01f8-4c8c-abad-55b6bb5f7066 unbound from our chassis
2026-04-22 19:42:02.386 48 INFO neutron.agent.ovn.metadata.agent [-] Cleaning up ovnmeta-2e9dddb3-01f8-4c8c-abad-55b6bb5f7066 namespace which is not needed anymore
2026-04-22 19:42:04.311 48 INFO neutron.agent.ovn.metadata.agent [-] Port 42e7abf2-ea8e-4729-94b0-b1340472a9ed in datapath 3e1f957e-9a98-4994-a49e-dce568871e6e bound to our chassis
2026-04-22 19:42:04.313 48 INFO neutron.agent.ovn.metadata.agent [-] Provisioning metadata for network 3e1f957e-9a98-4994-a49e-dce568871e6e
2026-04-22 19:42:07.314 48 WARNING neutron.agent.ovn.metadata.agent [-] Removing non-external type port 5e752d38-5dfc-4a4e-bcf7-2403a0a1a3b3 with type "chassisredirect"
2026-04-22 19:42:07.925 48 INFO neutron.agent.ovn.metadata.agent [-] Port 42e7abf2-ea8e-4729-94b0-b1340472a9ed in datapath 3e1f957e-9a98-4994-a49e-dce568871e6e unbound from our chassis
2026-04-22 19:42:07.928 48 INFO neutron.agent.ovn.metadata.agent [-] Cleaning up ovnmeta-3e1f957e-9a98-4994-a49e-dce568871e6e namespace which is not needed anymore
2026-04-22 19:42:12.762 48 WARNING neutron.agent.ovn.metadata.agent [-] Removing non-external type port 4f6458fd-c1e9-4957-a239-96a9da6ca128 with type "chassisredirect"
2026-04-22 19:42:21.270 48 INFO neutron.agent.ovn.metadata.agent [-] Port b04b9ac1-6ec1-4f62-a1e2-4375927d3d19 in datapath 639c9ac0-df0e-4227-897d-3f8bb9850e63 bound to our chassis
2026-04-22 19:42:21.272 48 INFO neutron.agent.ovn.metadata.agent [-] Provisioning metadata for network 639c9ac0-df0e-4227-897d-3f8bb9850e63
2026-04-22 19:42:26.836 48 INFO neutron.agent.ovn.metadata.agent [-] Port b04b9ac1-6ec1-4f62-a1e2-4375927d3d19 in datapath 639c9ac0-df0e-4227-897d-3f8bb9850e63 unbound from our chassis
2026-04-22 19:42:26.838 48 INFO neutron.agent.ovn.metadata.agent [-] Cleaning up ovnmeta-639c9ac0-df0e-4227-897d-3f8bb9850e63 namespace which is not needed anymore
2026-04-22 19:42:31.304 48 WARNING neutron.agent.ovn.metadata.agent [-] Removing non-external type port 74b55d35-81ed-4e64-88f0-51cea024ada1 with type "chassisredirect"
2026-04-22 19:43:33.802 48 INFO neutron.agent.ovn.metadata.agent [-] Port c0a04e4f-e2b7-4ef1-bc15-576072f6a3aa in datapath b48aa181-4806-4a2b-b45f-746fa3f5e740 bound to our chassis
2026-04-22 19:43:33.805 48 INFO neutron.agent.ovn.metadata.agent [-] Provisioning metadata for network b48aa181-4806-4a2b-b45f-746fa3f5e740
2026-04-22 19:43:51.151 56 ERROR neutron.agent.ovn.metadata.server [-] No port found in network None with IP address 169.254.169.254
2026-04-22 19:43:51.151 56 INFO eventlet.wsgi.server [-] 169.254.169.254, "GET / HTTP/1.1" status: 404 len: 176 time: 0.0016284
2026-04-22 19:43:54.686 56 INFO eventlet.wsgi.server [-] 10.100.0.7, "GET /latest/meta-data/public-ipv4 HTTP/1.1" status: 200 len: 149 time: 0.1779516
2026-04-22 19:43:55.003 57 INFO eventlet.wsgi.server [-] 10.100.0.7, "POST /openstack/2013-10-17/password HTTP/1.1" status: 200 len: 134 time: 0.1976178
2026-04-22 19:43:56.752 48 INFO neutron.agent.ovn.metadata.agent [-] Port c0a04e4f-e2b7-4ef1-bc15-576072f6a3aa in datapath b48aa181-4806-4a2b-b45f-746fa3f5e740 unbound from our chassis
2026-04-22 19:43:56.754 48 INFO neutron.agent.ovn.metadata.agent [-] Cleaning up ovnmeta-b48aa181-4806-4a2b-b45f-746fa3f5e740 namespace which is not needed anymore
2026-04-22 19:44:02.030 48 WARNING neutron.agent.ovn.metadata.agent [-] Removing non-external type port 59625402-fd5e-4c9e-9e91-766a945b39ab with type "chassisredirect"
2026-04-22 19:44:04.669 48 WARNING neutron.agent.ovn.metadata.agent [-] Removing non-external type port b5efdcd8-65fa-4f1f-b110-e504d153d337 with type "chassisredirect"
2026-04-22 19:44:17.147 48 INFO neutron.agent.ovn.metadata.agent [-] Port 46a3ed06-ba28-4848-b890-afbd45a16db7 in datapath 23793cfc-9de5-4cfd-bc81-70b41379a2ba bound to our chassis
2026-04-22 19:44:17.149 48 INFO neutron.agent.ovn.metadata.agent [-] Provisioning metadata for network 23793cfc-9de5-4cfd-bc81-70b41379a2ba
2026-04-22 19:44:19.980 48 INFO neutron.agent.ovn.metadata.agent [-] Port 46a3ed06-ba28-4848-b890-afbd45a16db7 in datapath 23793cfc-9de5-4cfd-bc81-70b41379a2ba unbound from our chassis
2026-04-22 19:44:19.983 48 INFO neutron.agent.ovn.metadata.agent [-] Cleaning up ovnmeta-23793cfc-9de5-4cfd-bc81-70b41379a2ba namespace which is not needed anymore
2026-04-22 19:44:24.529 48 WARNING neutron.agent.ovn.metadata.agent [-] Removing non-external type port 9c2bda69-4e13-48d7-b1e6-77f3a30a02be with type "chassisredirect"
2026-04-22 19:44:48.310 48 INFO neutron.agent.ovn.metadata.agent [-] Port 3b9e076d-9640-4a08-99d1-d14dd4ca180b in datapath 258e1366-0ab4-47fe-bfa1-29c2b1224d8e bound to our chassis
2026-04-22 19:44:48.312 48 INFO neutron.agent.ovn.metadata.agent [-] Provisioning metadata for network 258e1366-0ab4-47fe-bfa1-29c2b1224d8e
2026-04-22 19:45:01.076 56 ERROR neutron.agent.ovn.metadata.server [-] No port found in network None with IP address 169.254.169.254
2026-04-22 19:45:01.077 56 INFO eventlet.wsgi.server [-] 169.254.169.254, "GET / HTTP/1.1" status: 404 len: 176 time: 0.0017304
2026-04-22 19:45:02.622 57 INFO eventlet.wsgi.server [-] 10.100.0.4, "GET /2009-04-04/meta-data/instance-id HTTP/1.1" status: 200 len: 146 time: 0.1695359
2026-04-22 19:45:02.645 56 INFO eventlet.wsgi.server [-] 10.100.0.4, "GET /2009-04-04/meta-data/public-keys HTTP/1.1" status: 200 len: 175 time: 0.0133765
2026-04-22 19:45:02.657 56 INFO eventlet.wsgi.server [-] 10.100.0.4, "GET /2009-04-04/meta-data/public-keys/0/openssh-key HTTP/1.1" status: 200 len: 341 time: 0.0071387
2026-04-22 19:45:02.673 57 INFO eventlet.wsgi.server [-] 10.100.0.4, "GET /2009-04-04/meta-data/instance-id HTTP/1.1" status: 200 len: 146 time: 0.0093505
2026-04-22 19:45:02.686 57 INFO eventlet.wsgi.server [-] 10.100.0.4, "GET /2009-04-04/meta-data/ami-launch-index HTTP/1.1" status: 200 len: 136 time: 0.0074880
2026-04-22 19:45:02.700 57 INFO eventlet.wsgi.server [-] 10.100.0.4, "GET /2009-04-04/meta-data/instance-type HTTP/1.1" status: 200 len: 142 time: 0.0082672
2026-04-22 19:45:02.713 57 INFO eventlet.wsgi.server [-] 10.100.0.4, "GET /2009-04-04/meta-data/local-ipv4 HTTP/1.1" status: 200 len: 146 time: 0.0076435
2026-04-22 19:45:02.726 57 INFO eventlet.wsgi.server [-] 10.100.0.4, "GET /2009-04-04/meta-data/public-ipv4 HTTP/1.1" status: 200 len: 149 time: 0.0081875
2026-04-22 19:45:02.743 57 INFO eventlet.wsgi.server [-] 10.100.0.4, "GET /2009-04-04/meta-data/hostname HTTP/1.1" status: 200 len: 190 time: 0.0116079
2026-04-22 19:45:02.759 57 INFO eventlet.wsgi.server [-] 10.100.0.4, "GET /2009-04-04/meta-data/local-hostname HTTP/1.1" status: 200 len: 190 time: 0.0087187
2026-04-22 19:45:02.773 56 INFO eventlet.wsgi.server [-] 10.100.0.4, "GET /2009-04-04/user-data HTTP/1.1" status: 404 len: 297 time: 0.0083859
2026-04-22 19:45:02.828 56 INFO eventlet.wsgi.server [-] 10.100.0.4, "GET /2009-04-04/meta-data/block-device-mapping HTTP/1.1" status: 200 len: 143 time: 0.0118365
2026-04-22 19:45:02.842 56 INFO eventlet.wsgi.server [-] 10.100.0.4, "GET /2009-04-04/meta-data/block-device-mapping/ami HTTP/1.1" status: 200 len: 138 time: 0.0082815
2026-04-22 19:45:02.856 56 INFO eventlet.wsgi.server [-] 10.100.0.4, "GET /2009-04-04/meta-data/block-device-mapping/root HTTP/1.1" status: 200 len: 143 time: 0.0074158
2026-04-22 19:45:02.873 57 INFO eventlet.wsgi.server [-] 10.100.0.4, "GET /2009-04-04/meta-data/public-hostname HTTP/1.1" status: 200 len: 190 time: 0.0081489
2026-04-22 19:45:02.890 57 INFO eventlet.wsgi.server [-] 10.100.0.4, "GET /2009-04-04/meta-data/placement/availability-zone HTTP/1.1" status: 200 len: 139 time: 0.0097156
2026-04-22 19:45:12.379 48 INFO neutron.agent.ovn.metadata.agent [-] Port 744862c1-4864-4ed5-bd92-7779e76b7652 in datapath 258e1366-0ab4-47fe-bfa1-29c2b1224d8e bound to our chassis
2026-04-22 19:45:12.381 48 INFO neutron.agent.ovn.metadata.agent [-] Provisioning metadata for network 258e1366-0ab4-47fe-bfa1-29c2b1224d8e
2026-04-22 19:45:25.177 56 INFO eventlet.wsgi.server [-] 10.100.0.13, "GET /2009-04-04/meta-data/instance-id HTTP/1.1" status: 200 len: 146 time: 0.1279848
2026-04-22 19:45:25.198 56 INFO eventlet.wsgi.server [-] 10.100.0.13, "GET /2009-04-04/meta-data/public-keys HTTP/1.1" status: 200 len: 176 time: 0.0101125
2026-04-22 19:45:25.213 57 INFO eventlet.wsgi.server [-] 10.100.0.13, "GET /2009-04-04/meta-data/public-keys/0/openssh-key HTTP/1.1" status: 200 len: 341 time: 0.0109856
2026-04-22 19:45:25.233 57 INFO eventlet.wsgi.server [-] 10.100.0.13, "GET /2009-04-04/meta-data/instance-id HTTP/1.1" status: 200 len: 146 time: 0.0127931
2026-04-22 19:45:25.252 57 INFO eventlet.wsgi.server [-] 10.100.0.13, "GET /2009-04-04/meta-data/ami-launch-index HTTP/1.1" status: 200 len: 136 time: 0.0118883
2026-04-22 19:45:25.270 56 INFO eventlet.wsgi.server [-] 10.100.0.13, "GET /2009-04-04/meta-data/instance-type HTTP/1.1" status: 200 len: 142 time: 0.0103254
2026-04-22 19:45:25.288 56 INFO eventlet.wsgi.server [-] 10.100.0.13, "GET /2009-04-04/meta-data/local-ipv4 HTTP/1.1" status: 200 len: 147 time: 0.0087075
2026-04-22 19:45:25.303 56 INFO eventlet.wsgi.server [-] 10.100.0.13, "GET /2009-04-04/meta-data/public-ipv4 HTTP/1.1" status: 200 len: 149 time: 0.0103467
2026-04-22 19:45:25.316 56 INFO eventlet.wsgi.server [-] 10.100.0.13, "GET /2009-04-04/meta-data/hostname HTTP/1.1" status: 200 len: 190 time: 0.0093646
2026-04-22 19:45:25.329 56 INFO eventlet.wsgi.server [-] 10.100.0.13, "GET /2009-04-04/meta-data/local-hostname HTTP/1.1" status: 200 len: 190 time: 0.0095401
2026-04-22 19:45:25.351 56 INFO eventlet.wsgi.server [-] 10.100.0.13, "GET /2009-04-04/user-data HTTP/1.1" status: 404 len: 297 time: 0.0119617
2026-04-22 19:45:25.376 57 INFO eventlet.wsgi.server [-] 10.100.0.13, "GET /2009-04-04/meta-data/block-device-mapping HTTP/1.1" status: 200 len: 143 time: 0.0094533
2026-04-22 19:45:25.387 57 INFO eventlet.wsgi.server [-] 10.100.0.13, "GET /2009-04-04/meta-data/block-device-mapping/ami HTTP/1.1" status: 200 len: 138 time: 0.0070291
2026-04-22 19:45:25.400 57 INFO eventlet.wsgi.server [-] 10.100.0.13, "GET /2009-04-04/meta-data/block-device-mapping/root HTTP/1.1" status: 200 len: 143 time: 0.0085518
2026-04-22 19:45:25.415 57 INFO eventlet.wsgi.server [-] 10.100.0.13, "GET /2009-04-04/meta-data/public-hostname HTTP/1.1" status: 200 len: 190 time: 0.0082569
2026-04-22 19:45:25.429 57 INFO eventlet.wsgi.server [-] 10.100.0.13, "GET /2009-04-04/meta-data/placement/availability-zone HTTP/1.1" status: 200 len: 139 time: 0.0086243
2026-04-22 19:45:27.863 48 INFO neutron.agent.ovn.metadata.agent [-] Port 744862c1-4864-4ed5-bd92-7779e76b7652 in datapath 258e1366-0ab4-47fe-bfa1-29c2b1224d8e unbound from our chassis
2026-04-22 19:45:27.864 48 INFO neutron.agent.ovn.metadata.agent [-] Provisioning metadata for network 258e1366-0ab4-47fe-bfa1-29c2b1224d8e
2026-04-22 19:45:30.795 48 INFO neutron.agent.ovn.metadata.agent [-] Port 3b9e076d-9640-4a08-99d1-d14dd4ca180b in datapath 258e1366-0ab4-47fe-bfa1-29c2b1224d8e unbound from our chassis
2026-04-22 19:45:30.797 48 INFO neutron.agent.ovn.metadata.agent [-] Cleaning up ovnmeta-258e1366-0ab4-47fe-bfa1-29c2b1224d8e namespace which is not needed anymore
2026-04-22 19:45:34.585 48 WARNING neutron.agent.ovn.metadata.agent [-] Removing non-external type port c38eb434-463d-4b92-a399-40ecee1a5838 with type "chassisredirect"
2026-04-22 19:46:00.817 48 INFO neutron.agent.ovn.metadata.agent [-] Port 4088bf4d-c586-44ae-aa0f-3091b72fe589 in datapath 4a466086-f4ea-4385-a4a6-6c11537973fe bound to our chassis
2026-04-22 19:46:00.819 48 INFO neutron.agent.ovn.metadata.agent [-] Provisioning metadata for network 4a466086-f4ea-4385-a4a6-6c11537973fe
2026-04-22 19:46:08.669 48 INFO neutron.agent.ovn.metadata.agent [-] Port be0c61e4-b0aa-4bd3-9a6d-4ee9e29a9d40 in datapath d5adcdec-7546-41df-8d12-3b196d774e30 bound to our chassis
2026-04-22 19:46:08.673 48 INFO neutron.agent.ovn.metadata.agent [-] Provisioning metadata for network d5adcdec-7546-41df-8d12-3b196d774e30
2026-04-22 19:46:12.873 57 INFO eventlet.wsgi.server [-] 10.2.1.246, "GET /2009-04-04/meta-data/instance-id HTTP/1.1" status: 200 len: 146 time: 0.1564503
2026-04-22 19:46:12.899 57 INFO eventlet.wsgi.server [-] 10.2.1.246, "GET /2009-04-04/meta-data/public-keys HTTP/1.1" status: 200 len: 174 time: 0.0164812
2026-04-22 19:46:12.916 57 INFO eventlet.wsgi.server [-] 10.2.1.246, "GET /2009-04-04/meta-data/public-keys/0/openssh-key HTTP/1.1" status: 200 len: 341 time: 0.0116451
2026-04-22 19:46:12.940 57 INFO eventlet.wsgi.server [-] 10.2.1.246, "GET /2009-04-04/meta-data/instance-id HTTP/1.1" status: 200 len: 146 time: 0.0155559
2026-04-22 19:46:12.960 57 INFO eventlet.wsgi.server [-] 10.2.1.246, "GET /2009-04-04/meta-data/ami-launch-index HTTP/1.1" status: 200 len: 136 time: 0.0113921
2026-04-22 19:46:12.982 56 INFO eventlet.wsgi.server [-] 10.2.1.246, "GET /2009-04-04/meta-data/instance-type HTTP/1.1" status: 200 len: 142 time: 0.0108166
2026-04-22 19:46:12.997 56 INFO eventlet.wsgi.server [-] 10.2.1.246, "GET /2009-04-04/meta-data/local-ipv4 HTTP/1.1" status: 200 len: 146 time: 0.0092511
2026-04-22 19:46:13.015 57 INFO eventlet.wsgi.server [-] 10.2.1.246, "GET /2009-04-04/meta-data/public-ipv4 HTTP/1.1" status: 200 len: 149 time: 0.0114253
2026-04-22 19:46:13.031 57 INFO eventlet.wsgi.server [-] 10.2.1.246, "GET /2009-04-04/meta-data/hostname HTTP/1.1" status: 200 len: 184 time: 0.0099607
2026-04-22 19:46:13.052 56 INFO eventlet.wsgi.server [-] 10.2.1.246, "GET /2009-04-04/meta-data/local-hostname HTTP/1.1" status: 200 len: 184 time: 0.0118980
2026-04-22 19:46:13.071 56 INFO eventlet.wsgi.server [-] 10.2.1.246, "GET /2009-04-04/user-data HTTP/1.1" status: 404 len: 297 time: 0.0104811
2026-04-22 19:46:13.106 57 INFO eventlet.wsgi.server [-] 10.2.1.246, "GET /2009-04-04/meta-data/block-device-mapping HTTP/1.1" status: 200 len: 143 time: 0.0135379
2026-04-22 19:46:13.121 57 INFO eventlet.wsgi.server [-] 10.2.1.246, "GET /2009-04-04/meta-data/block-device-mapping/ami HTTP/1.1" status: 200 len: 138 time: 0.0083516
2026-04-22 19:46:13.139 56 INFO eventlet.wsgi.server [-] 10.2.1.246, "GET /2009-04-04/meta-data/block-device-mapping/root HTTP/1.1" status: 200 len: 143 time: 0.0104914
2026-04-22 19:46:13.165 56 INFO eventlet.wsgi.server [-] 10.2.1.246, "GET /2009-04-04/meta-data/public-hostname HTTP/1.1" status: 200 len: 184 time: 0.0186722
2026-04-22 19:46:13.185 56 INFO eventlet.wsgi.server [-] 10.2.1.246, "GET /2009-04-04/meta-data/placement/availability-zone HTTP/1.1" status: 200 len: 139 time: 0.0137005
2026-04-22 19:46:20.268 56 INFO eventlet.wsgi.server [-] 10.2.2.21, "GET /2009-04-04/meta-data/instance-id HTTP/1.1" status: 200 len: 146 time: 0.1389685
2026-04-22 19:46:20.290 56 INFO eventlet.wsgi.server [-] 10.2.2.21, "GET /2009-04-04/meta-data/public-keys HTTP/1.1" status: 200 len: 174 time: 0.0118923
2026-04-22 19:46:20.306 57 INFO eventlet.wsgi.server [-] 10.2.2.21, "GET /2009-04-04/meta-data/public-keys/0/openssh-key HTTP/1.1" status: 200 len: 341 time: 0.0117440
2026-04-22 19:46:20.321 57 INFO eventlet.wsgi.server [-] 10.2.2.21, "GET /2009-04-04/meta-data/instance-id HTTP/1.1" status: 200 len: 146 time: 0.0090790
2026-04-22 19:46:20.335 57 INFO eventlet.wsgi.server [-] 10.2.2.21, "GET /2009-04-04/meta-data/ami-launch-index HTTP/1.1" status: 200 len: 136 time: 0.0089703
2026-04-22 19:46:20.351 56 INFO eventlet.wsgi.server [-] 10.2.2.21, "GET /2009-04-04/meta-data/instance-type HTTP/1.1" status: 200 len: 142 time: 0.0111806
2026-04-22 19:46:20.365 56 INFO eventlet.wsgi.server [-] 10.2.2.21, "GET /2009-04-04/meta-data/local-ipv4 HTTP/1.1" status: 200 len: 144 time: 0.0087671
2026-04-22 19:46:20.380 56 INFO eventlet.wsgi.server [-] 10.2.2.21, "GET /2009-04-04/meta-data/public-ipv4 HTTP/1.1" status: 200 len: 149 time: 0.0099852
2026-04-22 19:46:20.393 56 INFO eventlet.wsgi.server [-] 10.2.2.21, "GET /2009-04-04/meta-data/hostname HTTP/1.1" status: 200 len: 184 time: 0.0085523
2026-04-22 19:46:20.412 56 INFO eventlet.wsgi.server [-] 10.2.2.21, "GET /2009-04-04/meta-data/local-hostname HTTP/1.1" status: 200 len: 184 time: 0.0107355
2026-04-22 19:46:20.432 56 INFO eventlet.wsgi.server [-] 10.2.2.21, "GET /2009-04-04/user-data HTTP/1.1" status: 404 len: 297 time: 0.0129271
2026-04-22 19:46:20.468 56 INFO eventlet.wsgi.server [-] 10.2.2.21, "GET /2009-04-04/meta-data/block-device-mapping HTTP/1.1" status: 200 len: 143 time: 0.0121067
2026-04-22 19:46:20.482 56 INFO eventlet.wsgi.server [-] 10.2.2.21, "GET /2009-04-04/meta-data/block-device-mapping/ami HTTP/1.1" status: 200 len: 138 time: 0.0078208
2026-04-22 19:46:20.498 57 INFO eventlet.wsgi.server [-] 10.2.2.21, "GET /2009-04-04/meta-data/block-device-mapping/root HTTP/1.1" status: 200 len: 143 time: 0.0100186
2026-04-22 19:46:20.513 57 INFO eventlet.wsgi.server [-] 10.2.2.21, "GET /2009-04-04/meta-data/public-hostname HTTP/1.1" status: 200 len: 184 time: 0.0097127
2026-04-22 19:46:20.532 57 INFO eventlet.wsgi.server [-] 10.2.2.21, "GET /2009-04-04/meta-data/placement/availability-zone HTTP/1.1" status: 200 len: 139 time: 0.0101933
2026-04-22 19:46:39.513 48 INFO neutron.agent.ovn.metadata.agent [-] Port e21ff251-f953-4a81-a70b-dee63c8ab404 in datapath 11326ab4-0fa2-43d8-9e2b-6e8cd336db4f bound to our chassis
2026-04-22 19:46:39.515 48 INFO neutron.agent.ovn.metadata.agent [-] Provisioning metadata for network 11326ab4-0fa2-43d8-9e2b-6e8cd336db4f
2026-04-22 19:47:17.616 48 INFO neutron.agent.ovn.metadata.agent [-] Port 267bf268-c688-41ec-99b4-65790af01b92 in datapath 6687944f-89fb-4668-ba9c-c18a9e3481a8 bound to our chassis
2026-04-22 19:47:17.619 48 INFO neutron.agent.ovn.metadata.agent [-] Provisioning metadata for network 6687944f-89fb-4668-ba9c-c18a9e3481a8
2026-04-22 19:47:44.071 48 INFO neutron.agent.ovn.metadata.agent [-] Port 3d99bef4-4a56-4644-a24a-ff969e71158b in datapath 4a466086-f4ea-4385-a4a6-6c11537973fe bound to our chassis
2026-04-22 19:47:44.074 48 INFO neutron.agent.ovn.metadata.agent [-] Provisioning metadata for network 4a466086-f4ea-4385-a4a6-6c11537973fe
2026-04-22 19:47:55.146 48 INFO neutron.agent.ovn.metadata.agent [-] Port 86779834-0e5d-4e5a-ba52-105d3d8ae0d8 in datapath d5adcdec-7546-41df-8d12-3b196d774e30 bound to our chassis
2026-04-22 19:47:55.148 48 INFO neutron.agent.ovn.metadata.agent [-] Provisioning metadata for network d5adcdec-7546-41df-8d12-3b196d774e30
2026-04-22 19:48:07.276 48 INFO neutron.agent.ovn.metadata.agent [-] Port 86779834-0e5d-4e5a-ba52-105d3d8ae0d8 in datapath d5adcdec-7546-41df-8d12-3b196d774e30 unbound from our chassis
2026-04-22 19:48:07.277 48 INFO neutron.agent.ovn.metadata.agent [-] Provisioning metadata for network d5adcdec-7546-41df-8d12-3b196d774e30
2026-04-22 19:48:11.063 57 ERROR neutron.agent.ovn.metadata.server [-] No port found in network None with IP address 169.254.169.254
2026-04-22 19:48:11.064 57 INFO eventlet.wsgi.server [-] 169.254.169.254, "GET / HTTP/1.1" status: 404 len: 176 time: 0.0031638
2026-04-22 19:48:13.236 48 INFO neutron.agent.ovn.metadata.agent [-] Port 3d99bef4-4a56-4644-a24a-ff969e71158b in datapath 4a466086-f4ea-4385-a4a6-6c11537973fe unbound from our chassis
2026-04-22 19:48:13.237 48 INFO neutron.agent.ovn.metadata.agent [-] Provisioning metadata for network 4a466086-f4ea-4385-a4a6-6c11537973fe
2026-04-22 19:48:28.569 48 INFO neutron.agent.ovn.metadata.agent [-] Port 267bf268-c688-41ec-99b4-65790af01b92 in datapath 6687944f-89fb-4668-ba9c-c18a9e3481a8 unbound from our chassis
2026-04-22 19:48:28.572 48 INFO neutron.agent.ovn.metadata.agent [-] Cleaning up ovnmeta-6687944f-89fb-4668-ba9c-c18a9e3481a8 namespace which is not needed anymore
2026-04-22 19:48:31.873 48 INFO neutron.agent.ovn.metadata.agent [-] Port e21ff251-f953-4a81-a70b-dee63c8ab404 in datapath 11326ab4-0fa2-43d8-9e2b-6e8cd336db4f unbound from our chassis
2026-04-22 19:48:31.874 48 INFO neutron.agent.ovn.metadata.agent [-] Provisioning metadata for network 11326ab4-0fa2-43d8-9e2b-6e8cd336db4f
2026-04-22 19:48:33.729 48 INFO neutron.agent.ovn.metadata.agent [-] Port be0c61e4-b0aa-4bd3-9a6d-4ee9e29a9d40 in datapath d5adcdec-7546-41df-8d12-3b196d774e30 unbound from our chassis
2026-04-22 19:48:33.732 48 INFO neutron.agent.ovn.metadata.agent [-] Cleaning up ovnmeta-d5adcdec-7546-41df-8d12-3b196d774e30 namespace which is not needed anymore
2026-04-22 19:48:39.572 48 INFO neutron.agent.ovn.metadata.agent [-] Port 4088bf4d-c586-44ae-aa0f-3091b72fe589 in datapath 4a466086-f4ea-4385-a4a6-6c11537973fe unbound from our chassis
2026-04-22 19:48:39.575 48 INFO neutron.agent.ovn.metadata.agent [-] Cleaning up ovnmeta-4a466086-f4ea-4385-a4a6-6c11537973fe namespace which is not needed anymore
2026-04-22 19:48:50.655 48 WARNING neutron.agent.ovn.metadata.agent [-] Removing non-external type port 8eff7ba2-2c2c-48d4-a075-022deb9e1fb5 with type "chassisredirect"
2026-04-22 19:51:21.057 57 ERROR neutron.agent.ovn.metadata.server [-] No port found in network None with IP address 169.254.169.254
2026-04-22 19:51:21.058 57 INFO eventlet.wsgi.server [-] 169.254.169.254, "GET / HTTP/1.1" status: 404 len: 176 time: 0.0015049
2026-04-22 19:53:51.055 56 ERROR neutron.agent.ovn.metadata.server [-] No port found in network None with IP address 169.254.169.254
2026-04-22 19:53:51.056 56 INFO eventlet.wsgi.server [-] 169.254.169.254, "GET / HTTP/1.1" status: 404 len: 176 time: 0.0030460