2026-05-18 01:49:26.005 7 INFO placement.requestlog [req-c7f90c20-01aa-46cf-b8c2-124a14838429 req-d055fad9-25e4-47ec-b9cf-39a5b0499d5a 9daba623102649a8941b1375b9ae6057 e9fdbb4b7059499ab565b2c47489b962 - - 7c946dcfe0d04ed787842a01fc7f078b 7c946dcfe0d04ed787842a01fc7f078b] 199.204.45.95 "GET /allocations/1e667d3b-d582-4942-935a-acca64206cae" status: 200 len: 258 microversion: 1.28 [pid: 7|app: 0|req: 418/835] 199.204.45.95 () {34 vars in 861 bytes} [Mon May 18 01:49:25 2026] GET /allocations/1e667d3b-d582-4942-935a-acca64206cae => generated 258 bytes in 17 msecs (HTTP/1.1 200) 8 headers in 296 bytes (1 switches on core 0)
2026-05-18 01:49:26.787 8 INFO placement.requestlog [None req-02be3a87-0bd4-4d20-949a-c4e47b555392 42190ca30b624f349f4ef2713536f905 e9fdbb4b7059499ab565b2c47489b962 - - 7c946dcfe0d04ed787842a01fc7f078b 7c946dcfe0d04ed787842a01fc7f078b] 10.0.0.143 "GET /resource_providers/26b41216-b3cc-46c8-a08e-ecb5fe6115e6/aggregates" status: 404 len: 235 microversion: 1.1 [pid: 8|app: 0|req: 418/836] 10.0.0.143 () {32 vars in 815 bytes} [Mon May 18 01:49:26 2026] GET /resource_providers/26b41216-b3cc-46c8-a08e-ecb5fe6115e6/aggregates => generated 235 bytes in 14 msecs (HTTP/1.1 404) 5 headers in 202 bytes (1 switches on core 0)
2026-05-18 01:49:26.789 7 INFO placement.requestlog [None req-8b067241-7f6e-48b3-9f9f-658519df3eab 42190ca30b624f349f4ef2713536f905 e9fdbb4b7059499ab565b2c47489b962 - - 7c946dcfe0d04ed787842a01fc7f078b 7c946dcfe0d04ed787842a01fc7f078b] 10.0.0.143 "GET /resource_providers/26b41216-b3cc-46c8-a08e-ecb5fe6115e6/aggregates" status: 404 len: 235 microversion: 1.1 [pid: 7|app: 0|req: 419/837] 10.0.0.143 () {32 vars in 815 bytes} [Mon May 18 01:49:26 2026] GET /resource_providers/26b41216-b3cc-46c8-a08e-ecb5fe6115e6/aggregates => generated 235 bytes in 16 msecs (HTTP/1.1 404) 5 headers in 202 bytes (1 switches on core 0)
2026-05-18 01:49:26.804 8 INFO placement.requestlog [None req-5bf322f9-8e25-4697-bd42-247f8c184ba7 42190ca30b624f349f4ef2713536f905 e9fdbb4b7059499ab565b2c47489b962 - - 7c946dcfe0d04ed787842a01fc7f078b 7c946dcfe0d04ed787842a01fc7f078b] 10.0.0.143 "DELETE /resource_providers/26b41216-b3cc-46c8-a08e-ecb5fe6115e6" status: 404 len: 246 microversion: 1.1 [pid: 8|app: 0|req: 419/838] 10.0.0.143 () {34 vars in 815 bytes} [Mon May 18 01:49:26 2026] DELETE /resource_providers/26b41216-b3cc-46c8-a08e-ecb5fe6115e6 => generated 246 bytes in 6 msecs (HTTP/1.1 404) 6 headers in 231 bytes (1 switches on core 0)
2026-05-18 01:49:26.815 7 INFO placement.requestlog [None req-4bce2c21-ed30-4e6a-85b0-b0dbba554f31 42190ca30b624f349f4ef2713536f905 e9fdbb4b7059499ab565b2c47489b962 - - 7c946dcfe0d04ed787842a01fc7f078b 7c946dcfe0d04ed787842a01fc7f078b] 10.0.0.143 "DELETE /resource_providers/26b41216-b3cc-46c8-a08e-ecb5fe6115e6" status: 404 len: 246 microversion: 1.1 [pid: 7|app: 0|req: 420/839] 10.0.0.143 () {34 vars in 815 bytes} [Mon May 18 01:49:26 2026] DELETE /resource_providers/26b41216-b3cc-46c8-a08e-ecb5fe6115e6 => generated 246 bytes in 17 msecs (HTTP/1.1 404) 6 headers in 231 bytes (1 switches on core 0)
2026-05-18 01:49:27.354 8 INFO placement.requestlog [None req-26c69091-763f-4b15-b0d3-cb5b5a210e0e - - - - - -] 10.0.0.56 "GET /" status: 200 len: 136 microversion: 1.0
2026-05-18 01:49:27.355 7 INFO placement.requestlog [None req-085d5a88-a2c7-436e-8e03-2d2fcb7a362e - - - - - -] 10.0.0.56 "GET /" status: 200 len: 136 microversion: 1.0
2026-05-18 01:49:28.077 8 INFO placement.requestlog [req-b10ba290-0141-43d8-8a63-6895eb36ddfe req-6c4c42a9-f41f-40b1-86a0-b1192ac6b333 9daba623102649a8941b1375b9ae6057 e9fdbb4b7059499ab565b2c47489b962 - - 7c946dcfe0d04ed787842a01fc7f078b 7c946dcfe0d04ed787842a01fc7f078b] 199.204.45.95 "GET /resource_providers/afc4da34-44d0-4987-b674-be7afcc3d73c/allocations" status: 200 len: 353 microversion: 1.0 [pid: 8|app: 0|req: 421/842] 199.204.45.95 () {32 vars in 855 bytes} [Mon May 18 01:49:28 2026] GET /resource_providers/afc4da34-44d0-4987-b674-be7afcc3d73c/allocations => generated 353 bytes in 17 msecs (HTTP/1.1 200) 6 headers in 224 bytes (1 switches on core 0)
2026-05-18 01:49:28.101 7 INFO placement.requestlog [req-b10ba290-0141-43d8-8a63-6895eb36ddfe req-44551ab4-00d0-4837-997d-2bcd00858c06 9daba623102649a8941b1375b9ae6057 e9fdbb4b7059499ab565b2c47489b962 - - 7c946dcfe0d04ed787842a01fc7f078b 7c946dcfe0d04ed787842a01fc7f078b] 199.204.45.95 "GET /allocations/373438fa-691a-4a4f-9f82-792f9b962b39" status: 200 len: 258 microversion: 1.28 [pid: 7|app: 0|req: 422/843] 199.204.45.95 () {34 vars in 861 bytes} [Mon May 18 01:49:28 2026] GET /allocations/373438fa-691a-4a4f-9f82-792f9b962b39 => generated 258 bytes in 18 msecs (HTTP/1.1 200) 8 headers in 296 bytes (1 switches on core 0)
2026-05-18 01:49:28.129 8 INFO placement.requestlog [req-b10ba290-0141-43d8-8a63-6895eb36ddfe req-5b4132bc-4cf4-456f-bed7-834507d61fa9 9daba623102649a8941b1375b9ae6057 e9fdbb4b7059499ab565b2c47489b962 - - 7c946dcfe0d04ed787842a01fc7f078b 7c946dcfe0d04ed787842a01fc7f078b] 199.204.45.95 "GET /allocations/d21e316c-4b88-4407-84c0-137a5560b340" status: 200 len: 258 microversion: 1.28 [pid: 8|app: 0|req: 422/844] 199.204.45.95 () {34 vars in 861 bytes} [Mon May 18 01:49:28 2026] GET /allocations/d21e316c-4b88-4407-84c0-137a5560b340 => generated 258 bytes in 19 msecs (HTTP/1.1 200) 8 headers in 296 bytes (1 switches on core 0)
2026-05-18 01:49:28.152 7 INFO placement.requestlog [req-b10ba290-0141-43d8-8a63-6895eb36ddfe req-e57b678a-f38b-4d36-99c9-700c8f51691a 9daba623102649a8941b1375b9ae6057 e9fdbb4b7059499ab565b2c47489b962 - - 7c946dcfe0d04ed787842a01fc7f078b 7c946dcfe0d04ed787842a01fc7f078b] 199.204.45.95 "GET /allocations/1e667d3b-d582-4942-935a-acca64206cae" status: 200 len: 258 microversion: 1.28 [pid: 7|app: 0|req: 423/845] 199.204.45.95 () {34 vars in 861 bytes} [Mon May 18 01:49:28 2026] GET /allocations/1e667d3b-d582-4942-935a-acca64206cae => generated 258 bytes in 16 msecs (HTTP/1.1 200) 8 headers in 296 bytes (1 switches on core 0)
2026-05-18 01:49:30.896 8 INFO placement.requestlog [None req-f5159700-57fe-43e6-85e2-e9d4f3425d3d 42190ca30b624f349f4ef2713536f905 e9fdbb4b7059499ab565b2c47489b962 - - 7c946dcfe0d04ed787842a01fc7f078b 7c946dcfe0d04ed787842a01fc7f078b] 10.0.0.143 "GET /resource_providers/0f7edf68-0f47-4436-af6e-68e8301a0dbd/aggregates" status: 404 len: 235 microversion: 1.1 [pid: 8|app: 0|req: 423/846] 10.0.0.143 () {32 vars in 815 bytes} [Mon May 18 01:49:30 2026] GET /resource_providers/0f7edf68-0f47-4436-af6e-68e8301a0dbd/aggregates => generated 235 bytes in 13 msecs (HTTP/1.1 404) 5 headers in 202 bytes (1 switches on core 0)
2026-05-18 01:49:30.900 7 INFO placement.requestlog [None req-69d646bb-089d-477c-aeaa-a985bff437c3 42190ca30b624f349f4ef2713536f905 e9fdbb4b7059499ab565b2c47489b962 - - 7c946dcfe0d04ed787842a01fc7f078b 7c946dcfe0d04ed787842a01fc7f078b] 10.0.0.143 "GET /resource_providers/0f7edf68-0f47-4436-af6e-68e8301a0dbd/aggregates" status: 404 len: 235 microversion: 1.1 [pid: 7|app: 0|req: 424/847] 10.0.0.143 () {32 vars in 815 bytes} [Mon May 18 01:49:30 2026] GET /resource_providers/0f7edf68-0f47-4436-af6e-68e8301a0dbd/aggregates => generated 235 bytes in 14 msecs (HTTP/1.1 404) 5 headers in 202 bytes (1 switches on core 0)
2026-05-18 01:49:30.908 8 INFO placement.requestlog [None req-4508a426-032d-48b1-a934-044b135009e8 42190ca30b624f349f4ef2713536f905 e9fdbb4b7059499ab565b2c47489b962 - - 7c946dcfe0d04ed787842a01fc7f078b 7c946dcfe0d04ed787842a01fc7f078b] 10.0.0.143 "DELETE /resource_providers/0f7edf68-0f47-4436-af6e-68e8301a0dbd" status: 404 len: 246 microversion: 1.1 [pid: 8|app: 0|req: 424/848] 10.0.0.143 () {34 vars in 815 bytes} [Mon May 18 01:49:30 2026] DELETE /resource_providers/0f7edf68-0f47-4436-af6e-68e8301a0dbd => generated 246 bytes in 8 msecs (HTTP/1.1 404) 6 headers in 231 bytes (1 switches on core 0)
2026-05-18 01:49:30.912 7 INFO placement.requestlog [None req-cd1ddc70-0ec3-4afd-bafd-c0bac4176f71 42190ca30b624f349f4ef2713536f905 e9fdbb4b7059499ab565b2c47489b962 - - 7c946dcfe0d04ed787842a01fc7f078b 7c946dcfe0d04ed787842a01fc7f078b] 10.0.0.143 "DELETE /resource_providers/0f7edf68-0f47-4436-af6e-68e8301a0dbd" status: 404 len: 246 microversion: 1.1 [pid: 7|app: 0|req: 425/849] 10.0.0.143 () {34 vars in 815 bytes} [Mon May 18 01:49:30 2026] DELETE /resource_providers/0f7edf68-0f47-4436-af6e-68e8301a0dbd => generated 246 bytes in 7 msecs (HTTP/1.1 404) 6 headers in 231 bytes (1 switches on core 0)
2026-05-18 01:49:32.933 8 INFO placement.requestlog [None req-bf7e4db7-a874-4e44-b321-36617781421a 42190ca30b624f349f4ef2713536f905 e9fdbb4b7059499ab565b2c47489b962 - - 7c946dcfe0d04ed787842a01fc7f078b 7c946dcfe0d04ed787842a01fc7f078b] 10.0.0.143 "GET /resource_providers/8b777ea8-8719-4989-b984-62096678167a/aggregates" status: 404 len: 235 microversion: 1.1 [pid: 8|app: 0|req: 425/850] 10.0.0.143 () {32 vars in 815 bytes} [Mon May 18 01:49:32 2026] GET /resource_providers/8b777ea8-8719-4989-b984-62096678167a/aggregates => generated 235 bytes in 15 msecs (HTTP/1.1 404) 5 headers in 202 bytes (1 switches on core 0)
2026-05-18 01:49:32.934 7 INFO placement.requestlog [None req-b14234f8-6cd6-4b82-ad1f-0a118b50d25e 42190ca30b624f349f4ef2713536f905 e9fdbb4b7059499ab565b2c47489b962 - - 7c946dcfe0d04ed787842a01fc7f078b 7c946dcfe0d04ed787842a01fc7f078b] 10.0.0.143 "GET /resource_providers/8b777ea8-8719-4989-b984-62096678167a/aggregates" status: 404 len: 235 microversion: 1.1 [pid: 7|app: 0|req: 426/851] 10.0.0.143 () {32 vars in 815 bytes} [Mon May 18 01:49:32 2026] GET /resource_providers/8b777ea8-8719-4989-b984-62096678167a/aggregates => generated 235 bytes in 13 msecs (HTTP/1.1 404) 5 headers in 202 bytes (1 switches on core 0)
2026-05-18 01:49:32.958 7 INFO placement.requestlog [None req-ef8f5db1-4640-4fe5-a6c5-944352beeb8f 42190ca30b624f349f4ef2713536f905 e9fdbb4b7059499ab565b2c47489b962 - - 7c946dcfe0d04ed787842a01fc7f078b 7c946dcfe0d04ed787842a01fc7f078b] 10.0.0.143 "DELETE /resource_providers/8b777ea8-8719-4989-b984-62096678167a" status: 404 len: 246 microversion: 1.1 [pid: 7|app: 0|req: 427/852] 10.0.0.143 () {34 vars in 815 bytes} [Mon May 18 01:49:32 2026] DELETE /resource_providers/8b777ea8-8719-4989-b984-62096678167a => generated 246 bytes in 11 msecs (HTTP/1.1 404) 6 headers in 231 bytes (1 switches on core 0)
2026-05-18 01:49:32.961 8 INFO placement.requestlog [None req-0fd83725-eb35-400f-b576-fea480847064 42190ca30b624f349f4ef2713536f905 e9fdbb4b7059499ab565b2c47489b962 - - 7c946dcfe0d04ed787842a01fc7f078b 7c946dcfe0d04ed787842a01fc7f078b] 10.0.0.143 "DELETE /resource_providers/8b777ea8-8719-4989-b984-62096678167a" status: 404 len: 246 microversion: 1.1 [pid: 8|app: 0|req: 426/853] 10.0.0.143 () {34 vars in 815 bytes} [Mon May 18 01:49:32 2026] DELETE /resource_providers/8b777ea8-8719-4989-b984-62096678167a => generated 246 bytes in 14 msecs (HTTP/1.1 404) 6 headers in 231 bytes (1 switches on core 0)
2026-05-18 01:49:36.031 7 INFO placement.requestlog [None req-ef138791-7106-4627-b896-5c40e4ef75c8 42190ca30b624f349f4ef2713536f905 e9fdbb4b7059499ab565b2c47489b962 - - 7c946dcfe0d04ed787842a01fc7f078b 7c946dcfe0d04ed787842a01fc7f078b] 10.0.0.143 "GET /resource_providers/9faac7a4-80dd-41d5-aa34-23522cf68aa7/aggregates" status: 404 len: 235 microversion: 1.1 [pid: 7|app: 0|req: 428/854] 10.0.0.143 () {32 vars in 815 bytes} [Mon May 18 01:49:36 2026] GET /resource_providers/9faac7a4-80dd-41d5-aa34-23522cf68aa7/aggregates => generated 235 bytes in 11 msecs (HTTP/1.1 404) 5 headers in 202 bytes (1 switches on core 0)
2026-05-18 01:49:36.043 8 INFO placement.requestlog [None req-0bf96b65-a8d5-4ace-890a-7e360c7085cd 42190ca30b624f349f4ef2713536f905 e9fdbb4b7059499ab565b2c47489b962 - - 7c946dcfe0d04ed787842a01fc7f078b 7c946dcfe0d04ed787842a01fc7f078b] 10.0.0.143 "GET /resource_providers/9faac7a4-80dd-41d5-aa34-23522cf68aa7/aggregates" status: 404 len: 235 microversion: 1.1 [pid: 8|app: 0|req: 427/855] 10.0.0.143 () {32 vars in 815 bytes} [Mon May 18 01:49:36 2026] GET /resource_providers/9faac7a4-80dd-41d5-aa34-23522cf68aa7/aggregates => generated 235 bytes in 22 msecs (HTTP/1.1 404) 5 headers in 202 bytes (1 switches on core 0)
2026-05-18 01:49:36.044 7 INFO placement.requestlog [None req-0558e03b-e72c-4935-93ef-d333d22b1e95 42190ca30b624f349f4ef2713536f905 e9fdbb4b7059499ab565b2c47489b962 - - 7c946dcfe0d04ed787842a01fc7f078b 7c946dcfe0d04ed787842a01fc7f078b] 10.0.0.143 "DELETE /resource_providers/9faac7a4-80dd-41d5-aa34-23522cf68aa7" status: 404 len: 246 microversion: 1.1 [pid: 7|app: 0|req: 429/856] 10.0.0.143 () {34 vars in 815 bytes} [Mon May 18 01:49:36 2026] DELETE /resource_providers/9faac7a4-80dd-41d5-aa34-23522cf68aa7 => generated 246 bytes in 6 msecs (HTTP/1.1 404) 6 headers in 231 bytes (1 switches on core 0)
2026-05-18 01:49:36.063 8 INFO placement.requestlog [None req-b7df6df3-bb89-473b-91cd-424672842155 42190ca30b624f349f4ef2713536f905 e9fdbb4b7059499ab565b2c47489b962 - - 7c946dcfe0d04ed787842a01fc7f078b 7c946dcfe0d04ed787842a01fc7f078b] 10.0.0.143 "DELETE /resource_providers/9faac7a4-80dd-41d5-aa34-23522cf68aa7" status: 404 len: 246 microversion: 1.1 [pid: 8|app: 0|req: 428/857] 10.0.0.143 () {34 vars in 815 bytes} [Mon May 18 01:49:36 2026] DELETE /resource_providers/9faac7a4-80dd-41d5-aa34-23522cf68aa7 => generated 246 bytes in 12 msecs (HTTP/1.1 404) 6 headers in 231 bytes (1 switches on core 0)
2026-05-18 01:49:37.355 8 INFO placement.requestlog [None req-8bdbcb43-990c-451e-9d05-953320e12598 - - - - - -] 10.0.0.56 "GET /" status: 200 len: 136 microversion: 1.0
2026-05-18 01:49:37.355 7 INFO placement.requestlog [None req-3bdac1dc-682e-489c-82f4-82433ffe2d5c - - - - - -] 10.0.0.56 "GET /" status: 200 len: 136 microversion: 1.0
2026-05-18 01:49:38.280 7 INFO placement.requestlog [None req-33bdf0b0-907c-4202-b092-1a9debbf8a21 42190ca30b624f349f4ef2713536f905 e9fdbb4b7059499ab565b2c47489b962 - - 7c946dcfe0d04ed787842a01fc7f078b 7c946dcfe0d04ed787842a01fc7f078b] 10.0.0.143 "GET /resource_providers/780c43f1-cb3b-4eca-88bc-c2446aa5c5cd/aggregates" status: 404 len: 235 microversion: 1.1 [pid: 7|app: 0|req: 431/860] 10.0.0.143 () {32 vars in 815 bytes} [Mon May 18 01:49:38 2026] GET /resource_providers/780c43f1-cb3b-4eca-88bc-c2446aa5c5cd/aggregates => generated 235 bytes in 11 msecs (HTTP/1.1 404) 5 headers in 202 bytes (1 switches on core 0)
2026-05-18 01:49:38.285 8 INFO placement.requestlog [None req-a5405270-9807-470e-8253-f589c87a60a0 42190ca30b624f349f4ef2713536f905 e9fdbb4b7059499ab565b2c47489b962 - - 7c946dcfe0d04ed787842a01fc7f078b 7c946dcfe0d04ed787842a01fc7f078b] 10.0.0.143 "GET /resource_providers/780c43f1-cb3b-4eca-88bc-c2446aa5c5cd/aggregates" status: 404 len: 235 microversion: 1.1 [pid: 8|app: 0|req: 430/861] 10.0.0.143 () {32 vars in 815 bytes} [Mon May 18 01:49:38 2026] GET /resource_providers/780c43f1-cb3b-4eca-88bc-c2446aa5c5cd/aggregates => generated 235 bytes in 17 msecs (HTTP/1.1 404) 5 headers in 202 bytes (1 switches on core 0)
2026-05-18 01:49:38.296 7 INFO placement.requestlog [None req-14f58584-4a7c-419e-972d-14e64b459d3a 42190ca30b624f349f4ef2713536f905 e9fdbb4b7059499ab565b2c47489b962 - - 7c946dcfe0d04ed787842a01fc7f078b 7c946dcfe0d04ed787842a01fc7f078b] 10.0.0.143 "DELETE /resource_providers/780c43f1-cb3b-4eca-88bc-c2446aa5c5cd" status: 404 len: 246 microversion: 1.1 [pid: 7|app: 0|req: 432/862] 10.0.0.143 () {34 vars in 815 bytes} [Mon May 18 01:49:38 2026] DELETE /resource_providers/780c43f1-cb3b-4eca-88bc-c2446aa5c5cd => generated 246 bytes in 6 msecs (HTTP/1.1 404) 6 headers in 231 bytes (1 switches on core 0)
2026-05-18 01:49:38.307 8 INFO placement.requestlog [None req-9fc06080-3bf4-41e0-bcdd-3267fa8c488b 42190ca30b624f349f4ef2713536f905 e9fdbb4b7059499ab565b2c47489b962 - - 7c946dcfe0d04ed787842a01fc7f078b 7c946dcfe0d04ed787842a01fc7f078b] 10.0.0.143 "DELETE /resource_providers/780c43f1-cb3b-4eca-88bc-c2446aa5c5cd" status: 404 len: 246 microversion: 1.1 [pid: 8|app: 0|req: 431/863] 10.0.0.143 () {34 vars in 815 bytes} [Mon May 18 01:49:38 2026] DELETE /resource_providers/780c43f1-cb3b-4eca-88bc-c2446aa5c5cd => generated 246 bytes in 14 msecs (HTTP/1.1 404) 6 headers in 231 bytes (1 switches on core 0)
2026-05-18 01:49:40.456 7 INFO placement.requestlog [None req-3601ecd1-9957-438e-85c3-66e1608b4149 42190ca30b624f349f4ef2713536f905 e9fdbb4b7059499ab565b2c47489b962 - - 7c946dcfe0d04ed787842a01fc7f078b 7c946dcfe0d04ed787842a01fc7f078b] 10.0.0.143 "GET /resource_providers/42175342-32c8-40a7-9407-c4b601a2c48d/aggregates" status: 404 len: 235 microversion: 1.1 [pid: 7|app: 0|req: 433/864] 10.0.0.143 () {32 vars in 815 bytes} [Mon May 18 01:49:40 2026] GET /resource_providers/42175342-32c8-40a7-9407-c4b601a2c48d/aggregates => generated 235 bytes in 13 msecs (HTTP/1.1 404) 5 headers in 202 bytes (1 switches on core 0)
2026-05-18 01:49:40.458 8 INFO placement.requestlog [None req-b7af9c00-4d2c-44ca-ad5f-c411c2258161 42190ca30b624f349f4ef2713536f905 e9fdbb4b7059499ab565b2c47489b962 - - 7c946dcfe0d04ed787842a01fc7f078b 7c946dcfe0d04ed787842a01fc7f078b] 10.0.0.143 "GET /resource_providers/42175342-32c8-40a7-9407-c4b601a2c48d/aggregates" status: 404 len: 235 microversion: 1.1 [pid: 8|app: 0|req: 432/865] 10.0.0.143 () {32 vars in 815 bytes} [Mon May 18 01:49:40 2026] GET /resource_providers/42175342-32c8-40a7-9407-c4b601a2c48d/aggregates => generated 235 bytes in 15 msecs (HTTP/1.1 404) 5 headers in 202 bytes (1 switches on core 0)
2026-05-18 01:49:40.475 7 INFO placement.requestlog [None req-b26e5770-1032-4ba5-81ac-aa2957cf9282 42190ca30b624f349f4ef2713536f905 e9fdbb4b7059499ab565b2c47489b962 - - 7c946dcfe0d04ed787842a01fc7f078b 7c946dcfe0d04ed787842a01fc7f078b] 10.0.0.143 "DELETE /resource_providers/42175342-32c8-40a7-9407-c4b601a2c48d" status: 404 len: 246 microversion: 1.1 [pid: 7|app: 0|req: 434/866] 10.0.0.143 () {34 vars in 815 bytes} [Mon May 18 01:49:40 2026] DELETE /resource_providers/42175342-32c8-40a7-9407-c4b601a2c48d => generated 246 bytes in 7 msecs (HTTP/1.1 404) 6 headers in 231 bytes (1 switches on core 0)
2026-05-18 01:49:40.479 8 INFO placement.requestlog [None req-bbb058e7-c086-47b7-9404-b2752218f623 42190ca30b624f349f4ef2713536f905 e9fdbb4b7059499ab565b2c47489b962 - - 7c946dcfe0d04ed787842a01fc7f078b 7c946dcfe0d04ed787842a01fc7f078b] 10.0.0.143 "DELETE /resource_providers/42175342-32c8-40a7-9407-c4b601a2c48d" status: 404 len: 246 microversion: 1.1 [pid: 8|app: 0|req: 433/867] 10.0.0.143 () {34 vars in 815 bytes} [Mon May 18 01:49:40 2026] DELETE /resource_providers/42175342-32c8-40a7-9407-c4b601a2c48d => generated 246 bytes in 11 msecs (HTTP/1.1 404) 6 headers in 231 bytes (1 switches on core 0)
2026-05-18 01:49:41.540 7 INFO placement.requestlog [req-bbc75632-977d-45f3-9eac-15b40dcbcff6 req-06a58a03-6986-4d18-ba3c-32733884cfe5 9daba623102649a8941b1375b9ae6057 e9fdbb4b7059499ab565b2c47489b962 - - 7c946dcfe0d04ed787842a01fc7f078b 7c946dcfe0d04ed787842a01fc7f078b] 199.204.45.95 "GET /resource_providers/afc4da34-44d0-4987-b674-be7afcc3d73c/allocations" status: 200 len: 353 microversion: 1.0 [pid: 7|app: 0|req: 435/868] 199.204.45.95 () {32 vars in 855 bytes} [Mon May 18 01:49:41 2026] GET /resource_providers/afc4da34-44d0-4987-b674-be7afcc3d73c/allocations => generated 353 bytes in 18 msecs (HTTP/1.1 200) 6 headers in 224 bytes (1 switches on core 0)
2026-05-18 01:49:41.562 8 INFO placement.requestlog [req-bbc75632-977d-45f3-9eac-15b40dcbcff6 req-723338aa-1f31-49d0-bb9e-5589560b4c68 9daba623102649a8941b1375b9ae6057 e9fdbb4b7059499ab565b2c47489b962 - - 7c946dcfe0d04ed787842a01fc7f078b 7c946dcfe0d04ed787842a01fc7f078b] 199.204.45.95 "GET /allocations/373438fa-691a-4a4f-9f82-792f9b962b39" status: 200 len: 258 microversion: 1.28 [pid: 8|app: 0|req: 434/869] 199.204.45.95 () {34 vars in 861 bytes} [Mon May 18 01:49:41 2026] GET /allocations/373438fa-691a-4a4f-9f82-792f9b962b39 => generated 258 bytes in 14 msecs (HTTP/1.1 200) 8 headers in 296 bytes (1 switches on core 0)
2026-05-18 01:49:41.584 7 INFO placement.requestlog [req-bbc75632-977d-45f3-9eac-15b40dcbcff6 req-273011e1-dc7b-444c-a75e-27dfde741895 9daba623102649a8941b1375b9ae6057 e9fdbb4b7059499ab565b2c47489b962 - - 7c946dcfe0d04ed787842a01fc7f078b 7c946dcfe0d04ed787842a01fc7f078b] 199.204.45.95 "GET /allocations/d21e316c-4b88-4407-84c0-137a5560b340" status: 200 len: 258 microversion: 1.28 [pid: 7|app: 0|req: 436/870] 199.204.45.95 () {34 vars in 861 bytes} [Mon May 18 01:49:41 2026] GET /allocations/d21e316c-4b88-4407-84c0-137a5560b340 => generated 258 bytes in 16 msecs (HTTP/1.1 200) 8 headers in 296 bytes (1 switches on core 0)
2026-05-18 01:49:41.621 8 INFO placement.requestlog [req-bbc75632-977d-45f3-9eac-15b40dcbcff6 req-e7704826-7614-4866-9209-3d0442202da3 9daba623102649a8941b1375b9ae6057 e9fdbb4b7059499ab565b2c47489b962 - - 7c946dcfe0d04ed787842a01fc7f078b 7c946dcfe0d04ed787842a01fc7f078b] 199.204.45.95 "GET /allocations/1e667d3b-d582-4942-935a-acca64206cae" status: 200 len: 258 microversion: 1.28 [pid: 8|app: 0|req: 435/871] 199.204.45.95 () {34 vars in 861 bytes} [Mon May 18 01:49:41 2026] GET /allocations/1e667d3b-d582-4942-935a-acca64206cae => generated 258 bytes in 25 msecs (HTTP/1.1 200) 8 headers in 296 bytes (1 switches on core 0)
2026-05-18 01:49:42.686 7 INFO placement.requestlog [req-bbc75632-977d-45f3-9eac-15b40dcbcff6 req-040909a6-c807-49d4-b1b4-3c17a8d687cc 9daba623102649a8941b1375b9ae6057 e9fdbb4b7059499ab565b2c47489b962 - - 7c946dcfe0d04ed787842a01fc7f078b 7c946dcfe0d04ed787842a01fc7f078b] 199.204.45.95 "DELETE /allocations/d21e316c-4b88-4407-84c0-137a5560b340" status: 204 len: 0 microversion: 1.0 [pid: 7|app: 0|req: 437/872] 199.204.45.95 () {34 vars in 839 bytes} [Mon May 18 01:49:42 2026] DELETE /allocations/d21e316c-4b88-4407-84c0-137a5560b340 => generated 0 bytes in 34 msecs (HTTP/1.1 204) 5 headers in 198 bytes (1 switches on core 0)
2026-05-18 01:49:45.298 7 INFO placement.requestlog [None req-7952f654-bedd-4b9a-a045-534a7aaf30b1 42190ca30b624f349f4ef2713536f905 e9fdbb4b7059499ab565b2c47489b962 - - 7c946dcfe0d04ed787842a01fc7f078b 7c946dcfe0d04ed787842a01fc7f078b] 10.0.0.143 "GET /resource_providers/3406b0ba-ddc1-4a37-b75a-6266f585a5a3/aggregates" status: 404 len: 235 microversion: 1.1 [pid: 7|app: 0|req: 438/873] 10.0.0.143 () {32 vars in 815 bytes} [Mon May 18 01:49:45 2026] GET /resource_providers/3406b0ba-ddc1-4a37-b75a-6266f585a5a3/aggregates => generated 235 bytes in 11 msecs (HTTP/1.1 404) 5 headers in 202 bytes (1 switches on core 0)
2026-05-18 01:49:45.300 8 INFO placement.requestlog [None req-49e67b0c-0420-4562-8ffc-411ff9abfadd 42190ca30b624f349f4ef2713536f905 e9fdbb4b7059499ab565b2c47489b962 - - 7c946dcfe0d04ed787842a01fc7f078b 7c946dcfe0d04ed787842a01fc7f078b] 10.0.0.143 "GET /resource_providers/3406b0ba-ddc1-4a37-b75a-6266f585a5a3/aggregates" status: 404 len: 235 microversion: 1.1 [pid: 8|app: 0|req: 436/874] 10.0.0.143 () {32 vars in 815 bytes} [Mon May 18 01:49:45 2026] GET /resource_providers/3406b0ba-ddc1-4a37-b75a-6266f585a5a3/aggregates => generated 235 bytes in 12 msecs (HTTP/1.1 404) 5 headers in 202 bytes (1 switches on core 0)
2026-05-18 01:49:45.321 8 INFO placement.requestlog [None req-e3cc8bf2-c31d-4152-8b1c-7f9f8cf53e90 42190ca30b624f349f4ef2713536f905 e9fdbb4b7059499ab565b2c47489b962 - - 7c946dcfe0d04ed787842a01fc7f078b 7c946dcfe0d04ed787842a01fc7f078b] 10.0.0.143 "DELETE /resource_providers/3406b0ba-ddc1-4a37-b75a-6266f585a5a3" status: 404 len: 246 microversion: 1.1 [pid: 8|app: 0|req: 437/875] 10.0.0.143 () {34 vars in 815 bytes} [Mon May 18 01:49:45 2026] DELETE /resource_providers/3406b0ba-ddc1-4a37-b75a-6266f585a5a3 => generated 246 bytes in 9 msecs (HTTP/1.1 404) 6 headers in 231 bytes (1 switches on core 0)
2026-05-18 01:49:45.329 7 INFO placement.requestlog [None req-96181c47-628b-409b-9cc8-832963efaa4b 42190ca30b624f349f4ef2713536f905 e9fdbb4b7059499ab565b2c47489b962 - - 7c946dcfe0d04ed787842a01fc7f078b 7c946dcfe0d04ed787842a01fc7f078b] 10.0.0.143 "DELETE /resource_providers/3406b0ba-ddc1-4a37-b75a-6266f585a5a3" status: 404 len: 246 microversion: 1.1 [pid: 7|app: 0|req: 439/876] 10.0.0.143 () {34 vars in 815 bytes} [Mon May 18 01:49:45 2026] DELETE /resource_providers/3406b0ba-ddc1-4a37-b75a-6266f585a5a3 => generated 246 bytes in 18 msecs (HTTP/1.1 404) 6 headers in 231 bytes (1 switches on core 0)
2026-05-18 01:49:45.724 7 INFO placement.requestlog [None req-ef102f81-bec7-42b4-8458-8f7e396efcd3 42190ca30b624f349f4ef2713536f905 e9fdbb4b7059499ab565b2c47489b962 - - 7c946dcfe0d04ed787842a01fc7f078b 7c946dcfe0d04ed787842a01fc7f078b] 10.0.0.143 "GET /resource_providers/fa30e381-fd3f-442b-9d63-137eaa29cb3f/aggregates" status: 404 len: 235 microversion: 1.1 [pid: 7|app: 0|req: 440/877] 10.0.0.143 () {32 vars in 815 bytes} [Mon May 18 01:49:45 2026] GET /resource_providers/fa30e381-fd3f-442b-9d63-137eaa29cb3f/aggregates => generated 235 bytes in 8 msecs (HTTP/1.1 404) 5 headers in 202 bytes (1 switches on core 0)
2026-05-18 01:49:45.724 8 INFO placement.requestlog [None req-89c0aa0e-2a75-4179-ba07-c7f4e99c5df6 42190ca30b624f349f4ef2713536f905 e9fdbb4b7059499ab565b2c47489b962 - - 7c946dcfe0d04ed787842a01fc7f078b 7c946dcfe0d04ed787842a01fc7f078b] 10.0.0.143 "GET /resource_providers/fa30e381-fd3f-442b-9d63-137eaa29cb3f/aggregates" status: 404 len: 235 microversion: 1.1 [pid: 8|app: 0|req: 438/878] 10.0.0.143 () {32 vars in 815 bytes} [Mon May 18 01:49:45 2026] GET /resource_providers/fa30e381-fd3f-442b-9d63-137eaa29cb3f/aggregates => generated 235 bytes in 10 msecs (HTTP/1.1 404) 5 headers in 202 bytes (1 switches on core 0)
2026-05-18 01:49:45.744 8 INFO placement.requestlog [None req-e9f71dfd-a0a2-447f-bfee-ed23564d5129 42190ca30b624f349f4ef2713536f905 e9fdbb4b7059499ab565b2c47489b962 - - 7c946dcfe0d04ed787842a01fc7f078b 7c946dcfe0d04ed787842a01fc7f078b] 10.0.0.143 "DELETE /resource_providers/fa30e381-fd3f-442b-9d63-137eaa29cb3f" status: 404 len: 246 microversion: 1.1
2026-05-18 01:49:45.744 7 INFO placement.requestlog [None req-369d310f-804f-40d8-b2c5-b6bc9f304ccb 42190ca30b624f349f4ef2713536f905 e9fdbb4b7059499ab565b2c47489b962 - - 7c946dcfe0d04ed787842a01fc7f078b 7c946dcfe0d04ed787842a01fc7f078b] 10.0.0.143 "DELETE /resource_providers/fa30e381-fd3f-442b-9d63-137eaa29cb3f" status: 404 len: 246 microversion: 1.1 [pid: 8|app: 0|req: 439/879] 10.0.0.143 () {34 vars in 815 bytes} [Mon May 18 01:49:45 2026] DELETE /resource_providers/fa30e381-fd3f-442b-9d63-137eaa29cb3f => generated 246 bytes in 9 msecs (HTTP/1.1 404) 6 headers in 231 bytes (1 switches on core 0) [pid: 7|app: 0|req: 441/880] 10.0.0.143 () {34 vars in 815 bytes} [Mon May 18 01:49:45 2026] DELETE /resource_providers/fa30e381-fd3f-442b-9d63-137eaa29cb3f => generated 246 bytes in 9 msecs (HTTP/1.1 404) 6 headers in 231 bytes (1 switches on core 0)
2026-05-18 01:49:47.356 7 INFO placement.requestlog [None req-c2a97f36-2289-45c1-a252-ba498b66025a - - - - - -] 10.0.0.56 "GET /" status: 200 len: 136 microversion: 1.0
2026-05-18 01:49:47.356 8 INFO placement.requestlog [None req-d822a422-e956-44e1-b1c8-fb252ae54e1c - - - - - -] 10.0.0.56 "GET /" status: 200 len: 136 microversion: 1.0
2026-05-18 01:49:48.834 7 INFO placement.requestlog [req-cb419956-9081-44c4-a89b-055fce945c78 req-965d17b9-4014-4daf-a803-1b7a7107e196 9daba623102649a8941b1375b9ae6057 e9fdbb4b7059499ab565b2c47489b962 - - 7c946dcfe0d04ed787842a01fc7f078b 7c946dcfe0d04ed787842a01fc7f078b] 199.204.45.95 "GET /resource_providers/afc4da34-44d0-4987-b674-be7afcc3d73c/allocations" status: 200 len: 253 microversion: 1.0 [pid: 7|app: 0|req: 443/883] 199.204.45.95 () {32 vars in 855 bytes} [Mon May 18 01:49:48 2026] GET /resource_providers/afc4da34-44d0-4987-b674-be7afcc3d73c/allocations => generated 253 bytes in 20 msecs (HTTP/1.1 200) 6 headers in 224 bytes (1 switches on core 0)
2026-05-18 01:49:48.861 8 INFO placement.requestlog [req-cb419956-9081-44c4-a89b-055fce945c78 req-7bd72e61-f079-40cf-b792-1699c97f2309 9daba623102649a8941b1375b9ae6057 e9fdbb4b7059499ab565b2c47489b962 - - 7c946dcfe0d04ed787842a01fc7f078b 7c946dcfe0d04ed787842a01fc7f078b] 199.204.45.95 "GET /resource_providers/afc4da34-44d0-4987-b674-be7afcc3d73c/allocations" status: 200 len: 253 microversion: 1.0 [pid: 8|app: 0|req: 441/884] 199.204.45.95 () {32 vars in 855 bytes} [Mon May 18 01:49:48 2026] GET /resource_providers/afc4da34-44d0-4987-b674-be7afcc3d73c/allocations => generated 253 bytes in 18 msecs (HTTP/1.1 200) 6 headers in 224 bytes (1 switches on core 0)
2026-05-18 01:49:48.878 7 INFO placement.requestlog [req-cb419956-9081-44c4-a89b-055fce945c78 req-7bed9c10-b16a-4e6b-a7ba-4dbe7fe5a238 9daba623102649a8941b1375b9ae6057 e9fdbb4b7059499ab565b2c47489b962 - - 7c946dcfe0d04ed787842a01fc7f078b 7c946dcfe0d04ed787842a01fc7f078b] 199.204.45.95 "GET /allocations/373438fa-691a-4a4f-9f82-792f9b962b39" status: 200 len: 258 microversion: 1.28 [pid: 7|app: 0|req: 444/885] 199.204.45.95 () {34 vars in 861 bytes} [Mon May 18 01:49:48 2026] GET /allocations/373438fa-691a-4a4f-9f82-792f9b962b39 => generated 258 bytes in 13 msecs (HTTP/1.1 200) 8 headers in 296 bytes (1 switches on core 0)
2026-05-18 01:49:48.896 8 INFO placement.requestlog [req-cb419956-9081-44c4-a89b-055fce945c78 req-9d50e85e-4170-4ee5-9536-d66791538e12 9daba623102649a8941b1375b9ae6057 e9fdbb4b7059499ab565b2c47489b962 - - 7c946dcfe0d04ed787842a01fc7f078b 7c946dcfe0d04ed787842a01fc7f078b] 199.204.45.95 "GET /allocations/1e667d3b-d582-4942-935a-acca64206cae" status: 200 len: 258 microversion: 1.28 [pid: 8|app: 0|req: 442/886] 199.204.45.95 () {34 vars in 861 bytes} [Mon May 18 01:49:48 2026] GET /allocations/1e667d3b-d582-4942-935a-acca64206cae => generated 258 bytes in 12 msecs (HTTP/1.1 200) 8 headers in 296 bytes (1 switches on core 0)
2026-05-18 01:49:52.986 7 INFO placement.requestlog [None req-db60a647-d50e-4361-b528-c8e489f30f86 42190ca30b624f349f4ef2713536f905 e9fdbb4b7059499ab565b2c47489b962 - - 7c946dcfe0d04ed787842a01fc7f078b 7c946dcfe0d04ed787842a01fc7f078b] 10.0.0.143 "GET /resource_providers/0d10cc61-83c9-4ab6-9c17-d6e29adadf40/aggregates" status: 404 len: 235 microversion: 1.1 [pid: 7|app: 0|req: 445/887] 10.0.0.143 () {32 vars in 815 bytes} [Mon May 18 01:49:52 2026] GET /resource_providers/0d10cc61-83c9-4ab6-9c17-d6e29adadf40/aggregates => generated 235 bytes in 10 msecs (HTTP/1.1 404) 5 headers in 202 bytes (1 switches on core 0)
2026-05-18 01:49:52.986 8 INFO placement.requestlog [None req-9dc7511f-8301-400d-8a8d-3d24e4e3ba88 42190ca30b624f349f4ef2713536f905 e9fdbb4b7059499ab565b2c47489b962 - - 7c946dcfe0d04ed787842a01fc7f078b 7c946dcfe0d04ed787842a01fc7f078b] 10.0.0.143 "GET /resource_providers/0d10cc61-83c9-4ab6-9c17-d6e29adadf40/aggregates" status: 404 len: 235 microversion: 1.1 [pid: 8|app: 0|req: 443/888] 10.0.0.143 () {32 vars in 815 bytes} [Mon May 18 01:49:52 2026] GET /resource_providers/0d10cc61-83c9-4ab6-9c17-d6e29adadf40/aggregates => generated 235 bytes in 10 msecs (HTTP/1.1 404) 5 headers in 202 bytes (1 switches on core 0)
2026-05-18 01:49:53.002 7 INFO placement.requestlog [None req-edb21e31-96c2-4d6b-a901-6600fd3e85fe 42190ca30b624f349f4ef2713536f905 e9fdbb4b7059499ab565b2c47489b962 - - 7c946dcfe0d04ed787842a01fc7f078b 7c946dcfe0d04ed787842a01fc7f078b] 10.0.0.143 "DELETE /resource_providers/0d10cc61-83c9-4ab6-9c17-d6e29adadf40" status: 404 len: 246 microversion: 1.1 [pid: 7|app: 0|req: 446/889] 10.0.0.143 () {34 vars in 815 bytes} [Mon May 18 01:49:52 2026] DELETE /resource_providers/0d10cc61-83c9-4ab6-9c17-d6e29adadf40 => generated 246 bytes in 9 msecs (HTTP/1.1 404) 6 headers in 231 bytes (1 switches on core 0)
2026-05-18 01:49:53.003 8 INFO placement.requestlog [None req-65566420-15bb-4064-9a99-b36e450876c1 42190ca30b624f349f4ef2713536f905 e9fdbb4b7059499ab565b2c47489b962 - - 7c946dcfe0d04ed787842a01fc7f078b 7c946dcfe0d04ed787842a01fc7f078b] 10.0.0.143 "DELETE /resource_providers/0d10cc61-83c9-4ab6-9c17-d6e29adadf40" status: 404 len: 246 microversion: 1.1 [pid: 8|app: 0|req: 444/890] 10.0.0.143 () {34 vars in 815 bytes} [Mon May 18 01:49:52 2026] DELETE /resource_providers/0d10cc61-83c9-4ab6-9c17-d6e29adadf40 => generated 246 bytes in 10 msecs (HTTP/1.1 404) 6 headers in 231 bytes (1 switches on core 0)
2026-05-18 01:49:55.354 7 INFO placement.requestlog [None req-cbb74865-ec09-41ff-b81c-f1cecffa8034 42190ca30b624f349f4ef2713536f905 e9fdbb4b7059499ab565b2c47489b962 - - 7c946dcfe0d04ed787842a01fc7f078b 7c946dcfe0d04ed787842a01fc7f078b] 10.0.0.143 "GET /resource_providers/0ee4156a-3b77-4dad-98e2-0639ffde9253/aggregates" status: 404 len: 235 microversion: 1.1 [pid: 7|app: 0|req: 447/891] 10.0.0.143 () {32 vars in 815 bytes} [Mon May 18 01:49:55 2026] GET /resource_providers/0ee4156a-3b77-4dad-98e2-0639ffde9253/aggregates => generated 235 bytes in 11 msecs (HTTP/1.1 404) 5 headers in 202 bytes (1 switches on core 0)
2026-05-18 01:49:55.357 8 INFO placement.requestlog [None req-ef27768b-adee-41b7-a5c6-84cb7aec87d5 42190ca30b624f349f4ef2713536f905 e9fdbb4b7059499ab565b2c47489b962 - - 7c946dcfe0d04ed787842a01fc7f078b 7c946dcfe0d04ed787842a01fc7f078b] 10.0.0.143 "GET /resource_providers/0ee4156a-3b77-4dad-98e2-0639ffde9253/aggregates" status: 404 len: 235 microversion: 1.1 [pid: 8|app: 0|req: 445/892] 10.0.0.143 () {32 vars in 815 bytes} [Mon May 18 01:49:55 2026] GET /resource_providers/0ee4156a-3b77-4dad-98e2-0639ffde9253/aggregates => generated 235 bytes in 13 msecs (HTTP/1.1 404) 5 headers in 202 bytes (1 switches on core 0)
2026-05-18 01:49:55.365 7 INFO placement.requestlog [None req-a880b96c-3ed1-40c0-9421-7796ef829fc0 42190ca30b624f349f4ef2713536f905 e9fdbb4b7059499ab565b2c47489b962 - - 7c946dcfe0d04ed787842a01fc7f078b 7c946dcfe0d04ed787842a01fc7f078b] 10.0.0.143 "DELETE /resource_providers/0ee4156a-3b77-4dad-98e2-0639ffde9253" status: 404 len: 246 microversion: 1.1 [pid: 7|app: 0|req: 448/893] 10.0.0.143 () {34 vars in 815 bytes} [Mon May 18 01:49:55 2026] DELETE /resource_providers/0ee4156a-3b77-4dad-98e2-0639ffde9253 => generated 246 bytes in 6 msecs (HTTP/1.1 404) 6 headers in 231 bytes (1 switches on core 0)
2026-05-18 01:49:55.374 8 INFO placement.requestlog [None req-0b71ffbc-b16e-4325-aeca-64b93ac69a7a 42190ca30b624f349f4ef2713536f905 e9fdbb4b7059499ab565b2c47489b962 - - 7c946dcfe0d04ed787842a01fc7f078b 7c946dcfe0d04ed787842a01fc7f078b] 10.0.0.143 "DELETE /resource_providers/0ee4156a-3b77-4dad-98e2-0639ffde9253" status: 404 len: 246 microversion: 1.1 [pid: 8|app: 0|req: 446/894] 10.0.0.143 () {34 vars in 815 bytes} [Mon May 18 01:49:55 2026] DELETE /resource_providers/0ee4156a-3b77-4dad-98e2-0639ffde9253 => generated 246 bytes in 12 msecs (HTTP/1.1 404) 6 headers in 231 bytes (1 switches on core 0)
2026-05-18 01:49:57.356 8 INFO placement.requestlog [None req-8366f7fe-f355-4280-940f-bc67dcf508bd - - - - - -] 10.0.0.56 "GET /" status: 200 len: 136 microversion: 1.0
2026-05-18 01:49:57.357 7 INFO placement.requestlog [None req-0d88c687-5bcd-44c1-b49e-b6b1bec38e35 - - - - - -] 10.0.0.56 "GET /" status: 200 len: 136 microversion: 1.0
2026-05-18 01:49:57.383 8 INFO placement.requestlog [None req-d75782f1-6dd2-4148-943d-3a1987166c6f 42190ca30b624f349f4ef2713536f905 e9fdbb4b7059499ab565b2c47489b962 - - 7c946dcfe0d04ed787842a01fc7f078b 7c946dcfe0d04ed787842a01fc7f078b] 10.0.0.143 "GET /resource_providers/7d2cc70c-0ff3-4bb7-8906-0e2c4d9cdbc5/aggregates" status: 404 len: 235 microversion: 1.1 [pid: 8|app: 0|req: 448/897] 10.0.0.143 () {32 vars in 815 bytes} [Mon May 18 01:49:57 2026] GET /resource_providers/7d2cc70c-0ff3-4bb7-8906-0e2c4d9cdbc5/aggregates => generated 235 bytes in 10 msecs (HTTP/1.1 404) 5 headers in 202 bytes (1 switches on core 0)
2026-05-18 01:49:57.390 7 INFO placement.requestlog [None req-940fe640-5607-4fec-95ea-975aad90db98 42190ca30b624f349f4ef2713536f905 e9fdbb4b7059499ab565b2c47489b962 - - 7c946dcfe0d04ed787842a01fc7f078b 7c946dcfe0d04ed787842a01fc7f078b] 10.0.0.143 "GET /resource_providers/7d2cc70c-0ff3-4bb7-8906-0e2c4d9cdbc5/aggregates" status: 404 len: 235 microversion: 1.1 [pid: 7|app: 0|req: 450/898] 10.0.0.143 () {32 vars in 815 bytes} [Mon May 18 01:49:57 2026] GET /resource_providers/7d2cc70c-0ff3-4bb7-8906-0e2c4d9cdbc5/aggregates => generated 235 bytes in 11 msecs (HTTP/1.1 404) 5 headers in 202 bytes (1 switches on core 0)
2026-05-18 01:49:57.398 8 INFO placement.requestlog [None req-aa7b595d-f181-443c-bfab-c826549cc4d7 42190ca30b624f349f4ef2713536f905 e9fdbb4b7059499ab565b2c47489b962 - - 7c946dcfe0d04ed787842a01fc7f078b 7c946dcfe0d04ed787842a01fc7f078b] 10.0.0.143 "DELETE /resource_providers/7d2cc70c-0ff3-4bb7-8906-0e2c4d9cdbc5" status: 404 len: 246 microversion: 1.1 [pid: 8|app: 0|req: 449/899] 10.0.0.143 () {34 vars in 815 bytes} [Mon May 18 01:49:57 2026] DELETE /resource_providers/7d2cc70c-0ff3-4bb7-8906-0e2c4d9cdbc5 => generated 246 bytes in 9 msecs (HTTP/1.1 404) 6 headers in 231 bytes (1 switches on core 0)
2026-05-18 01:49:57.404 7 INFO placement.requestlog [None req-92f37baf-310a-4505-b28b-6bfbdf6360e0 42190ca30b624f349f4ef2713536f905 e9fdbb4b7059499ab565b2c47489b962 - - 7c946dcfe0d04ed787842a01fc7f078b 7c946dcfe0d04ed787842a01fc7f078b] 10.0.0.143 "DELETE /resource_providers/7d2cc70c-0ff3-4bb7-8906-0e2c4d9cdbc5" status: 404 len: 246 microversion: 1.1 [pid: 7|app: 0|req: 451/900] 10.0.0.143 () {34 vars in 815 bytes} [Mon May 18 01:49:57 2026] DELETE /resource_providers/7d2cc70c-0ff3-4bb7-8906-0e2c4d9cdbc5 => generated 246 bytes in 7 msecs (HTTP/1.1 404) 6 headers in 231 bytes (1 switches on core 0)
2026-05-18 01:49:57.652 8 INFO placement.requestlog [None req-90723611-1414-46e5-8f14-bd5fa0edc554 42190ca30b624f349f4ef2713536f905 e9fdbb4b7059499ab565b2c47489b962 - - 7c946dcfe0d04ed787842a01fc7f078b 7c946dcfe0d04ed787842a01fc7f078b] 10.0.0.143 "GET /resource_providers/817da73a-d43a-4e47-bed4-38ad1226332c/aggregates" status: 404 len: 235 microversion: 1.1
2026-05-18 01:49:57.653 7 INFO placement.requestlog [None req-d0a303d3-037e-4c86-bd1f-9b730f028a35 42190ca30b624f349f4ef2713536f905 e9fdbb4b7059499ab565b2c47489b962 - - 7c946dcfe0d04ed787842a01fc7f078b 7c946dcfe0d04ed787842a01fc7f078b] 10.0.0.143 "GET /resource_providers/817da73a-d43a-4e47-bed4-38ad1226332c/aggregates" status: 404 len: 235 microversion: 1.1 [pid: 7|app: 0|req: 452/901] 10.0.0.143 () {32 vars in 815 bytes} [Mon May 18 01:49:57 2026] GET /resource_providers/817da73a-d43a-4e47-bed4-38ad1226332c/aggregates => generated 235 bytes in 13 msecs (HTTP/1.1 404) 5 headers in 202 bytes (1 switches on core 0) [pid: 8|app: 0|req: 450/902] 10.0.0.143 () {32 vars in 815 bytes} [Mon May 18 01:49:57 2026] GET /resource_providers/817da73a-d43a-4e47-bed4-38ad1226332c/aggregates => generated 235 bytes in 13 msecs (HTTP/1.1 404) 5 headers in 202 bytes (1 switches on core 0)
2026-05-18 01:49:57.670 7 INFO placement.requestlog [None req-9bc2eeaa-8a3b-4296-9a41-dba9442d0bd3 42190ca30b624f349f4ef2713536f905 e9fdbb4b7059499ab565b2c47489b962 - - 7c946dcfe0d04ed787842a01fc7f078b 7c946dcfe0d04ed787842a01fc7f078b] 10.0.0.143 "DELETE /resource_providers/817da73a-d43a-4e47-bed4-38ad1226332c" status: 404 len: 246 microversion: 1.1 [pid: 7|app: 0|req: 453/903] 10.0.0.143 () {34 vars in 815 bytes} [Mon May 18 01:49:57 2026] DELETE /resource_providers/817da73a-d43a-4e47-bed4-38ad1226332c => generated 246 bytes in 8 msecs (HTTP/1.1 404) 6 headers in 231 bytes (1 switches on core 0)
2026-05-18 01:49:57.675 8 INFO placement.requestlog [None req-b6004716-ed4f-4835-a44e-db48dc06dc49 42190ca30b624f349f4ef2713536f905 e9fdbb4b7059499ab565b2c47489b962 - - 7c946dcfe0d04ed787842a01fc7f078b 7c946dcfe0d04ed787842a01fc7f078b] 10.0.0.143 "DELETE /resource_providers/817da73a-d43a-4e47-bed4-38ad1226332c" status: 404 len: 246 microversion: 1.1 [pid: 8|app: 0|req: 451/904] 10.0.0.143 () {34 vars in 815 bytes} [Mon May 18 01:49:57 2026] DELETE /resource_providers/817da73a-d43a-4e47-bed4-38ad1226332c => generated 246 bytes in 12 msecs (HTTP/1.1 404) 6 headers in 231 bytes (1 switches on core 0)
2026-05-18 01:49:58.991 7 INFO placement.requestlog [req-599ce0be-4b5b-4bc3-bc2e-7fc46822ad0a req-2e83c6e0-76fc-4f07-9504-dc2a21537ed7 9daba623102649a8941b1375b9ae6057 e9fdbb4b7059499ab565b2c47489b962 - - 7c946dcfe0d04ed787842a01fc7f078b 7c946dcfe0d04ed787842a01fc7f078b] 199.204.45.95 "GET /resource_providers/afc4da34-44d0-4987-b674-be7afcc3d73c/allocations" status: 200 len: 253 microversion: 1.0 [pid: 7|app: 0|req: 454/905] 199.204.45.95 () {32 vars in 855 bytes} [Mon May 18 01:49:58 2026] GET /resource_providers/afc4da34-44d0-4987-b674-be7afcc3d73c/allocations => generated 253 bytes in 21 msecs (HTTP/1.1 200) 6 headers in 224 bytes (1 switches on core 0)
2026-05-18 01:49:59.024 8 INFO placement.requestlog [req-599ce0be-4b5b-4bc3-bc2e-7fc46822ad0a req-327f6eda-3830-4750-b542-5207aff29a34 9daba623102649a8941b1375b9ae6057 e9fdbb4b7059499ab565b2c47489b962 - - 7c946dcfe0d04ed787842a01fc7f078b 7c946dcfe0d04ed787842a01fc7f078b] 199.204.45.95 "GET /allocations/373438fa-691a-4a4f-9f82-792f9b962b39" status: 200 len: 258 microversion: 1.28 [pid: 8|app: 0|req: 452/906] 199.204.45.95 () {34 vars in 861 bytes} [Mon May 18 01:49:59 2026] GET /allocations/373438fa-691a-4a4f-9f82-792f9b962b39 => generated 258 bytes in 24 msecs (HTTP/1.1 200) 8 headers in 296 bytes (1 switches on core 0)
2026-05-18 01:49:59.062 7 INFO placement.requestlog [req-599ce0be-4b5b-4bc3-bc2e-7fc46822ad0a req-3c5d460e-9015-46fd-895e-e6c8376550d9 9daba623102649a8941b1375b9ae6057 e9fdbb4b7059499ab565b2c47489b962 - - 7c946dcfe0d04ed787842a01fc7f078b 7c946dcfe0d04ed787842a01fc7f078b] 199.204.45.95 "GET /allocations/1e667d3b-d582-4942-935a-acca64206cae" status: 200 len: 258 microversion: 1.28 [pid: 7|app: 0|req: 455/907] 199.204.45.95 () {34 vars in 861 bytes} [Mon May 18 01:49:59 2026] GET /allocations/1e667d3b-d582-4942-935a-acca64206cae => generated 258 bytes in 37 msecs (HTTP/1.1 200) 8 headers in 296 bytes (1 switches on core 0)
2026-05-18 01:49:59.417 8 INFO placement.requestlog [None req-9f579ce3-49d6-4057-bb3f-93e0cd60aca3 42190ca30b624f349f4ef2713536f905 e9fdbb4b7059499ab565b2c47489b962 - - 7c946dcfe0d04ed787842a01fc7f078b 7c946dcfe0d04ed787842a01fc7f078b] 10.0.0.143 "GET /resource_providers/b12f995c-c4bb-44b3-af53-319ec5f73ba7/aggregates" status: 404 len: 235 microversion: 1.1 [pid: 8|app: 0|req: 453/908] 10.0.0.143 () {32 vars in 815 bytes} [Mon May 18 01:49:59 2026] GET /resource_providers/b12f995c-c4bb-44b3-af53-319ec5f73ba7/aggregates => generated 235 bytes in 10 msecs (HTTP/1.1 404) 5 headers in 202 bytes (1 switches on core 0)
2026-05-18 01:49:59.418 7 INFO placement.requestlog [None req-c3618b5b-4500-4a09-b7b4-9d9a8fa7a6d4 42190ca30b624f349f4ef2713536f905 e9fdbb4b7059499ab565b2c47489b962 - - 7c946dcfe0d04ed787842a01fc7f078b 7c946dcfe0d04ed787842a01fc7f078b] 10.0.0.143 "GET /resource_providers/b12f995c-c4bb-44b3-af53-319ec5f73ba7/aggregates" status: 404 len: 235 microversion: 1.1 [pid: 7|app: 0|req: 456/909] 10.0.0.143 () {32 vars in 815 bytes} [Mon May 18 01:49:59 2026] GET /resource_providers/b12f995c-c4bb-44b3-af53-319ec5f73ba7/aggregates => generated 235 bytes in 7 msecs (HTTP/1.1 404) 5 headers in 202 bytes (1 switches on core 0)
2026-05-18 01:49:59.480 8 INFO placement.requestlog [None req-47f085b5-2d94-475b-8842-de420922cb81 42190ca30b624f349f4ef2713536f905 e9fdbb4b7059499ab565b2c47489b962 - - 7c946dcfe0d04ed787842a01fc7f078b 7c946dcfe0d04ed787842a01fc7f078b] 10.0.0.143 "DELETE /resource_providers/b12f995c-c4bb-44b3-af53-319ec5f73ba7" status: 404 len: 246 microversion: 1.1 [pid: 8|app: 0|req: 454/910] 10.0.0.143 () {34 vars in 815 bytes} [Mon May 18 01:49:59 2026] DELETE /resource_providers/b12f995c-c4bb-44b3-af53-319ec5f73ba7 => generated 246 bytes in 13 msecs (HTTP/1.1 404) 6 headers in 231 bytes (1 switches on core 0)
2026-05-18 01:49:59.481 7 INFO placement.requestlog [None req-bff78dde-a97e-4407-984b-8043f401770d 42190ca30b624f349f4ef2713536f905 e9fdbb4b7059499ab565b2c47489b962 - - 7c946dcfe0d04ed787842a01fc7f078b 7c946dcfe0d04ed787842a01fc7f078b] 10.0.0.143 "DELETE /resource_providers/b12f995c-c4bb-44b3-af53-319ec5f73ba7" status: 404 len: 246 microversion: 1.1 [pid: 7|app: 0|req: 457/911] 10.0.0.143 () {34 vars in 815 bytes} [Mon May 18 01:49:59 2026] DELETE /resource_providers/b12f995c-c4bb-44b3-af53-319ec5f73ba7 => generated 246 bytes in 15 msecs (HTTP/1.1 404) 6 headers in 231 bytes (1 switches on core 0)
2026-05-18 01:50:00.140 8 INFO placement.requestlog [req-599ce0be-4b5b-4bc3-bc2e-7fc46822ad0a req-a7c81e19-fede-4fd0-b4aa-9c6dc27ce2d0 9daba623102649a8941b1375b9ae6057 e9fdbb4b7059499ab565b2c47489b962 - - 7c946dcfe0d04ed787842a01fc7f078b 7c946dcfe0d04ed787842a01fc7f078b] 199.204.45.95 "DELETE /allocations/373438fa-691a-4a4f-9f82-792f9b962b39" status: 204 len: 0 microversion: 1.0 [pid: 8|app: 0|req: 455/912] 199.204.45.95 () {34 vars in 839 bytes} [Mon May 18 01:50:00 2026] DELETE /allocations/373438fa-691a-4a4f-9f82-792f9b962b39 => generated 0 bytes in 46 msecs (HTTP/1.1 204) 5 headers in 198 bytes (1 switches on core 0)
2026-05-18 01:50:01.296 7 INFO placement.requestlog [None req-6730dd28-0739-4425-8cb3-d738985d065b 42190ca30b624f349f4ef2713536f905 e9fdbb4b7059499ab565b2c47489b962 - - 7c946dcfe0d04ed787842a01fc7f078b 7c946dcfe0d04ed787842a01fc7f078b] 10.0.0.143 "GET /resource_providers/90e8cd4c-a9ea-42bf-836b-adbeeb28a346/aggregates" status: 404 len: 235 microversion: 1.1 [pid: 7|app: 0|req: 458/913] 10.0.0.143 () {32 vars in 815 bytes} [Mon May 18 01:50:01 2026] GET /resource_providers/90e8cd4c-a9ea-42bf-836b-adbeeb28a346/aggregates => generated 235 bytes in 11 msecs (HTTP/1.1 404) 5 headers in 202 bytes (1 switches on core 0)
2026-05-18 01:50:01.303 8 INFO placement.requestlog [None req-e31adb2c-49cd-49d3-ad37-8784b3b56c42 42190ca30b624f349f4ef2713536f905 e9fdbb4b7059499ab565b2c47489b962 - - 7c946dcfe0d04ed787842a01fc7f078b 7c946dcfe0d04ed787842a01fc7f078b] 10.0.0.143 "GET /resource_providers/90e8cd4c-a9ea-42bf-836b-adbeeb28a346/aggregates" status: 404 len: 235 microversion: 1.1 [pid: 8|app: 0|req: 456/914] 10.0.0.143 () {32 vars in 815 bytes} [Mon May 18 01:50:01 2026] GET /resource_providers/90e8cd4c-a9ea-42bf-836b-adbeeb28a346/aggregates => generated 235 bytes in 18 msecs (HTTP/1.1 404) 5 headers in 202 bytes (1 switches on core 0)
2026-05-18 01:50:01.316 7 INFO placement.requestlog [None req-36a04c70-9647-49c1-b3fa-aa8e161533bc 42190ca30b624f349f4ef2713536f905 e9fdbb4b7059499ab565b2c47489b962 - - 7c946dcfe0d04ed787842a01fc7f078b 7c946dcfe0d04ed787842a01fc7f078b] 10.0.0.143 "DELETE /resource_providers/90e8cd4c-a9ea-42bf-836b-adbeeb28a346" status: 404 len: 246 microversion: 1.1 [pid: 7|app: 0|req: 459/915] 10.0.0.143 () {34 vars in 815 bytes} [Mon May 18 01:50:01 2026] DELETE /resource_providers/90e8cd4c-a9ea-42bf-836b-adbeeb28a346 => generated 246 bytes in 12 msecs (HTTP/1.1 404) 6 headers in 231 bytes (1 switches on core 0)
2026-05-18 01:50:01.320 8 INFO placement.requestlog [None req-6e192e12-0613-4247-a039-3db6ae273c51 42190ca30b624f349f4ef2713536f905 e9fdbb4b7059499ab565b2c47489b962 - - 7c946dcfe0d04ed787842a01fc7f078b 7c946dcfe0d04ed787842a01fc7f078b] 10.0.0.143 "DELETE /resource_providers/90e8cd4c-a9ea-42bf-836b-adbeeb28a346" status: 404 len: 246 microversion: 1.1 [pid: 8|app: 0|req: 457/916] 10.0.0.143 () {34 vars in 815 bytes} [Mon May 18 01:50:01 2026] DELETE /resource_providers/90e8cd4c-a9ea-42bf-836b-adbeeb28a346 => generated 246 bytes in 11 msecs (HTTP/1.1 404) 6 headers in 231 bytes (1 switches on core 0)
2026-05-18 01:50:01.606 8 INFO placement.requestlog [None req-e6f7fc10-beab-4d53-bbf0-5aa2679fecf1 42190ca30b624f349f4ef2713536f905 e9fdbb4b7059499ab565b2c47489b962 - - 7c946dcfe0d04ed787842a01fc7f078b 7c946dcfe0d04ed787842a01fc7f078b] 10.0.0.143 "GET /resource_providers/631c38d1-e50c-48ed-8d59-d62ead068b14/aggregates" status: 404 len: 235 microversion: 1.1 [pid: 8|app: 0|req: 458/917] 10.0.0.143 () {32 vars in 815 bytes} [Mon May 18 01:50:01 2026] GET /resource_providers/631c38d1-e50c-48ed-8d59-d62ead068b14/aggregates => generated 235 bytes in 8 msecs (HTTP/1.1 404) 5 headers in 202 bytes (1 switches on core 0)
2026-05-18 01:50:01.609 7 INFO placement.requestlog [None req-1ce7a76f-b310-42f1-ad46-3c441bd6fb90 42190ca30b624f349f4ef2713536f905 e9fdbb4b7059499ab565b2c47489b962 - - 7c946dcfe0d04ed787842a01fc7f078b 7c946dcfe0d04ed787842a01fc7f078b] 10.0.0.143 "GET /resource_providers/631c38d1-e50c-48ed-8d59-d62ead068b14/aggregates" status: 404 len: 235 microversion: 1.1 [pid: 7|app: 0|req: 460/918] 10.0.0.143 () {32 vars in 815 bytes} [Mon May 18 01:50:01 2026] GET /resource_providers/631c38d1-e50c-48ed-8d59-d62ead068b14/aggregates => generated 235 bytes in 12 msecs (HTTP/1.1 404) 5 headers in 202 bytes (1 switches on core 0)
2026-05-18 01:50:01.628 8 INFO placement.requestlog [None req-2d114e97-836e-4a93-a93a-005dfd2aabda 42190ca30b624f349f4ef2713536f905 e9fdbb4b7059499ab565b2c47489b962 - - 7c946dcfe0d04ed787842a01fc7f078b 7c946dcfe0d04ed787842a01fc7f078b] 10.0.0.143 "DELETE /resource_providers/631c38d1-e50c-48ed-8d59-d62ead068b14" status: 404 len: 246 microversion: 1.1 [pid: 8|app: 0|req: 459/919] 10.0.0.143 () {34 vars in 815 bytes} [Mon May 18 01:50:01 2026] DELETE /resource_providers/631c38d1-e50c-48ed-8d59-d62ead068b14 => generated 246 bytes in 11 msecs (HTTP/1.1 404) 6 headers in 231 bytes (1 switches on core 0)
2026-05-18 01:50:01.631 7 INFO placement.requestlog [None req-09631960-98ab-4041-bc36-8fb321b0f058 42190ca30b624f349f4ef2713536f905 e9fdbb4b7059499ab565b2c47489b962 - - 7c946dcfe0d04ed787842a01fc7f078b 7c946dcfe0d04ed787842a01fc7f078b] 10.0.0.143 "DELETE /resource_providers/631c38d1-e50c-48ed-8d59-d62ead068b14" status: 404 len: 246 microversion: 1.1 [pid: 7|app: 0|req: 461/920] 10.0.0.143 () {34 vars in 815 bytes} [Mon May 18 01:50:01 2026] DELETE /resource_providers/631c38d1-e50c-48ed-8d59-d62ead068b14 => generated 246 bytes in 6 msecs (HTTP/1.1 404) 6 headers in 231 bytes (1 switches on core 0)
