2026-05-07 04:32:28.744 9 ERROR neutron.plugins.ml2.managers subnet_obj = self._get_subnet_object(context, id)
2026-05-07 04:32:28.744 9 ERROR neutron.plugins.ml2.managers
File "/var/lib/openstack/lib/python3.10/site-packages/neutron/db/db_base_plugin_common.py", line 279, in _get_subnet_object
2026-05-07 04:32:28.744 9 ERROR neutron.plugins.ml2.managers raise exceptions.SubnetNotFound(subnet_id=id)
2026-05-07 04:32:28.744 9 ERROR neutron.plugins.ml2.managers neutron_lib.exceptions.SubnetNotFound: Subnet e3f5936d-bb7a-4600-812c-8ffdd6a7e836 could not be found.
2026-05-07 04:32:28.744 9 ERROR neutron.plugins.ml2.managers 
2026-05-07 04:32:28.745 9 ERROR neutron.plugins.ml2.managers [None req-10cfe029-153d-4932-bedc-78ee615328e0 - - - - - -] Failed to bind port e89db289-3d98-4ffd-a6b5-a9d7de191a43 on host instance for vnic_type normal using segments [{'id': 'c7d40698-98ac-4475-b377-0a3e52e00ac9', 'network_type': 'vxlan', 'physical_network': None, 'segmentation_id': 397, 'network_id': '095489b4-f23d-4668-b337-239e9671cdea'}]
2026-05-07 04:32:28.745 9 INFO neutron.plugins.ml2.plugin [None req-10cfe029-153d-4932-bedc-78ee615328e0 - - - - - -] Attempt 9 to bind port e89db289-3d98-4ffd-a6b5-a9d7de191a43
2026-05-07 04:32:28.775 9 ERROR neutron.plugins.ml2.managers [None req-10cfe029-153d-4932-bedc-78ee615328e0 - - - - - -] Mechanism driver openvswitch failed in bind_port: neutron_lib.exceptions.SubnetNotFound: Subnet e3f5936d-bb7a-4600-812c-8ffdd6a7e836 could not be found.
2026-05-07 04:32:28.775 9 ERROR neutron.plugins.ml2.managers
Traceback (most recent call last):
2026-05-07 04:32:28.775 9 ERROR neutron.plugins.ml2.managers
File "/var/lib/openstack/lib/python3.10/site-packages/neutron/plugins/ml2/managers.py", line 866, in _bind_port_level
2026-05-07 04:32:28.775 9 ERROR neutron.plugins.ml2.managers driver.obj.bind_port(context)
2026-05-07 04:32:28.775 9 ERROR neutron.plugins.ml2.managers
File "/var/lib/openstack/lib/python3.10/site-packages/neutron/plugins/ml2/drivers/openvswitch/mech_driver/mech_openvswitch.py", line 133, in bind_port
2026-05-07 04:32:28.775 9 ERROR neutron.plugins.ml2.managers super(OpenvswitchMechanismDriver, self).bind_port(context)
2026-05-07 04:32:28.775 9 ERROR neutron.plugins.ml2.managers
File "/var/lib/openstack/lib/python3.10/site-packages/neutron/plugins/ml2/drivers/mech_agent.py", line 104, in bind_port
2026-05-07 04:32:28.775 9 ERROR neutron.plugins.ml2.managers subnets = self.get_subnets_from_fixed_ips(context)
2026-05-07 04:32:28.775 9 ERROR neutron.plugins.ml2.managers
File "/var/lib/openstack/lib/python3.10/site-packages/neutron/plugins/ml2/drivers/mech_agent.py", line 149, in get_subnets_from_fixed_ips
2026-05-07 04:32:28.775 9 ERROR neutron.plugins.ml2.managers subnets.append(context._plugin.get_subnet(
2026-05-07 04:32:28.775 9 ERROR neutron.plugins.ml2.managers
File "/var/lib/openstack/lib/python3.10/site-packages/neutron_lib/db/api.py", line 226, in wrapped
2026-05-07 04:32:28.775 9 ERROR neutron.plugins.ml2.managers return f_with_retry(*args, **kwargs,
2026-05-07 04:32:28.775 9 ERROR neutron.plugins.ml2.managers
File "/var/lib/openstack/lib/python3.10/site-packages/neutron_lib/db/api.py", line 140, in wrapped
2026-05-07 04:32:28.775 9 ERROR neutron.plugins.ml2.managers with excutils.save_and_reraise_exception():
2026-05-07 04:32:28.775 9 ERROR neutron.plugins.ml2.managers
File "/var/lib/openstack/lib/python3.10/site-packages/oslo_utils/excutils.py", line 227, in __exit__
2026-05-07 04:32:28.775 9 ERROR neutron.plugins.ml2.managers self.force_reraise()
2026-05-07 04:32:28.775 9 ERROR neutron.plugins.ml2.managers
File "/var/lib/openstack/lib/python3.10/site-packages/oslo_utils/excutils.py", line 200, in force_reraise
2026-05-07 04:32:28.775 9 ERROR neutron.plugins.ml2.managers raise self.value
2026-05-07 04:32:28.775 9 ERROR neutron.plugins.ml2.managers
File "/var/lib/openstack/lib/python3.10/site-packages/neutron_lib/db/api.py", line 138, in wrapped
2026-05-07 04:32:28.775 9 ERROR neutron.plugins.ml2.managers return f(*args, **kwargs)
2026-05-07 04:32:28.775 9 ERROR neutron.plugins.ml2.managers
File "/var/lib/openstack/lib/python3.10/site-packages/oslo_db/api.py", line 144, in wrapper
2026-05-07 04:32:28.775 9 ERROR neutron.plugins.ml2.managers with excutils.save_and_reraise_exception() as ectxt:
2026-05-07 04:32:28.775 9 ERROR neutron.plugins.ml2.managers
File "/var/lib/openstack/lib/python3.10/site-packages/oslo_utils/excutils.py", line 227, in __exit__
2026-05-07 04:32:28.775 9 ERROR neutron.plugins.ml2.managers self.force_reraise()
2026-05-07 04:32:28.775 9 ERROR neutron.plugins.ml2.managers
File "/var/lib/openstack/lib/python3.10/site-packages/oslo_utils/excutils.py", line 200, in force_reraise
2026-05-07 04:32:28.775 9 ERROR neutron.plugins.ml2.managers raise self.value
2026-05-07 04:32:28.775 9 ERROR neutron.plugins.ml2.managers
File "/var/lib/openstack/lib/python3.10/site-packages/oslo_db/api.py", line 142, in wrapper
2026-05-07 04:32:28.775 9 ERROR neutron.plugins.ml2.managers return f(*args, **kwargs)
2026-05-07 04:32:28.775 9 ERROR neutron.plugins.ml2.managers
File "/var/lib/openstack/lib/python3.10/site-packages/neutron_lib/db/api.py", line 186, in wrapped
2026-05-07 04:32:28.775 9 ERROR neutron.plugins.ml2.managers with excutils.save_and_reraise_exception():
2026-05-07 04:32:28.775 9 ERROR neutron.plugins.ml2.managers
File "/var/lib/openstack/lib/python3.10/site-packages/oslo_utils/excutils.py", line 227, in __exit__
2026-05-07 04:32:28.775 9 ERROR neutron.plugins.ml2.managers self.force_reraise()
2026-05-07 04:32:28.775 9 ERROR neutron.plugins.ml2.managers
File "/var/lib/openstack/lib/python3.10/site-packages/oslo_utils/excutils.py", line 200, in force_reraise
2026-05-07 04:32:28.775 9 ERROR neutron.plugins.ml2.managers raise self.value
2026-05-07 04:32:28.775 9 ERROR neutron.plugins.ml2.managers
File "/var/lib/openstack/lib/python3.10/site-packages/neutron_lib/db/api.py", line 184, in wrapped
2026-05-07 04:32:28.775 9 ERROR neutron.plugins.ml2.managers return f(*dup_args, **dup_kwargs)
2026-05-07 04:32:28.775 9 ERROR neutron.plugins.ml2.managers
File "/var/lib/openstack/lib/python3.10/site-packages/neutron/db/db_base_plugin_v2.py", line 1121, in get_subnet
2026-05-07 04:32:28.775 9 ERROR neutron.plugins.ml2.managers subnet_obj = self._get_subnet_object(context, id)
2026-05-07 04:32:28.775 9 ERROR neutron.plugins.ml2.managers
File "/var/lib/openstack/lib/python3.10/site-packages/neutron/db/db_base_plugin_common.py", line 279, in _get_subnet_object
2026-05-07 04:32:28.775 9 ERROR neutron.plugins.ml2.managers raise exceptions.SubnetNotFound(subnet_id=id)
2026-05-07 04:32:28.775 9 ERROR neutron.plugins.ml2.managers neutron_lib.exceptions.SubnetNotFound: Subnet e3f5936d-bb7a-4600-812c-8ffdd6a7e836 could not be found.
2026-05-07 04:32:28.775 9 ERROR neutron.plugins.ml2.managers 
2026-05-07 04:32:28.776 9 ERROR neutron.plugins.ml2.managers [None req-10cfe029-153d-4932-bedc-78ee615328e0 - - - - - -] Failed to bind port e89db289-3d98-4ffd-a6b5-a9d7de191a43 on host instance for vnic_type normal using segments [{'id': 'c7d40698-98ac-4475-b377-0a3e52e00ac9', 'network_type': 'vxlan', 'physical_network': None, 'segmentation_id': 397, 'network_id': '095489b4-f23d-4668-b337-239e9671cdea'}]
2026-05-07 04:32:28.776 9 INFO neutron.plugins.ml2.plugin [None req-10cfe029-153d-4932-bedc-78ee615328e0 - - - - - -] Attempt 10 to bind port e89db289-3d98-4ffd-a6b5-a9d7de191a43
2026-05-07 04:32:28.799 9 ERROR neutron.plugins.ml2.managers [None req-10cfe029-153d-4932-bedc-78ee615328e0 - - - - - -] Mechanism driver openvswitch failed in bind_port: neutron_lib.exceptions.SubnetNotFound: Subnet e3f5936d-bb7a-4600-812c-8ffdd6a7e836 could not be found.
2026-05-07 04:32:28.799 9 ERROR neutron.plugins.ml2.managers
Traceback (most recent call last):
2026-05-07 04:32:28.799 9 ERROR neutron.plugins.ml2.managers
File "/var/lib/openstack/lib/python3.10/site-packages/neutron/plugins/ml2/managers.py", line 866, in _bind_port_level
2026-05-07 04:32:28.799 9 ERROR neutron.plugins.ml2.managers driver.obj.bind_port(context)
2026-05-07 04:32:28.799 9 ERROR neutron.plugins.ml2.managers
File "/var/lib/openstack/lib/python3.10/site-packages/neutron/plugins/ml2/drivers/openvswitch/mech_driver/mech_openvswitch.py", line 133, in bind_port
2026-05-07 04:32:28.799 9 ERROR neutron.plugins.ml2.managers super(OpenvswitchMechanismDriver, self).bind_port(context)
2026-05-07 04:32:28.799 9 ERROR neutron.plugins.ml2.managers
File "/var/lib/openstack/lib/python3.10/site-packages/neutron/plugins/ml2/drivers/mech_agent.py", line 104, in bind_port
2026-05-07 04:32:28.799 9 ERROR neutron.plugins.ml2.managers subnets = self.get_subnets_from_fixed_ips(context)
2026-05-07 04:32:28.799 9 ERROR neutron.plugins.ml2.managers
File "/var/lib/openstack/lib/python3.10/site-packages/neutron/plugins/ml2/drivers/mech_agent.py", line 149, in get_subnets_from_fixed_ips
2026-05-07 04:32:28.799 9 ERROR neutron.plugins.ml2.managers subnets.append(context._plugin.get_subnet(
2026-05-07 04:32:28.799 9 ERROR neutron.plugins.ml2.managers
File "/var/lib/openstack/lib/python3.10/site-packages/neutron_lib/db/api.py", line 226, in wrapped
2026-05-07 04:32:28.799 9 ERROR neutron.plugins.ml2.managers return f_with_retry(*args, **kwargs,
2026-05-07 04:32:28.799 9 ERROR neutron.plugins.ml2.managers
File "/var/lib/openstack/lib/python3.10/site-packages/neutron_lib/db/api.py", line 140, in wrapped
2026-05-07 04:32:28.799 9 ERROR neutron.plugins.ml2.managers with excutils.save_and_reraise_exception():
2026-05-07 04:32:28.799 9 ERROR neutron.plugins.ml2.managers
File "/var/lib/openstack/lib/python3.10/site-packages/oslo_utils/excutils.py", line 227, in __exit__
2026-05-07 04:32:28.799 9 ERROR neutron.plugins.ml2.managers self.force_reraise()
2026-05-07 04:32:28.799 9 ERROR neutron.plugins.ml2.managers
File "/var/lib/openstack/lib/python3.10/site-packages/oslo_utils/excutils.py", line 200, in force_reraise
2026-05-07 04:32:28.799 9 ERROR neutron.plugins.ml2.managers raise self.value
2026-05-07 04:32:28.799 9 ERROR neutron.plugins.ml2.managers
File "/var/lib/openstack/lib/python3.10/site-packages/neutron_lib/db/api.py", line 138, in wrapped
2026-05-07 04:32:28.799 9 ERROR neutron.plugins.ml2.managers return f(*args, **kwargs)
2026-05-07 04:32:28.799 9 ERROR neutron.plugins.ml2.managers
File "/var/lib/openstack/lib/python3.10/site-packages/oslo_db/api.py", line 144, in wrapper
2026-05-07 04:32:28.799 9 ERROR neutron.plugins.ml2.managers with excutils.save_and_reraise_exception() as ectxt:
2026-05-07 04:32:28.799 9 ERROR neutron.plugins.ml2.managers
File "/var/lib/openstack/lib/python3.10/site-packages/oslo_utils/excutils.py", line 227, in __exit__
2026-05-07 04:32:28.799 9 ERROR neutron.plugins.ml2.managers self.force_reraise()
2026-05-07 04:32:28.799 9 ERROR neutron.plugins.ml2.managers
File "/var/lib/openstack/lib/python3.10/site-packages/oslo_utils/excutils.py", line 200, in force_reraise
2026-05-07 04:32:28.799 9 ERROR neutron.plugins.ml2.managers raise self.value
2026-05-07 04:32:28.799 9 ERROR neutron.plugins.ml2.managers
File "/var/lib/openstack/lib/python3.10/site-packages/oslo_db/api.py", line 142, in wrapper
2026-05-07 04:32:28.799 9 ERROR neutron.plugins.ml2.managers return f(*args, **kwargs)
2026-05-07 04:32:28.799 9 ERROR neutron.plugins.ml2.managers
File "/var/lib/openstack/lib/python3.10/site-packages/neutron_lib/db/api.py", line 186, in wrapped
2026-05-07 04:32:28.799 9 ERROR neutron.plugins.ml2.managers with excutils.save_and_reraise_exception():
2026-05-07 04:32:28.799 9 ERROR neutron.plugins.ml2.managers
File "/var/lib/openstack/lib/python3.10/site-packages/oslo_utils/excutils.py", line 227, in __exit__
2026-05-07 04:32:28.799 9 ERROR neutron.plugins.ml2.managers self.force_reraise()
2026-05-07 04:32:28.799 9 ERROR neutron.plugins.ml2.managers
File "/var/lib/openstack/lib/python3.10/site-packages/oslo_utils/excutils.py", line 200, in force_reraise
2026-05-07 04:32:28.799 9 ERROR neutron.plugins.ml2.managers raise self.value
2026-05-07 04:32:28.799 9 ERROR neutron.plugins.ml2.managers
File "/var/lib/openstack/lib/python3.10/site-packages/neutron_lib/db/api.py", line 184, in wrapped
2026-05-07 04:32:28.799 9 ERROR neutron.plugins.ml2.managers return f(*dup_args, **dup_kwargs)
2026-05-07 04:32:28.799 9 ERROR neutron.plugins.ml2.managers
File "/var/lib/openstack/lib/python3.10/site-packages/neutron/db/db_base_plugin_v2.py", line 1121, in get_subnet
2026-05-07 04:32:28.799 9 ERROR neutron.plugins.ml2.managers subnet_obj = self._get_subnet_object(context, id)
2026-05-07 04:32:28.799 9 ERROR neutron.plugins.ml2.managers
File "/var/lib/openstack/lib/python3.10/site-packages/neutron/db/db_base_plugin_common.py", line 279, in _get_subnet_object
2026-05-07 04:32:28.799 9 ERROR neutron.plugins.ml2.managers raise exceptions.SubnetNotFound(subnet_id=id)
2026-05-07 04:32:28.799 9 ERROR neutron.plugins.ml2.managers neutron_lib.exceptions.SubnetNotFound: Subnet e3f5936d-bb7a-4600-812c-8ffdd6a7e836 could not be found.
2026-05-07 04:32:28.799 9 ERROR neutron.plugins.ml2.managers 
2026-05-07 04:32:28.800 9 ERROR neutron.plugins.ml2.managers [None req-10cfe029-153d-4932-bedc-78ee615328e0 - - - - - -] Failed to bind port e89db289-3d98-4ffd-a6b5-a9d7de191a43 on host instance for vnic_type normal using segments [{'id': 'c7d40698-98ac-4475-b377-0a3e52e00ac9', 'network_type': 'vxlan', 'physical_network': None, 'segmentation_id': 397, 'network_id': '095489b4-f23d-4668-b337-239e9671cdea'}]
2026-05-07 04:32:28.836 10 INFO neutron.plugins.ml2.plugin [None req-b74dc1b1-120b-4369-a89b-44c584ba8e18 - - - - - -] Attempt 1 to provision port d54a563f-f133-4d55-89f3-8fa471dc3db8
2026-05-07 04:32:29.187 10 INFO neutron.plugins.ml2.plugin [None req-b74dc1b1-120b-4369-a89b-44c584ba8e18 - - - - - -] Attempt 1 to provision port 86ae9a96-fdbe-45d0-8234-37aa14949603
2026-05-07 04:32:29.491 10 INFO neutron.plugins.ml2.plugin [None req-b74dc1b1-120b-4369-a89b-44c584ba8e18 - - - - - -] Attempt 1 to provision port 3471fa8f-bd01-414e-a8c4-c8d0be362da9
2026-05-07 04:32:30.111 10 INFO neutron.plugins.ml2.plugin [None req-07963025-5f44-45e8-823d-7b79b5813e7a - - - - - -] Attempt 1 to provision port 3471fa8f-bd01-414e-a8c4-c8d0be362da9
2026-05-07 04:32:30.893 10 INFO neutron.plugins.ml2.plugin [None req-b74dc1b1-120b-4369-a89b-44c584ba8e18 - - - - - -] Attempt 1 to provision port d54a563f-f133-4d55-89f3-8fa471dc3db8
2026-05-07 04:32:31.286 10 INFO neutron.plugins.ml2.plugin [None req-b74dc1b1-120b-4369-a89b-44c584ba8e18 - - - - - -] Attempt 1 to provision port 86ae9a96-fdbe-45d0-8234-37aa14949603
2026-05-07 04:32:32.774 10 INFO neutron.plugins.ml2.plugin [None req-b74dc1b1-120b-4369-a89b-44c584ba8e18 - - - - - -] Attempt 1 to provision port 85155817-32fb-4125-9761-3a6d5251682f
2026-05-07 04:32:33.636 10 INFO neutron.plugins.ml2.plugin [None req-020dbe20-02c1-490c-8d1d-d9f49f0e4873 - - - - - -] Attempt 1 to provision port 85155817-32fb-4125-9761-3a6d5251682f
2026-05-07 04:32:34.032 9 INFO neutron.plugins.ml2.plugin [None req-e65b782b-5e5e-49c7-bc4b-fcff961680a1 - - - - - -] Attempt 1 to provision port 7271f654-90a0-4a9e-8fdf-4e2b8836e39f
2026-05-07 04:32:34.496 9 INFO neutron.plugins.ml2.plugin [None req-d8a3f62b-c098-4ed3-85b0-b2eea12cc888 - - - - - -] Attempt 1 to provision port c015ce20-c3ee-4d9b-854e-61b0731dcf1c
2026-05-07 04:32:34.540 9 INFO neutron.plugins.ml2.plugin [None req-d8a3f62b-c098-4ed3-85b0-b2eea12cc888 - - - - - -] Attempt 1 to provision port 85155817-32fb-4125-9761-3a6d5251682f
2026-05-07 04:32:34.808 9 INFO neutron.plugins.ml2.plugin [None req-b74dc1b1-120b-4369-a89b-44c584ba8e18 - - - - - -] Attempt 1 to provision port 135cca1a-36c5-4f23-9e4d-84df4f9cccfd
2026-05-07 04:32:34.927 9 INFO neutron.plugins.ml2.plugin [None req-e7a9cbd0-8144-40d6-a197-f030dc32d194 - - - - - -] Attempt 1 to provision port c015ce20-c3ee-4d9b-854e-61b0731dcf1c
2026-05-07 04:32:34.999 9 INFO neutron.plugins.ml2.plugin [None req-e7a9cbd0-8144-40d6-a197-f030dc32d194 - - - - - -] Attempt 1 to provision port 85155817-32fb-4125-9761-3a6d5251682f
2026-05-07 04:32:35.204 9 INFO neutron.plugins.ml2.plugin [None req-5d2eb41e-0075-4145-8c7b-1890a06d6e62 - - - - - -] Attempt 1 to provision port c015ce20-c3ee-4d9b-854e-61b0731dcf1c
2026-05-07 04:32:35.432 9 INFO neutron.plugins.ml2.plugin [None req-b74dc1b1-120b-4369-a89b-44c584ba8e18 - - - - - -] Attempt 1 to provision port 85155817-32fb-4125-9761-3a6d5251682f
2026-05-07 04:32:35.584 10 INFO neutron.plugins.ml2.plugin [None req-753051bc-3b3f-49ce-9f5c-16101bbfddcf - - - - - -] Attempt 1 to provision port c015ce20-c3ee-4d9b-854e-61b0731dcf1c
2026-05-07 04:32:36.901 10 INFO neutron.plugins.ml2.plugin [None req-b74dc1b1-120b-4369-a89b-44c584ba8e18 - - - - - -] Attempt 1 to provision port e46b6a4e-bf17-4692-92bb-bb18211f3180
2026-05-07 04:32:37.126 10 INFO neutron.plugins.ml2.plugin [None req-b74dc1b1-120b-4369-a89b-44c584ba8e18 - - - - - -] Attempt 1 to provision port 135cca1a-36c5-4f23-9e4d-84df4f9cccfd
2026-05-07 04:32:39.128 9 INFO neutron.notifiers.nova [-] Nova event matching ['req-1e7913e9-2c50-4e35-a523-7292904b74c9'] response: {'server_uuid': '5d9d2e1c-4248-4f34-9129-99b2a42f6277', 'name': 'network-vif-unplugged', 'status': 'completed', 'tag': 'dcfd352c-50cb-49cf-a98d-cb45f5cac14d', 'code': 200}
2026-05-07 04:32:39.463 10 INFO neutron.plugins.ml2.plugin [None req-b74dc1b1-120b-4369-a89b-44c584ba8e18 - - - - - -] Attempt 1 to provision port dcfd352c-50cb-49cf-a98d-cb45f5cac14d
2026-05-07 04:32:39.668 10 INFO neutron.notifiers.nova [-] Nova event matching ['req-bd04ca2a-0c97-4db8-b30b-7e5e4d21e1e1'] response: {'server_uuid': '5d9d2e1c-4248-4f34-9129-99b2a42f6277', 'name': 'network-vif-plugged', 'status': 'completed', 'tag': 'dcfd352c-50cb-49cf-a98d-cb45f5cac14d', 'code': 200}
2026-05-07 04:32:40.865 10 INFO neutron.plugins.ml2.plugin [None req-b74dc1b1-120b-4369-a89b-44c584ba8e18 - - - - - -] Attempt 1 to provision port dcfd352c-50cb-49cf-a98d-cb45f5cac14d
2026-05-07 04:32:41.219 9 INFO neutron.plugins.ml2.plugin [None req-5b761049-d239-4a4d-b503-c30e931b3ab5 - - - - - -] Attempt 1 to provision port fbe09953-b0e6-4f3f-8c7d-3bb2329127b9
2026-05-07 04:32:43.925 9 INFO neutron.plugins.ml2.plugin [None req-b733f33c-37bd-4280-a329-441106cd2e2c - - - - - -] Attempt 1 to provision port bf0142be-72f3-4d65-98a3-554bac7445da
2026-05-07 04:32:44.812 9 INFO neutron.plugins.ml2.plugin [None req-b74dc1b1-120b-4369-a89b-44c584ba8e18 - - - - - -] Attempt 1 to provision port fbe09953-b0e6-4f3f-8c7d-3bb2329127b9
2026-05-07 04:32:44.941 9 INFO neutron.notifiers.nova [-] Nova event matching ['req-b13bf0a1-d68b-46c9-b59a-5cd070496d35'] response: {'server_uuid': '4319d284-223d-4be6-b818-6db60579db01', 'name': 'network-vif-plugged', 'status': 'completed', 'tag': 'fbe09953-b0e6-4f3f-8c7d-3bb2329127b9', 'code': 200}
2026-05-07 04:32:46.999 9 INFO neutron.plugins.ml2.plugin [None req-b74dc1b1-120b-4369-a89b-44c584ba8e18 - - - - - -] Attempt 1 to provision port fbe09953-b0e6-4f3f-8c7d-3bb2329127b9
2026-05-07 04:32:47.349 9 INFO neutron.plugins.ml2.plugin [None req-b74dc1b1-120b-4369-a89b-44c584ba8e18 - - - - - -] Attempt 1 to provision port 0513f415-22ef-46bf-b930-2784909c2959
2026-05-07 04:32:48.870 10 INFO neutron.plugins.ml2.plugin [None req-b74dc1b1-120b-4369-a89b-44c584ba8e18 - - - - - -] Attempt 1 to provision port 056f81f9-4e25-46d5-9844-887b397c4528
2026-05-07 04:32:49.647 10 INFO neutron.plugins.ml2.plugin [None req-3e53feb9-90a8-4dc2-8fe2-d0ef0c707af6 - - - - - -] Attempt 1 to provision port 7002221c-f3d1-4d8d-baad-af19d00ccf5e
2026-05-07 04:32:49.767 10 INFO neutron.plugins.ml2.plugin [None req-b74dc1b1-120b-4369-a89b-44c584ba8e18 - - - - - -] Attempt 1 to provision port 7002221c-f3d1-4d8d-baad-af19d00ccf5e
2026-05-07 04:32:50.287 9 INFO neutron.plugins.ml2.plugin [None req-5eeb8e00-f1f3-4701-8e88-41eb7e7b3b87 - - - - - -] Attempt 1 to provision port 19a48dbe-e55d-4075-b5d2-d74182ac0257
2026-05-07 04:32:50.340 9 INFO neutron.plugins.ml2.plugin [None req-5eeb8e00-f1f3-4701-8e88-41eb7e7b3b87 - - - - - -] Attempt 1 to provision port 7002221c-f3d1-4d8d-baad-af19d00ccf5e
2026-05-07 04:32:50.783 9 INFO neutron.plugins.ml2.plugin [None req-f687943d-52a5-4e0f-8178-b67078ae09ba - - - - - -] Attempt 1 to provision port 19a48dbe-e55d-4075-b5d2-d74182ac0257
2026-05-07 04:32:50.974 10 INFO neutron.plugins.ml2.plugin [None req-b74dc1b1-120b-4369-a89b-44c584ba8e18 - - - - - -] Attempt 1 to provision port 7002221c-f3d1-4d8d-baad-af19d00ccf5e
2026-05-07 04:32:51.148 9 INFO neutron.plugins.ml2.plugin [None req-3d01b425-2eb3-402f-9269-d1d63361ef10 - - - - - -] Attempt 1 to provision port 19a48dbe-e55d-4075-b5d2-d74182ac0257
2026-05-07 04:32:51.241 10 INFO neutron.plugins.ml2.plugin [None req-b74dc1b1-120b-4369-a89b-44c584ba8e18 - - - - - -] Attempt 1 to provision port 056f81f9-4e25-46d5-9844-887b397c4528
2026-05-07 04:32:53.002 10 INFO neutron.plugins.ml2.plugin [None req-b74dc1b1-120b-4369-a89b-44c584ba8e18 - - - - - -] Attempt 1 to provision port c015ce20-c3ee-4d9b-854e-61b0731dcf1c
2026-05-07 04:32:53.314 10 INFO neutron.plugins.ml2.plugin [None req-b74dc1b1-120b-4369-a89b-44c584ba8e18 - - - - - -] Attempt 1 to provision port 7271f654-90a0-4a9e-8fdf-4e2b8836e39f
2026-05-07 04:32:54.859 9 INFO neutron.plugins.ml2.plugin [None req-b74dc1b1-120b-4369-a89b-44c584ba8e18 - - - - - -] Attempt 1 to provision port 7271f654-90a0-4a9e-8fdf-4e2b8836e39f
2026-05-07 04:32:56.927 9 INFO neutron.plugins.ml2.plugin [None req-b74dc1b1-120b-4369-a89b-44c584ba8e18 - - - - - -] Attempt 1 to provision port 4b012dbf-fbcc-406c-81a3-1731c24f395e
2026-05-07 04:32:57.074 9 INFO neutron.notifiers.nova [-] Nova event matching ['req-7fc4904a-f8b6-498a-987d-4b9bd127836e'] response: {'server_uuid': 'b44326a4-0915-43e3-ae27-8ce33278a3b2', 'name': 'network-vif-plugged', 'status': 'completed', 'tag': '4b012dbf-fbcc-406c-81a3-1731c24f395e', 'code': 200}
2026-05-07 04:32:58.834 9 INFO neutron.plugins.ml2.plugin [None req-b74dc1b1-120b-4369-a89b-44c584ba8e18 - - - - - -] Attempt 1 to provision port 4b012dbf-fbcc-406c-81a3-1731c24f395e
2026-05-07 04:33:02.790 9 INFO neutron.plugins.ml2.plugin [None req-b74dc1b1-120b-4369-a89b-44c584ba8e18 - - - - - -] Attempt 1 to provision port 71cb8eb3-cfd2-4010-8f69-af12616c44af
2026-05-07 04:33:02.836 10 INFO neutron.plugins.ml2.plugin [None req-940dcfd9-4a35-4145-9fd1-6f23ce91ba6e - - - - - -] Attempt 1 to provision port c808bfac-8d7f-4b1c-880d-578d73d2de84 /var/lib/openstack/lib/python3.10/site-packages/oslo_db/sqlalchemy/enginefacade.py:676: SAWarning: DELETE statement on table 'portsecuritybindings' expected to delete 1 row(s); 0 were matched. Please set confirm_deleted_rows=False within the mapper configuration to prevent this warning. self.session.flush() /var/lib/openstack/lib/python3.10/site-packages/oslo_db/sqlalchemy/enginefacade.py:676: SAWarning: DELETE statement on table 'ml2_port_bindings' expected to delete 1 row(s); 0 were matched. Please set confirm_deleted_rows=False within the mapper configuration to prevent this warning. self.session.flush() /var/lib/openstack/lib/python3.10/site-packages/oslo_db/sqlalchemy/enginefacade.py:676: SAWarning: DELETE statement on table 'ml2_port_binding_levels' expected to delete 1 row(s); 0 were matched. Please set confirm_deleted_rows=False within the mapper configuration to prevent this warning. self.session.flush() /var/lib/openstack/lib/python3.10/site-packages/oslo_db/sqlalchemy/enginefacade.py:676: SAWarning: DELETE statement on table 'ports' expected to delete 1 row(s); 0 were matched. Please set confirm_deleted_rows=False within the mapper configuration to prevent this warning. self.session.flush()
2026-05-07 04:33:03.796 10 INFO neutron.plugins.ml2.plugin [None req-f37bebdc-74cd-4cb3-8801-6a50b1b69cd6 - - - - - -] Attempt 1 to provision port 71cb8eb3-cfd2-4010-8f69-af12616c44af
2026-05-07 04:33:04.115 9 INFO neutron.plugins.ml2.plugin [None req-54ed8d8a-c1bf-48be-bd02-c6de0f236dea - - - - - -] Attempt 1 to provision port 71cb8eb3-cfd2-4010-8f69-af12616c44af
2026-05-07 04:33:04.793 9 INFO neutron.plugins.ml2.plugin [None req-b74dc1b1-120b-4369-a89b-44c584ba8e18 - - - - - -] Attempt 1 to provision port bf0142be-72f3-4d65-98a3-554bac7445da
2026-05-07 04:33:05.016 10 INFO neutron.plugins.ml2.plugin [None req-5d521969-dcf6-43bf-be50-c0ebb750131b - - - - - -] Attempt 1 to provision port 16dd0a9f-8cd7-4dfe-8cc8-89b6b60f5a88
2026-05-07 04:33:05.168 9 INFO neutron.plugins.ml2.plugin [None req-b74dc1b1-120b-4369-a89b-44c584ba8e18 - - - - - -] Attempt 1 to provision port 19a48dbe-e55d-4075-b5d2-d74182ac0257
2026-05-07 04:33:05.519 9 INFO neutron.plugins.ml2.plugin [None req-b74dc1b1-120b-4369-a89b-44c584ba8e18 - - - - - -] Attempt 1 to provision port 71cb8eb3-cfd2-4010-8f69-af12616c44af
2026-05-07 04:33:05.690 9 INFO neutron.plugins.ml2.plugin [None req-0fa99f13-118e-4f0b-a980-c102fdb16ac2 - - - - - -] Attempt 1 to provision port 16dd0a9f-8cd7-4dfe-8cc8-89b6b60f5a88
2026-05-07 04:33:06.863 10 INFO neutron.plugins.ml2.plugin [None req-b74dc1b1-120b-4369-a89b-44c584ba8e18 - - - - - -] Attempt 1 to provision port bf0142be-72f3-4d65-98a3-554bac7445da
2026-05-07 04:33:07.087 10 INFO neutron.plugins.ml2.plugin [None req-b74dc1b1-120b-4369-a89b-44c584ba8e18 - - - - - -] Attempt 1 to provision port 19a48dbe-e55d-4075-b5d2-d74182ac0257
2026-05-07 04:33:07.398 10 INFO neutron.plugins.ml2.plugin [None req-b74dc1b1-120b-4369-a89b-44c584ba8e18 - - - - - -] Attempt 1 to provision port a2f07418-f882-4422-ae57-7ca304b6160d
2026-05-07 04:33:08.774 9 INFO neutron.plugins.ml2.plugin [None req-b74dc1b1-120b-4369-a89b-44c584ba8e18 - - - - - -] Attempt 1 to provision port a2f07418-f882-4422-ae57-7ca304b6160d
2026-05-07 04:33:09.369 9 INFO neutron.plugins.ml2.plugin [None req-9191a32e-dd1f-42e5-88b2-29b33c9a7006 - - - - - -] Attempt 1 to provision port 12def755-fa55-451e-b470-ab066003ede4
2026-05-07 04:33:10.320 10 INFO neutron.plugins.ml2.plugin [None req-1e4d0c45-3814-4e33-8a31-729d0cf7d73c - - - - - -] Attempt 1 to provision port e02df4a4-5b05-48c2-86c7-c4138f0b83d6
2026-05-07 04:33:10.815 9 INFO neutron.plugins.ml2.plugin [None req-b74dc1b1-120b-4369-a89b-44c584ba8e18 - - - - - -] Attempt 1 to provision port ef847783-debb-4138-8215-24ab5dd1b468
2026-05-07 04:33:11.813 9 INFO neutron.plugins.ml2.plugin [None req-6204e99c-2641-4d44-b92a-789844c1e975 - - - - - -] Attempt 1 to provision port ef847783-debb-4138-8215-24ab5dd1b468
2026-05-07 04:33:12.120 10 INFO neutron.plugins.ml2.plugin [None req-0d8dd452-ca3d-4149-a09e-24f33f97c337 - - - - - -] Attempt 1 to provision port ef847783-debb-4138-8215-24ab5dd1b468
2026-05-07 04:33:12.432 9 INFO neutron.plugins.ml2.plugin [None req-91e953bf-2307-43ff-af2e-9876228a9bd9 - - - - - -] Attempt 1 to provision port 7c18eec1-8bab-4087-8feb-822c9929873d
2026-05-07 04:33:12.875 10 INFO neutron.plugins.ml2.plugin [None req-1099c64e-7e1c-4c9e-a792-25bae187b8e6 - - - - - -] Attempt 1 to provision port 7c18eec1-8bab-4087-8feb-822c9929873d
2026-05-07 04:33:12.911 9 INFO neutron.plugins.ml2.plugin [None req-b74dc1b1-120b-4369-a89b-44c584ba8e18 - - - - - -] Attempt 1 to provision port ef847783-debb-4138-8215-24ab5dd1b468
2026-05-07 04:33:13.172 9 INFO neutron.plugins.ml2.plugin [None req-b74dc1b1-120b-4369-a89b-44c584ba8e18 - - - - - -] Attempt 1 to provision port e02df4a4-5b05-48c2-86c7-c4138f0b83d6
2026-05-07 04:33:13.286 9 INFO neutron.notifiers.nova [-] Nova event matching ['req-68a43c61-be7a-452d-8607-2a1e32ea2bd7'] response: {'server_uuid': '18602e34-a5d4-4005-beb6-9d7eb458381f', 'name': 'network-vif-plugged', 'status': 'completed', 'tag': 'e02df4a4-5b05-48c2-86c7-c4138f0b83d6', 'code': 200}
2026-05-07 04:33:13.618 9 INFO neutron.plugins.ml2.plugin [None req-b74dc1b1-120b-4369-a89b-44c584ba8e18 - - - - - -] Attempt 1 to provision port 95b84e26-c35c-4b00-810e-d3760f788c5b
2026-05-07 04:33:14.784 9 INFO neutron.plugins.ml2.plugin [None req-b74dc1b1-120b-4369-a89b-44c584ba8e18 - - - - - -] Attempt 1 to provision port 95b84e26-c35c-4b00-810e-d3760f788c5b
2026-05-07 04:33:15.102 9 INFO neutron.plugins.ml2.plugin [None req-b74dc1b1-120b-4369-a89b-44c584ba8e18 - - - - - -] Attempt 1 to provision port e02df4a4-5b05-48c2-86c7-c4138f0b83d6
2026-05-07 04:33:18.286 10 INFO neutron.plugins.ml2.plugin [None req-9d891315-6a2f-4a18-9157-a636696b77c1 - - - - - -] Attempt 1 to provision port a0b6ed08-19a8-4721-81e2-e072971f0929
2026-05-07 04:33:21.109 9 INFO neutron.plugins.ml2.plugin [None req-b74dc1b1-120b-4369-a89b-44c584ba8e18 - - - - - -] Attempt 1 to provision port a0b6ed08-19a8-4721-81e2-e072971f0929
2026-05-07 04:33:21.567 10 INFO neutron.plugins.ml2.plugin [None req-bc390e1d-0ce8-413c-a22c-97e610d67af4 - - - - - -] Attempt 1 to provision port 4662778a-424e-49a9-aae8-40d528ddeb4f
2026-05-07 04:33:22.175 9 INFO neutron.notifiers.nova [-] Nova event matching ['req-1505689f-4277-43e4-ad8b-e9eb3af9ed90'] response: {'server_uuid': '865a03e2-7187-46c7-8f86-29a92f46197b', 'name': 'network-vif-plugged', 'status': 'completed', 'tag': 'a0b6ed08-19a8-4721-81e2-e072971f0929', 'code': 200}
2026-05-07 04:33:22.858 10 INFO neutron.plugins.ml2.plugin [None req-b74dc1b1-120b-4369-a89b-44c584ba8e18 - - - - - -] Attempt 1 to provision port a0b6ed08-19a8-4721-81e2-e072971f0929
2026-05-07 04:33:24.847 9 INFO neutron.plugins.ml2.plugin [None req-b74dc1b1-120b-4369-a89b-44c584ba8e18 - - - - - -] Attempt 1 to provision port 4662778a-424e-49a9-aae8-40d528ddeb4f
2026-05-07 04:33:24.992 9 INFO neutron.notifiers.nova [-] Nova event matching ['req-1878bb01-ada1-4b3f-9910-d36ae13af9e6'] response: {'server_uuid': 'de8bcb5e-8e8f-4519-a080-71e767d5c7a1', 'name': 'network-vif-plugged', 'status': 'completed', 'tag': '4662778a-424e-49a9-aae8-40d528ddeb4f', 'code': 200}
2026-05-07 04:33:26.922 10 INFO neutron.plugins.ml2.plugin [None req-b74dc1b1-120b-4369-a89b-44c584ba8e18 - - - - - -] Attempt 1 to provision port 4662778a-424e-49a9-aae8-40d528ddeb4f /var/lib/openstack/lib/python3.10/site-packages/oslo_db/sqlalchemy/enginefacade.py:676: SAWarning: DELETE statement on table 'portsecuritybindings' expected to delete 1 row(s); 0 were matched. Please set confirm_deleted_rows=False within the mapper configuration to prevent this warning. self.session.flush() /var/lib/openstack/lib/python3.10/site-packages/oslo_db/sqlalchemy/enginefacade.py:676: SAWarning: DELETE statement on table 'ml2_port_bindings' expected to delete 1 row(s); 0 were matched. Please set confirm_deleted_rows=False within the mapper configuration to prevent this warning. self.session.flush() /var/lib/openstack/lib/python3.10/site-packages/oslo_db/sqlalchemy/enginefacade.py:676: SAWarning: DELETE statement on table 'ml2_port_binding_levels' expected to delete 1 row(s); 0 were matched. Please set confirm_deleted_rows=False within the mapper configuration to prevent this warning. self.session.flush() /var/lib/openstack/lib/python3.10/site-packages/oslo_db/sqlalchemy/enginefacade.py:676: SAWarning: DELETE statement on table 'ports' expected to delete 1 row(s); 0 were matched. Please set confirm_deleted_rows=False within the mapper configuration to prevent this warning. self.session.flush()
2026-05-07 04:33:39.027 9 INFO neutron.notifiers.nova [-] Nova event matching ['req-f9a3f893-1bb5-445f-badb-1913073b6833'] response: {'server_uuid': 'de8bcb5e-8e8f-4519-a080-71e767d5c7a1', 'name': 'network-vif-unplugged', 'status': 'completed', 'tag': '4662778a-424e-49a9-aae8-40d528ddeb4f', 'code': 200}
2026-05-07 04:33:40.804 10 INFO neutron.plugins.ml2.plugin [None req-1cf1102f-8754-47d1-8812-79de979a1a3b - - - - - -] Attempt 1 to provision port f6502896-4fca-4ac3-94e0-ad3843ca1438
2026-05-07 04:33:44.988 9 INFO neutron.plugins.ml2.plugin [None req-0175f5c9-c97c-437a-a6a8-49a58b3b1a17 - - - - - -] Attempt 1 to provision port a2d88166-cd00-46ef-b777-c2d177be4fe3
2026-05-07 04:33:44.992 9 INFO neutron.plugins.ml2.plugin [None req-b74dc1b1-120b-4369-a89b-44c584ba8e18 - - - - - -] Attempt 1 to provision port 6707e0c0-42ea-43b0-88c2-46802c6474f4
2026-05-07 04:33:45.407 10 INFO neutron.plugins.ml2.plugin [None req-06847810-ec3a-48e1-b042-ffc2bdaa5c78 - - - - - -] Attempt 1 to provision port a2d88166-cd00-46ef-b777-c2d177be4fe3
2026-05-07 04:33:45.478 9 INFO neutron.plugins.ml2.plugin [None req-b74dc1b1-120b-4369-a89b-44c584ba8e18 - - - - - -] Attempt 1 to provision port a2d88166-cd00-46ef-b777-c2d177be4fe3
2026-05-07 04:33:45.782 9 INFO neutron.plugins.ml2.plugin [None req-8495283d-425a-4544-aa99-be08375eaf4a - - - - - -] Attempt 1 to provision port 6707e0c0-42ea-43b0-88c2-46802c6474f4
2026-05-07 04:33:45.981 9 INFO neutron.plugins.ml2.plugin [None req-44ccfc9d-6b5e-4951-b5a7-78c49e2c9584 - - - - - -] Attempt 1 to provision port 1063ab4d-e12b-4297-bc92-dfa9143a25dc
2026-05-07 04:33:46.218 10 INFO neutron.plugins.ml2.plugin [None req-72bbbf78-f88f-4069-9cfc-950397531ca1 - - - - - -] Attempt 1 to provision port 6707e0c0-42ea-43b0-88c2-46802c6474f4
2026-05-07 04:33:46.857 9 INFO neutron.plugins.ml2.plugin [None req-b74dc1b1-120b-4369-a89b-44c584ba8e18 - - - - - -] Attempt 1 to provision port 6707e0c0-42ea-43b0-88c2-46802c6474f4
2026-05-07 04:33:46.921 10 INFO neutron.plugins.ml2.plugin [None req-78bf6170-dafa-459e-8f70-ec91c7c7f383 - - - - - -] Attempt 1 to provision port 1063ab4d-e12b-4297-bc92-dfa9143a25dc
2026-05-07 04:33:47.173 9 INFO neutron.plugins.ml2.plugin [None req-b74dc1b1-120b-4369-a89b-44c584ba8e18 - - - - - -] Attempt 1 to provision port a2d88166-cd00-46ef-b777-c2d177be4fe3
2026-05-07 04:33:48.708 10 INFO neutron.plugins.ml2.plugin [None req-ee31cc72-77ff-4670-a96e-6153a3f7d85a - - - - - -] Attempt 1 to provision port da3fc290-4ebd-4114-9592-6ad53f65e87a
2026-05-07 04:33:49.175 9 INFO neutron.plugins.ml2.plugin [None req-072da250-be42-4bf1-935e-3686361c2df8 - - - - - -] Attempt 1 to provision port da3fc290-4ebd-4114-9592-6ad53f65e87a
2026-05-07 04:33:57.053 10 INFO neutron.plugins.ml2.plugin [None req-b74dc1b1-120b-4369-a89b-44c584ba8e18 - - - - - -] Attempt 1 to provision port 521cb95c-0219-4947-b9f4-ee2d34f93c98
2026-05-07 04:33:58.808 9 INFO neutron.plugins.ml2.plugin [None req-b74dc1b1-120b-4369-a89b-44c584ba8e18 - - - - - -] Attempt 1 to provision port 521cb95c-0219-4947-b9f4-ee2d34f93c98
2026-05-07 04:33:59.663 10 INFO neutron.plugins.ml2.plugin [None req-b0df1259-0c99-40ed-91fc-da498a1b8096 - - - - - -] Attempt 1 to provision port 521cb95c-0219-4947-b9f4-ee2d34f93c98
2026-05-07 04:33:59.928 9 INFO neutron.plugins.ml2.plugin [None req-57177336-d39f-432b-aa55-6d57fbf58bbb - - - - - -] Attempt 1 to provision port 22c1a900-6530-4311-839b-9dd1a0d891a0
2026-05-07 04:33:59.982 9 INFO neutron.plugins.ml2.plugin [None req-57177336-d39f-432b-aa55-6d57fbf58bbb - - - - - -] Attempt 1 to provision port 521cb95c-0219-4947-b9f4-ee2d34f93c98
2026-05-07 04:34:00.373 10 INFO neutron.plugins.ml2.plugin [None req-0dede4f3-26f9-4b42-8bfc-2d25ceca3e26 - - - - - -] Attempt 1 to provision port 22c1a900-6530-4311-839b-9dd1a0d891a0
2026-05-07 04:34:00.717 9 INFO neutron.plugins.ml2.plugin [None req-7ea20a67-a4b7-47c8-81c3-bbbf61e79cfb - - - - - -] Attempt 1 to provision port 22c1a900-6530-4311-839b-9dd1a0d891a0
2026-05-07 04:34:00.786 10 INFO neutron.plugins.ml2.plugin [None req-b74dc1b1-120b-4369-a89b-44c584ba8e18 - - - - - -] Attempt 1 to provision port 1c1119cb-7d50-4b49-9cce-34ad53a5ff35
2026-05-07 04:34:01.068 9 INFO neutron.plugins.ml2.plugin [None req-0bb85ee2-72c6-4743-b3d2-4adc2a909354 - - - - - -] Attempt 1 to provision port 4c5195f9-1cce-4e27-b48b-57da8727d73d
2026-05-07 04:34:01.508 9 INFO neutron.plugins.ml2.plugin [None req-ba47bcb5-6db3-4c39-83a1-bf92144529a7 - - - - - -] Attempt 1 to provision port 1c1119cb-7d50-4b49-9cce-34ad53a5ff35
2026-05-07 04:34:01.781 10 INFO neutron.plugins.ml2.plugin [None req-2397f74c-e3c3-46de-890d-517eba90fc00 - - - - - -] Attempt 1 to provision port 1c1119cb-7d50-4b49-9cce-34ad53a5ff35
2026-05-07 04:34:02.814 10 INFO neutron.plugins.ml2.plugin [None req-b74dc1b1-120b-4369-a89b-44c584ba8e18 - - - - - -] Attempt 1 to provision port 1c1119cb-7d50-4b49-9cce-34ad53a5ff35
2026-05-07 04:34:03.170 9 INFO neutron.plugins.ml2.plugin [None req-33757828-2b93-46ec-9aba-eae42a0057ab - - - - - -] Attempt 1 to provision port 91dd8491-ea8d-4188-93d9-49657d7d7d4d
2026-05-07 04:34:03.824 9 INFO neutron.plugins.ml2.plugin [None req-8dc27a5c-754a-40dc-84b7-0edb21270fd1 - - - - - -] Attempt 1 to provision port 91dd8491-ea8d-4188-93d9-49657d7d7d4d
2026-05-07 04:34:04.837 10 INFO neutron.plugins.ml2.plugin [None req-b74dc1b1-120b-4369-a89b-44c584ba8e18 - - - - - -] Attempt 1 to provision port 9eb6431e-56dc-4687-a986-2eebdfb27cf3
2026-05-07 04:34:07.118 9 INFO neutron.plugins.ml2.plugin [None req-b74dc1b1-120b-4369-a89b-44c584ba8e18 - - - - - -] Attempt 1 to provision port 9eb6431e-56dc-4687-a986-2eebdfb27cf3
2026-05-07 04:34:07.405 9 INFO neutron.plugins.ml2.plugin [None req-b74dc1b1-120b-4369-a89b-44c584ba8e18 - - - - - -] Attempt 1 to provision port 5e1af36f-3ffe-4f28-97ec-2ce14b735512
2026-05-07 04:34:07.860 9 INFO neutron.plugins.ml2.plugin [None req-b74dc1b1-120b-4369-a89b-44c584ba8e18 - - - - - -] Attempt 1 to provision port 257fb689-bebc-4d03-b1c0-07529b369ff9
2026-05-07 04:34:08.014 10 INFO neutron.plugins.ml2.plugin [None req-85fc4f90-cb13-4bf2-a732-5da9d9f9722f - - - - - -] Attempt 1 to provision port 0a90a2b7-ca87-4519-a600-431ae9b7e58c
2026-05-07 04:34:08.874 10 INFO neutron.plugins.ml2.plugin [None req-b74dc1b1-120b-4369-a89b-44c584ba8e18 - - - - - -] Attempt 1 to provision port 5e1af36f-3ffe-4f28-97ec-2ce14b735512
2026-05-07 04:34:08.878 9 INFO neutron.plugins.ml2.plugin [None req-4a5e2e6c-b3a2-4654-8df0-1bac54ba713f - - - - - -] Attempt 1 to provision port 5e1af36f-3ffe-4f28-97ec-2ce14b735512
2026-05-07 04:34:09.218 10 INFO neutron.plugins.ml2.plugin [None req-670cfc33-497a-458a-b471-3f84664f1740 - - - - - -] Attempt 1 to provision port 8267c5a1-268f-4d22-a650-782517c1c21b
2026-05-07 04:34:09.258 10 INFO neutron.plugins.ml2.plugin [None req-b74dc1b1-120b-4369-a89b-44c584ba8e18 - - - - - -] Attempt 1 to provision port 257fb689-bebc-4d03-b1c0-07529b369ff9
2026-05-07 04:34:09.295 10 INFO neutron.plugins.ml2.plugin [None req-670cfc33-497a-458a-b471-3f84664f1740 - - - - - -] Attempt 1 to provision port 5e1af36f-3ffe-4f28-97ec-2ce14b735512
2026-05-07 04:34:09.680 9 INFO neutron.plugins.ml2.plugin [None req-a20a5923-7045-40aa-91df-0368a599bc6b - - - - - -] Attempt 1 to provision port 257fb689-bebc-4d03-b1c0-07529b369ff9
2026-05-07 04:34:09.761 9 INFO neutron.plugins.ml2.plugin [None req-a20a5923-7045-40aa-91df-0368a599bc6b - - - - - -] Attempt 1 to provision port 8267c5a1-268f-4d22-a650-782517c1c21b
2026-05-07 04:34:09.908 10 INFO neutron.plugins.ml2.plugin [None req-2db82f59-4e79-4900-ba7d-fa095789f2d9 - - - - - -] Attempt 1 to provision port 257fb689-bebc-4d03-b1c0-07529b369ff9
2026-05-07 04:34:10.113 10 INFO neutron.plugins.ml2.plugin [None req-bec3734c-1278-41b6-a0a9-7daf23867a28 - - - - - -] Attempt 1 to provision port 8267c5a1-268f-4d22-a650-782517c1c21b
2026-05-07 04:34:10.386 9 INFO neutron.plugins.ml2.plugin [None req-0183aecb-a636-430b-a3f1-b55379890a36 - - - - - -] Attempt 1 to provision port adf58456-06d0-47d6-808c-719e73472000
2026-05-07 04:34:11.135 10 INFO neutron.plugins.ml2.plugin [None req-bf389ade-f2b4-499e-a726-56a9b9bce399 - - - - - -] Attempt 1 to provision port adf58456-06d0-47d6-808c-719e73472000
2026-05-07 04:34:12.812 9 INFO neutron.plugins.ml2.plugin [None req-b74dc1b1-120b-4369-a89b-44c584ba8e18 - - - - - -] Attempt 1 to provision port 44d1ca43-41d2-44d5-ace3-3a5a6737c2d0
2026-05-07 04:34:14.701 9 INFO neutron.plugins.ml2.plugin [None req-33bdab9c-f0e2-4f13-a161-5af2d5f0e517 - - - - - -] Attempt 1 to provision port ed455d03-e0ec-480e-80f3-2810ad1b829d
2026-05-07 04:34:15.162 9 INFO neutron.plugins.ml2.plugin [None req-b74dc1b1-120b-4369-a89b-44c584ba8e18 - - - - - -] Attempt 1 to provision port 44d1ca43-41d2-44d5-ace3-3a5a6737c2d0
2026-05-07 04:34:17.059 9 INFO neutron.plugins.ml2.plugin [None req-b74dc1b1-120b-4369-a89b-44c584ba8e18 - - - - - -] Attempt 1 to provision port 0893ef69-218b-49a9-ad62-18a44774b6a4
2026-05-07 04:34:17.466 9 INFO neutron.plugins.ml2.plugin [None req-b74dc1b1-120b-4369-a89b-44c584ba8e18 - - - - - -] Attempt 1 to provision port bc475fd9-42db-44a1-acce-dfa853e53b14
2026-05-07 04:34:17.491 9 INFO neutron.plugins.ml2.db [None req-b74dc1b1-120b-4369-a89b-44c584ba8e18 - - - - - -] No ports have port_id starting with bc475fd9-42db-44a1-acce-dfa853e53b14
2026-05-07 04:34:20.746 9 INFO neutron.plugins.ml2.plugin [None req-74392aba-1a37-4ee5-b229-8391ae2cbb90 - - - - - -] Attempt 1 to provision port d6a2c9b9-8a7a-4ee0-b542-efa707aee6cc
2026-05-07 04:34:20.822 10 INFO neutron.plugins.ml2.plugin [None req-b74dc1b1-120b-4369-a89b-44c584ba8e18 - - - - - -] Attempt 1 to provision port 91dd8491-ea8d-4188-93d9-49657d7d7d4d
2026-05-07 04:34:21.184 10 INFO neutron.plugins.ml2.plugin [None req-b74dc1b1-120b-4369-a89b-44c584ba8e18 - - - - - -] Attempt 1 to provision port 4c5195f9-1cce-4e27-b48b-57da8727d73d
2026-05-07 04:34:22.808 9 INFO neutron.plugins.ml2.plugin [None req-b74dc1b1-120b-4369-a89b-44c584ba8e18 - - - - - -] Attempt 1 to provision port 91dd8491-ea8d-4188-93d9-49657d7d7d4d
2026-05-07 04:34:23.066 9 INFO neutron.plugins.ml2.plugin [None req-b74dc1b1-120b-4369-a89b-44c584ba8e18 - - - - - -] Attempt 1 to provision port 4c5195f9-1cce-4e27-b48b-57da8727d73d
2026-05-07 04:34:24.983 9 INFO neutron.plugins.ml2.plugin [None req-b74dc1b1-120b-4369-a89b-44c584ba8e18 - - - - - -] Attempt 1 to provision port 621d100d-d45f-4cde-8c6d-8f3f725d3a4a
2026-05-07 04:34:25.687 9 INFO neutron.plugins.ml2.plugin [None req-b74dc1b1-120b-4369-a89b-44c584ba8e18 - - - - - -] Attempt 1 to provision port 54e55770-fb8f-476b-a3ef-0be41667b17b
2026-05-07 04:34:26.024 9 INFO neutron.plugins.ml2.plugin [None req-67a041e2-18ed-41e5-aaa6-1ac35b06aeed - - - - - -] Attempt 1 to provision port 621d100d-d45f-4cde-8c6d-8f3f725d3a4a
2026-05-07 04:34:26.102 9 INFO neutron.plugins.ml2.plugin [None req-b74dc1b1-120b-4369-a89b-44c584ba8e18 - - - - - -] Attempt 1 to provision port d6a2c9b9-8a7a-4ee0-b542-efa707aee6cc
2026-05-07 04:34:26.210 9 INFO neutron.notifiers.nova [-] Nova event matching ['req-4b8ba3af-f1c8-4302-9c14-d4041af33b16'] response: {'server_uuid': 'bfc093f8-b961-4f73-bad0-3a641536b981', 'name': 'network-vif-plugged', 'status': 'completed', 'tag': 'd6a2c9b9-8a7a-4ee0-b542-efa707aee6cc', 'code': 200}
2026-05-07 04:34:26.460 9 INFO neutron.plugins.ml2.plugin [None req-fd6cdfdb-ad26-497c-adc9-f2527bfb5a62 - - - - - -] Attempt 1 to provision port 621d100d-d45f-4cde-8c6d-8f3f725d3a4a
2026-05-07 04:34:26.645 9 INFO neutron.plugins.ml2.plugin [None req-fd6cdfdb-ad26-497c-adc9-f2527bfb5a62 - - - - - -] Attempt 1 to provision port 9585d930-0b13-47d3-aeab-00d3501b4d97
2026-05-07 04:34:26.819 10 INFO neutron.plugins.ml2.plugin [None req-c742f66d-8cd9-4bcb-ade8-f643c4762bdf - - - - - -] Attempt 1 to provision port 54e55770-fb8f-476b-a3ef-0be41667b17b
2026-05-07 04:34:26.886 9 INFO neutron.plugins.ml2.plugin [None req-b74dc1b1-120b-4369-a89b-44c584ba8e18 - - - - - -] Attempt 1 to provision port 621d100d-d45f-4cde-8c6d-8f3f725d3a4a
2026-05-07 04:34:27.032 10 INFO neutron.plugins.ml2.plugin [None req-9f609615-b8ff-42b9-a386-2ba716b901c0 - - - - - -] Attempt 1 to provision port 9585d930-0b13-47d3-aeab-00d3501b4d97
2026-05-07 04:34:27.073 10 INFO neutron.plugins.ml2.plugin [None req-9f609615-b8ff-42b9-a386-2ba716b901c0 - - - - - -] Attempt 1 to provision port 54e55770-fb8f-476b-a3ef-0be41667b17b
2026-05-07 04:34:27.361 9 INFO neutron.plugins.ml2.plugin [None req-436a1395-9f5d-4d40-936b-b1923f5de89c - - - - - -] Attempt 1 to provision port 9585d930-0b13-47d3-aeab-00d3501b4d97
2026-05-07 04:34:27.442 9 INFO neutron.plugins.ml2.plugin [None req-b74dc1b1-120b-4369-a89b-44c584ba8e18 - - - - - -] Attempt 1 to provision port 54e55770-fb8f-476b-a3ef-0be41667b17b
2026-05-07 04:34:27.548 10 INFO neutron.plugins.ml2.plugin [None req-d27cb74f-966d-47da-90b4-bceb3685545a - - - - - -] Attempt 1 to provision port 070fb0e3-7d5e-4f34-a40a-e7c8dcf62a29
2026-05-07 04:34:27.833 9 INFO neutron.plugins.ml2.plugin [None req-b74dc1b1-120b-4369-a89b-44c584ba8e18 - - - - - -] Attempt 1 to provision port d6a2c9b9-8a7a-4ee0-b542-efa707aee6cc
2026-05-07 04:34:28.001 9 INFO neutron.plugins.ml2.plugin [None req-5cfb479a-4e1a-4fb9-9905-bcc9e2f619fc - - - - - -] Attempt 1 to provision port 070fb0e3-7d5e-4f34-a40a-e7c8dcf62a29
2026-05-07 04:34:28.831 10 INFO neutron.plugins.ml2.plugin [None req-b74dc1b1-120b-4369-a89b-44c584ba8e18 - - - - - -] Attempt 1 to provision port 0a90a2b7-ca87-4519-a600-431ae9b7e58c
2026-05-07 04:34:29.194 10 INFO neutron.plugins.ml2.plugin [None req-b74dc1b1-120b-4369-a89b-44c584ba8e18 - - - - - -] Attempt 1 to provision port adf58456-06d0-47d6-808c-719e73472000
2026-05-07 04:34:30.857 9 INFO neutron.plugins.ml2.plugin [None req-b74dc1b1-120b-4369-a89b-44c584ba8e18 - - - - - -] Attempt 1 to provision port 0a90a2b7-ca87-4519-a600-431ae9b7e58c
2026-05-07 04:34:31.068 9 INFO neutron.plugins.ml2.plugin [None req-b74dc1b1-120b-4369-a89b-44c584ba8e18 - - - - - -] Attempt 1 to provision port adf58456-06d0-47d6-808c-719e73472000
2026-05-07 04:34:34.963 10 INFO neutron.plugins.ml2.plugin [None req-b74dc1b1-120b-4369-a89b-44c584ba8e18 - - - - - -] Attempt 1 to provision port d3e4166a-e138-441f-9a90-40be4e88db03
2026-05-07 04:34:36.815 10 INFO neutron.plugins.ml2.plugin [None req-b74dc1b1-120b-4369-a89b-44c584ba8e18 - - - - - -] Attempt 1 to provision port d3e4166a-e138-441f-9a90-40be4e88db03
2026-05-07 04:34:37.135 9 INFO neutron.plugins.ml2.plugin [None req-501242bf-8ee4-4639-a5c6-cf6c439df23b - - - - - -] Attempt 1 to provision port d3e4166a-e138-441f-9a90-40be4e88db03
2026-05-07 04:34:37.519 10 INFO neutron.plugins.ml2.plugin [None req-bf2e04c6-d936-4f86-933b-bb2921d4ba15 - - - - - -] Attempt 1 to provision port d3e4166a-e138-441f-9a90-40be4e88db03
2026-05-07 04:34:37.602 10 INFO neutron.plugins.ml2.plugin [None req-bf2e04c6-d936-4f86-933b-bb2921d4ba15 - - - - - -] Attempt 1 to provision port d4383930-f758-410b-aefb-934249646732
2026-05-07 04:34:37.871 9 INFO neutron.plugins.ml2.plugin [None req-d8bd3bfa-34e5-495b-8af1-3fc619be9add - - - - - -] Attempt 1 to provision port d4383930-f758-410b-aefb-934249646732
2026-05-07 04:34:38.223 10 INFO neutron.plugins.ml2.plugin [None req-b23ae32e-60ce-41cc-b445-21ace5cf288d - - - - - -] Attempt 1 to provision port d4383930-f758-410b-aefb-934249646732
2026-05-07 04:34:38.893 10 INFO neutron.plugins.ml2.plugin [None req-b74dc1b1-120b-4369-a89b-44c584ba8e18 - - - - - -] Attempt 1 to provision port 08eb80b7-563e-4217-97a1-770368a60d1d
2026-05-07 04:34:40.386 9 INFO neutron.plugins.ml2.plugin [None req-82625fd4-dd1f-46ec-a2fc-db8a55be8474 - - - - - -] Attempt 1 to provision port 08eb80b7-563e-4217-97a1-770368a60d1d
2026-05-07 04:34:40.989 10 INFO neutron.plugins.ml2.plugin [None req-b74dc1b1-120b-4369-a89b-44c584ba8e18 - - - - - -] Attempt 1 to provision port 7d58b8ad-6799-4255-905c-38b5bc1c1474
2026-05-07 04:34:41.542 10 INFO neutron.plugins.ml2.plugin [None req-b74dc1b1-120b-4369-a89b-44c584ba8e18 - - - - - -] Attempt 1 to provision port 08eb80b7-563e-4217-97a1-770368a60d1d
2026-05-07 04:34:41.908 10 INFO neutron.plugins.ml2.plugin [None req-05629319-2813-4b99-9afc-f49599577929 - - - - - -] Attempt 1 to provision port 08eb80b7-563e-4217-97a1-770368a60d1d
2026-05-07 04:34:42.209 10 INFO neutron.plugins.ml2.plugin [None req-fe1acabb-30b3-4cf6-ad6a-35328b184361 - - - - - -] Attempt 1 to provision port 7d58b8ad-6799-4255-905c-38b5bc1c1474
2026-05-07 04:34:42.599 10 INFO neutron.plugins.ml2.plugin [None req-66452e6f-cd9c-4d32-b8f0-0b1633f5e229 - - - - - -] Attempt 1 to provision port 08eb80b7-563e-4217-97a1-770368a60d1d
2026-05-07 04:34:42.794 9 INFO neutron.plugins.ml2.plugin [None req-7f3d9927-1056-4cc3-aba2-dcdb0cbab991 - - - - - -] Attempt 1 to provision port 2e21f413-8b0f-42f8-befb-70c343455006
2026-05-07 04:34:42.918 10 INFO neutron.plugins.ml2.plugin [None req-b74dc1b1-120b-4369-a89b-44c584ba8e18 - - - - - -] Attempt 1 to provision port 9bbf0051-2eb0-4383-93cb-873db3550359
2026-05-07 04:34:43.671 10 INFO neutron.plugins.ml2.plugin [None req-b74dc1b1-120b-4369-a89b-44c584ba8e18 - - - - - -] Attempt 1 to provision port 7d58b8ad-6799-4255-905c-38b5bc1c1474
2026-05-07 04:34:43.674 9 INFO neutron.plugins.ml2.plugin [None req-f418ebf3-92d2-4bfd-bff4-5d2929619fd2 - - - - - -] Attempt 1 to provision port 7d58b8ad-6799-4255-905c-38b5bc1c1474
2026-05-07 04:34:44.027 10 INFO neutron.plugins.ml2.plugin [None req-b74dc1b1-120b-4369-a89b-44c584ba8e18 - - - - - -] Attempt 1 to provision port 08eb80b7-563e-4217-97a1-770368a60d1d
2026-05-07 04:34:44.449 10 INFO neutron.plugins.ml2.plugin [None req-2021cd6a-3bac-4654-aa68-338e6ca8668e - - - - - -] Attempt 1 to provision port 7d58b8ad-6799-4255-905c-38b5bc1c1474
2026-05-07 04:34:44.907 9 INFO neutron.plugins.ml2.plugin [None req-1d89ae9c-6ce0-41c2-84f7-c136a2e278e5 - - - - - -] Attempt 1 to provision port 9bbf0051-2eb0-4383-93cb-873db3550359
2026-05-07 04:34:44.959 10 INFO neutron.plugins.ml2.plugin [None req-b74dc1b1-120b-4369-a89b-44c584ba8e18 - - - - - -] Attempt 1 to provision port 9bbf0051-2eb0-4383-93cb-873db3550359
2026-05-07 04:34:45.432 10 INFO neutron.plugins.ml2.plugin [None req-b74dc1b1-120b-4369-a89b-44c584ba8e18 - - - - - -] Attempt 1 to provision port f88ed805-deb5-4831-8c3c-e6c53c04ec6b
2026-05-07 04:34:46.046 10 INFO neutron.plugins.ml2.plugin [None req-332b4009-74aa-4c7c-af9c-19e69bd8fb6c - - - - - -] Attempt 1 to provision port 9bbf0051-2eb0-4383-93cb-873db3550359
2026-05-07 04:34:46.370 10 INFO neutron.plugins.ml2.plugin [None req-eac415a7-4226-4600-b0eb-9366ca946cc2 - - - - - -] Attempt 1 to provision port f88ed805-deb5-4831-8c3c-e6c53c04ec6b
2026-05-07 04:34:46.655 9 INFO neutron.plugins.ml2.plugin [None req-bd0090e7-2bf6-4a80-ad0e-67929aa07049 - - - - - -] Attempt 1 to provision port 88174b11-bb33-4db9-a6a1-61132de56f25
