2026-05-27 01:57:22.635 7 INFO neutron.db.ovn_revision_numbers_db [None req-981e2c83-231b-4ef4-bcaa-faedb489add8 d6b65757384e4e7d8b9f55a08ce06978 4896f9a6437444b4939fc0796856c5a9 - - default default] Successfully bumped revision number for resource 3fd4d153-ad6f-4fb9-acdd-22b73cdbb300 (type: security_groups) to 1
2026-05-27 01:57:22.647 7 INFO neutron.db.ovn_revision_numbers_db [None req-981e2c83-231b-4ef4-bcaa-faedb489add8 d6b65757384e4e7d8b9f55a08ce06978 4896f9a6437444b4939fc0796856c5a9 - - default default] Successfully bumped revision number for resource 5721e6ff-e278-4d08-84b4-d6933c56b356 (type: security_group_rules) to 0
2026-05-27 01:57:22.659 7 INFO neutron.db.ovn_revision_numbers_db [None req-981e2c83-231b-4ef4-bcaa-faedb489add8 d6b65757384e4e7d8b9f55a08ce06978 4896f9a6437444b4939fc0796856c5a9 - - default default] Successfully bumped revision number for resource 72781318-f08e-4409-a0ea-8c283e30ec99 (type: security_group_rules) to 0
2026-05-27 01:57:22.672 7 INFO neutron.db.ovn_revision_numbers_db [None req-981e2c83-231b-4ef4-bcaa-faedb489add8 d6b65757384e4e7d8b9f55a08ce06978 4896f9a6437444b4939fc0796856c5a9 - - default default] Successfully bumped revision number for resource c1f8148d-fb78-4b01-adda-19022107dbdc (type: security_group_rules) to 0
2026-05-27 01:57:22.684 7 INFO neutron.db.ovn_revision_numbers_db [None req-981e2c83-231b-4ef4-bcaa-faedb489add8 d6b65757384e4e7d8b9f55a08ce06978 4896f9a6437444b4939fc0796856c5a9 - - default default] Successfully bumped revision number for resource cf0c452a-b1fc-42f9-8089-8fa6edb975f6 (type: security_group_rules) to 0 [pid: 7|app: 0|req: 1497/2782] 10.0.0.113 () {32 vars in 774 bytes} [Wed May 27 01:57:22 2026] GET /v2.0/security-groups?tenant_id=0be62b4a9bb0447e985c1295d8188537&name=default => generated 2929 bytes in 265 msecs (HTTP/1.1 200) 4 headers in 158 bytes (1 switches on core 0)
2026-05-27 01:57:22.729 8 WARNING neutron.scheduler.dhcp_agent_scheduler [None req-4870860e-ce18-417e-90dd-cf9db3b6ddb1 343486a18aeb4bec91a5bfd0ea47e86b 08957fe95e574cb5b0ec37be3254fd7a - - default default] No more DHCP agents
2026-05-27 01:57:22.731 8 WARNING neutron.api.rpc.agentnotifiers.dhcp_rpc_agent_api [None req-4870860e-ce18-417e-90dd-cf9db3b6ddb1 343486a18aeb4bec91a5bfd0ea47e86b 08957fe95e574cb5b0ec37be3254fd7a - - default default] Unable to schedule network db644aa2-7c54-49f4-95ad-83f4dc1fb5ed: no agents available; will retry on subsequent port and subnet creation events.
2026-05-27 01:57:22.804 8 INFO neutron.plugins.ml2.drivers.ovn.mech_driver.mech_driver [None req-b118d978-5c19-43a5-a291-e9c29be01acd - - - - - -] OVN reports status down for port: 4d057f1f-2eee-43d2-adb3-ec22a7d976c9
2026-05-27 01:57:22.858 8 INFO neutron.db.ovn_revision_numbers_db [None req-4870860e-ce18-417e-90dd-cf9db3b6ddb1 343486a18aeb4bec91a5bfd0ea47e86b 08957fe95e574cb5b0ec37be3254fd7a - - default default] Successfully bumped revision number for resource 4d057f1f-2eee-43d2-adb3-ec22a7d976c9 (type: ports) to 1 [pid: 8|app: 0|req: 1286/2783] 10.0.0.113 () {34 vars in 670 bytes} [Wed May 27 01:57:22 2026] POST /v2.0/networks => generated 632 bytes in 656 msecs (HTTP/1.1 201) 4 headers in 162 bytes (1 switches on core 0) [pid: 7|app: 0|req: 1498/2784] 10.0.0.113 () {32 vars in 740 bytes} [Wed May 27 01:57:22 2026] DELETE /v2.0/security-groups/3fd4d153-ad6f-4fb9-acdd-22b73cdbb300 => generated 0 bytes in 310 msecs (HTTP/1.1 204) 2 headers in 112 bytes (1 switches on core 0)
2026-05-27 01:57:23.164 8 WARNING neutron.scheduler.dhcp_agent_scheduler [None req-ef8924b9-30fd-44ca-8b2a-cd2352407282 343486a18aeb4bec91a5bfd0ea47e86b 08957fe95e574cb5b0ec37be3254fd7a - - default default] No more DHCP agents
2026-05-27 01:57:23.166 8 WARNING neutron.api.rpc.agentnotifiers.dhcp_rpc_agent_api [None req-ef8924b9-30fd-44ca-8b2a-cd2352407282 343486a18aeb4bec91a5bfd0ea47e86b 08957fe95e574cb5b0ec37be3254fd7a - - default default] Unable to schedule network db644aa2-7c54-49f4-95ad-83f4dc1fb5ed: no agents available; will retry on subsequent port and subnet creation events. [pid: 7|app: 0|req: 1499/2785] 10.0.0.113 () {32 vars in 774 bytes} [Wed May 27 01:57:23 2026] GET /v2.0/security-groups?tenant_id=7d78ea52e0df461e9997bdfb557db465&name=default => generated 2926 bytes in 53 msecs (HTTP/1.1 200) 4 headers in 158 bytes (1 switches on core 0)
2026-05-27 01:57:23.228 8 INFO neutron.plugins.ml2.drivers.ovn.mech_driver.mech_driver [None req-b118d978-5c19-43a5-a291-e9c29be01acd - - - - - -] OVN reports status down for port: 239bcab5-c005-487a-bd35-d08a9bb82be2
2026-05-27 01:57:23.300 8 INFO neutron.db.ovn_revision_numbers_db [None req-ef8924b9-30fd-44ca-8b2a-cd2352407282 343486a18aeb4bec91a5bfd0ea47e86b 08957fe95e574cb5b0ec37be3254fd7a - - default default] Successfully bumped revision number for resource 239bcab5-c005-487a-bd35-d08a9bb82be2 (type: ports) to 1 [pid: 8|app: 0|req: 1287/2786] 10.0.0.113 () {34 vars in 664 bytes} [Wed May 27 01:57:22 2026] POST /v2.0/ports => generated 743 bytes in 466 msecs (HTTP/1.1 201) 4 headers in 162 bytes (1 switches on core 0) /var/lib/openstack/lib/python3.12/site-packages/pycadf/identifier.py:70: UserWarning: Invalid uuid: neutron. To ensure interoperability, identifiers should be a valid uuid. warnings.warn(('Invalid uuid: %s. To ensure interoperability, ' [pid: 7|app: 0|req: 1500/2787] 10.0.0.113 () {32 vars in 740 bytes} [Wed May 27 01:57:23 2026] DELETE /v2.0/security-groups/d0dd6c79-6bde-42ba-9e98-51976b21dc61 => generated 0 bytes in 322 msecs (HTTP/1.1 204) 2 headers in 112 bytes (1 switches on core 0) [pid: 8|app: 0|req: 1288/2788] 10.0.0.113 () {34 vars in 666 bytes} [Wed May 27 01:57:23 2026] POST /v2.0/trunks => generated 409 bytes in 221 msecs (HTTP/1.1 201) 4 headers in 162 bytes (1 switches on core 0)
2026-05-27 01:57:23.703 7 INFO neutron.db.segments_db [None req-ec0c80a5-9299-41e2-99bc-3fd96a6de702 343486a18aeb4bec91a5bfd0ea47e86b 08957fe95e574cb5b0ec37be3254fd7a - - default default] Added segment 7aafad35-4100-46ed-8406-1fe23e7c9ade of type geneve for network 6e05a6e7-46b6-4df9-8e34-b84927fabe24
2026-05-27 01:57:23.850 7 INFO neutron.db.ovn_revision_numbers_db [None req-ec0c80a5-9299-41e2-99bc-3fd96a6de702 343486a18aeb4bec91a5bfd0ea47e86b 08957fe95e574cb5b0ec37be3254fd7a - - default default] Successfully bumped revision number for resource 6e05a6e7-46b6-4df9-8e34-b84927fabe24 (type: networks) to 1
2026-05-27 01:57:24.022 7 WARNING neutron.scheduler.dhcp_agent_scheduler [None req-ec0c80a5-9299-41e2-99bc-3fd96a6de702 343486a18aeb4bec91a5bfd0ea47e86b 08957fe95e574cb5b0ec37be3254fd7a - - default default] No more DHCP agents
2026-05-27 01:57:24.023 7 WARNING neutron.api.rpc.agentnotifiers.dhcp_rpc_agent_api [None req-ec0c80a5-9299-41e2-99bc-3fd96a6de702 343486a18aeb4bec91a5bfd0ea47e86b 08957fe95e574cb5b0ec37be3254fd7a - - default default] Unable to schedule network 6e05a6e7-46b6-4df9-8e34-b84927fabe24: no agents available; will retry on subsequent port and subnet creation events.
2026-05-27 01:57:24.096 8 INFO neutron.plugins.ml2.drivers.ovn.mech_driver.mech_driver [None req-b118d978-5c19-43a5-a291-e9c29be01acd - - - - - -] OVN reports status down for port: 442f4fd8-0fd9-4511-a716-1dab8ec88951
2026-05-27 01:57:24.132 7 INFO neutron.db.ovn_revision_numbers_db [None req-ec0c80a5-9299-41e2-99bc-3fd96a6de702 343486a18aeb4bec91a5bfd0ea47e86b 08957fe95e574cb5b0ec37be3254fd7a - - default default] Successfully bumped revision number for resource 442f4fd8-0fd9-4511-a716-1dab8ec88951 (type: ports) to 1 [pid: 7|app: 0|req: 1501/2789] 10.0.0.113 () {34 vars in 670 bytes} [Wed May 27 01:57:23 2026] POST /v2.0/networks => generated 631 bytes in 537 msecs (HTTP/1.1 201) 4 headers in 162 bytes (1 switches on core 0)
2026-05-27 01:57:24.402 8 WARNING neutron.scheduler.dhcp_agent_scheduler [None req-26698598-a572-4c05-be7b-bce6573e1128 343486a18aeb4bec91a5bfd0ea47e86b 08957fe95e574cb5b0ec37be3254fd7a - - default default] No more DHCP agents
2026-05-27 01:57:24.404 8 WARNING neutron.api.rpc.agentnotifiers.dhcp_rpc_agent_api [None req-26698598-a572-4c05-be7b-bce6573e1128 343486a18aeb4bec91a5bfd0ea47e86b 08957fe95e574cb5b0ec37be3254fd7a - - default default] Unable to schedule network 6e05a6e7-46b6-4df9-8e34-b84927fabe24: no agents available; will retry on subsequent port and subnet creation events.
2026-05-27 01:57:24.469 8 INFO neutron.plugins.ml2.drivers.ovn.mech_driver.mech_driver [None req-b118d978-5c19-43a5-a291-e9c29be01acd - - - - - -] OVN reports status down for port: 2e43c350-72f9-4b58-a780-6d22a1859500
2026-05-27 01:57:24.554 8 INFO neutron.db.ovn_revision_numbers_db [None req-26698598-a572-4c05-be7b-bce6573e1128 343486a18aeb4bec91a5bfd0ea47e86b 08957fe95e574cb5b0ec37be3254fd7a - - default default] Successfully bumped revision number for resource 2e43c350-72f9-4b58-a780-6d22a1859500 (type: ports) to 1 [pid: 8|app: 0|req: 1289/2790] 10.0.0.113 () {34 vars in 664 bytes} [Wed May 27 01:57:24 2026] POST /v2.0/ports => generated 743 bytes in 484 msecs (HTTP/1.1 201) 4 headers in 162 bytes (1 switches on core 0) [pid: 7|app: 0|req: 1502/2791] 10.0.0.113 () {34 vars in 666 bytes} [Wed May 27 01:57:24 2026] POST /v2.0/trunks => generated 409 bytes in 274 msecs (HTTP/1.1 201) 4 headers in 162 bytes (1 switches on core 0) /var/lib/openstack/lib/python3.12/site-packages/pycadf/identifier.py:70: UserWarning: Invalid uuid: neutron. To ensure interoperability, identifiers should be a valid uuid. warnings.warn(('Invalid uuid: %s. To ensure interoperability, '
2026-05-27 01:57:25.009 8 INFO neutron.db.segments_db [None req-e9c902d2-52aa-454a-9ea6-d1a18ff5b8d3 343486a18aeb4bec91a5bfd0ea47e86b 08957fe95e574cb5b0ec37be3254fd7a - - default default] Added segment 8cc5cbac-6feb-456d-89a5-50a3a4277d65 of type geneve for network 6d0fbe40-002b-40ff-b97b-c2902a526f86
2026-05-27 01:57:25.135 8 INFO neutron.db.ovn_revision_numbers_db [None req-e9c902d2-52aa-454a-9ea6-d1a18ff5b8d3 343486a18aeb4bec91a5bfd0ea47e86b 08957fe95e574cb5b0ec37be3254fd7a - - default default] Successfully bumped revision number for resource 6d0fbe40-002b-40ff-b97b-c2902a526f86 (type: networks) to 1
2026-05-27 01:57:25.301 8 WARNING neutron.scheduler.dhcp_agent_scheduler [None req-e9c902d2-52aa-454a-9ea6-d1a18ff5b8d3 343486a18aeb4bec91a5bfd0ea47e86b 08957fe95e574cb5b0ec37be3254fd7a - - default default] No more DHCP agents
2026-05-27 01:57:25.302 8 WARNING neutron.api.rpc.agentnotifiers.dhcp_rpc_agent_api [None req-e9c902d2-52aa-454a-9ea6-d1a18ff5b8d3 343486a18aeb4bec91a5bfd0ea47e86b 08957fe95e574cb5b0ec37be3254fd7a - - default default] Unable to schedule network 6d0fbe40-002b-40ff-b97b-c2902a526f86: no agents available; will retry on subsequent port and subnet creation events.
2026-05-27 01:57:25.369 8 INFO neutron.plugins.ml2.drivers.ovn.mech_driver.mech_driver [None req-b118d978-5c19-43a5-a291-e9c29be01acd - - - - - -] OVN reports status down for port: af0c62c3-5caa-45e9-b684-154fe87d8db3
2026-05-27 01:57:25.429 8 INFO neutron.db.ovn_revision_numbers_db [None req-e9c902d2-52aa-454a-9ea6-d1a18ff5b8d3 343486a18aeb4bec91a5bfd0ea47e86b 08957fe95e574cb5b0ec37be3254fd7a - - default default] Successfully bumped revision number for resource af0c62c3-5caa-45e9-b684-154fe87d8db3 (type: ports) to 1 [pid: 8|app: 0|req: 1290/2792] 10.0.0.113 () {34 vars in 670 bytes} [Wed May 27 01:57:24 2026] POST /v2.0/networks => generated 632 bytes in 549 msecs (HTTP/1.1 201) 4 headers in 162 bytes (1 switches on core 0)
2026-05-27 01:57:25.688 7 WARNING neutron.scheduler.dhcp_agent_scheduler [None req-77edc21e-7ff7-40ac-aeef-15a666b4174b 343486a18aeb4bec91a5bfd0ea47e86b 08957fe95e574cb5b0ec37be3254fd7a - - default default] No more DHCP agents
2026-05-27 01:57:25.689 7 WARNING neutron.api.rpc.agentnotifiers.dhcp_rpc_agent_api [None req-77edc21e-7ff7-40ac-aeef-15a666b4174b 343486a18aeb4bec91a5bfd0ea47e86b 08957fe95e574cb5b0ec37be3254fd7a - - default default] Unable to schedule network 6d0fbe40-002b-40ff-b97b-c2902a526f86: no agents available; will retry on subsequent port and subnet creation events.
2026-05-27 01:57:25.759 8 INFO neutron.plugins.ml2.drivers.ovn.mech_driver.mech_driver [None req-b118d978-5c19-43a5-a291-e9c29be01acd - - - - - -] OVN reports status down for port: 07acb24a-676d-4bd5-8058-782bec099855
2026-05-27 01:57:25.824 7 INFO neutron.db.ovn_revision_numbers_db [None req-77edc21e-7ff7-40ac-aeef-15a666b4174b 343486a18aeb4bec91a5bfd0ea47e86b 08957fe95e574cb5b0ec37be3254fd7a - - default default] Successfully bumped revision number for resource 07acb24a-676d-4bd5-8058-782bec099855 (type: ports) to 1 [pid: 7|app: 0|req: 1503/2793] 10.0.0.113 () {34 vars in 664 bytes} [Wed May 27 01:57:25 2026] POST /v2.0/ports => generated 743 bytes in 391 msecs (HTTP/1.1 201) 4 headers in 162 bytes (1 switches on core 0) [pid: 8|app: 0|req: 1291/2794] 10.0.0.113 () {34 vars in 666 bytes} [Wed May 27 01:57:25 2026] POST /v2.0/trunks => generated 409 bytes in 140 msecs (HTTP/1.1 201) 4 headers in 162 bytes (1 switches on core 0) /var/lib/openstack/lib/python3.12/site-packages/pycadf/identifier.py:70: UserWarning: Invalid uuid: neutron. To ensure interoperability, identifiers should be a valid uuid. warnings.warn(('Invalid uuid: %s. To ensure interoperability, '
2026-05-27 01:57:26.113 7 INFO neutron.db.segments_db [None req-548b79d1-0f4d-4079-9533-23b02b3cf478 343486a18aeb4bec91a5bfd0ea47e86b 08957fe95e574cb5b0ec37be3254fd7a - - default default] Added segment f2e3b9c1-9d7a-42d5-8534-ccb3bc6e1f9e of type geneve for network 212c57db-3f43-41b0-bfb5-3dd4769272da
2026-05-27 01:57:26.233 7 INFO neutron.db.ovn_revision_numbers_db [None req-548b79d1-0f4d-4079-9533-23b02b3cf478 343486a18aeb4bec91a5bfd0ea47e86b 08957fe95e574cb5b0ec37be3254fd7a - - default default] Successfully bumped revision number for resource 212c57db-3f43-41b0-bfb5-3dd4769272da (type: networks) to 1
2026-05-27 01:57:26.374 7 WARNING neutron.scheduler.dhcp_agent_scheduler [None req-548b79d1-0f4d-4079-9533-23b02b3cf478 343486a18aeb4bec91a5bfd0ea47e86b 08957fe95e574cb5b0ec37be3254fd7a - - default default] No more DHCP agents
2026-05-27 01:57:26.376 7 WARNING neutron.api.rpc.agentnotifiers.dhcp_rpc_agent_api [None req-548b79d1-0f4d-4079-9533-23b02b3cf478 343486a18aeb4bec91a5bfd0ea47e86b 08957fe95e574cb5b0ec37be3254fd7a - - default default] Unable to schedule network 212c57db-3f43-41b0-bfb5-3dd4769272da: no agents available; will retry on subsequent port and subnet creation events.
2026-05-27 01:57:26.446 8 INFO neutron.plugins.ml2.drivers.ovn.mech_driver.mech_driver [None req-b118d978-5c19-43a5-a291-e9c29be01acd - - - - - -] OVN reports status down for port: 858b1f27-a82b-4f96-8e7e-d5187aa2efb8
2026-05-27 01:57:26.480 7 INFO neutron.db.ovn_revision_numbers_db [None req-548b79d1-0f4d-4079-9533-23b02b3cf478 343486a18aeb4bec91a5bfd0ea47e86b 08957fe95e574cb5b0ec37be3254fd7a - - default default] Successfully bumped revision number for resource 858b1f27-a82b-4f96-8e7e-d5187aa2efb8 (type: ports) to 1 [pid: 7|app: 0|req: 1504/2795] 10.0.0.113 () {34 vars in 670 bytes} [Wed May 27 01:57:26 2026] POST /v2.0/networks => generated 631 bytes in 482 msecs (HTTP/1.1 201) 4 headers in 162 bytes (1 switches on core 0)
2026-05-27 01:57:26.691 8 WARNING neutron.scheduler.dhcp_agent_scheduler [None req-256ffcb9-b847-4b49-ae00-13fd17f47086 343486a18aeb4bec91a5bfd0ea47e86b 08957fe95e574cb5b0ec37be3254fd7a - - default default] No more DHCP agents
2026-05-27 01:57:26.692 8 WARNING neutron.api.rpc.agentnotifiers.dhcp_rpc_agent_api [None req-256ffcb9-b847-4b49-ae00-13fd17f47086 343486a18aeb4bec91a5bfd0ea47e86b 08957fe95e574cb5b0ec37be3254fd7a - - default default] Unable to schedule network 212c57db-3f43-41b0-bfb5-3dd4769272da: no agents available; will retry on subsequent port and subnet creation events.
2026-05-27 01:57:26.763 8 INFO neutron.plugins.ml2.drivers.ovn.mech_driver.mech_driver [None req-b118d978-5c19-43a5-a291-e9c29be01acd - - - - - -] OVN reports status down for port: 0b2dd042-0385-4451-a538-77621f43adcd
2026-05-27 01:57:26.836 8 INFO neutron.db.ovn_revision_numbers_db [None req-256ffcb9-b847-4b49-ae00-13fd17f47086 343486a18aeb4bec91a5bfd0ea47e86b 08957fe95e574cb5b0ec37be3254fd7a - - default default] Successfully bumped revision number for resource 0b2dd042-0385-4451-a538-77621f43adcd (type: ports) to 1 [pid: 8|app: 0|req: 1292/2796] 10.0.0.113 () {34 vars in 664 bytes} [Wed May 27 01:57:26 2026] POST /v2.0/ports => generated 743 bytes in 392 msecs (HTTP/1.1 201) 4 headers in 162 bytes (1 switches on core 0) [pid: 7|app: 0|req: 1505/2797] 10.0.0.113 () {34 vars in 666 bytes} [Wed May 27 01:57:26 2026] POST /v2.0/trunks => generated 409 bytes in 159 msecs (HTTP/1.1 201) 4 headers in 162 bytes (1 switches on core 0) /var/lib/openstack/lib/python3.12/site-packages/pycadf/identifier.py:70: UserWarning: Invalid uuid: neutron. To ensure interoperability, identifiers should be a valid uuid. warnings.warn(('Invalid uuid: %s. To ensure interoperability, ' [pid: 8|app: 0|req: 1293/2798] 10.0.0.113 () {34 vars in 749 bytes} [Wed May 27 01:57:27 2026] PUT /v2.0/trunks/b67ff0fc-4b50-479b-9e2c-807d07ec8ca1/tags => generated 17 bytes in 42 msecs (HTTP/1.1 200) 4 headers in 156 bytes (1 switches on core 0) [pid: 7|app: 0|req: 1506/2799] 10.0.0.113 () {34 vars in 749 bytes} [Wed May 27 01:57:27 2026] PUT /v2.0/trunks/bf36e838-727b-428a-9bc8-48116cd47ae9/tags => generated 25 bytes in 43 msecs (HTTP/1.1 200) 4 headers in 156 bytes (1 switches on core 0) [pid: 8|app: 0|req: 1294/2800] 10.0.0.113 () {34 vars in 749 bytes} [Wed May 27 01:57:27 2026] PUT /v2.0/trunks/65b6f368-2250-44f2-a171-5a401cf81d31/tags => generated 34 bytes in 68 msecs (HTTP/1.1 200) 4 headers in 156 bytes (1 switches on core 0) [pid: 7|app: 0|req: 1507/2801] 10.0.0.113 () {34 vars in 749 bytes} [Wed May 27 01:57:27 2026] PUT /v2.0/trunks/f069dda5-9565-4d60-bfd0-2f397c7f706e/tags => generated 19 bytes in 31 msecs (HTTP/1.1 200) 4 headers in 156 bytes (1 switches on core 0) [pid: 8|app: 0|req: 1295/2802] 10.0.0.113 () {32 vars in 662 bytes} [Wed May 27 01:57:27 2026] GET /v2.0/trunks?tags=red => generated 1252 bytes in 22 msecs (HTTP/1.1 200) 4 headers in 158 bytes (1 switches on core 0) [pid: 7|app: 0|req: 1508/2803] 10.0.0.113 () {32 vars in 676 bytes} [Wed May 27 01:57:27 2026] GET /v2.0/trunks?tags=red%2Cblue => generated 847 bytes in 21 msecs (HTTP/1.1 200) 4 headers in 157 bytes (1 switches on core 0) [pid: 8|app: 0|req: 1296/2804] 10.0.0.113 () {32 vars in 672 bytes} [Wed May 27 01:57:27 2026] GET /v2.0/trunks?tags-any=blue => generated 847 bytes in 21 msecs (HTTP/1.1 200) 4 headers in 157 bytes (1 switches on core 0) [pid: 7|app: 0|req: 1509/2805] 10.0.0.113 () {32 vars in 684 bytes} [Wed May 27 01:57:27 2026] GET /v2.0/trunks?tags-any=red%2Cblue => generated 1252 bytes in 25 msecs (HTTP/1.1 200) 4 headers in 158 bytes (1 switches on core 0) [pid: 8|app: 0|req: 1297/2806] 10.0.0.113 () {32 vars in 670 bytes} [Wed May 27 01:57:27 2026] GET /v2.0/trunks?not-tags=red => generated 819 bytes in 29 msecs (HTTP/1.1 200) 4 headers in 157 bytes (1 switches on core 0) [pid: 7|app: 0|req: 1510/2807] 10.0.0.113 () {32 vars in 684 bytes} [Wed May 27 01:57:27 2026] GET /v2.0/trunks?not-tags=red%2Cblue => generated 1224 bytes in 24 msecs (HTTP/1.1 200) 4 headers in 158 bytes (1 switches on core 0) [pid: 8|app: 0|req: 1298/2808] 10.0.0.113 () {32 vars in 680 bytes} [Wed May 27 01:57:27 2026] GET /v2.0/trunks?not-tags-any=blue => generated 1224 bytes in 19 msecs (HTTP/1.1 200) 4 headers in 158 bytes (1 switches on core 0) [pid: 7|app: 0|req: 1511/2809] 10.0.0.113 () {32 vars in 692 bytes} [Wed May 27 01:57:27 2026] GET /v2.0/trunks?not-tags-any=red%2Cblue => generated 819 bytes in 21 msecs (HTTP/1.1 200) 4 headers in 157 bytes (1 switches on core 0) [pid: 8|app: 0|req: 1299/2810] 10.0.0.113 () {32 vars in 719 bytes} [Wed May 27 01:57:27 2026] GET /v2.0/trunks/b67ff0fc-4b50-479b-9e2c-807d07ec8ca1 => generated 414 bytes in 19 msecs (HTTP/1.1 200) 4 headers in 157 bytes (1 switches on core 0) [pid: 7|app: 0|req: 1512/2811] 10.0.0.113 () {32 vars in 717 bytes} [Wed May 27 01:57:27 2026] GET /v2.0/ports/1960eeec-98dd-49f7-9f72-f6f98e58566e => generated 826 bytes in 112 msecs (HTTP/1.1 200) 4 headers in 157 bytes (1 switches on core 0) [pid: 7|app: 0|req: 1513/2812] 10.0.0.113 () {32 vars in 722 bytes} [Wed May 27 01:57:27 2026] DELETE /v2.0/trunks/b67ff0fc-4b50-479b-9e2c-807d07ec8ca1 => generated 0 bytes in 73 msecs (HTTP/1.1 204) 2 headers in 112 bytes (1 switches on core 0) [pid: 7|app: 0|req: 1514/2813] 10.0.0.113 () {32 vars in 719 bytes} [Wed May 27 01:57:27 2026] GET /v2.0/trunks/bf36e838-727b-428a-9bc8-48116cd47ae9 => generated 422 bytes in 26 msecs (HTTP/1.1 200) 4 headers in 157 bytes (1 switches on core 0) [pid: 7|app: 0|req: 1515/2814] 10.0.0.113 () {32 vars in 717 bytes} [Wed May 27 01:57:27 2026] GET /v2.0/ports/239bcab5-c005-487a-bd35-d08a9bb82be2 => generated 826 bytes in 79 msecs (HTTP/1.1 200) 4 headers in 157 bytes (1 switches on core 0)
2026-05-27 01:57:27.921 8 INFO neutron.db.ovn_revision_numbers_db [None req-59f6727c-8fb5-4988-a5c1-8534e255b173 ad99f0d06e724d8288210f22c5e66dfd bcaf2a3efd6d4a1eb4f65cdc5cda7a1b - - default default] Successfully bumped revision number for resource 839a0439-cfbe-4441-8e6e-6acf341562f1 (type: security_groups) to 1 [pid: 7|app: 0|req: 1516/2815] 10.0.0.113 () {32 vars in 722 bytes} [Wed May 27 01:57:27 2026] DELETE /v2.0/trunks/bf36e838-727b-428a-9bc8-48116cd47ae9 => generated 0 bytes in 85 msecs (HTTP/1.1 204) 2 headers in 112 bytes (1 switches on core 0)
2026-05-27 01:57:27.937 8 INFO neutron.db.ovn_revision_numbers_db [None req-59f6727c-8fb5-4988-a5c1-8534e255b173 ad99f0d06e724d8288210f22c5e66dfd bcaf2a3efd6d4a1eb4f65cdc5cda7a1b - - default default] Successfully bumped revision number for resource 61a3a572-b58d-4ebb-b913-8c43611c77aa (type: security_group_rules) to 0
2026-05-27 01:57:27.951 8 INFO neutron.db.ovn_revision_numbers_db [None req-59f6727c-8fb5-4988-a5c1-8534e255b173 ad99f0d06e724d8288210f22c5e66dfd bcaf2a3efd6d4a1eb4f65cdc5cda7a1b - - default default] Successfully bumped revision number for resource 72d650c5-beb1-4150-a7cc-aa597e00d576 (type: security_group_rules) to 0 [pid: 7|app: 0|req: 1517/2816] 10.0.0.113 () {32 vars in 719 bytes} [Wed May 27 01:57:27 2026] GET /v2.0/trunks/65b6f368-2250-44f2-a171-5a401cf81d31 => generated 431 bytes in 18 msecs (HTTP/1.1 200) 4 headers in 157 bytes (1 switches on core 0)
2026-05-27 01:57:27.966 8 INFO neutron.db.ovn_revision_numbers_db [None req-59f6727c-8fb5-4988-a5c1-8534e255b173 ad99f0d06e724d8288210f22c5e66dfd bcaf2a3efd6d4a1eb4f65cdc5cda7a1b - - default default] Successfully bumped revision number for resource bc52cdab-b779-4782-aa67-0c76f1fcf0cc (type: security_group_rules) to 0
2026-05-27 01:57:27.978 8 INFO neutron.db.ovn_revision_numbers_db [None req-59f6727c-8fb5-4988-a5c1-8534e255b173 ad99f0d06e724d8288210f22c5e66dfd bcaf2a3efd6d4a1eb4f65cdc5cda7a1b - - default default] Successfully bumped revision number for resource f73a3d3b-a8f3-4426-8f21-01a2d6b7680b (type: security_group_rules) to 0 [pid: 7|app: 0|req: 1518/2817] 10.0.0.113 () {32 vars in 717 bytes} [Wed May 27 01:57:27 2026] GET /v2.0/ports/2e43c350-72f9-4b58-a780-6d22a1859500 => generated 826 bytes in 73 msecs (HTTP/1.1 200) 4 headers in 157 bytes (1 switches on core 0)
2026-05-27 01:57:28.073 8 INFO neutron.db.segments_db [None req-59f6727c-8fb5-4988-a5c1-8534e255b173 ad99f0d06e724d8288210f22c5e66dfd bcaf2a3efd6d4a1eb4f65cdc5cda7a1b - - default default] Added segment 71890263-6cdf-4ed5-b5db-1f0770d2171d of type geneve for network 4ca68e6c-58e7-4728-b58b-eebbc5c61ea2 [pid: 7|app: 0|req: 1519/2818] 10.0.0.113 () {32 vars in 722 bytes} [Wed May 27 01:57:28 2026] DELETE /v2.0/trunks/65b6f368-2250-44f2-a171-5a401cf81d31 => generated 0 bytes in 60 msecs (HTTP/1.1 204) 2 headers in 112 bytes (1 switches on core 0) [pid: 7|app: 0|req: 1520/2819] 10.0.0.113 () {32 vars in 719 bytes} [Wed May 27 01:57:28 2026] GET /v2.0/trunks/f069dda5-9565-4d60-bfd0-2f397c7f706e => generated 416 bytes in 12 msecs (HTTP/1.1 200) 4 headers in 157 bytes (1 switches on core 0)
2026-05-27 01:57:28.190 8 INFO neutron.db.ovn_revision_numbers_db [None req-59f6727c-8fb5-4988-a5c1-8534e255b173 ad99f0d06e724d8288210f22c5e66dfd bcaf2a3efd6d4a1eb4f65cdc5cda7a1b - - default default] Successfully bumped revision number for resource 4ca68e6c-58e7-4728-b58b-eebbc5c61ea2 (type: networks) to 1 [pid: 7|app: 0|req: 1521/2820] 10.0.0.176 () {28 vars in 579 bytes} [Wed May 27 01:57:28 2026] GET /v2.0/ports => generated 13992 bytes in 160 msecs (HTTP/1.1 200) 4 headers in 159 bytes (1 switches on core 0) [pid: 7|app: 0|req: 1522/2821] 10.0.0.113 () {32 vars in 717 bytes} [Wed May 27 01:57:28 2026] GET /v2.0/ports/07acb24a-676d-4bd5-8058-782bec099855 => generated 826 bytes in 40 msecs (HTTP/1.1 200) 4 headers in 157 bytes (1 switches on core 0)
2026-05-27 01:57:28.347 8 WARNING neutron.scheduler.dhcp_agent_scheduler [None req-59f6727c-8fb5-4988-a5c1-8534e255b173 ad99f0d06e724d8288210f22c5e66dfd bcaf2a3efd6d4a1eb4f65cdc5cda7a1b - - default default] No more DHCP agents
2026-05-27 01:57:28.349 8 WARNING neutron.api.rpc.agentnotifiers.dhcp_rpc_agent_api [None req-59f6727c-8fb5-4988-a5c1-8534e255b173 ad99f0d06e724d8288210f22c5e66dfd bcaf2a3efd6d4a1eb4f65cdc5cda7a1b - - default default] Unable to schedule network 4ca68e6c-58e7-4728-b58b-eebbc5c61ea2: no agents available; will retry on subsequent port and subnet creation events. [pid: 7|app: 0|req: 1523/2822] 10.0.0.176 () {28 vars in 591 bytes} [Wed May 27 01:57:28 2026] GET /v2.0/floatingips => generated 19 bytes in 34 msecs (HTTP/1.1 200) 4 headers in 156 bytes (1 switches on core 0)
2026-05-27 01:57:28.419 8 INFO neutron.plugins.ml2.drivers.ovn.mech_driver.mech_driver [None req-b118d978-5c19-43a5-a291-e9c29be01acd - - - - - -] OVN reports status down for port: eec7501c-d000-428d-b559-3babb6afb79a [pid: 7|app: 0|req: 1524/2823] 10.0.0.113 () {32 vars in 722 bytes} [Wed May 27 01:57:28 2026] DELETE /v2.0/trunks/f069dda5-9565-4d60-bfd0-2f397c7f706e => generated 0 bytes in 122 msecs (HTTP/1.1 204) 2 headers in 112 bytes (1 switches on core 0)
2026-05-27 01:57:28.500 8 INFO neutron.db.ovn_revision_numbers_db [None req-59f6727c-8fb5-4988-a5c1-8534e255b173 ad99f0d06e724d8288210f22c5e66dfd bcaf2a3efd6d4a1eb4f65cdc5cda7a1b - - default default] Successfully bumped revision number for resource eec7501c-d000-428d-b559-3babb6afb79a (type: ports) to 1 [pid: 7|app: 0|req: 1525/2824] 10.0.0.176 () {28 vars in 583 bytes} [Wed May 27 01:57:28 2026] GET /v2.0/routers => generated 15 bytes in 42 msecs (HTTP/1.1 200) 4 headers in 156 bytes (1 switches on core 0) [pid: 7|app: 0|req: 1526/2825] 10.0.0.113 () {32 vars in 719 bytes} [Wed May 27 01:57:28 2026] GET /v2.0/trunks/ebf2f311-4b6e-463f-a88a-8e024ee8eca6 => generated 409 bytes in 11 msecs (HTTP/1.1 200) 4 headers in 157 bytes (1 switches on core 0) [pid: 8|app: 0|req: 1300/2826] 10.0.0.113 () {34 vars in 670 bytes} [Wed May 27 01:57:27 2026] POST /v2.0/networks => generated 632 bytes in 993 msecs (HTTP/1.1 201) 4 headers in 162 bytes (1 switches on core 0) [pid: 7|app: 0|req: 1527/2827] 10.0.0.176 () {28 vars in 624 bytes} [Wed May 27 01:57:28 2026] GET /v2.0/agents?binary=ovn-controller => generated 416 bytes in 74 msecs (HTTP/1.1 200) 4 headers in 157 bytes (1 switches on core 0) [pid: 8|app: 0|req: 1301/2828] 10.0.0.113 () {32 vars in 717 bytes} [Wed May 27 01:57:28 2026] GET /v2.0/ports/0b2dd042-0385-4451-a538-77621f43adcd => generated 826 bytes in 95 msecs (HTTP/1.1 200) 4 headers in 157 bytes (1 switches on core 0) [pid: 8|app: 0|req: 1302/2829] 10.0.0.176 () {28 vars in 619 bytes} [Wed May 27 01:57:28 2026] GET /v2.0/network-ip-availabilities => generated 2709 bytes in 21 msecs (HTTP/1.1 200) 4 headers in 158 bytes (1 switches on core 0) [pid: 8|app: 0|req: 1303/2830] 10.0.0.113 () {32 vars in 722 bytes} [Wed May 27 01:57:28 2026] DELETE /v2.0/trunks/ebf2f311-4b6e-463f-a88a-8e024ee8eca6 => generated 0 bytes in 68 msecs (HTTP/1.1 204) 2 headers in 112 bytes (1 switches on core 0) [pid: 8|app: 0|req: 1304/2831] 10.0.0.176 () {28 vars in 583 bytes} [Wed May 27 01:57:28 2026] GET /v2.0/subnets => generated 1308 bytes in 34 msecs (HTTP/1.1 200) 4 headers in 158 bytes (1 switches on core 0)
2026-05-27 01:57:28.833 7 WARNING neutron.scheduler.dhcp_agent_scheduler [None req-da1bf8f4-0216-413e-8e7e-d6d594431973 ad99f0d06e724d8288210f22c5e66dfd bcaf2a3efd6d4a1eb4f65cdc5cda7a1b - - default default] No more DHCP agents
2026-05-27 01:57:28.834 7 WARNING neutron.api.rpc.agentnotifiers.dhcp_rpc_agent_api [None req-da1bf8f4-0216-413e-8e7e-d6d594431973 ad99f0d06e724d8288210f22c5e66dfd bcaf2a3efd6d4a1eb4f65cdc5cda7a1b - - default default] Unable to schedule network 4ca68e6c-58e7-4728-b58b-eebbc5c61ea2: no agents available; will retry on subsequent port and subnet creation events.
2026-05-27 01:57:28.952 8 INFO neutron.plugins.ml2.drivers.ovn.mech_driver.mech_driver [None req-b118d978-5c19-43a5-a291-e9c29be01acd - - - - - -] OVN reports status down for port: 02892e93-0fa6-4726-bc74-83d341add346
2026-05-27 01:57:28.990 7 INFO neutron.db.ovn_revision_numbers_db [None req-da1bf8f4-0216-413e-8e7e-d6d594431973 ad99f0d06e724d8288210f22c5e66dfd bcaf2a3efd6d4a1eb4f65cdc5cda7a1b - - default default] Successfully bumped revision number for resource 02892e93-0fa6-4726-bc74-83d341add346 (type: ports) to 1
2026-05-27 01:57:29.012 8 INFO neutron_taas.services.taas.taas_plugin [None req-d7ff843c-3798-4411-94bb-55c812f46032 343486a18aeb4bec91a5bfd0ea47e86b 08957fe95e574cb5b0ec37be3254fd7a - - default default] TaaS: Handle Delete Port: 1960eeec-98dd-49f7-9f72-f6f98e58566e
2026-05-27 01:57:29.020 8 INFO neutron_taas.services.taas.tap_mirror_plugin [None req-d7ff843c-3798-4411-94bb-55c812f46032 343486a18aeb4bec91a5bfd0ea47e86b 08957fe95e574cb5b0ec37be3254fd7a - - default default] Tap Mirror: Handle Delete Port: 1960eeec-98dd-49f7-9f72-f6f98e58566e [pid: 7|app: 0|req: 1528/2832] 10.0.0.113 () {34 vars in 664 bytes} [Wed May 27 01:57:28 2026] POST /v2.0/ports => generated 743 bytes in 438 msecs (HTTP/1.1 201) 4 headers in 162 bytes (1 switches on core 0) /var/lib/openstack/lib/python3.12/site-packages/pycadf/identifier.py:70: UserWarning: Invalid uuid: neutron. To ensure interoperability, identifiers should be a valid uuid. warnings.warn(('Invalid uuid: %s. To ensure interoperability, ' [pid: 7|app: 0|req: 1529/2833] 10.0.0.176 () {28 vars in 599 bytes} [Wed May 27 01:57:29 2026] GET /v2.0/security-groups => generated 23213 bytes in 47 msecs (HTTP/1.1 200) 4 headers in 159 bytes (1 switches on core 0)
2026-05-27 01:57:29.187 7 INFO neutron.db.segments_db [None req-af3d79e0-599d-4493-ae99-43c7ed1b9eec ad99f0d06e724d8288210f22c5e66dfd bcaf2a3efd6d4a1eb4f65cdc5cda7a1b - - default default] Added segment 52626b64-8b5b-4d68-b1f5-82792f685ec8 of type geneve for network d0794cff-40ae-47f6-bded-87ab35cc11a9 [pid: 8|app: 0|req: 1305/2834] 10.0.0.113 () {32 vars in 720 bytes} [Wed May 27 01:57:28 2026] DELETE /v2.0/ports/1960eeec-98dd-49f7-9f72-f6f98e58566e => generated 0 bytes in 415 msecs (HTTP/1.1 204) 3 headers in 131 bytes (1 switches on core 0) [pid: 8|app: 0|req: 1306/2835] 10.0.0.176 () {28 vars in 581 bytes} [Wed May 27 01:57:29 2026] GET /v2.0/agents => generated 1214 bytes in 10 msecs (HTTP/1.1 200) 4 headers in 158 bytes (1 switches on core 0)
2026-05-27 01:57:29.307 7 INFO neutron.db.ovn_revision_numbers_db [None req-af3d79e0-599d-4493-ae99-43c7ed1b9eec ad99f0d06e724d8288210f22c5e66dfd bcaf2a3efd6d4a1eb4f65cdc5cda7a1b - - default default] Successfully bumped revision number for resource d0794cff-40ae-47f6-bded-87ab35cc11a9 (type: networks) to 1
2026-05-27 01:57:29.368 8 INFO neutron_taas.services.taas.taas_plugin [None req-37645c7c-f0f7-4b7c-b7b8-4bdc3cd1088c 343486a18aeb4bec91a5bfd0ea47e86b 08957fe95e574cb5b0ec37be3254fd7a - - default default] TaaS: Handle Delete Port: 239bcab5-c005-487a-bd35-d08a9bb82be2
2026-05-27 01:57:29.371 8 INFO neutron_taas.services.taas.tap_mirror_plugin [None req-37645c7c-f0f7-4b7c-b7b8-4bdc3cd1088c 343486a18aeb4bec91a5bfd0ea47e86b 08957fe95e574cb5b0ec37be3254fd7a - - default default] Tap Mirror: Handle Delete Port: 239bcab5-c005-487a-bd35-d08a9bb82be2
2026-05-27 01:57:29.512 7 WARNING neutron.scheduler.dhcp_agent_scheduler [None req-af3d79e0-599d-4493-ae99-43c7ed1b9eec ad99f0d06e724d8288210f22c5e66dfd bcaf2a3efd6d4a1eb4f65cdc5cda7a1b - - default default] No more DHCP agents
2026-05-27 01:57:29.515 7 WARNING neutron.api.rpc.agentnotifiers.dhcp_rpc_agent_api [None req-af3d79e0-599d-4493-ae99-43c7ed1b9eec ad99f0d06e724d8288210f22c5e66dfd bcaf2a3efd6d4a1eb4f65cdc5cda7a1b - - default default] Unable to schedule network d0794cff-40ae-47f6-bded-87ab35cc11a9: no agents available; will retry on subsequent port and subnet creation events. [pid: 8|app: 0|req: 1307/2836] 10.0.0.113 () {32 vars in 720 bytes} [Wed May 27 01:57:29 2026] DELETE /v2.0/ports/239bcab5-c005-487a-bd35-d08a9bb82be2 => generated 0 bytes in 305 msecs (HTTP/1.1 204) 3 headers in 131 bytes (1 switches on core 0) [pid: 8|app: 0|req: 1308/2837] 10.0.0.176 () {28 vars in 583 bytes} [Wed May 27 01:57:29 2026] GET /v2.0/subnets => generated 1308 bytes in 40 msecs (HTTP/1.1 200) 4 headers in 158 bytes (1 switches on core 0)
2026-05-27 01:57:29.629 8 INFO neutron.plugins.ml2.drivers.ovn.mech_driver.mech_driver [None req-b118d978-5c19-43a5-a291-e9c29be01acd - - - - - -] OVN reports status down for port: 38846c43-d105-4801-9c3b-638edb369963
2026-05-27 01:57:29.644 7 INFO neutron.db.ovn_revision_numbers_db [None req-af3d79e0-599d-4493-ae99-43c7ed1b9eec ad99f0d06e724d8288210f22c5e66dfd bcaf2a3efd6d4a1eb4f65cdc5cda7a1b - - default default] Successfully bumped revision number for resource 38846c43-d105-4801-9c3b-638edb369963 (type: ports) to 1 [pid: 7|app: 0|req: 1530/2838] 10.0.0.113 () {34 vars in 670 bytes} [Wed May 27 01:57:29 2026] POST /v2.0/networks => generated 631 bytes in 572 msecs (HTTP/1.1 201) 4 headers in 162 bytes (1 switches on core 0) [pid: 7|app: 0|req: 1531/2839] 10.0.0.176 () {28 vars in 591 bytes} [Wed May 27 01:57:29 2026] GET /v2.0/subnetpools => generated 19 bytes in 7 msecs (HTTP/1.1 200) 4 headers in 156 bytes (1 switches on core 0)
2026-05-27 01:57:29.753 8 INFO neutron_taas.services.taas.taas_plugin [None req-28a9171b-d6c6-4c50-be2d-160bd918cee5 343486a18aeb4bec91a5bfd0ea47e86b 08957fe95e574cb5b0ec37be3254fd7a - - default default] TaaS: Handle Delete Port: 2e43c350-72f9-4b58-a780-6d22a1859500
2026-05-27 01:57:29.760 8 INFO neutron_taas.services.taas.tap_mirror_plugin [None req-28a9171b-d6c6-4c50-be2d-160bd918cee5 343486a18aeb4bec91a5bfd0ea47e86b 08957fe95e574cb5b0ec37be3254fd7a - - default default] Tap Mirror: Handle Delete Port: 2e43c350-72f9-4b58-a780-6d22a1859500 [pid: 8|app: 0|req: 1309/2840] 10.0.0.113 () {32 vars in 720 bytes} [Wed May 27 01:57:29 2026] DELETE /v2.0/ports/2e43c350-72f9-4b58-a780-6d22a1859500 => generated 0 bytes in 361 msecs (HTTP/1.1 204) 3 headers in 131 bytes (1 switches on core 0)
2026-05-27 01:57:29.922 7 WARNING neutron.scheduler.dhcp_agent_scheduler [None req-d708e7a6-7355-464b-a3d6-4f2e40cc0f8f ad99f0d06e724d8288210f22c5e66dfd bcaf2a3efd6d4a1eb4f65cdc5cda7a1b - - default default] No more DHCP agents
2026-05-27 01:57:29.924 7 WARNING neutron.api.rpc.agentnotifiers.dhcp_rpc_agent_api [None req-d708e7a6-7355-464b-a3d6-4f2e40cc0f8f ad99f0d06e724d8288210f22c5e66dfd bcaf2a3efd6d4a1eb4f65cdc5cda7a1b - - default default] Unable to schedule network d0794cff-40ae-47f6-bded-87ab35cc11a9: no agents available; will retry on subsequent port and subnet creation events. [pid: 8|app: 0|req: 1310/2841] 10.0.0.176 () {28 vars in 585 bytes} [Wed May 27 01:57:29 2026] GET /v2.0/networks => generated 7118 bytes in 127 msecs (HTTP/1.1 200) 4 headers in 158 bytes (1 switches on core 0)
2026-05-27 01:57:30.062 7 INFO neutron.db.ovn_revision_numbers_db [None req-d708e7a6-7355-464b-a3d6-4f2e40cc0f8f ad99f0d06e724d8288210f22c5e66dfd bcaf2a3efd6d4a1eb4f65cdc5cda7a1b - - default default] Successfully bumped revision number for resource 24e0cae6-1eea-43d7-86df-6843cf240ee2 (type: ports) to 1
2026-05-27 01:57:30.063 8 INFO neutron.plugins.ml2.drivers.ovn.mech_driver.mech_driver [None req-b118d978-5c19-43a5-a291-e9c29be01acd - - - - - -] OVN reports status down for port: 24e0cae6-1eea-43d7-86df-6843cf240ee2 [pid: 7|app: 0|req: 1532/2844] 10.0.0.113 () {34 vars in 664 bytes} [Wed May 27 01:57:29 2026] POST /v2.0/ports => generated 743 bytes in 438 msecs (HTTP/1.1 201) 4 headers in 162 bytes (1 switches on core 0) /var/lib/openstack/lib/python3.12/site-packages/pycadf/identifier.py:70: UserWarning: Invalid uuid: neutron. To ensure interoperability, identifiers should be a valid uuid. warnings.warn(('Invalid uuid: %s. To ensure interoperability, '
2026-05-27 01:57:30.196 7 INFO neutron.db.segments_db [None req-6d825e39-c7b2-443d-bd2a-b9b8d0ca1ff5 ad99f0d06e724d8288210f22c5e66dfd bcaf2a3efd6d4a1eb4f65cdc5cda7a1b - - default default] Added segment 6da3f6ad-6132-4f86-aa76-1bb5e2444638 of type geneve for network f8c153ad-2c16-4ac3-b696-e175ea3ef094
2026-05-27 01:57:30.268 8 INFO neutron_taas.services.taas.taas_plugin [None req-085edb80-ee98-482f-bddc-96c204d729db 343486a18aeb4bec91a5bfd0ea47e86b 08957fe95e574cb5b0ec37be3254fd7a - - default default] TaaS: Handle Delete Port: 07acb24a-676d-4bd5-8058-782bec099855
2026-05-27 01:57:30.272 8 INFO neutron_taas.services.taas.tap_mirror_plugin [None req-085edb80-ee98-482f-bddc-96c204d729db 343486a18aeb4bec91a5bfd0ea47e86b 08957fe95e574cb5b0ec37be3254fd7a - - default default] Tap Mirror: Handle Delete Port: 07acb24a-676d-4bd5-8058-782bec099855
2026-05-27 01:57:30.326 7 INFO neutron.db.ovn_revision_numbers_db [None req-6d825e39-c7b2-443d-bd2a-b9b8d0ca1ff5 ad99f0d06e724d8288210f22c5e66dfd bcaf2a3efd6d4a1eb4f65cdc5cda7a1b - - default default] Successfully bumped revision number for resource f8c153ad-2c16-4ac3-b696-e175ea3ef094 (type: networks) to 1 [pid: 8|app: 0|req: 1313/2845] 10.0.0.113 () {32 vars in 720 bytes} [Wed May 27 01:57:30 2026] DELETE /v2.0/ports/07acb24a-676d-4bd5-8058-782bec099855 => generated 0 bytes in 375 msecs (HTTP/1.1 204) 3 headers in 131 bytes (1 switches on core 0)
2026-05-27 01:57:30.534 7 WARNING neutron.scheduler.dhcp_agent_scheduler [None req-6d825e39-c7b2-443d-bd2a-b9b8d0ca1ff5 ad99f0d06e724d8288210f22c5e66dfd bcaf2a3efd6d4a1eb4f65cdc5cda7a1b - - default default] No more DHCP agents
2026-05-27 01:57:30.536 7 WARNING neutron.api.rpc.agentnotifiers.dhcp_rpc_agent_api [None req-6d825e39-c7b2-443d-bd2a-b9b8d0ca1ff5 ad99f0d06e724d8288210f22c5e66dfd bcaf2a3efd6d4a1eb4f65cdc5cda7a1b - - default default] Unable to schedule network f8c153ad-2c16-4ac3-b696-e175ea3ef094: no agents available; will retry on subsequent port and subnet creation events.
2026-05-27 01:57:30.563 8 INFO neutron_taas.services.taas.taas_plugin [None req-885a17ea-c478-494c-acf5-93da49b87132 343486a18aeb4bec91a5bfd0ea47e86b 08957fe95e574cb5b0ec37be3254fd7a - - default default] TaaS: Handle Delete Port: 0b2dd042-0385-4451-a538-77621f43adcd
2026-05-27 01:57:30.566 8 INFO neutron_taas.services.taas.tap_mirror_plugin [None req-885a17ea-c478-494c-acf5-93da49b87132 343486a18aeb4bec91a5bfd0ea47e86b 08957fe95e574cb5b0ec37be3254fd7a - - default default] Tap Mirror: Handle Delete Port: 0b2dd042-0385-4451-a538-77621f43adcd
2026-05-27 01:57:30.638 8 INFO neutron.plugins.ml2.drivers.ovn.mech_driver.mech_driver [None req-b118d978-5c19-43a5-a291-e9c29be01acd - - - - - -] OVN reports status down for port: 280e744d-e3c2-4967-aba6-94a10de8ee29
2026-05-27 01:57:30.643 7 INFO neutron.db.ovn_revision_numbers_db [None req-6d825e39-c7b2-443d-bd2a-b9b8d0ca1ff5 ad99f0d06e724d8288210f22c5e66dfd bcaf2a3efd6d4a1eb4f65cdc5cda7a1b - - default default] Successfully bumped revision number for resource 280e744d-e3c2-4967-aba6-94a10de8ee29 (type: ports) to 1 [pid: 7|app: 0|req: 1533/2846] 10.0.0.113 () {34 vars in 670 bytes} [Wed May 27 01:57:30 2026] POST /v2.0/networks => generated 632 bytes in 551 msecs (HTTP/1.1 201) 4 headers in 162 bytes (1 switches on core 0) [pid: 8|app: 0|req: 1314/2847] 10.0.0.113 () {32 vars in 720 bytes} [Wed May 27 01:57:30 2026] DELETE /v2.0/ports/0b2dd042-0385-4451-a538-77621f43adcd => generated 0 bytes in 350 msecs (HTTP/1.1 204) 3 headers in 131 bytes (1 switches on core 0)
2026-05-27 01:57:30.907 8 INFO neutron_taas.services.taas.taas_plugin [None req-335d5571-b8a2-4a2e-a0b8-422bff062791 343486a18aeb4bec91a5bfd0ea47e86b 08957fe95e574cb5b0ec37be3254fd7a - - default default] TaaS: Handle Delete Port: 8643f7e3-c053-4bbf-ac08-3dce21ad30e5
2026-05-27 01:57:30.910 8 INFO neutron_taas.services.taas.tap_mirror_plugin [None req-335d5571-b8a2-4a2e-a0b8-422bff062791 343486a18aeb4bec91a5bfd0ea47e86b 08957fe95e574cb5b0ec37be3254fd7a - - default default] Tap Mirror: Handle Delete Port: 8643f7e3-c053-4bbf-ac08-3dce21ad30e5
2026-05-27 01:57:30.917 7 WARNING neutron.scheduler.dhcp_agent_scheduler [None req-babb8658-424e-4a18-bea9-aa0613cc9e9a ad99f0d06e724d8288210f22c5e66dfd bcaf2a3efd6d4a1eb4f65cdc5cda7a1b - - default default] No more DHCP agents
2026-05-27 01:57:30.918 7 WARNING neutron.api.rpc.agentnotifiers.dhcp_rpc_agent_api [None req-babb8658-424e-4a18-bea9-aa0613cc9e9a ad99f0d06e724d8288210f22c5e66dfd bcaf2a3efd6d4a1eb4f65cdc5cda7a1b - - default default] Unable to schedule network f8c153ad-2c16-4ac3-b696-e175ea3ef094: no agents available; will retry on subsequent port and subnet creation events.
2026-05-27 01:57:31.023 8 INFO neutron.plugins.ml2.drivers.ovn.mech_driver.mech_driver [None req-b118d978-5c19-43a5-a291-e9c29be01acd - - - - - -] OVN reports status down for port: 35f9dfee-40b4-4f62-96de-b7de7785b98f
2026-05-27 01:57:31.047 7 INFO neutron.db.ovn_revision_numbers_db [None req-babb8658-424e-4a18-bea9-aa0613cc9e9a ad99f0d06e724d8288210f22c5e66dfd bcaf2a3efd6d4a1eb4f65cdc5cda7a1b - - default default] Successfully bumped revision number for resource 35f9dfee-40b4-4f62-96de-b7de7785b98f (type: ports) to 1 [pid: 7|app: 0|req: 1534/2848] 10.0.0.113 () {34 vars in 664 bytes} [Wed May 27 01:57:30 2026] POST /v2.0/ports => generated 743 bytes in 460 msecs (HTTP/1.1 201) 4 headers in 162 bytes (1 switches on core 0) /var/lib/openstack/lib/python3.12/site-packages/pycadf/identifier.py:70: UserWarning: Invalid uuid: neutron. To ensure interoperability, identifiers should be a valid uuid. warnings.warn(('Invalid uuid: %s. To ensure interoperability, '
2026-05-27 01:57:31.222 8 INFO neutron.services.segments.plugin [-] Segment deb798bd-ee49-49e3-849f-917ed3b4f09e resource provider aggregate not found
2026-05-27 01:57:31.229 7 INFO neutron.db.segments_db [None req-e0a0785e-315c-49d7-8e3e-29050c286966 ad99f0d06e724d8288210f22c5e66dfd bcaf2a3efd6d4a1eb4f65cdc5cda7a1b - - default default] Added segment c4bc4edf-a677-45e0-acd1-b77b89ba1d15 of type geneve for network be02652e-8abf-4805-8b9d-4aebc57b2fb8
2026-05-27 01:57:31.231 8 INFO neutron.services.segments.plugin [-] Segment deb798bd-ee49-49e3-849f-917ed3b4f09e resource provider aggregate not found
2026-05-27 01:57:31.254 8 INFO neutron.services.segments.plugin [-] Segment deb798bd-ee49-49e3-849f-917ed3b4f09e resource provider not found; error: Placement Client Error (4xx): {"errors": [{"status": 404, "title": "Not Found", "detail": "The resource could not be found.\n\n No resource provider with uuid deb798bd-ee49-49e3-849f-917ed3b4f09e found for delete ", "request_id": "req-4ba375e4-7e4a-4bb6-b928-bb27b5fe8927"}]}
2026-05-27 01:57:31.254 8 INFO neutron.services.segments.plugin [-] Segment deb798bd-ee49-49e3-849f-917ed3b4f09e resource provider not found; error: Placement Client Error (4xx): {"errors": [{"status": 404, "title": "Not Found", "detail": "The resource could not be found.\n\n No resource provider with uuid deb798bd-ee49-49e3-849f-917ed3b4f09e found for delete ", "request_id": "req-be7b8441-3ff1-4a6b-ab7a-67a3f937ea9d"}]} [pid: 8|app: 0|req: 1315/2849] 10.0.0.113 () {32 vars in 726 bytes} [Wed May 27 01:57:30 2026] DELETE /v2.0/networks/b7deebd6-edd8-430e-a860-cf0b2871b4d9 => generated 0 bytes in 497 msecs (HTTP/1.1 204) 3 headers in 131 bytes (1 switches on core 0)
2026-05-27 01:57:31.375 7 INFO neutron.db.ovn_revision_numbers_db [None req-e0a0785e-315c-49d7-8e3e-29050c286966 ad99f0d06e724d8288210f22c5e66dfd bcaf2a3efd6d4a1eb4f65cdc5cda7a1b - - default default] Successfully bumped revision number for resource be02652e-8abf-4805-8b9d-4aebc57b2fb8 (type: networks) to 1
2026-05-27 01:57:31.432 8 INFO neutron_taas.services.taas.taas_plugin [None req-5b671abb-a72d-4252-b1d8-4b06ddaaba0f 343486a18aeb4bec91a5bfd0ea47e86b 08957fe95e574cb5b0ec37be3254fd7a - - default default] TaaS: Handle Delete Port: 4d057f1f-2eee-43d2-adb3-ec22a7d976c9
2026-05-27 01:57:31.434 8 INFO neutron_taas.services.taas.tap_mirror_plugin [None req-5b671abb-a72d-4252-b1d8-4b06ddaaba0f 343486a18aeb4bec91a5bfd0ea47e86b 08957fe95e574cb5b0ec37be3254fd7a - - default default] Tap Mirror: Handle Delete Port: 4d057f1f-2eee-43d2-adb3-ec22a7d976c9
2026-05-27 01:57:31.610 7 WARNING neutron.scheduler.dhcp_agent_scheduler [None req-e0a0785e-315c-49d7-8e3e-29050c286966 ad99f0d06e724d8288210f22c5e66dfd bcaf2a3efd6d4a1eb4f65cdc5cda7a1b - - default default] No more DHCP agents
2026-05-27 01:57:31.612 7 WARNING neutron.api.rpc.agentnotifiers.dhcp_rpc_agent_api [None req-e0a0785e-315c-49d7-8e3e-29050c286966 ad99f0d06e724d8288210f22c5e66dfd bcaf2a3efd6d4a1eb4f65cdc5cda7a1b - - default default] Unable to schedule network be02652e-8abf-4805-8b9d-4aebc57b2fb8: no agents available; will retry on subsequent port and subnet creation events.
2026-05-27 01:57:31.699 8 INFO neutron.plugins.ml2.drivers.ovn.mech_driver.mech_driver [None req-b118d978-5c19-43a5-a291-e9c29be01acd - - - - - -] OVN reports status down for port: 363a37f9-910c-4ff4-b755-3764f62c6b7c
2026-05-27 01:57:31.718 7 INFO neutron.db.ovn_revision_numbers_db [None req-e0a0785e-315c-49d7-8e3e-29050c286966 ad99f0d06e724d8288210f22c5e66dfd bcaf2a3efd6d4a1eb4f65cdc5cda7a1b - - default default] Successfully bumped revision number for resource 363a37f9-910c-4ff4-b755-3764f62c6b7c (type: ports) to 1 [pid: 7|app: 0|req: 1535/2850] 10.0.0.113 () {34 vars in 670 bytes} [Wed May 27 01:57:31 2026] POST /v2.0/networks => generated 632 bytes in 619 msecs (HTTP/1.1 201) 4 headers in 162 bytes (1 switches on core 0) [pid: 8|app: 0|req: 1316/2851] 10.0.0.113 () {32 vars in 726 bytes} [Wed May 27 01:57:31 2026] DELETE /v2.0/networks/db644aa2-7c54-49f4-95ad-83f4dc1fb5ed => generated 0 bytes in 488 msecs (HTTP/1.1 204) 3 headers in 131 bytes (1 switches on core 0)
2026-05-27 01:57:31.913 8 INFO neutron_taas.services.taas.taas_plugin [None req-23f03ab0-cb97-45c7-a9b1-b829a9c54588 343486a18aeb4bec91a5bfd0ea47e86b 08957fe95e574cb5b0ec37be3254fd7a - - default default] TaaS: Handle Delete Port: 442f4fd8-0fd9-4511-a716-1dab8ec88951
2026-05-27 01:57:31.916 8 INFO neutron_taas.services.taas.tap_mirror_plugin [None req-23f03ab0-cb97-45c7-a9b1-b829a9c54588 343486a18aeb4bec91a5bfd0ea47e86b 08957fe95e574cb5b0ec37be3254fd7a - - default default] Tap Mirror: Handle Delete Port: 442f4fd8-0fd9-4511-a716-1dab8ec88951
2026-05-27 01:57:31.991 7 WARNING neutron.scheduler.dhcp_agent_scheduler [None req-50df8890-88da-4ba7-bbae-e034f3297fa5 ad99f0d06e724d8288210f22c5e66dfd bcaf2a3efd6d4a1eb4f65cdc5cda7a1b - - default default] No more DHCP agents
2026-05-27 01:57:31.993 7 WARNING neutron.api.rpc.agentnotifiers.dhcp_rpc_agent_api [None req-50df8890-88da-4ba7-bbae-e034f3297fa5 ad99f0d06e724d8288210f22c5e66dfd bcaf2a3efd6d4a1eb4f65cdc5cda7a1b - - default default] Unable to schedule network be02652e-8abf-4805-8b9d-4aebc57b2fb8: no agents available; will retry on subsequent port and subnet creation events.
2026-05-27 01:57:32.111 8 INFO neutron.plugins.ml2.drivers.ovn.mech_driver.mech_driver [None req-b118d978-5c19-43a5-a291-e9c29be01acd - - - - - -] OVN reports status down for port: da463ff2-ace4-4d4c-b482-cb80f7f39069
2026-05-27 01:57:32.162 7 INFO neutron.db.ovn_revision_numbers_db [None req-50df8890-88da-4ba7-bbae-e034f3297fa5 ad99f0d06e724d8288210f22c5e66dfd bcaf2a3efd6d4a1eb4f65cdc5cda7a1b - - default default] Successfully bumped revision number for resource da463ff2-ace4-4d4c-b482-cb80f7f39069 (type: ports) to 1 [pid: 7|app: 0|req: 1536/2852] 10.0.0.113 () {34 vars in 664 bytes} [Wed May 27 01:57:31 2026] POST /v2.0/ports => generated 743 bytes in 451 msecs (HTTP/1.1 201) 4 headers in 162 bytes (1 switches on core 0) /var/lib/openstack/lib/python3.12/site-packages/pycadf/identifier.py:70: UserWarning: Invalid uuid: neutron. To ensure interoperability, identifiers should be a valid uuid. warnings.warn(('Invalid uuid: %s. To ensure interoperability, ' [pid: 8|app: 0|req: 1317/2853] 10.0.0.113 () {32 vars in 726 bytes} [Wed May 27 01:57:31 2026] DELETE /v2.0/networks/6e05a6e7-46b6-4df9-8e34-b84927fabe24 => generated 0 bytes in 474 msecs (HTTP/1.1 204) 3 headers in 131 bytes (1 switches on core 0)
2026-05-27 01:57:32.312 7 INFO neutron.db.segments_db [None req-422714c5-7ec7-454a-979d-e539b60cdeee ad99f0d06e724d8288210f22c5e66dfd bcaf2a3efd6d4a1eb4f65cdc5cda7a1b - - default default] Added segment 7d7864f4-958a-4ef4-9268-323cebeb9ffe of type geneve for network bcbe856e-295a-4ea7-93c9-89b9c33d9f3d
2026-05-27 01:57:32.375 8 INFO neutron_taas.services.taas.taas_plugin [None req-b2133a07-d90d-4ec2-af52-f5cc99063c96 343486a18aeb4bec91a5bfd0ea47e86b 08957fe95e574cb5b0ec37be3254fd7a - - default default] TaaS: Handle Delete Port: af0c62c3-5caa-45e9-b684-154fe87d8db3
2026-05-27 01:57:32.377 8 INFO neutron_taas.services.taas.tap_mirror_plugin [None req-b2133a07-d90d-4ec2-af52-f5cc99063c96 343486a18aeb4bec91a5bfd0ea47e86b 08957fe95e574cb5b0ec37be3254fd7a - - default default] Tap Mirror: Handle Delete Port: af0c62c3-5caa-45e9-b684-154fe87d8db3
