2026-05-26 09:32:15.302 7 INFO placement.requestlog [None req-53d37c13-f367-421a-bc74-932318291548 69c8520181004e54b7203e3676fa2795 ec71cd01fd264a8c90aca96b612873ec - - d7cc2653663748d8ac3e907b8f8c864a d7cc2653663748d8ac3e907b8f8c864a] 10.0.0.60 "DELETE /resource_providers/c579995e-5967-41f0-9619-902ed71596d9" status: 404 len: 246 microversion: 1.1 [pid: 7|app: 0|req: 349/699] 10.0.0.60 () {34 vars in 815 bytes} [Tue May 26 09:32:15 2026] DELETE /resource_providers/c579995e-5967-41f0-9619-902ed71596d9 => generated 246 bytes in 21 msecs (HTTP/1.1 404) 6 headers in 231 bytes (1 switches on core 0)
2026-05-26 09:32:16.052 8 INFO placement.requestlog [req-8e52ece8-987d-4d84-bfa0-b6c3aa6feca3 req-bc2cc70e-9c6f-4bbc-98c6-98a595a83724 092d2a28b81f40b2a47e81906d13ac5a ec71cd01fd264a8c90aca96b612873ec - - d7cc2653663748d8ac3e907b8f8c864a d7cc2653663748d8ac3e907b8f8c864a] 10.0.0.160 "GET /allocation_candidates?limit=1000&resources=DISK_GB%3A1%2CMEMORY_MB%3A512%2CVCPU%3A1&root_required=%21COMPUTE_STATUS_DISABLED" status: 200 len: 2784 microversion: 1.36 [pid: 8|app: 0|req: 351/700] 10.0.0.160 () {34 vars in 1012 bytes} [Tue May 26 09:32:15 2026] GET /allocation_candidates?limit=1000&resources=DISK_GB%3A1%2CMEMORY_MB%3A512%2CVCPU%3A1&root_required=%21COMPUTE_STATUS_DISABLED => generated 2784 bytes in 63 msecs (HTTP/1.1 200) 8 headers in 297 bytes (1 switches on core 0)
2026-05-26 09:32:16.119 7 INFO placement.requestlog [req-8e52ece8-987d-4d84-bfa0-b6c3aa6feca3 req-55a718ef-4c34-450b-8b6a-f78d3f2ec13e 092d2a28b81f40b2a47e81906d13ac5a ec71cd01fd264a8c90aca96b612873ec - - d7cc2653663748d8ac3e907b8f8c864a d7cc2653663748d8ac3e907b8f8c864a] 10.0.0.160 "GET /allocations/3f8a0d14-329d-4993-926b-78fdd85c80d3" status: 200 len: 19 microversion: 1.28 [pid: 7|app: 0|req: 350/701] 10.0.0.160 () {34 vars in 861 bytes} [Tue May 26 09:32:16 2026] GET /allocations/3f8a0d14-329d-4993-926b-78fdd85c80d3 => generated 19 bytes in 21 msecs (HTTP/1.1 200) 8 headers in 295 bytes (1 switches on core 0)
2026-05-26 09:32:16.208 7 INFO placement.requestlog [req-20d37ac0-4bba-4af6-940d-a82486fe20f7 req-f61e956f-5aa9-403e-aeeb-3e62eb302c0b 092d2a28b81f40b2a47e81906d13ac5a ec71cd01fd264a8c90aca96b612873ec - - d7cc2653663748d8ac3e907b8f8c864a d7cc2653663748d8ac3e907b8f8c864a] 10.0.0.160 "GET /allocation_candidates?limit=1000&resources=DISK_GB%3A1%2CMEMORY_MB%3A512%2CVCPU%3A1&root_required=%21COMPUTE_STATUS_DISABLED" status: 200 len: 2784 microversion: 1.36 [pid: 7|app: 0|req: 351/702] 10.0.0.160 () {34 vars in 1012 bytes} [Tue May 26 09:32:16 2026] GET /allocation_candidates?limit=1000&resources=DISK_GB%3A1%2CMEMORY_MB%3A512%2CVCPU%3A1&root_required=%21COMPUTE_STATUS_DISABLED => generated 2784 bytes in 67 msecs (HTTP/1.1 200) 8 headers in 297 bytes (1 switches on core 0)
2026-05-26 09:32:16.233 8 INFO placement.requestlog [req-8e52ece8-987d-4d84-bfa0-b6c3aa6feca3 req-eddbeccc-0695-48d3-b83b-c21910e1f32b 092d2a28b81f40b2a47e81906d13ac5a ec71cd01fd264a8c90aca96b612873ec - - d7cc2653663748d8ac3e907b8f8c864a d7cc2653663748d8ac3e907b8f8c864a] 10.0.0.160 "PUT /allocations/3f8a0d14-329d-4993-926b-78fdd85c80d3" status: 204 len: 0 microversion: 1.36 [pid: 8|app: 0|req: 352/703] 10.0.0.160 () {38 vars in 914 bytes} [Tue May 26 09:32:16 2026] PUT /allocations/3f8a0d14-329d-4993-926b-78fdd85c80d3 => generated 0 bytes in 103 msecs (HTTP/1.1 204) 5 headers in 199 bytes (1 switches on core 0)
2026-05-26 09:32:16.243 7 INFO placement.requestlog [req-20d37ac0-4bba-4af6-940d-a82486fe20f7 req-28f312fa-f264-4f22-b324-3b4aaad7199f 092d2a28b81f40b2a47e81906d13ac5a ec71cd01fd264a8c90aca96b612873ec - - d7cc2653663748d8ac3e907b8f8c864a d7cc2653663748d8ac3e907b8f8c864a] 10.0.0.160 "GET /allocations/1d82c8ac-74fd-4a0a-87fa-6d7d1e4f168b" status: 200 len: 19 microversion: 1.28 [pid: 7|app: 0|req: 352/704] 10.0.0.160 () {34 vars in 861 bytes} [Tue May 26 09:32:16 2026] GET /allocations/1d82c8ac-74fd-4a0a-87fa-6d7d1e4f168b => generated 19 bytes in 12 msecs (HTTP/1.1 200) 8 headers in 295 bytes (1 switches on core 0)
2026-05-26 09:32:16.316 8 INFO placement.requestlog [req-20d37ac0-4bba-4af6-940d-a82486fe20f7 req-c37b332e-f06b-4f9c-a518-69f2fc9236d6 092d2a28b81f40b2a47e81906d13ac5a ec71cd01fd264a8c90aca96b612873ec - - d7cc2653663748d8ac3e907b8f8c864a d7cc2653663748d8ac3e907b8f8c864a] 10.0.0.160 "PUT /allocations/1d82c8ac-74fd-4a0a-87fa-6d7d1e4f168b" status: 204 len: 0 microversion: 1.36 [pid: 8|app: 0|req: 353/705] 10.0.0.160 () {38 vars in 914 bytes} [Tue May 26 09:32:16 2026] PUT /allocations/1d82c8ac-74fd-4a0a-87fa-6d7d1e4f168b => generated 0 bytes in 67 msecs (HTTP/1.1 204) 5 headers in 199 bytes (1 switches on core 0)
2026-05-26 09:32:16.912 7 INFO placement.requestlog [None req-8bf0d31e-c717-4e33-95b6-78176df02bbd 69c8520181004e54b7203e3676fa2795 ec71cd01fd264a8c90aca96b612873ec - - d7cc2653663748d8ac3e907b8f8c864a d7cc2653663748d8ac3e907b8f8c864a] 10.0.0.60 "GET /resource_providers/c9a2494a-573c-45ab-90b5-02f318595bde/aggregates" status: 404 len: 235 microversion: 1.1 [pid: 7|app: 0|req: 353/706] 10.0.0.60 () {32 vars in 815 bytes} [Tue May 26 09:32:16 2026] GET /resource_providers/c9a2494a-573c-45ab-90b5-02f318595bde/aggregates => generated 235 bytes in 11 msecs (HTTP/1.1 404) 5 headers in 202 bytes (1 switches on core 0)
2026-05-26 09:32:16.932 8 INFO placement.requestlog [None req-3cde5291-a952-4415-9b91-a5621f5a8080 69c8520181004e54b7203e3676fa2795 ec71cd01fd264a8c90aca96b612873ec - - d7cc2653663748d8ac3e907b8f8c864a d7cc2653663748d8ac3e907b8f8c864a] 10.0.0.60 "GET /resource_providers/c9a2494a-573c-45ab-90b5-02f318595bde/aggregates" status: 404 len: 235 microversion: 1.1 [pid: 8|app: 0|req: 354/707] 10.0.0.60 () {32 vars in 815 bytes} [Tue May 26 09:32:16 2026] GET /resource_providers/c9a2494a-573c-45ab-90b5-02f318595bde/aggregates => generated 235 bytes in 13 msecs (HTTP/1.1 404) 5 headers in 202 bytes (1 switches on core 0)
2026-05-26 09:32:16.933 7 INFO placement.requestlog [None req-8c2cfce9-0009-4f54-a11f-a049d29e9b5f 69c8520181004e54b7203e3676fa2795 ec71cd01fd264a8c90aca96b612873ec - - d7cc2653663748d8ac3e907b8f8c864a d7cc2653663748d8ac3e907b8f8c864a] 10.0.0.60 "DELETE /resource_providers/c9a2494a-573c-45ab-90b5-02f318595bde" status: 404 len: 246 microversion: 1.1 [pid: 7|app: 0|req: 354/708] 10.0.0.60 () {34 vars in 815 bytes} [Tue May 26 09:32:16 2026] DELETE /resource_providers/c9a2494a-573c-45ab-90b5-02f318595bde => generated 246 bytes in 12 msecs (HTTP/1.1 404) 6 headers in 231 bytes (1 switches on core 0)
2026-05-26 09:32:16.968 8 INFO placement.requestlog [None req-25cc4c72-82ae-4a14-98a7-6b73c3649313 69c8520181004e54b7203e3676fa2795 ec71cd01fd264a8c90aca96b612873ec - - d7cc2653663748d8ac3e907b8f8c864a d7cc2653663748d8ac3e907b8f8c864a] 10.0.0.60 "GET /resource_providers/b0c59977-9410-4979-ae4a-5e29748b123a/aggregates" status: 404 len: 235 microversion: 1.1 [pid: 8|app: 0|req: 355/709] 10.0.0.60 () {32 vars in 815 bytes} [Tue May 26 09:32:16 2026] GET /resource_providers/b0c59977-9410-4979-ae4a-5e29748b123a/aggregates => generated 235 bytes in 15 msecs (HTTP/1.1 404) 5 headers in 202 bytes (1 switches on core 0)
2026-05-26 09:32:16.969 7 INFO placement.requestlog [None req-adf5cf66-c793-4988-8c28-ec052d795252 69c8520181004e54b7203e3676fa2795 ec71cd01fd264a8c90aca96b612873ec - - d7cc2653663748d8ac3e907b8f8c864a d7cc2653663748d8ac3e907b8f8c864a] 10.0.0.60 "DELETE /resource_providers/c9a2494a-573c-45ab-90b5-02f318595bde" status: 404 len: 246 microversion: 1.1 [pid: 7|app: 0|req: 355/710] 10.0.0.60 () {34 vars in 815 bytes} [Tue May 26 09:32:16 2026] DELETE /resource_providers/c9a2494a-573c-45ab-90b5-02f318595bde => generated 246 bytes in 10 msecs (HTTP/1.1 404) 6 headers in 231 bytes (1 switches on core 0)
2026-05-26 09:32:16.996 8 INFO placement.requestlog [None req-d870082c-350f-423a-886d-f6dd2af6a9cb 69c8520181004e54b7203e3676fa2795 ec71cd01fd264a8c90aca96b612873ec - - d7cc2653663748d8ac3e907b8f8c864a d7cc2653663748d8ac3e907b8f8c864a] 10.0.0.60 "DELETE /resource_providers/b0c59977-9410-4979-ae4a-5e29748b123a" status: 404 len: 246 microversion: 1.1 [pid: 8|app: 0|req: 356/711] 10.0.0.60 () {34 vars in 815 bytes} [Tue May 26 09:32:16 2026] DELETE /resource_providers/b0c59977-9410-4979-ae4a-5e29748b123a => generated 246 bytes in 15 msecs (HTTP/1.1 404) 6 headers in 231 bytes (1 switches on core 0)
2026-05-26 09:32:16.998 7 INFO placement.requestlog [None req-edb4ca0d-2a70-4040-8120-4de820371d3f 69c8520181004e54b7203e3676fa2795 ec71cd01fd264a8c90aca96b612873ec - - d7cc2653663748d8ac3e907b8f8c864a d7cc2653663748d8ac3e907b8f8c864a] 10.0.0.60 "GET /resource_providers/b0c59977-9410-4979-ae4a-5e29748b123a/aggregates" status: 404 len: 235 microversion: 1.1 [pid: 7|app: 0|req: 356/712] 10.0.0.60 () {32 vars in 815 bytes} [Tue May 26 09:32:16 2026] GET /resource_providers/b0c59977-9410-4979-ae4a-5e29748b123a/aggregates => generated 235 bytes in 11 msecs (HTTP/1.1 404) 5 headers in 202 bytes (1 switches on core 0)
2026-05-26 09:32:17.031 7 INFO placement.requestlog [None req-9a694d68-f279-4e68-825c-7ced1039f146 69c8520181004e54b7203e3676fa2795 ec71cd01fd264a8c90aca96b612873ec - - d7cc2653663748d8ac3e907b8f8c864a d7cc2653663748d8ac3e907b8f8c864a] 10.0.0.60 "DELETE /resource_providers/b0c59977-9410-4979-ae4a-5e29748b123a" status: 404 len: 246 microversion: 1.1 [pid: 7|app: 0|req: 357/713] 10.0.0.60 () {34 vars in 815 bytes} [Tue May 26 09:32:17 2026] DELETE /resource_providers/b0c59977-9410-4979-ae4a-5e29748b123a => generated 246 bytes in 17 msecs (HTTP/1.1 404) 6 headers in 231 bytes (1 switches on core 0)
2026-05-26 09:32:17.031 8 INFO placement.requestlog [None req-b3a025d1-8c17-4215-b930-29b966de4132 69c8520181004e54b7203e3676fa2795 ec71cd01fd264a8c90aca96b612873ec - - d7cc2653663748d8ac3e907b8f8c864a d7cc2653663748d8ac3e907b8f8c864a] 10.0.0.60 "GET /resource_providers/a9e2bdfc-8724-4df1-a313-a477a4ef2934/aggregates" status: 404 len: 235 microversion: 1.1 [pid: 8|app: 0|req: 357/714] 10.0.0.60 () {32 vars in 815 bytes} [Tue May 26 09:32:17 2026] GET /resource_providers/a9e2bdfc-8724-4df1-a313-a477a4ef2934/aggregates => generated 235 bytes in 19 msecs (HTTP/1.1 404) 5 headers in 202 bytes (1 switches on core 0)
2026-05-26 09:32:17.052 7 INFO placement.requestlog [None req-f4795088-52d3-4708-b97c-ea1c5164afbb 69c8520181004e54b7203e3676fa2795 ec71cd01fd264a8c90aca96b612873ec - - d7cc2653663748d8ac3e907b8f8c864a d7cc2653663748d8ac3e907b8f8c864a] 10.0.0.60 "GET /resource_providers/a9e2bdfc-8724-4df1-a313-a477a4ef2934/aggregates" status: 404 len: 235 microversion: 1.1 [pid: 7|app: 0|req: 358/715] 10.0.0.60 () {32 vars in 815 bytes} [Tue May 26 09:32:17 2026] GET /resource_providers/a9e2bdfc-8724-4df1-a313-a477a4ef2934/aggregates => generated 235 bytes in 12 msecs (HTTP/1.1 404) 5 headers in 202 bytes (1 switches on core 0)
2026-05-26 09:32:17.078 7 INFO placement.requestlog [None req-b6d32330-994b-407c-a69b-fe2e09986d59 69c8520181004e54b7203e3676fa2795 ec71cd01fd264a8c90aca96b612873ec - - d7cc2653663748d8ac3e907b8f8c864a d7cc2653663748d8ac3e907b8f8c864a] 10.0.0.60 "DELETE /resource_providers/a9e2bdfc-8724-4df1-a313-a477a4ef2934" status: 404 len: 246 microversion: 1.1 [pid: 7|app: 0|req: 359/716] 10.0.0.60 () {34 vars in 815 bytes} [Tue May 26 09:32:17 2026] DELETE /resource_providers/a9e2bdfc-8724-4df1-a313-a477a4ef2934 => generated 246 bytes in 9 msecs (HTTP/1.1 404) 6 headers in 231 bytes (1 switches on core 0)
2026-05-26 09:32:17.079 8 INFO placement.requestlog [None req-c886fd35-84f4-4a58-a038-16ac3867b91f 69c8520181004e54b7203e3676fa2795 ec71cd01fd264a8c90aca96b612873ec - - d7cc2653663748d8ac3e907b8f8c864a d7cc2653663748d8ac3e907b8f8c864a] 10.0.0.60 "DELETE /resource_providers/a9e2bdfc-8724-4df1-a313-a477a4ef2934" status: 404 len: 246 microversion: 1.1 [pid: 8|app: 0|req: 358/717] 10.0.0.60 () {34 vars in 815 bytes} [Tue May 26 09:32:17 2026] DELETE /resource_providers/a9e2bdfc-8724-4df1-a313-a477a4ef2934 => generated 246 bytes in 13 msecs (HTTP/1.1 404) 6 headers in 231 bytes (1 switches on core 0)
2026-05-26 09:32:17.671 7 INFO placement.requestlog [req-8e52ece8-987d-4d84-bfa0-b6c3aa6feca3 req-d2d4b62d-f016-4f23-92f0-a03ac1d9a62f 092d2a28b81f40b2a47e81906d13ac5a ec71cd01fd264a8c90aca96b612873ec - - d7cc2653663748d8ac3e907b8f8c864a d7cc2653663748d8ac3e907b8f8c864a] 199.204.45.65 "GET /allocations/3f8a0d14-329d-4993-926b-78fdd85c80d3" status: 200 len: 258 microversion: 1.28 [pid: 7|app: 0|req: 360/718] 199.204.45.65 () {34 vars in 862 bytes} [Tue May 26 09:32:17 2026] GET /allocations/3f8a0d14-329d-4993-926b-78fdd85c80d3 => generated 258 bytes in 15 msecs (HTTP/1.1 200) 8 headers in 296 bytes (1 switches on core 0)
2026-05-26 09:32:17.835 8 INFO placement.requestlog [req-20d37ac0-4bba-4af6-940d-a82486fe20f7 req-ac105df1-bfb8-44f9-805a-d424f1ec97f6 092d2a28b81f40b2a47e81906d13ac5a ec71cd01fd264a8c90aca96b612873ec - - d7cc2653663748d8ac3e907b8f8c864a d7cc2653663748d8ac3e907b8f8c864a] 199.204.45.65 "GET /allocations/1d82c8ac-74fd-4a0a-87fa-6d7d1e4f168b" status: 200 len: 258 microversion: 1.28 [pid: 8|app: 0|req: 359/719] 199.204.45.65 () {34 vars in 862 bytes} [Tue May 26 09:32:17 2026] GET /allocations/1d82c8ac-74fd-4a0a-87fa-6d7d1e4f168b => generated 258 bytes in 21 msecs (HTTP/1.1 200) 8 headers in 296 bytes (1 switches on core 0)
2026-05-26 09:32:18.715 7 INFO placement.requestlog [req-8e52ece8-987d-4d84-bfa0-b6c3aa6feca3 req-59eb92cb-348d-402b-b477-ba9132506689 092d2a28b81f40b2a47e81906d13ac5a ec71cd01fd264a8c90aca96b612873ec - - d7cc2653663748d8ac3e907b8f8c864a d7cc2653663748d8ac3e907b8f8c864a] 199.204.45.65 "GET /resource_providers/8826b7f9-843d-4c15-87da-7e0d0cd5087e/allocations" status: 200 len: 453 microversion: 1.0 [pid: 7|app: 0|req: 361/720] 199.204.45.65 () {32 vars in 856 bytes} [Tue May 26 09:32:18 2026] GET /resource_providers/8826b7f9-843d-4c15-87da-7e0d0cd5087e/allocations => generated 453 bytes in 19 msecs (HTTP/1.1 200) 6 headers in 224 bytes (1 switches on core 0)
2026-05-26 09:32:18.740 8 INFO placement.requestlog [req-8e52ece8-987d-4d84-bfa0-b6c3aa6feca3 req-1e3629e4-84f4-4d2a-aa76-86742ad48991 092d2a28b81f40b2a47e81906d13ac5a ec71cd01fd264a8c90aca96b612873ec - - d7cc2653663748d8ac3e907b8f8c864a d7cc2653663748d8ac3e907b8f8c864a] 199.204.45.65 "GET /allocations/1d82c8ac-74fd-4a0a-87fa-6d7d1e4f168b" status: 200 len: 258 microversion: 1.28 [pid: 8|app: 0|req: 360/721] 199.204.45.65 () {34 vars in 862 bytes} [Tue May 26 09:32:18 2026] GET /allocations/1d82c8ac-74fd-4a0a-87fa-6d7d1e4f168b => generated 258 bytes in 20 msecs (HTTP/1.1 200) 8 headers in 296 bytes (1 switches on core 0)
2026-05-26 09:32:18.760 7 INFO placement.requestlog [req-8e52ece8-987d-4d84-bfa0-b6c3aa6feca3 req-f89ca136-4ad0-4719-80c4-0f5d5021606d 092d2a28b81f40b2a47e81906d13ac5a ec71cd01fd264a8c90aca96b612873ec - - d7cc2653663748d8ac3e907b8f8c864a d7cc2653663748d8ac3e907b8f8c864a] 199.204.45.65 "GET /allocations/8279935f-05b7-48a0-99fe-c9c0c4c6727b" status: 200 len: 258 microversion: 1.28 [pid: 7|app: 0|req: 362/722] 199.204.45.65 () {34 vars in 862 bytes} [Tue May 26 09:32:18 2026] GET /allocations/8279935f-05b7-48a0-99fe-c9c0c4c6727b => generated 258 bytes in 13 msecs (HTTP/1.1 200) 8 headers in 296 bytes (1 switches on core 0)
2026-05-26 09:32:18.793 8 INFO placement.requestlog [req-8e52ece8-987d-4d84-bfa0-b6c3aa6feca3 req-fb7e748c-8f31-4124-9a0b-98a03d4785e3 092d2a28b81f40b2a47e81906d13ac5a ec71cd01fd264a8c90aca96b612873ec - - d7cc2653663748d8ac3e907b8f8c864a d7cc2653663748d8ac3e907b8f8c864a] 199.204.45.65 "GET /allocations/3f8a0d14-329d-4993-926b-78fdd85c80d3" status: 200 len: 258 microversion: 1.28 [pid: 8|app: 0|req: 361/723] 199.204.45.65 () {34 vars in 862 bytes} [Tue May 26 09:32:18 2026] GET /allocations/3f8a0d14-329d-4993-926b-78fdd85c80d3 => generated 258 bytes in 27 msecs (HTTP/1.1 200) 8 headers in 296 bytes (1 switches on core 0)
2026-05-26 09:32:18.817 7 INFO placement.requestlog [req-8e52ece8-987d-4d84-bfa0-b6c3aa6feca3 req-f0d5b49e-00ca-412a-8e1f-e064f706aee9 092d2a28b81f40b2a47e81906d13ac5a ec71cd01fd264a8c90aca96b612873ec - - d7cc2653663748d8ac3e907b8f8c864a d7cc2653663748d8ac3e907b8f8c864a] 199.204.45.65 "GET /allocations/596b7efc-2c11-4925-abd3-59aeb09da303" status: 200 len: 258 microversion: 1.28 [pid: 7|app: 0|req: 363/724] 199.204.45.65 () {34 vars in 862 bytes} [Tue May 26 09:32:18 2026] GET /allocations/596b7efc-2c11-4925-abd3-59aeb09da303 => generated 258 bytes in 16 msecs (HTTP/1.1 200) 8 headers in 296 bytes (1 switches on core 0)
2026-05-26 09:32:20.911 8 INFO placement.requestlog [req-20d37ac0-4bba-4af6-940d-a82486fe20f7 req-18fc55d9-05d7-48d5-90da-12baf9166e7e 092d2a28b81f40b2a47e81906d13ac5a ec71cd01fd264a8c90aca96b612873ec - - d7cc2653663748d8ac3e907b8f8c864a d7cc2653663748d8ac3e907b8f8c864a] 199.204.45.65 "GET /resource_providers/8826b7f9-843d-4c15-87da-7e0d0cd5087e/allocations" status: 200 len: 453 microversion: 1.0 [pid: 8|app: 0|req: 362/725] 199.204.45.65 () {32 vars in 856 bytes} [Tue May 26 09:32:20 2026] GET /resource_providers/8826b7f9-843d-4c15-87da-7e0d0cd5087e/allocations => generated 453 bytes in 36 msecs (HTTP/1.1 200) 6 headers in 224 bytes (1 switches on core 0)
2026-05-26 09:32:20.929 7 INFO placement.requestlog [req-20d37ac0-4bba-4af6-940d-a82486fe20f7 req-7138e2dd-a421-4947-99d0-bd502ef04a3a 092d2a28b81f40b2a47e81906d13ac5a ec71cd01fd264a8c90aca96b612873ec - - d7cc2653663748d8ac3e907b8f8c864a d7cc2653663748d8ac3e907b8f8c864a] 199.204.45.65 "GET /allocations/1d82c8ac-74fd-4a0a-87fa-6d7d1e4f168b" status: 200 len: 258 microversion: 1.28 [pid: 7|app: 0|req: 364/726] 199.204.45.65 () {34 vars in 862 bytes} [Tue May 26 09:32:20 2026] GET /allocations/1d82c8ac-74fd-4a0a-87fa-6d7d1e4f168b => generated 258 bytes in 12 msecs (HTTP/1.1 200) 8 headers in 296 bytes (1 switches on core 0)
2026-05-26 09:32:20.949 8 INFO placement.requestlog [req-20d37ac0-4bba-4af6-940d-a82486fe20f7 req-e49d570a-b150-4e1b-8c65-cf2c18a6534a 092d2a28b81f40b2a47e81906d13ac5a ec71cd01fd264a8c90aca96b612873ec - - d7cc2653663748d8ac3e907b8f8c864a d7cc2653663748d8ac3e907b8f8c864a] 199.204.45.65 "GET /allocations/8279935f-05b7-48a0-99fe-c9c0c4c6727b" status: 200 len: 258 microversion: 1.28 [pid: 8|app: 0|req: 363/727] 199.204.45.65 () {34 vars in 862 bytes} [Tue May 26 09:32:20 2026] GET /allocations/8279935f-05b7-48a0-99fe-c9c0c4c6727b => generated 258 bytes in 15 msecs (HTTP/1.1 200) 8 headers in 296 bytes (1 switches on core 0)
2026-05-26 09:32:20.983 7 INFO placement.requestlog [req-20d37ac0-4bba-4af6-940d-a82486fe20f7 req-1af4e0ee-63fc-4434-9775-78db4bd09428 092d2a28b81f40b2a47e81906d13ac5a ec71cd01fd264a8c90aca96b612873ec - - d7cc2653663748d8ac3e907b8f8c864a d7cc2653663748d8ac3e907b8f8c864a] 199.204.45.65 "GET /allocations/3f8a0d14-329d-4993-926b-78fdd85c80d3" status: 200 len: 258 microversion: 1.28 [pid: 7|app: 0|req: 365/728] 199.204.45.65 () {34 vars in 862 bytes} [Tue May 26 09:32:20 2026] GET /allocations/3f8a0d14-329d-4993-926b-78fdd85c80d3 => generated 258 bytes in 29 msecs (HTTP/1.1 200) 8 headers in 296 bytes (1 switches on core 0)
2026-05-26 09:32:21.013 8 INFO placement.requestlog [req-20d37ac0-4bba-4af6-940d-a82486fe20f7 req-c51cda4d-3707-4e34-b4a5-03f712d5463d 092d2a28b81f40b2a47e81906d13ac5a ec71cd01fd264a8c90aca96b612873ec - - d7cc2653663748d8ac3e907b8f8c864a d7cc2653663748d8ac3e907b8f8c864a] 199.204.45.65 "GET /allocations/596b7efc-2c11-4925-abd3-59aeb09da303" status: 200 len: 258 microversion: 1.28 [pid: 8|app: 0|req: 364/729] 199.204.45.65 () {34 vars in 862 bytes} [Tue May 26 09:32:20 2026] GET /allocations/596b7efc-2c11-4925-abd3-59aeb09da303 => generated 258 bytes in 25 msecs (HTTP/1.1 200) 8 headers in 296 bytes (1 switches on core 0)
2026-05-26 09:32:23.726 7 INFO placement.requestlog [None req-8a218d64-6da4-4f13-8d94-08bc808fc271 - - - - - -] 10.0.0.177 "GET /" status: 200 len: 136 microversion: 1.0
2026-05-26 09:32:23.727 8 INFO placement.requestlog [None req-6b4ed84d-092d-4d69-9e6e-3f3a5e566b4f - - - - - -] 10.0.0.177 "GET /" status: 200 len: 136 microversion: 1.0
2026-05-26 09:32:26.021 7 INFO placement.requestlog [req-642e4fe5-f633-4ecc-a500-5186d915779a req-fb805e1e-357d-45b5-8564-7a9db4826f90 092d2a28b81f40b2a47e81906d13ac5a ec71cd01fd264a8c90aca96b612873ec - - d7cc2653663748d8ac3e907b8f8c864a d7cc2653663748d8ac3e907b8f8c864a] 199.204.45.65 "GET /resource_providers/8826b7f9-843d-4c15-87da-7e0d0cd5087e/allocations" status: 200 len: 453 microversion: 1.0 [pid: 7|app: 0|req: 367/732] 199.204.45.65 () {32 vars in 856 bytes} [Tue May 26 09:32:25 2026] GET /resource_providers/8826b7f9-843d-4c15-87da-7e0d0cd5087e/allocations => generated 453 bytes in 32 msecs (HTTP/1.1 200) 6 headers in 224 bytes (1 switches on core 0)
2026-05-26 09:32:26.045 8 INFO placement.requestlog [req-642e4fe5-f633-4ecc-a500-5186d915779a req-d9662aaa-0086-4c46-bef2-95e268020fca 092d2a28b81f40b2a47e81906d13ac5a ec71cd01fd264a8c90aca96b612873ec - - d7cc2653663748d8ac3e907b8f8c864a d7cc2653663748d8ac3e907b8f8c864a] 199.204.45.65 "GET /allocations/1d82c8ac-74fd-4a0a-87fa-6d7d1e4f168b" status: 200 len: 258 microversion: 1.28 [pid: 8|app: 0|req: 366/733] 199.204.45.65 () {34 vars in 862 bytes} [Tue May 26 09:32:26 2026] GET /allocations/1d82c8ac-74fd-4a0a-87fa-6d7d1e4f168b => generated 258 bytes in 16 msecs (HTTP/1.1 200) 8 headers in 296 bytes (1 switches on core 0)
2026-05-26 09:32:26.068 7 INFO placement.requestlog [req-642e4fe5-f633-4ecc-a500-5186d915779a req-5741d73a-8a7d-4d25-9b6a-a9794d667d60 092d2a28b81f40b2a47e81906d13ac5a ec71cd01fd264a8c90aca96b612873ec - - d7cc2653663748d8ac3e907b8f8c864a d7cc2653663748d8ac3e907b8f8c864a] 199.204.45.65 "GET /allocations/8279935f-05b7-48a0-99fe-c9c0c4c6727b" status: 200 len: 258 microversion: 1.28 [pid: 7|app: 0|req: 368/734] 199.204.45.65 () {34 vars in 862 bytes} [Tue May 26 09:32:26 2026] GET /allocations/8279935f-05b7-48a0-99fe-c9c0c4c6727b => generated 258 bytes in 15 msecs (HTTP/1.1 200) 8 headers in 296 bytes (1 switches on core 0)
2026-05-26 09:32:26.087 8 INFO placement.requestlog [req-642e4fe5-f633-4ecc-a500-5186d915779a req-9c7de5d9-6591-479a-957c-1ee3234a82ba 092d2a28b81f40b2a47e81906d13ac5a ec71cd01fd264a8c90aca96b612873ec - - d7cc2653663748d8ac3e907b8f8c864a d7cc2653663748d8ac3e907b8f8c864a] 199.204.45.65 "GET /allocations/3f8a0d14-329d-4993-926b-78fdd85c80d3" status: 200 len: 258 microversion: 1.28 [pid: 8|app: 0|req: 367/735] 199.204.45.65 () {34 vars in 862 bytes} [Tue May 26 09:32:26 2026] GET /allocations/3f8a0d14-329d-4993-926b-78fdd85c80d3 => generated 258 bytes in 12 msecs (HTTP/1.1 200) 8 headers in 296 bytes (1 switches on core 0)
2026-05-26 09:32:26.106 7 INFO placement.requestlog [req-642e4fe5-f633-4ecc-a500-5186d915779a req-efb82258-db77-4191-ab19-b326be913d09 092d2a28b81f40b2a47e81906d13ac5a ec71cd01fd264a8c90aca96b612873ec - - d7cc2653663748d8ac3e907b8f8c864a d7cc2653663748d8ac3e907b8f8c864a] 199.204.45.65 "GET /allocations/596b7efc-2c11-4925-abd3-59aeb09da303" status: 200 len: 258 microversion: 1.28 [pid: 7|app: 0|req: 369/736] 199.204.45.65 () {34 vars in 862 bytes} [Tue May 26 09:32:26 2026] GET /allocations/596b7efc-2c11-4925-abd3-59aeb09da303 => generated 258 bytes in 12 msecs (HTTP/1.1 200) 8 headers in 296 bytes (1 switches on core 0)
2026-05-26 09:32:27.168 8 INFO placement.requestlog [req-642e4fe5-f633-4ecc-a500-5186d915779a req-901e76ac-19ce-4169-8659-266a7269e9a5 092d2a28b81f40b2a47e81906d13ac5a ec71cd01fd264a8c90aca96b612873ec - - d7cc2653663748d8ac3e907b8f8c864a d7cc2653663748d8ac3e907b8f8c864a] 199.204.45.65 "DELETE /allocations/596b7efc-2c11-4925-abd3-59aeb09da303" status: 204 len: 0 microversion: 1.0 [pid: 8|app: 0|req: 368/737] 199.204.45.65 () {34 vars in 840 bytes} [Tue May 26 09:32:27 2026] DELETE /allocations/596b7efc-2c11-4925-abd3-59aeb09da303 => generated 0 bytes in 28 msecs (HTTP/1.1 204) 5 headers in 198 bytes (1 switches on core 0)
2026-05-26 09:32:33.320 7 INFO placement.requestlog [req-d53ae48d-3ad5-47b1-b6f3-2a81f36fff42 req-35a7d5ea-beb9-444d-9e89-669af420fcc5 092d2a28b81f40b2a47e81906d13ac5a ec71cd01fd264a8c90aca96b612873ec - - d7cc2653663748d8ac3e907b8f8c864a d7cc2653663748d8ac3e907b8f8c864a] 199.204.45.65 "GET /resource_providers/8826b7f9-843d-4c15-87da-7e0d0cd5087e/allocations" status: 200 len: 353 microversion: 1.0 [pid: 7|app: 0|req: 370/738] 199.204.45.65 () {32 vars in 856 bytes} [Tue May 26 09:32:33 2026] GET /resource_providers/8826b7f9-843d-4c15-87da-7e0d0cd5087e/allocations => generated 353 bytes in 24 msecs (HTTP/1.1 200) 6 headers in 224 bytes (1 switches on core 0)
2026-05-26 09:32:33.361 8 INFO placement.requestlog [req-d53ae48d-3ad5-47b1-b6f3-2a81f36fff42 req-65cde7f0-af5b-47d7-a439-9bea5164e0ec 092d2a28b81f40b2a47e81906d13ac5a ec71cd01fd264a8c90aca96b612873ec - - d7cc2653663748d8ac3e907b8f8c864a d7cc2653663748d8ac3e907b8f8c864a] 199.204.45.65 "GET /resource_providers/8826b7f9-843d-4c15-87da-7e0d0cd5087e/allocations" status: 200 len: 353 microversion: 1.0 [pid: 8|app: 0|req: 369/739] 199.204.45.65 () {32 vars in 856 bytes} [Tue May 26 09:32:33 2026] GET /resource_providers/8826b7f9-843d-4c15-87da-7e0d0cd5087e/allocations => generated 353 bytes in 27 msecs (HTTP/1.1 200) 6 headers in 224 bytes (1 switches on core 0)
2026-05-26 09:32:33.381 7 INFO placement.requestlog [req-d53ae48d-3ad5-47b1-b6f3-2a81f36fff42 req-505c5442-60a5-4de5-b87f-af9e85ef91bb 092d2a28b81f40b2a47e81906d13ac5a ec71cd01fd264a8c90aca96b612873ec - - d7cc2653663748d8ac3e907b8f8c864a d7cc2653663748d8ac3e907b8f8c864a] 199.204.45.65 "GET /allocations/1d82c8ac-74fd-4a0a-87fa-6d7d1e4f168b" status: 200 len: 258 microversion: 1.28 [pid: 7|app: 0|req: 371/740] 199.204.45.65 () {34 vars in 862 bytes} [Tue May 26 09:32:33 2026] GET /allocations/1d82c8ac-74fd-4a0a-87fa-6d7d1e4f168b => generated 258 bytes in 12 msecs (HTTP/1.1 200) 8 headers in 296 bytes (1 switches on core 0)
2026-05-26 09:32:33.412 8 INFO placement.requestlog [req-d53ae48d-3ad5-47b1-b6f3-2a81f36fff42 req-81be187f-78c9-4efd-a5ad-bb79e10759a5 092d2a28b81f40b2a47e81906d13ac5a ec71cd01fd264a8c90aca96b612873ec - - d7cc2653663748d8ac3e907b8f8c864a d7cc2653663748d8ac3e907b8f8c864a] 199.204.45.65 "GET /allocations/8279935f-05b7-48a0-99fe-c9c0c4c6727b" status: 200 len: 258 microversion: 1.28 [pid: 8|app: 0|req: 370/741] 199.204.45.65 () {34 vars in 862 bytes} [Tue May 26 09:32:33 2026] GET /allocations/8279935f-05b7-48a0-99fe-c9c0c4c6727b => generated 258 bytes in 15 msecs (HTTP/1.1 200) 8 headers in 296 bytes (1 switches on core 0)
2026-05-26 09:32:33.429 7 INFO placement.requestlog [req-d53ae48d-3ad5-47b1-b6f3-2a81f36fff42 req-fddcc73a-eba7-41f4-b041-b6c253b9312e 092d2a28b81f40b2a47e81906d13ac5a ec71cd01fd264a8c90aca96b612873ec - - d7cc2653663748d8ac3e907b8f8c864a d7cc2653663748d8ac3e907b8f8c864a] 199.204.45.65 "GET /allocations/3f8a0d14-329d-4993-926b-78fdd85c80d3" status: 200 len: 258 microversion: 1.28 [pid: 7|app: 0|req: 372/742] 199.204.45.65 () {34 vars in 862 bytes} [Tue May 26 09:32:33 2026] GET /allocations/3f8a0d14-329d-4993-926b-78fdd85c80d3 => generated 258 bytes in 11 msecs (HTTP/1.1 200) 8 headers in 296 bytes (1 switches on core 0)
2026-05-26 09:32:33.727 8 INFO placement.requestlog [None req-71dcbd89-8528-4eed-a93a-eb0b1779357f - - - - - -] 10.0.0.177 "GET /" status: 200 len: 136 microversion: 1.0
2026-05-26 09:32:33.728 7 INFO placement.requestlog [None req-1761f682-c23f-463f-ac8a-aed8e14ccfe3 - - - - - -] 10.0.0.177 "GET /" status: 200 len: 136 microversion: 1.0
2026-05-26 09:32:33.917 8 INFO placement.requestlog [req-d44abb0a-6296-49b6-a857-6df7f81f2921 req-2514521a-4f3f-4894-a5f6-a6da94be0ff0 092d2a28b81f40b2a47e81906d13ac5a ec71cd01fd264a8c90aca96b612873ec - - d7cc2653663748d8ac3e907b8f8c864a d7cc2653663748d8ac3e907b8f8c864a] 10.0.0.160 "GET /allocation_candidates?limit=1000&resources=DISK_GB%3A1%2CMEMORY_MB%3A512%2CVCPU%3A1&root_required=%21COMPUTE_STATUS_DISABLED" status: 200 len: 2784 microversion: 1.36 [pid: 8|app: 0|req: 372/745] 10.0.0.160 () {34 vars in 1012 bytes} [Tue May 26 09:32:33 2026] GET /allocation_candidates?limit=1000&resources=DISK_GB%3A1%2CMEMORY_MB%3A512%2CVCPU%3A1&root_required=%21COMPUTE_STATUS_DISABLED => generated 2784 bytes in 57 msecs (HTTP/1.1 200) 8 headers in 297 bytes (1 switches on core 0)
2026-05-26 09:32:33.974 7 INFO placement.requestlog [req-d44abb0a-6296-49b6-a857-6df7f81f2921 req-536e7675-3ca1-4434-9fa2-e5b3a3029046 092d2a28b81f40b2a47e81906d13ac5a ec71cd01fd264a8c90aca96b612873ec - - d7cc2653663748d8ac3e907b8f8c864a d7cc2653663748d8ac3e907b8f8c864a] 10.0.0.160 "GET /allocations/8936e7bc-4c9e-47e1-86ed-f876a6587ba9" status: 200 len: 19 microversion: 1.28 [pid: 7|app: 0|req: 374/746] 10.0.0.160 () {34 vars in 861 bytes} [Tue May 26 09:32:33 2026] GET /allocations/8936e7bc-4c9e-47e1-86ed-f876a6587ba9 => generated 19 bytes in 16 msecs (HTTP/1.1 200) 8 headers in 295 bytes (1 switches on core 0)
2026-05-26 09:32:34.101 8 INFO placement.requestlog [req-d44abb0a-6296-49b6-a857-6df7f81f2921 req-30c57481-9e4b-42ae-b67a-2c84d991a3c9 092d2a28b81f40b2a47e81906d13ac5a ec71cd01fd264a8c90aca96b612873ec - - d7cc2653663748d8ac3e907b8f8c864a d7cc2653663748d8ac3e907b8f8c864a] 10.0.0.160 "PUT /allocations/8936e7bc-4c9e-47e1-86ed-f876a6587ba9" status: 204 len: 0 microversion: 1.36 [pid: 8|app: 0|req: 373/747] 10.0.0.160 () {38 vars in 914 bytes} [Tue May 26 09:32:33 2026] PUT /allocations/8936e7bc-4c9e-47e1-86ed-f876a6587ba9 => generated 0 bytes in 119 msecs (HTTP/1.1 204) 5 headers in 199 bytes (1 switches on core 0)
2026-05-26 09:32:34.279 7 INFO placement.requestlog [None req-76a36b80-ec0b-4b62-bafc-b8c456d870df 69c8520181004e54b7203e3676fa2795 ec71cd01fd264a8c90aca96b612873ec - - d7cc2653663748d8ac3e907b8f8c864a d7cc2653663748d8ac3e907b8f8c864a] 10.0.0.60 "GET /resource_providers/e93ac17c-bf7b-4ea8-a852-8a5323d6b84a/aggregates" status: 404 len: 235 microversion: 1.1
2026-05-26 09:32:34.280 8 INFO placement.requestlog [None req-7b076611-82de-489b-89ec-538ac03b8584 69c8520181004e54b7203e3676fa2795 ec71cd01fd264a8c90aca96b612873ec - - d7cc2653663748d8ac3e907b8f8c864a d7cc2653663748d8ac3e907b8f8c864a] 10.0.0.60 "GET /resource_providers/e93ac17c-bf7b-4ea8-a852-8a5323d6b84a/aggregates" status: 404 len: 235 microversion: 1.1 [pid: 7|app: 0|req: 375/748] 10.0.0.60 () {32 vars in 815 bytes} [Tue May 26 09:32:34 2026] GET /resource_providers/e93ac17c-bf7b-4ea8-a852-8a5323d6b84a/aggregates => generated 235 bytes in 23 msecs (HTTP/1.1 404) 5 headers in 202 bytes (1 switches on core 0) [pid: 8|app: 0|req: 374/749] 10.0.0.60 () {32 vars in 815 bytes} [Tue May 26 09:32:34 2026] GET /resource_providers/e93ac17c-bf7b-4ea8-a852-8a5323d6b84a/aggregates => generated 235 bytes in 12 msecs (HTTP/1.1 404) 5 headers in 202 bytes (1 switches on core 0)
2026-05-26 09:32:34.303 8 INFO placement.requestlog [None req-cf33125c-7238-4ac6-807c-fcecd87788c4 69c8520181004e54b7203e3676fa2795 ec71cd01fd264a8c90aca96b612873ec - - d7cc2653663748d8ac3e907b8f8c864a d7cc2653663748d8ac3e907b8f8c864a] 10.0.0.60 "DELETE /resource_providers/e93ac17c-bf7b-4ea8-a852-8a5323d6b84a" status: 404 len: 246 microversion: 1.1 [pid: 8|app: 0|req: 375/750] 10.0.0.60 () {34 vars in 815 bytes} [Tue May 26 09:32:34 2026] DELETE /resource_providers/e93ac17c-bf7b-4ea8-a852-8a5323d6b84a => generated 246 bytes in 11 msecs (HTTP/1.1 404) 6 headers in 231 bytes (1 switches on core 0)
2026-05-26 09:32:34.310 7 INFO placement.requestlog [None req-136c2379-6454-4c80-879d-493945a06f04 69c8520181004e54b7203e3676fa2795 ec71cd01fd264a8c90aca96b612873ec - - d7cc2653663748d8ac3e907b8f8c864a d7cc2653663748d8ac3e907b8f8c864a] 10.0.0.60 "DELETE /resource_providers/e93ac17c-bf7b-4ea8-a852-8a5323d6b84a" status: 404 len: 246 microversion: 1.1 [pid: 7|app: 0|req: 376/751] 10.0.0.60 () {34 vars in 815 bytes} [Tue May 26 09:32:34 2026] DELETE /resource_providers/e93ac17c-bf7b-4ea8-a852-8a5323d6b84a => generated 246 bytes in 21 msecs (HTTP/1.1 404) 6 headers in 231 bytes (1 switches on core 0)
2026-05-26 09:32:34.491 8 INFO placement.requestlog [req-87c3f87e-e51e-4766-bed3-ed823ba0359a req-f7e0fad6-57d8-48d4-963b-72836e09470c 092d2a28b81f40b2a47e81906d13ac5a ec71cd01fd264a8c90aca96b612873ec - - d7cc2653663748d8ac3e907b8f8c864a d7cc2653663748d8ac3e907b8f8c864a] 199.204.45.65 "GET /resource_providers/8826b7f9-843d-4c15-87da-7e0d0cd5087e/allocations" status: 200 len: 453 microversion: 1.0 [pid: 8|app: 0|req: 376/752] 199.204.45.65 () {32 vars in 856 bytes} [Tue May 26 09:32:34 2026] GET /resource_providers/8826b7f9-843d-4c15-87da-7e0d0cd5087e/allocations => generated 453 bytes in 32 msecs (HTTP/1.1 200) 6 headers in 224 bytes (1 switches on core 0)
2026-05-26 09:32:34.514 7 INFO placement.requestlog [req-87c3f87e-e51e-4766-bed3-ed823ba0359a req-13b9f558-4b44-4030-affe-9bfcacda751d 092d2a28b81f40b2a47e81906d13ac5a ec71cd01fd264a8c90aca96b612873ec - - d7cc2653663748d8ac3e907b8f8c864a d7cc2653663748d8ac3e907b8f8c864a] 199.204.45.65 "GET /allocations/1d82c8ac-74fd-4a0a-87fa-6d7d1e4f168b" status: 200 len: 258 microversion: 1.28 [pid: 7|app: 0|req: 377/753] 199.204.45.65 () {34 vars in 862 bytes} [Tue May 26 09:32:34 2026] GET /allocations/1d82c8ac-74fd-4a0a-87fa-6d7d1e4f168b => generated 258 bytes in 14 msecs (HTTP/1.1 200) 8 headers in 296 bytes (1 switches on core 0)
2026-05-26 09:32:34.537 8 INFO placement.requestlog [req-87c3f87e-e51e-4766-bed3-ed823ba0359a req-b1a60fa2-782f-43fa-84f2-fadc45e5ed43 092d2a28b81f40b2a47e81906d13ac5a ec71cd01fd264a8c90aca96b612873ec - - d7cc2653663748d8ac3e907b8f8c864a d7cc2653663748d8ac3e907b8f8c864a] 199.204.45.65 "GET /allocations/8279935f-05b7-48a0-99fe-c9c0c4c6727b" status: 200 len: 258 microversion: 1.28 [pid: 8|app: 0|req: 377/754] 199.204.45.65 () {34 vars in 862 bytes} [Tue May 26 09:32:34 2026] GET /allocations/8279935f-05b7-48a0-99fe-c9c0c4c6727b => generated 258 bytes in 17 msecs (HTTP/1.1 200) 8 headers in 296 bytes (1 switches on core 0)
2026-05-26 09:32:34.560 7 INFO placement.requestlog [req-87c3f87e-e51e-4766-bed3-ed823ba0359a req-7c00eb8c-caaf-4fd2-ba9f-e0aa603eeb35 092d2a28b81f40b2a47e81906d13ac5a ec71cd01fd264a8c90aca96b612873ec - - d7cc2653663748d8ac3e907b8f8c864a d7cc2653663748d8ac3e907b8f8c864a] 199.204.45.65 "GET /allocations/3f8a0d14-329d-4993-926b-78fdd85c80d3" status: 200 len: 258 microversion: 1.28 [pid: 7|app: 0|req: 378/755] 199.204.45.65 () {34 vars in 862 bytes} [Tue May 26 09:32:34 2026] GET /allocations/3f8a0d14-329d-4993-926b-78fdd85c80d3 => generated 258 bytes in 10 msecs (HTTP/1.1 200) 8 headers in 296 bytes (1 switches on core 0)
2026-05-26 09:32:34.586 8 INFO placement.requestlog [req-87c3f87e-e51e-4766-bed3-ed823ba0359a req-c8a72c6e-3167-4b44-8bfb-5a5e9abfa97a 092d2a28b81f40b2a47e81906d13ac5a ec71cd01fd264a8c90aca96b612873ec - - d7cc2653663748d8ac3e907b8f8c864a d7cc2653663748d8ac3e907b8f8c864a] 199.204.45.65 "GET /allocations/8936e7bc-4c9e-47e1-86ed-f876a6587ba9" status: 200 len: 258 microversion: 1.28 [pid: 8|app: 0|req: 378/756] 199.204.45.65 () {34 vars in 862 bytes} [Tue May 26 09:32:34 2026] GET /allocations/8936e7bc-4c9e-47e1-86ed-f876a6587ba9 => generated 258 bytes in 16 msecs (HTTP/1.1 200) 8 headers in 296 bytes (1 switches on core 0)
2026-05-26 09:32:35.534 7 INFO placement.requestlog [req-d44abb0a-6296-49b6-a857-6df7f81f2921 req-2bb88073-3fe3-44f5-a1a6-75519cce957a 092d2a28b81f40b2a47e81906d13ac5a ec71cd01fd264a8c90aca96b612873ec - - d7cc2653663748d8ac3e907b8f8c864a d7cc2653663748d8ac3e907b8f8c864a] 199.204.45.65 "GET /allocations/8936e7bc-4c9e-47e1-86ed-f876a6587ba9" status: 200 len: 258 microversion: 1.28 [pid: 7|app: 0|req: 379/757] 199.204.45.65 () {34 vars in 862 bytes} [Tue May 26 09:32:35 2026] GET /allocations/8936e7bc-4c9e-47e1-86ed-f876a6587ba9 => generated 258 bytes in 13 msecs (HTTP/1.1 200) 8 headers in 296 bytes (1 switches on core 0)
2026-05-26 09:32:35.659 8 INFO placement.requestlog [req-87c3f87e-e51e-4766-bed3-ed823ba0359a req-7b28766a-463f-40c0-bb3d-24de48bcf817 092d2a28b81f40b2a47e81906d13ac5a ec71cd01fd264a8c90aca96b612873ec - - d7cc2653663748d8ac3e907b8f8c864a d7cc2653663748d8ac3e907b8f8c864a] 199.204.45.65 "DELETE /allocations/8279935f-05b7-48a0-99fe-c9c0c4c6727b" status: 204 len: 0 microversion: 1.0 [pid: 8|app: 0|req: 379/758] 199.204.45.65 () {34 vars in 840 bytes} [Tue May 26 09:32:35 2026] DELETE /allocations/8279935f-05b7-48a0-99fe-c9c0c4c6727b => generated 0 bytes in 38 msecs (HTTP/1.1 204) 5 headers in 198 bytes (1 switches on core 0)
2026-05-26 09:32:36.661 7 INFO placement.requestlog [req-d44abb0a-6296-49b6-a857-6df7f81f2921 req-397f0382-9400-4dd9-817f-85ea7b233712 092d2a28b81f40b2a47e81906d13ac5a ec71cd01fd264a8c90aca96b612873ec - - d7cc2653663748d8ac3e907b8f8c864a d7cc2653663748d8ac3e907b8f8c864a] 199.204.45.65 "GET /resource_providers/8826b7f9-843d-4c15-87da-7e0d0cd5087e/allocations" status: 200 len: 353 microversion: 1.0 [pid: 7|app: 0|req: 380/759] 199.204.45.65 () {32 vars in 856 bytes} [Tue May 26 09:32:36 2026] GET /resource_providers/8826b7f9-843d-4c15-87da-7e0d0cd5087e/allocations => generated 353 bytes in 13 msecs (HTTP/1.1 200) 6 headers in 224 bytes (1 switches on core 0)
2026-05-26 09:32:36.683 8 INFO placement.requestlog [req-d44abb0a-6296-49b6-a857-6df7f81f2921 req-e9b5b911-6ab6-45ea-8dff-1f9baff079e4 092d2a28b81f40b2a47e81906d13ac5a ec71cd01fd264a8c90aca96b612873ec - - d7cc2653663748d8ac3e907b8f8c864a d7cc2653663748d8ac3e907b8f8c864a] 199.204.45.65 "GET /allocations/1d82c8ac-74fd-4a0a-87fa-6d7d1e4f168b" status: 200 len: 258 microversion: 1.28 [pid: 8|app: 0|req: 380/760] 199.204.45.65 () {34 vars in 862 bytes} [Tue May 26 09:32:36 2026] GET /allocations/1d82c8ac-74fd-4a0a-87fa-6d7d1e4f168b => generated 258 bytes in 10 msecs (HTTP/1.1 200) 8 headers in 296 bytes (1 switches on core 0)
2026-05-26 09:32:36.696 7 INFO placement.requestlog [req-d44abb0a-6296-49b6-a857-6df7f81f2921 req-eee9b1ce-5972-43ef-ad01-7b489f0d5a90 092d2a28b81f40b2a47e81906d13ac5a ec71cd01fd264a8c90aca96b612873ec - - d7cc2653663748d8ac3e907b8f8c864a d7cc2653663748d8ac3e907b8f8c864a] 199.204.45.65 "GET /allocations/3f8a0d14-329d-4993-926b-78fdd85c80d3" status: 200 len: 258 microversion: 1.28 [pid: 7|app: 0|req: 381/761] 199.204.45.65 () {34 vars in 862 bytes} [Tue May 26 09:32:36 2026] GET /allocations/3f8a0d14-329d-4993-926b-78fdd85c80d3 => generated 258 bytes in 9 msecs (HTTP/1.1 200) 8 headers in 296 bytes (1 switches on core 0)
2026-05-26 09:32:36.716 8 INFO placement.requestlog [req-d44abb0a-6296-49b6-a857-6df7f81f2921 req-b843afc4-c324-4386-9c62-464f45596f35 092d2a28b81f40b2a47e81906d13ac5a ec71cd01fd264a8c90aca96b612873ec - - d7cc2653663748d8ac3e907b8f8c864a d7cc2653663748d8ac3e907b8f8c864a] 199.204.45.65 "GET /allocations/8936e7bc-4c9e-47e1-86ed-f876a6587ba9" status: 200 len: 258 microversion: 1.28 [pid: 8|app: 0|req: 381/762] 199.204.45.65 () {34 vars in 862 bytes} [Tue May 26 09:32:36 2026] GET /allocations/8936e7bc-4c9e-47e1-86ed-f876a6587ba9 => generated 258 bytes in 13 msecs (HTTP/1.1 200) 8 headers in 296 bytes (1 switches on core 0)
2026-05-26 09:32:38.753 7 INFO placement.requestlog [req-c08f08fb-c1b1-4673-9409-bc84fab7bc68 req-121712ad-827f-4189-a191-40f60cd41f44 092d2a28b81f40b2a47e81906d13ac5a ec71cd01fd264a8c90aca96b612873ec - - d7cc2653663748d8ac3e907b8f8c864a d7cc2653663748d8ac3e907b8f8c864a] 199.204.45.65 "GET /resource_providers/8826b7f9-843d-4c15-87da-7e0d0cd5087e/allocations" status: 200 len: 353 microversion: 1.0 [pid: 7|app: 0|req: 382/763] 199.204.45.65 () {32 vars in 856 bytes} [Tue May 26 09:32:38 2026] GET /resource_providers/8826b7f9-843d-4c15-87da-7e0d0cd5087e/allocations => generated 353 bytes in 20 msecs (HTTP/1.1 200) 6 headers in 224 bytes (1 switches on core 0)
2026-05-26 09:32:38.781 8 INFO placement.requestlog [req-c08f08fb-c1b1-4673-9409-bc84fab7bc68 req-8679c66c-ae36-466e-b440-a906ae9ce6b9 092d2a28b81f40b2a47e81906d13ac5a ec71cd01fd264a8c90aca96b612873ec - - d7cc2653663748d8ac3e907b8f8c864a d7cc2653663748d8ac3e907b8f8c864a] 199.204.45.65 "GET /allocations/1d82c8ac-74fd-4a0a-87fa-6d7d1e4f168b" status: 200 len: 258 microversion: 1.28 [pid: 8|app: 0|req: 382/764] 199.204.45.65 () {34 vars in 862 bytes} [Tue May 26 09:32:38 2026] GET /allocations/1d82c8ac-74fd-4a0a-87fa-6d7d1e4f168b => generated 258 bytes in 18 msecs (HTTP/1.1 200) 8 headers in 296 bytes (1 switches on core 0)
2026-05-26 09:32:38.806 7 INFO placement.requestlog [req-c08f08fb-c1b1-4673-9409-bc84fab7bc68 req-95267695-8f00-4c1c-aab8-4ba08594aaf7 092d2a28b81f40b2a47e81906d13ac5a ec71cd01fd264a8c90aca96b612873ec - - d7cc2653663748d8ac3e907b8f8c864a d7cc2653663748d8ac3e907b8f8c864a] 199.204.45.65 "GET /allocations/3f8a0d14-329d-4993-926b-78fdd85c80d3" status: 200 len: 258 microversion: 1.28 [pid: 7|app: 0|req: 383/765] 199.204.45.65 () {34 vars in 862 bytes} [Tue May 26 09:32:38 2026] GET /allocations/3f8a0d14-329d-4993-926b-78fdd85c80d3 => generated 258 bytes in 17 msecs (HTTP/1.1 200) 8 headers in 296 bytes (1 switches on core 0)
2026-05-26 09:32:38.829 8 INFO placement.requestlog [req-c08f08fb-c1b1-4673-9409-bc84fab7bc68 req-8de7fee9-e11e-4782-8e5b-3e4665786493 092d2a28b81f40b2a47e81906d13ac5a ec71cd01fd264a8c90aca96b612873ec - - d7cc2653663748d8ac3e907b8f8c864a d7cc2653663748d8ac3e907b8f8c864a] 199.204.45.65 "GET /allocations/8936e7bc-4c9e-47e1-86ed-f876a6587ba9" status: 200 len: 258 microversion: 1.28 [pid: 8|app: 0|req: 383/766] 199.204.45.65 () {34 vars in 862 bytes} [Tue May 26 09:32:38 2026] GET /allocations/8936e7bc-4c9e-47e1-86ed-f876a6587ba9 => generated 258 bytes in 16 msecs (HTTP/1.1 200) 8 headers in 296 bytes (1 switches on core 0)
2026-05-26 09:32:39.882 7 INFO placement.requestlog [req-c08f08fb-c1b1-4673-9409-bc84fab7bc68 req-bc22d8c0-ba58-4a12-b2aa-fb2812271208 092d2a28b81f40b2a47e81906d13ac5a ec71cd01fd264a8c90aca96b612873ec - - d7cc2653663748d8ac3e907b8f8c864a d7cc2653663748d8ac3e907b8f8c864a] 199.204.45.65 "DELETE /allocations/1d82c8ac-74fd-4a0a-87fa-6d7d1e4f168b" status: 204 len: 0 microversion: 1.0 [pid: 7|app: 0|req: 384/767] 199.204.45.65 () {34 vars in 840 bytes} [Tue May 26 09:32:39 2026] DELETE /allocations/1d82c8ac-74fd-4a0a-87fa-6d7d1e4f168b => generated 0 bytes in 23 msecs (HTTP/1.1 204) 5 headers in 198 bytes (1 switches on core 0)
2026-05-26 09:32:40.483 7 INFO placement.requestlog [None req-dcde1a59-5134-4e39-8e10-8ec91a82675a 69c8520181004e54b7203e3676fa2795 ec71cd01fd264a8c90aca96b612873ec - - d7cc2653663748d8ac3e907b8f8c864a d7cc2653663748d8ac3e907b8f8c864a] 10.0.0.60 "GET /resource_providers/5f5d835f-61bc-48f8-a232-aec411ed3e16/aggregates" status: 404 len: 235 microversion: 1.1 [pid: 7|app: 0|req: 385/768] 10.0.0.60 () {32 vars in 815 bytes} [Tue May 26 09:32:40 2026] GET /resource_providers/5f5d835f-61bc-48f8-a232-aec411ed3e16/aggregates => generated 235 bytes in 8 msecs (HTTP/1.1 404) 5 headers in 202 bytes (1 switches on core 0)
2026-05-26 09:32:40.487 8 INFO placement.requestlog [None req-36833251-db08-4bca-88ec-b4c116828f7b 69c8520181004e54b7203e3676fa2795 ec71cd01fd264a8c90aca96b612873ec - - d7cc2653663748d8ac3e907b8f8c864a d7cc2653663748d8ac3e907b8f8c864a] 10.0.0.60 "GET /resource_providers/5f5d835f-61bc-48f8-a232-aec411ed3e16/aggregates" status: 404 len: 235 microversion: 1.1 [pid: 8|app: 0|req: 384/769] 10.0.0.60 () {32 vars in 815 bytes} [Tue May 26 09:32:40 2026] GET /resource_providers/5f5d835f-61bc-48f8-a232-aec411ed3e16/aggregates => generated 235 bytes in 12 msecs (HTTP/1.1 404) 5 headers in 202 bytes (1 switches on core 0)
2026-05-26 09:32:40.506 7 INFO placement.requestlog [None req-d7f0f0d1-74a3-4016-b7c1-84e201046975 69c8520181004e54b7203e3676fa2795 ec71cd01fd264a8c90aca96b612873ec - - d7cc2653663748d8ac3e907b8f8c864a d7cc2653663748d8ac3e907b8f8c864a] 10.0.0.60 "DELETE /resource_providers/5f5d835f-61bc-48f8-a232-aec411ed3e16" status: 404 len: 246 microversion: 1.1
2026-05-26 09:32:40.506 8 INFO placement.requestlog [None req-11085219-c63b-45c7-9491-9ea5a31c24c7 69c8520181004e54b7203e3676fa2795 ec71cd01fd264a8c90aca96b612873ec - - d7cc2653663748d8ac3e907b8f8c864a d7cc2653663748d8ac3e907b8f8c864a] 10.0.0.60 "DELETE /resource_providers/5f5d835f-61bc-48f8-a232-aec411ed3e16" status: 404 len: 246 microversion: 1.1 [pid: 8|app: 0|req: 385/771] 10.0.0.60 () {34 vars in 815 bytes} [Tue May 26 09:32:40 2026] DELETE /resource_providers/5f5d835f-61bc-48f8-a232-aec411ed3e16 => generated 246 bytes in 9 msecs (HTTP/1.1 404) 6 headers in 231 bytes (1 switches on core 0) [pid: 7|app: 0|req: 386/771] 10.0.0.60 () {34 vars in 815 bytes} [Tue May 26 09:32:40 2026] DELETE /resource_providers/5f5d835f-61bc-48f8-a232-aec411ed3e16 => generated 246 bytes in 10 msecs (HTTP/1.1 404) 6 headers in 231 bytes (1 switches on core 0)
2026-05-26 09:32:42.127 8 INFO placement.requestlog [None req-786f370b-3f91-480e-88a3-452ef63ed016 69c8520181004e54b7203e3676fa2795 ec71cd01fd264a8c90aca96b612873ec - - d7cc2653663748d8ac3e907b8f8c864a d7cc2653663748d8ac3e907b8f8c864a] 10.0.0.60 "GET /resource_providers/e0f12f8e-d3ff-4f4b-9f2a-83690517334a/aggregates" status: 404 len: 235 microversion: 1.1 [pid: 8|app: 0|req: 386/772] 10.0.0.60 () {32 vars in 815 bytes} [Tue May 26 09:32:42 2026] GET /resource_providers/e0f12f8e-d3ff-4f4b-9f2a-83690517334a/aggregates => generated 235 bytes in 9 msecs (HTTP/1.1 404) 5 headers in 202 bytes (1 switches on core 0)
2026-05-26 09:32:42.139 7 INFO placement.requestlog [None req-1add8468-a46c-4bbd-9db9-5ea1317ad7c9 69c8520181004e54b7203e3676fa2795 ec71cd01fd264a8c90aca96b612873ec - - d7cc2653663748d8ac3e907b8f8c864a d7cc2653663748d8ac3e907b8f8c864a] 10.0.0.60 "GET /resource_providers/e0f12f8e-d3ff-4f4b-9f2a-83690517334a/aggregates" status: 404 len: 235 microversion: 1.1 [pid: 7|app: 0|req: 387/773] 10.0.0.60 () {32 vars in 815 bytes} [Tue May 26 09:32:42 2026] GET /resource_providers/e0f12f8e-d3ff-4f4b-9f2a-83690517334a/aggregates => generated 235 bytes in 10 msecs (HTTP/1.1 404) 5 headers in 202 bytes (1 switches on core 0)
2026-05-26 09:32:42.154 8 INFO placement.requestlog [None req-906a6929-3ee2-46a0-8538-dc4bc1957a51 69c8520181004e54b7203e3676fa2795 ec71cd01fd264a8c90aca96b612873ec - - d7cc2653663748d8ac3e907b8f8c864a d7cc2653663748d8ac3e907b8f8c864a] 10.0.0.60 "DELETE /resource_providers/e0f12f8e-d3ff-4f4b-9f2a-83690517334a" status: 404 len: 246 microversion: 1.1 [pid: 8|app: 0|req: 387/774] 10.0.0.60 () {34 vars in 815 bytes} [Tue May 26 09:32:42 2026] DELETE /resource_providers/e0f12f8e-d3ff-4f4b-9f2a-83690517334a => generated 246 bytes in 9 msecs (HTTP/1.1 404) 6 headers in 231 bytes (1 switches on core 0)
2026-05-26 09:32:42.163 7 INFO placement.requestlog [None req-1c0ffd25-91b1-4c2c-921d-b4fe2949aebf 69c8520181004e54b7203e3676fa2795 ec71cd01fd264a8c90aca96b612873ec - - d7cc2653663748d8ac3e907b8f8c864a d7cc2653663748d8ac3e907b8f8c864a] 10.0.0.60 "DELETE /resource_providers/e0f12f8e-d3ff-4f4b-9f2a-83690517334a" status: 404 len: 246 microversion: 1.1 [pid: 7|app: 0|req: 388/775] 10.0.0.60 () {34 vars in 815 bytes} [Tue May 26 09:32:42 2026] DELETE /resource_providers/e0f12f8e-d3ff-4f4b-9f2a-83690517334a => generated 246 bytes in 10 msecs (HTTP/1.1 404) 6 headers in 231 bytes (1 switches on core 0)
2026-05-26 09:32:42.539 8 INFO placement.requestlog [None req-40b20030-c856-404c-bedf-3374bcee0575 69c8520181004e54b7203e3676fa2795 ec71cd01fd264a8c90aca96b612873ec - - d7cc2653663748d8ac3e907b8f8c864a d7cc2653663748d8ac3e907b8f8c864a] 10.0.0.60 "GET /resource_providers/7845fb15-64c3-41b0-8c6a-40c7ff4d6a1f/aggregates" status: 404 len: 235 microversion: 1.1 [pid: 8|app: 0|req: 388/776] 10.0.0.60 () {32 vars in 815 bytes} [Tue May 26 09:32:42 2026] GET /resource_providers/7845fb15-64c3-41b0-8c6a-40c7ff4d6a1f/aggregates => generated 235 bytes in 12 msecs (HTTP/1.1 404) 5 headers in 202 bytes (1 switches on core 0)
2026-05-26 09:32:42.548 7 INFO placement.requestlog [None req-4b481293-6a7f-411a-affb-8696b373fab7 69c8520181004e54b7203e3676fa2795 ec71cd01fd264a8c90aca96b612873ec - - d7cc2653663748d8ac3e907b8f8c864a d7cc2653663748d8ac3e907b8f8c864a] 10.0.0.60 "GET /resource_providers/7845fb15-64c3-41b0-8c6a-40c7ff4d6a1f/aggregates" status: 404 len: 235 microversion: 1.1 [pid: 7|app: 0|req: 389/777] 10.0.0.60 () {32 vars in 815 bytes} [Tue May 26 09:32:42 2026] GET /resource_providers/7845fb15-64c3-41b0-8c6a-40c7ff4d6a1f/aggregates => generated 235 bytes in 12 msecs (HTTP/1.1 404) 5 headers in 202 bytes (1 switches on core 0)
2026-05-26 09:32:42.592 8 INFO placement.requestlog [None req-67ebd3aa-391a-49c1-b314-a4b4026ea98c 69c8520181004e54b7203e3676fa2795 ec71cd01fd264a8c90aca96b612873ec - - d7cc2653663748d8ac3e907b8f8c864a d7cc2653663748d8ac3e907b8f8c864a] 10.0.0.60 "DELETE /resource_providers/7845fb15-64c3-41b0-8c6a-40c7ff4d6a1f" status: 404 len: 246 microversion: 1.1 [pid: 8|app: 0|req: 389/778] 10.0.0.60 () {34 vars in 815 bytes} [Tue May 26 09:32:42 2026] DELETE /resource_providers/7845fb15-64c3-41b0-8c6a-40c7ff4d6a1f => generated 246 bytes in 16 msecs (HTTP/1.1 404) 6 headers in 231 bytes (1 switches on core 0)
2026-05-26 09:32:42.600 7 INFO placement.requestlog [None req-f11e689c-75a9-4178-a039-6ca3c799dd58 69c8520181004e54b7203e3676fa2795 ec71cd01fd264a8c90aca96b612873ec - - d7cc2653663748d8ac3e907b8f8c864a d7cc2653663748d8ac3e907b8f8c864a] 10.0.0.60 "DELETE /resource_providers/7845fb15-64c3-41b0-8c6a-40c7ff4d6a1f" status: 404 len: 246 microversion: 1.1 [pid: 7|app: 0|req: 390/779] 10.0.0.60 () {34 vars in 815 bytes} [Tue May 26 09:32:42 2026] DELETE /resource_providers/7845fb15-64c3-41b0-8c6a-40c7ff4d6a1f => generated 246 bytes in 14 msecs (HTTP/1.1 404) 6 headers in 231 bytes (1 switches on core 0)
2026-05-26 09:32:43.727 8 INFO placement.requestlog [None req-592b8866-fc4b-406a-8129-2ce3590ec6c3 - - - - - -] 10.0.0.177 "GET /" status: 200 len: 136 microversion: 1.0
2026-05-26 09:32:43.727 7 INFO placement.requestlog [None req-28358484-eaa9-481b-8839-3342528b6b4c - - - - - -] 10.0.0.177 "GET /" status: 200 len: 136 microversion: 1.0
2026-05-26 09:32:44.192 8 INFO placement.requestlog [None req-71ab4dfc-aab3-48fc-8767-46fcfd9527c5 69c8520181004e54b7203e3676fa2795 ec71cd01fd264a8c90aca96b612873ec - - d7cc2653663748d8ac3e907b8f8c864a d7cc2653663748d8ac3e907b8f8c864a] 10.0.0.60 "GET /resource_providers/e93e174e-b8d1-47e9-adea-c952255ed22b/aggregates" status: 404 len: 235 microversion: 1.1
