May 06 15:10:44.554982 np0000172278 devstack@neutron-api.service[103461]: DEBUG neutron_lib.callbacks.manager [None req-bb1a36ec-a54f-4908-96c8-71b4124071f6 admin admin] Publish callbacks ['neutron.services.segments.db._add_segment_host_mapping_for_segment-8549387329146', 'neutron.plugins.ml2.plugin.Ml2Plugin._handle_segment_change-7181401'] for segment (e522a3a3-8b9b-47d7-9648-1d3684226f41), precommit_create {{(pid=103461) _notify_loop /opt/stack/data/venv/lib/python3.12/site-packages/neutron_lib/callbacks/manager.py:184}}
May 06 15:10:44.555101 np0000172278 devstack@neutron-api.service[103461]: INFO neutron.db.segments_db [None req-bb1a36ec-a54f-4908-96c8-71b4124071f6 admin admin] Added segment e522a3a3-8b9b-47d7-9648-1d3684226f41 of type geneve for network 579c0db3-a806-4398-a2a8-2769d8cca272
May 06 15:10:44.570581 np0000172278 devstack@neutron-api.service[103461]: DEBUG neutron_lib.callbacks.manager [None req-bb1a36ec-a54f-4908-96c8-71b4124071f6 admin admin] Publish callbacks ['neutron.services.auto_allocate.db._ensure_external_network_default_value_callback-8549386249260'] for network (579c0db3-a806-4398-a2a8-2769d8cca272), precommit_create {{(pid=103461) _notify_loop /opt/stack/data/venv/lib/python3.12/site-packages/neutron_lib/callbacks/manager.py:184}}
May 06 15:10:44.581213 np0000172278 devstack@neutron-api.service[103461]: DEBUG neutron.plugins.ml2.drivers.ovn.mech_driver.mech_driver [None req-bb1a36ec-a54f-4908-96c8-71b4124071f6 admin admin] Validating network segment with type geneve, segmentation ID 5596, physical network None {{(pid=103461) _validate_network_segments /opt/stack/neutron/neutron/plugins/ml2/drivers/ovn/mech_driver/mech_driver.py:641}}
May 06 15:10:44.581296 np0000172278 devstack@neutron-api.service[103461]: DEBUG neutron.db.ovn_revision_numbers_db [None req-bb1a36ec-a54f-4908-96c8-71b4124071f6 admin admin] create_initial_revision uuid=579c0db3-a806-4398-a2a8-2769d8cca272, type=networks, rev=-1 {{(pid=103461) create_initial_revision /opt/stack/neutron/neutron/db/ovn_revision_numbers_db.py:98}}
May 06 15:10:44.590337 np0000172278 devstack@neutron-api.service[103461]: DEBUG neutron_lib.callbacks.manager [None req-bb1a36ec-a54f-4908-96c8-71b4124071f6 admin admin] Publish callbacks ['neutron.plugins.ml2.ovo_rpc._ObjectChangeHandler.handle_event-1230300'] for network (579c0db3-a806-4398-a2a8-2769d8cca272), after_create {{(pid=103461) _notify_loop /opt/stack/data/venv/lib/python3.12/site-packages/neutron_lib/callbacks/manager.py:184}}
May 06 15:10:44.607547 np0000172278 devstack@neutron-api.service[103461]: DEBUG neutron.api.rpc.handlers.resources_rpc [None req-bb1a36ec-a54f-4908-96c8-71b4124071f6 admin admin] Pushing event updated for resources: {'Network': ['ID=579c0db3-a806-4398-a2a8-2769d8cca272,revision_number=1']} {{(pid=103461) push /opt/stack/neutron/neutron/api/rpc/handlers/resources_rpc.py:237}}
May 06 15:10:44.617093 np0000172278 devstack@neutron-api.service[103461]: DEBUG ovsdbapp.backend.ovs_idl.transaction [None req-be392ebd-7e6f-4a6f-8b31-71b4dc0853da None None] Running txn n=1 command(idx=0): AddNetworkCommand(_result=None, network_uuid=579c0db3-a806-4398-a2a8-2769d8cca272, may_exist=True, columns={'external_ids': {'neutron:network_name': 'admin_net', 'neutron:mtu': '1372', 'neutron:revision_number': '1', 'neutron:availability_zone_hints': '', 'neutron:provnet-network-type': 'geneve'}, 'other_config': {'mcast_snoop': 'false', 'mcast_flood_unregistered': 'false', 'vlan-passthru': 'false'}}) {{(pid=103461) do_commit /opt/stack/data/venv/lib/python3.12/site-packages/ovsdbapp/backend/ovs_idl/transaction.py:89}}
May 06 15:10:44.625163 np0000172278 devstack@neutron-api.service[103463]: DEBUG neutron.plugins.ml2.drivers.ovn.mech_driver.ovsdb.ovsdb_monitor [None req-05953d69-1db9-48b8-b261-676ec8d636d9 None None] Touching Hash Ring node "770aa17a921e54458940307297286ec2" from IDL notify handler {{(pid=103463) notify /opt/stack/neutron/neutron/plugins/ml2/drivers/ovn/mech_driver/ovsdb/ovsdb_monitor.py:934}}
May 06 15:10:44.629264 np0000172278 devstack@neutron-api.service[103461]: DEBUG neutron.plugins.ml2.drivers.ovn.mech_driver.ovsdb.ovsdb_monitor [None req-7cba9ec2-2ba4-4502-996b-f44c0f1cfdc0 None None] Hash Ring: Node a91b79cab39850be92096e16d7d795ac (host: np0000172278) handling event "create" for row 9e324e62-3cad-45c7-9568-6675527ed329 (table: Datapath_Binding) {{(pid=103461) notify /opt/stack/neutron/neutron/plugins/ml2/drivers/ovn/mech_driver/ovsdb/ovsdb_monitor.py:942}}
May 06 15:10:44.632726 np0000172278 devstack@neutron-api.service[103463]: DEBUG neutron.plugins.ml2.drivers.ovn.mech_driver.ovsdb.ovsdb_monitor [None req-05953d69-1db9-48b8-b261-676ec8d636d9 None None] Hash Ring: Node 770aa17a921e54458940307297286ec2 (host: np0000172278) handling event "create" for row 579c0db3-a806-4398-a2a8-2769d8cca272 (table: Logical_Switch) {{(pid=103463) notify /opt/stack/neutron/neutron/plugins/ml2/drivers/ovn/mech_driver/ovsdb/ovsdb_monitor.py:942}}
May 06 15:10:44.645804 np0000172278 devstack@neutron-api.service[103461]: INFO neutron.db.ovn_revision_numbers_db [None req-bb1a36ec-a54f-4908-96c8-71b4124071f6 admin admin] Successfully bumped revision number for resource 579c0db3-a806-4398-a2a8-2769d8cca272 (type: networks) to 1
May 06 15:10:44.663125 np0000172278 devstack@neutron-api.service[103461]: DEBUG neutron_lib.callbacks.manager [None req-bb1a36ec-a54f-4908-96c8-71b4124071f6 admin admin] Publish callbacks ['neutron.plugins.ml2.plugin.SecurityGroupDbMixin._ensure_default_security_group_handler-7461161'] for port (None), before_create {{(pid=103461) _notify_loop /opt/stack/data/venv/lib/python3.12/site-packages/neutron_lib/callbacks/manager.py:184}}
May 06 15:10:44.729626 np0000172278 devstack@neutron-api.service[103461]: DEBUG neutron_lib.callbacks.manager [None req-bb1a36ec-a54f-4908-96c8-71b4124071f6 admin admin] Publish callbacks ['neutron.plugins.ml2.drivers.ovn.mech_driver.mech_driver.OVNMechanismDriver._validate_allowed_address_pairs-155771'] for allowed_address_pair (ad8f2900-5334-46cf-9a0e-fcd5a7c758f8), before_create {{(pid=103461) _notify_loop /opt/stack/data/venv/lib/python3.12/site-packages/neutron_lib/callbacks/manager.py:184}}
May 06 15:10:44.730430 np0000172278 devstack@neutron-api.service[103461]: DEBUG neutron_lib.callbacks.manager [None req-bb1a36ec-a54f-4908-96c8-71b4124071f6 admin admin] Publish callbacks [] for port (ad8f2900-5334-46cf-9a0e-fcd5a7c758f8), precommit_create {{(pid=103461) _notify_loop /opt/stack/data/venv/lib/python3.12/site-packages/neutron_lib/callbacks/manager.py:184}}
May 06 15:10:44.730646 np0000172278 devstack@neutron-api.service[103461]: DEBUG neutron.plugins.ml2.drivers.ovn.mech_driver.mech_driver [None req-bb1a36ec-a54f-4908-96c8-71b4124071f6 admin admin] No provisioning block for port ad8f2900-5334-46cf-9a0e-fcd5a7c758f8 since it does not have a host {{(pid=103461) _is_port_provisioning_required /opt/stack/neutron/neutron/plugins/ml2/drivers/ovn/mech_driver/mech_driver.py:894}}
May 06 15:10:44.730749 np0000172278 devstack@neutron-api.service[103461]: DEBUG neutron.db.ovn_revision_numbers_db [None req-bb1a36ec-a54f-4908-96c8-71b4124071f6 admin admin] create_initial_revision uuid=ad8f2900-5334-46cf-9a0e-fcd5a7c758f8, type=ports, rev=-1 {{(pid=103461) create_initial_revision /opt/stack/neutron/neutron/db/ovn_revision_numbers_db.py:98}}
May 06 15:10:44.807721 np0000172278 devstack@neutron-api.service[103461]: DEBUG neutron_lib.callbacks.manager [None req-bb1a36ec-a54f-4908-96c8-71b4124071f6 admin admin] Publish callbacks ['neutron.plugins.ml2.ovo_rpc._ObjectChangeHandler.handle_event-1230288'] for port (ad8f2900-5334-46cf-9a0e-fcd5a7c758f8), after_create {{(pid=103461) _notify_loop /opt/stack/data/venv/lib/python3.12/site-packages/neutron_lib/callbacks/manager.py:184}}
May 06 15:10:44.851447 np0000172278 devstack@neutron-api.service[103461]: DEBUG neutron.api.rpc.handlers.resources_rpc [None req-bb1a36ec-a54f-4908-96c8-71b4124071f6 admin admin] Pushing event updated for resources: {'Port': ['ID=ad8f2900-5334-46cf-9a0e-fcd5a7c758f8,revision_number=1']} {{(pid=103461) push /opt/stack/neutron/neutron/api/rpc/handlers/resources_rpc.py:237}}
May 06 15:10:44.859554 np0000172278 devstack@neutron-api.service[103461]: DEBUG ovsdbapp.backend.ovs_idl.transaction [None req-be392ebd-7e6f-4a6f-8b31-71b4dc0853da None None] Running txn n=1 command(idx=0): AddLSwitchPortCommand(_result=None, lport=ad8f2900-5334-46cf-9a0e-fcd5a7c758f8, lswitch=neutron-579c0db3-a806-4398-a2a8-2769d8cca272, may_exist=True, network_uuid=579c0db3-a806-4398-a2a8-2769d8cca272, columns={'addresses': ['fa:16:3e:45:51:07'], 'external_ids': {'neutron:port_name': '', 'neutron:device_id': 'ovnmeta-579c0db3-a806-4398-a2a8-2769d8cca272', 'neutron:project_id': 'f0c28a76485043859df3477d3de1394b', 'neutron:cidrs': '', 'neutron:device_owner': 'network:distributed', 'neutron:subnet_pool_addr_scope4': '', 'neutron:subnet_pool_addr_scope6': '', 'neutron:network_name': 'neutron-579c0db3-a806-4398-a2a8-2769d8cca272', 'neutron:security_group_ids': '', 'neutron:revision_number': '1', 'neutron:vnic_type': 'normal', 'neutron:port_capabilities': '', 'neutron:mtu': ''}, 'parent_name': [], 'tag': [], 'enabled': True, 'options': {}, 'type': 'localport', 'port_security': [], 'dhcpv4_options': [], 'dhcpv6_options': []}) {{(pid=103461) do_commit /opt/stack/data/venv/lib/python3.12/site-packages/ovsdbapp/backend/ovs_idl/transaction.py:89}}
May 06 15:10:44.860791 np0000172278 devstack@neutron-api.service[103461]: DEBUG ovsdbapp.backend.ovs_idl.transaction [None req-be392ebd-7e6f-4a6f-8b31-71b4dc0853da None None] Running txn n=1 command(idx=1): QoSDelCommand(_result=None, switch=neutron-579c0db3-a806-4398-a2a8-2769d8cca272, conditions=[('direction', '=', 'to-lport'), ('priority', '=', 2002), ('match', '=', 'outport == "ad8f2900-5334-46cf-9a0e-fcd5a7c758f8"')], if_exists=True) {{(pid=103461) do_commit /opt/stack/data/venv/lib/python3.12/site-packages/ovsdbapp/backend/ovs_idl/transaction.py:89}}
May 06 15:10:44.861037 np0000172278 devstack@neutron-api.service[103461]: DEBUG ovsdbapp.backend.ovs_idl.transaction [None req-be392ebd-7e6f-4a6f-8b31-71b4dc0853da None None] Running txn n=1 command(idx=2): QoSDelCommand(_result=None, switch=neutron-579c0db3-a806-4398-a2a8-2769d8cca272, conditions=[('direction', '=', 'from-lport'), ('priority', '=', 2002), ('match', '=', 'inport == "ad8f2900-5334-46cf-9a0e-fcd5a7c758f8"')], if_exists=True) {{(pid=103461) do_commit /opt/stack/data/venv/lib/python3.12/site-packages/ovsdbapp/backend/ovs_idl/transaction.py:89}}
May 06 15:10:44.867562 np0000172278 devstack@neutron-api.service[103461]: DEBUG neutron.plugins.ml2.drivers.ovn.mech_driver.ovsdb.ovsdb_monitor [None req-be392ebd-7e6f-4a6f-8b31-71b4dc0853da None None] Touching Hash Ring node "a91b79cab39850be92096e16d7d795ac" from IDL notify handler {{(pid=103461) notify /opt/stack/neutron/neutron/plugins/ml2/drivers/ovn/mech_driver/ovsdb/ovsdb_monitor.py:934}}
May 06 15:10:44.868819 np0000172278 devstack@neutron-api.service[103463]: DEBUG neutron.plugins.ml2.drivers.ovn.mech_driver.ovsdb.ovsdb_monitor [None req-05953d69-1db9-48b8-b261-676ec8d636d9 None None] Touching Hash Ring node "770aa17a921e54458940307297286ec2" from IDL notify handler {{(pid=103463) notify /opt/stack/neutron/neutron/plugins/ml2/drivers/ovn/mech_driver/ovsdb/ovsdb_monitor.py:934}}
May 06 15:10:44.873499 np0000172278 devstack@neutron-api.service[103461]: DEBUG neutron.plugins.ml2.drivers.ovn.mech_driver.ovsdb.ovsdb_monitor [None req-7cba9ec2-2ba4-4502-996b-f44c0f1cfdc0 None None] Hash Ring: Node a91b79cab39850be92096e16d7d795ac (host: np0000172278) handling event "create" for row 67f9c54a-5984-47f0-8beb-d91a97bbfb88 (table: Port_Binding) {{(pid=103461) notify /opt/stack/neutron/neutron/plugins/ml2/drivers/ovn/mech_driver/ovsdb/ovsdb_monitor.py:942}}
May 06 15:10:44.873807 np0000172278 devstack@neutron-api.service[103463]: DEBUG neutron.plugins.ml2.drivers.ovn.mech_driver.ovsdb.ovsdb_monitor [None req-05953d69-1db9-48b8-b261-676ec8d636d9 None None] Hash Ring: Node 770aa17a921e54458940307297286ec2 (host: np0000172278) handling event "update" for row 579c0db3-a806-4398-a2a8-2769d8cca272 (table: Logical_Switch) {{(pid=103463) notify /opt/stack/neutron/neutron/plugins/ml2/drivers/ovn/mech_driver/ovsdb/ovsdb_monitor.py:942}}
May 06 15:10:44.879804 np0000172278 devstack@neutron-api.service[103461]: DEBUG neutron.plugins.ml2.drivers.ovn.mech_driver.ovsdb.ovsdb_monitor [None req-be392ebd-7e6f-4a6f-8b31-71b4dc0853da None None] Hash Ring: Node a91b79cab39850be92096e16d7d795ac (host: np0000172278) handling event "create" for row 83df10c2-c38a-4f73-83bd-23895e67a92d (table: Logical_Switch_Port) {{(pid=103461) notify /opt/stack/neutron/neutron/plugins/ml2/drivers/ovn/mech_driver/ovsdb/ovsdb_monitor.py:942}}
May 06 15:10:44.880963 np0000172278 devstack@neutron-api.service[103461]: DEBUG ovsdbapp.backend.ovs_idl.event [None req-be392ebd-7e6f-4a6f-8b31-71b4dc0853da None None] Matched CREATE: LogicalSwitchPortCreateEvent(events=('create',), table='Logical_Switch_Port', conditions=[], old_conditions=None), priority=20 to row=Logical_Switch_Port(uuid=83df10c2-c38a-4f73-83bd-23895e67a92d, addresses=['fa:16:3e:45:51:07'], dhcpv4_options=[], dhcpv6_options=[], dynamic_addresses=[], enabled=True, external_ids={'neutron:cidrs': '', 'neutron:device_id': 'ovnmeta-579c0db3-a806-4398-a2a8-2769d8cca272', 'neutron:device_owner': 'network:distributed', 'neutron:mtu': '', 'neutron:network_name': 'neutron-579c0db3-a806-4398-a2a8-2769d8cca272', 'neutron:port_capabilities': '', 'neutron:port_name': '', 'neutron:project_id': 'f0c28a76485043859df3477d3de1394b', 'neutron:revision_number': '1', 'neutron:security_group_ids': '', 'neutron:subnet_pool_addr_scope4': '', 'neutron:subnet_pool_addr_scope6': '', 'neutron:vnic_type': 'normal'}, ha_chassis_group=[], mirror_rules=[], name='ad8f2900-5334-46cf-9a0e-fcd5a7c758f8', options={}, parent_name=[], port_security=[], tag=[], tag_request=[], type='localport', up=[]) old= {{(pid=103461) matches /opt/stack/data/venv/lib/python3.12/site-packages/ovsdbapp/backend/ovs_idl/event.py:55}}
May 06 15:10:44.882069 np0000172278 devstack@neutron-api.service[103461]: INFO neutron.plugins.ml2.drivers.ovn.mech_driver.mech_driver [None req-779a1336-9323-4c86-9fc7-9e28b1624753 None None] OVN reports status down for port: ad8f2900-5334-46cf-9a0e-fcd5a7c758f8
May 06 15:10:44.884025 np0000172278 devstack@neutron-api.service[103461]: DEBUG neutron.plugins.ml2.drivers.ovn.mech_driver.ovsdb.ovsdb_monitor [None req-be392ebd-7e6f-4a6f-8b31-71b4dc0853da None None] Touching Hash Ring node "a91b79cab39850be92096e16d7d795ac" from IDL notify handler {{(pid=103461) notify /opt/stack/neutron/neutron/plugins/ml2/drivers/ovn/mech_driver/ovsdb/ovsdb_monitor.py:934}}
May 06 15:10:44.887232 np0000172278 devstack@neutron-api.service[103461]: DEBUG neutron.plugins.ml2.drivers.ovn.mech_driver.ovsdb.ovsdb_monitor [None req-be392ebd-7e6f-4a6f-8b31-71b4dc0853da None None] Hash Ring: Node a91b79cab39850be92096e16d7d795ac (host: np0000172278) handling event "update" for row 83df10c2-c38a-4f73-83bd-23895e67a92d (table: Logical_Switch_Port) {{(pid=103461) notify /opt/stack/neutron/neutron/plugins/ml2/drivers/ovn/mech_driver/ovsdb/ovsdb_monitor.py:942}}
May 06 15:10:44.952323 np0000172278 devstack@neutron-api.service[103461]: INFO neutron.db.ovn_revision_numbers_db [None req-bb1a36ec-a54f-4908-96c8-71b4124071f6 admin admin] Successfully bumped revision number for resource ad8f2900-5334-46cf-9a0e-fcd5a7c758f8 (type: ports) to 1
May 06 15:10:44.953480 np0000172278 devstack@neutron-api.service[103461]: DEBUG neutron.db.provisioning_blocks [None req-779a1336-9323-4c86-9fc7-9e28b1624753 None None] Transition to ACTIVE for port object ad8f2900-5334-46cf-9a0e-fcd5a7c758f8 will not be triggered until provisioned by entity L2. {{(pid=103461) add_provisioning_component /opt/stack/neutron/neutron/db/provisioning_blocks.py:74}}
May 06 15:10:44.962122 np0000172278 devstack@neutron-api.service[103461]: DEBUG neutron.pecan_wsgi.hooks.policy_enforcement [None req-bb1a36ec-a54f-4908-96c8-71b4124071f6 admin admin] Attributes excluded by policy engine: ['standard_attr_id'] {{(pid=103461) _exclude_attributes_by_policy /opt/stack/neutron/neutron/pecan_wsgi/hooks/policy_enforcement.py:256}}
May 06 15:10:44.962405 np0000172278 devstack@neutron-api.service[103461]: DEBUG neutron_lib.callbacks.manager [None req-bb1a36ec-a54f-4908-96c8-71b4124071f6 admin admin] Publish callbacks [] for network (None), before_response {{(pid=103461) _notify_loop /opt/stack/data/venv/lib/python3.12/site-packages/neutron_lib/callbacks/manager.py:184}}
May 06 15:10:44.989681 np0000172278 devstack@neutron-api.service[103461]: [pid: 103461|app: 0|req: 24/93] 199.204.45.132 () {68 vars in 1358 bytes} [Wed May 6 15:10:44 2026] POST /networking/v2.0/networks => generated 682 bytes in 769 msecs (HTTP/1.1 201) 4 headers in 162 bytes (1 switches on core 0)
May 06 15:10:44.993547 np0000172278 devstack@neutron-api.service[103461]: DEBUG neutron.plugins.ml2.plugin [None req-779a1336-9323-4c86-9fc7-9e28b1624753 None None] Current status of the port ad8f2900-5334-46cf-9a0e-fcd5a7c758f8 is: DOWN; New status is: DOWN {{(pid=103461) _update_individual_port_db_status /opt/stack/neutron/neutron/plugins/ml2/plugin.py:2466}}
May 06 15:10:44.995659 np0000172278 devstack@neutron-api.service[103461]: DEBUG ovsdbapp.backend.ovs_idl.transaction [None req-be392ebd-7e6f-4a6f-8b31-71b4dc0853da None None] Running txn n=1 command(idx=0): DbRemoveCommand(_result=None, table=Logical_Switch_Port, record=ad8f2900-5334-46cf-9a0e-fcd5a7c758f8, column=external_ids, values=('neutron:host_id',), keyvalues={}, if_exists=True) {{(pid=103461) do_commit /opt/stack/data/venv/lib/python3.12/site-packages/ovsdbapp/backend/ovs_idl/transaction.py:89}}
May 06 15:10:45.214358 np0000172278 devstack@neutron-api.service[103463]: INFO neutron.pecan_wsgi.hooks.translation [None req-57ff7ce6-2270-4f5f-a4c1-ae3b03ee18a0 admin admin] GET failed (client error): The resource could not be found.
May 06 15:10:45.215056 np0000172278 devstack@neutron-api.service[103463]: [pid: 103463|app: 0|req: 24/94] 199.204.45.132 () {64 vars in 1334 bytes} [Wed May 6 15:10:45 2026] GET /networking/v2.0/networks/admin_net => generated 111 bytes in 10 msecs (HTTP/1.1 404) 4 headers in 164 bytes (1 switches on core 0)
May 06 15:10:45.258106 np0000172278 devstack@neutron-api.service[103462]: DEBUG neutron.pecan_wsgi.hooks.policy_enforcement [None req-03c88832-1872-4984-9495-87b9213abc1d admin admin] Attributes excluded by policy engine: ['standard_attr_id'] {{(pid=103462) _exclude_attributes_by_policy /opt/stack/neutron/neutron/pecan_wsgi/hooks/policy_enforcement.py:256}}
May 06 15:10:45.258823 np0000172278 devstack@neutron-api.service[103462]: [pid: 103462|app: 0|req: 24/95] 199.204.45.132 () {64 vars in 1346 bytes} [Wed May 6 15:10:45 2026] GET /networking/v2.0/networks?name=admin_net => generated 666 bytes in 36 msecs (HTTP/1.1 200) 4 headers in 157 bytes (1 switches on core 0)
May 06 15:10:45.481277 np0000172278 devstack@neutron-api.service[103464]: INFO neutron.pecan_wsgi.hooks.translation [None req-8297ab8d-cd84-416d-8bd0-0c2fca78b890 admin admin] GET failed (client error): The resource could not be found.
May 06 15:10:45.482324 np0000172278 devstack@neutron-api.service[103464]: [pid: 103464|app: 0|req: 24/96] 199.204.45.132 () {64 vars in 1340 bytes} [Wed May 6 15:10:45 2026] GET /networking/v2.0/subnets/admin_subnet => generated 112 bytes in 11 msecs (HTTP/1.1 404) 4 headers in 164 bytes (1 switches on core 0)
May 06 15:10:45.517380 np0000172278 devstack@neutron-api.service[103461]: [pid: 103461|app: 0|req: 25/97] 199.204.45.132 () {64 vars in 1349 bytes} [Wed May 6 15:10:45 2026] GET /networking/v2.0/subnets?name=admin_subnet => generated 14 bytes in 25 msecs (HTTP/1.1 200) 4 headers in 156 bytes (1 switches on core 0)
May 06 15:10:45.771544 np0000172278 devstack@neutron-api.service[103463]: DEBUG neutron.pecan_wsgi.hooks.policy_enforcement [None req-c89c92dc-28ef-4f4b-b746-fc2b3f4f75b4 admin admin] Attributes excluded by policy engine: ['standard_attr_id'] {{(pid=103463) _exclude_attributes_by_policy /opt/stack/neutron/neutron/pecan_wsgi/hooks/policy_enforcement.py:256}}
May 06 15:10:45.772245 np0000172278 devstack@neutron-api.service[103463]: [pid: 103463|app: 0|req: 25/98] 199.204.45.132 () {64 vars in 1415 bytes} [Wed May 6 15:10:45 2026] GET /networking/v2.0/networks/579c0db3-a806-4398-a2a8-2769d8cca272 => generated 663 bytes in 27 msecs (HTTP/1.1 200) 4 headers in 157 bytes (1 switches on core 0)
May 06 15:10:45.793199 np0000172278 devstack@neutron-api.service[103462]: DEBUG neutron.api.v2.base [None req-0a0bd09a-68e1-422a-ad4d-1a9acf11035b admin admin] Request body: {'subnet': {'project_id': 'f0c28a76485043859df3477d3de1394b', 'ip_version': 4, 'gateway_ip': None, 'cidr': '10.2.5.0/24', 'name': 'admin_subnet', 'network_id': '579c0db3-a806-4398-a2a8-2769d8cca272'}} {{(pid=103462) prepare_request_body /opt/stack/neutron/neutron/api/v2/base.py:727}}
May 06 15:10:45.864274 np0000172278 devstack@neutron-api.service[103462]: DEBUG neutron.pecan_wsgi.hooks.quota_enforcement [None req-0a0bd09a-68e1-422a-ad4d-1a9acf11035b admin admin] Made reservation on behalf of f0c28a76485043859df3477d3de1394b for: {'subnet': 1} {{(pid=103462) before /opt/stack/neutron/neutron/pecan_wsgi/hooks/quota_enforcement.py:66}}
May 06 15:10:45.869247 np0000172278 devstack@neutron-api.service[103462]: DEBUG neutron_lib.callbacks.manager [None req-0a0bd09a-68e1-422a-ad4d-1a9acf11035b admin admin] Publish callbacks [] for subnet (None), before_create {{(pid=103462) _notify_loop /opt/stack/data/venv/lib/python3.12/site-packages/neutron_lib/callbacks/manager.py:184}}
May 06 15:10:45.928399 np0000172278 devstack@neutron-api.service[103462]: DEBUG neutron.db.ovn_revision_numbers_db [None req-0a0bd09a-68e1-422a-ad4d-1a9acf11035b admin admin] create_initial_revision uuid=a7a809da-50f5-47d5-9733-e24e7810bc4a, type=subnets, rev=-1 {{(pid=103462) create_initial_revision /opt/stack/neutron/neutron/db/ovn_revision_numbers_db.py:98}}
May 06 15:10:45.972277 np0000172278 devstack@neutron-api.service[103462]: DEBUG neutron_lib.callbacks.manager [None req-0a0bd09a-68e1-422a-ad4d-1a9acf11035b admin admin] Publish callbacks ['neutron.plugins.ml2.ovo_rpc._ObjectChangeHandler.handle_event-2485646'] for subnet (a7a809da-50f5-47d5-9733-e24e7810bc4a), after_create {{(pid=103462) _notify_loop /opt/stack/data/venv/lib/python3.12/site-packages/neutron_lib/callbacks/manager.py:184}}
May 06 15:10:45.988096 np0000172278 devstack@neutron-api.service[103462]: DEBUG neutron.api.rpc.handlers.resources_rpc [None req-0a0bd09a-68e1-422a-ad4d-1a9acf11035b admin admin] Pushing event updated for resources: {'Subnet': ['ID=a7a809da-50f5-47d5-9733-e24e7810bc4a,revision_number=0']} {{(pid=103462) push /opt/stack/neutron/neutron/api/rpc/handlers/resources_rpc.py:237}}
May 06 15:10:45.994224 np0000172278 devstack@neutron-api.service[103462]: DEBUG neutron.api.rpc.callbacks.version_manager [None req-0a0bd09a-68e1-422a-ad4d-1a9acf11035b admin admin] Tracked resource versions report:
May 06 15:10:45.994224 np0000172278 devstack@neutron-api.service[103462]: pushed versions:
May 06 15:10:45.994224 np0000172278 devstack@neutron-api.service[103462]: { 'AddressGroup': {'1.2'},
May 06 15:10:45.994224 np0000172278 devstack@neutron-api.service[103462]: 'Agent': {'1.1'},
May 06 15:10:45.994224 np0000172278 devstack@neutron-api.service[103462]: 'ConntrackHelper': {'1.0'},
May 06 15:10:45.994224 np0000172278 devstack@neutron-api.service[103462]: 'LocalIPAssociation': {'1.0'},
May 06 15:10:45.994224 np0000172278 devstack@neutron-api.service[103462]: 'Log': {'1.0'},
May 06 15:10:45.994224 np0000172278 devstack@neutron-api.service[103462]: 'NDPProxy': {'1.0'},
May 06 15:10:45.994224 np0000172278 devstack@neutron-api.service[103462]: 'Network': {'1.2'},
May 06 15:10:45.994224 np0000172278 devstack@neutron-api.service[103462]: 'Port': {'1.10'},
May 06 15:10:45.994224 np0000172278 devstack@neutron-api.service[103462]: 'PortForwarding': {'1.3'},
May 06 15:10:45.994224 np0000172278 devstack@neutron-api.service[103462]: 'QosPolicy': {'1.10'},
May 06 15:10:45.994224 np0000172278 devstack@neutron-api.service[103462]: 'SecurityGroup': {'1.6'},
May 06 15:10:45.994224 np0000172278 devstack@neutron-api.service[103462]: 'SecurityGroupRule': {'1.3'},
May 06 15:10:45.994224 np0000172278 devstack@neutron-api.service[103462]: 'SubPort': {'1.0'},
May 06 15:10:45.994224 np0000172278 devstack@neutron-api.service[103462]: 'Subnet': {'1.2'},
May 06 15:10:45.994224 np0000172278 devstack@neutron-api.service[103462]: 'Trunk': {'1.1'}}
May 06 15:10:45.994224 np0000172278 devstack@neutron-api.service[103462]: consumer versions:
May 06 15:10:45.994224 np0000172278 devstack@neutron-api.service[103462]: { OVN Controller Gateway agent@np0000172278: {},
May 06 15:10:45.994224 np0000172278 devstack@neutron-api.service[103462]: OVN Neutron agent@np0000172278: {}}
May 06 15:10:45.994224 np0000172278 devstack@neutron-api.service[103462]: {{(pid=103462) report /opt/stack/neutron/neutron/api/rpc/callbacks/version_manager.py:183}}
May 06 15:10:46.057139 np0000172278 devstack@neutron-api.service[103462]: DEBUG neutron_lib.callbacks.manager [None req-0a0bd09a-68e1-422a-ad4d-1a9acf11035b admin admin] Publish callbacks ['neutron.plugins.ml2.plugin.SecurityGroupDbMixin._ensure_default_security_group_handler-7831537', 'neutron.services.ovn_l3.plugin.OVNL3RouterPlugin._port_update-8549385403456', 'neutron.db.l3_db.L3_NAT_dbonly_mixin._prevent_internal_ip_change_for_fip-8549387296128'] for port (ad8f2900-5334-46cf-9a0e-fcd5a7c758f8), before_update {{(pid=103462) _notify_loop /opt/stack/data/venv/lib/python3.12/site-packages/neutron_lib/callbacks/manager.py:184}}
May 06 15:10:46.143232 np0000172278 devstack@neutron-api.service[103462]: DEBUG neutron.db.db_base_plugin_common [None req-0a0bd09a-68e1-422a-ad4d-1a9acf11035b admin admin] Allocated IP 10.2.5.1 (579c0db3-a806-4398-a2a8-2769d8cca272/a7a809da-50f5-47d5-9733-e24e7810bc4a/ad8f2900-5334-46cf-9a0e-fcd5a7c758f8) {{(pid=103462) _store_ip_allocation /opt/stack/neutron/neutron/db/db_base_plugin_common.py:131}}
May 06 15:10:46.208753 np0000172278 devstack@neutron-api.service[103462]: DEBUG neutron_lib.callbacks.manager [None req-0a0bd09a-68e1-422a-ad4d-1a9acf11035b admin admin] Publish callbacks [] for port (ad8f2900-5334-46cf-9a0e-fcd5a7c758f8), precommit_update {{(pid=103462) _notify_loop /opt/stack/data/venv/lib/python3.12/site-packages/neutron_lib/callbacks/manager.py:184}}
May 06 15:10:46.208917 np0000172278 devstack@neutron-api.service[103462]: DEBUG neutron.plugins.ml2.drivers.ovn.mech_driver.mech_driver [None req-0a0bd09a-68e1-422a-ad4d-1a9acf11035b admin admin] No provisioning block for port ad8f2900-5334-46cf-9a0e-fcd5a7c758f8 since it does not have a host {{(pid=103462) _is_port_provisioning_required /opt/stack/neutron/neutron/plugins/ml2/drivers/ovn/mech_driver/mech_driver.py:894}}
May 06 15:10:46.233717 np0000172278 devstack@neutron-api.service[103462]: DEBUG neutron_lib.callbacks.manager [None req-0a0bd09a-68e1-422a-ad4d-1a9acf11035b admin admin] Publish callbacks ['neutron.plugins.ml2.ovo_rpc._ObjectChangeHandler.handle_event-2485367', 'neutron.db.l3_db.L3RpcNotifierMixin._notify_gateway_port_ip_changed-8549387300764', 'neutron.services.ovn_l3.plugin.OVNL3RouterPlugin._port_update-8549385403456'] for port (ad8f2900-5334-46cf-9a0e-fcd5a7c758f8), after_update {{(pid=103462) _notify_loop /opt/stack/data/venv/lib/python3.12/site-packages/neutron_lib/callbacks/manager.py:184}}
May 06 15:10:46.262135 np0000172278 devstack@neutron-api.service[103462]: DEBUG neutron.api.rpc.handlers.resources_rpc [None req-0a0bd09a-68e1-422a-ad4d-1a9acf11035b admin admin] Pushing event updated for resources: {'Port': ['ID=ad8f2900-5334-46cf-9a0e-fcd5a7c758f8,revision_number=2']} {{(pid=103462) push /opt/stack/neutron/neutron/api/rpc/handlers/resources_rpc.py:237}}
May 06 15:10:46.349325 np0000172278 devstack@neutron-api.service[103462]: DEBUG ovsdbapp.backend.ovs_idl.transaction [None req-457d35a7-69b6-45f6-a7a7-000806db5053 None None] Running txn n=1 command(idx=0): CheckRevisionNumberCommand(_result=None, name=ad8f2900-5334-46cf-9a0e-fcd5a7c758f8, resource={'id': 'ad8f2900-5334-46cf-9a0e-fcd5a7c758f8', 'name': '', 'network_id': '579c0db3-a806-4398-a2a8-2769d8cca272', 'project_id': 'f0c28a76485043859df3477d3de1394b', 'mac_address': 'fa:16:3e:45:51:07', 'admin_state_up': True, 'status': 'DOWN', 'device_id': 'ovnmeta-579c0db3-a806-4398-a2a8-2769d8cca272', 'device_owner': 'network:distributed', 'standard_attr_id': 44, 'fixed_ips': [{'subnet_id': 'a7a809da-50f5-47d5-9733-e24e7810bc4a', 'ip_address': '10.2.5.1'}], 'allowed_address_pairs': [], 'extra_dhcp_opts': [], 'security_groups': [], 'description': '', 'binding:vnic_type': 'normal', 'binding:profile': {}, 'binding:host_id': '', 'binding:vif_type': 'unbound', 'binding:vif_details': {}, 'port_security_enabled': False, 'tags': [], 'created_at': '2026-05-06T15:10:44Z', 'updated_at': '2026-05-06T15:10:46Z', 'revision_number': 2, 'tenant_id': 'f0c28a76485043859df3477d3de1394b', 'network': {'id': '579c0db3-a806-4398-a2a8-2769d8cca272', 'name': 'admin_net', 'tenant_id': 'f0c28a76485043859df3477d3de1394b', 'project_id': 'f0c28a76485043859df3477d3de1394b', 'admin_state_up': True, 'mtu': 1372, 'status': 'ACTIVE', 'subnets': ['a7a809da-50f5-47d5-9733-e24e7810bc4a'], 'standard_attr_id': 42, 'shared': False, 'availability_zone_hints': [], 'availability_zones': [], 'ipv4_address_scope': None, 'ipv6_address_scope': None, 'router:external': False, 'qinq': False, 'vlan_transparent': False, 'description': '', 'port_security_enabled': True, 'tags': [], 'created_at': '2026-05-06T15:10:44Z', 'updated_at': '2026-05-06T15:10:45Z', 'revision_number': 2, 'provider:network_type': 'geneve', 'provider:physical_network': None, 'provider:segmentation_id': 5596}}, resource_type=ports, if_exists=True) {{(pid=103462) do_commit /opt/stack/data/venv/lib/python3.12/site-packages/ovsdbapp/backend/ovs_idl/transaction.py:89}}
May 06 15:10:46.349909 np0000172278 devstack@neutron-api.service[103462]: DEBUG ovsdbapp.backend.ovs_idl.transaction [None req-457d35a7-69b6-45f6-a7a7-000806db5053 None None] Running txn n=1 command(idx=1): AddDHCPOptionsCommand(_result=None, columns={'cidr': '10.2.5.0/24', 'options': {'server_id': '10.2.5.1', 'lease_time': '43200', 'mtu': '1372', 'server_mac': 'fa:16:3e:21:18:88', 'dns_server': '{127.0.0.53}', 'classless_static_route': '{169.254.169.254/32,10.2.5.1}'}, 'external_ids': {'subnet_id': 'a7a809da-50f5-47d5-9733-e24e7810bc4a', 'neutron:network_id': '579c0db3-a806-4398-a2a8-2769d8cca272', 'neutron:revision_number': '0'}}, may_exist=True, subnet_id=a7a809da-50f5-47d5-9733-e24e7810bc4a, port_id=None, new_insert=False) {{(pid=103462) do_commit /opt/stack/data/venv/lib/python3.12/site-packages/ovsdbapp/backend/ovs_idl/transaction.py:89}}
May 06 15:10:46.350476 np0000172278 devstack@neutron-api.service[103462]: DEBUG ovsdbapp.backend.ovs_idl.transaction [None req-457d35a7-69b6-45f6-a7a7-000806db5053 None None] Running txn n=1 command(idx=2): SetLSwitchPortCommand(_result=None, lport=ad8f2900-5334-46cf-9a0e-fcd5a7c758f8, external_ids_update=None, columns={'external_ids': {'neutron:port_name': '', 'neutron:device_id': 'ovnmeta-579c0db3-a806-4398-a2a8-2769d8cca272', 'neutron:project_id': 'f0c28a76485043859df3477d3de1394b', 'neutron:cidrs': '10.2.5.1/24', 'neutron:device_owner': 'network:distributed', 'neutron:subnet_pool_addr_scope4': '', 'neutron:subnet_pool_addr_scope6': '', 'neutron:network_name': 'neutron-579c0db3-a806-4398-a2a8-2769d8cca272', 'neutron:security_group_ids': '', 'neutron:revision_number': '2', 'neutron:vnic_type': 'normal', 'neutron:port_capabilities': '', 'neutron:mtu': ''}, 'parent_name': [], 'tag': [], 'options': {}, 'enabled': True, 'port_security': [], 'dhcpv4_options': [], 'dhcpv6_options': [], 'type': 'localport', 'addresses': ['fa:16:3e:45:51:07 10.2.5.1'], 'ha_chassis_group': []}, if_exists=False) {{(pid=103462) do_commit /opt/stack/data/venv/lib/python3.12/site-packages/ovsdbapp/backend/ovs_idl/transaction.py:89}}
May 06 15:10:46.351797 np0000172278 devstack@neutron-api.service[103462]: DEBUG ovsdbapp.backend.ovs_idl.transaction [None req-457d35a7-69b6-45f6-a7a7-000806db5053 None None] Running txn n=1 command(idx=3): PgDelPortCommand(_result=None, port_group=neutron_pg_drop, lsp=['ad8f2900-5334-46cf-9a0e-fcd5a7c758f8'], if_exists=False) {{(pid=103462) do_commit /opt/stack/data/venv/lib/python3.12/site-packages/ovsdbapp/backend/ovs_idl/transaction.py:89}}
May 06 15:10:46.358226 np0000172278 devstack@neutron-api.service[103464]: DEBUG neutron.plugins.ml2.drivers.ovn.mech_driver.ovsdb.ovsdb_monitor [None req-7cb6dc1b-161e-4f71-afdd-92c515d08e3c None None] Touching Hash Ring node "205f9d6ce5675f858f337659b9c90b90" from IDL notify handler {{(pid=103464) notify /opt/stack/neutron/neutron/plugins/ml2/drivers/ovn/mech_driver/ovsdb/ovsdb_monitor.py:934}}
May 06 15:10:46.359190 np0000172278 devstack@neutron-api.service[103461]: DEBUG neutron.plugins.ml2.drivers.ovn.mech_driver.ovsdb.ovsdb_monitor [None req-be392ebd-7e6f-4a6f-8b31-71b4dc0853da None None] Touching Hash Ring node "a91b79cab39850be92096e16d7d795ac" from IDL notify handler {{(pid=103461) notify /opt/stack/neutron/neutron/plugins/ml2/drivers/ovn/mech_driver/ovsdb/ovsdb_monitor.py:934}}
May 06 15:10:46.362243 np0000172278 devstack@neutron-api.service[103461]: DEBUG neutron.plugins.ml2.drivers.ovn.mech_driver.ovsdb.ovsdb_monitor [None req-7cba9ec2-2ba4-4502-996b-f44c0f1cfdc0 None None] Hash Ring: Node a91b79cab39850be92096e16d7d795ac (host: np0000172278) handling event "update" for row 67f9c54a-5984-47f0-8beb-d91a97bbfb88 (table: Port_Binding) {{(pid=103461) notify /opt/stack/neutron/neutron/plugins/ml2/drivers/ovn/mech_driver/ovsdb/ovsdb_monitor.py:942}}
May 06 15:10:46.401564 np0000172278 devstack@neutron-api.service[103464]: DEBUG neutron.plugins.ml2.drivers.ovn.mech_driver.ovsdb.ovsdb_monitor [None req-7cb6dc1b-161e-4f71-afdd-92c515d08e3c None None] Hash Ring: Node 205f9d6ce5675f858f337659b9c90b90 (host: np0000172278) handling event "create" for row a5479236-6835-4d05-a0d5-8ec0802d3a18 (table: DHCP_Options) {{(pid=103464) notify /opt/stack/neutron/neutron/plugins/ml2/drivers/ovn/mech_driver/ovsdb/ovsdb_monitor.py:942}}
May 06 15:10:46.439202 np0000172278 devstack@neutron-api.service[103461]: DEBUG neutron.plugins.ml2.drivers.ovn.mech_driver.ovsdb.ovsdb_monitor [None req-be392ebd-7e6f-4a6f-8b31-71b4dc0853da None None] Hash Ring: Node a91b79cab39850be92096e16d7d795ac (host: np0000172278) handling event "update" for row 83df10c2-c38a-4f73-83bd-23895e67a92d (table: Logical_Switch_Port) {{(pid=103461) notify /opt/stack/neutron/neutron/plugins/ml2/drivers/ovn/mech_driver/ovsdb/ovsdb_monitor.py:942}}
May 06 15:10:46.449021 np0000172278 devstack@neutron-api.service[103462]: INFO neutron.db.ovn_revision_numbers_db [None req-0a0bd09a-68e1-422a-ad4d-1a9acf11035b admin admin] Successfully bumped revision number for resource ad8f2900-5334-46cf-9a0e-fcd5a7c758f8 (type: ports) to 2
May 06 15:10:46.462681 np0000172278 devstack@neutron-api.service[103462]: DEBUG neutron.plugins.ml2.plugin [None req-0a0bd09a-68e1-422a-ad4d-1a9acf11035b admin admin] In _notify_port_updated(), no bound segment for port ad8f2900-5334-46cf-9a0e-fcd5a7c758f8 on network 579c0db3-a806-4398-a2a8-2769d8cca272 {{(pid=103462) _notify_port_updated /opt/stack/neutron/neutron/plugins/ml2/plugin.py:1034}}
May 06 15:10:46.504110 np0000172278 devstack@neutron-api.service[103462]: INFO neutron.db.ovn_revision_numbers_db [None req-0a0bd09a-68e1-422a-ad4d-1a9acf11035b admin admin] Successfully bumped revision number for resource a7a809da-50f5-47d5-9733-e24e7810bc4a (type: subnets) to 0
May 06 15:10:46.506593 np0000172278 devstack@neutron-api.service[103462]: DEBUG neutron.pecan_wsgi.hooks.policy_enforcement [None req-0a0bd09a-68e1-422a-ad4d-1a9acf11035b admin admin] Attributes excluded by policy engine: ['standard_attr_id', 'shared', 'network'] {{(pid=103462) _exclude_attributes_by_policy /opt/stack/neutron/neutron/pecan_wsgi/hooks/policy_enforcement.py:256}}
May 06 15:10:46.507248 np0000172278 devstack@neutron-api.service[103462]: DEBUG neutron_lib.callbacks.manager [None req-0a0bd09a-68e1-422a-ad4d-1a9acf11035b admin admin] Publish callbacks [] for subnet (None), before_response {{(pid=103462) _notify_loop /opt/stack/data/venv/lib/python3.12/site-packages/neutron_lib/callbacks/manager.py:184}}
May 06 15:10:46.543811 np0000172278 devstack@neutron-api.service[103462]: [pid: 103462|app: 0|req: 25/99] 199.204.45.132 () {68 vars in 1355 bytes} [Wed May 6 15:10:45 2026] POST /networking/v2.0/subnets => generated 625 bytes in 754 msecs (HTTP/1.1 201) 4 headers in 162 bytes (1 switches on core 0)
May 06 15:10:46.753304 np0000172278 devstack@neutron-api.service[103464]: INFO neutron.pecan_wsgi.hooks.translation [None req-f140b2ec-94c4-4240-a2fd-5f0e296d592c admin admin] GET failed (client error): The resource could not be found.
May 06 15:10:46.753929 np0000172278 devstack@neutron-api.service[103464]: [pid: 103464|app: 0|req: 25/100] 199.204.45.132 () {64 vars in 1340 bytes} [Wed May 6 15:10:46 2026] GET /networking/v2.0/subnets/admin_subnet => generated 112 bytes in 13 msecs (HTTP/1.1 404) 4 headers in 164 bytes (1 switches on core 0)
May 06 15:10:46.791150 np0000172278 devstack@neutron-api.service[103461]: DEBUG neutron.pecan_wsgi.hooks.policy_enforcement [None req-66f75aef-6142-439b-9577-99d6065041b4 admin admin] Attributes excluded by policy engine: ['standard_attr_id', 'shared'] {{(pid=103461) _exclude_attributes_by_policy /opt/stack/neutron/neutron/pecan_wsgi/hooks/policy_enforcement.py:256}}
May 06 15:10:46.791976 np0000172278 devstack@neutron-api.service[103461]: [pid: 103461|app: 0|req: 26/101] 199.204.45.132 () {64 vars in 1349 bytes} [Wed May 6 15:10:46 2026] GET /networking/v2.0/subnets?name=admin_subnet => generated 628 bytes in 28 msecs (HTTP/1.1 200) 4 headers in 157 bytes (1 switches on core 0)
May 06 15:10:50.728898 np0000172278 devstack@neutron-api.service[103461]: DEBUG futurist.periodics [-] Submitting periodic callback 'neutron.plugins.ml2.drivers.ovn.mech_driver.ovsdb.maintenance.HashRingHealthCheckPeriodics.touch_hash_ring_node' {{(pid=103461) _process_scheduled /opt/stack/data/venv/lib/python3.12/site-packages/futurist/periodics.py:784}}
May 06 15:10:50.729682 np0000172278 devstack@neutron-api.service[103461]: DEBUG neutron.plugins.ml2.drivers.ovn.mech_driver.ovsdb.maintenance [-] Touching Hash Ring node "a91b79cab39850be92096e16d7d795ac" from periodic health check thread {{(pid=103461) touch_hash_ring_node /opt/stack/neutron/neutron/plugins/ml2/drivers/ovn/mech_driver/ovsdb/maintenance.py:1466}}
May 06 15:10:51.543768 np0000172278 devstack@neutron-api.service[103464]: DEBUG futurist.periodics [-] Submitting periodic callback 'neutron.plugins.ml2.drivers.ovn.mech_driver.ovsdb.maintenance.HashRingHealthCheckPeriodics.touch_hash_ring_node' {{(pid=103464) _process_scheduled /opt/stack/data/venv/lib/python3.12/site-packages/futurist/periodics.py:784}}
May 06 15:10:51.544731 np0000172278 devstack@neutron-api.service[103464]: DEBUG neutron.plugins.ml2.drivers.ovn.mech_driver.ovsdb.maintenance [-] Touching Hash Ring node "205f9d6ce5675f858f337659b9c90b90" from periodic health check thread {{(pid=103464) touch_hash_ring_node /opt/stack/neutron/neutron/plugins/ml2/drivers/ovn/mech_driver/ovsdb/maintenance.py:1466}}
May 06 15:10:51.665022 np0000172278 devstack@neutron-api.service[103463]: DEBUG futurist.periodics [-] Submitting periodic callback 'neutron.plugins.ml2.drivers.ovn.mech_driver.ovsdb.maintenance.HashRingHealthCheckPeriodics.touch_hash_ring_node' {{(pid=103463) _process_scheduled /opt/stack/data/venv/lib/python3.12/site-packages/futurist/periodics.py:784}}
May 06 15:10:51.665874 np0000172278 devstack@neutron-api.service[103463]: DEBUG neutron.plugins.ml2.drivers.ovn.mech_driver.ovsdb.maintenance [-] Touching Hash Ring node "770aa17a921e54458940307297286ec2" from periodic health check thread {{(pid=103463) touch_hash_ring_node /opt/stack/neutron/neutron/plugins/ml2/drivers/ovn/mech_driver/ovsdb/maintenance.py:1466}}
May 06 15:10:51.677102 np0000172278 devstack@neutron-api.service[103463]: [pid: 103463|app: 0|req: 26/102] 199.204.45.132 () {64 vars in 1369 bytes} [Wed May 6 15:10:51 2026] GET /networking/v2.0/ports?device_id=manila-admin-share&binding%3Ahost_id=np0000172278 => generated 12 bytes in 72 msecs (HTTP/1.1 200) 4 headers in 156 bytes (1 switches on core 0)
May 06 15:10:51.682651 np0000172278 devstack@neutron-api.service[103462]: DEBUG futurist.periodics [-] Submitting periodic callback 'neutron.plugins.ml2.drivers.ovn.mech_driver.ovsdb.maintenance.HashRingHealthCheckPeriodics.touch_hash_ring_node' {{(pid=103462) _process_scheduled /opt/stack/data/venv/lib/python3.12/site-packages/futurist/periodics.py:784}}
May 06 15:10:51.683408 np0000172278 devstack@neutron-api.service[103462]: DEBUG neutron.plugins.ml2.drivers.ovn.mech_driver.ovsdb.maintenance [-] Touching Hash Ring node "987d79e05c6b582f8833d8d22fd102df" from periodic health check thread {{(pid=103462) touch_hash_ring_node /opt/stack/neutron/neutron/plugins/ml2/drivers/ovn/mech_driver/ovsdb/maintenance.py:1466}}
May 06 15:10:51.726927 np0000172278 devstack@neutron-api.service[103462]: DEBUG neutron.api.wsgi [None req-eb134ddc-d487-444c-b8a4-5cdb6d2280a5 service neutron] Missing Content-Type {{(pid=103462) get_content_type /opt/stack/neutron/neutron/api/wsgi.py:80}}
May 06 15:10:51.727803 np0000172278 devstack@neutron-api.service[103462]: DEBUG neutron.api.wsgi [None req-eb134ddc-d487-444c-b8a4-5cdb6d2280a5 service neutron] https://199.204.45.132/networking/v2.0/extensions returned with HTTP 200 {{(pid=103462) __call__ /opt/stack/neutron/neutron/api/wsgi.py:540}}
May 06 15:10:51.728458 np0000172278 devstack@neutron-api.service[103462]: [pid: 103462|app: 0|req: 26/103] 199.204.45.132 () {64 vars in 1265 bytes} [Wed May 6 15:10:51 2026] GET /networking/v2.0/extensions => generated 15209 bytes in 7 msecs (HTTP/1.1 200) 4 headers in 159 bytes (1 switches on core 0)
May 06 15:10:51.778806 np0000172278 devstack@neutron-api.service[103464]: DEBUG neutron.api.v2.base [None req-c887ac2f-93bd-4d0e-a1e0-14d0d98c97ed service neutron] Request body: {'port': {'network_id': '579c0db3-a806-4398-a2a8-2769d8cca272', 'admin_state_up': True, 'tenant_id': 'f0c28a76485043859df3477d3de1394b', 'port_security_enabled': False, 'binding:host_id': 'np0000172278', 'fixed_ips': [{'subnet_id': 'a7a809da-50f5-47d5-9733-e24e7810bc4a'}], 'device_owner': 'manila:share', 'device_id': 'manila-admin-share'}} {{(pid=103464) prepare_request_body /opt/stack/neutron/neutron/api/v2/base.py:727}}
May 06 15:10:51.799773 np0000172278 devstack@neutron-api.service[103464]: DEBUG neutron.pecan_wsgi.hooks.quota_enforcement [None req-c887ac2f-93bd-4d0e-a1e0-14d0d98c97ed service neutron] Made reservation on behalf of f0c28a76485043859df3477d3de1394b for: {'port': 1} {{(pid=103464) before /opt/stack/neutron/neutron/pecan_wsgi/hooks/quota_enforcement.py:66}}
May 06 15:10:51.805754 np0000172278 devstack@neutron-api.service[103464]: DEBUG neutron_lib.callbacks.manager [None req-c887ac2f-93bd-4d0e-a1e0-14d0d98c97ed service neutron] Publish callbacks ['neutron.plugins.ml2.plugin.SecurityGroupDbMixin._ensure_default_security_group_handler-7417161'] for port (None), before_create {{(pid=103464) _notify_loop /opt/stack/data/venv/lib/python3.12/site-packages/neutron_lib/callbacks/manager.py:184}}
May 06 15:10:51.861865 np0000172278 devstack@neutron-api.service[103464]: DEBUG neutron.db.db_base_plugin_common [None req-c887ac2f-93bd-4d0e-a1e0-14d0d98c97ed service neutron] Allocated IP 10.2.5.4 (579c0db3-a806-4398-a2a8-2769d8cca272/a7a809da-50f5-47d5-9733-e24e7810bc4a/2cfa9c14-d2f4-4f85-a761-d37b5cd40a02) {{(pid=103464) _store_ip_allocation /opt/stack/neutron/neutron/db/db_base_plugin_common.py:131}}
May 06 15:10:51.921539 np0000172278 devstack@neutron-api.service[103464]: DEBUG neutron_lib.callbacks.manager [None req-c887ac2f-93bd-4d0e-a1e0-14d0d98c97ed service neutron] Publish callbacks ['neutron.plugins.ml2.drivers.ovn.mech_driver.mech_driver.OVNMechanismDriver._validate_allowed_address_pairs-196482'] for allowed_address_pair (2cfa9c14-d2f4-4f85-a761-d37b5cd40a02), before_create {{(pid=103464) _notify_loop /opt/stack/data/venv/lib/python3.12/site-packages/neutron_lib/callbacks/manager.py:184}}
May 06 15:10:51.922759 np0000172278 devstack@neutron-api.service[103464]: DEBUG neutron_lib.callbacks.manager [None req-c887ac2f-93bd-4d0e-a1e0-14d0d98c97ed service neutron] Publish callbacks [] for port (2cfa9c14-d2f4-4f85-a761-d37b5cd40a02), precommit_create {{(pid=103464) _notify_loop /opt/stack/data/venv/lib/python3.12/site-packages/neutron_lib/callbacks/manager.py:184}}
May 06 15:10:51.926294 np0000172278 devstack@neutron-api.service[103464]: DEBUG neutron.db.provisioning_blocks [None req-c887ac2f-93bd-4d0e-a1e0-14d0d98c97ed service neutron] Transition to ACTIVE for port object 2cfa9c14-d2f4-4f85-a761-d37b5cd40a02 will not be triggered until provisioned by entity L2. {{(pid=103464) add_provisioning_component /opt/stack/neutron/neutron/db/provisioning_blocks.py:74}}
May 06 15:10:51.926600 np0000172278 devstack@neutron-api.service[103464]: DEBUG neutron.db.ovn_revision_numbers_db [None req-c887ac2f-93bd-4d0e-a1e0-14d0d98c97ed service neutron] create_initial_revision uuid=2cfa9c14-d2f4-4f85-a761-d37b5cd40a02, type=ports, rev=-1 {{(pid=103464) create_initial_revision /opt/stack/neutron/neutron/db/ovn_revision_numbers_db.py:98}}
May 06 15:10:51.937071 np0000172278 devstack@neutron-api.service[103464]: DEBUG neutron_lib.callbacks.manager [None req-c887ac2f-93bd-4d0e-a1e0-14d0d98c97ed service neutron] Publish callbacks ['neutron.plugins.ml2.ovo_rpc._ObjectChangeHandler.handle_event-2525768'] for port (2cfa9c14-d2f4-4f85-a761-d37b5cd40a02), after_create {{(pid=103464) _notify_loop /opt/stack/data/venv/lib/python3.12/site-packages/neutron_lib/callbacks/manager.py:184}}
May 06 15:10:51.956853 np0000172278 devstack@neutron-api.service[103464]: DEBUG neutron.api.rpc.handlers.resources_rpc [None req-c887ac2f-93bd-4d0e-a1e0-14d0d98c97ed service neutron] Pushing event updated for resources: {'Port': ['ID=2cfa9c14-d2f4-4f85-a761-d37b5cd40a02,revision_number=1']} {{(pid=103464) push /opt/stack/neutron/neutron/api/rpc/handlers/resources_rpc.py:237}}
May 06 15:10:51.998243 np0000172278 devstack@neutron-api.service[103464]: DEBUG ovsdbapp.backend.ovs_idl.transaction [None req-7cb6dc1b-161e-4f71-afdd-92c515d08e3c None None] Running txn n=1 command(idx=0): AddLSwitchPortCommand(_result=None, lport=2cfa9c14-d2f4-4f85-a761-d37b5cd40a02, lswitch=neutron-579c0db3-a806-4398-a2a8-2769d8cca272, may_exist=True, network_uuid=579c0db3-a806-4398-a2a8-2769d8cca272, columns={'addresses': ['fa:16:3e:25:7c:1b 10.2.5.4', 'unknown'], 'external_ids': {'neutron:port_name': '', 'neutron:device_id': 'manila-admin-share', 'neutron:project_id': 'f0c28a76485043859df3477d3de1394b', 'neutron:cidrs': '10.2.5.4/24', 'neutron:device_owner': 'manila:share', 'neutron:subnet_pool_addr_scope4': '', 'neutron:subnet_pool_addr_scope6': '', 'neutron:network_name': 'neutron-579c0db3-a806-4398-a2a8-2769d8cca272', 'neutron:security_group_ids': '', 'neutron:revision_number': '1', 'neutron:vnic_type': 'normal', 'neutron:port_capabilities': '', 'neutron:mtu': ''}, 'parent_name': [], 'tag': [], 'enabled': True, 'options': {'requested-chassis': 'np0000172278'}, 'type': '', 'port_security': [], 'dhcpv4_options': [UUID('a5479236-6835-4d05-a0d5-8ec0802d3a18')], 'dhcpv6_options': []}) {{(pid=103464) do_commit /opt/stack/data/venv/lib/python3.12/site-packages/ovsdbapp/backend/ovs_idl/transaction.py:89}}
May 06 15:10:51.999374 np0000172278 devstack@neutron-api.service[103464]: DEBUG ovsdbapp.backend.ovs_idl.transaction [None req-7cb6dc1b-161e-4f71-afdd-92c515d08e3c None None] Running txn n=1 command(idx=1): QoSDelCommand(_result=None, switch=neutron-579c0db3-a806-4398-a2a8-2769d8cca272, conditions=[('direction', '=', 'to-lport'), ('priority', '=', 2002), ('match', '=', 'outport == "2cfa9c14-d2f4-4f85-a761-d37b5cd40a02"')], if_exists=True) {{(pid=103464) do_commit /opt/stack/data/venv/lib/python3.12/site-packages/ovsdbapp/backend/ovs_idl/transaction.py:89}}
May 06 15:10:52.000065 np0000172278 devstack@neutron-api.service[103464]: DEBUG ovsdbapp.backend.ovs_idl.transaction [None req-7cb6dc1b-161e-4f71-afdd-92c515d08e3c None None] Running txn n=1 command(idx=2): QoSDelCommand(_result=None, switch=neutron-579c0db3-a806-4398-a2a8-2769d8cca272, conditions=[('direction', '=', 'from-lport'), ('priority', '=', 2002), ('match', '=', 'inport == "2cfa9c14-d2f4-4f85-a761-d37b5cd40a02"')], if_exists=True) {{(pid=103464) do_commit /opt/stack/data/venv/lib/python3.12/site-packages/ovsdbapp/backend/ovs_idl/transaction.py:89}}
May 06 15:10:52.007870 np0000172278 devstack@neutron-api.service[103463]: DEBUG neutron.plugins.ml2.drivers.ovn.mech_driver.ovsdb.ovsdb_monitor [None req-05953d69-1db9-48b8-b261-676ec8d636d9 None None] Touching Hash Ring node "770aa17a921e54458940307297286ec2" from IDL notify handler {{(pid=103463) notify /opt/stack/neutron/neutron/plugins/ml2/drivers/ovn/mech_driver/ovsdb/ovsdb_monitor.py:934}}
May 06 15:10:52.013253 np0000172278 devstack@neutron-api.service[103463]: DEBUG neutron.plugins.ml2.drivers.ovn.mech_driver.ovsdb.ovsdb_monitor [None req-05953d69-1db9-48b8-b261-676ec8d636d9 None None] Hash Ring: Node 770aa17a921e54458940307297286ec2 (host: np0000172278) handling event "update" for row 579c0db3-a806-4398-a2a8-2769d8cca272 (table: Logical_Switch) {{(pid=103463) notify /opt/stack/neutron/neutron/plugins/ml2/drivers/ovn/mech_driver/ovsdb/ovsdb_monitor.py:942}}
