2026-05-28 23:12:29.009 8 INFO neutron.db.ovn_revision_numbers_db [None req-1555ce83-0078-4e4f-91ca-8a60ba664577 1c8f44fe230841d184223064939aebfe 2fff465d8b6c44f5a2043e2924c93ee4 - - default default] Successfully bumped revision number for resource 7fcbca61-7aeb-4446-b13e-5814b767ba40 (type: security_groups) to 1
2026-05-28 23:12:29.027 8 INFO neutron.db.ovn_revision_numbers_db [None req-1555ce83-0078-4e4f-91ca-8a60ba664577 1c8f44fe230841d184223064939aebfe 2fff465d8b6c44f5a2043e2924c93ee4 - - default default] Successfully bumped revision number for resource 1546688a-9f63-4ffd-af70-83b7228873af (type: security_group_rules) to 0
2026-05-28 23:12:29.040 8 INFO neutron.db.ovn_revision_numbers_db [None req-1555ce83-0078-4e4f-91ca-8a60ba664577 1c8f44fe230841d184223064939aebfe 2fff465d8b6c44f5a2043e2924c93ee4 - - default default] Successfully bumped revision number for resource 70efc32b-5aa6-439f-997e-070c9fc703ea (type: security_group_rules) to 0
2026-05-28 23:12:29.057 8 INFO neutron.db.ovn_revision_numbers_db [None req-1555ce83-0078-4e4f-91ca-8a60ba664577 1c8f44fe230841d184223064939aebfe 2fff465d8b6c44f5a2043e2924c93ee4 - - default default] Successfully bumped revision number for resource eb261435-6918-4294-a097-00d5f6b29903 (type: security_group_rules) to 0
2026-05-28 23:12:29.071 8 INFO neutron.db.ovn_revision_numbers_db [None req-1555ce83-0078-4e4f-91ca-8a60ba664577 1c8f44fe230841d184223064939aebfe 2fff465d8b6c44f5a2043e2924c93ee4 - - default default] Successfully bumped revision number for resource f0875ee7-3d70-4cad-a50d-89b97771104f (type: security_group_rules) to 0
2026-05-28 23:12:29.136 7 INFO neutron.db.ovn_revision_numbers_db [None req-b895ba31-83af-4e2b-a0cd-52d428bec966 fa3eeed85fec4c12b42081c1ddce6907 bd44b3157602426b9846f76b67489b46 - - default default] Successfully bumped revision number for resource cc499479-0d64-497f-886a-cd05a171fae7 (type: networks) to 1
2026-05-28 23:12:29.163 8 INFO neutron.db.segments_db [None req-1555ce83-0078-4e4f-91ca-8a60ba664577 1c8f44fe230841d184223064939aebfe 2fff465d8b6c44f5a2043e2924c93ee4 - - default default] Added segment 4d8eceee-e2d5-43e2-82db-9034f151125f of type geneve for network f64fbafe-92f0-487c-8893-b1b35bb753b2
2026-05-28 23:12:29.255 8 INFO neutron.db.segments_db [None req-1555ce83-0078-4e4f-91ca-8a60ba664577 1c8f44fe230841d184223064939aebfe 2fff465d8b6c44f5a2043e2924c93ee4 - - default default] Added segment b6663f28-af19-4996-91fb-b2be9b896a87 of type geneve for network 002a163a-48df-4513-8ef6-cbf6c06d1d16
2026-05-28 23:12:29.338 7 WARNING neutron.scheduler.dhcp_agent_scheduler [None req-b895ba31-83af-4e2b-a0cd-52d428bec966 fa3eeed85fec4c12b42081c1ddce6907 bd44b3157602426b9846f76b67489b46 - - default default] No more DHCP agents
2026-05-28 23:12:29.347 7 WARNING neutron.api.rpc.agentnotifiers.dhcp_rpc_agent_api [None req-b895ba31-83af-4e2b-a0cd-52d428bec966 fa3eeed85fec4c12b42081c1ddce6907 bd44b3157602426b9846f76b67489b46 - - default default] Unable to schedule network cc499479-0d64-497f-886a-cd05a171fae7: no agents available; will retry on subsequent port and subnet creation events.
2026-05-28 23:12:29.378 8 INFO neutron.db.ovn_revision_numbers_db [None req-1555ce83-0078-4e4f-91ca-8a60ba664577 1c8f44fe230841d184223064939aebfe 2fff465d8b6c44f5a2043e2924c93ee4 - - default default] Successfully bumped revision number for resource f64fbafe-92f0-487c-8893-b1b35bb753b2 (type: networks) to 1
2026-05-28 23:12:29.412 8 INFO neutron.plugins.ml2.drivers.ovn.mech_driver.mech_driver [None req-a718ef18-9fca-4c00-a09e-f676b36b0813 - - - - - -] OVN reports status down for port: 10f14571-9954-4d22-88d2-70da56e5a57f
2026-05-28 23:12:29.439 7 INFO neutron.db.ovn_revision_numbers_db [None req-b895ba31-83af-4e2b-a0cd-52d428bec966 fa3eeed85fec4c12b42081c1ddce6907 bd44b3157602426b9846f76b67489b46 - - default default] Successfully bumped revision number for resource 10f14571-9954-4d22-88d2-70da56e5a57f (type: ports) to 1 [pid: 7|app: 0|req: 615/1238] 10.0.0.100 () {34 vars in 669 bytes} [Thu May 28 23:12:28 2026] POST /v2.0/networks => generated 673 bytes in 598 msecs (HTTP/1.1 201) 4 headers in 162 bytes (1 switches on core 0)
2026-05-28 23:12:29.597 8 WARNING neutron.scheduler.dhcp_agent_scheduler [None req-1555ce83-0078-4e4f-91ca-8a60ba664577 1c8f44fe230841d184223064939aebfe 2fff465d8b6c44f5a2043e2924c93ee4 - - default default] No more DHCP agents
2026-05-28 23:12:29.599 8 WARNING neutron.api.rpc.agentnotifiers.dhcp_rpc_agent_api [None req-1555ce83-0078-4e4f-91ca-8a60ba664577 1c8f44fe230841d184223064939aebfe 2fff465d8b6c44f5a2043e2924c93ee4 - - default default] Unable to schedule network f64fbafe-92f0-487c-8893-b1b35bb753b2: no agents available; will retry on subsequent port and subnet creation events.
2026-05-28 23:12:29.599 7 WARNING neutron.scheduler.dhcp_agent_scheduler [None req-f07b37d8-64f0-4601-b942-5e90330c990b 3d90943fbe8f4bc69f83318f5be91320 a2820227c64a4f68b805eacc1a52b84c - - default default] No more DHCP agents
2026-05-28 23:12:29.602 7 WARNING neutron.api.rpc.agentnotifiers.dhcp_rpc_agent_api [None req-f07b37d8-64f0-4601-b942-5e90330c990b 3d90943fbe8f4bc69f83318f5be91320 a2820227c64a4f68b805eacc1a52b84c - - default default] Unable to schedule network 2fb1e09d-35d3-47b7-bf7c-883424fabe44: no agents available; will retry on subsequent port and subnet creation events.
2026-05-28 23:12:29.697 8 INFO neutron.db.ovn_revision_numbers_db [None req-1555ce83-0078-4e4f-91ca-8a60ba664577 1c8f44fe230841d184223064939aebfe 2fff465d8b6c44f5a2043e2924c93ee4 - - default default] Successfully bumped revision number for resource 075562be-d554-4ab0-be9b-f3b086ac1a59 (type: ports) to 1
2026-05-28 23:12:29.700 7 INFO neutron.plugins.ml2.drivers.ovn.mech_driver.mech_driver [None req-3bb43d04-e8d9-40f1-8e16-17f0c25eabc3 - - - - - -] OVN reports status down for port: 075562be-d554-4ab0-be9b-f3b086ac1a59
2026-05-28 23:12:29.815 8 INFO neutron.db.ovn_revision_numbers_db [None req-1555ce83-0078-4e4f-91ca-8a60ba664577 1c8f44fe230841d184223064939aebfe 2fff465d8b6c44f5a2043e2924c93ee4 - - default default] Successfully bumped revision number for resource 002a163a-48df-4513-8ef6-cbf6c06d1d16 (type: networks) to 1
2026-05-28 23:12:29.978 8 WARNING neutron.scheduler.dhcp_agent_scheduler [None req-1555ce83-0078-4e4f-91ca-8a60ba664577 1c8f44fe230841d184223064939aebfe 2fff465d8b6c44f5a2043e2924c93ee4 - - default default] No more DHCP agents
2026-05-28 23:12:29.979 8 WARNING neutron.api.rpc.agentnotifiers.dhcp_rpc_agent_api [None req-1555ce83-0078-4e4f-91ca-8a60ba664577 1c8f44fe230841d184223064939aebfe 2fff465d8b6c44f5a2043e2924c93ee4 - - default default] Unable to schedule network 002a163a-48df-4513-8ef6-cbf6c06d1d16: no agents available; will retry on subsequent port and subnet creation events.
2026-05-28 23:12:30.050 8 INFO neutron.plugins.ml2.drivers.ovn.mech_driver.mech_driver [None req-a718ef18-9fca-4c00-a09e-f676b36b0813 - - - - - -] OVN reports status down for port: 57598450-8786-474f-8ac4-15b69844716e
2026-05-28 23:12:30.127 8 INFO neutron.db.ovn_revision_numbers_db [None req-1555ce83-0078-4e4f-91ca-8a60ba664577 1c8f44fe230841d184223064939aebfe 2fff465d8b6c44f5a2043e2924c93ee4 - - default default] Successfully bumped revision number for resource 57598450-8786-474f-8ac4-15b69844716e (type: ports) to 1
2026-05-28 23:12:30.213 7 INFO neutron.db.ovn_revision_numbers_db [None req-027de5fc-543b-4af1-a591-0183024699af - - - - - -] Successfully bumped revision number for resource 2898a002-e28f-4701-bb1d-a60cccc0513e (type: ports) to 2 [pid: 8|app: 0|req: 624/1239] 10.0.0.100 () {34 vars in 669 bytes} [Thu May 28 23:12:28 2026] POST /v2.0/networks => generated 1322 bytes in 1576 msecs (HTTP/1.1 201) 4 headers in 163 bytes (1 switches on core 0) [pid: 8|app: 0|req: 627/1242] 10.0.0.100 () {32 vars in 622 bytes} [Thu May 28 23:12:30 2026] GET / => generated 151 bytes in 1 msecs (HTTP/1.1 200) 3 headers in 91 bytes (1 switches on core 0)
2026-05-28 23:12:30.261 7 INFO neutron.db.ovn_revision_numbers_db [None req-027de5fc-543b-4af1-a591-0183024699af - - - - - -] Successfully bumped revision number for resource 711ad66e-021c-4c2c-ac51-8a94e0e49c22 (type: subnets) to 0 [pid: 7|app: 0|req: 616/1243] 10.0.0.100 () {34 vars in 668 bytes} [Thu May 28 23:12:29 2026] POST /v2.0/subnets => generated 695 bytes in 819 msecs (HTTP/1.1 201) 4 headers in 162 bytes (1 switches on core 0) [pid: 7|app: 0|req: 617/1244] 10.0.0.100 () {32 vars in 648 bytes} [Thu May 28 23:12:30 2026] GET /v2.0/networks => generated 1971 bytes in 74 msecs (HTTP/1.1 200) 4 headers in 158 bytes (1 switches on core 0)
2026-05-28 23:12:30.419 8 WARNING neutron.scheduler.dhcp_agent_scheduler [None req-c1f38aab-70b0-4409-9595-4b97785df013 fa3eeed85fec4c12b42081c1ddce6907 bd44b3157602426b9846f76b67489b46 - - default default] No more DHCP agents
2026-05-28 23:12:30.420 8 WARNING neutron.api.rpc.agentnotifiers.dhcp_rpc_agent_api [None req-c1f38aab-70b0-4409-9595-4b97785df013 fa3eeed85fec4c12b42081c1ddce6907 bd44b3157602426b9846f76b67489b46 - - default default] Unable to schedule network cc499479-0d64-497f-886a-cd05a171fae7: no agents available; will retry on subsequent port and subnet creation events. [pid: 7|app: 0|req: 618/1245] 10.0.0.100 () {32 vars in 632 bytes} [Thu May 28 23:12:30 2026] GET /v2.0/ => generated 632 bytes in 96 msecs (HTTP/1.1 200) 4 headers in 157 bytes (1 switches on core 0)
2026-05-28 23:12:30.463 8 INFO neutron.db.ovn_revision_numbers_db [None req-c1f38aab-70b0-4409-9595-4b97785df013 fa3eeed85fec4c12b42081c1ddce6907 bd44b3157602426b9846f76b67489b46 - - default default] Successfully bumped revision number for resource 9edea482-369b-4ac4-95f4-8deb92a7c4b3 (type: subnets) to 0 [pid: 8|app: 0|req: 628/1246] 10.0.0.100 () {34 vars in 668 bytes} [Thu May 28 23:12:30 2026] POST /v2.0/subnets => generated 646 bytes in 261 msecs (HTTP/1.1 201) 4 headers in 162 bytes (1 switches on core 0)
2026-05-28 23:12:30.604 8 INFO neutron_taas.services.taas.taas_plugin [None req-f2c74341-7cbf-4526-b80a-901693697fd3 1c8f44fe230841d184223064939aebfe 2fff465d8b6c44f5a2043e2924c93ee4 - - default default] TaaS: Handle Delete Port: 075562be-d554-4ab0-be9b-f3b086ac1a59
2026-05-28 23:12:30.606 8 INFO neutron_taas.services.taas.tap_mirror_plugin [None req-f2c74341-7cbf-4526-b80a-901693697fd3 1c8f44fe230841d184223064939aebfe 2fff465d8b6c44f5a2043e2924c93ee4 - - default default] Tap Mirror: Handle Delete Port: 075562be-d554-4ab0-be9b-f3b086ac1a59
2026-05-28 23:12:30.828 8 INFO neutron.services.segments.plugin [-] Segment 4d8eceee-e2d5-43e2-82db-9034f151125f resource provider aggregate not found
2026-05-28 23:12:30.833 8 INFO neutron.services.segments.plugin [-] Segment 4d8eceee-e2d5-43e2-82db-9034f151125f resource provider aggregate not found
2026-05-28 23:12:30.844 8 INFO neutron.services.segments.plugin [-] Segment 4d8eceee-e2d5-43e2-82db-9034f151125f resource provider not found; error: Placement Client Error (4xx): {"errors": [{"status": 404, "title": "Not Found", "detail": "The resource could not be found.\n\n No resource provider with uuid 4d8eceee-e2d5-43e2-82db-9034f151125f found for delete ", "request_id": "req-cc19bfd1-e83a-4dbe-8cdd-e05dda315d46"}]}
2026-05-28 23:12:30.852 8 INFO neutron.services.segments.plugin [-] Segment 4d8eceee-e2d5-43e2-82db-9034f151125f resource provider not found; error: Placement Client Error (4xx): {"errors": [{"status": 404, "title": "Not Found", "detail": "The resource could not be found.\n\n No resource provider with uuid 4d8eceee-e2d5-43e2-82db-9034f151125f found for delete ", "request_id": "req-e0dd0b62-2dfa-455b-9f58-39ff8b30eda2"}]} [pid: 8|app: 0|req: 629/1247] 10.0.0.100 () {32 vars in 725 bytes} [Thu May 28 23:12:30 2026] DELETE /v2.0/networks/f64fbafe-92f0-487c-8893-b1b35bb753b2 => generated 0 bytes in 401 msecs (HTTP/1.1 204) 3 headers in 131 bytes (1 switches on core 0)
2026-05-28 23:12:30.952 7 WARNING neutron.scheduler.dhcp_agent_scheduler [None req-1ec2a0ca-09e6-4819-bd78-c30f8e5d4d7e 3d90943fbe8f4bc69f83318f5be91320 a2820227c64a4f68b805eacc1a52b84c - - default default] No more DHCP agents
2026-05-28 23:12:30.954 7 WARNING neutron.api.rpc.agentnotifiers.dhcp_rpc_agent_api [None req-1ec2a0ca-09e6-4819-bd78-c30f8e5d4d7e 3d90943fbe8f4bc69f83318f5be91320 a2820227c64a4f68b805eacc1a52b84c - - default default] Unable to schedule network b238c9ee-4c33-4797-80b4-feb505e3920e: no agents available; will retry on subsequent port and subnet creation events.
2026-05-28 23:12:31.068 7 INFO neutron.plugins.ml2.drivers.ovn.mech_driver.mech_driver [None req-3bb43d04-e8d9-40f1-8e16-17f0c25eabc3 - - - - - -] OVN reports status down for port: b067a18b-bd30-4200-b0c0-9fe830b0817d
2026-05-28 23:12:31.197 7 INFO neutron.db.ovn_revision_numbers_db [None req-1ec2a0ca-09e6-4819-bd78-c30f8e5d4d7e 3d90943fbe8f4bc69f83318f5be91320 a2820227c64a4f68b805eacc1a52b84c - - default default] Successfully bumped revision number for resource b067a18b-bd30-4200-b0c0-9fe830b0817d (type: ports) to 1
2026-05-28 23:12:31.229 8 WARNING neutron.scheduler.dhcp_agent_scheduler [None req-228b2643-dc02-44b1-a258-e20b1a8e7057 fa3eeed85fec4c12b42081c1ddce6907 bd44b3157602426b9846f76b67489b46 - - default default] No more DHCP agents
2026-05-28 23:12:31.231 8 WARNING neutron.api.rpc.agentnotifiers.dhcp_rpc_agent_api [None req-228b2643-dc02-44b1-a258-e20b1a8e7057 fa3eeed85fec4c12b42081c1ddce6907 bd44b3157602426b9846f76b67489b46 - - default default] Unable to schedule network cc499479-0d64-497f-886a-cd05a171fae7: no agents available; will retry on subsequent port and subnet creation events.
2026-05-28 23:12:31.327 8 INFO neutron.plugins.ml2.drivers.ovn.mech_driver.mech_driver [None req-a718ef18-9fca-4c00-a09e-f676b36b0813 - - - - - -] OVN reports status down for port: 38e9cef7-bef9-4891-85ac-58282018375f
2026-05-28 23:12:31.400 8 INFO neutron.db.ovn_revision_numbers_db [None req-228b2643-dc02-44b1-a258-e20b1a8e7057 fa3eeed85fec4c12b42081c1ddce6907 bd44b3157602426b9846f76b67489b46 - - default default] Successfully bumped revision number for resource 38e9cef7-bef9-4891-85ac-58282018375f (type: ports) to 1 [pid: 8|app: 0|req: 630/1248] 10.0.0.100 () {34 vars in 664 bytes} [Thu May 28 23:12:30 2026] POST /v2.0/ports => generated 966 bytes in 567 msecs (HTTP/1.1 201) 4 headers in 162 bytes (1 switches on core 0) /var/lib/openstack/lib/python3.12/site-packages/pycadf/identifier.py:70: UserWarning: Invalid uuid: neutron. To ensure interoperability, identifiers should be a valid uuid. warnings.warn(('Invalid uuid: %s. To ensure interoperability, '
2026-05-28 23:12:31.558 8 INFO neutron_taas.services.taas.taas_plugin [None req-87c3f03c-3f6b-4c8c-be96-0053d8e36b94 1c8f44fe230841d184223064939aebfe 2fff465d8b6c44f5a2043e2924c93ee4 - - default default] TaaS: Handle Delete Port: 57598450-8786-474f-8ac4-15b69844716e
2026-05-28 23:12:31.561 8 INFO neutron_taas.services.taas.tap_mirror_plugin [None req-87c3f03c-3f6b-4c8c-be96-0053d8e36b94 1c8f44fe230841d184223064939aebfe 2fff465d8b6c44f5a2043e2924c93ee4 - - default default] Tap Mirror: Handle Delete Port: 57598450-8786-474f-8ac4-15b69844716e [pid: 8|app: 0|req: 631/1249] 10.0.0.100 () {32 vars in 725 bytes} [Thu May 28 23:12:31 2026] DELETE /v2.0/networks/002a163a-48df-4513-8ef6-cbf6c06d1d16 => generated 0 bytes in 313 msecs (HTTP/1.1 204) 3 headers in 131 bytes (1 switches on core 0)
2026-05-28 23:12:31.845 7 INFO neutron.plugins.ml2.drivers.ovn.mech_driver.ovsdb.commands [None req-a57c55a1-e5a3-4731-8c0a-69e5c3f44f2b - - - - - -] Schedule LRP lrp-b067a18b-bd30-4200-b0c0-9fe830b0817d on gateway 6618a59a-9cce-49ca-a496-5dd07a947afa with priority 1
2026-05-28 23:12:31.885 7 INFO neutron.plugins.ml2.drivers.ovn.mech_driver.mech_driver [None req-3bb43d04-e8d9-40f1-8e16-17f0c25eabc3 - - - - - -] OVN reports status up for port: b067a18b-bd30-4200-b0c0-9fe830b0817d
2026-05-28 23:12:31.901 8 INFO neutron.plugins.ml2.drivers.ovn.mech_driver.ovsdb.ovsdb_monitor [None req-ce58a0f3-1802-4990-9362-3a2f92a5ad40 - - - - - -] Router 9d32e250-fbdc-4651-b4c1-b7318c0322da is bound to host instance
2026-05-28 23:12:31.918 7 INFO neutron.plugins.ml2.plugin [None req-3bb43d04-e8d9-40f1-8e16-17f0c25eabc3 - - - - - -] Attempt 1 to provision port b067a18b-bd30-4200-b0c0-9fe830b0817d
2026-05-28 23:12:31.946 7 INFO neutron.db.ovn_revision_numbers_db [None req-1ec2a0ca-09e6-4819-bd78-c30f8e5d4d7e 3d90943fbe8f4bc69f83318f5be91320 a2820227c64a4f68b805eacc1a52b84c - - default default] Successfully bumped revision number for resource b067a18b-bd30-4200-b0c0-9fe830b0817d (type: router_ports) to 1
2026-05-28 23:12:32.068 7 INFO neutron.db.ovn_revision_numbers_db [None req-1ec2a0ca-09e6-4819-bd78-c30f8e5d4d7e 3d90943fbe8f4bc69f83318f5be91320 a2820227c64a4f68b805eacc1a52b84c - - default default] Successfully bumped revision number for resource 9d32e250-fbdc-4651-b4c1-b7318c0322da (type: routers) to 2
2026-05-28 23:12:32.086 8 INFO neutron.db.ovn_revision_numbers_db [None req-88d5299f-389f-496d-80d1-aa77a7bab831 3d90943fbe8f4bc69f83318f5be91320 a2820227c64a4f68b805eacc1a52b84c - - default default] Successfully bumped revision number for resource e55471c0-324b-4f69-ae7f-c0ca7ebd1281 (type: security_groups) to 1 [pid: 7|app: 0|req: 619/1250] 10.0.0.100 () {34 vars in 668 bytes} [Thu May 28 23:12:30 2026] POST /v2.0/routers => generated 973 bytes in 1637 msecs (HTTP/1.1 201) 4 headers in 162 bytes (1 switches on core 0)
2026-05-28 23:12:32.116 8 INFO neutron.db.ovn_revision_numbers_db [None req-88d5299f-389f-496d-80d1-aa77a7bab831 3d90943fbe8f4bc69f83318f5be91320 a2820227c64a4f68b805eacc1a52b84c - - default default] Successfully bumped revision number for resource 488a1e77-e38f-4027-9aca-28c3d3ef3e8b (type: security_group_rules) to 0
2026-05-28 23:12:32.139 8 INFO neutron.db.ovn_revision_numbers_db [None req-88d5299f-389f-496d-80d1-aa77a7bab831 3d90943fbe8f4bc69f83318f5be91320 a2820227c64a4f68b805eacc1a52b84c - - default default] Successfully bumped revision number for resource 6933c3e4-7ecc-451b-a4d2-98b139ee70f1 (type: security_group_rules) to 0
2026-05-28 23:12:32.172 8 INFO neutron.db.ovn_revision_numbers_db [None req-88d5299f-389f-496d-80d1-aa77a7bab831 3d90943fbe8f4bc69f83318f5be91320 a2820227c64a4f68b805eacc1a52b84c - - default default] Successfully bumped revision number for resource 920bb81b-3254-4429-b373-e4396dd30a75 (type: security_group_rules) to 0
2026-05-28 23:12:32.208 8 INFO neutron.db.ovn_revision_numbers_db [None req-88d5299f-389f-496d-80d1-aa77a7bab831 3d90943fbe8f4bc69f83318f5be91320 a2820227c64a4f68b805eacc1a52b84c - - default default] Successfully bumped revision number for resource cac4acfe-5e7c-467d-b553-051b2c892e72 (type: security_group_rules) to 0
2026-05-28 23:12:32.253 7 INFO neutron_taas.services.taas.taas_plugin [None req-5cc055d1-4035-44e0-8675-831b7356f47b fa3eeed85fec4c12b42081c1ddce6907 bd44b3157602426b9846f76b67489b46 - - default default] TaaS: Handle Delete Port: 38e9cef7-bef9-4891-85ac-58282018375f
2026-05-28 23:12:32.256 7 INFO neutron_taas.services.taas.tap_mirror_plugin [None req-5cc055d1-4035-44e0-8675-831b7356f47b fa3eeed85fec4c12b42081c1ddce6907 bd44b3157602426b9846f76b67489b46 - - default default] Tap Mirror: Handle Delete Port: 38e9cef7-bef9-4891-85ac-58282018375f [pid: 8|app: 0|req: 632/1251] 10.0.0.100 () {32 vars in 773 bytes} [Thu May 28 23:12:31 2026] GET /v2.0/security-groups?tenant_id=3c0f05ba39ab41e0bbe5028606322665&name=default => generated 2925 bytes in 500 msecs (HTTP/1.1 200) 4 headers in 158 bytes (1 switches on core 0) [pid: 8|app: 0|req: 633/1252] 10.0.0.100 () {32 vars in 648 bytes} [Thu May 28 23:12:32 2026] GET /v2.0/networks => generated 689 bytes in 109 msecs (HTTP/1.1 200) 4 headers in 157 bytes (1 switches on core 0) [pid: 7|app: 0|req: 620/1253] 10.0.0.100 () {32 vars in 719 bytes} [Thu May 28 23:12:32 2026] DELETE /v2.0/ports/38e9cef7-bef9-4891-85ac-58282018375f => generated 0 bytes in 341 msecs (HTTP/1.1 204) 3 headers in 131 bytes (1 switches on core 0) [pid: 7|app: 0|req: 621/1254] 10.0.0.100 () {32 vars in 739 bytes} [Thu May 28 23:12:32 2026] DELETE /v2.0/security-groups/e55471c0-324b-4f69-ae7f-c0ca7ebd1281 => generated 0 bytes in 281 msecs (HTTP/1.1 204) 2 headers in 112 bytes (1 switches on core 0)
2026-05-28 23:12:32.815 7 INFO neutron.db.segments_db [None req-00db9eda-7e70-4222-9a0f-248b325c3fef 1c8f44fe230841d184223064939aebfe 2fff465d8b6c44f5a2043e2924c93ee4 - - default default] Added segment 5afa0155-6bc8-4e93-8384-b4eb5ad078cc of type geneve for network db64c9bb-0a60-45d2-a27f-798ed60d49cb
2026-05-28 23:12:32.878 8 INFO neutron.services.segments.plugin [-] Segment b6663f28-af19-4996-91fb-b2be9b896a87 resource provider aggregate not found
2026-05-28 23:12:32.883 8 INFO neutron.services.segments.plugin [-] Segment b6663f28-af19-4996-91fb-b2be9b896a87 resource provider aggregate not found
2026-05-28 23:12:32.905 8 INFO neutron.services.segments.plugin [-] Segment b6663f28-af19-4996-91fb-b2be9b896a87 resource provider not found; error: Placement Client Error (4xx): {"errors": [{"status": 404, "title": "Not Found", "detail": "The resource could not be found.\n\n No resource provider with uuid b6663f28-af19-4996-91fb-b2be9b896a87 found for delete ", "request_id": "req-344986ff-d1e3-47af-8c64-63329fb1a7cf"}]}
2026-05-28 23:12:32.907 8 INFO neutron.services.segments.plugin [-] Segment b6663f28-af19-4996-91fb-b2be9b896a87 resource provider not found; error: Placement Client Error (4xx): {"errors": [{"status": 404, "title": "Not Found", "detail": "The resource could not be found.\n\n No resource provider with uuid b6663f28-af19-4996-91fb-b2be9b896a87 found for delete ", "request_id": "req-ef016be4-287a-42e8-9122-86da16957440"}]}
2026-05-28 23:12:32.927 7 INFO neutron.db.ovn_revision_numbers_db [None req-00db9eda-7e70-4222-9a0f-248b325c3fef 1c8f44fe230841d184223064939aebfe 2fff465d8b6c44f5a2043e2924c93ee4 - - default default] Successfully bumped revision number for resource db64c9bb-0a60-45d2-a27f-798ed60d49cb (type: networks) to 1
2026-05-28 23:12:33.102 7 WARNING neutron.scheduler.dhcp_agent_scheduler [None req-00db9eda-7e70-4222-9a0f-248b325c3fef 1c8f44fe230841d184223064939aebfe 2fff465d8b6c44f5a2043e2924c93ee4 - - default default] No more DHCP agents
2026-05-28 23:12:33.103 7 WARNING neutron.api.rpc.agentnotifiers.dhcp_rpc_agent_api [None req-00db9eda-7e70-4222-9a0f-248b325c3fef 1c8f44fe230841d184223064939aebfe 2fff465d8b6c44f5a2043e2924c93ee4 - - default default] Unable to schedule network db64c9bb-0a60-45d2-a27f-798ed60d49cb: no agents available; will retry on subsequent port and subnet creation events.
2026-05-28 23:12:33.221 7 INFO neutron.db.ovn_revision_numbers_db [None req-00db9eda-7e70-4222-9a0f-248b325c3fef 1c8f44fe230841d184223064939aebfe 2fff465d8b6c44f5a2043e2924c93ee4 - - default default] Successfully bumped revision number for resource 1f77ca83-c05c-43b2-b8e3-bb21f72cf2da (type: ports) to 1 [pid: 7|app: 0|req: 622/1255] 10.0.0.100 () {34 vars in 669 bytes} [Thu May 28 23:12:32 2026] POST /v2.0/networks => generated 691 bytes in 534 msecs (HTTP/1.1 201) 4 headers in 162 bytes (1 switches on core 0)
2026-05-28 23:12:33.271 7 INFO neutron.pecan_wsgi.hooks.translation [None req-74c76180-98c8-4f41-bb48-3056f8ece0f4 fa3eeed85fec4c12b42081c1ddce6907 bd44b3157602426b9846f76b67489b46 - - default default] DELETE failed (client error): The resource could not be found. [pid: 7|app: 0|req: 623/1256] 10.0.0.100 () {32 vars in 719 bytes} [Thu May 28 23:12:33 2026] DELETE /v2.0/ports/38e9cef7-bef9-4891-85ac-58282018375f => generated 132 bytes in 23 msecs (HTTP/1.1 404) 4 headers in 164 bytes (1 switches on core 0)
2026-05-28 23:12:33.368 7 INFO neutron.db.segments_db [None req-f19a710f-3e4d-426f-82e3-b54b064a2b2e 1c8f44fe230841d184223064939aebfe 2fff465d8b6c44f5a2043e2924c93ee4 - - default default] Added segment 932ce27a-3dc4-45c0-bdb7-f7da23988e5d of type geneve for network f497dc28-832b-4061-82b4-9e8a8a24a720
2026-05-28 23:12:33.512 7 INFO neutron.db.ovn_revision_numbers_db [None req-f19a710f-3e4d-426f-82e3-b54b064a2b2e 1c8f44fe230841d184223064939aebfe 2fff465d8b6c44f5a2043e2924c93ee4 - - default default] Successfully bumped revision number for resource f497dc28-832b-4061-82b4-9e8a8a24a720 (type: networks) to 1
2026-05-28 23:12:33.519 8 INFO neutron.plugins.ml2.drivers.ovn.mech_driver.mech_driver [None req-a718ef18-9fca-4c00-a09e-f676b36b0813 - - - - - -] OVN reports status down for port: 1f77ca83-c05c-43b2-b8e3-bb21f72cf2da
2026-05-28 23:12:33.639 8 WARNING neutron.scheduler.dhcp_agent_scheduler [None req-64bd2ae5-9292-4a77-ae1e-d71c27e89994 3d90943fbe8f4bc69f83318f5be91320 a2820227c64a4f68b805eacc1a52b84c - - default default] No more DHCP agents
2026-05-28 23:12:33.641 8 WARNING neutron.api.rpc.agentnotifiers.dhcp_rpc_agent_api [None req-64bd2ae5-9292-4a77-ae1e-d71c27e89994 3d90943fbe8f4bc69f83318f5be91320 a2820227c64a4f68b805eacc1a52b84c - - default default] Unable to schedule network 2fb1e09d-35d3-47b7-bf7c-883424fabe44: no agents available; will retry on subsequent port and subnet creation events.
2026-05-28 23:12:33.714 7 WARNING neutron.scheduler.dhcp_agent_scheduler [None req-f19a710f-3e4d-426f-82e3-b54b064a2b2e 1c8f44fe230841d184223064939aebfe 2fff465d8b6c44f5a2043e2924c93ee4 - - default default] No more DHCP agents
2026-05-28 23:12:33.715 7 WARNING neutron.api.rpc.agentnotifiers.dhcp_rpc_agent_api [None req-f19a710f-3e4d-426f-82e3-b54b064a2b2e 1c8f44fe230841d184223064939aebfe 2fff465d8b6c44f5a2043e2924c93ee4 - - default default] Unable to schedule network f497dc28-832b-4061-82b4-9e8a8a24a720: no agents available; will retry on subsequent port and subnet creation events.
2026-05-28 23:12:33.792 7 INFO neutron.db.ovn_revision_numbers_db [None req-f19a710f-3e4d-426f-82e3-b54b064a2b2e 1c8f44fe230841d184223064939aebfe 2fff465d8b6c44f5a2043e2924c93ee4 - - default default] Successfully bumped revision number for resource b0312831-0c22-4f52-9b8b-5497d7499b4d (type: ports) to 1
2026-05-28 23:12:33.804 8 INFO neutron.plugins.ml2.drivers.ovn.mech_driver.mech_driver [None req-a718ef18-9fca-4c00-a09e-f676b36b0813 - - - - - -] OVN reports status down for port: b0312831-0c22-4f52-9b8b-5497d7499b4d [pid: 7|app: 0|req: 624/1257] 10.0.0.100 () {34 vars in 669 bytes} [Thu May 28 23:12:33 2026] POST /v2.0/networks => generated 692 bytes in 548 msecs (HTTP/1.1 201) 4 headers in 162 bytes (1 switches on core 0)
2026-05-28 23:12:33.839 7 INFO neutron.pecan_wsgi.hooks.translation [None req-bcb1331f-e6e2-415b-8478-3b64f194395d fa3eeed85fec4c12b42081c1ddce6907 bd44b3157602426b9846f76b67489b46 - - default default] GET failed (client error): The resource could not be found. [pid: 7|app: 0|req: 625/1258] 10.0.0.100 () {32 vars in 716 bytes} [Thu May 28 23:12:33 2026] GET /v2.0/ports/38e9cef7-bef9-4891-85ac-58282018375f => generated 132 bytes in 17 msecs (HTTP/1.1 404) 4 headers in 164 bytes (1 switches on core 0)
2026-05-28 23:12:33.991 8 INFO neutron.db.ovn_revision_numbers_db [None req-e7199893-0c9f-47c7-8358-dc1fab8aae09 - - - - - -] Successfully bumped revision number for resource b067a18b-bd30-4200-b0c0-9fe830b0817d (type: ports) to 4
2026-05-28 23:12:34.013 8 INFO neutron.db.ovn_revision_numbers_db [None req-64bd2ae5-9292-4a77-ae1e-d71c27e89994 3d90943fbe8f4bc69f83318f5be91320 a2820227c64a4f68b805eacc1a52b84c - - default default] Successfully bumped revision number for resource 5613299a-8d19-4931-970b-c6354cbe9e70 (type: ports) to 1
2026-05-28 23:12:34.333 7 WARNING neutron.scheduler.dhcp_agent_scheduler [None req-5db90819-897c-4b28-893d-e487d13369b7 1c8f44fe230841d184223064939aebfe 2fff465d8b6c44f5a2043e2924c93ee4 - - default default] No more DHCP agents
2026-05-28 23:12:34.334 7 WARNING neutron.api.rpc.agentnotifiers.dhcp_rpc_agent_api [None req-5db90819-897c-4b28-893d-e487d13369b7 1c8f44fe230841d184223064939aebfe 2fff465d8b6c44f5a2043e2924c93ee4 - - default default] Unable to schedule network db64c9bb-0a60-45d2-a27f-798ed60d49cb: no agents available; will retry on subsequent port and subnet creation events.
2026-05-28 23:12:34.427 8 INFO neutron.plugins.ml2.drivers.ovn.mech_driver.mech_driver [None req-a718ef18-9fca-4c00-a09e-f676b36b0813 - - - - - -] OVN reports status down for port: 059944d8-8826-4b04-8115-6237628689da
2026-05-28 23:12:34.442 7 INFO neutron.db.ovn_revision_numbers_db [None req-5db90819-897c-4b28-893d-e487d13369b7 1c8f44fe230841d184223064939aebfe 2fff465d8b6c44f5a2043e2924c93ee4 - - default default] Successfully bumped revision number for resource 059944d8-8826-4b04-8115-6237628689da (type: ports) to 1
2026-05-28 23:12:34.481 7 WARNING neutron.scheduler.dhcp_agent_scheduler [None req-5db90819-897c-4b28-893d-e487d13369b7 1c8f44fe230841d184223064939aebfe 2fff465d8b6c44f5a2043e2924c93ee4 - - default default] No more DHCP agents
2026-05-28 23:12:34.484 7 WARNING neutron.api.rpc.agentnotifiers.dhcp_rpc_agent_api [None req-5db90819-897c-4b28-893d-e487d13369b7 1c8f44fe230841d184223064939aebfe 2fff465d8b6c44f5a2043e2924c93ee4 - - default default] Unable to schedule network f497dc28-832b-4061-82b4-9e8a8a24a720: no agents available; will retry on subsequent port and subnet creation events.
2026-05-28 23:12:34.608 7 INFO neutron.plugins.ml2.drivers.ovn.mech_driver.mech_driver [None req-3bb43d04-e8d9-40f1-8e16-17f0c25eabc3 - - - - - -] OVN reports status down for port: 5613299a-8d19-4931-970b-c6354cbe9e70
2026-05-28 23:12:34.638 7 INFO neutron.db.ovn_revision_numbers_db [None req-5db90819-897c-4b28-893d-e487d13369b7 1c8f44fe230841d184223064939aebfe 2fff465d8b6c44f5a2043e2924c93ee4 - - default default] Successfully bumped revision number for resource 0fb7ae11-1838-45b0-9323-adf3b3013eff (type: ports) to 1
2026-05-28 23:12:34.663 8 INFO neutron.plugins.ml2.drivers.ovn.mech_driver.mech_driver [None req-a718ef18-9fca-4c00-a09e-f676b36b0813 - - - - - -] OVN reports status down for port: 0fb7ae11-1838-45b0-9323-adf3b3013eff [pid: 7|app: 0|req: 626/1259] 10.0.0.100 () {34 vars in 664 bytes} [Thu May 28 23:12:33 2026] POST /v2.0/ports => generated 1505 bytes in 896 msecs (HTTP/1.1 201) 4 headers in 163 bytes (1 switches on core 0) /var/lib/openstack/lib/python3.12/site-packages/pycadf/identifier.py:70: UserWarning: Invalid uuid: neutron. To ensure interoperability, identifiers should be a valid uuid. warnings.warn(('Invalid uuid: %s. To ensure interoperability, '
2026-05-28 23:12:34.772 8 INFO neutron.db.ovn_revision_numbers_db [None req-e7199893-0c9f-47c7-8358-dc1fab8aae09 - - - - - -] Successfully bumped revision number for resource b067a18b-bd30-4200-b0c0-9fe830b0817d (type: ports) to 5 [pid: 7|app: 0|req: 627/1260] 10.0.0.100 () {32 vars in 723 bytes} [Thu May 28 23:12:34 2026] DELETE /v2.0/subnets/9edea482-369b-4ac4-95f4-8deb92a7c4b3 => generated 0 bytes in 199 msecs (HTTP/1.1 204) 3 headers in 131 bytes (1 switches on core 0) [pid: 7|app: 0|req: 628/1261] 10.0.0.100 () {32 vars in 642 bytes} [Thu May 28 23:12:34 2026] GET /v2.0/ports => generated 3017 bytes in 100 msecs (HTTP/1.1 200) 4 headers in 158 bytes (1 switches on core 0)
2026-05-28 23:12:35.143 7 INFO neutron.plugins.ml2.drivers.ovn.mech_driver.mech_driver [None req-3bb43d04-e8d9-40f1-8e16-17f0c25eabc3 - - - - - -] OVN reports status up for port: 5613299a-8d19-4931-970b-c6354cbe9e70
2026-05-28 23:12:35.169 7 INFO neutron.plugins.ml2.plugin [None req-3bb43d04-e8d9-40f1-8e16-17f0c25eabc3 - - - - - -] Attempt 1 to provision port 5613299a-8d19-4931-970b-c6354cbe9e70
2026-05-28 23:12:35.182 7 INFO neutron_taas.services.taas.taas_plugin [None req-6111ca44-3800-461d-8bf6-12f69ec4db27 fa3eeed85fec4c12b42081c1ddce6907 bd44b3157602426b9846f76b67489b46 - - default default] TaaS: Handle Delete Port: 10f14571-9954-4d22-88d2-70da56e5a57f
2026-05-28 23:12:35.186 7 INFO neutron_taas.services.taas.tap_mirror_plugin [None req-6111ca44-3800-461d-8bf6-12f69ec4db27 fa3eeed85fec4c12b42081c1ddce6907 bd44b3157602426b9846f76b67489b46 - - default default] Tap Mirror: Handle Delete Port: 10f14571-9954-4d22-88d2-70da56e5a57f
2026-05-28 23:12:35.218 8 WARNING neutron.scheduler.dhcp_agent_scheduler [None req-64bd2ae5-9292-4a77-ae1e-d71c27e89994 3d90943fbe8f4bc69f83318f5be91320 a2820227c64a4f68b805eacc1a52b84c - - default default] No more DHCP agents
2026-05-28 23:12:35.220 8 WARNING neutron.api.rpc.agentnotifiers.dhcp_rpc_agent_api [None req-64bd2ae5-9292-4a77-ae1e-d71c27e89994 3d90943fbe8f4bc69f83318f5be91320 a2820227c64a4f68b805eacc1a52b84c - - default default] Unable to schedule network 2fb1e09d-35d3-47b7-bf7c-883424fabe44: no agents available; will retry on subsequent port and subnet creation events.
2026-05-28 23:12:35.692 8 INFO neutron.db.ovn_revision_numbers_db [None req-64bd2ae5-9292-4a77-ae1e-d71c27e89994 3d90943fbe8f4bc69f83318f5be91320 a2820227c64a4f68b805eacc1a52b84c - - default default] Successfully bumped revision number for resource 5613299a-8d19-4931-970b-c6354cbe9e70 (type: router_ports) to 1 [pid: 8|app: 0|req: 634/1262] 10.0.0.100 () {34 vars in 782 bytes} [Thu May 28 23:12:32 2026] PUT /v2.0/routers/9d32e250-fbdc-4651-b4c1-b7318c0322da/add_router_interface => generated 309 bytes in 3322 msecs (HTTP/1.1 200) 4 headers in 157 bytes (1 switches on core 0)
2026-05-28 23:12:35.699 7 INFO neutron.services.segments.plugin [-] Segment f5f5d04c-a289-4316-a218-7b42390ae36b resource provider aggregate not found
2026-05-28 23:12:35.708 7 INFO neutron.services.segments.plugin [-] Segment f5f5d04c-a289-4316-a218-7b42390ae36b resource provider aggregate not found
2026-05-28 23:12:35.718 7 INFO neutron.services.segments.plugin [-] Segment f5f5d04c-a289-4316-a218-7b42390ae36b resource provider not found; error: Placement Client Error (4xx): {"errors": [{"status": 404, "title": "Not Found", "detail": "The resource could not be found.\n\n No resource provider with uuid f5f5d04c-a289-4316-a218-7b42390ae36b found for delete ", "request_id": "req-cb2a5cc9-7565-4f51-8953-281a1a560cb1"}]}
2026-05-28 23:12:35.738 7 INFO neutron.services.segments.plugin [-] Segment f5f5d04c-a289-4316-a218-7b42390ae36b resource provider not found; error: Placement Client Error (4xx): {"errors": [{"status": 404, "title": "Not Found", "detail": "The resource could not be found.\n\n No resource provider with uuid f5f5d04c-a289-4316-a218-7b42390ae36b found for delete ", "request_id": "req-bd2d6347-ff6d-40e8-a406-963156860e0a"}]}
2026-05-28 23:12:35.859 8 INFO neutron_taas.services.taas.taas_plugin [None req-6e69d90e-3024-4150-9412-f3752c3e34fc 1c8f44fe230841d184223064939aebfe 2fff465d8b6c44f5a2043e2924c93ee4 - - default default] TaaS: Handle Delete Port: 059944d8-8826-4b04-8115-6237628689da
2026-05-28 23:12:35.862 8 INFO neutron_taas.services.taas.tap_mirror_plugin [None req-6e69d90e-3024-4150-9412-f3752c3e34fc 1c8f44fe230841d184223064939aebfe 2fff465d8b6c44f5a2043e2924c93ee4 - - default default] Tap Mirror: Handle Delete Port: 059944d8-8826-4b04-8115-6237628689da [pid: 7|app: 0|req: 629/1263] 10.0.0.100 () {32 vars in 725 bytes} [Thu May 28 23:12:35 2026] DELETE /v2.0/networks/cc499479-0d64-497f-886a-cd05a171fae7 => generated 0 bytes in 961 msecs (HTTP/1.1 204) 3 headers in 131 bytes (1 switches on core 0)
2026-05-28 23:12:36.041 7 INFO neutron.db.ovn_revision_numbers_db [None req-3bb43d04-e8d9-40f1-8e16-17f0c25eabc3 - - - - - -] Successfully bumped revision number for resource 5613299a-8d19-4931-970b-c6354cbe9e70 (type: ports) to 2 [pid: 8|app: 0|req: 635/1264] 10.0.0.100 () {32 vars in 719 bytes} [Thu May 28 23:12:35 2026] DELETE /v2.0/ports/059944d8-8826-4b04-8115-6237628689da => generated 0 bytes in 422 msecs (HTTP/1.1 204) 3 headers in 131 bytes (1 switches on core 0)
2026-05-28 23:12:36.231 7 INFO neutron.db.segments_db [None req-8aa05477-ec45-49dd-969d-88139c292753 fa3eeed85fec4c12b42081c1ddce6907 bd44b3157602426b9846f76b67489b46 - - default default] Added segment 40d590c7-5d63-4553-a0e0-a7cd46cad88f of type geneve for network 69dab86d-3de3-4f9e-98c6-72b1a5915e08
2026-05-28 23:12:36.312 8 INFO neutron_taas.services.taas.taas_plugin [None req-73c01397-4489-4fbc-b56f-04c0ae9f612f 1c8f44fe230841d184223064939aebfe 2fff465d8b6c44f5a2043e2924c93ee4 - - default default] TaaS: Handle Delete Port: 0fb7ae11-1838-45b0-9323-adf3b3013eff
2026-05-28 23:12:36.316 8 INFO neutron_taas.services.taas.tap_mirror_plugin [None req-73c01397-4489-4fbc-b56f-04c0ae9f612f 1c8f44fe230841d184223064939aebfe 2fff465d8b6c44f5a2043e2924c93ee4 - - default default] Tap Mirror: Handle Delete Port: 0fb7ae11-1838-45b0-9323-adf3b3013eff
2026-05-28 23:12:36.380 7 INFO neutron.db.ovn_revision_numbers_db [None req-8aa05477-ec45-49dd-969d-88139c292753 fa3eeed85fec4c12b42081c1ddce6907 bd44b3157602426b9846f76b67489b46 - - default default] Successfully bumped revision number for resource 69dab86d-3de3-4f9e-98c6-72b1a5915e08 (type: networks) to 1 [pid: 8|app: 0|req: 636/1265] 10.0.0.100 () {32 vars in 719 bytes} [Thu May 28 23:12:36 2026] DELETE /v2.0/ports/0fb7ae11-1838-45b0-9323-adf3b3013eff => generated 0 bytes in 387 msecs (HTTP/1.1 204) 3 headers in 131 bytes (1 switches on core 0)
2026-05-28 23:12:36.612 7 WARNING neutron.scheduler.dhcp_agent_scheduler [None req-8aa05477-ec45-49dd-969d-88139c292753 fa3eeed85fec4c12b42081c1ddce6907 bd44b3157602426b9846f76b67489b46 - - default default] No more DHCP agents
2026-05-28 23:12:36.614 7 WARNING neutron.api.rpc.agentnotifiers.dhcp_rpc_agent_api [None req-8aa05477-ec45-49dd-969d-88139c292753 fa3eeed85fec4c12b42081c1ddce6907 bd44b3157602426b9846f76b67489b46 - - default default] Unable to schedule network 69dab86d-3de3-4f9e-98c6-72b1a5915e08: no agents available; will retry on subsequent port and subnet creation events.
2026-05-28 23:12:36.676 8 INFO neutron.plugins.ml2.drivers.ovn.mech_driver.mech_driver [None req-a718ef18-9fca-4c00-a09e-f676b36b0813 - - - - - -] OVN reports status down for port: c1466db3-1c5b-40ef-88ca-6de15e196fb2
2026-05-28 23:12:36.757 7 INFO neutron.db.ovn_revision_numbers_db [None req-8aa05477-ec45-49dd-969d-88139c292753 fa3eeed85fec4c12b42081c1ddce6907 bd44b3157602426b9846f76b67489b46 - - default default] Successfully bumped revision number for resource c1466db3-1c5b-40ef-88ca-6de15e196fb2 (type: ports) to 1
2026-05-28 23:12:36.770 8 INFO neutron.db.ovn_revision_numbers_db [None req-6da27261-fa03-434e-9097-36df82e2c64a 84bf9fadb4964790bcedef0b06c78d1c 7274f96bd3bb44f08ad97a58cb1316e4 - - default default] Successfully bumped revision number for resource aa51a3d3-0698-49bc-a98e-da04f348bb79 (type: security_groups) to 1 [pid: 7|app: 0|req: 630/1266] 10.0.0.100 () {34 vars in 669 bytes} [Thu May 28 23:12:36 2026] POST /v2.0/networks => generated 673 bytes in 810 msecs (HTTP/1.1 201) 4 headers in 162 bytes (1 switches on core 0)
2026-05-28 23:12:36.817 8 INFO neutron.db.ovn_revision_numbers_db [None req-6da27261-fa03-434e-9097-36df82e2c64a 84bf9fadb4964790bcedef0b06c78d1c 7274f96bd3bb44f08ad97a58cb1316e4 - - default default] Successfully bumped revision number for resource 8d2241ae-39c8-4908-baf9-7adb46121a3b (type: security_group_rules) to 0
2026-05-28 23:12:36.846 8 INFO neutron.db.ovn_revision_numbers_db [None req-6da27261-fa03-434e-9097-36df82e2c64a 84bf9fadb4964790bcedef0b06c78d1c 7274f96bd3bb44f08ad97a58cb1316e4 - - default default] Successfully bumped revision number for resource c459a404-b2fd-488f-b2be-ea5cbefc40cb (type: security_group_rules) to 0 [pid: 7|app: 0|req: 631/1267] 10.0.0.100 () {32 vars in 642 bytes} [Thu May 28 23:12:36 2026] GET /v2.0/ports => generated 1523 bytes in 50 msecs (HTTP/1.1 200) 4 headers in 158 bytes (1 switches on core 0) [pid: 8|app: 0|req: 637/1268] 10.0.0.100 () {34 vars in 684 bytes} [Thu May 28 23:12:36 2026] POST /v2.0/security-groups => generated 1660 bytes in 390 msecs (HTTP/1.1 201) 4 headers in 163 bytes (1 switches on core 0)
2026-05-28 23:12:37.026 8 INFO neutron.db.segments_db [None req-8fbc1a1e-4411-42a3-9ec3-b918de51f642 1c8f44fe230841d184223064939aebfe 2fff465d8b6c44f5a2043e2924c93ee4 - - default default] Added segment 3b607661-eb10-4ad5-a687-aa1348d06785 of type geneve for network 884899ab-8d41-4739-b0f5-cdbeaab42f5e
2026-05-28 23:12:37.070 7 WARNING neutron.scheduler.dhcp_agent_scheduler [None req-f2a3a33a-0294-485d-9925-8c4cd595ff40 fa3eeed85fec4c12b42081c1ddce6907 bd44b3157602426b9846f76b67489b46 - - default default] No more DHCP agents
2026-05-28 23:12:37.072 7 WARNING neutron.api.rpc.agentnotifiers.dhcp_rpc_agent_api [None req-f2a3a33a-0294-485d-9925-8c4cd595ff40 fa3eeed85fec4c12b42081c1ddce6907 bd44b3157602426b9846f76b67489b46 - - default default] Unable to schedule network 69dab86d-3de3-4f9e-98c6-72b1a5915e08: no agents available; will retry on subsequent port and subnet creation events.
2026-05-28 23:12:37.137 7 INFO neutron.db.ovn_revision_numbers_db [None req-f2a3a33a-0294-485d-9925-8c4cd595ff40 fa3eeed85fec4c12b42081c1ddce6907 bd44b3157602426b9846f76b67489b46 - - default default] Successfully bumped revision number for resource 9ba5995e-0f2b-4981-aa23-480f41cf20e5 (type: subnets) to 0 [pid: 7|app: 0|req: 632/1269] 10.0.0.100 () {34 vars in 668 bytes} [Thu May 28 23:12:36 2026] POST /v2.0/subnets => generated 646 bytes in 300 msecs (HTTP/1.1 201) 4 headers in 162 bytes (1 switches on core 0)
2026-05-28 23:12:37.221 8 INFO neutron.db.ovn_revision_numbers_db [None req-8fbc1a1e-4411-42a3-9ec3-b918de51f642 1c8f44fe230841d184223064939aebfe 2fff465d8b6c44f5a2043e2924c93ee4 - - default default] Successfully bumped revision number for resource 884899ab-8d41-4739-b0f5-cdbeaab42f5e (type: networks) to 1
2026-05-28 23:12:37.382 7 INFO neutron.db.ovn_revision_numbers_db [None req-9a885485-0572-4305-ab46-8f3d4a03e49d 84bf9fadb4964790bcedef0b06c78d1c 7274f96bd3bb44f08ad97a58cb1316e4 - - default default] Successfully bumped revision number for resource 0d1a5e22-4f91-43d4-b878-73dd6ec72e85 (type: security_group_rules) to 0 [pid: 7|app: 0|req: 633/1270] 10.0.0.100 () {34 vars in 694 bytes} [Thu May 28 23:12:37 2026] POST /v2.0/security-group-rules => generated 597 bytes in 285 msecs (HTTP/1.1 201) 4 headers in 162 bytes (1 switches on core 0)
2026-05-28 23:12:37.500 8 WARNING neutron.scheduler.dhcp_agent_scheduler [None req-8fbc1a1e-4411-42a3-9ec3-b918de51f642 1c8f44fe230841d184223064939aebfe 2fff465d8b6c44f5a2043e2924c93ee4 - - default default] No more DHCP agents
2026-05-28 23:12:37.502 8 WARNING neutron.api.rpc.agentnotifiers.dhcp_rpc_agent_api [None req-8fbc1a1e-4411-42a3-9ec3-b918de51f642 1c8f44fe230841d184223064939aebfe 2fff465d8b6c44f5a2043e2924c93ee4 - - default default] Unable to schedule network 884899ab-8d41-4739-b0f5-cdbeaab42f5e: no agents available; will retry on subsequent port and subnet creation events.
2026-05-28 23:12:37.632 8 INFO neutron.db.ovn_revision_numbers_db [None req-8fbc1a1e-4411-42a3-9ec3-b918de51f642 1c8f44fe230841d184223064939aebfe 2fff465d8b6c44f5a2043e2924c93ee4 - - default default] Successfully bumped revision number for resource 671d2c89-0df4-49c1-9c72-9502330659e5 (type: ports) to 1 [pid: 8|app: 0|req: 638/1271] 10.0.0.100 () {34 vars in 669 bytes} [Thu May 28 23:12:36 2026] POST /v2.0/networks => generated 691 bytes in 783 msecs (HTTP/1.1 201) 4 headers in 162 bytes (1 switches on core 0)
2026-05-28 23:12:37.735 7 WARNING neutron.scheduler.dhcp_agent_scheduler [None req-de1d8c30-3ba3-452a-8b01-fa6499fd5c25 fa3eeed85fec4c12b42081c1ddce6907 bd44b3157602426b9846f76b67489b46 - - default default] No more DHCP agents
2026-05-28 23:12:37.737 7 WARNING neutron.api.rpc.agentnotifiers.dhcp_rpc_agent_api [None req-de1d8c30-3ba3-452a-8b01-fa6499fd5c25 fa3eeed85fec4c12b42081c1ddce6907 bd44b3157602426b9846f76b67489b46 - - default default] Unable to schedule network 69dab86d-3de3-4f9e-98c6-72b1a5915e08: no agents available; will retry on subsequent port and subnet creation events.
2026-05-28 23:12:37.831 8 INFO neutron.plugins.ml2.drivers.ovn.mech_driver.mech_driver [None req-a718ef18-9fca-4c00-a09e-f676b36b0813 - - - - - -] OVN reports status down for port: 002d2ffb-fbf4-4e19-b80f-922067555efc
2026-05-28 23:12:37.888 7 INFO neutron.db.ovn_revision_numbers_db [None req-de1d8c30-3ba3-452a-8b01-fa6499fd5c25 fa3eeed85fec4c12b42081c1ddce6907 bd44b3157602426b9846f76b67489b46 - - default default] Successfully bumped revision number for resource 002d2ffb-fbf4-4e19-b80f-922067555efc (type: ports) to 1
2026-05-28 23:12:37.891 8 INFO neutron.db.ovn_revision_numbers_db [None req-40aee6cd-3591-4e8e-8f2b-66ba680b533c 84bf9fadb4964790bcedef0b06c78d1c 7274f96bd3bb44f08ad97a58cb1316e4 - - default default] Successfully bumped revision number for resource fe832ce6-09e8-4b86-af74-32227b630809 (type: security_group_rules) to 0 [pid: 7|app: 0|req: 634/1272] 10.0.0.100 () {34 vars in 664 bytes} [Thu May 28 23:12:37 2026] POST /v2.0/ports => generated 927 bytes in 476 msecs (HTTP/1.1 201) 4 headers in 162 bytes (1 switches on core 0) [pid: 8|app: 0|req: 639/1273] 10.0.0.100 () {34 vars in 694 bytes} [Thu May 28 23:12:37 2026] POST /v2.0/security-group-rules => generated 602 bytes in 264 msecs (HTTP/1.1 201) 4 headers in 162 bytes (1 switches on core 0)
2026-05-28 23:12:38.018 7 INFO neutron.db.segments_db [None req-9d70e618-c587-42dc-9193-34c88ce29573 1c8f44fe230841d184223064939aebfe 2fff465d8b6c44f5a2043e2924c93ee4 - - default default] Added segment ba86b211-22d3-4835-9b82-8b4f46575bc4 of type geneve for network abb8096b-6d44-4171-8d90-1046cdbdab17
2026-05-28 23:12:38.134 8 INFO neutron_taas.services.taas.taas_plugin [None req-548da57f-3332-41f9-be2e-5730ae597c59 fa3eeed85fec4c12b42081c1ddce6907 bd44b3157602426b9846f76b67489b46 - - default default] TaaS: Handle Delete Port: 002d2ffb-fbf4-4e19-b80f-922067555efc
2026-05-28 23:12:38.137 8 INFO neutron_taas.services.taas.tap_mirror_plugin [None req-548da57f-3332-41f9-be2e-5730ae597c59 fa3eeed85fec4c12b42081c1ddce6907 bd44b3157602426b9846f76b67489b46 - - default default] Tap Mirror: Handle Delete Port: 002d2ffb-fbf4-4e19-b80f-922067555efc
2026-05-28 23:12:38.147 7 INFO neutron.db.ovn_revision_numbers_db [None req-9d70e618-c587-42dc-9193-34c88ce29573 1c8f44fe230841d184223064939aebfe 2fff465d8b6c44f5a2043e2924c93ee4 - - default default] Successfully bumped revision number for resource abb8096b-6d44-4171-8d90-1046cdbdab17 (type: networks) to 1 [pid: 8|app: 0|req: 640/1274] 10.0.0.100 () {32 vars in 719 bytes} [Thu May 28 23:12:37 2026] DELETE /v2.0/ports/002d2ffb-fbf4-4e19-b80f-922067555efc => generated 0 bytes in 349 msecs (HTTP/1.1 204) 3 headers in 131 bytes (1 switches on core 0)
2026-05-28 23:12:38.310 7 WARNING neutron.scheduler.dhcp_agent_scheduler [None req-9d70e618-c587-42dc-9193-34c88ce29573 1c8f44fe230841d184223064939aebfe 2fff465d8b6c44f5a2043e2924c93ee4 - - default default] No more DHCP agents
2026-05-28 23:12:38.311 7 WARNING neutron.api.rpc.agentnotifiers.dhcp_rpc_agent_api [None req-9d70e618-c587-42dc-9193-34c88ce29573 1c8f44fe230841d184223064939aebfe 2fff465d8b6c44f5a2043e2924c93ee4 - - default default] Unable to schedule network abb8096b-6d44-4171-8d90-1046cdbdab17: no agents available; will retry on subsequent port and subnet creation events.
2026-05-28 23:12:38.390 8 INFO neutron.plugins.ml2.drivers.ovn.mech_driver.mech_driver [None req-a718ef18-9fca-4c00-a09e-f676b36b0813 - - - - - -] OVN reports status down for port: cd477128-b287-4864-a61f-2401c419dc02
2026-05-28 23:12:38.393 7 INFO neutron.db.ovn_revision_numbers_db [None req-9d70e618-c587-42dc-9193-34c88ce29573 1c8f44fe230841d184223064939aebfe 2fff465d8b6c44f5a2043e2924c93ee4 - - default default] Successfully bumped revision number for resource cd477128-b287-4864-a61f-2401c419dc02 (type: ports) to 1 [pid: 7|app: 0|req: 635/1275] 10.0.0.100 () {34 vars in 669 bytes} [Thu May 28 23:12:37 2026] POST /v2.0/networks => generated 692 bytes in 496 msecs (HTTP/1.1 201) 4 headers in 162 bytes (1 switches on core 0)
2026-05-28 23:12:38.443 7 INFO neutron.pecan_wsgi.hooks.translation [None req-540b840e-5531-46f0-8a37-1da915df71ee fa3eeed85fec4c12b42081c1ddce6907 bd44b3157602426b9846f76b67489b46 - - default default] GET failed (client error): The resource could not be found. [pid: 7|app: 0|req: 636/1276] 10.0.0.100 () {32 vars in 716 bytes} [Thu May 28 23:12:38 2026] GET /v2.0/ports/002d2ffb-fbf4-4e19-b80f-922067555efc => generated 132 bytes in 21 msecs (HTTP/1.1 404) 4 headers in 164 bytes (1 switches on core 0) [pid: 7|app: 0|req: 637/1277] 10.0.0.100 () {32 vars in 723 bytes} [Thu May 28 23:12:38 2026] DELETE /v2.0/subnets/9ba5995e-0f2b-4981-aa23-480f41cf20e5 => generated 0 bytes in 137 msecs (HTTP/1.1 204) 3 headers in 131 bytes (1 switches on core 0)
2026-05-28 23:12:38.643 8 WARNING neutron.scheduler.dhcp_agent_scheduler [None req-e14d900d-f248-4d65-87c0-a7299ac48e39 84bf9fadb4964790bcedef0b06c78d1c 7274f96bd3bb44f08ad97a58cb1316e4 - - default default] No more DHCP agents
2026-05-28 23:12:38.645 8 WARNING neutron.api.rpc.agentnotifiers.dhcp_rpc_agent_api [None req-e14d900d-f248-4d65-87c0-a7299ac48e39 84bf9fadb4964790bcedef0b06c78d1c 7274f96bd3bb44f08ad97a58cb1316e4 - - default default] Unable to schedule network b238c9ee-4c33-4797-80b4-feb505e3920e: no agents available; will retry on subsequent port and subnet creation events.
2026-05-28 23:12:38.701 7 INFO neutron_taas.services.taas.taas_plugin [None req-b83710fa-cd70-4b44-994f-790a6d538d73 fa3eeed85fec4c12b42081c1ddce6907 bd44b3157602426b9846f76b67489b46 - - default default] TaaS: Handle Delete Port: c1466db3-1c5b-40ef-88ca-6de15e196fb2
2026-05-28 23:12:38.703 7 INFO neutron_taas.services.taas.tap_mirror_plugin [None req-b83710fa-cd70-4b44-994f-790a6d538d73 fa3eeed85fec4c12b42081c1ddce6907 bd44b3157602426b9846f76b67489b46 - - default default] Tap Mirror: Handle Delete Port: c1466db3-1c5b-40ef-88ca-6de15e196fb2
2026-05-28 23:12:38.903 7 INFO neutron.services.segments.plugin [-] Segment 40d590c7-5d63-4553-a0e0-a7cd46cad88f resource provider aggregate not found
2026-05-28 23:12:38.907 7 INFO neutron.services.segments.plugin [-] Segment 40d590c7-5d63-4553-a0e0-a7cd46cad88f resource provider aggregate not found
