2026-05-28 23:12:38.920 7 INFO neutron.services.segments.plugin [-] Segment 40d590c7-5d63-4553-a0e0-a7cd46cad88f resource provider not found; error: Placement Client Error (4xx): {"errors": [{"status": 404, "title": "Not Found", "detail": "The resource could not be found.\n\n No resource provider with uuid 40d590c7-5d63-4553-a0e0-a7cd46cad88f found for delete ", "request_id": "req-f6b40521-969a-4b94-bc86-494f3e1ed4ef"}]}
2026-05-28 23:12:38.923 7 INFO neutron.services.segments.plugin [-] Segment 40d590c7-5d63-4553-a0e0-a7cd46cad88f resource provider not found; error: Placement Client Error (4xx): {"errors": [{"status": 404, "title": "Not Found", "detail": "The resource could not be found.\n\n No resource provider with uuid 40d590c7-5d63-4553-a0e0-a7cd46cad88f found for delete ", "request_id": "req-0ca2c966-a21a-42c1-b91f-c6d9c455cb8f"}]} [pid: 8|app: 0|req: 641/1278] 10.0.0.100 () {34 vars in 675 bytes} [Thu May 28 23:12:38 2026] POST /v2.0/floatingips => generated 552 bytes in 704 msecs (HTTP/1.1 201) 4 headers in 162 bytes (1 switches on core 0) [pid: 7|app: 0|req: 638/1279] 10.0.0.100 () {32 vars in 725 bytes} [Thu May 28 23:12:38 2026] DELETE /v2.0/networks/69dab86d-3de3-4f9e-98c6-72b1a5915e08 => generated 0 bytes in 425 msecs (HTTP/1.1 204) 3 headers in 131 bytes (1 switches on core 0)
2026-05-28 23:12:39.299 7 WARNING neutron.scheduler.dhcp_agent_scheduler [None req-d297c1ac-28bd-4bea-9ee0-be445915fa7e fa3eeed85fec4c12b42081c1ddce6907 bd44b3157602426b9846f76b67489b46 - - default default] No more DHCP agents
2026-05-28 23:12:39.300 7 WARNING neutron.api.rpc.agentnotifiers.dhcp_rpc_agent_api [None req-d297c1ac-28bd-4bea-9ee0-be445915fa7e fa3eeed85fec4c12b42081c1ddce6907 bd44b3157602426b9846f76b67489b46 - - default default] Unable to schedule network 5c3187ba-4f3c-4dc7-9056-d5c767d7789d: no agents available; will retry on subsequent port and subnet creation events.
2026-05-28 23:12:39.389 7 INFO neutron.db.ovn_revision_numbers_db [None req-d297c1ac-28bd-4bea-9ee0-be445915fa7e fa3eeed85fec4c12b42081c1ddce6907 bd44b3157602426b9846f76b67489b46 - - default default] Successfully bumped revision number for resource 893f7e1b-8fed-4a61-9d5b-38944195cbf1 (type: ports) to 1
2026-05-28 23:12:39.390 8 INFO neutron.plugins.ml2.drivers.ovn.mech_driver.mech_driver [None req-a718ef18-9fca-4c00-a09e-f676b36b0813 - - - - - -] OVN reports status down for port: 893f7e1b-8fed-4a61-9d5b-38944195cbf1
2026-05-28 23:12:39.411 8 WARNING neutron.scheduler.dhcp_agent_scheduler [None req-80e34380-3da0-4ad3-b130-5d1fec6e43f0 1c8f44fe230841d184223064939aebfe 2fff465d8b6c44f5a2043e2924c93ee4 - - default default] No more DHCP agents
2026-05-28 23:12:39.413 8 WARNING neutron.api.rpc.agentnotifiers.dhcp_rpc_agent_api [None req-80e34380-3da0-4ad3-b130-5d1fec6e43f0 1c8f44fe230841d184223064939aebfe 2fff465d8b6c44f5a2043e2924c93ee4 - - default default] Unable to schedule network 884899ab-8d41-4739-b0f5-cdbeaab42f5e: no agents available; will retry on subsequent port and subnet creation events. [pid: 7|app: 0|req: 639/1280] 10.0.0.100 () {34 vars in 664 bytes} [Thu May 28 23:12:39 2026] POST /v2.0/ports => generated 778 bytes in 415 msecs (HTTP/1.1 201) 4 headers in 162 bytes (1 switches on core 0) /var/lib/openstack/lib/python3.12/site-packages/pycadf/identifier.py:70: UserWarning: Invalid uuid: neutron. To ensure interoperability, identifiers should be a valid uuid. warnings.warn(('Invalid uuid: %s. To ensure interoperability, '
2026-05-28 23:12:39.471 8 INFO neutron.db.ovn_revision_numbers_db [None req-80e34380-3da0-4ad3-b130-5d1fec6e43f0 1c8f44fe230841d184223064939aebfe 2fff465d8b6c44f5a2043e2924c93ee4 - - default default] Successfully bumped revision number for resource 1ed3faf4-705f-4dcb-a985-2a91b112fd84 (type: subnets) to 0
2026-05-28 23:12:39.514 8 WARNING neutron.scheduler.dhcp_agent_scheduler [None req-80e34380-3da0-4ad3-b130-5d1fec6e43f0 1c8f44fe230841d184223064939aebfe 2fff465d8b6c44f5a2043e2924c93ee4 - - default default] No more DHCP agents
2026-05-28 23:12:39.515 8 WARNING neutron.api.rpc.agentnotifiers.dhcp_rpc_agent_api [None req-80e34380-3da0-4ad3-b130-5d1fec6e43f0 1c8f44fe230841d184223064939aebfe 2fff465d8b6c44f5a2043e2924c93ee4 - - default default] Unable to schedule network abb8096b-6d44-4171-8d90-1046cdbdab17: no agents available; will retry on subsequent port and subnet creation events.
2026-05-28 23:12:39.560 8 INFO neutron.db.ovn_revision_numbers_db [None req-80e34380-3da0-4ad3-b130-5d1fec6e43f0 1c8f44fe230841d184223064939aebfe 2fff465d8b6c44f5a2043e2924c93ee4 - - default default] Successfully bumped revision number for resource e0c26c70-8f2a-4547-978e-cc32a0bb6594 (type: subnets) to 0 [pid: 8|app: 0|req: 642/1281] 10.0.0.100 () {34 vars in 668 bytes} [Thu May 28 23:12:39 2026] POST /v2.0/subnets => generated 1324 bytes in 573 msecs (HTTP/1.1 201) 4 headers in 163 bytes (1 switches on core 0) [pid: 8|app: 0|req: 643/1282] 10.0.0.100 () {32 vars in 646 bytes} [Thu May 28 23:12:39 2026] GET /v2.0/subnets => generated 1960 bytes in 53 msecs (HTTP/1.1 200) 4 headers in 158 bytes (1 switches on core 0)
2026-05-28 23:12:39.729 8 INFO neutron.plugins.ml2.drivers.ovn.mech_driver.mech_driver [None req-a718ef18-9fca-4c00-a09e-f676b36b0813 - - - - - -] OVN reports status down for port: 893f7e1b-8fed-4a61-9d5b-38944195cbf1
2026-05-28 23:12:39.756 7 INFO neutron.db.ovn_revision_numbers_db [None req-3b01d77f-b1b3-4e08-8f26-3b308f9f555c fa3eeed85fec4c12b42081c1ddce6907 bd44b3157602426b9846f76b67489b46 - - default default] Successfully bumped revision number for resource 893f7e1b-8fed-4a61-9d5b-38944195cbf1 (type: ports) to 2 [pid: 7|app: 0|req: 640/1283] 10.0.0.100 () {34 vars in 736 bytes} [Thu May 28 23:12:39 2026] PUT /v2.0/ports/893f7e1b-8fed-4a61-9d5b-38944195cbf1 => generated 752 bytes in 333 msecs (HTTP/1.1 200) 4 headers in 157 bytes (1 switches on core 0) /var/lib/openstack/lib/python3.12/site-packages/pycadf/identifier.py:70: UserWarning: Invalid uuid: neutron. To ensure interoperability, identifiers should be a valid uuid. warnings.warn(('Invalid uuid: %s. To ensure interoperability, ' [pid: 8|app: 0|req: 644/1284] 10.0.0.100 () {32 vars in 723 bytes} [Thu May 28 23:12:39 2026] DELETE /v2.0/subnets/1ed3faf4-705f-4dcb-a985-2a91b112fd84 => generated 0 bytes in 243 msecs (HTTP/1.1 204) 3 headers in 131 bytes (1 switches on core 0)
2026-05-28 23:12:39.908 7 INFO neutron_taas.services.taas.taas_plugin [None req-8e21ae2a-5548-427f-b5c2-c1692b34a9d8 fa3eeed85fec4c12b42081c1ddce6907 bd44b3157602426b9846f76b67489b46 - - default default] TaaS: Handle Delete Port: 893f7e1b-8fed-4a61-9d5b-38944195cbf1
2026-05-28 23:12:39.912 7 INFO neutron_taas.services.taas.tap_mirror_plugin [None req-8e21ae2a-5548-427f-b5c2-c1692b34a9d8 fa3eeed85fec4c12b42081c1ddce6907 bd44b3157602426b9846f76b67489b46 - - default default] Tap Mirror: Handle Delete Port: 893f7e1b-8fed-4a61-9d5b-38944195cbf1 [pid: 8|app: 0|req: 645/1285] 10.0.0.100 () {32 vars in 723 bytes} [Thu May 28 23:12:39 2026] DELETE /v2.0/subnets/e0c26c70-8f2a-4547-978e-cc32a0bb6594 => generated 0 bytes in 219 msecs (HTTP/1.1 204) 3 headers in 131 bytes (1 switches on core 0) [pid: 7|app: 0|req: 641/1286] 10.0.0.100 () {32 vars in 719 bytes} [Thu May 28 23:12:39 2026] DELETE /v2.0/ports/893f7e1b-8fed-4a61-9d5b-38944195cbf1 => generated 0 bytes in 344 msecs (HTTP/1.1 204) 3 headers in 131 bytes (1 switches on core 0) [pid: 8|app: 0|req: 646/1287] 10.0.0.100 () {32 vars in 646 bytes} [Thu May 28 23:12:40 2026] GET /v2.0/subnets => generated 649 bytes in 35 msecs (HTTP/1.1 200) 4 headers in 157 bytes (1 switches on core 0) [pid: 7|app: 0|req: 642/1288] 10.0.0.100 () {32 vars in 642 bytes} [Thu May 28 23:12:40 2026] GET /v2.0/ports => generated 1538 bytes in 31 msecs (HTTP/1.1 200) 4 headers in 158 bytes (1 switches on core 0)
2026-05-28 23:12:40.186 7 INFO neutron.pecan_wsgi.hooks.translation [None req-5c71b3a6-fbd4-4820-8130-4b80a5203a9e fa3eeed85fec4c12b42081c1ddce6907 bd44b3157602426b9846f76b67489b46 - - default default] GET failed (client error): The resource could not be found. [pid: 7|app: 0|req: 643/1289] 10.0.0.100 () {32 vars in 716 bytes} [Thu May 28 23:12:40 2026] GET /v2.0/ports/893f7e1b-8fed-4a61-9d5b-38944195cbf1 => generated 132 bytes in 17 msecs (HTTP/1.1 404) 4 headers in 164 bytes (1 switches on core 0) [pid: 7|app: 0|req: 644/1290] 10.0.0.100 () {32 vars in 642 bytes} [Thu May 28 23:12:40 2026] GET /v2.0/ports => generated 1538 bytes in 35 msecs (HTTP/1.1 200) 4 headers in 158 bytes (1 switches on core 0) [pid: 7|app: 0|req: 645/1291] 10.0.0.100 () {32 vars in 716 bytes} [Thu May 28 23:12:40 2026] GET /v2.0/ports/e270f5ba-31e3-40fa-9319-1f0df6b74dc5 => generated 779 bytes in 29 msecs (HTTP/1.1 200) 4 headers in 157 bytes (1 switches on core 0)
2026-05-28 23:12:40.301 8 INFO neutron_taas.services.taas.taas_plugin [None req-d87a7c95-3aa1-42c3-8d4c-768fd92eaa41 1c8f44fe230841d184223064939aebfe 2fff465d8b6c44f5a2043e2924c93ee4 - - default default] TaaS: Handle Delete Port: cd477128-b287-4864-a61f-2401c419dc02
2026-05-28 23:12:40.304 8 INFO neutron_taas.services.taas.tap_mirror_plugin [None req-d87a7c95-3aa1-42c3-8d4c-768fd92eaa41 1c8f44fe230841d184223064939aebfe 2fff465d8b6c44f5a2043e2924c93ee4 - - default default] Tap Mirror: Handle Delete Port: cd477128-b287-4864-a61f-2401c419dc02
2026-05-28 23:12:40.513 7 INFO neutron.db.ovn_revision_numbers_db [None req-1dd3916a-6910-4350-89f9-d1811bcac5f4 3d90943fbe8f4bc69f83318f5be91320 a2820227c64a4f68b805eacc1a52b84c - - default default] Successfully bumped revision number for resource a9fa53ec-a216-4895-87ec-f3c960f30ecf (type: security_groups) to 1
2026-05-28 23:12:40.526 8 INFO neutron.services.segments.plugin [-] Segment ba86b211-22d3-4835-9b82-8b4f46575bc4 resource provider aggregate not found
2026-05-28 23:12:40.533 8 INFO neutron.services.segments.plugin [-] Segment ba86b211-22d3-4835-9b82-8b4f46575bc4 resource provider aggregate not found
2026-05-28 23:12:40.533 7 INFO neutron.db.ovn_revision_numbers_db [None req-1dd3916a-6910-4350-89f9-d1811bcac5f4 3d90943fbe8f4bc69f83318f5be91320 a2820227c64a4f68b805eacc1a52b84c - - default default] Successfully bumped revision number for resource 077c648d-13dd-4ea1-ab97-d02f703d123f (type: security_group_rules) to 0
2026-05-28 23:12:40.549 8 INFO neutron.services.segments.plugin [-] Segment ba86b211-22d3-4835-9b82-8b4f46575bc4 resource provider not found; error: Placement Client Error (4xx): {"errors": [{"status": 404, "title": "Not Found", "detail": "The resource could not be found.\n\n No resource provider with uuid ba86b211-22d3-4835-9b82-8b4f46575bc4 found for delete ", "request_id": "req-9e029b62-7e61-4f43-8846-d5352600d6dc"}]}
2026-05-28 23:12:40.549 8 INFO neutron.services.segments.plugin [-] Segment ba86b211-22d3-4835-9b82-8b4f46575bc4 resource provider not found; error: Placement Client Error (4xx): {"errors": [{"status": 404, "title": "Not Found", "detail": "The resource could not be found.\n\n No resource provider with uuid ba86b211-22d3-4835-9b82-8b4f46575bc4 found for delete ", "request_id": "req-40c8c8dd-0488-4710-afed-b02e752c32df"}]}
2026-05-28 23:12:40.556 7 INFO neutron.db.ovn_revision_numbers_db [None req-1dd3916a-6910-4350-89f9-d1811bcac5f4 3d90943fbe8f4bc69f83318f5be91320 a2820227c64a4f68b805eacc1a52b84c - - default default] Successfully bumped revision number for resource 25e63e3d-a32e-4d7f-bf69-9d0a355c00ce (type: security_group_rules) to 0
2026-05-28 23:12:40.574 7 INFO neutron.db.ovn_revision_numbers_db [None req-1dd3916a-6910-4350-89f9-d1811bcac5f4 3d90943fbe8f4bc69f83318f5be91320 a2820227c64a4f68b805eacc1a52b84c - - default default] Successfully bumped revision number for resource d9c0120a-1ab0-4d8e-b13f-d338052f6a1c (type: security_group_rules) to 0 [pid: 8|app: 0|req: 647/1292] 10.0.0.100 () {32 vars in 725 bytes} [Thu May 28 23:12:40 2026] DELETE /v2.0/networks/abb8096b-6d44-4171-8d90-1046cdbdab17 => generated 0 bytes in 416 msecs (HTTP/1.1 204) 3 headers in 131 bytes (1 switches on core 0)
2026-05-28 23:12:40.591 7 INFO neutron.db.ovn_revision_numbers_db [None req-1dd3916a-6910-4350-89f9-d1811bcac5f4 3d90943fbe8f4bc69f83318f5be91320 a2820227c64a4f68b805eacc1a52b84c - - default default] Successfully bumped revision number for resource fd86d5a2-2c0e-4ad4-b61b-247abcb7316b (type: security_group_rules) to 0
2026-05-28 23:12:40.598 8 INFO neutron.pecan_wsgi.hooks.translation [None req-aaa7d135-2482-4bfc-8654-a313252be41a fa3eeed85fec4c12b42081c1ddce6907 bd44b3157602426b9846f76b67489b46 - - default default] DELETE failed (client error): The resource could not be found. [pid: 8|app: 0|req: 648/1293] 10.0.0.100 () {32 vars in 719 bytes} [Thu May 28 23:12:40 2026] DELETE /v2.0/ports/002d2ffb-fbf4-4e19-b80f-922067555efc => generated 132 bytes in 16 msecs (HTTP/1.1 404) 4 headers in 164 bytes (1 switches on core 0) [pid: 7|app: 0|req: 646/1294] 10.0.0.100 () {32 vars in 773 bytes} [Thu May 28 23:12:40 2026] GET /v2.0/security-groups?tenant_id=962f510eeb95430f9731f5e7d9739a19&name=default => generated 2925 bytes in 378 msecs (HTTP/1.1 200) 4 headers in 158 bytes (1 switches on core 0)
2026-05-28 23:12:40.661 7 INFO neutron.pecan_wsgi.hooks.translation [None req-b229eb17-ea93-49b4-b72e-06c3b6e6417f fa3eeed85fec4c12b42081c1ddce6907 bd44b3157602426b9846f76b67489b46 - - default default] DELETE failed (client error): The resource could not be found. [pid: 7|app: 0|req: 647/1295] 10.0.0.100 () {32 vars in 723 bytes} [Thu May 28 23:12:40 2026] DELETE /v2.0/subnets/9ba5995e-0f2b-4981-aa23-480f41cf20e5 => generated 136 bytes in 21 msecs (HTTP/1.1 404) 4 headers in 164 bytes (1 switches on core 0)
2026-05-28 23:12:40.706 8 INFO neutron_taas.services.taas.taas_plugin [None req-d45ea3d8-185d-439a-94a0-888d22b83c01 1c8f44fe230841d184223064939aebfe 2fff465d8b6c44f5a2043e2924c93ee4 - - default default] TaaS: Handle Delete Port: 671d2c89-0df4-49c1-9c72-9502330659e5
2026-05-28 23:12:40.709 8 INFO neutron_taas.services.taas.tap_mirror_plugin [None req-d45ea3d8-185d-439a-94a0-888d22b83c01 1c8f44fe230841d184223064939aebfe 2fff465d8b6c44f5a2043e2924c93ee4 - - default default] Tap Mirror: Handle Delete Port: 671d2c89-0df4-49c1-9c72-9502330659e5 [pid: 7|app: 0|req: 648/1296] 10.0.0.100 () {32 vars in 739 bytes} [Thu May 28 23:12:40 2026] DELETE /v2.0/security-groups/a9fa53ec-a216-4895-87ec-f3c960f30ecf => generated 0 bytes in 266 msecs (HTTP/1.1 204) 2 headers in 112 bytes (1 switches on core 0)
2026-05-28 23:12:40.943 7 INFO neutron.pecan_wsgi.hooks.translation [None req-b5d2dbb8-9769-46a3-8d08-4e0daf789a97 fa3eeed85fec4c12b42081c1ddce6907 bd44b3157602426b9846f76b67489b46 - - default default] DELETE failed (client error): The resource could not be found. [pid: 7|app: 0|req: 649/1297] 10.0.0.100 () {32 vars in 723 bytes} [Thu May 28 23:12:40 2026] DELETE /v2.0/subnets/9edea482-369b-4ac4-95f4-8deb92a7c4b3 => generated 136 bytes in 12 msecs (HTTP/1.1 404) 4 headers in 164 bytes (1 switches on core 0) [pid: 8|app: 0|req: 649/1298] 10.0.0.100 () {32 vars in 725 bytes} [Thu May 28 23:12:40 2026] DELETE /v2.0/networks/884899ab-8d41-4739-b0f5-cdbeaab42f5e => generated 0 bytes in 363 msecs (HTTP/1.1 204) 3 headers in 131 bytes (1 switches on core 0)
2026-05-28 23:12:41.062 7 INFO neutron_taas.services.taas.taas_plugin [None req-9b80fbda-9dab-4885-b9ef-b19d8938a7a4 fa3eeed85fec4c12b42081c1ddce6907 bd44b3157602426b9846f76b67489b46 - - default default] TaaS: Handle Delete Port: e270f5ba-31e3-40fa-9319-1f0df6b74dc5
2026-05-28 23:12:41.065 7 INFO neutron_taas.services.taas.tap_mirror_plugin [None req-9b80fbda-9dab-4885-b9ef-b19d8938a7a4 fa3eeed85fec4c12b42081c1ddce6907 bd44b3157602426b9846f76b67489b46 - - default default] Tap Mirror: Handle Delete Port: e270f5ba-31e3-40fa-9319-1f0df6b74dc5
2026-05-28 23:12:41.075 8 INFO neutron_taas.services.taas.taas_plugin [None req-b57125ea-6acc-4441-8202-2b4e97537ea9 1c8f44fe230841d184223064939aebfe 2fff465d8b6c44f5a2043e2924c93ee4 - - default default] TaaS: Handle Delete Port: b0312831-0c22-4f52-9b8b-5497d7499b4d
2026-05-28 23:12:41.078 8 INFO neutron_taas.services.taas.tap_mirror_plugin [None req-b57125ea-6acc-4441-8202-2b4e97537ea9 1c8f44fe230841d184223064939aebfe 2fff465d8b6c44f5a2043e2924c93ee4 - - default default] Tap Mirror: Handle Delete Port: b0312831-0c22-4f52-9b8b-5497d7499b4d [pid: 7|app: 0|req: 650/1299] 10.0.0.100 () {32 vars in 719 bytes} [Thu May 28 23:12:40 2026] DELETE /v2.0/ports/e270f5ba-31e3-40fa-9319-1f0df6b74dc5 => generated 0 bytes in 237 msecs (HTTP/1.1 204) 3 headers in 131 bytes (1 switches on core 0) [pid: 8|app: 0|req: 650/1300] 10.0.0.100 () {32 vars in 725 bytes} [Thu May 28 23:12:40 2026] DELETE /v2.0/networks/f497dc28-832b-4061-82b4-9e8a8a24a720 => generated 0 bytes in 366 msecs (HTTP/1.1 204) 3 headers in 131 bytes (1 switches on core 0)
2026-05-28 23:12:41.340 7 INFO neutron.db.ovn_revision_numbers_db [None req-07134195-a9cf-4c63-8efc-ffe1b0fa920f 3d90943fbe8f4bc69f83318f5be91320 a2820227c64a4f68b805eacc1a52b84c - - default default] Successfully bumped revision number for resource 2a7b700f-796b-4a13-a140-4d967b2c77f3 (type: security_groups) to 1
2026-05-28 23:12:41.357 7 INFO neutron.db.ovn_revision_numbers_db [None req-07134195-a9cf-4c63-8efc-ffe1b0fa920f 3d90943fbe8f4bc69f83318f5be91320 a2820227c64a4f68b805eacc1a52b84c - - default default] Successfully bumped revision number for resource 11d24537-2121-4e69-bf9b-9e8caab784a1 (type: security_group_rules) to 0
2026-05-28 23:12:41.376 7 INFO neutron.db.ovn_revision_numbers_db [None req-07134195-a9cf-4c63-8efc-ffe1b0fa920f 3d90943fbe8f4bc69f83318f5be91320 a2820227c64a4f68b805eacc1a52b84c - - default default] Successfully bumped revision number for resource 5de9d8bc-ee82-4d87-9df7-91529135aa08 (type: security_group_rules) to 0
2026-05-28 23:12:41.390 7 INFO neutron.db.ovn_revision_numbers_db [None req-07134195-a9cf-4c63-8efc-ffe1b0fa920f 3d90943fbe8f4bc69f83318f5be91320 a2820227c64a4f68b805eacc1a52b84c - - default default] Successfully bumped revision number for resource 7f966824-a2d8-4080-836a-df3976db92fb (type: security_group_rules) to 0
2026-05-28 23:12:41.414 7 INFO neutron.db.ovn_revision_numbers_db [None req-07134195-a9cf-4c63-8efc-ffe1b0fa920f 3d90943fbe8f4bc69f83318f5be91320 a2820227c64a4f68b805eacc1a52b84c - - default default] Successfully bumped revision number for resource 901c83fc-e256-4850-b2c3-fa41d145f482 (type: security_group_rules) to 0
2026-05-28 23:12:41.444 7 WARNING neutron.plugins.ml2.drivers.ovn.mech_driver.ovsdb.ovn_client [None req-713b20bd-aecc-4be4-85c5-5f79fb19b291 - - - - - -] No hosting information found for port 5613299a-8d19-4931-970b-c6354cbe9e70: RuntimeError: No hosting information found for port 5613299a-8d19-4931-970b-c6354cbe9e70
2026-05-28 23:12:41.446 8 INFO neutron_taas.services.taas.taas_plugin [None req-7abdace1-1ce5-43e3-8478-a708012b0b87 fa3eeed85fec4c12b42081c1ddce6907 bd44b3157602426b9846f76b67489b46 - - default default] TaaS: Handle Delete Port: a15fc02e-cd34-494d-8aea-3b8442a9264d
2026-05-28 23:12:41.449 8 INFO neutron_taas.services.taas.tap_mirror_plugin [None req-7abdace1-1ce5-43e3-8478-a708012b0b87 fa3eeed85fec4c12b42081c1ddce6907 bd44b3157602426b9846f76b67489b46 - - default default] Tap Mirror: Handle Delete Port: a15fc02e-cd34-494d-8aea-3b8442a9264d [pid: 7|app: 0|req: 651/1301] 10.0.0.100 () {32 vars in 773 bytes} [Thu May 28 23:12:41 2026] GET /v2.0/security-groups?tenant_id=48c20bf54ee24fe9a7246fa7e4183e61&name=default => generated 2925 bytes in 280 msecs (HTTP/1.1 200) 4 headers in 158 bytes (1 switches on core 0)
2026-05-28 23:12:41.605 7 INFO neutron.db.ovn_revision_numbers_db [None req-713b20bd-aecc-4be4-85c5-5f79fb19b291 - - - - - -] Successfully bumped revision number for resource 5613299a-8d19-4931-970b-c6354cbe9e70 (type: router_ports) to 2
2026-05-28 23:12:41.687 7 INFO neutron_taas.services.taas.taas_plugin [None req-94ffe66b-c721-4004-baef-9d6f11e31f51 1c8f44fe230841d184223064939aebfe 2fff465d8b6c44f5a2043e2924c93ee4 - - default default] TaaS: Handle Delete Port: 1f77ca83-c05c-43b2-b8e3-bb21f72cf2da
2026-05-28 23:12:41.692 7 INFO neutron_taas.services.taas.tap_mirror_plugin [None req-94ffe66b-c721-4004-baef-9d6f11e31f51 1c8f44fe230841d184223064939aebfe 2fff465d8b6c44f5a2043e2924c93ee4 - - default default] Tap Mirror: Handle Delete Port: 1f77ca83-c05c-43b2-b8e3-bb21f72cf2da
2026-05-28 23:12:41.697 7 INFO neutron.plugins.ml2.drivers.ovn.mech_driver.mech_driver [None req-713b20bd-aecc-4be4-85c5-5f79fb19b291 - - - - - -] OVN reports status down for port: 671d2c89-0df4-49c1-9c72-9502330659e5 [pid: 8|app: 0|req: 651/1302] 10.0.0.100 () {32 vars in 725 bytes} [Thu May 28 23:12:41 2026] DELETE /v2.0/networks/5c3187ba-4f3c-4dc7-9056-d5c767d7789d => generated 0 bytes in 458 msecs (HTTP/1.1 204) 3 headers in 131 bytes (1 switches on core 0)
2026-05-28 23:12:41.910 7 INFO neutron.services.segments.plugin [-] Segment 5afa0155-6bc8-4e93-8384-b4eb5ad078cc resource provider aggregate not found
2026-05-28 23:12:41.916 7 INFO neutron.services.segments.plugin [-] Segment 5afa0155-6bc8-4e93-8384-b4eb5ad078cc resource provider aggregate not found
2026-05-28 23:12:41.937 7 INFO neutron.services.segments.plugin [-] Segment 5afa0155-6bc8-4e93-8384-b4eb5ad078cc resource provider not found; error: Placement Client Error (4xx): {"errors": [{"status": 404, "title": "Not Found", "detail": "The resource could not be found.\n\n No resource provider with uuid 5afa0155-6bc8-4e93-8384-b4eb5ad078cc found for delete ", "request_id": "req-4ba266f1-b423-433a-8da2-e58043092a4a"}]}
2026-05-28 23:12:41.940 7 INFO neutron.services.segments.plugin [-] Segment 5afa0155-6bc8-4e93-8384-b4eb5ad078cc resource provider not found; error: Placement Client Error (4xx): {"errors": [{"status": 404, "title": "Not Found", "detail": "The resource could not be found.\n\n No resource provider with uuid 5afa0155-6bc8-4e93-8384-b4eb5ad078cc found for delete ", "request_id": "req-1ee5c2ae-cff5-413a-a577-e206aca75979"}]} [pid: 7|app: 0|req: 652/1303] 10.0.0.100 () {32 vars in 725 bytes} [Thu May 28 23:12:41 2026] DELETE /v2.0/networks/db64c9bb-0a60-45d2-a27f-798ed60d49cb => generated 0 bytes in 504 msecs (HTTP/1.1 204) 3 headers in 131 bytes (1 switches on core 0) [pid: 8|app: 0|req: 652/1304] 10.0.0.100 () {32 vars in 739 bytes} [Thu May 28 23:12:41 2026] DELETE /v2.0/security-groups/2a7b700f-796b-4a13-a140-4d967b2c77f3 => generated 0 bytes in 270 msecs (HTTP/1.1 204) 2 headers in 112 bytes (1 switches on core 0) [pid: 7|app: 0|req: 653/1305] 10.0.0.100 () {32 vars in 773 bytes} [Thu May 28 23:12:42 2026] GET /v2.0/security-groups?tenant_id=bd44b3157602426b9846f76b67489b46&name=default => generated 2925 bytes in 234 msecs (HTTP/1.1 200) 4 headers in 158 bytes (1 switches on core 0)
2026-05-28 23:12:42.574 8 INFO neutron.services.segments.plugin [-] Segment 3b607661-eb10-4ad5-a687-aa1348d06785 resource provider aggregate not found
2026-05-28 23:12:42.586 8 INFO neutron.services.segments.plugin [-] Segment 3b607661-eb10-4ad5-a687-aa1348d06785 resource provider aggregate not found
2026-05-28 23:12:42.590 8 INFO neutron.services.segments.plugin [-] Segment 3b607661-eb10-4ad5-a687-aa1348d06785 resource provider not found; error: Placement Client Error (4xx): {"errors": [{"status": 404, "title": "Not Found", "detail": "The resource could not be found.\n\n No resource provider with uuid 3b607661-eb10-4ad5-a687-aa1348d06785 found for delete ", "request_id": "req-7d07261d-f148-4187-b0bd-e8b6ae5e9825"}]}
2026-05-28 23:12:42.602 8 INFO neutron.services.segments.plugin [-] Segment 932ce27a-3dc4-45c0-bdb7-f7da23988e5d resource provider aggregate not found
2026-05-28 23:12:42.615 8 INFO neutron.services.segments.plugin [-] Segment 3b607661-eb10-4ad5-a687-aa1348d06785 resource provider not found; error: Placement Client Error (4xx): {"errors": [{"status": 404, "title": "Not Found", "detail": "The resource could not be found.\n\n No resource provider with uuid 3b607661-eb10-4ad5-a687-aa1348d06785 found for delete ", "request_id": "req-4f6f08bd-924a-457a-948a-2ccfdebb0cff"}]}
2026-05-28 23:12:42.620 8 INFO neutron.services.segments.plugin [-] Segment 932ce27a-3dc4-45c0-bdb7-f7da23988e5d resource provider not found; error: Placement Client Error (4xx): {"errors": [{"status": 404, "title": "Not Found", "detail": "The resource could not be found.\n\n No resource provider with uuid 932ce27a-3dc4-45c0-bdb7-f7da23988e5d found for delete ", "request_id": "req-1771215d-f4e2-45d1-86ef-fe9240958d62"}]}
2026-05-28 23:12:42.636 8 INFO neutron.services.segments.plugin [-] Segment 932ce27a-3dc4-45c0-bdb7-f7da23988e5d resource provider aggregate not found
2026-05-28 23:12:42.637 8 INFO neutron.services.segments.plugin [-] Segment d8dc19d4-ac08-47f3-bcae-f900e2345dcc resource provider aggregate not found
2026-05-28 23:12:42.657 8 INFO neutron.services.segments.plugin [-] Segment d8dc19d4-ac08-47f3-bcae-f900e2345dcc resource provider not found; error: Placement Client Error (4xx): {"errors": [{"status": 404, "title": "Not Found", "detail": "The resource could not be found.\n\n No resource provider with uuid d8dc19d4-ac08-47f3-bcae-f900e2345dcc found for delete ", "request_id": "req-f9cf8b1f-710f-46b6-be00-8d66590dad83"}]}
2026-05-28 23:12:42.663 8 INFO neutron.services.segments.plugin [-] Segment 932ce27a-3dc4-45c0-bdb7-f7da23988e5d resource provider not found; error: Placement Client Error (4xx): {"errors": [{"status": 404, "title": "Not Found", "detail": "The resource could not be found.\n\n No resource provider with uuid 932ce27a-3dc4-45c0-bdb7-f7da23988e5d found for delete ", "request_id": "req-e31b6dac-8854-4dd6-ad72-9aec2d03d753"}]} [pid: 8|app: 0|req: 653/1306] 10.0.0.100 () {32 vars in 773 bytes} [Thu May 28 23:12:42 2026] GET /v2.0/security-groups?tenant_id=2fff465d8b6c44f5a2043e2924c93ee4&name=default => generated 2925 bytes in 125 msecs (HTTP/1.1 200) 4 headers in 158 bytes (1 switches on core 0)
2026-05-28 23:12:42.682 8 INFO neutron.services.segments.plugin [-] Segment d8dc19d4-ac08-47f3-bcae-f900e2345dcc resource provider aggregate not found
2026-05-28 23:12:42.698 8 INFO neutron.services.segments.plugin [-] Segment d8dc19d4-ac08-47f3-bcae-f900e2345dcc resource provider not found; error: Placement Client Error (4xx): {"errors": [{"status": 404, "title": "Not Found", "detail": "The resource could not be found.\n\n No resource provider with uuid d8dc19d4-ac08-47f3-bcae-f900e2345dcc found for delete ", "request_id": "req-b205e0f0-1fdb-45db-9704-07e2b6a34ea7"}]} [pid: 7|app: 0|req: 654/1307] 10.0.0.100 () {32 vars in 739 bytes} [Thu May 28 23:12:42 2026] DELETE /v2.0/security-groups/202ed99a-9b84-486d-8feb-4c927a57bf6b => generated 0 bytes in 259 msecs (HTTP/1.1 204) 2 headers in 112 bytes (1 switches on core 0) [pid: 8|app: 0|req: 654/1308] 10.0.0.100 () {32 vars in 739 bytes} [Thu May 28 23:12:42 2026] DELETE /v2.0/security-groups/7fcbca61-7aeb-4446-b13e-5814b767ba40 => generated 0 bytes in 330 msecs (HTTP/1.1 204) 2 headers in 112 bytes (1 switches on core 0) [pid: 7|app: 0|req: 655/1309] 10.0.0.89 () {28 vars in 581 bytes} [Thu May 28 23:12:43 2026] GET /v2.0/subnets => generated 1993 bytes in 301 msecs (HTTP/1.1 200) 4 headers in 158 bytes (1 switches on core 0) [pid: 8|app: 0|req: 655/1310] 10.0.0.89 () {28 vars in 589 bytes} [Thu May 28 23:12:43 2026] GET /v2.0/subnetpools => generated 19 bytes in 11 msecs (HTTP/1.1 200) 4 headers in 156 bytes (1 switches on core 0) [pid: 7|app: 0|req: 656/1311] 10.0.0.89 () {28 vars in 577 bytes} [Thu May 28 23:12:43 2026] GET /v2.0/ports => generated 9390 bytes in 89 msecs (HTTP/1.1 200) 4 headers in 158 bytes (1 switches on core 0) [pid: 8|app: 0|req: 656/1312] 10.0.0.89 () {28 vars in 579 bytes} [Thu May 28 23:12:43 2026] GET /v2.0/agents => generated 1214 bytes in 32 msecs (HTTP/1.1 200) 4 headers in 158 bytes (1 switches on core 0) [pid: 7|app: 0|req: 657/1313] 10.0.0.89 () {28 vars in 617 bytes} [Thu May 28 23:12:43 2026] GET /v2.0/network-ip-availabilities => generated 1590 bytes in 24 msecs (HTTP/1.1 200) 4 headers in 158 bytes (1 switches on core 0) [pid: 8|app: 0|req: 657/1314] 10.0.0.21 () {34 vars in 1096 bytes} [Thu May 28 23:12:43 2026] GET /v2.0/security-groups?name=tempest-securitygroup--714272056&fields=id&tenant_id=7274f96bd3bb44f08ad97a58cb1316e4 => generated 69 bytes in 48 msecs (HTTP/1.1 200) 4 headers in 156 bytes (1 switches on core 0) [pid: 7|app: 0|req: 658/1315] 10.0.0.89 () {28 vars in 589 bytes} [Thu May 28 23:12:43 2026] GET /v2.0/floatingips => generated 555 bytes in 25 msecs (HTTP/1.1 200) 4 headers in 157 bytes (1 switches on core 0) [pid: 7|app: 0|req: 659/1316] 10.0.0.21 () {34 vars in 980 bytes} [Thu May 28 23:12:43 2026] GET /v2.0/networks?id=2fb1e09d-35d3-47b7-bf7c-883424fabe44 => generated 718 bytes in 47 msecs (HTTP/1.1 200) 4 headers in 157 bytes (1 switches on core 0) [pid: 8|app: 0|req: 658/1317] 10.0.0.89 () {28 vars in 583 bytes} [Thu May 28 23:12:43 2026] GET /v2.0/networks => generated 3091 bytes in 61 msecs (HTTP/1.1 200) 4 headers in 158 bytes (1 switches on core 0) [pid: 7|app: 0|req: 660/1318] 10.0.0.21 () {34 vars in 963 bytes} [Thu May 28 23:12:43 2026] GET /v2.0/quotas/7274f96bd3bb44f08ad97a58cb1316e4 => generated 292 bytes in 7 msecs (HTTP/1.1 200) 4 headers in 157 bytes (1 switches on core 0) [pid: 7|app: 0|req: 661/1319] 10.0.0.89 () {28 vars in 597 bytes} [Thu May 28 23:12:43 2026] GET /v2.0/security-groups => generated 23166 bytes in 41 msecs (HTTP/1.1 200) 4 headers in 159 bytes (1 switches on core 0) [pid: 8|app: 0|req: 659/1322] 10.0.0.21 () {34 vars in 1000 bytes} [Thu May 28 23:12:43 2026] GET /v2.0/ports?tenant_id=7274f96bd3bb44f08ad97a58cb1316e4&fields=id => generated 103 bytes in 83 msecs (HTTP/1.1 200) 4 headers in 157 bytes (1 switches on core 0) [pid: 7|app: 0|req: 664/1323] 10.0.0.89 () {28 vars in 581 bytes} [Thu May 28 23:12:43 2026] GET /v2.0/subnets => generated 1993 bytes in 42 msecs (HTTP/1.1 200) 4 headers in 158 bytes (1 switches on core 0) [pid: 8|app: 0|req: 660/1324] 10.0.0.21 () {34 vars in 1006 bytes} [Thu May 28 23:12:44 2026] GET /v2.0/networks/2fb1e09d-35d3-47b7-bf7c-883424fabe44?fields=segments => generated 14 bytes in 52 msecs (HTTP/1.1 200) 4 headers in 156 bytes (1 switches on core 0) [pid: 7|app: 0|req: 665/1325] 10.0.0.89 () {28 vars in 581 bytes} [Thu May 28 23:12:44 2026] GET /v2.0/routers => generated 982 bytes in 57 msecs (HTTP/1.1 200) 4 headers in 157 bytes (1 switches on core 0) [pid: 7|app: 0|req: 666/1326] 10.0.0.89 () {28 vars in 622 bytes} [Thu May 28 23:12:44 2026] GET /v2.0/agents?binary=ovn-controller => generated 416 bytes in 13 msecs (HTTP/1.1 200) 4 headers in 157 bytes (1 switches on core 0) [pid: 8|app: 0|req: 661/1327] 10.0.0.21 () {34 vars in 1106 bytes} [Thu May 28 23:12:44 2026] GET /v2.0/networks/2fb1e09d-35d3-47b7-bf7c-883424fabe44?fields=provider%3Aphysical_network&fields=provider%3Anetwork_type => generated 79 bytes in 42 msecs (HTTP/1.1 200) 4 headers in 156 bytes (1 switches on core 0) [pid: 7|app: 0|req: 667/1328] 10.0.0.21 () {34 vars in 988 bytes} [Thu May 28 23:12:44 2026] GET /v2.0/ports?device_id=10d3be42-6566-4e1f-b254-44891b7e818f => generated 12 bytes in 22 msecs (HTTP/1.1 200) 4 headers in 156 bytes (1 switches on core 0)
2026-05-28 23:12:44.790 8 INFO neutron.db.ovn_revision_numbers_db [None req-9adea200-fad9-4af8-ad85-890928c718ab 732f50ef221644e0815e987b6aeed2a2 8ca7edab4a8244adb9798db3d35f9fb5 - - default default] Successfully bumped revision number for resource ec7ba373-43e1-4664-a01b-b6edeca70253 (type: security_groups) to 1
2026-05-28 23:12:44.804 8 INFO neutron.db.ovn_revision_numbers_db [None req-9adea200-fad9-4af8-ad85-890928c718ab 732f50ef221644e0815e987b6aeed2a2 8ca7edab4a8244adb9798db3d35f9fb5 - - default default] Successfully bumped revision number for resource 3ec35d32-fe5c-4973-9efc-a41e565ae259 (type: security_group_rules) to 0
2026-05-28 23:12:44.821 8 INFO neutron.db.ovn_revision_numbers_db [None req-9adea200-fad9-4af8-ad85-890928c718ab 732f50ef221644e0815e987b6aeed2a2 8ca7edab4a8244adb9798db3d35f9fb5 - - default default] Successfully bumped revision number for resource a22ab490-4625-4c53-85ff-b0eb22510380 (type: security_group_rules) to 0
2026-05-28 23:12:44.841 8 INFO neutron.db.ovn_revision_numbers_db [None req-9adea200-fad9-4af8-ad85-890928c718ab 732f50ef221644e0815e987b6aeed2a2 8ca7edab4a8244adb9798db3d35f9fb5 - - default default] Successfully bumped revision number for resource b3c20484-6356-49b3-8e8c-8614ce6829ac (type: security_group_rules) to 0
2026-05-28 23:12:44.860 8 INFO neutron.db.ovn_revision_numbers_db [None req-9adea200-fad9-4af8-ad85-890928c718ab 732f50ef221644e0815e987b6aeed2a2 8ca7edab4a8244adb9798db3d35f9fb5 - - default default] Successfully bumped revision number for resource c421caed-a878-4b76-bf79-8e07d3dfd737 (type: security_group_rules) to 0
2026-05-28 23:12:44.936 8 INFO neutron.db.segments_db [None req-9adea200-fad9-4af8-ad85-890928c718ab 732f50ef221644e0815e987b6aeed2a2 8ca7edab4a8244adb9798db3d35f9fb5 - - default default] Added segment afaa195f-11f1-4efe-a614-10c3b499c188 of type geneve for network 3d55f7d9-61e7-4da7-a930-26740cf6e612
2026-05-28 23:12:44.985 7 INFO neutron.db.ovn_revision_numbers_db [None req-6e1ecc3c-dd88-4c2a-8e11-70e86e5fb8f0 7b4dc774a6154af59a704e64adf1cfa6 dfabd31b357d4f0cb98912f125e5d3b9 - - default default] Successfully bumped revision number for resource 70fa37b6-f31c-4d27-8620-26f9f0767317 (type: security_groups) to 1
2026-05-28 23:12:45.000 7 INFO neutron.db.ovn_revision_numbers_db [None req-6e1ecc3c-dd88-4c2a-8e11-70e86e5fb8f0 7b4dc774a6154af59a704e64adf1cfa6 dfabd31b357d4f0cb98912f125e5d3b9 - - default default] Successfully bumped revision number for resource 0e4d8506-bd43-4c88-962c-92498e264cd9 (type: security_group_rules) to 0
2026-05-28 23:12:45.016 7 INFO neutron.db.ovn_revision_numbers_db [None req-6e1ecc3c-dd88-4c2a-8e11-70e86e5fb8f0 7b4dc774a6154af59a704e64adf1cfa6 dfabd31b357d4f0cb98912f125e5d3b9 - - default default] Successfully bumped revision number for resource 2bc839f9-efde-416f-b27c-43740aefba54 (type: security_group_rules) to 0
2026-05-28 23:12:45.039 7 INFO neutron.db.ovn_revision_numbers_db [None req-6e1ecc3c-dd88-4c2a-8e11-70e86e5fb8f0 7b4dc774a6154af59a704e64adf1cfa6 dfabd31b357d4f0cb98912f125e5d3b9 - - default default] Successfully bumped revision number for resource a79808ac-d59d-4ae0-a4ca-c08b0fe0454d (type: security_group_rules) to 0
2026-05-28 23:12:45.057 7 INFO neutron.db.ovn_revision_numbers_db [None req-6e1ecc3c-dd88-4c2a-8e11-70e86e5fb8f0 7b4dc774a6154af59a704e64adf1cfa6 dfabd31b357d4f0cb98912f125e5d3b9 - - default default] Successfully bumped revision number for resource eff9dba9-8fff-4556-aa42-31c7ddc8dc8e (type: security_group_rules) to 0
2026-05-28 23:12:45.066 8 INFO neutron.db.ovn_revision_numbers_db [None req-9adea200-fad9-4af8-ad85-890928c718ab 732f50ef221644e0815e987b6aeed2a2 8ca7edab4a8244adb9798db3d35f9fb5 - - default default] Successfully bumped revision number for resource 3d55f7d9-61e7-4da7-a930-26740cf6e612 (type: networks) to 1
2026-05-28 23:12:45.226 7 INFO neutron.db.segments_db [None req-6e1ecc3c-dd88-4c2a-8e11-70e86e5fb8f0 7b4dc774a6154af59a704e64adf1cfa6 dfabd31b357d4f0cb98912f125e5d3b9 - - default default] Added segment 98049865-be04-48c1-b977-8187c3283aa1 of type geneve for network 4a48bf9a-dd3b-4e29-ba18-f35b9cc882da
2026-05-28 23:12:45.297 7 INFO neutron.db.segments_db [None req-6e1ecc3c-dd88-4c2a-8e11-70e86e5fb8f0 7b4dc774a6154af59a704e64adf1cfa6 dfabd31b357d4f0cb98912f125e5d3b9 - - default default] Added segment a26d38c7-5f29-43ff-9434-15a8a3368548 of type geneve for network 42079943-30b8-43d5-b65e-cc374eb4e976
2026-05-28 23:12:45.316 8 WARNING neutron.scheduler.dhcp_agent_scheduler [None req-9adea200-fad9-4af8-ad85-890928c718ab 732f50ef221644e0815e987b6aeed2a2 8ca7edab4a8244adb9798db3d35f9fb5 - - default default] No more DHCP agents
2026-05-28 23:12:45.317 8 WARNING neutron.api.rpc.agentnotifiers.dhcp_rpc_agent_api [None req-9adea200-fad9-4af8-ad85-890928c718ab 732f50ef221644e0815e987b6aeed2a2 8ca7edab4a8244adb9798db3d35f9fb5 - - default default] Unable to schedule network 3d55f7d9-61e7-4da7-a930-26740cf6e612: no agents available; will retry on subsequent port and subnet creation events.
2026-05-28 23:12:45.357 8 INFO neutron.plugins.ml2.drivers.ovn.mech_driver.mech_driver [None req-a718ef18-9fca-4c00-a09e-f676b36b0813 - - - - - -] OVN reports status down for port: bcd84e65-a9d2-4e5b-b63f-4534798078a0
2026-05-28 23:12:45.409 7 INFO neutron.db.ovn_revision_numbers_db [None req-6e1ecc3c-dd88-4c2a-8e11-70e86e5fb8f0 7b4dc774a6154af59a704e64adf1cfa6 dfabd31b357d4f0cb98912f125e5d3b9 - - default default] Successfully bumped revision number for resource 4a48bf9a-dd3b-4e29-ba18-f35b9cc882da (type: networks) to 1
2026-05-28 23:12:45.437 8 INFO neutron.db.ovn_revision_numbers_db [None req-9adea200-fad9-4af8-ad85-890928c718ab 732f50ef221644e0815e987b6aeed2a2 8ca7edab4a8244adb9798db3d35f9fb5 - - default default] Successfully bumped revision number for resource bcd84e65-a9d2-4e5b-b63f-4534798078a0 (type: ports) to 1 [pid: 8|app: 0|req: 662/1329] 10.0.0.100 () {34 vars in 669 bytes} [Thu May 28 23:12:44 2026] POST /v2.0/networks => generated 682 bytes in 955 msecs (HTTP/1.1 201) 4 headers in 162 bytes (1 switches on core 0) [pid: 8|app: 0|req: 663/1330] 10.0.0.21 () {34 vars in 988 bytes} [Thu May 28 23:12:45 2026] GET /v2.0/ports?device_id=10d3be42-6566-4e1f-b254-44891b7e818f => generated 12 bytes in 19 msecs (HTTP/1.1 200) 4 headers in 156 bytes (1 switches on core 0)
2026-05-28 23:12:45.589 7 WARNING neutron.scheduler.dhcp_agent_scheduler [None req-6e1ecc3c-dd88-4c2a-8e11-70e86e5fb8f0 7b4dc774a6154af59a704e64adf1cfa6 dfabd31b357d4f0cb98912f125e5d3b9 - - default default] No more DHCP agents
2026-05-28 23:12:45.591 7 WARNING neutron.api.rpc.agentnotifiers.dhcp_rpc_agent_api [None req-6e1ecc3c-dd88-4c2a-8e11-70e86e5fb8f0 7b4dc774a6154af59a704e64adf1cfa6 dfabd31b357d4f0cb98912f125e5d3b9 - - default default] Unable to schedule network 4a48bf9a-dd3b-4e29-ba18-f35b9cc882da: no agents available; will retry on subsequent port and subnet creation events.
2026-05-28 23:12:45.636 8 INFO neutron.plugins.ml2.drivers.ovn.mech_driver.mech_driver [None req-a718ef18-9fca-4c00-a09e-f676b36b0813 - - - - - -] OVN reports status down for port: 930298f5-0c56-4dd0-b575-59c60de70cca
2026-05-28 23:12:45.665 7 INFO neutron.db.ovn_revision_numbers_db [None req-6e1ecc3c-dd88-4c2a-8e11-70e86e5fb8f0 7b4dc774a6154af59a704e64adf1cfa6 dfabd31b357d4f0cb98912f125e5d3b9 - - default default] Successfully bumped revision number for resource 930298f5-0c56-4dd0-b575-59c60de70cca (type: ports) to 1
2026-05-28 23:12:45.733 7 INFO neutron.db.ovn_revision_numbers_db [None req-6e1ecc3c-dd88-4c2a-8e11-70e86e5fb8f0 7b4dc774a6154af59a704e64adf1cfa6 dfabd31b357d4f0cb98912f125e5d3b9 - - default default] Successfully bumped revision number for resource 42079943-30b8-43d5-b65e-cc374eb4e976 (type: networks) to 1
2026-05-28 23:12:45.803 8 WARNING neutron.scheduler.dhcp_agent_scheduler [None req-35d0bfcd-0884-44be-a6b6-a405c8f6e8ce 732f50ef221644e0815e987b6aeed2a2 8ca7edab4a8244adb9798db3d35f9fb5 - - default default] No more DHCP agents
2026-05-28 23:12:45.805 8 WARNING neutron.api.rpc.agentnotifiers.dhcp_rpc_agent_api [None req-35d0bfcd-0884-44be-a6b6-a405c8f6e8ce 732f50ef221644e0815e987b6aeed2a2 8ca7edab4a8244adb9798db3d35f9fb5 - - default default] Unable to schedule network 3d55f7d9-61e7-4da7-a930-26740cf6e612: no agents available; will retry on subsequent port and subnet creation events.
2026-05-28 23:12:45.853 8 INFO neutron.plugins.ml2.drivers.ovn.mech_driver.mech_driver [None req-a718ef18-9fca-4c00-a09e-f676b36b0813 - - - - - -] OVN reports status down for port: 2aba0eed-536c-4be8-928e-3398dc7c5aff
2026-05-28 23:12:45.912 8 INFO neutron.db.ovn_revision_numbers_db [None req-35d0bfcd-0884-44be-a6b6-a405c8f6e8ce 732f50ef221644e0815e987b6aeed2a2 8ca7edab4a8244adb9798db3d35f9fb5 - - default default] Successfully bumped revision number for resource 2aba0eed-536c-4be8-928e-3398dc7c5aff (type: ports) to 1
2026-05-28 23:12:45.917 7 WARNING neutron.scheduler.dhcp_agent_scheduler [None req-6e1ecc3c-dd88-4c2a-8e11-70e86e5fb8f0 7b4dc774a6154af59a704e64adf1cfa6 dfabd31b357d4f0cb98912f125e5d3b9 - - default default] No more DHCP agents
2026-05-28 23:12:45.919 7 WARNING neutron.api.rpc.agentnotifiers.dhcp_rpc_agent_api [None req-6e1ecc3c-dd88-4c2a-8e11-70e86e5fb8f0 7b4dc774a6154af59a704e64adf1cfa6 dfabd31b357d4f0cb98912f125e5d3b9 - - default default] Unable to schedule network 42079943-30b8-43d5-b65e-cc374eb4e976: no agents available; will retry on subsequent port and subnet creation events.
2026-05-28 23:12:45.984 8 INFO neutron.plugins.ml2.drivers.ovn.mech_driver.mech_driver [None req-a718ef18-9fca-4c00-a09e-f676b36b0813 - - - - - -] OVN reports status down for port: 0b45e0e4-f0ac-4da1-a79b-44da20cb86f1
2026-05-28 23:12:45.990 7 INFO neutron.db.ovn_revision_numbers_db [None req-6e1ecc3c-dd88-4c2a-8e11-70e86e5fb8f0 7b4dc774a6154af59a704e64adf1cfa6 dfabd31b357d4f0cb98912f125e5d3b9 - - default default] Successfully bumped revision number for resource 0b45e0e4-f0ac-4da1-a79b-44da20cb86f1 (type: ports) to 1 [pid: 7|app: 0|req: 668/1331] 10.0.0.100 () {34 vars in 669 bytes} [Thu May 28 23:12:44 2026] POST /v2.0/networks => generated 1322 bytes in 1209 msecs (HTTP/1.1 201) 4 headers in 163 bytes (1 switches on core 0) [pid: 8|app: 0|req: 664/1332] 10.0.0.100 () {34 vars in 664 bytes} [Thu May 28 23:12:45 2026] POST /v2.0/ports => generated 775 bytes in 506 msecs (HTTP/1.1 201) 4 headers in 162 bytes (1 switches on core 0) /var/lib/openstack/lib/python3.12/site-packages/pycadf/identifier.py:70: UserWarning: Invalid uuid: neutron. To ensure interoperability, identifiers should be a valid uuid. warnings.warn(('Invalid uuid: %s. To ensure interoperability, ' [pid: 7|app: 0|req: 669/1333] 10.0.0.100 () {32 vars in 648 bytes} [Thu May 28 23:12:46 2026] GET /v2.0/networks => generated 1971 bytes in 56 msecs (HTTP/1.1 200) 4 headers in 158 bytes (1 switches on core 0)
2026-05-28 23:12:46.139 8 INFO neutron.db.segments_db [None req-d0de485f-60f4-43d6-890f-583757045f32 732f50ef221644e0815e987b6aeed2a2 8ca7edab4a8244adb9798db3d35f9fb5 - - default default] Added segment 15974281-f27d-40f7-905b-06e7906eb049 of type geneve for network a65cdaff-a24b-4650-9177-956342604462
2026-05-28 23:12:46.199 7 INFO neutron_taas.services.taas.taas_plugin [None req-99dcf26b-ceba-431d-989c-f8cf3b930498 7b4dc774a6154af59a704e64adf1cfa6 dfabd31b357d4f0cb98912f125e5d3b9 - - default default] TaaS: Handle Delete Port: 930298f5-0c56-4dd0-b575-59c60de70cca
2026-05-28 23:12:46.201 7 INFO neutron_taas.services.taas.tap_mirror_plugin [None req-99dcf26b-ceba-431d-989c-f8cf3b930498 7b4dc774a6154af59a704e64adf1cfa6 dfabd31b357d4f0cb98912f125e5d3b9 - - default default] Tap Mirror: Handle Delete Port: 930298f5-0c56-4dd0-b575-59c60de70cca
2026-05-28 23:12:46.259 8 INFO neutron.db.ovn_revision_numbers_db [None req-d0de485f-60f4-43d6-890f-583757045f32 732f50ef221644e0815e987b6aeed2a2 8ca7edab4a8244adb9798db3d35f9fb5 - - default default] Successfully bumped revision number for resource a65cdaff-a24b-4650-9177-956342604462 (type: networks) to 1
2026-05-28 23:12:46.374 7 INFO neutron.services.segments.plugin [-] Segment 98049865-be04-48c1-b977-8187c3283aa1 resource provider aggregate not found
2026-05-28 23:12:46.380 7 INFO neutron.services.segments.plugin [-] Segment 98049865-be04-48c1-b977-8187c3283aa1 resource provider aggregate not found
2026-05-28 23:12:46.398 7 INFO neutron.services.segments.plugin [-] Segment 98049865-be04-48c1-b977-8187c3283aa1 resource provider not found; error: Placement Client Error (4xx): {"errors": [{"status": 404, "title": "Not Found", "detail": "The resource could not be found.\n\n No resource provider with uuid 98049865-be04-48c1-b977-8187c3283aa1 found for delete ", "request_id": "req-1475ca34-87a3-4ffb-a331-a2333061ef67"}]}
2026-05-28 23:12:46.400 7 INFO neutron.services.segments.plugin [-] Segment 98049865-be04-48c1-b977-8187c3283aa1 resource provider not found; error: Placement Client Error (4xx): {"errors": [{"status": 404, "title": "Not Found", "detail": "The resource could not be found.\n\n No resource provider with uuid 98049865-be04-48c1-b977-8187c3283aa1 found for delete ", "request_id": "req-21615b15-d990-482a-8c0f-9bb138747878"}]} [pid: 7|app: 0|req: 670/1334] 10.0.0.100 () {32 vars in 725 bytes} [Thu May 28 23:12:46 2026] DELETE /v2.0/networks/4a48bf9a-dd3b-4e29-ba18-f35b9cc882da => generated 0 bytes in 351 msecs (HTTP/1.1 204) 3 headers in 131 bytes (1 switches on core 0)
2026-05-28 23:12:46.436 8 WARNING neutron.scheduler.dhcp_agent_scheduler [None req-d0de485f-60f4-43d6-890f-583757045f32 732f50ef221644e0815e987b6aeed2a2 8ca7edab4a8244adb9798db3d35f9fb5 - - default default] No more DHCP agents
2026-05-28 23:12:46.437 8 WARNING neutron.api.rpc.agentnotifiers.dhcp_rpc_agent_api [None req-d0de485f-60f4-43d6-890f-583757045f32 732f50ef221644e0815e987b6aeed2a2 8ca7edab4a8244adb9798db3d35f9fb5 - - default default] Unable to schedule network a65cdaff-a24b-4650-9177-956342604462: no agents available; will retry on subsequent port and subnet creation events.
2026-05-28 23:12:46.483 7 INFO neutron.plugins.ml2.drivers.ovn.mech_driver.mech_driver [None req-713b20bd-aecc-4be4-85c5-5f79fb19b291 - - - - - -] OVN reports status down for port: d386bce9-83f7-4eb8-8ad8-a061f1998e6c
2026-05-28 23:12:46.525 8 INFO neutron.db.ovn_revision_numbers_db [None req-d0de485f-60f4-43d6-890f-583757045f32 732f50ef221644e0815e987b6aeed2a2 8ca7edab4a8244adb9798db3d35f9fb5 - - default default] Successfully bumped revision number for resource d386bce9-83f7-4eb8-8ad8-a061f1998e6c (type: ports) to 1 [pid: 8|app: 0|req: 665/1335] 10.0.0.100 () {34 vars in 669 bytes} [Thu May 28 23:12:46 2026] POST /v2.0/networks => generated 670 bytes in 565 msecs (HTTP/1.1 201) 4 headers in 162 bytes (1 switches on core 0)
2026-05-28 23:12:46.710 8 INFO neutron_taas.services.taas.taas_plugin [None req-05852a46-be1a-4ca3-a4b9-65002308b0eb 7b4dc774a6154af59a704e64adf1cfa6 dfabd31b357d4f0cb98912f125e5d3b9 - - default default] TaaS: Handle Delete Port: 0b45e0e4-f0ac-4da1-a79b-44da20cb86f1
2026-05-28 23:12:46.711 7 INFO neutron.db.ovn_revision_numbers_db [None req-7355e732-5a68-458b-b61d-f8bf2a4f205d 3d90943fbe8f4bc69f83318f5be91320 a2820227c64a4f68b805eacc1a52b84c - - default default] Successfully bumped revision number for resource 097c6642-b490-44dc-b9d3-74e001b7c334 (type: security_groups) to 1
2026-05-28 23:12:46.713 8 INFO neutron_taas.services.taas.tap_mirror_plugin [None req-05852a46-be1a-4ca3-a4b9-65002308b0eb 7b4dc774a6154af59a704e64adf1cfa6 dfabd31b357d4f0cb98912f125e5d3b9 - - default default] Tap Mirror: Handle Delete Port: 0b45e0e4-f0ac-4da1-a79b-44da20cb86f1
2026-05-28 23:12:46.725 7 INFO neutron.db.ovn_revision_numbers_db [None req-7355e732-5a68-458b-b61d-f8bf2a4f205d 3d90943fbe8f4bc69f83318f5be91320 a2820227c64a4f68b805eacc1a52b84c - - default default] Successfully bumped revision number for resource 62d58047-ec4b-45a2-946c-a98fc18fddb5 (type: security_group_rules) to 0
2026-05-28 23:12:46.740 7 INFO neutron.db.ovn_revision_numbers_db [None req-7355e732-5a68-458b-b61d-f8bf2a4f205d 3d90943fbe8f4bc69f83318f5be91320 a2820227c64a4f68b805eacc1a52b84c - - default default] Successfully bumped revision number for resource 90c81b04-7c17-4357-ab90-7d37ea7ada70 (type: security_group_rules) to 0
2026-05-28 23:12:46.754 7 INFO neutron.db.ovn_revision_numbers_db [None req-7355e732-5a68-458b-b61d-f8bf2a4f205d 3d90943fbe8f4bc69f83318f5be91320 a2820227c64a4f68b805eacc1a52b84c - - default default] Successfully bumped revision number for resource d9a6c47d-91c3-4e6d-a0b4-b37d33d597e2 (type: security_group_rules) to 0
2026-05-28 23:12:46.769 7 INFO neutron.db.ovn_revision_numbers_db [None req-7355e732-5a68-458b-b61d-f8bf2a4f205d 3d90943fbe8f4bc69f83318f5be91320 a2820227c64a4f68b805eacc1a52b84c - - default default] Successfully bumped revision number for resource e80955b8-091b-4a80-8359-5fafdf41952b (type: security_group_rules) to 0 [pid: 7|app: 0|req: 671/1336] 10.0.0.100 () {32 vars in 773 bytes} [Thu May 28 23:12:46 2026] GET /v2.0/security-groups?tenant_id=0b7140a916214f3381a4ac7dbca96ac2&name=default => generated 2925 bytes in 381 msecs (HTTP/1.1 200) 4 headers in 158 bytes (1 switches on core 0) [pid: 7|app: 0|req: 672/1337] 10.0.0.21 () {34 vars in 988 bytes} [Thu May 28 23:12:46 2026] GET /v2.0/ports?device_id=10d3be42-6566-4e1f-b254-44891b7e818f => generated 12 bytes in 13 msecs (HTTP/1.1 200) 4 headers in 156 bytes (1 switches on core 0)
2026-05-28 23:12:46.861 8 INFO neutron.services.segments.plugin [-] Segment a26d38c7-5f29-43ff-9434-15a8a3368548 resource provider aggregate not found
2026-05-28 23:12:46.862 8 INFO neutron.services.segments.plugin [-] Segment a26d38c7-5f29-43ff-9434-15a8a3368548 resource provider aggregate not found
2026-05-28 23:12:46.887 8 INFO neutron.services.segments.plugin [-] Segment a26d38c7-5f29-43ff-9434-15a8a3368548 resource provider not found; error: Placement Client Error (4xx): {"errors": [{"status": 404, "title": "Not Found", "detail": "The resource could not be found.\n\n No resource provider with uuid a26d38c7-5f29-43ff-9434-15a8a3368548 found for delete ", "request_id": "req-c504fa69-7fab-4fa1-915a-28e42bfe2a50"}]}
2026-05-28 23:12:46.888 8 INFO neutron.services.segments.plugin [-] Segment a26d38c7-5f29-43ff-9434-15a8a3368548 resource provider not found; error: Placement Client Error (4xx): {"errors": [{"status": 404, "title": "Not Found", "detail": "The resource could not be found.\n\n No resource provider with uuid a26d38c7-5f29-43ff-9434-15a8a3368548 found for delete ", "request_id": "req-3dfc0e3d-fc78-4c87-99f6-73a064158477"}]} [pid: 8|app: 0|req: 666/1338] 10.0.0.100 () {32 vars in 725 bytes} [Thu May 28 23:12:46 2026] DELETE /v2.0/networks/42079943-30b8-43d5-b65e-cc374eb4e976 => generated 0 bytes in 309 msecs (HTTP/1.1 204) 3 headers in 131 bytes (1 switches on core 0)
