May 20 19:04:56.501754 np0000175399 devstack@n-api-meta.service[108049]: DEBUG nova.api.openstack.wsgi_app [None req-75643430-2a95-4974-ac7f-2db03bc4ac22 None None] libvirt.live_migration_bandwidth = 0 {{(pid=108049) log_opt_values /opt/stack/data/venv/lib/python3.12/site-packages/oslo_config/cfg.py:3256}}
May 20 19:04:56.501840 np0000175399 devstack@n-api-meta.service[108050]: DEBUG nova.api.openstack.wsgi_app [None req-278a18b3-f506-4b48-b0f5-ae98224edc7d None None] periodic_enable = True {{(pid=108050) log_opt_values /opt/stack/data/venv/lib/python3.12/site-packages/oslo_config/cfg.py:3245}}
May 20 19:04:56.501898 np0000175399 devstack@n-api-meta.service[108049]: DEBUG nova.api.openstack.wsgi_app [None req-75643430-2a95-4974-ac7f-2db03bc4ac22 None None] libvirt.live_migration_completion_timeout = 800 {{(pid=108049) log_opt_values /opt/stack/data/venv/lib/python3.12/site-packages/oslo_config/cfg.py:3256}}
May 20 19:04:56.502006 np0000175399 devstack@n-api-meta.service[108050]: DEBUG nova.api.openstack.wsgi_app [None req-278a18b3-f506-4b48-b0f5-ae98224edc7d None None] periodic_fuzzy_delay = 60 {{(pid=108050) log_opt_values /opt/stack/data/venv/lib/python3.12/site-packages/oslo_config/cfg.py:3245}}
May 20 19:04:56.502044 np0000175399 devstack@n-api-meta.service[108049]: DEBUG nova.api.openstack.wsgi_app [None req-75643430-2a95-4974-ac7f-2db03bc4ac22 None None] libvirt.live_migration_downtime = 500 {{(pid=108049) log_opt_values /opt/stack/data/venv/lib/python3.12/site-packages/oslo_config/cfg.py:3256}}
May 20 19:04:56.502142 np0000175399 devstack@n-api-meta.service[108050]: DEBUG nova.api.openstack.wsgi_app [None req-278a18b3-f506-4b48-b0f5-ae98224edc7d None None] pointer_model = ps2mouse {{(pid=108050) log_opt_values /opt/stack/data/venv/lib/python3.12/site-packages/oslo_config/cfg.py:3245}}
May 20 19:04:56.502208 np0000175399 devstack@n-api-meta.service[108049]: DEBUG nova.api.openstack.wsgi_app [None req-75643430-2a95-4974-ac7f-2db03bc4ac22 None None] libvirt.live_migration_downtime_delay = 75 {{(pid=108049) log_opt_values /opt/stack/data/venv/lib/python3.12/site-packages/oslo_config/cfg.py:3256}}
May 20 19:04:56.502305 np0000175399 devstack@n-api-meta.service[108049]: DEBUG nova.api.openstack.wsgi_app [None req-75643430-2a95-4974-ac7f-2db03bc4ac22 None None] libvirt.live_migration_downtime_steps = 10 {{(pid=108049) log_opt_values /opt/stack/data/venv/lib/python3.12/site-packages/oslo_config/cfg.py:3256}}
May 20 19:04:56.502356 np0000175399 devstack@n-api-meta.service[108050]: DEBUG nova.api.openstack.wsgi_app [None req-278a18b3-f506-4b48-b0f5-ae98224edc7d None None] preallocate_images = none {{(pid=108050) log_opt_values /opt/stack/data/venv/lib/python3.12/site-packages/oslo_config/cfg.py:3245}}
May 20 19:04:56.502431 np0000175399 devstack@n-api-meta.service[108049]: DEBUG nova.api.openstack.wsgi_app [None req-75643430-2a95-4974-ac7f-2db03bc4ac22 None None] libvirt.live_migration_inbound_addr = None {{(pid=108049) log_opt_values /opt/stack/data/venv/lib/python3.12/site-packages/oslo_config/cfg.py:3256}}
May 20 19:04:56.502470 np0000175399 devstack@n-api-meta.service[108050]: DEBUG nova.api.openstack.wsgi_app [None req-278a18b3-f506-4b48-b0f5-ae98224edc7d None None] publish_errors = False {{(pid=108050) log_opt_values /opt/stack/data/venv/lib/python3.12/site-packages/oslo_config/cfg.py:3245}}
May 20 19:04:56.502537 np0000175399 devstack@n-api-meta.service[108050]: DEBUG nova.api.openstack.wsgi_app [None req-278a18b3-f506-4b48-b0f5-ae98224edc7d None None] pybasedir = /opt/stack/nova {{(pid=108050) log_opt_values /opt/stack/data/venv/lib/python3.12/site-packages/oslo_config/cfg.py:3245}}
May 20 19:04:56.502581 np0000175399 devstack@n-api-meta.service[108049]: DEBUG nova.api.openstack.wsgi_app [None req-75643430-2a95-4974-ac7f-2db03bc4ac22 None None] libvirt.live_migration_parallel_connections = 1 {{(pid=108049) log_opt_values /opt/stack/data/venv/lib/python3.12/site-packages/oslo_config/cfg.py:3256}}
May 20 19:04:56.502681 np0000175399 devstack@n-api-meta.service[108049]: DEBUG nova.api.openstack.wsgi_app [None req-75643430-2a95-4974-ac7f-2db03bc4ac22 None None] libvirt.live_migration_permit_auto_converge = False {{(pid=108049) log_opt_values /opt/stack/data/venv/lib/python3.12/site-packages/oslo_config/cfg.py:3256}}
May 20 19:04:56.502720 np0000175399 devstack@n-api-meta.service[108050]: DEBUG nova.api.openstack.wsgi_app [None req-278a18b3-f506-4b48-b0f5-ae98224edc7d None None] ram_allocation_ratio = None {{(pid=108050) log_opt_values /opt/stack/data/venv/lib/python3.12/site-packages/oslo_config/cfg.py:3245}}
May 20 19:04:56.502808 np0000175399 devstack@n-api-meta.service[108049]: DEBUG nova.api.openstack.wsgi_app [None req-75643430-2a95-4974-ac7f-2db03bc4ac22 None None] libvirt.live_migration_permit_post_copy = False {{(pid=108049) log_opt_values /opt/stack/data/venv/lib/python3.12/site-packages/oslo_config/cfg.py:3256}}
May 20 19:04:56.502854 np0000175399 devstack@n-api-meta.service[108050]: DEBUG nova.api.openstack.wsgi_app [None req-278a18b3-f506-4b48-b0f5-ae98224edc7d None None] rate_limit_burst = 0 {{(pid=108050) log_opt_values /opt/stack/data/venv/lib/python3.12/site-packages/oslo_config/cfg.py:3245}}
May 20 19:04:56.502934 np0000175399 devstack@n-api-meta.service[108049]: DEBUG nova.api.openstack.wsgi_app [None req-75643430-2a95-4974-ac7f-2db03bc4ac22 None None] libvirt.live_migration_scheme = None {{(pid=108049) log_opt_values /opt/stack/data/venv/lib/python3.12/site-packages/oslo_config/cfg.py:3256}}
May 20 19:04:56.502973 np0000175399 devstack@n-api-meta.service[108050]: DEBUG nova.api.openstack.wsgi_app [None req-278a18b3-f506-4b48-b0f5-ae98224edc7d None None] rate_limit_except_level = CRITICAL {{(pid=108050) log_opt_values /opt/stack/data/venv/lib/python3.12/site-packages/oslo_config/cfg.py:3245}}
May 20 19:04:56.503066 np0000175399 devstack@n-api-meta.service[108050]: DEBUG nova.api.openstack.wsgi_app [None req-278a18b3-f506-4b48-b0f5-ae98224edc7d None None] rate_limit_interval = 0 {{(pid=108050) log_opt_values /opt/stack/data/venv/lib/python3.12/site-packages/oslo_config/cfg.py:3245}}
May 20 19:04:56.503104 np0000175399 devstack@n-api-meta.service[108049]: DEBUG nova.api.openstack.wsgi_app [None req-75643430-2a95-4974-ac7f-2db03bc4ac22 None None] libvirt.live_migration_timeout_action = abort {{(pid=108049) log_opt_values /opt/stack/data/venv/lib/python3.12/site-packages/oslo_config/cfg.py:3256}}
May 20 19:04:56.503208 np0000175399 devstack@n-api-meta.service[108050]: DEBUG nova.api.openstack.wsgi_app [None req-278a18b3-f506-4b48-b0f5-ae98224edc7d None None] reboot_timeout = 0 {{(pid=108050) log_opt_values /opt/stack/data/venv/lib/python3.12/site-packages/oslo_config/cfg.py:3245}}
May 20 19:04:56.503246 np0000175399 devstack@n-api-meta.service[108049]: DEBUG nova.api.openstack.wsgi_app [None req-75643430-2a95-4974-ac7f-2db03bc4ac22 None None] libvirt.live_migration_tunnelled = False {{(pid=108049) log_opt_values /opt/stack/data/venv/lib/python3.12/site-packages/oslo_config/cfg.py:3256}}
May 20 19:04:56.503335 np0000175399 devstack@n-api-meta.service[108050]: DEBUG nova.api.openstack.wsgi_app [None req-278a18b3-f506-4b48-b0f5-ae98224edc7d None None] reclaim_instance_interval = 0 {{(pid=108050) log_opt_values /opt/stack/data/venv/lib/python3.12/site-packages/oslo_config/cfg.py:3245}}
May 20 19:04:56.503458 np0000175399 devstack@n-api-meta.service[108049]: WARNING oslo_config.cfg [None req-75643430-2a95-4974-ac7f-2db03bc4ac22 None None] Deprecated: Option "live_migration_uri" from group "libvirt" is deprecated for removal (
May 20 19:04:56.503458 np0000175399 devstack@n-api-meta.service[108049]: live_migration_uri is deprecated for removal in favor of two other options that
May 20 19:04:56.503458 np0000175399 devstack@n-api-meta.service[108049]: allow to change live migration scheme and target URI: ``live_migration_scheme``
May 20 19:04:56.503458 np0000175399 devstack@n-api-meta.service[108049]: and ``live_migration_inbound_addr`` respectively.
May 20 19:04:56.503458 np0000175399 devstack@n-api-meta.service[108049]: ). Its value may be silently ignored in the future.
May 20 19:04:56.503601 np0000175399 devstack@n-api-meta.service[108050]: DEBUG nova.api.openstack.wsgi_app [None req-278a18b3-f506-4b48-b0f5-ae98224edc7d None None] record = None {{(pid=108050) log_opt_values /opt/stack/data/venv/lib/python3.12/site-packages/oslo_config/cfg.py:3245}}
May 20 19:04:56.503601 np0000175399 devstack@n-api-meta.service[108050]: DEBUG nova.api.openstack.wsgi_app [None req-278a18b3-f506-4b48-b0f5-ae98224edc7d None None] reimage_timeout_per_gb = 20 {{(pid=108050) log_opt_values /opt/stack/data/venv/lib/python3.12/site-packages/oslo_config/cfg.py:3245}}
May 20 19:04:56.503681 np0000175399 devstack@n-api-meta.service[108049]: DEBUG nova.api.openstack.wsgi_app [None req-75643430-2a95-4974-ac7f-2db03bc4ac22 None None] libvirt.live_migration_uri = qemu+ssh://stack@%s/system {{(pid=108049) log_opt_values /opt/stack/data/venv/lib/python3.12/site-packages/oslo_config/cfg.py:3256}}
May 20 19:04:56.503718 np0000175399 devstack@n-api-meta.service[108049]: DEBUG nova.api.openstack.wsgi_app [None req-75643430-2a95-4974-ac7f-2db03bc4ac22 None None] libvirt.live_migration_with_native_tls = False {{(pid=108049) log_opt_values /opt/stack/data/venv/lib/python3.12/site-packages/oslo_config/cfg.py:3256}}
May 20 19:04:56.503754 np0000175399 devstack@n-api-meta.service[108050]: DEBUG nova.api.openstack.wsgi_app [None req-278a18b3-f506-4b48-b0f5-ae98224edc7d None None] report_interval = 120 {{(pid=108050) log_opt_values /opt/stack/data/venv/lib/python3.12/site-packages/oslo_config/cfg.py:3245}}
May 20 19:04:56.503852 np0000175399 devstack@n-api-meta.service[108049]: DEBUG nova.api.openstack.wsgi_app [None req-75643430-2a95-4974-ac7f-2db03bc4ac22 None None] libvirt.max_queues = None {{(pid=108049) log_opt_values /opt/stack/data/venv/lib/python3.12/site-packages/oslo_config/cfg.py:3256}}
May 20 19:04:56.503891 np0000175399 devstack@n-api-meta.service[108050]: DEBUG nova.api.openstack.wsgi_app [None req-278a18b3-f506-4b48-b0f5-ae98224edc7d None None] rescue_timeout = 0 {{(pid=108050) log_opt_values /opt/stack/data/venv/lib/python3.12/site-packages/oslo_config/cfg.py:3245}}
May 20 19:04:56.503980 np0000175399 devstack@n-api-meta.service[108049]: DEBUG nova.api.openstack.wsgi_app [None req-75643430-2a95-4974-ac7f-2db03bc4ac22 None None] libvirt.mem_stats_period_seconds = 10 {{(pid=108049) log_opt_values /opt/stack/data/venv/lib/python3.12/site-packages/oslo_config/cfg.py:3256}}
May 20 19:04:56.504019 np0000175399 devstack@n-api-meta.service[108050]: DEBUG nova.api.openstack.wsgi_app [None req-278a18b3-f506-4b48-b0f5-ae98224edc7d None None] reserved_host_cpus = 0 {{(pid=108050) log_opt_values /opt/stack/data/venv/lib/python3.12/site-packages/oslo_config/cfg.py:3245}}
May 20 19:04:56.504124 np0000175399 devstack@n-api-meta.service[108050]: DEBUG nova.api.openstack.wsgi_app [None req-278a18b3-f506-4b48-b0f5-ae98224edc7d None None] reserved_host_disk_mb = 0 {{(pid=108050) log_opt_values /opt/stack/data/venv/lib/python3.12/site-packages/oslo_config/cfg.py:3245}}
May 20 19:04:56.504196 np0000175399 devstack@n-api-meta.service[108049]: DEBUG nova.api.openstack.wsgi_app [None req-75643430-2a95-4974-ac7f-2db03bc4ac22 None None] libvirt.migration_inbound_addr = 199.204.45.4 {{(pid=108049) log_opt_values /opt/stack/data/venv/lib/python3.12/site-packages/oslo_config/cfg.py:3256}}
May 20 19:04:56.504270 np0000175399 devstack@n-api-meta.service[108050]: DEBUG nova.api.openstack.wsgi_app [None req-278a18b3-f506-4b48-b0f5-ae98224edc7d None None] reserved_host_memory_mb = 512 {{(pid=108050) log_opt_values /opt/stack/data/venv/lib/python3.12/site-packages/oslo_config/cfg.py:3245}}
May 20 19:04:56.504320 np0000175399 devstack@n-api-meta.service[108049]: DEBUG nova.api.openstack.wsgi_app [None req-75643430-2a95-4974-ac7f-2db03bc4ac22 None None] libvirt.nfs_mount_options = None {{(pid=108049) log_opt_values /opt/stack/data/venv/lib/python3.12/site-packages/oslo_config/cfg.py:3256}}
May 20 19:04:56.504357 np0000175399 devstack@n-api-meta.service[108052]: DEBUG dbcounter [-] [108052] Writer thread running {{(pid=108052) stat_writer /opt/stack/data/venv/lib/python3.12/site-packages/dbcounter.py:102}}
May 20 19:04:56.504410 np0000175399 devstack@n-api-meta.service[108050]: DEBUG nova.api.openstack.wsgi_app [None req-278a18b3-f506-4b48-b0f5-ae98224edc7d None None] reserved_huge_pages = None {{(pid=108050) log_opt_values /opt/stack/data/venv/lib/python3.12/site-packages/oslo_config/cfg.py:3245}}
May 20 19:04:56.504470 np0000175399 devstack@n-api-meta.service[108049]: DEBUG nova.api.openstack.wsgi_app [None req-75643430-2a95-4974-ac7f-2db03bc4ac22 None None] libvirt.nfs_mount_point_base = /opt/stack/data/nova/mnt {{(pid=108049) log_opt_values /opt/stack/data/venv/lib/python3.12/site-packages/oslo_config/cfg.py:3256}}
May 20 19:04:56.504595 np0000175399 devstack@n-api-meta.service[108049]: DEBUG nova.api.openstack.wsgi_app [None req-75643430-2a95-4974-ac7f-2db03bc4ac22 None None] libvirt.num_aoe_discover_tries = 3 {{(pid=108049) log_opt_values /opt/stack/data/venv/lib/python3.12/site-packages/oslo_config/cfg.py:3256}}
May 20 19:04:56.504634 np0000175399 devstack@n-api-meta.service[108050]: DEBUG nova.api.openstack.wsgi_app [None req-278a18b3-f506-4b48-b0f5-ae98224edc7d None None] resize_confirm_window = 0 {{(pid=108050) log_opt_values /opt/stack/data/venv/lib/python3.12/site-packages/oslo_config/cfg.py:3245}}
May 20 19:04:56.504725 np0000175399 devstack@n-api-meta.service[108049]: DEBUG nova.api.openstack.wsgi_app [None req-75643430-2a95-4974-ac7f-2db03bc4ac22 None None] libvirt.num_iser_scan_tries = 5 {{(pid=108049) log_opt_values /opt/stack/data/venv/lib/python3.12/site-packages/oslo_config/cfg.py:3256}}
May 20 19:04:56.504766 np0000175399 devstack@n-api-meta.service[108050]: DEBUG nova.api.openstack.wsgi_app [None req-278a18b3-f506-4b48-b0f5-ae98224edc7d None None] resize_fs_using_block_device = False {{(pid=108050) log_opt_values /opt/stack/data/venv/lib/python3.12/site-packages/oslo_config/cfg.py:3245}}
May 20 19:04:56.504852 np0000175399 devstack@n-api-meta.service[108049]: DEBUG nova.api.openstack.wsgi_app [None req-75643430-2a95-4974-ac7f-2db03bc4ac22 None None] libvirt.num_memory_encrypted_guests = None {{(pid=108049) log_opt_values /opt/stack/data/venv/lib/python3.12/site-packages/oslo_config/cfg.py:3256}}
May 20 19:04:56.504941 np0000175399 devstack@n-api-meta.service[108050]: DEBUG nova.api.openstack.wsgi_app [None req-278a18b3-f506-4b48-b0f5-ae98224edc7d None None] resume_guests_state_on_host_boot = False {{(pid=108050) log_opt_values /opt/stack/data/venv/lib/python3.12/site-packages/oslo_config/cfg.py:3245}}
May 20 19:04:56.504986 np0000175399 devstack@n-api-meta.service[108049]: DEBUG nova.api.openstack.wsgi_app [None req-75643430-2a95-4974-ac7f-2db03bc4ac22 None None] libvirt.num_nvme_discover_tries = 5 {{(pid=108049) log_opt_values /opt/stack/data/venv/lib/python3.12/site-packages/oslo_config/cfg.py:3256}}
May 20 19:04:56.505089 np0000175399 devstack@n-api-meta.service[108050]: DEBUG nova.api.openstack.wsgi_app [None req-278a18b3-f506-4b48-b0f5-ae98224edc7d None None] rootwrap_config = /etc/nova/rootwrap.conf {{(pid=108050) log_opt_values /opt/stack/data/venv/lib/python3.12/site-packages/oslo_config/cfg.py:3245}}
May 20 19:04:56.505128 np0000175399 devstack@n-api-meta.service[108049]: DEBUG nova.api.openstack.wsgi_app [None req-75643430-2a95-4974-ac7f-2db03bc4ac22 None None] libvirt.num_pcie_ports = 0 {{(pid=108049) log_opt_values /opt/stack/data/venv/lib/python3.12/site-packages/oslo_config/cfg.py:3256}}
May 20 19:04:56.505244 np0000175399 devstack@n-api-meta.service[108049]: DEBUG nova.api.openstack.wsgi_app [None req-75643430-2a95-4974-ac7f-2db03bc4ac22 None None] libvirt.num_volume_scan_tries = 5 {{(pid=108049) log_opt_values /opt/stack/data/venv/lib/python3.12/site-packages/oslo_config/cfg.py:3256}}
May 20 19:04:56.505296 np0000175399 devstack@n-api-meta.service[108050]: DEBUG nova.api.openstack.wsgi_app [None req-278a18b3-f506-4b48-b0f5-ae98224edc7d None None] running_deleted_instance_action = reap {{(pid=108050) log_opt_values /opt/stack/data/venv/lib/python3.12/site-packages/oslo_config/cfg.py:3245}}
May 20 19:04:56.505374 np0000175399 devstack@n-api-meta.service[108050]: DEBUG nova.api.openstack.wsgi_app [None req-278a18b3-f506-4b48-b0f5-ae98224edc7d None None] running_deleted_instance_poll_interval = 1800 {{(pid=108050) log_opt_values /opt/stack/data/venv/lib/python3.12/site-packages/oslo_config/cfg.py:3245}}
May 20 19:04:56.505419 np0000175399 devstack@n-api-meta.service[108049]: DEBUG nova.api.openstack.wsgi_app [None req-75643430-2a95-4974-ac7f-2db03bc4ac22 None None] libvirt.pmem_namespaces = [] {{(pid=108049) log_opt_values /opt/stack/data/venv/lib/python3.12/site-packages/oslo_config/cfg.py:3256}}
May 20 19:04:56.505502 np0000175399 devstack@n-api-meta.service[108049]: DEBUG nova.api.openstack.wsgi_app [None req-75643430-2a95-4974-ac7f-2db03bc4ac22 None None] libvirt.quobyte_client_cfg = None {{(pid=108049) log_opt_values /opt/stack/data/venv/lib/python3.12/site-packages/oslo_config/cfg.py:3256}}
May 20 19:04:56.505541 np0000175399 devstack@n-api-meta.service[108050]: DEBUG nova.api.openstack.wsgi_app [None req-278a18b3-f506-4b48-b0f5-ae98224edc7d None None] running_deleted_instance_timeout = 0 {{(pid=108050) log_opt_values /opt/stack/data/venv/lib/python3.12/site-packages/oslo_config/cfg.py:3245}}
May 20 19:04:56.505644 np0000175399 devstack@n-api-meta.service[108050]: DEBUG nova.api.openstack.wsgi_app [None req-278a18b3-f506-4b48-b0f5-ae98224edc7d None None] scheduler_instance_sync_interval = 120 {{(pid=108050) log_opt_values /opt/stack/data/venv/lib/python3.12/site-packages/oslo_config/cfg.py:3245}}
May 20 19:04:56.505688 np0000175399 devstack@n-api-meta.service[108049]: DEBUG nova.api.openstack.wsgi_app [None req-75643430-2a95-4974-ac7f-2db03bc4ac22 None None] libvirt.quobyte_mount_point_base = /opt/stack/data/nova/mnt {{(pid=108049) log_opt_values /opt/stack/data/venv/lib/python3.12/site-packages/oslo_config/cfg.py:3256}}
May 20 19:04:56.505820 np0000175399 devstack@n-api-meta.service[108049]: DEBUG nova.api.openstack.wsgi_app [None req-75643430-2a95-4974-ac7f-2db03bc4ac22 None None] libvirt.rbd_connect_timeout = 5 {{(pid=108049) log_opt_values /opt/stack/data/venv/lib/python3.12/site-packages/oslo_config/cfg.py:3256}}
May 20 19:04:56.505874 np0000175399 devstack@n-api-meta.service[108050]: DEBUG nova.api.openstack.wsgi_app [None req-278a18b3-f506-4b48-b0f5-ae98224edc7d None None] service_down_time = 720 {{(pid=108050) log_opt_values /opt/stack/data/venv/lib/python3.12/site-packages/oslo_config/cfg.py:3245}}
May 20 19:04:56.505946 np0000175399 devstack@n-api-meta.service[108049]: DEBUG nova.api.openstack.wsgi_app [None req-75643430-2a95-4974-ac7f-2db03bc4ac22 None None] libvirt.rbd_destroy_volume_retries = 12 {{(pid=108049) log_opt_values /opt/stack/data/venv/lib/python3.12/site-packages/oslo_config/cfg.py:3256}}
May 20 19:04:56.506027 np0000175399 devstack@n-api-meta.service[108050]: DEBUG nova.api.openstack.wsgi_app [None req-278a18b3-f506-4b48-b0f5-ae98224edc7d None None] servicegroup_driver = db {{(pid=108050) log_opt_values /opt/stack/data/venv/lib/python3.12/site-packages/oslo_config/cfg.py:3245}}
May 20 19:04:56.506070 np0000175399 devstack@n-api-meta.service[108049]: DEBUG nova.api.openstack.wsgi_app [None req-75643430-2a95-4974-ac7f-2db03bc4ac22 None None] libvirt.rbd_destroy_volume_retry_interval = 5 {{(pid=108049) log_opt_values /opt/stack/data/venv/lib/python3.12/site-packages/oslo_config/cfg.py:3256}}
May 20 19:04:56.506155 np0000175399 devstack@n-api-meta.service[108050]: DEBUG nova.api.openstack.wsgi_app [None req-278a18b3-f506-4b48-b0f5-ae98224edc7d None None] shell_completion = None {{(pid=108050) log_opt_values /opt/stack/data/venv/lib/python3.12/site-packages/oslo_config/cfg.py:3245}}
May 20 19:04:56.506213 np0000175399 devstack@n-api-meta.service[108049]: DEBUG nova.api.openstack.wsgi_app [None req-75643430-2a95-4974-ac7f-2db03bc4ac22 None None] libvirt.rbd_secret_uuid = None {{(pid=108049) log_opt_values /opt/stack/data/venv/lib/python3.12/site-packages/oslo_config/cfg.py:3256}}
May 20 19:04:56.506309 np0000175399 devstack@n-api-meta.service[108050]: DEBUG nova.api.openstack.wsgi_app [None req-278a18b3-f506-4b48-b0f5-ae98224edc7d None None] shelved_offload_time = 0 {{(pid=108050) log_opt_values /opt/stack/data/venv/lib/python3.12/site-packages/oslo_config/cfg.py:3245}}
May 20 19:04:56.506348 np0000175399 devstack@n-api-meta.service[108049]: DEBUG nova.api.openstack.wsgi_app [None req-75643430-2a95-4974-ac7f-2db03bc4ac22 None None] libvirt.rbd_user = None {{(pid=108049) log_opt_values /opt/stack/data/venv/lib/python3.12/site-packages/oslo_config/cfg.py:3256}}
May 20 19:04:56.506438 np0000175399 devstack@n-api-meta.service[108050]: DEBUG nova.api.openstack.wsgi_app [None req-278a18b3-f506-4b48-b0f5-ae98224edc7d None None] shelved_poll_interval = 3600 {{(pid=108050) log_opt_values /opt/stack/data/venv/lib/python3.12/site-packages/oslo_config/cfg.py:3245}}
May 20 19:04:56.506476 np0000175399 devstack@n-api-meta.service[108049]: DEBUG nova.api.openstack.wsgi_app [None req-75643430-2a95-4974-ac7f-2db03bc4ac22 None None] libvirt.realtime_scheduler_priority = 1 {{(pid=108049) log_opt_values /opt/stack/data/venv/lib/python3.12/site-packages/oslo_config/cfg.py:3256}}
May 20 19:04:56.506573 np0000175399 devstack@n-api-meta.service[108050]: DEBUG nova.api.openstack.wsgi_app [None req-278a18b3-f506-4b48-b0f5-ae98224edc7d None None] shutdown_timeout = 0 {{(pid=108050) log_opt_values /opt/stack/data/venv/lib/python3.12/site-packages/oslo_config/cfg.py:3245}}
May 20 19:04:56.506611 np0000175399 devstack@n-api-meta.service[108049]: DEBUG nova.api.openstack.wsgi_app [None req-75643430-2a95-4974-ac7f-2db03bc4ac22 None None] libvirt.remote_filesystem_transport = ssh {{(pid=108049) log_opt_values /opt/stack/data/venv/lib/python3.12/site-packages/oslo_config/cfg.py:3256}}
May 20 19:04:56.506701 np0000175399 devstack@n-api-meta.service[108050]: DEBUG nova.api.openstack.wsgi_app [None req-278a18b3-f506-4b48-b0f5-ae98224edc7d None None] source_is_ipv6 = False {{(pid=108050) log_opt_values /opt/stack/data/venv/lib/python3.12/site-packages/oslo_config/cfg.py:3245}}
May 20 19:04:56.506741 np0000175399 devstack@n-api-meta.service[108052]: DEBUG nova.context [None req-0dae94ed-c2d7-4acc-b36e-0909ba13e49a None None] Found 2 cells: 00000000-0000-0000-0000-000000000000(cell0),ebaa9deb-a504-41e1-b330-d6a6fbafed8c(cell1) {{(pid=108052) load_cells /opt/stack/nova/nova/context.py:509}}
May 20 19:04:56.506778 np0000175399 devstack@n-api-meta.service[108049]: DEBUG nova.api.openstack.wsgi_app [None req-75643430-2a95-4974-ac7f-2db03bc4ac22 None None] libvirt.rescue_image_id = None {{(pid=108049) log_opt_values /opt/stack/data/venv/lib/python3.12/site-packages/oslo_config/cfg.py:3256}}
May 20 19:04:56.506814 np0000175399 devstack@n-api-meta.service[108050]: DEBUG nova.api.openstack.wsgi_app [None req-278a18b3-f506-4b48-b0f5-ae98224edc7d None None] ssl_only = False {{(pid=108050) log_opt_values /opt/stack/data/venv/lib/python3.12/site-packages/oslo_config/cfg.py:3245}}
May 20 19:04:56.506858 np0000175399 devstack@n-api-meta.service[108049]: DEBUG nova.api.openstack.wsgi_app [None req-75643430-2a95-4974-ac7f-2db03bc4ac22 None None] libvirt.rescue_kernel_id = None {{(pid=108049) log_opt_values /opt/stack/data/venv/lib/python3.12/site-packages/oslo_config/cfg.py:3256}}
May 20 19:04:56.506935 np0000175399 devstack@n-api-meta.service[108052]: INFO nova.utils [None req-0dae94ed-c2d7-4acc-b36e-0909ba13e49a None None] The cell worker thread pool MainProcess.cell_worker is initialized
May 20 19:04:56.506978 np0000175399 devstack@n-api-meta.service[108050]: DEBUG nova.api.openstack.wsgi_app [None req-278a18b3-f506-4b48-b0f5-ae98224edc7d None None] state_path = /opt/stack/data/nova {{(pid=108050) log_opt_values /opt/stack/data/venv/lib/python3.12/site-packages/oslo_config/cfg.py:3245}}
May 20 19:04:56.507015 np0000175399 devstack@n-api-meta.service[108049]: DEBUG nova.api.openstack.wsgi_app [None req-75643430-2a95-4974-ac7f-2db03bc4ac22 None None] libvirt.rescue_ramdisk_id = None {{(pid=108049) log_opt_values /opt/stack/data/venv/lib/python3.12/site-packages/oslo_config/cfg.py:3256}}
May 20 19:04:56.507080 np0000175399 devstack@n-api-meta.service[108050]: DEBUG nova.api.openstack.wsgi_app [None req-278a18b3-f506-4b48-b0f5-ae98224edc7d None None] sync_power_state_interval = 600 {{(pid=108050) log_opt_values /opt/stack/data/venv/lib/python3.12/site-packages/oslo_config/cfg.py:3245}}
May 20 19:04:56.507118 np0000175399 devstack@n-api-meta.service[108049]: DEBUG nova.api.openstack.wsgi_app [None req-75643430-2a95-4974-ac7f-2db03bc4ac22 None None] libvirt.rng_dev_path = /dev/urandom {{(pid=108049) log_opt_values /opt/stack/data/venv/lib/python3.12/site-packages/oslo_config/cfg.py:3256}}
May 20 19:04:56.507220 np0000175399 devstack@n-api-meta.service[108050]: DEBUG nova.api.openstack.wsgi_app [None req-278a18b3-f506-4b48-b0f5-ae98224edc7d None None] sync_power_state_pool_size = 5 {{(pid=108050) log_opt_values /opt/stack/data/venv/lib/python3.12/site-packages/oslo_config/cfg.py:3245}}
May 20 19:04:56.507262 np0000175399 devstack@n-api-meta.service[108049]: DEBUG nova.api.openstack.wsgi_app [None req-75643430-2a95-4974-ac7f-2db03bc4ac22 None None] libvirt.rx_queue_size = None {{(pid=108049) log_opt_values /opt/stack/data/venv/lib/python3.12/site-packages/oslo_config/cfg.py:3256}}
May 20 19:04:56.507357 np0000175399 devstack@n-api-meta.service[108049]: DEBUG nova.api.openstack.wsgi_app [None req-75643430-2a95-4974-ac7f-2db03bc4ac22 None None] libvirt.smbfs_mount_options = {{(pid=108049) log_opt_values /opt/stack/data/venv/lib/python3.12/site-packages/oslo_config/cfg.py:3256}}
May 20 19:04:56.507396 np0000175399 devstack@n-api-meta.service[108050]: DEBUG nova.api.openstack.wsgi_app [None req-278a18b3-f506-4b48-b0f5-ae98224edc7d None None] syslog_log_facility = LOG_USER {{(pid=108050) log_opt_values /opt/stack/data/venv/lib/python3.12/site-packages/oslo_config/cfg.py:3245}}
May 20 19:04:56.507491 np0000175399 devstack@n-api-meta.service[108050]: DEBUG nova.api.openstack.wsgi_app [None req-278a18b3-f506-4b48-b0f5-ae98224edc7d None None] tempdir = None {{(pid=108050) log_opt_values /opt/stack/data/venv/lib/python3.12/site-packages/oslo_config/cfg.py:3245}}
May 20 19:04:56.507528 np0000175399 devstack@n-api-meta.service[108049]: DEBUG nova.api.openstack.wsgi_app [None req-75643430-2a95-4974-ac7f-2db03bc4ac22 None None] libvirt.smbfs_mount_point_base = /opt/stack/data/nova/mnt {{(pid=108049) log_opt_values /opt/stack/data/venv/lib/python3.12/site-packages/oslo_config/cfg.py:3256}}
May 20 19:04:56.507619 np0000175399 devstack@n-api-meta.service[108050]: DEBUG nova.api.openstack.wsgi_app [None req-278a18b3-f506-4b48-b0f5-ae98224edc7d None None] thread_pool_statistic_period = -1 {{(pid=108050) log_opt_values /opt/stack/data/venv/lib/python3.12/site-packages/oslo_config/cfg.py:3245}}
May 20 19:04:56.507656 np0000175399 devstack@n-api-meta.service[108049]: DEBUG nova.api.openstack.wsgi_app [None req-75643430-2a95-4974-ac7f-2db03bc4ac22 None None] libvirt.snapshot_compression = False {{(pid=108049) log_opt_values /opt/stack/data/venv/lib/python3.12/site-packages/oslo_config/cfg.py:3256}}
May 20 19:04:56.507746 np0000175399 devstack@n-api-meta.service[108050]: DEBUG nova.api.openstack.wsgi_app [None req-278a18b3-f506-4b48-b0f5-ae98224edc7d None None] timeout_nbd = 10 {{(pid=108050) log_opt_values /opt/stack/data/venv/lib/python3.12/site-packages/oslo_config/cfg.py:3245}}
May 20 19:04:56.507783 np0000175399 devstack@n-api-meta.service[108049]: DEBUG nova.api.openstack.wsgi_app [None req-75643430-2a95-4974-ac7f-2db03bc4ac22 None None] libvirt.snapshot_image_format = None {{(pid=108049) log_opt_values /opt/stack/data/venv/lib/python3.12/site-packages/oslo_config/cfg.py:3256}}
May 20 19:04:56.507881 np0000175399 devstack@n-api-meta.service[108050]: DEBUG nova.api.openstack.wsgi_app [None req-278a18b3-f506-4b48-b0f5-ae98224edc7d None None] transport_url = **** {{(pid=108050) log_opt_values /opt/stack/data/venv/lib/python3.12/site-packages/oslo_config/cfg.py:3245}}
May 20 19:04:56.507938 np0000175399 devstack@n-api-meta.service[108049]: DEBUG nova.api.openstack.wsgi_app [None req-75643430-2a95-4974-ac7f-2db03bc4ac22 None None] libvirt.snapshots_directory = /opt/stack/data/nova/instances/snapshots {{(pid=108049) log_opt_values /opt/stack/data/venv/lib/python3.12/site-packages/oslo_config/cfg.py:3256}}
May 20 19:04:56.508007 np0000175399 devstack@n-api-meta.service[108050]: DEBUG nova.api.openstack.wsgi_app [None req-278a18b3-f506-4b48-b0f5-ae98224edc7d None None] update_resources_interval = 0 {{(pid=108050) log_opt_values /opt/stack/data/venv/lib/python3.12/site-packages/oslo_config/cfg.py:3245}}
May 20 19:04:56.508067 np0000175399 devstack@n-api-meta.service[108049]: DEBUG nova.api.openstack.wsgi_app [None req-75643430-2a95-4974-ac7f-2db03bc4ac22 None None] libvirt.sparse_logical_volumes = False {{(pid=108049) log_opt_values /opt/stack/data/venv/lib/python3.12/site-packages/oslo_config/cfg.py:3256}}
May 20 19:04:56.508134 np0000175399 devstack@n-api-meta.service[108050]: DEBUG nova.api.openstack.wsgi_app [None req-278a18b3-f506-4b48-b0f5-ae98224edc7d None None] use_cow_images = True {{(pid=108050) log_opt_values /opt/stack/data/venv/lib/python3.12/site-packages/oslo_config/cfg.py:3245}}
May 20 19:04:56.508240 np0000175399 devstack@n-api-meta.service[108049]: DEBUG nova.api.openstack.wsgi_app [None req-75643430-2a95-4974-ac7f-2db03bc4ac22 None None] libvirt.supported_tpm_secret_security = ['user', 'host', 'deployment'] {{(pid=108049) log_opt_values /opt/stack/data/venv/lib/python3.12/site-packages/oslo_config/cfg.py:3256}}
May 20 19:04:56.508286 np0000175399 devstack@n-api-meta.service[108051]: DEBUG dbcounter [-] [108051] Writer thread running {{(pid=108051) stat_writer /opt/stack/data/venv/lib/python3.12/site-packages/dbcounter.py:102}}
May 20 19:04:56.508328 np0000175399 devstack@n-api-meta.service[108050]: DEBUG nova.api.openstack.wsgi_app [None req-278a18b3-f506-4b48-b0f5-ae98224edc7d None None] use_journal = False {{(pid=108050) log_opt_values /opt/stack/data/venv/lib/python3.12/site-packages/oslo_config/cfg.py:3245}}
May 20 19:04:56.508371 np0000175399 devstack@n-api-meta.service[108049]: DEBUG nova.api.openstack.wsgi_app [None req-75643430-2a95-4974-ac7f-2db03bc4ac22 None None] libvirt.swtpm_enabled = False {{(pid=108049) log_opt_values /opt/stack/data/venv/lib/python3.12/site-packages/oslo_config/cfg.py:3256}}
May 20 19:04:56.508469 np0000175399 devstack@n-api-meta.service[108050]: DEBUG nova.api.openstack.wsgi_app [None req-278a18b3-f506-4b48-b0f5-ae98224edc7d None None] use_json = False {{(pid=108050) log_opt_values /opt/stack/data/venv/lib/python3.12/site-packages/oslo_config/cfg.py:3245}}
May 20 19:04:56.508512 np0000175399 devstack@n-api-meta.service[108049]: DEBUG nova.api.openstack.wsgi_app [None req-75643430-2a95-4974-ac7f-2db03bc4ac22 None None] libvirt.swtpm_group = tss {{(pid=108049) log_opt_values /opt/stack/data/venv/lib/python3.12/site-packages/oslo_config/cfg.py:3256}}
May 20 19:04:56.508600 np0000175399 devstack@n-api-meta.service[108050]: DEBUG nova.api.openstack.wsgi_app [None req-278a18b3-f506-4b48-b0f5-ae98224edc7d None None] use_rootwrap_daemon = False {{(pid=108050) log_opt_values /opt/stack/data/venv/lib/python3.12/site-packages/oslo_config/cfg.py:3245}}
May 20 19:04:56.508637 np0000175399 devstack@n-api-meta.service[108049]: DEBUG nova.api.openstack.wsgi_app [None req-75643430-2a95-4974-ac7f-2db03bc4ac22 None None] libvirt.swtpm_user = tss {{(pid=108049) log_opt_values /opt/stack/data/venv/lib/python3.12/site-packages/oslo_config/cfg.py:3256}}
May 20 19:04:56.508748 np0000175399 devstack@n-api-meta.service[108052]: DEBUG oslo_concurrency.lockutils [None req-0dae94ed-c2d7-4acc-b36e-0909ba13e49a None None] Acquiring lock "00000000-0000-0000-0000-000000000000" by "nova.context.set_target_cell..get_or_set_cached_cell_and_set_connections" {{(pid=108052) inner /opt/stack/data/venv/lib/python3.12/site-packages/oslo_concurrency/lockutils.py:511}}
May 20 19:04:56.508797 np0000175399 devstack@n-api-meta.service[108049]: DEBUG nova.api.openstack.wsgi_app [None req-75643430-2a95-4974-ac7f-2db03bc4ac22 None None] libvirt.sysinfo_serial = unique {{(pid=108049) log_opt_values /opt/stack/data/venv/lib/python3.12/site-packages/oslo_config/cfg.py:3256}}
May 20 19:04:56.508834 np0000175399 devstack@n-api-meta.service[108050]: DEBUG nova.api.openstack.wsgi_app [None req-278a18b3-f506-4b48-b0f5-ae98224edc7d None None] use_stderr = False {{(pid=108050) log_opt_values /opt/stack/data/venv/lib/python3.12/site-packages/oslo_config/cfg.py:3245}}
May 20 19:04:56.508880 np0000175399 devstack@n-api-meta.service[108049]: DEBUG nova.api.openstack.wsgi_app [None req-75643430-2a95-4974-ac7f-2db03bc4ac22 None None] libvirt.tb_cache_size = None {{(pid=108049) log_opt_values /opt/stack/data/venv/lib/python3.12/site-packages/oslo_config/cfg.py:3256}}
May 20 19:04:56.508923 np0000175399 devstack@n-api-meta.service[108052]: DEBUG oslo_concurrency.lockutils [None req-0dae94ed-c2d7-4acc-b36e-0909ba13e49a None None] Lock "00000000-0000-0000-0000-000000000000" acquired by "nova.context.set_target_cell..get_or_set_cached_cell_and_set_connections" :: waited 0.000s {{(pid=108052) inner /opt/stack/data/venv/lib/python3.12/site-packages/oslo_concurrency/lockutils.py:524}}
May 20 19:04:56.508960 np0000175399 devstack@n-api-meta.service[108050]: DEBUG nova.api.openstack.wsgi_app [None req-278a18b3-f506-4b48-b0f5-ae98224edc7d None None] use_syslog = False {{(pid=108050) log_opt_values /opt/stack/data/venv/lib/python3.12/site-packages/oslo_config/cfg.py:3245}}
May 20 19:04:56.508995 np0000175399 devstack@n-api-meta.service[108049]: DEBUG nova.api.openstack.wsgi_app [None req-75643430-2a95-4974-ac7f-2db03bc4ac22 None None] libvirt.tx_queue_size = None {{(pid=108049) log_opt_values /opt/stack/data/venv/lib/python3.12/site-packages/oslo_config/cfg.py:3256}}
May 20 19:04:56.509033 np0000175399 devstack@n-api-meta.service[108050]: DEBUG nova.api.openstack.wsgi_app [None req-278a18b3-f506-4b48-b0f5-ae98224edc7d None None] vcpu_pin_set = None {{(pid=108050) log_opt_values /opt/stack/data/venv/lib/python3.12/site-packages/oslo_config/cfg.py:3245}}
May 20 19:04:56.509119 np0000175399 devstack@n-api-meta.service[108049]: DEBUG nova.api.openstack.wsgi_app [None req-75643430-2a95-4974-ac7f-2db03bc4ac22 None None] libvirt.uid_maps = [] {{(pid=108049) log_opt_values /opt/stack/data/venv/lib/python3.12/site-packages/oslo_config/cfg.py:3256}}
May 20 19:04:56.509210 np0000175399 devstack@n-api-meta.service[108050]: DEBUG nova.api.openstack.wsgi_app [None req-278a18b3-f506-4b48-b0f5-ae98224edc7d None None] vif_plugging_is_fatal = True {{(pid=108050) log_opt_values /opt/stack/data/venv/lib/python3.12/site-packages/oslo_config/cfg.py:3245}}
May 20 19:04:56.509260 np0000175399 devstack@n-api-meta.service[108049]: DEBUG nova.api.openstack.wsgi_app [None req-75643430-2a95-4974-ac7f-2db03bc4ac22 None None] libvirt.use_default_aio_mode_for_volumes = False {{(pid=108049) log_opt_values /opt/stack/data/venv/lib/python3.12/site-packages/oslo_config/cfg.py:3256}}
May 20 19:04:56.509305 np0000175399 devstack@n-api-meta.service[108052]: DEBUG oslo_concurrency.lockutils [None req-0dae94ed-c2d7-4acc-b36e-0909ba13e49a None None] Lock "00000000-0000-0000-0000-000000000000" "released" by "nova.context.set_target_cell..get_or_set_cached_cell_and_set_connections" :: held 0.000s {{(pid=108052) inner /opt/stack/data/venv/lib/python3.12/site-packages/oslo_concurrency/lockutils.py:543}}
May 20 19:04:56.509343 np0000175399 devstack@n-api-meta.service[108050]: DEBUG nova.api.openstack.wsgi_app [None req-278a18b3-f506-4b48-b0f5-ae98224edc7d None None] vif_plugging_timeout = 300 {{(pid=108050) log_opt_values /opt/stack/data/venv/lib/python3.12/site-packages/oslo_config/cfg.py:3245}}
May 20 19:04:56.509379 np0000175399 devstack@n-api-meta.service[108049]: DEBUG nova.api.openstack.wsgi_app [None req-75643430-2a95-4974-ac7f-2db03bc4ac22 None None] libvirt.use_virtio_for_bridges = True {{(pid=108049) log_opt_values /opt/stack/data/venv/lib/python3.12/site-packages/oslo_config/cfg.py:3256}}
May 20 19:04:56.509460 np0000175399 devstack@n-api-meta.service[108050]: DEBUG nova.api.openstack.wsgi_app [None req-278a18b3-f506-4b48-b0f5-ae98224edc7d None None] virt_mkfs = [] {{(pid=108050) log_opt_values /opt/stack/data/venv/lib/python3.12/site-packages/oslo_config/cfg.py:3245}}
May 20 19:04:56.509515 np0000175399 devstack@n-api-meta.service[108049]: DEBUG nova.api.openstack.wsgi_app [None req-75643430-2a95-4974-ac7f-2db03bc4ac22 None None] libvirt.virt_type = kvm {{(pid=108049) log_opt_values /opt/stack/data/venv/lib/python3.12/site-packages/oslo_config/cfg.py:3256}}
May 20 19:04:56.509587 np0000175399 devstack@n-api-meta.service[108050]: DEBUG nova.api.openstack.wsgi_app [None req-278a18b3-f506-4b48-b0f5-ae98224edc7d None None] volume_usage_poll_interval = 0 {{(pid=108050) log_opt_values /opt/stack/data/venv/lib/python3.12/site-packages/oslo_config/cfg.py:3245}}
May 20 19:04:56.509650 np0000175399 devstack@n-api-meta.service[108049]: DEBUG nova.api.openstack.wsgi_app [None req-75643430-2a95-4974-ac7f-2db03bc4ac22 None None] libvirt.volume_clear = zero {{(pid=108049) log_opt_values /opt/stack/data/venv/lib/python3.12/site-packages/oslo_config/cfg.py:3256}}
May 20 19:04:56.509722 np0000175399 devstack@n-api-meta.service[108050]: DEBUG nova.api.openstack.wsgi_app [None req-278a18b3-f506-4b48-b0f5-ae98224edc7d None None] web = /usr/share/spice-html5 {{(pid=108050) log_opt_values /opt/stack/data/venv/lib/python3.12/site-packages/oslo_config/cfg.py:3245}}
May 20 19:04:56.509807 np0000175399 devstack@n-api-meta.service[108049]: DEBUG nova.api.openstack.wsgi_app [None req-75643430-2a95-4974-ac7f-2db03bc4ac22 None None] libvirt.volume_clear_size = 0 {{(pid=108049) log_opt_values /opt/stack/data/venv/lib/python3.12/site-packages/oslo_config/cfg.py:3256}}
May 20 19:04:56.509903 np0000175399 devstack@n-api-meta.service[108052]: DEBUG oslo_concurrency.lockutils [None req-0dae94ed-c2d7-4acc-b36e-0909ba13e49a None None] Acquiring lock "ebaa9deb-a504-41e1-b330-d6a6fbafed8c" by "nova.context.set_target_cell..get_or_set_cached_cell_and_set_connections" {{(pid=108052) inner /opt/stack/data/venv/lib/python3.12/site-packages/oslo_concurrency/lockutils.py:511}}
May 20 19:04:56.509949 np0000175399 devstack@n-api-meta.service[108050]: DEBUG nova.api.openstack.wsgi_app [None req-278a18b3-f506-4b48-b0f5-ae98224edc7d None None] oslo_concurrency.disable_process_locking = False {{(pid=108050) log_opt_values /opt/stack/data/venv/lib/python3.12/site-packages/oslo_config/cfg.py:3256}}
May 20 19:04:56.509992 np0000175399 devstack@n-api-meta.service[108049]: DEBUG nova.api.openstack.wsgi_app [None req-75643430-2a95-4974-ac7f-2db03bc4ac22 None None] libvirt.volume_enforce_multipath = False {{(pid=108049) log_opt_values /opt/stack/data/venv/lib/python3.12/site-packages/oslo_config/cfg.py:3256}}
May 20 19:04:56.510034 np0000175399 devstack@n-api-meta.service[108050]: DEBUG nova.api.openstack.wsgi_app [None req-278a18b3-f506-4b48-b0f5-ae98224edc7d None None] oslo_concurrency.lock_path = /opt/stack/data/nova {{(pid=108050) log_opt_values /opt/stack/data/venv/lib/python3.12/site-packages/oslo_config/cfg.py:3256}}
May 20 19:04:56.510070 np0000175399 devstack@n-api-meta.service[108052]: DEBUG oslo_concurrency.lockutils [None req-0dae94ed-c2d7-4acc-b36e-0909ba13e49a None None] Lock "ebaa9deb-a504-41e1-b330-d6a6fbafed8c" acquired by "nova.context.set_target_cell..get_or_set_cached_cell_and_set_connections" :: waited 0.000s {{(pid=108052) inner /opt/stack/data/venv/lib/python3.12/site-packages/oslo_concurrency/lockutils.py:524}}
May 20 19:04:56.510111 np0000175399 devstack@n-api-meta.service[108049]: DEBUG nova.api.openstack.wsgi_app [None req-75643430-2a95-4974-ac7f-2db03bc4ac22 None None] libvirt.volume_use_multipath = False {{(pid=108049) log_opt_values /opt/stack/data/venv/lib/python3.12/site-packages/oslo_config/cfg.py:3256}}
May 20 19:04:56.510215 np0000175399 devstack@n-api-meta.service[108049]: DEBUG nova.api.openstack.wsgi_app [None req-75643430-2a95-4974-ac7f-2db03bc4ac22 None None] libvirt.vzstorage_cache_path = None {{(pid=108049) log_opt_values /opt/stack/data/venv/lib/python3.12/site-packages/oslo_config/cfg.py:3256}}
May 20 19:04:56.510265 np0000175399 devstack@n-api-meta.service[108050]: DEBUG nova.api.openstack.wsgi_app [None req-278a18b3-f506-4b48-b0f5-ae98224edc7d None None] api.compute_link_prefix = None {{(pid=108050) log_opt_values /opt/stack/data/venv/lib/python3.12/site-packages/oslo_config/cfg.py:3256}}
May 20 19:04:56.510353 np0000175399 devstack@n-api-meta.service[108049]: DEBUG nova.api.openstack.wsgi_app [None req-75643430-2a95-4974-ac7f-2db03bc4ac22 None None] libvirt.vzstorage_log_path = /var/log/vstorage/%(cluster_name)s/nova.log.gz {{(pid=108049) log_opt_values /opt/stack/data/venv/lib/python3.12/site-packages/oslo_config/cfg.py:3256}}
May 20 19:04:56.510399 np0000175399 devstack@n-api-meta.service[108050]: DEBUG nova.api.openstack.wsgi_app [None req-278a18b3-f506-4b48-b0f5-ae98224edc7d None None] api.config_drive_skip_versions = 1.0 2007-01-19 2007-03-01 2007-08-29 2007-10-10 2007-12-15 2008-02-01 2008-09-01 {{(pid=108050) log_opt_values /opt/stack/data/venv/lib/python3.12/site-packages/oslo_config/cfg.py:3256}}
May 20 19:04:56.510492 np0000175399 devstack@n-api-meta.service[108049]: DEBUG nova.api.openstack.wsgi_app [None req-75643430-2a95-4974-ac7f-2db03bc4ac22 None None] libvirt.vzstorage_mount_group = qemu {{(pid=108049) log_opt_values /opt/stack/data/venv/lib/python3.12/site-packages/oslo_config/cfg.py:3256}}
May 20 19:04:56.510531 np0000175399 devstack@n-api-meta.service[108050]: DEBUG nova.api.openstack.wsgi_app [None req-278a18b3-f506-4b48-b0f5-ae98224edc7d None None] api.dhcp_domain = novalocal {{(pid=108050) log_opt_values /opt/stack/data/venv/lib/python3.12/site-packages/oslo_config/cfg.py:3256}}
May 20 19:04:56.510620 np0000175399 devstack@n-api-meta.service[108049]: DEBUG nova.api.openstack.wsgi_app [None req-75643430-2a95-4974-ac7f-2db03bc4ac22 None None] libvirt.vzstorage_mount_opts = [] {{(pid=108049) log_opt_values /opt/stack/data/venv/lib/python3.12/site-packages/oslo_config/cfg.py:3256}}
May 20 19:04:56.510659 np0000175399 devstack@n-api-meta.service[108050]: DEBUG nova.api.openstack.wsgi_app [None req-278a18b3-f506-4b48-b0f5-ae98224edc7d None None] api.enable_instance_password = True {{(pid=108050) log_opt_values /opt/stack/data/venv/lib/python3.12/site-packages/oslo_config/cfg.py:3256}}
May 20 19:04:56.510747 np0000175399 devstack@n-api-meta.service[108050]: DEBUG nova.api.openstack.wsgi_app [None req-278a18b3-f506-4b48-b0f5-ae98224edc7d None None] api.glance_link_prefix = None {{(pid=108050) log_opt_values /opt/stack/data/venv/lib/python3.12/site-packages/oslo_config/cfg.py:3256}}
May 20 19:04:56.510790 np0000175399 devstack@n-api-meta.service[108049]: DEBUG nova.api.openstack.wsgi_app [None req-75643430-2a95-4974-ac7f-2db03bc4ac22 None None] libvirt.vzstorage_mount_perms = 0770 {{(pid=108049) log_opt_values /opt/stack/data/venv/lib/python3.12/site-packages/oslo_config/cfg.py:3256}}
May 20 19:04:56.510879 np0000175399 devstack@n-api-meta.service[108050]: DEBUG nova.api.openstack.wsgi_app [None req-278a18b3-f506-4b48-b0f5-ae98224edc7d None None] api.instance_list_cells_batch_fixed_size = 100 {{(pid=108050) log_opt_values /opt/stack/data/venv/lib/python3.12/site-packages/oslo_config/cfg.py:3256}}
May 20 19:04:56.510917 np0000175399 devstack@n-api-meta.service[108049]: DEBUG nova.api.openstack.wsgi_app [None req-75643430-2a95-4974-ac7f-2db03bc4ac22 None None] libvirt.vzstorage_mount_point_base = /opt/stack/data/nova/mnt {{(pid=108049) log_opt_values /opt/stack/data/venv/lib/python3.12/site-packages/oslo_config/cfg.py:3256}}
May 20 19:04:56.510954 np0000175399 devstack@n-api-meta.service[108052]: DEBUG oslo_concurrency.lockutils [None req-0dae94ed-c2d7-4acc-b36e-0909ba13e49a None None] Lock "ebaa9deb-a504-41e1-b330-d6a6fbafed8c" "released" by "nova.context.set_target_cell..get_or_set_cached_cell_and_set_connections" :: held 0.001s {{(pid=108052) inner /opt/stack/data/venv/lib/python3.12/site-packages/oslo_concurrency/lockutils.py:543}}
May 20 19:04:56.511016 np0000175399 devstack@n-api-meta.service[108050]: DEBUG nova.api.openstack.wsgi_app [None req-278a18b3-f506-4b48-b0f5-ae98224edc7d None None] api.instance_list_cells_batch_strategy = distributed {{(pid=108050) log_opt_values /opt/stack/data/venv/lib/python3.12/site-packages/oslo_config/cfg.py:3256}}
May 20 19:04:56.511056 np0000175399 devstack@n-api-meta.service[108049]: DEBUG nova.api.openstack.wsgi_app [None req-75643430-2a95-4974-ac7f-2db03bc4ac22 None None] libvirt.vzstorage_mount_user = stack {{(pid=108049) log_opt_values /opt/stack/data/venv/lib/python3.12/site-packages/oslo_config/cfg.py:3256}}
May 20 19:04:56.511146 np0000175399 devstack@n-api-meta.service[108050]: DEBUG nova.api.openstack.wsgi_app [None req-278a18b3-f506-4b48-b0f5-ae98224edc7d None None] api.instance_list_per_project_cells = False {{(pid=108050) log_opt_values /opt/stack/data/venv/lib/python3.12/site-packages/oslo_config/cfg.py:3256}}
May 20 19:04:56.511202 np0000175399 devstack@n-api-meta.service[108049]: DEBUG nova.api.openstack.wsgi_app [None req-75643430-2a95-4974-ac7f-2db03bc4ac22 None None] libvirt.wait_soft_reboot_seconds = 120 {{(pid=108049) log_opt_values /opt/stack/data/venv/lib/python3.12/site-packages/oslo_config/cfg.py:3256}}
May 20 19:04:56.511320 np0000175399 devstack@n-api-meta.service[108049]: DEBUG nova.api.openstack.wsgi_app [None req-75643430-2a95-4974-ac7f-2db03bc4ac22 None None] neutron.auth_section = None {{(pid=108049) log_opt_values /opt/stack/data/venv/lib/python3.12/site-packages/oslo_config/cfg.py:3256}}
May 20 19:04:56.511358 np0000175399 devstack@n-api-meta.service[108050]: DEBUG nova.api.openstack.wsgi_app [None req-278a18b3-f506-4b48-b0f5-ae98224edc7d None None] api.list_records_by_skipping_down_cells = True {{(pid=108050) log_opt_values /opt/stack/data/venv/lib/python3.12/site-packages/oslo_config/cfg.py:3256}}
May 20 19:04:56.511457 np0000175399 devstack@n-api-meta.service[108049]: DEBUG nova.api.openstack.wsgi_app [None req-75643430-2a95-4974-ac7f-2db03bc4ac22 None None] neutron.auth_type = password {{(pid=108049) log_opt_values /opt/stack/data/venv/lib/python3.12/site-packages/oslo_config/cfg.py:3256}}
May 20 19:04:56.511496 np0000175399 devstack@n-api-meta.service[108050]: DEBUG nova.api.openstack.wsgi_app [None req-278a18b3-f506-4b48-b0f5-ae98224edc7d None None] api.local_metadata_per_cell = False {{(pid=108050) log_opt_values /opt/stack/data/venv/lib/python3.12/site-packages/oslo_config/cfg.py:3256}}
May 20 19:04:56.511585 np0000175399 devstack@n-api-meta.service[108049]: DEBUG nova.api.openstack.wsgi_app [None req-75643430-2a95-4974-ac7f-2db03bc4ac22 None None] neutron.cafile = None {{(pid=108049) log_opt_values /opt/stack/data/venv/lib/python3.12/site-packages/oslo_config/cfg.py:3256}}
May 20 19:04:56.511632 np0000175399 devstack@n-api-meta.service[108050]: DEBUG nova.api.openstack.wsgi_app [None req-278a18b3-f506-4b48-b0f5-ae98224edc7d None None] api.max_limit = 1000 {{(pid=108050) log_opt_values /opt/stack/data/venv/lib/python3.12/site-packages/oslo_config/cfg.py:3256}}
May 20 19:04:56.511711 np0000175399 devstack@n-api-meta.service[108049]: DEBUG nova.api.openstack.wsgi_app [None req-75643430-2a95-4974-ac7f-2db03bc4ac22 None None] neutron.certfile = None {{(pid=108049) log_opt_values /opt/stack/data/venv/lib/python3.12/site-packages/oslo_config/cfg.py:3256}}
May 20 19:04:56.511755 np0000175399 devstack@n-api-meta.service[108050]: DEBUG nova.api.openstack.wsgi_app [None req-278a18b3-f506-4b48-b0f5-ae98224edc7d None None] api.metadata_cache_expiration = 15 {{(pid=108050) log_opt_values /opt/stack/data/venv/lib/python3.12/site-packages/oslo_config/cfg.py:3256}}
May 20 19:04:56.511793 np0000175399 devstack@n-api-meta.service[108051]: DEBUG dbcounter [-] [108051] Writer thread running {{(pid=108051) stat_writer /opt/stack/data/venv/lib/python3.12/site-packages/dbcounter.py:102}}
May 20 19:04:56.511829 np0000175399 devstack@n-api-meta.service[108049]: DEBUG nova.api.openstack.wsgi_app [None req-75643430-2a95-4974-ac7f-2db03bc4ac22 None None] neutron.collect_timing = False {{(pid=108049) log_opt_values /opt/stack/data/venv/lib/python3.12/site-packages/oslo_config/cfg.py:3256}}
May 20 19:04:56.511919 np0000175399 devstack@n-api-meta.service[108050]: DEBUG nova.api.openstack.wsgi_app [None req-278a18b3-f506-4b48-b0f5-ae98224edc7d None None] api.neutron_default_project_id = default {{(pid=108050) log_opt_values /opt/stack/data/venv/lib/python3.12/site-packages/oslo_config/cfg.py:3256}}
May 20 19:04:56.511958 np0000175399 devstack@n-api-meta.service[108049]: DEBUG nova.api.openstack.wsgi_app [None req-75643430-2a95-4974-ac7f-2db03bc4ac22 None None] neutron.connect_retries = None {{(pid=108049) log_opt_values /opt/stack/data/venv/lib/python3.12/site-packages/oslo_config/cfg.py:3256}}
May 20 19:04:56.512080 np0000175399 devstack@n-api-meta.service[108049]: DEBUG nova.api.openstack.wsgi_app [None req-75643430-2a95-4974-ac7f-2db03bc4ac22 None None] neutron.connect_retry_delay = None {{(pid=108049) log_opt_values /opt/stack/data/venv/lib/python3.12/site-packages/oslo_config/cfg.py:3256}}
May 20 19:04:56.512119 np0000175399 devstack@n-api-meta.service[108050]: DEBUG nova.api.openstack.wsgi_app [None req-278a18b3-f506-4b48-b0f5-ae98224edc7d None None] api.response_validation = error {{(pid=108050) log_opt_values /opt/stack/data/venv/lib/python3.12/site-packages/oslo_config/cfg.py:3256}}
