2026-04-23 02:48:46.640 8 INFO neutron.api.extensions [None req-a4831453-2b6d-4af7-9c77-ce3d8fb0323c - - - - - -] Loaded extension: vpnaas
2026-04-23 02:48:46.641 7 INFO neutron.api.extensions [None req-0e1cc330-9e41-4f8c-8828-70164a77d890 - - - - - -] Extension local_ip not supported by any of loaded plugins
2026-04-23 02:48:46.641 8 INFO neutron.api.extensions [None req-a4831453-2b6d-4af7-9c77-ce3d8fb0323c - - - - - -] Loaded extension: taas
2026-04-23 02:48:46.642 7 INFO neutron.api.extensions [None req-0e1cc330-9e41-4f8c-8828-70164a77d890 - - - - - -] Loaded extension: logging
2026-04-23 02:48:46.642 8 INFO neutron.api.extensions [None req-a4831453-2b6d-4af7-9c77-ce3d8fb0323c - - - - - -] Loaded extension: tap-mirror
2026-04-23 02:48:46.643 8 INFO neutron.api.extensions [None req-a4831453-2b6d-4af7-9c77-ce3d8fb0323c - - - - - -] Loaded extension: taas-vlan-filter
2026-04-23 02:48:46.643 7 INFO neutron.api.extensions [None req-0e1cc330-9e41-4f8c-8828-70164a77d890 - - - - - -] Extension metering not supported by any of loaded plugins
2026-04-23 02:48:46.644 7 INFO neutron.api.extensions [None req-0e1cc330-9e41-4f8c-8828-70164a77d890 - - - - - -] Extension metering_source_and_destination_fields not supported by any of loaded plugins
2026-04-23 02:48:46.644 7 INFO neutron.api.extensions [None req-0e1cc330-9e41-4f8c-8828-70164a77d890 - - - - - -] Loaded extension: multi-provider
2026-04-23 02:48:46.645 7 INFO neutron.api.extensions [None req-0e1cc330-9e41-4f8c-8828-70164a77d890 - - - - - -] Loaded extension: net-mtu
2026-04-23 02:48:46.645 8 INFO neutron.quota.resource_registry [None req-a4831453-2b6d-4af7-9c77-ce3d8fb0323c - - - - - -] Creating instance of TrackedResource for resource:network
2026-04-23 02:48:46.645 8 INFO neutron.quota.resource_registry [None req-a4831453-2b6d-4af7-9c77-ce3d8fb0323c - - - - - -] Creating instance of TrackedResource for resource:subnet
2026-04-23 02:48:46.645 8 INFO neutron.quota.resource_registry [None req-a4831453-2b6d-4af7-9c77-ce3d8fb0323c - - - - - -] Creating instance of TrackedResource for resource:subnetpool
2026-04-23 02:48:46.646 7 INFO neutron.api.extensions [None req-0e1cc330-9e41-4f8c-8828-70164a77d890 - - - - - -] Loaded extension: net-mtu-writable
2026-04-23 02:48:46.646 8 INFO neutron.quota.resource_registry [None req-a4831453-2b6d-4af7-9c77-ce3d8fb0323c - - - - - -] Creating instance of TrackedResource for resource:port
2026-04-23 02:48:46.646 7 INFO neutron.api.extensions [None req-0e1cc330-9e41-4f8c-8828-70164a77d890 - - - - - -] Loaded extension: network_availability_zone
2026-04-23 02:48:46.647 7 INFO neutron.api.extensions [None req-0e1cc330-9e41-4f8c-8828-70164a77d890 - - - - - -] Extension network_ha not supported by any of loaded plugins
2026-04-23 02:48:46.647 7 INFO neutron.api.extensions [None req-0e1cc330-9e41-4f8c-8828-70164a77d890 - - - - - -] Loaded extension: network-ip-availability
2026-04-23 02:48:46.648 7 INFO neutron.api.extensions [None req-0e1cc330-9e41-4f8c-8828-70164a77d890 - - - - - -] Extension network-segment-range not supported by any of loaded plugins
2026-04-23 02:48:46.648 8 INFO neutron.quota.resource_registry [None req-a4831453-2b6d-4af7-9c77-ce3d8fb0323c - - - - - -] Creating instance of TrackedResource for resource:router
2026-04-23 02:48:46.649 7 INFO neutron.api.extensions [None req-0e1cc330-9e41-4f8c-8828-70164a77d890 - - - - - -] Loaded extension: pagination
2026-04-23 02:48:46.649 8 INFO neutron.quota.resource_registry [None req-a4831453-2b6d-4af7-9c77-ce3d8fb0323c - - - - - -] Creating instance of TrackedResource for resource:floatingip
2026-04-23 02:48:46.649 7 INFO neutron.api.extensions [None req-0e1cc330-9e41-4f8c-8828-70164a77d890 - - - - - -] Loaded extension: port-device-profile
2026-04-23 02:48:46.650 7 INFO neutron.api.extensions [None req-0e1cc330-9e41-4f8c-8828-70164a77d890 - - - - - -] Extension port-hardware-offload-type not supported by any of loaded plugins
2026-04-23 02:48:46.650 7 INFO neutron.api.extensions [None req-0e1cc330-9e41-4f8c-8828-70164a77d890 - - - - - -] Extension port-hint-ovs-tx-steering not supported by any of loaded plugins
2026-04-23 02:48:46.651 7 INFO neutron.api.extensions [None req-0e1cc330-9e41-4f8c-8828-70164a77d890 - - - - - -] Extension port-hints not supported by any of loaded plugins
2026-04-23 02:48:46.651 7 INFO neutron.api.extensions [None req-0e1cc330-9e41-4f8c-8828-70164a77d890 - - - - - -] Extension port-mac-override not supported by any of loaded plugins
2026-04-23 02:48:46.652 7 INFO neutron.api.extensions [None req-0e1cc330-9e41-4f8c-8828-70164a77d890 - - - - - -] Loaded extension: port-mac-address-regenerate
2026-04-23 02:48:46.652 7 INFO neutron.api.extensions [None req-0e1cc330-9e41-4f8c-8828-70164a77d890 - - - - - -] Loaded extension: port-numa-affinity-policy
2026-04-23 02:48:46.653 7 INFO neutron.api.extensions [None req-0e1cc330-9e41-4f8c-8828-70164a77d890 - - - - - -] Loaded extension: port-numa-affinity-policy-socket
2026-04-23 02:48:46.653 7 INFO neutron.api.extensions [None req-0e1cc330-9e41-4f8c-8828-70164a77d890 - - - - - -] Loaded extension: port-resource-request
2026-04-23 02:48:46.654 7 INFO neutron.api.extensions [None req-0e1cc330-9e41-4f8c-8828-70164a77d890 - - - - - -] Loaded extension: port-resource-request-groups
2026-04-23 02:48:46.654 8 INFO neutron.quota.resource_registry [None req-a4831453-2b6d-4af7-9c77-ce3d8fb0323c - - - - - -] Creating instance of CountableResource for resource:rbac_policy
2026-04-23 02:48:46.654 7 INFO neutron.api.extensions [None req-0e1cc330-9e41-4f8c-8828-70164a77d890 - - - - - -] Extension port-trusted-vif not supported by any of loaded plugins
2026-04-23 02:48:46.654 8 INFO neutron.quota.resource_registry [None req-a4831453-2b6d-4af7-9c77-ce3d8fb0323c - - - - - -] Creating instance of TrackedResource for resource:security_group
2026-04-23 02:48:46.655 7 INFO neutron.api.extensions [None req-0e1cc330-9e41-4f8c-8828-70164a77d890 - - - - - -] Loaded extension: binding
2026-04-23 02:48:46.655 8 INFO neutron.quota.resource_registry [None req-a4831453-2b6d-4af7-9c77-ce3d8fb0323c - - - - - -] Creating instance of TrackedResource for resource:security_group_rule
2026-04-23 02:48:46.656 7 INFO neutron.api.extensions [None req-0e1cc330-9e41-4f8c-8828-70164a77d890 - - - - - -] Loaded extension: binding-extended
2026-04-23 02:48:46.656 8 INFO neutron.quota.resource_registry [None req-a4831453-2b6d-4af7-9c77-ce3d8fb0323c - - - - - -] Creating instance of TrackedResource for resource:subnetpool
2026-04-23 02:48:46.656 8 WARNING neutron.quota.resource_registry [None req-a4831453-2b6d-4af7-9c77-ce3d8fb0323c - - - - - -] subnetpool is already registered
2026-04-23 02:48:46.656 7 INFO neutron.api.extensions [None req-0e1cc330-9e41-4f8c-8828-70164a77d890 - - - - - -] Loaded extension: port-security
2026-04-23 02:48:46.656 8 INFO neutron.quota.resource_registry [None req-a4831453-2b6d-4af7-9c77-ce3d8fb0323c - - - - - -] Creating instance of CountableResource for resource:trunk
2026-04-23 02:48:46.656 7 INFO neutron.api.extensions [None req-0e1cc330-9e41-4f8c-8828-70164a77d890 - - - - - -] Loaded extension: project-id
2026-04-23 02:48:46.657 8 INFO neutron.quota.resource_registry [None req-a4831453-2b6d-4af7-9c77-ce3d8fb0323c - - - - - -] Creating instance of CountableResource for resource:ikepolicy
2026-04-23 02:48:46.657 7 INFO neutron.api.extensions [None req-0e1cc330-9e41-4f8c-8828-70164a77d890 - - - - - -] Loaded extension: provider
2026-04-23 02:48:46.657 8 INFO neutron.quota.resource_registry [None req-a4831453-2b6d-4af7-9c77-ce3d8fb0323c - - - - - -] Creating instance of CountableResource for resource:ipsecpolicy
2026-04-23 02:48:46.657 8 INFO neutron.quota.resource_registry [None req-a4831453-2b6d-4af7-9c77-ce3d8fb0323c - - - - - -] Creating instance of CountableResource for resource:endpoint_group
2026-04-23 02:48:46.658 7 INFO neutron.api.extensions [None req-0e1cc330-9e41-4f8c-8828-70164a77d890 - - - - - -] Loaded extension: qinq
2026-04-23 02:48:46.658 8 INFO neutron.quota.resource_registry [None req-a4831453-2b6d-4af7-9c77-ce3d8fb0323c - - - - - -] Creating instance of CountableResource for resource:vpnservice
2026-04-23 02:48:46.658 8 INFO neutron.quota.resource_registry [None req-a4831453-2b6d-4af7-9c77-ce3d8fb0323c - - - - - -] Creating instance of CountableResource for resource:ipsec_site_connection
2026-04-23 02:48:46.659 8 INFO neutron.quota.resource_registry [None req-a4831453-2b6d-4af7-9c77-ce3d8fb0323c - - - - - -] Creating instance of CountableResource for resource:ipsecpolicy
2026-04-23 02:48:46.659 8 WARNING neutron.quota.resource_registry [None req-a4831453-2b6d-4af7-9c77-ce3d8fb0323c - - - - - -] ipsecpolicy is already registered
2026-04-23 02:48:46.659 8 INFO neutron.quota.resource_registry [None req-a4831453-2b6d-4af7-9c77-ce3d8fb0323c - - - - - -] Creating instance of CountableResource for resource:ikepolicy
2026-04-23 02:48:46.659 8 WARNING neutron.quota.resource_registry [None req-a4831453-2b6d-4af7-9c77-ce3d8fb0323c - - - - - -] ikepolicy is already registered
2026-04-23 02:48:46.660 7 INFO neutron.api.extensions [None req-0e1cc330-9e41-4f8c-8828-70164a77d890 - - - - - -] Loaded extension: qos
2026-04-23 02:48:46.661 7 INFO neutron.api.extensions [None req-0e1cc330-9e41-4f8c-8828-70164a77d890 - - - - - -] Loaded extension: qos-bw-limit-direction
2026-04-23 02:48:46.661 7 INFO neutron.api.extensions [None req-0e1cc330-9e41-4f8c-8828-70164a77d890 - - - - - -] Loaded extension: qos-bw-minimum-ingress
2026-04-23 02:48:46.662 7 INFO neutron.api.extensions [None req-0e1cc330-9e41-4f8c-8828-70164a77d890 - - - - - -] Loaded extension: qos-default
2026-04-23 02:48:46.662 7 INFO neutron.api.extensions [None req-0e1cc330-9e41-4f8c-8828-70164a77d890 - - - - - -] Loaded extension: qos-fip
2026-04-23 02:48:46.663 7 INFO neutron.api.extensions [None req-0e1cc330-9e41-4f8c-8828-70164a77d890 - - - - - -] Extension qos-fip-network-policy not supported by any of loaded plugins
2026-04-23 02:48:46.663 7 INFO neutron.api.extensions [None req-0e1cc330-9e41-4f8c-8828-70164a77d890 - - - - - -] Loaded extension: qos-gateway-ip
2026-04-23 02:48:46.663 8 INFO neutron.quota.resource_registry [None req-a4831453-2b6d-4af7-9c77-ce3d8fb0323c - - - - - -] Creating instance of TrackedResource for resource:router
2026-04-23 02:48:46.664 8 WARNING neutron.quota.resource_registry [None req-a4831453-2b6d-4af7-9c77-ce3d8fb0323c - - - - - -] router is already registered
2026-04-23 02:48:46.664 7 INFO neutron.api.extensions [None req-0e1cc330-9e41-4f8c-8828-70164a77d890 - - - - - -] Loaded extension: qos-port-network-policy
2026-04-23 02:48:46.664 8 INFO neutron.quota.resource_registry [None req-a4831453-2b6d-4af7-9c77-ce3d8fb0323c - - - - - -] Creating instance of TrackedResource for resource:floatingip
2026-04-23 02:48:46.664 8 WARNING neutron.quota.resource_registry [None req-a4831453-2b6d-4af7-9c77-ce3d8fb0323c - - - - - -] floatingip is already registered
2026-04-23 02:48:46.664 7 INFO neutron.api.extensions [None req-0e1cc330-9e41-4f8c-8828-70164a77d890 - - - - - -] Loaded extension: qos-pps-minimum
2026-04-23 02:48:46.665 7 INFO neutron.api.extensions [None req-0e1cc330-9e41-4f8c-8828-70164a77d890 - - - - - -] Loaded extension: qos-pps-minimum-rule-alias
2026-04-23 02:48:46.666 7 INFO neutron.api.extensions [None req-0e1cc330-9e41-4f8c-8828-70164a77d890 - - - - - -] Loaded extension: qos-pps
2026-04-23 02:48:46.666 7 INFO neutron.api.extensions [None req-0e1cc330-9e41-4f8c-8828-70164a77d890 - - - - - -] Loaded extension: qos-rule-type-details
2026-04-23 02:48:46.667 7 INFO neutron.api.extensions [None req-0e1cc330-9e41-4f8c-8828-70164a77d890 - - - - - -] Loaded extension: qos-rule-type-filter
2026-04-23 02:48:46.667 7 INFO neutron.api.extensions [None req-0e1cc330-9e41-4f8c-8828-70164a77d890 - - - - - -] Loaded extension: qos-rules-alias
2026-04-23 02:48:46.668 7 INFO neutron.api.extensions [None req-0e1cc330-9e41-4f8c-8828-70164a77d890 - - - - - -] Loaded extension: quota-check-limit
2026-04-23 02:48:46.668 7 INFO neutron.api.extensions [None req-0e1cc330-9e41-4f8c-8828-70164a77d890 - - - - - -] Loaded extension: quota-check-limit-default
2026-04-23 02:48:46.669 8 INFO neutron.quota.resource_registry [None req-a4831453-2b6d-4af7-9c77-ce3d8fb0323c - - - - - -] Creating instance of CountableResource for resource:rbac_policy
2026-04-23 02:48:46.669 8 WARNING neutron.quota.resource_registry [None req-a4831453-2b6d-4af7-9c77-ce3d8fb0323c - - - - - -] rbac_policy is already registered
2026-04-23 02:48:46.669 8 INFO neutron.quota.resource_registry [None req-a4831453-2b6d-4af7-9c77-ce3d8fb0323c - - - - - -] Creating instance of TrackedResource for resource:security_group
2026-04-23 02:48:46.669 8 WARNING neutron.quota.resource_registry [None req-a4831453-2b6d-4af7-9c77-ce3d8fb0323c - - - - - -] security_group is already registered
2026-04-23 02:48:46.670 8 INFO neutron.quota.resource_registry [None req-a4831453-2b6d-4af7-9c77-ce3d8fb0323c - - - - - -] Creating instance of TrackedResource for resource:security_group_rule
2026-04-23 02:48:46.670 8 WARNING neutron.quota.resource_registry [None req-a4831453-2b6d-4af7-9c77-ce3d8fb0323c - - - - - -] security_group_rule is already registered
2026-04-23 02:48:46.671 8 INFO neutron.quota.resource_registry [None req-a4831453-2b6d-4af7-9c77-ce3d8fb0323c - - - - - -] Creating instance of TrackedResource for resource:subnetpool
2026-04-23 02:48:46.671 7 INFO neutron.api.extensions [None req-0e1cc330-9e41-4f8c-8828-70164a77d890 - - - - - -] Loaded extension: quotas
2026-04-23 02:48:46.671 8 WARNING neutron.quota.resource_registry [None req-a4831453-2b6d-4af7-9c77-ce3d8fb0323c - - - - - -] subnetpool is already registered
2026-04-23 02:48:46.671 8 INFO neutron.quota.resource_registry [None req-a4831453-2b6d-4af7-9c77-ce3d8fb0323c - - - - - -] Creating instance of CountableResource for resource:trunk
2026-04-23 02:48:46.671 8 WARNING neutron.quota.resource_registry [None req-a4831453-2b6d-4af7-9c77-ce3d8fb0323c - - - - - -] trunk is already registered
2026-04-23 02:48:46.672 8 INFO neutron.quota.resource_registry [None req-a4831453-2b6d-4af7-9c77-ce3d8fb0323c - - - - - -] Creating instance of CountableResource for resource:ikepolicy
2026-04-23 02:48:46.672 7 INFO neutron.api.extensions [None req-0e1cc330-9e41-4f8c-8828-70164a77d890 - - - - - -] Loaded extension: quota_details
2026-04-23 02:48:46.672 8 WARNING neutron.quota.resource_registry [None req-a4831453-2b6d-4af7-9c77-ce3d8fb0323c - - - - - -] ikepolicy is already registered
2026-04-23 02:48:46.672 8 INFO neutron.quota.resource_registry [None req-a4831453-2b6d-4af7-9c77-ce3d8fb0323c - - - - - -] Creating instance of CountableResource for resource:ipsecpolicy
2026-04-23 02:48:46.672 8 WARNING neutron.quota.resource_registry [None req-a4831453-2b6d-4af7-9c77-ce3d8fb0323c - - - - - -] ipsecpolicy is already registered
2026-04-23 02:48:46.673 8 INFO neutron.quota.resource_registry [None req-a4831453-2b6d-4af7-9c77-ce3d8fb0323c - - - - - -] Creating instance of CountableResource for resource:endpoint_group
2026-04-23 02:48:46.673 8 WARNING neutron.quota.resource_registry [None req-a4831453-2b6d-4af7-9c77-ce3d8fb0323c - - - - - -] endpoint_group is already registered
2026-04-23 02:48:46.673 7 INFO neutron.api.extensions [None req-0e1cc330-9e41-4f8c-8828-70164a77d890 - - - - - -] Loaded extension: rbac-policies
2026-04-23 02:48:46.673 8 INFO neutron.quota.resource_registry [None req-a4831453-2b6d-4af7-9c77-ce3d8fb0323c - - - - - -] Creating instance of CountableResource for resource:vpnservice
2026-04-23 02:48:46.673 8 WARNING neutron.quota.resource_registry [None req-a4831453-2b6d-4af7-9c77-ce3d8fb0323c - - - - - -] vpnservice is already registered
2026-04-23 02:48:46.674 7 INFO neutron.api.extensions [None req-0e1cc330-9e41-4f8c-8828-70164a77d890 - - - - - -] Extension rbac-address-group not supported by any of loaded plugins
2026-04-23 02:48:46.674 8 INFO neutron.quota.resource_registry [None req-a4831453-2b6d-4af7-9c77-ce3d8fb0323c - - - - - -] Creating instance of CountableResource for resource:ipsec_site_connection
2026-04-23 02:48:46.674 8 WARNING neutron.quota.resource_registry [None req-a4831453-2b6d-4af7-9c77-ce3d8fb0323c - - - - - -] ipsec_site_connection is already registered
2026-04-23 02:48:46.674 7 INFO neutron.api.extensions [None req-0e1cc330-9e41-4f8c-8828-70164a77d890 - - - - - -] Loaded extension: rbac-address-scope
2026-04-23 02:48:46.674 8 INFO neutron.quota.resource_registry [None req-a4831453-2b6d-4af7-9c77-ce3d8fb0323c - - - - - -] Creating instance of CountableResource for resource:ipsecpolicy
2026-04-23 02:48:46.674 8 WARNING neutron.quota.resource_registry [None req-a4831453-2b6d-4af7-9c77-ce3d8fb0323c - - - - - -] ipsecpolicy is already registered
2026-04-23 02:48:46.675 8 INFO neutron.quota.resource_registry [None req-a4831453-2b6d-4af7-9c77-ce3d8fb0323c - - - - - -] Creating instance of CountableResource for resource:ikepolicy
2026-04-23 02:48:46.675 7 INFO neutron.api.extensions [None req-0e1cc330-9e41-4f8c-8828-70164a77d890 - - - - - -] Loaded extension: rbac-security-groups
2026-04-23 02:48:46.675 8 WARNING neutron.quota.resource_registry [None req-a4831453-2b6d-4af7-9c77-ce3d8fb0323c - - - - - -] ikepolicy is already registered
2026-04-23 02:48:46.675 7 INFO neutron.api.extensions [None req-0e1cc330-9e41-4f8c-8828-70164a77d890 - - - - - -] Extension rbac-subnetpool not supported by any of loaded plugins
2026-04-23 02:48:46.676 7 INFO neutron.api.extensions [None req-0e1cc330-9e41-4f8c-8828-70164a77d890 - - - - - -] Loaded extension: revision-if-match
2026-04-23 02:48:46.676 7 INFO neutron.api.extensions [None req-0e1cc330-9e41-4f8c-8828-70164a77d890 - - - - - -] Loaded extension: standard-attr-revisions
2026-04-23 02:48:46.677 7 INFO neutron.api.extensions [None req-0e1cc330-9e41-4f8c-8828-70164a77d890 - - - - - -] Loaded extension: router_availability_zone
2026-04-23 02:48:46.678 7 INFO neutron.api.extensions [None req-0e1cc330-9e41-4f8c-8828-70164a77d890 - - - - - -] Extension router-service-type not supported by any of loaded plugins
2026-04-23 02:48:46.679 7 INFO neutron.api.extensions [None req-0e1cc330-9e41-4f8c-8828-70164a77d890 - - - - - -] Loaded extension: security-groups-default-rules
2026-04-23 02:48:46.680 7 INFO neutron.api.extensions [None req-0e1cc330-9e41-4f8c-8828-70164a77d890 - - - - - -] Loaded extension: security-groups-normalized-cidr
2026-04-23 02:48:46.680 7 INFO neutron.api.extensions [None req-0e1cc330-9e41-4f8c-8828-70164a77d890 - - - - - -] Extension port-security-groups-filtering not supported by any of loaded plugins
2026-04-23 02:48:46.681 7 INFO neutron.api.extensions [None req-0e1cc330-9e41-4f8c-8828-70164a77d890 - - - - - -] Loaded extension: security-groups-remote-address-group
2026-04-23 02:48:46.681 7 INFO neutron.api.extensions [None req-0e1cc330-9e41-4f8c-8828-70164a77d890 - - - - - -] Loaded extension: security-groups-rules-belongs-to-default-sg
2026-04-23 02:48:46.682 7 INFO neutron.api.extensions [None req-0e1cc330-9e41-4f8c-8828-70164a77d890 - - - - - -] Loaded extension: security-groups-shared-filtering
2026-04-23 02:48:46.686 7 INFO neutron.api.extensions [None req-0e1cc330-9e41-4f8c-8828-70164a77d890 - - - - - -] Loaded extension: security-group
2026-04-23 02:48:46.687 7 INFO neutron.api.extensions [None req-0e1cc330-9e41-4f8c-8828-70164a77d890 - - - - - -] Loaded extension: segment
2026-04-23 02:48:46.688 7 INFO neutron.api.extensions [None req-0e1cc330-9e41-4f8c-8828-70164a77d890 - - - - - -] Loaded extension: segments-peer-subnet-host-routes
2026-04-23 02:48:46.689 7 INFO neutron.api.extensions [None req-0e1cc330-9e41-4f8c-8828-70164a77d890 - - - - - -] Loaded extension: service-type
2026-04-23 02:48:46.689 7 INFO neutron.api.extensions [None req-0e1cc330-9e41-4f8c-8828-70164a77d890 - - - - - -] Loaded extension: sorting
2026-04-23 02:48:46.690 7 INFO neutron.api.extensions [None req-0e1cc330-9e41-4f8c-8828-70164a77d890 - - - - - -] Loaded extension: standard-attr-segment
2026-04-23 02:48:46.690 7 INFO neutron.api.extensions [None req-0e1cc330-9e41-4f8c-8828-70164a77d890 - - - - - -] Loaded extension: standard-attr-description
2026-04-23 02:48:46.691 7 INFO neutron.api.extensions [None req-0e1cc330-9e41-4f8c-8828-70164a77d890 - - - - - -] Loaded extension: stateful-security-group
2026-04-23 02:48:46.691 7 WARNING neutron.api.extensions [None req-0e1cc330-9e41-4f8c-8828-70164a77d890 - - - - - -] Did not find expected name "Stdattrs_common" in /var/lib/openstack/lib/python3.12/site-packages/neutron/extensions/stdattrs_common.py
2026-04-23 02:48:46.692 7 INFO neutron.api.extensions [None req-0e1cc330-9e41-4f8c-8828-70164a77d890 - - - - - -] Loaded extension: subnet-dns-publish-fixed-ip
2026-04-23 02:48:46.692 7 INFO neutron.api.extensions [None req-0e1cc330-9e41-4f8c-8828-70164a77d890 - - - - - -] Loaded extension: subnet-external-network
2026-04-23 02:48:46.693 7 INFO neutron.api.extensions [None req-0e1cc330-9e41-4f8c-8828-70164a77d890 - - - - - -] Extension subnet_onboard not supported by any of loaded plugins
2026-04-23 02:48:46.693 7 INFO neutron.api.extensions [None req-0e1cc330-9e41-4f8c-8828-70164a77d890 - - - - - -] Loaded extension: subnet-segmentid-writable
2026-04-23 02:48:46.694 7 INFO neutron.api.extensions [None req-0e1cc330-9e41-4f8c-8828-70164a77d890 - - - - - -] Loaded extension: subnet-service-types
2026-04-23 02:48:46.694 7 INFO neutron.api.extensions [None req-0e1cc330-9e41-4f8c-8828-70164a77d890 - - - - - -] Loaded extension: subnet_allocation
2026-04-23 02:48:46.695 7 INFO neutron.api.extensions [None req-0e1cc330-9e41-4f8c-8828-70164a77d890 - - - - - -] Loaded extension: subnetpool-prefix-ops
2026-04-23 02:48:46.696 7 INFO neutron.api.extensions [None req-0e1cc330-9e41-4f8c-8828-70164a77d890 - - - - - -] Loaded extension: tag-creation
2026-04-23 02:48:46.696 7 INFO neutron.api.extensions [None req-0e1cc330-9e41-4f8c-8828-70164a77d890 - - - - - -] Extension tag-ports-during-bulk-creation not supported by any of loaded plugins
2026-04-23 02:48:46.700 7 INFO neutron.api.extensions [None req-0e1cc330-9e41-4f8c-8828-70164a77d890 - - - - - -] Loaded extension: standard-attr-tag
2026-04-23 02:48:46.701 7 INFO neutron.api.extensions [None req-0e1cc330-9e41-4f8c-8828-70164a77d890 - - - - - -] Loaded extension: standard-attr-timestamp
2026-04-23 02:48:46.702 7 INFO neutron.api.extensions [None req-0e1cc330-9e41-4f8c-8828-70164a77d890 - - - - - -] Loaded extension: trunk
2026-04-23 02:48:46.702 7 INFO neutron.api.extensions [None req-0e1cc330-9e41-4f8c-8828-70164a77d890 - - - - - -] Loaded extension: trunk-details
2026-04-23 02:48:46.703 7 INFO neutron.api.extensions [None req-0e1cc330-9e41-4f8c-8828-70164a77d890 - - - - - -] Extension uplink-status-propagation not supported by any of loaded plugins
2026-04-23 02:48:46.703 7 INFO neutron.api.extensions [None req-0e1cc330-9e41-4f8c-8828-70164a77d890 - - - - - -] Extension uplink-status-propagation-updatable not supported by any of loaded plugins
2026-04-23 02:48:46.704 7 INFO neutron.api.extensions [None req-0e1cc330-9e41-4f8c-8828-70164a77d890 - - - - - -] Loaded extension: vlan-transparent
2026-04-23 02:48:46.705 7 INFO neutron.api.extensions [None req-0e1cc330-9e41-4f8c-8828-70164a77d890 - - - - - -] Loaded extension: vpn-aes-ctr
2026-04-23 02:48:46.707 7 INFO neutron.api.extensions [None req-0e1cc330-9e41-4f8c-8828-70164a77d890 - - - - - -] Loaded extension: vpn-agent-scheduler
2026-04-23 02:48:46.709 7 INFO neutron.api.extensions [None req-0e1cc330-9e41-4f8c-8828-70164a77d890 - - - - - -] Loaded extension: vpn-endpoint-groups
2026-04-23 02:48:46.710 7 INFO neutron.api.extensions [None req-0e1cc330-9e41-4f8c-8828-70164a77d890 - - - - - -] Loaded extension: vpn-flavors
2026-04-23 02:48:46.711 7 INFO neutron.api.extensions [None req-0e1cc330-9e41-4f8c-8828-70164a77d890 - - - - - -] Loaded extension: vpnaas
2026-04-23 02:48:46.712 8 WARNING keystonemiddleware._common.config [None req-a4831453-2b6d-4af7-9c77-ce3d8fb0323c - - - - - -] The option "audit_map_file" is not known to keystonemiddleware
2026-04-23 02:48:46.713 7 INFO neutron.api.extensions [None req-0e1cc330-9e41-4f8c-8828-70164a77d890 - - - - - -] Loaded extension: taas
2026-04-23 02:48:46.714 7 INFO neutron.api.extensions [None req-0e1cc330-9e41-4f8c-8828-70164a77d890 - - - - - -] Loaded extension: tap-mirror
2026-04-23 02:48:46.715 7 INFO neutron.api.extensions [None req-0e1cc330-9e41-4f8c-8828-70164a77d890 - - - - - -] Loaded extension: taas-vlan-filter
2026-04-23 02:48:46.718 7 INFO neutron.quota.resource_registry [None req-0e1cc330-9e41-4f8c-8828-70164a77d890 - - - - - -] Creating instance of TrackedResource for resource:network
2026-04-23 02:48:46.718 8 WARNING oslo_config.cfg [None req-a4831453-2b6d-4af7-9c77-ce3d8fb0323c - - - - - -] Deprecated: Option "auth_uri" from group "keystone_authtoken" is deprecated. Use option "www_authenticate_uri" from group "keystone_authtoken".
2026-04-23 02:48:46.719 7 INFO neutron.quota.resource_registry [None req-0e1cc330-9e41-4f8c-8828-70164a77d890 - - - - - -] Creating instance of TrackedResource for resource:subnet
2026-04-23 02:48:46.719 7 INFO neutron.quota.resource_registry [None req-0e1cc330-9e41-4f8c-8828-70164a77d890 - - - - - -] Creating instance of TrackedResource for resource:subnetpool
2026-04-23 02:48:46.719 7 INFO neutron.quota.resource_registry [None req-0e1cc330-9e41-4f8c-8828-70164a77d890 - - - - - -] Creating instance of TrackedResource for resource:port
2026-04-23 02:48:46.722 7 INFO neutron.quota.resource_registry [None req-0e1cc330-9e41-4f8c-8828-70164a77d890 - - - - - -] Creating instance of TrackedResource for resource:router
2026-04-23 02:48:46.723 7 INFO neutron.quota.resource_registry [None req-0e1cc330-9e41-4f8c-8828-70164a77d890 - - - - - -] Creating instance of TrackedResource for resource:floatingip
2026-04-23 02:48:46.728 7 INFO neutron.quota.resource_registry [None req-0e1cc330-9e41-4f8c-8828-70164a77d890 - - - - - -] Creating instance of CountableResource for resource:rbac_policy
2026-04-23 02:48:46.729 7 INFO neutron.quota.resource_registry [None req-0e1cc330-9e41-4f8c-8828-70164a77d890 - - - - - -] Creating instance of TrackedResource for resource:security_group
2026-04-23 02:48:46.729 7 INFO neutron.quota.resource_registry [None req-0e1cc330-9e41-4f8c-8828-70164a77d890 - - - - - -] Creating instance of TrackedResource for resource:security_group_rule
2026-04-23 02:48:46.730 7 INFO neutron.quota.resource_registry [None req-0e1cc330-9e41-4f8c-8828-70164a77d890 - - - - - -] Creating instance of TrackedResource for resource:subnetpool
2026-04-23 02:48:46.731 7 WARNING neutron.quota.resource_registry [None req-0e1cc330-9e41-4f8c-8828-70164a77d890 - - - - - -] subnetpool is already registered
2026-04-23 02:48:46.731 7 INFO neutron.quota.resource_registry [None req-0e1cc330-9e41-4f8c-8828-70164a77d890 - - - - - -] Creating instance of CountableResource for resource:trunk
2026-04-23 02:48:46.731 7 INFO neutron.quota.resource_registry [None req-0e1cc330-9e41-4f8c-8828-70164a77d890 - - - - - -] Creating instance of CountableResource for resource:ikepolicy
2026-04-23 02:48:46.732 7 INFO neutron.quota.resource_registry [None req-0e1cc330-9e41-4f8c-8828-70164a77d890 - - - - - -] Creating instance of CountableResource for resource:ipsecpolicy
2026-04-23 02:48:46.732 7 INFO neutron.quota.resource_registry [None req-0e1cc330-9e41-4f8c-8828-70164a77d890 - - - - - -] Creating instance of CountableResource for resource:endpoint_group
2026-04-23 02:48:46.733 7 INFO neutron.quota.resource_registry [None req-0e1cc330-9e41-4f8c-8828-70164a77d890 - - - - - -] Creating instance of CountableResource for resource:vpnservice
2026-04-23 02:48:46.733 7 INFO neutron.quota.resource_registry [None req-0e1cc330-9e41-4f8c-8828-70164a77d890 - - - - - -] Creating instance of CountableResource for resource:ipsec_site_connection
2026-04-23 02:48:46.734 7 INFO neutron.quota.resource_registry [None req-0e1cc330-9e41-4f8c-8828-70164a77d890 - - - - - -] Creating instance of CountableResource for resource:ipsecpolicy
2026-04-23 02:48:46.734 7 WARNING neutron.quota.resource_registry [None req-0e1cc330-9e41-4f8c-8828-70164a77d890 - - - - - -] ipsecpolicy is already registered
2026-04-23 02:48:46.734 7 INFO neutron.quota.resource_registry [None req-0e1cc330-9e41-4f8c-8828-70164a77d890 - - - - - -] Creating instance of CountableResource for resource:ikepolicy
2026-04-23 02:48:46.734 8 WARNING neutron.plugins.ml2.drivers.ovn.mech_driver.mech_driver [None req-a4831453-2b6d-4af7-9c77-ce3d8fb0323c - - - - - -] uWSGI must provide a start time using the configuration parameter "start-time %t" in the configuration file
2026-04-23 02:48:46.734 7 WARNING neutron.quota.resource_registry [None req-0e1cc330-9e41-4f8c-8828-70164a77d890 - - - - - -] ikepolicy is already registered
2026-04-23 02:48:46.739 7 INFO neutron.quota.resource_registry [None req-0e1cc330-9e41-4f8c-8828-70164a77d890 - - - - - -] Creating instance of TrackedResource for resource:router
2026-04-23 02:48:46.739 7 WARNING neutron.quota.resource_registry [None req-0e1cc330-9e41-4f8c-8828-70164a77d890 - - - - - -] router is already registered
2026-04-23 02:48:46.740 7 INFO neutron.quota.resource_registry [None req-0e1cc330-9e41-4f8c-8828-70164a77d890 - - - - - -] Creating instance of TrackedResource for resource:floatingip
2026-04-23 02:48:46.740 7 WARNING neutron.quota.resource_registry [None req-0e1cc330-9e41-4f8c-8828-70164a77d890 - - - - - -] floatingip is already registered
2026-04-23 02:48:46.745 7 INFO neutron.quota.resource_registry [None req-0e1cc330-9e41-4f8c-8828-70164a77d890 - - - - - -] Creating instance of CountableResource for resource:rbac_policy
2026-04-23 02:48:46.745 7 WARNING neutron.quota.resource_registry [None req-0e1cc330-9e41-4f8c-8828-70164a77d890 - - - - - -] rbac_policy is already registered
2026-04-23 02:48:46.746 8 INFO neutron.db.ovn_hash_ring_db [None req-a4831453-2b6d-4af7-9c77-ce3d8fb0323c - - - - - -] Nodes from host "neutron-server-5cc9fd56c4-fgmbw" and group "mechanism_driver" removed from the Hash Ring created at
2026-04-23 02:48:46+00:00
2026-04-23 02:48:46.746 7 INFO neutron.quota.resource_registry [None req-0e1cc330-9e41-4f8c-8828-70164a77d890 - - - - - -] Creating instance of TrackedResource for resource:security_group
2026-04-23 02:48:46.746 7 WARNING neutron.quota.resource_registry [None req-0e1cc330-9e41-4f8c-8828-70164a77d890 - - - - - -] security_group is already registered
2026-04-23 02:48:46.747 7 INFO neutron.quota.resource_registry [None req-0e1cc330-9e41-4f8c-8828-70164a77d890 - - - - - -] Creating instance of TrackedResource for resource:security_group_rule
2026-04-23 02:48:46.747 7 WARNING neutron.quota.resource_registry [None req-0e1cc330-9e41-4f8c-8828-70164a77d890 - - - - - -] security_group_rule is already registered
2026-04-23 02:48:46.748 8 INFO neutron.db.ovn_hash_ring_db [None req-a4831453-2b6d-4af7-9c77-ce3d8fb0323c - - - - - -] Node 92825aeb65cb53b1aafc03ad825a007a from host "neutron-server-5cc9fd56c4-fgmbw" and group "mechanism_driver" added to the Hash Ring
2026-04-23 02:48:46.748 7 INFO neutron.quota.resource_registry [None req-0e1cc330-9e41-4f8c-8828-70164a77d890 - - - - - -] Creating instance of TrackedResource for resource:subnetpool
2026-04-23 02:48:46.748 7 WARNING neutron.quota.resource_registry [None req-0e1cc330-9e41-4f8c-8828-70164a77d890 - - - - - -] subnetpool is already registered
2026-04-23 02:48:46.749 7 INFO neutron.quota.resource_registry [None req-0e1cc330-9e41-4f8c-8828-70164a77d890 - - - - - -] Creating instance of CountableResource for resource:trunk
2026-04-23 02:48:46.749 7 WARNING neutron.quota.resource_registry [None req-0e1cc330-9e41-4f8c-8828-70164a77d890 - - - - - -] trunk is already registered
2026-04-23 02:48:46.749 7 INFO neutron.quota.resource_registry [None req-0e1cc330-9e41-4f8c-8828-70164a77d890 - - - - - -] Creating instance of CountableResource for resource:ikepolicy
2026-04-23 02:48:46.749 7 WARNING neutron.quota.resource_registry [None req-0e1cc330-9e41-4f8c-8828-70164a77d890 - - - - - -] ikepolicy is already registered
2026-04-23 02:48:46.750 7 INFO neutron.quota.resource_registry [None req-0e1cc330-9e41-4f8c-8828-70164a77d890 - - - - - -] Creating instance of CountableResource for resource:ipsecpolicy
2026-04-23 02:48:46.750 7 WARNING neutron.quota.resource_registry [None req-0e1cc330-9e41-4f8c-8828-70164a77d890 - - - - - -] ipsecpolicy is already registered
2026-04-23 02:48:46.751 7 INFO neutron.quota.resource_registry [None req-0e1cc330-9e41-4f8c-8828-70164a77d890 - - - - - -] Creating instance of CountableResource for resource:endpoint_group
2026-04-23 02:48:46.751 7 WARNING neutron.quota.resource_registry [None req-0e1cc330-9e41-4f8c-8828-70164a77d890 - - - - - -] endpoint_group is already registered
2026-04-23 02:48:46.751 7 INFO neutron.quota.resource_registry [None req-0e1cc330-9e41-4f8c-8828-70164a77d890 - - - - - -] Creating instance of CountableResource for resource:vpnservice
2026-04-23 02:48:46.752 7 WARNING neutron.quota.resource_registry [None req-0e1cc330-9e41-4f8c-8828-70164a77d890 - - - - - -] vpnservice is already registered
2026-04-23 02:48:46.752 7 INFO neutron.quota.resource_registry [None req-0e1cc330-9e41-4f8c-8828-70164a77d890 - - - - - -] Creating instance of CountableResource for resource:ipsec_site_connection
2026-04-23 02:48:46.752 7 WARNING neutron.quota.resource_registry [None req-0e1cc330-9e41-4f8c-8828-70164a77d890 - - - - - -] ipsec_site_connection is already registered
2026-04-23 02:48:46.753 7 INFO neutron.quota.resource_registry [None req-0e1cc330-9e41-4f8c-8828-70164a77d890 - - - - - -] Creating instance of CountableResource for resource:ipsecpolicy
2026-04-23 02:48:46.753 7 WARNING neutron.quota.resource_registry [None req-0e1cc330-9e41-4f8c-8828-70164a77d890 - - - - - -] ipsecpolicy is already registered
2026-04-23 02:48:46.753 7 INFO neutron.quota.resource_registry [None req-0e1cc330-9e41-4f8c-8828-70164a77d890 - - - - - -] Creating instance of CountableResource for resource:ikepolicy
2026-04-23 02:48:46.753 7 WARNING neutron.quota.resource_registry [None req-0e1cc330-9e41-4f8c-8828-70164a77d890 - - - - - -] ikepolicy is already registered
2026-04-23 02:48:46.756 8 INFO neutron.plugins.ml2.drivers.ovn.mech_driver.mech_driver [None req-a4831453-2b6d-4af7-9c77-ce3d8fb0323c - - - - - -] Hash Ring probing thread for node 92825aeb65cb53b1aafc03ad825a007a has started
2026-04-23 02:48:46.757 8 INFO neutron.plugins.ml2.drivers.ovn.mech_driver.ovsdb.impl_idl_ovn [None req-a4831453-2b6d-4af7-9c77-ce3d8fb0323c - - - - - -] Getting OvsdbNbOvnIdl for WorkerService with retry
2026-04-23 02:48:46.786 8 INFO ovsdbapp.backend.ovs_idl.vlog [None req-a4831453-2b6d-4af7-9c77-ce3d8fb0323c - - - - - -] tcp:10.96.124.121:6641: connecting...
2026-04-23 02:48:46.786 8 INFO ovsdbapp.backend.ovs_idl.vlog [None req-a4831453-2b6d-4af7-9c77-ce3d8fb0323c - - - - - -] tcp:10.96.124.121:6641: connected
2026-04-23 02:48:46.791 7 WARNING keystonemiddleware._common.config [None req-0e1cc330-9e41-4f8c-8828-70164a77d890 - - - - - -] The option "audit_map_file" is not known to keystonemiddleware
2026-04-23 02:48:46.799 7 WARNING oslo_config.cfg [None req-0e1cc330-9e41-4f8c-8828-70164a77d890 - - - - - -] Deprecated: Option "auth_uri" from group "keystone_authtoken" is deprecated. Use option "www_authenticate_uri" from group "keystone_authtoken".
2026-04-23 02:48:46.818 7 WARNING neutron.plugins.ml2.drivers.ovn.mech_driver.mech_driver [None req-0e1cc330-9e41-4f8c-8828-70164a77d890 - - - - - -] uWSGI must provide a start time using the configuration parameter "start-time %t" in the configuration file
2026-04-23 02:48:46.843 7 INFO neutron.db.ovn_hash_ring_db [None req-0e1cc330-9e41-4f8c-8828-70164a77d890 - - - - - -] Nodes from host "neutron-server-5cc9fd56c4-fgmbw" and group "mechanism_driver" removed from the Hash Ring created at
2026-04-23 02:48:46+00:00
2026-04-23 02:48:46.846 7 INFO neutron.db.ovn_hash_ring_db [None req-0e1cc330-9e41-4f8c-8828-70164a77d890 - - - - - -] Node 73653690528c56668b3808bb39976043 from host "neutron-server-5cc9fd56c4-fgmbw" and group "mechanism_driver" added to the Hash Ring
2026-04-23 02:48:46.854 7 INFO neutron.plugins.ml2.drivers.ovn.mech_driver.mech_driver [None req-0e1cc330-9e41-4f8c-8828-70164a77d890 - - - - - -] Hash Ring probing thread for node 73653690528c56668b3808bb39976043 has started
2026-04-23 02:48:46.855 7 INFO neutron.plugins.ml2.drivers.ovn.mech_driver.ovsdb.impl_idl_ovn [None req-0e1cc330-9e41-4f8c-8828-70164a77d890 - - - - - -] Getting OvsdbNbOvnIdl for WorkerService with retry
2026-04-23 02:48:46.859 8 INFO neutron.plugins.ml2.drivers.ovn.mech_driver.ovsdb.impl_idl_ovn [None req-a4831453-2b6d-4af7-9c77-ce3d8fb0323c - - - - - -] Getting OvsdbSbOvnIdl for WorkerService with retry
2026-04-23 02:48:46.879 8 INFO ovsdbapp.backend.ovs_idl.vlog [None req-a4831453-2b6d-4af7-9c77-ce3d8fb0323c - - - - - -] tcp:10.111.32.200:6642: connecting...
2026-04-23 02:48:46.879 8 INFO ovsdbapp.backend.ovs_idl.vlog [None req-a4831453-2b6d-4af7-9c77-ce3d8fb0323c - - - - - -] tcp:10.111.32.200:6642: connected
2026-04-23 02:48:46.885 7 INFO ovsdbapp.backend.ovs_idl.vlog [None req-0e1cc330-9e41-4f8c-8828-70164a77d890 - - - - - -] tcp:10.96.124.121:6641: connecting...
2026-04-23 02:48:46.885 7 INFO ovsdbapp.backend.ovs_idl.vlog [None req-0e1cc330-9e41-4f8c-8828-70164a77d890 - - - - - -] tcp:10.96.124.121:6641: connected
2026-04-23 02:48:46.907 8 INFO neutron.plugins.ml2.drivers.ovn.mech_driver.mech_driver [None req-a4831453-2b6d-4af7-9c77-ce3d8fb0323c - - - - - -] WorkerService process has finished the post initialization
2026-04-23 02:48:46.924 7 INFO neutron.plugins.ml2.drivers.ovn.mech_driver.ovsdb.impl_idl_ovn [None req-0e1cc330-9e41-4f8c-8828-70164a77d890 - - - - - -] Getting OvsdbSbOvnIdl for WorkerService with retry
2026-04-23 02:48:46.930 8 INFO ovsdbapp.backend.ovs_idl.vlog [None req-a4831453-2b6d-4af7-9c77-ce3d8fb0323c - - - - - -] tcp:10.96.124.121:6641: connecting...
2026-04-23 02:48:46.930 8 INFO ovsdbapp.backend.ovs_idl.vlog [None req-a4831453-2b6d-4af7-9c77-ce3d8fb0323c - - - - - -] tcp:10.96.124.121:6641: connected
2026-04-23 02:48:46.945 7 INFO ovsdbapp.backend.ovs_idl.vlog [None req-0e1cc330-9e41-4f8c-8828-70164a77d890 - - - - - -] tcp:10.111.32.200:6642: connecting...
2026-04-23 02:48:46.946 7 INFO ovsdbapp.backend.ovs_idl.vlog [None req-0e1cc330-9e41-4f8c-8828-70164a77d890 - - - - - -] tcp:10.111.32.200:6642: connected
2026-04-23 02:48:46.968 8 INFO ovsdbapp.backend.ovs_idl.vlog [None req-a4831453-2b6d-4af7-9c77-ce3d8fb0323c - - - - - -] tcp:10.96.124.121:6641: connecting...
2026-04-23 02:48:46.968 8 INFO ovsdbapp.backend.ovs_idl.vlog [None req-a4831453-2b6d-4af7-9c77-ce3d8fb0323c - - - - - -] tcp:10.96.124.121:6641: connected
2026-04-23 02:48:46.974 7 INFO neutron.plugins.ml2.drivers.ovn.mech_driver.mech_driver [None req-0e1cc330-9e41-4f8c-8828-70164a77d890 - - - - - -] WorkerService process has finished the post initialization
2026-04-23 02:48:46.975 7 INFO neutron.plugins.ml2.drivers.ovn.mech_driver.ovsdb.extensions.qos [-] Starting OVNClientQosExtension
2026-04-23 02:48:46.976 7 INFO neutron.plugins.ml2.drivers.ovn.mech_driver.ovsdb.extensions.placement [-] Starting OVNClientPlacementExtension WSGI app 0 (mountpoint='') ready in 9 seconds on interpreter 0x7f991c428668 pid: 8 (default app)
2026-04-23 02:48:46.999 7 INFO ovsdbapp.backend.ovs_idl.vlog [None req-0e1cc330-9e41-4f8c-8828-70164a77d890 - - - - - -] tcp:10.96.124.121:6641: connecting...
2026-04-23 02:48:46.999 7 INFO ovsdbapp.backend.ovs_idl.vlog [None req-0e1cc330-9e41-4f8c-8828-70164a77d890 - - - - - -] tcp:10.96.124.121:6641: connected
2026-04-23 02:48:47.049 7 INFO ovsdbapp.backend.ovs_idl.vlog [None req-0e1cc330-9e41-4f8c-8828-70164a77d890 - - - - - -] tcp:10.96.124.121:6641: connecting...
2026-04-23 02:48:47.049 7 INFO ovsdbapp.backend.ovs_idl.vlog [None req-0e1cc330-9e41-4f8c-8828-70164a77d890 - - - - - -] tcp:10.96.124.121:6641: connected WSGI app 0 (mountpoint='') ready in 10 seconds on interpreter 0x7f991c428668 pid: 7 (default app) /var/lib/openstack/lib/python3.12/site-packages/pycadf/identifier.py:70: UserWarning: Invalid uuid: unknown. To ensure interoperability, identifiers should be a valid uuid. warnings.warn(('Invalid uuid: %s. To ensure interoperability, '
2026-04-23 02:48:49.167 8 INFO neutron.pecan_wsgi.hooks.translation [None req-4560e29e-5b9f-4e29-8aff-9c2eefa5ca95 1be18953253c40da9b206895e2fe89d6 ecd4f9136b394987bc9fe123f8faf22f - - default default] GET failed (client error): The resource could not be found. [pid: 8|app: 0|req: 3/3] 199.204.45.72 () {44 vars in 923 bytes} [Thu Apr 23 02:48:48 2026] GET /v2.0/networks/public => generated 108 bytes in 749 msecs (HTTP/1.1 404) 4 headers in 164 bytes (1 switches on core 0) /var/lib/openstack/lib/python3.12/site-packages/pycadf/identifier.py:70: UserWarning: Invalid uuid: unknown. To ensure interoperability, identifiers should be a valid uuid. warnings.warn(('Invalid uuid: %s. To ensure interoperability, ' [pid: 7|app: 0|req: 1/4] 199.204.45.72 () {44 vars in 945 bytes} [Thu Apr 23 02:48:49 2026] GET /v2.0/networks?name=public => generated 15 bytes in 352 msecs (HTTP/1.1 200) 4 headers in 156 bytes (1 switches on core 0)
2026-04-23 02:48:49.836 8 INFO neutron.plugins.ml2.drivers.ovn.mech_driver.ovsdb.extensions.qos [None req-322f61fd-be5b-47f6-81aa-b4a344a814b5 1be18953253c40da9b206895e2fe89d6 ecd4f9136b394987bc9fe123f8faf22f - - default default] Starting OVNClientQosExtension
2026-04-23 02:48:49.837 8 INFO neutron.plugins.ml2.drivers.ovn.mech_driver.ovsdb.extensions.placement [None req-322f61fd-be5b-47f6-81aa-b4a344a814b5 1be18953253c40da9b206895e2fe89d6 ecd4f9136b394987bc9fe123f8faf22f - - default default] Starting OVNClientPlacementExtension
2026-04-23 02:48:49.869 8 INFO neutron.db.ovn_revision_numbers_db [None req-322f61fd-be5b-47f6-81aa-b4a344a814b5 1be18953253c40da9b206895e2fe89d6 ecd4f9136b394987bc9fe123f8faf22f - - default default] Successfully bumped revision number for resource 8bcdcbba-ab19-4e9e-ba4d-08ce8f3cfbc3 (type: security_groups) to 1
2026-04-23 02:48:49.883 8 INFO neutron.db.ovn_revision_numbers_db [None req-322f61fd-be5b-47f6-81aa-b4a344a814b5 1be18953253c40da9b206895e2fe89d6 ecd4f9136b394987bc9fe123f8faf22f - - default default] Successfully bumped revision number for resource 01dd8510-e3fa-4022-b3ee-6472aed85959 (type: security_group_rules) to 0
2026-04-23 02:48:49.894 8 INFO neutron.db.ovn_revision_numbers_db [None req-322f61fd-be5b-47f6-81aa-b4a344a814b5 1be18953253c40da9b206895e2fe89d6 ecd4f9136b394987bc9fe123f8faf22f - - default default] Successfully bumped revision number for resource 1f213509-6998-4c94-ad58-61132ee8557d (type: security_group_rules) to 0
2026-04-23 02:48:49.904 8 INFO neutron.db.ovn_revision_numbers_db [None req-322f61fd-be5b-47f6-81aa-b4a344a814b5 1be18953253c40da9b206895e2fe89d6 ecd4f9136b394987bc9fe123f8faf22f - - default default] Successfully bumped revision number for resource 484ba99d-f2f6-42f1-a8d0-979abae899e4 (type: security_group_rules) to 0
2026-04-23 02:48:49.917 8 INFO neutron.db.ovn_revision_numbers_db [None req-322f61fd-be5b-47f6-81aa-b4a344a814b5 1be18953253c40da9b206895e2fe89d6 ecd4f9136b394987bc9fe123f8faf22f - - default default] Successfully bumped revision number for resource 96b8ddf6-150d-4749-823b-4dab77608adf (type: security_group_rules) to 0
2026-04-23 02:48:49.998 8 WARNING neutron.services.revisions.revision_plugin [None req-322f61fd-be5b-47f6-81aa-b4a344a814b5 1be18953253c40da9b206895e2fe89d6 ecd4f9136b394987bc9fe123f8faf22f - - default default] Could not find related network for resource to bump revision.
2026-04-23 02:48:50.038 8 INFO neutron.db.segments_db [None req-322f61fd-be5b-47f6-81aa-b4a344a814b5 1be18953253c40da9b206895e2fe89d6 ecd4f9136b394987bc9fe123f8faf22f - - default default] Added segment 526b7ede-894f-4348-899e-18725abd5c80 of type flat for network b3bedaee-0bdc-4898-8541-8fea6a47eda1
2026-04-23 02:48:50.180 8 INFO neutron.plugins.ml2.drivers.ovn.mech_driver.mech_driver [-] OVN reports status down for port: provnet-526b7ede-894f-4348-899e-18725abd5c80
2026-04-23 02:48:50.254 8 INFO neutron.db.ovn_revision_numbers_db [None req-322f61fd-be5b-47f6-81aa-b4a344a814b5 1be18953253c40da9b206895e2fe89d6 ecd4f9136b394987bc9fe123f8faf22f - - default default] Successfully bumped revision number for resource b3bedaee-0bdc-4898-8541-8fea6a47eda1 (type: networks) to 1
2026-04-23 02:48:50.720 8 WARNING neutron.scheduler.dhcp_agent_scheduler [None req-322f61fd-be5b-47f6-81aa-b4a344a814b5 1be18953253c40da9b206895e2fe89d6 ecd4f9136b394987bc9fe123f8faf22f - - default default] No more DHCP agents
2026-04-23 02:48:50.721 8 WARNING neutron.api.rpc.agentnotifiers.dhcp_rpc_agent_api [None req-322f61fd-be5b-47f6-81aa-b4a344a814b5 1be18953253c40da9b206895e2fe89d6 ecd4f9136b394987bc9fe123f8faf22f - - default default] Unable to schedule network b3bedaee-0bdc-4898-8541-8fea6a47eda1: no agents available; will retry on subsequent port and subnet creation events.
2026-04-23 02:48:50.777 7 INFO neutron.plugins.ml2.drivers.ovn.mech_driver.mech_driver [-] OVN reports status down for port: f0291ed3-b0ac-489a-80c8-76244c7f9c8a
2026-04-23 02:48:50.821 8 INFO neutron.db.ovn_revision_numbers_db [None req-322f61fd-be5b-47f6-81aa-b4a344a814b5 1be18953253c40da9b206895e2fe89d6 ecd4f9136b394987bc9fe123f8faf22f - - default default] Successfully bumped revision number for resource f0291ed3-b0ac-489a-80c8-76244c7f9c8a (type: ports) to 1 [pid: 8|app: 0|req: 4/5] 199.204.45.72 () {48 vars in 963 bytes} [Thu Apr 23 02:48:49 2026] POST /v2.0/networks => generated 744 bytes in 1317 msecs (HTTP/1.1 201) 4 headers in 162 bytes (1 switches on core 0)
2026-04-23 02:48:52.193 7 INFO neutron.pecan_wsgi.hooks.translation [None req-661160ab-fbbc-475d-a3c6-6b24a6951c57 1be18953253c40da9b206895e2fe89d6 ecd4f9136b394987bc9fe123f8faf22f - - default default] GET failed (client error): The resource could not be found. [pid: 7|app: 0|req: 2/6] 199.204.45.72 () {44 vars in 923 bytes} [Thu Apr 23 02:48:51 2026] GET /v2.0/networks/public => generated 108 bytes in 373 msecs (HTTP/1.1 404) 4 headers in 164 bytes (1 switches on core 0) [pid: 8|app: 0|req: 5/7] 199.204.45.72 () {44 vars in 945 bytes} [Thu Apr 23 02:48:52 2026] GET /v2.0/networks?name=public => generated 753 bytes in 38 msecs (HTTP/1.1 200) 4 headers in 157 bytes (1 switches on core 0)
2026-04-23 02:48:52.272 7 INFO neutron.pecan_wsgi.hooks.translation [None req-3309c27b-cf9e-4a9d-8747-a7cfa37fc4e0 1be18953253c40da9b206895e2fe89d6 ecd4f9136b394987bc9fe123f8faf22f - - default default] GET failed (client error): The resource could not be found. [pid: 7|app: 0|req: 3/8] 199.204.45.72 () {44 vars in 1030 bytes} [Thu Apr 23 02:48:52 2026] GET /v2.0/subnets/public-subnet?network_id=b3bedaee-0bdc-4898-8541-8fea6a47eda1 => generated 113 bytes in 27 msecs (HTTP/1.1 404) 4 headers in 164 bytes (1 switches on core 0) [pid: 8|app: 0|req: 6/9] 199.204.45.72 () {44 vars in 1053 bytes} [Thu Apr 23 02:48:52 2026] GET /v2.0/subnets?name=public-subnet&network_id=b3bedaee-0bdc-4898-8541-8fea6a47eda1 => generated 14 bytes in 22 msecs (HTTP/1.1 200) 4 headers in 156 bytes (1 switches on core 0)
2026-04-23 02:48:52.699 7 WARNING neutron.scheduler.dhcp_agent_scheduler [None req-b9697754-e9d1-40ed-987a-bdb82afe5a49 1be18953253c40da9b206895e2fe89d6 ecd4f9136b394987bc9fe123f8faf22f - - default default] No more DHCP agents
2026-04-23 02:48:52.700 7 WARNING neutron.api.rpc.agentnotifiers.dhcp_rpc_agent_api [None req-b9697754-e9d1-40ed-987a-bdb82afe5a49 1be18953253c40da9b206895e2fe89d6 ecd4f9136b394987bc9fe123f8faf22f - - default default] Unable to schedule network b3bedaee-0bdc-4898-8541-8fea6a47eda1: no agents available; will retry on subsequent port and subnet creation events.
2026-04-23 02:48:53.440 7 INFO neutron.db.ovn_revision_numbers_db [None req-adef86c7-f18b-43c3-a1ea-94ecdb8007ae - - - - - -] Successfully bumped revision number for resource f0291ed3-b0ac-489a-80c8-76244c7f9c8a (type: ports) to 2
2026-04-23 02:48:53.482 7 INFO neutron.db.ovn_revision_numbers_db [None req-adef86c7-f18b-43c3-a1ea-94ecdb8007ae - - - - - -] Successfully bumped revision number for resource 781477cc-83c6-4d27-8e1f-6fc7db18fe50 (type: subnets) to 0 [pid: 7|app: 0|req: 4/10] 199.204.45.72 () {48 vars in 961 bytes} [Thu Apr 23 02:48:52 2026] POST /v2.0/subnets => generated 664 bytes in 1200 msecs (HTTP/1.1 201) 4 headers in 162 bytes (1 switches on core 0)
2026-04-23 02:53:41.395 8 INFO neutron.pecan_wsgi.hooks.translation [None req-7d331d65-7df6-4bee-a5d5-67d6e424c759 1be18953253c40da9b206895e2fe89d6 ecd4f9136b394987bc9fe123f8faf22f - - default default] GET failed (client error): The resource could not be found. [pid: 8|app: 0|req: 26/48] 199.204.45.72 () {44 vars in 933 bytes} [Thu Apr 23 02:53:41 2026] GET /v2.0/networks/lb-mgmt-net => generated 113 bytes in 117 msecs (HTTP/1.1 404) 4 headers in 164 bytes (1 switches on core 0) [pid: 7|app: 0|req: 23/49] 199.204.45.72 () {44 vars in 955 bytes} [Thu Apr 23 02:53:41 2026] GET /v2.0/networks?name=lb-mgmt-net => generated 15 bytes in 15 msecs (HTTP/1.1 200) 4 headers in 156 bytes (1 switches on core 0)
2026-04-23 02:53:41.513 8 INFO neutron.db.segments_db [None req-60fb3606-7252-4164-830b-2670eee84c92 1be18953253c40da9b206895e2fe89d6 ecd4f9136b394987bc9fe123f8faf22f - - default default] Added segment ef52cfa0-cd16-44ac-ba1a-28c478badf14 of type geneve for network fe091d84-9823-4ef6-bdd7-dc43ba14dcc5
2026-04-23 02:53:41.632 8 INFO neutron.db.ovn_revision_numbers_db [None req-60fb3606-7252-4164-830b-2670eee84c92 1be18953253c40da9b206895e2fe89d6 ecd4f9136b394987bc9fe123f8faf22f - - default default] Successfully bumped revision number for resource fe091d84-9823-4ef6-bdd7-dc43ba14dcc5 (type: networks) to 1
2026-04-23 02:53:41.774 8 WARNING neutron.scheduler.dhcp_agent_scheduler [None req-60fb3606-7252-4164-830b-2670eee84c92 1be18953253c40da9b206895e2fe89d6 ecd4f9136b394987bc9fe123f8faf22f - - default default] No more DHCP agents
