2026-04-23 03:24:02.065 7 INFO neutron.db.segments_db [None req-7a30f190-a652-4c98-ba67-92c82156a59e 4dca4c658ace4f8aa13f03745446afe1 1f39e4c4e0554c42916d67cba112ed45 - - default default] Added segment ac0575da-47b3-4342-a808-970f0a138cf1 of type geneve for network bfc789d2-a06c-410d-905c-9f35d0288e75
2026-04-23 03:24:02.194 7 INFO neutron.db.ovn_revision_numbers_db [None req-7a30f190-a652-4c98-ba67-92c82156a59e 4dca4c658ace4f8aa13f03745446afe1 1f39e4c4e0554c42916d67cba112ed45 - - default default] Successfully bumped revision number for resource bfc789d2-a06c-410d-905c-9f35d0288e75 (type: networks) to 1
2026-04-23 03:24:02.212 8 INFO neutron.db.ovn_revision_numbers_db [None req-e4cfa866-b5f7-485e-85d4-295f380ffd11 1be18953253c40da9b206895e2fe89d6 ecd4f9136b394987bc9fe123f8faf22f - - default default] Successfully bumped revision number for resource 44110215-7519-482f-9d64-9171e711815c (type: security_groups) to 1
2026-04-23 03:24:02.225 8 INFO neutron.db.ovn_revision_numbers_db [None req-e4cfa866-b5f7-485e-85d4-295f380ffd11 1be18953253c40da9b206895e2fe89d6 ecd4f9136b394987bc9fe123f8faf22f - - default default] Successfully bumped revision number for resource 8f5cc935-0bd9-4760-ba38-42ec7e7a67f4 (type: security_group_rules) to 0
2026-04-23 03:24:02.242 8 INFO neutron.db.ovn_revision_numbers_db [None req-e4cfa866-b5f7-485e-85d4-295f380ffd11 1be18953253c40da9b206895e2fe89d6 ecd4f9136b394987bc9fe123f8faf22f - - default default] Successfully bumped revision number for resource acd6076e-bd14-410f-8bc9-7001145c50fb (type: security_group_rules) to 0
2026-04-23 03:24:02.255 8 INFO neutron.db.ovn_revision_numbers_db [None req-e4cfa866-b5f7-485e-85d4-295f380ffd11 1be18953253c40da9b206895e2fe89d6 ecd4f9136b394987bc9fe123f8faf22f - - default default] Successfully bumped revision number for resource c152612b-d9ae-4b58-aee6-c5853abab46f (type: security_group_rules) to 0
2026-04-23 03:24:02.268 8 INFO neutron.db.ovn_revision_numbers_db [None req-e4cfa866-b5f7-485e-85d4-295f380ffd11 1be18953253c40da9b206895e2fe89d6 ecd4f9136b394987bc9fe123f8faf22f - - default default] Successfully bumped revision number for resource c98afb05-5c99-4cee-975f-c3cb884f7d4b (type: security_group_rules) to 0 [pid: 8|app: 0|req: 952/1973] 10.0.0.25 () {32 vars in 773 bytes} [Thu Apr 23 03:24:01 2026] GET /v2.0/security-groups?tenant_id=60e21ed540c94c30a75694cbcd8a4c1f&name=default => generated 2925 bytes in 310 msecs (HTTP/1.1 200) 4 headers in 158 bytes (1 switches on core 0) [pid: 8|app: 0|req: 953/1974] 10.0.0.70 () {34 vars in 989 bytes} [Thu Apr 23 03:24:02 2026] GET /v2.0/ports?device_id=fa691824-1013-4e51-a090-8819efe351ea => generated 12 bytes in 20 msecs (HTTP/1.1 200) 4 headers in 156 bytes (1 switches on core 0)
2026-04-23 03:24:02.370 7 WARNING neutron.scheduler.dhcp_agent_scheduler [None req-7a30f190-a652-4c98-ba67-92c82156a59e 4dca4c658ace4f8aa13f03745446afe1 1f39e4c4e0554c42916d67cba112ed45 - - default default] No more DHCP agents
2026-04-23 03:24:02.371 7 WARNING neutron.api.rpc.agentnotifiers.dhcp_rpc_agent_api [None req-7a30f190-a652-4c98-ba67-92c82156a59e 4dca4c658ace4f8aa13f03745446afe1 1f39e4c4e0554c42916d67cba112ed45 - - default default] Unable to schedule network bfc789d2-a06c-410d-905c-9f35d0288e75: no agents available; will retry on subsequent port and subnet creation events.
2026-04-23 03:24:02.425 7 INFO neutron.plugins.ml2.drivers.ovn.mech_driver.mech_driver [None req-46c92455-053d-4873-9c1e-22177ecd3b6d - - - - - -] OVN reports status down for port: 426114d2-111f-457f-a448-e269620ed9ae
2026-04-23 03:24:02.494 7 INFO neutron.db.ovn_revision_numbers_db [None req-7a30f190-a652-4c98-ba67-92c82156a59e 4dca4c658ace4f8aa13f03745446afe1 1f39e4c4e0554c42916d67cba112ed45 - - default default] Successfully bumped revision number for resource 426114d2-111f-457f-a448-e269620ed9ae (type: ports) to 1 [pid: 7|app: 0|req: 1022/1975] 10.0.0.25 () {34 vars in 669 bytes} [Thu Apr 23 03:24:01 2026] POST /v2.0/networks => generated 652 bytes in 585 msecs (HTTP/1.1 201) 4 headers in 162 bytes (1 switches on core 0) [pid: 8|app: 0|req: 954/1976] 10.0.0.25 () {32 vars in 739 bytes} [Thu Apr 23 03:24:02 2026] DELETE /v2.0/security-groups/44110215-7519-482f-9d64-9171e711815c => generated 0 bytes in 249 msecs (HTTP/1.1 204) 2 headers in 112 bytes (1 switches on core 0) [pid: 8|app: 0|req: 955/1977] 10.0.0.70 () {34 vars in 989 bytes} [Thu Apr 23 03:24:02 2026] GET /v2.0/ports?device_id=ecb5a357-c32c-47a0-82c6-da8bf1b87fbd => generated 1010 bytes in 64 msecs (HTTP/1.1 200) 4 headers in 158 bytes (1 switches on core 0) [pid: 8|app: 0|req: 956/1978] 10.0.0.25 () {32 vars in 773 bytes} [Thu Apr 23 03:24:02 2026] GET /v2.0/security-groups?tenant_id=44fb6eba363b4f19aef59ae69a3eb19c&name=default => generated 2925 bytes in 26 msecs (HTTP/1.1 200) 4 headers in 158 bytes (1 switches on core 0)
2026-04-23 03:24:02.764 7 WARNING neutron.scheduler.dhcp_agent_scheduler [None req-825ade09-a18c-436c-90a4-36f6dfb34ece 4dca4c658ace4f8aa13f03745446afe1 1f39e4c4e0554c42916d67cba112ed45 - - default default] No more DHCP agents
2026-04-23 03:24:02.765 7 WARNING neutron.api.rpc.agentnotifiers.dhcp_rpc_agent_api [None req-825ade09-a18c-436c-90a4-36f6dfb34ece 4dca4c658ace4f8aa13f03745446afe1 1f39e4c4e0554c42916d67cba112ed45 - - default default] Unable to schedule network fe7ae2a6-9859-4c05-ae83-b8e3a6bfeeff: no agents available; will retry on subsequent port and subnet creation events. [pid: 8|app: 0|req: 957/1979] 10.0.0.70 () {34 vars in 1119 bytes} [Thu Apr 23 03:24:02 2026] GET /v2.0/security-groups?id=6ca5786e-cb94-4362-b93e-afe048b4ec89&id=804118ad-33c2-4fb8-9518-7a21f277ba96&fields=id&fields=name => generated 206 bytes in 34 msecs (HTTP/1.1 200) 4 headers in 157 bytes (1 switches on core 0)
2026-04-23 03:24:02.790 7 INFO neutron.db.ovn_revision_numbers_db [None req-825ade09-a18c-436c-90a4-36f6dfb34ece 4dca4c658ace4f8aa13f03745446afe1 1f39e4c4e0554c42916d67cba112ed45 - - default default] Successfully bumped revision number for resource 1bc14c37-0ad9-4780-a680-ebd1c188495e (type: subnets) to 0 [pid: 7|app: 0|req: 1023/1980] 10.0.0.25 () {34 vars in 668 bytes} [Thu Apr 23 03:24:02 2026] POST /v2.0/subnets => generated 646 bytes in 259 msecs (HTTP/1.1 201) 4 headers in 162 bytes (1 switches on core 0) [pid: 8|app: 0|req: 958/1981] 10.0.0.25 () {32 vars in 739 bytes} [Thu Apr 23 03:24:02 2026] DELETE /v2.0/security-groups/7a3a3d94-a718-4c49-b004-8d069bd2ff1b => generated 0 bytes in 207 msecs (HTTP/1.1 204) 2 headers in 112 bytes (1 switches on core 0)
2026-04-23 03:24:03.034 7 WARNING neutron.scheduler.dhcp_agent_scheduler [None req-cc410756-03c0-4a33-92f0-a78008eda744 4dca4c658ace4f8aa13f03745446afe1 1f39e4c4e0554c42916d67cba112ed45 - - default default] No more DHCP agents
2026-04-23 03:24:03.036 7 WARNING neutron.api.rpc.agentnotifiers.dhcp_rpc_agent_api [None req-cc410756-03c0-4a33-92f0-a78008eda744 4dca4c658ace4f8aa13f03745446afe1 1f39e4c4e0554c42916d67cba112ed45 - - default default] Unable to schedule network bfc789d2-a06c-410d-905c-9f35d0288e75: no agents available; will retry on subsequent port and subnet creation events.
2026-04-23 03:24:03.084 7 INFO neutron.db.ovn_revision_numbers_db [None req-cc410756-03c0-4a33-92f0-a78008eda744 4dca4c658ace4f8aa13f03745446afe1 1f39e4c4e0554c42916d67cba112ed45 - - default default] Successfully bumped revision number for resource 99e0ca70-4bfc-43a1-a5fa-807c9af04357 (type: subnets) to 0 [pid: 7|app: 0|req: 1024/1982] 10.0.0.25 () {34 vars in 668 bytes} [Thu Apr 23 03:24:02 2026] POST /v2.0/subnets => generated 655 bytes in 281 msecs (HTTP/1.1 201) 4 headers in 162 bytes (1 switches on core 0)
2026-04-23 03:24:03.223 8 INFO neutron.db.ovn_revision_numbers_db [None req-b7724ea8-a158-478a-b3df-be03f8da77f9 4dca4c658ace4f8aa13f03745446afe1 1f39e4c4e0554c42916d67cba112ed45 - - default default] Successfully bumped revision number for resource 4b0b62ae-27db-461a-b476-3a21e835d430 (type: routers) to 1 [pid: 8|app: 0|req: 959/1983] 10.0.0.25 () {34 vars in 668 bytes} [Thu Apr 23 03:24:03 2026] POST /v2.0/routers => generated 607 bytes in 130 msecs (HTTP/1.1 201) 4 headers in 162 bytes (1 switches on core 0)
2026-04-23 03:24:03.373 7 INFO neutron.notifiers.nova [-] Nova event matching ['req-763229ec-9a6c-4d5a-ae12-82e221e1a0b3'] response: {'server_uuid': 'ecb5a357-c32c-47a0-82c6-da8bf1b87fbd', 'name': 'network-vif-plugged', 'status': 'completed', 'tag': '8e1d4512-966f-491a-9d45-9b14452c730d', 'code': 200}
2026-04-23 03:24:03.592 7 WARNING neutron.scheduler.dhcp_agent_scheduler [None req-aac9e910-18a8-454b-8aa6-a84f1d583870 4dca4c658ace4f8aa13f03745446afe1 1f39e4c4e0554c42916d67cba112ed45 - - default default] No more DHCP agents
2026-04-23 03:24:03.593 7 WARNING neutron.api.rpc.agentnotifiers.dhcp_rpc_agent_api [None req-aac9e910-18a8-454b-8aa6-a84f1d583870 4dca4c658ace4f8aa13f03745446afe1 1f39e4c4e0554c42916d67cba112ed45 - - default default] Unable to schedule network fe7ae2a6-9859-4c05-ae83-b8e3a6bfeeff: no agents available; will retry on subsequent port and subnet creation events.
2026-04-23 03:24:03.653 8 INFO neutron.plugins.ml2.drivers.ovn.mech_driver.mech_driver [None req-c43558eb-a6d0-4a99-9846-074f8723f006 - - - - - -] OVN reports status down for port: 1d083843-1b0a-4bc8-ae9c-4da9d12803bc
2026-04-23 03:24:03.679 7 INFO neutron.db.ovn_revision_numbers_db [None req-aac9e910-18a8-454b-8aa6-a84f1d583870 4dca4c658ace4f8aa13f03745446afe1 1f39e4c4e0554c42916d67cba112ed45 - - default default] Successfully bumped revision number for resource 1d083843-1b0a-4bc8-ae9c-4da9d12803bc (type: ports) to 1 [pid: 8|app: 0|req: 960/1984] 10.0.0.70 () {34 vars in 989 bytes} [Thu Apr 23 03:24:03 2026] GET /v2.0/ports?device_id=ecb5a357-c32c-47a0-82c6-da8bf1b87fbd => generated 1010 bytes in 37 msecs (HTTP/1.1 200) 4 headers in 158 bytes (1 switches on core 0) [pid: 8|app: 0|req: 961/1985] 10.0.0.70 () {34 vars in 1119 bytes} [Thu Apr 23 03:24:03 2026] GET /v2.0/security-groups?id=6ca5786e-cb94-4362-b93e-afe048b4ec89&id=804118ad-33c2-4fb8-9518-7a21f277ba96&fields=id&fields=name => generated 206 bytes in 45 msecs (HTTP/1.1 200) 4 headers in 157 bytes (1 switches on core 0) [pid: 8|app: 0|req: 962/1986] 10.0.0.70 () {34 vars in 989 bytes} [Thu Apr 23 03:24:04 2026] GET /v2.0/ports?device_id=ecb5a357-c32c-47a0-82c6-da8bf1b87fbd => generated 1010 bytes in 36 msecs (HTTP/1.1 200) 4 headers in 158 bytes (1 switches on core 0)
2026-04-23 03:24:04.153 8 INFO neutron.plugins.ml2.drivers.ovn.mech_driver.mech_driver [None req-c43558eb-a6d0-4a99-9846-074f8723f006 - - - - - -] OVN reports status up for port: 1d083843-1b0a-4bc8-ae9c-4da9d12803bc
2026-04-23 03:24:04.205 8 INFO neutron.plugins.ml2.plugin [None req-c43558eb-a6d0-4a99-9846-074f8723f006 - - - - - -] Attempt 1 to provision port 1d083843-1b0a-4bc8-ae9c-4da9d12803bc
2026-04-23 03:24:04.299 7 WARNING neutron.scheduler.dhcp_agent_scheduler [None req-aac9e910-18a8-454b-8aa6-a84f1d583870 4dca4c658ace4f8aa13f03745446afe1 1f39e4c4e0554c42916d67cba112ed45 - - default default] No more DHCP agents
2026-04-23 03:24:04.301 7 WARNING neutron.api.rpc.agentnotifiers.dhcp_rpc_agent_api [None req-aac9e910-18a8-454b-8aa6-a84f1d583870 4dca4c658ace4f8aa13f03745446afe1 1f39e4c4e0554c42916d67cba112ed45 - - default default] Unable to schedule network fe7ae2a6-9859-4c05-ae83-b8e3a6bfeeff: no agents available; will retry on subsequent port and subnet creation events.
2026-04-23 03:24:04.518 7 INFO neutron.db.ovn_revision_numbers_db [None req-aac9e910-18a8-454b-8aa6-a84f1d583870 4dca4c658ace4f8aa13f03745446afe1 1f39e4c4e0554c42916d67cba112ed45 - - default default] Successfully bumped revision number for resource 1d083843-1b0a-4bc8-ae9c-4da9d12803bc (type: router_ports) to 1 [pid: 7|app: 0|req: 1025/1987] 10.0.0.25 () {34 vars in 782 bytes} [Thu Apr 23 03:24:03 2026] PUT /v2.0/routers/4b0b62ae-27db-461a-b476-3a21e835d430/add_router_interface => generated 309 bytes in 1281 msecs (HTTP/1.1 200) 4 headers in 157 bytes (1 switches on core 0)
2026-04-23 03:24:04.794 7 INFO neutron_taas.services.taas.taas_plugin [None req-24f6c5fd-79a3-4e94-9350-73adf81c2d3f 1be18953253c40da9b206895e2fe89d6 ecd4f9136b394987bc9fe123f8faf22f - - default default] TaaS: Handle Delete Port: 4d88efaa-fba1-439c-a10f-668d198c3118
2026-04-23 03:24:04.797 7 INFO neutron_taas.services.taas.tap_mirror_plugin [None req-24f6c5fd-79a3-4e94-9350-73adf81c2d3f 1be18953253c40da9b206895e2fe89d6 ecd4f9136b394987bc9fe123f8faf22f - - default default] Tap Mirror: Handle Delete Port: 4d88efaa-fba1-439c-a10f-668d198c3118
2026-04-23 03:24:04.959 8 INFO neutron.db.ovn_revision_numbers_db [None req-c43558eb-a6d0-4a99-9846-074f8723f006 - - - - - -] Successfully bumped revision number for resource 1d083843-1b0a-4bc8-ae9c-4da9d12803bc (type: ports) to 2
2026-04-23 03:24:05.075 8 INFO neutron.db.ovn_revision_numbers_db [None req-98d81143-81c1-4fea-be88-3bb7068b26b5 9237d9fe5aa44c35b2e667b94d57e452 d0fa4d5f7b504ef6bc26a104fb3b685f - - default default] Successfully bumped revision number for resource 5a42a2b0-92f8-4ff8-ab86-586c667f8fdd (type: floatingips) to 1
2026-04-23 03:24:05.197 8 INFO neutron.db.ovn_revision_numbers_db [None req-98d81143-81c1-4fea-be88-3bb7068b26b5 9237d9fe5aa44c35b2e667b94d57e452 d0fa4d5f7b504ef6bc26a104fb3b685f - - default default] Successfully bumped revision number for resource 5a42a2b0-92f8-4ff8-ab86-586c667f8fdd (type: floatingips) to 2
2026-04-23 03:24:05.198 8 INFO neutron.db.l3_db [None req-98d81143-81c1-4fea-be88-3bb7068b26b5 9237d9fe5aa44c35b2e667b94d57e452 d0fa4d5f7b504ef6bc26a104fb3b685f - - default default] Floating IP 5a42a2b0-92f8-4ff8-ab86-586c667f8fdd associated. External IP: 10.96.250.202, port: 8e1d4512-966f-491a-9d45-9b14452c730d. [pid: 8|app: 0|req: 963/1988] 10.0.0.25 () {34 vars in 748 bytes} [Thu Apr 23 03:24:04 2026] PUT /v2.0/floatingips/5a42a2b0-92f8-4ff8-ab86-586c667f8fdd => generated 855 bytes in 1150 msecs (HTTP/1.1 200) 4 headers in 157 bytes (1 switches on core 0)
2026-04-23 03:24:05.276 8 INFO neutron.notifiers.nova [-] Nova event matching ['req-a36c9a0a-3199-4623-aa5d-5d3f250a4166'] response: {'name': 'network-changed', 'server_uuid': 'ecb5a357-c32c-47a0-82c6-da8bf1b87fbd', 'tag': '8e1d4512-966f-491a-9d45-9b14452c730d', 'status': 'completed', 'code': 200} [pid: 8|app: 0|req: 964/1989] 10.0.0.25 () {32 vars in 716 bytes} [Thu Apr 23 03:24:05 2026] GET /v2.0/ports/1d083843-1b0a-4bc8-ae9c-4da9d12803bc => generated 947 bytes in 104 msecs (HTTP/1.1 200) 4 headers in 157 bytes (1 switches on core 0) [pid: 7|app: 0|req: 1026/1990] 10.0.0.25 () {34 vars in 788 bytes} [Thu Apr 23 03:24:04 2026] PUT /v2.0/routers/0f51123d-36b2-443f-808e-2a5a149ffb39/remove_router_interface => generated 309 bytes in 953 msecs (HTTP/1.1 200) 4 headers in 157 bytes (1 switches on core 0) /var/lib/openstack/lib/python3.12/site-packages/pycadf/identifier.py:70: UserWarning: Invalid uuid: neutron. To ensure interoperability, identifiers should be a valid uuid. warnings.warn(('Invalid uuid: %s. To ensure interoperability, '
2026-04-23 03:24:05.756 8 WARNING neutron.scheduler.dhcp_agent_scheduler [None req-a74c4429-b5d2-470a-a13f-762ada9d1ca3 4dca4c658ace4f8aa13f03745446afe1 1f39e4c4e0554c42916d67cba112ed45 - - default default] No more DHCP agents
2026-04-23 03:24:05.758 8 WARNING neutron.api.rpc.agentnotifiers.dhcp_rpc_agent_api [None req-a74c4429-b5d2-470a-a13f-762ada9d1ca3 4dca4c658ace4f8aa13f03745446afe1 1f39e4c4e0554c42916d67cba112ed45 - - default default] Unable to schedule network bfc789d2-a06c-410d-905c-9f35d0288e75: no agents available; will retry on subsequent port and subnet creation events.
2026-04-23 03:24:05.826 7 INFO neutron_taas.services.taas.taas_plugin [None req-824ec0ff-d471-4b7e-bcfb-e352de244a20 1be18953253c40da9b206895e2fe89d6 ecd4f9136b394987bc9fe123f8faf22f - - default default] TaaS: Handle Delete Port: 1488610b-40bb-4054-92a3-8b5390c385c6
2026-04-23 03:24:05.842 7 INFO neutron.plugins.ml2.drivers.ovn.mech_driver.mech_driver [None req-46c92455-053d-4873-9c1e-22177ecd3b6d - - - - - -] OVN reports status down for port: b368c43c-367a-419f-8398-b71b758b213d
2026-04-23 03:24:05.843 7 INFO neutron_taas.services.taas.tap_mirror_plugin [None req-824ec0ff-d471-4b7e-bcfb-e352de244a20 1be18953253c40da9b206895e2fe89d6 ecd4f9136b394987bc9fe123f8faf22f - - default default] Tap Mirror: Handle Delete Port: 1488610b-40bb-4054-92a3-8b5390c385c6
2026-04-23 03:24:05.864 8 INFO neutron.db.ovn_revision_numbers_db [None req-a74c4429-b5d2-470a-a13f-762ada9d1ca3 4dca4c658ace4f8aa13f03745446afe1 1f39e4c4e0554c42916d67cba112ed45 - - default default] Successfully bumped revision number for resource b368c43c-367a-419f-8398-b71b758b213d (type: ports) to 1 [pid: 7|app: 0|req: 1027/1991] 10.0.0.25 () {32 vars in 723 bytes} [Thu Apr 23 03:24:05 2026] DELETE /v2.0/routers/0f51123d-36b2-443f-808e-2a5a149ffb39 => generated 0 bytes in 827 msecs (HTTP/1.1 204) 2 headers in 112 bytes (1 switches on core 0) [pid: 7|app: 0|req: 1028/1992] 199.204.45.72 () {34 vars in 1079 bytes} [Thu Apr 23 03:24:06 2026] GET /v2.0/ports?tenant_id=d0fa4d5f7b504ef6bc26a104fb3b685f&device_id=ecb5a357-c32c-47a0-82c6-da8bf1b87fbd => generated 1248 bytes in 42 msecs (HTTP/1.1 200) 4 headers in 158 bytes (1 switches on core 0)
2026-04-23 03:24:06.449 7 INFO neutron.plugins.ml2.drivers.ovn.mech_driver.mech_driver [None req-46c92455-053d-4873-9c1e-22177ecd3b6d - - - - - -] OVN reports status up for port: b368c43c-367a-419f-8398-b71b758b213d
2026-04-23 03:24:06.463 7 INFO neutron.plugins.ml2.plugin [None req-46c92455-053d-4873-9c1e-22177ecd3b6d - - - - - -] Attempt 1 to provision port b368c43c-367a-419f-8398-b71b758b213d
2026-04-23 03:24:06.550 8 WARNING neutron.scheduler.dhcp_agent_scheduler [None req-a74c4429-b5d2-470a-a13f-762ada9d1ca3 4dca4c658ace4f8aa13f03745446afe1 1f39e4c4e0554c42916d67cba112ed45 - - default default] No more DHCP agents
2026-04-23 03:24:06.551 8 WARNING neutron.api.rpc.agentnotifiers.dhcp_rpc_agent_api [None req-a74c4429-b5d2-470a-a13f-762ada9d1ca3 4dca4c658ace4f8aa13f03745446afe1 1f39e4c4e0554c42916d67cba112ed45 - - default default] Unable to schedule network bfc789d2-a06c-410d-905c-9f35d0288e75: no agents available; will retry on subsequent port and subnet creation events.
2026-04-23 03:24:06.826 7 INFO neutron.db.ovn_revision_numbers_db [None req-92659914-9c25-4141-bcd1-19bbd592933f 4f04e884b8ff4babad1e3eea5f551de2 117ab8a7c1f24ec2946846641f4d2cff - - default default] Successfully bumped revision number for resource 90c6678f-0765-44a8-843e-345dd694ba0d (type: security_groups) to 1
2026-04-23 03:24:06.830 8 INFO neutron.db.ovn_revision_numbers_db [None req-a74c4429-b5d2-470a-a13f-762ada9d1ca3 4dca4c658ace4f8aa13f03745446afe1 1f39e4c4e0554c42916d67cba112ed45 - - default default] Successfully bumped revision number for resource b368c43c-367a-419f-8398-b71b758b213d (type: router_ports) to 1 [pid: 8|app: 0|req: 965/1993] 10.0.0.25 () {34 vars in 782 bytes} [Thu Apr 23 03:24:05 2026] PUT /v2.0/routers/4b0b62ae-27db-461a-b476-3a21e835d430/add_router_interface => generated 309 bytes in 1497 msecs (HTTP/1.1 200) 4 headers in 157 bytes (1 switches on core 0)
2026-04-23 03:24:06.864 7 INFO neutron.db.ovn_revision_numbers_db [None req-92659914-9c25-4141-bcd1-19bbd592933f 4f04e884b8ff4babad1e3eea5f551de2 117ab8a7c1f24ec2946846641f4d2cff - - default default] Successfully bumped revision number for resource 8aa23493-08b0-4462-a2bc-70650d44a247 (type: security_group_rules) to 0
2026-04-23 03:24:06.882 7 INFO neutron.db.ovn_revision_numbers_db [None req-92659914-9c25-4141-bcd1-19bbd592933f 4f04e884b8ff4babad1e3eea5f551de2 117ab8a7c1f24ec2946846641f4d2cff - - default default] Successfully bumped revision number for resource 8fa250cb-5457-4741-b103-37b0b53b2ea4 (type: security_group_rules) to 0
2026-04-23 03:24:06.913 7 INFO neutron.db.ovn_revision_numbers_db [None req-92659914-9c25-4141-bcd1-19bbd592933f 4f04e884b8ff4babad1e3eea5f551de2 117ab8a7c1f24ec2946846641f4d2cff - - default default] Successfully bumped revision number for resource 9d6e9a17-e498-4852-afbc-ae49c2d06fab (type: security_group_rules) to 0
2026-04-23 03:24:06.932 7 INFO neutron.db.ovn_revision_numbers_db [None req-92659914-9c25-4141-bcd1-19bbd592933f 4f04e884b8ff4babad1e3eea5f551de2 117ab8a7c1f24ec2946846641f4d2cff - - default default] Successfully bumped revision number for resource f91a271d-fb24-404c-84c6-8053e04ae87a (type: security_group_rules) to 0 [pid: 8|app: 0|req: 966/1994] 10.0.0.25 () {32 vars in 723 bytes} [Thu Apr 23 03:24:06 2026] DELETE /v2.0/subnets/2f3d73ef-182a-49a7-8ec6-ee0fa3776edc => generated 0 bytes in 142 msecs (HTTP/1.1 204) 3 headers in 131 bytes (1 switches on core 0) [pid: 8|app: 0|req: 967/1995] 199.204.45.72 () {34 vars in 985 bytes} [Thu Apr 23 03:24:06 2026] GET /v2.0/networks?id=a2fa8a9e-d2af-4556-b617-9ad68d35a31d => generated 809 bytes in 36 msecs (HTTP/1.1 200) 4 headers in 157 bytes (1 switches on core 0)
2026-04-23 03:24:07.067 7 INFO neutron.db.segments_db [None req-92659914-9c25-4141-bcd1-19bbd592933f 4f04e884b8ff4babad1e3eea5f551de2 117ab8a7c1f24ec2946846641f4d2cff - - default default] Added segment 1a186e09-1f0a-4e47-ba81-09a3d2eebca2 of type geneve for network d4b0c289-3400-4532-bd2a-1e38bec8a021 [pid: 8|app: 0|req: 968/1996] 10.0.0.25 () {32 vars in 716 bytes} [Thu Apr 23 03:24:07 2026] GET /v2.0/ports/b368c43c-367a-419f-8398-b71b758b213d => generated 955 bytes in 111 msecs (HTTP/1.1 200) 4 headers in 157 bytes (1 switches on core 0)
2026-04-23 03:24:07.186 7 INFO neutron.db.ovn_revision_numbers_db [None req-46c92455-053d-4873-9c1e-22177ecd3b6d - - - - - -] Successfully bumped revision number for resource b368c43c-367a-419f-8398-b71b758b213d (type: ports) to 2
2026-04-23 03:24:07.245 8 INFO neutron_taas.services.taas.taas_plugin [None req-6aa84060-47d4-40e8-a8b3-9d8f748b65f7 1be18953253c40da9b206895e2fe89d6 ecd4f9136b394987bc9fe123f8faf22f - - default default] TaaS: Handle Delete Port: ece4f9ba-227c-410d-a9a2-f2f4158f51ef
2026-04-23 03:24:07.248 8 INFO neutron_taas.services.taas.tap_mirror_plugin [None req-6aa84060-47d4-40e8-a8b3-9d8f748b65f7 1be18953253c40da9b206895e2fe89d6 ecd4f9136b394987bc9fe123f8faf22f - - default default] Tap Mirror: Handle Delete Port: ece4f9ba-227c-410d-a9a2-f2f4158f51ef
2026-04-23 03:24:07.280 7 INFO neutron.db.ovn_revision_numbers_db [None req-92659914-9c25-4141-bcd1-19bbd592933f 4f04e884b8ff4babad1e3eea5f551de2 117ab8a7c1f24ec2946846641f4d2cff - - default default] Successfully bumped revision number for resource d4b0c289-3400-4532-bd2a-1e38bec8a021 (type: networks) to 1
2026-04-23 03:24:07.463 7 WARNING neutron.scheduler.dhcp_agent_scheduler [None req-92659914-9c25-4141-bcd1-19bbd592933f 4f04e884b8ff4babad1e3eea5f551de2 117ab8a7c1f24ec2946846641f4d2cff - - default default] No more DHCP agents
2026-04-23 03:24:07.464 8 INFO neutron.services.segments.plugin [-] Segment fcb9f056-a209-45ba-ab55-b738c4a4d3c2 resource provider aggregate not found
2026-04-23 03:24:07.465 7 WARNING neutron.api.rpc.agentnotifiers.dhcp_rpc_agent_api [None req-92659914-9c25-4141-bcd1-19bbd592933f 4f04e884b8ff4babad1e3eea5f551de2 117ab8a7c1f24ec2946846641f4d2cff - - default default] Unable to schedule network d4b0c289-3400-4532-bd2a-1e38bec8a021: no agents available; will retry on subsequent port and subnet creation events.
2026-04-23 03:24:07.471 8 INFO neutron.services.segments.plugin [-] Segment fcb9f056-a209-45ba-ab55-b738c4a4d3c2 resource provider aggregate not found
2026-04-23 03:24:07.483 8 INFO neutron.services.segments.plugin [-] Segment fcb9f056-a209-45ba-ab55-b738c4a4d3c2 resource provider not found; error: Placement Client Error (4xx): {"errors": [{"status": 404, "title": "Not Found", "detail": "The resource could not be found.\n\n No resource provider with uuid fcb9f056-a209-45ba-ab55-b738c4a4d3c2 found for delete ", "request_id": "req-0106da90-5d51-464c-936a-45aa1e4886a8"}]}
2026-04-23 03:24:07.494 8 INFO neutron.services.segments.plugin [-] Segment fcb9f056-a209-45ba-ab55-b738c4a4d3c2 resource provider not found; error: Placement Client Error (4xx): {"errors": [{"status": 404, "title": "Not Found", "detail": "The resource could not be found.\n\n No resource provider with uuid fcb9f056-a209-45ba-ab55-b738c4a4d3c2 found for delete ", "request_id": "req-4dd9e2dc-d35e-44b7-9862-34b0fce1e0ee"}]} [pid: 8|app: 0|req: 969/1997] 10.0.0.25 () {32 vars in 725 bytes} [Thu Apr 23 03:24:07 2026] DELETE /v2.0/networks/6013f798-97a0-4d49-866b-6a1ddbb98a3a => generated 0 bytes in 401 msecs (HTTP/1.1 204) 3 headers in 131 bytes (1 switches on core 0)
2026-04-23 03:24:07.547 7 INFO neutron.db.ovn_revision_numbers_db [None req-92659914-9c25-4141-bcd1-19bbd592933f 4f04e884b8ff4babad1e3eea5f551de2 117ab8a7c1f24ec2946846641f4d2cff - - default default] Successfully bumped revision number for resource a7d849c8-de13-4b4c-b38f-019016c0ddb5 (type: ports) to 1 [pid: 7|app: 0|req: 1029/1998] 10.0.0.25 () {34 vars in 669 bytes} [Thu Apr 23 03:24:06 2026] POST /v2.0/networks => generated 645 bytes in 1220 msecs (HTTP/1.1 201) 4 headers in 162 bytes (1 switches on core 0) [pid: 8|app: 0|req: 970/1999] 199.204.45.72 () {34 vars in 1057 bytes} [Thu Apr 23 03:24:07 2026] GET /v2.0/floatingips?fixed_ip_address=10.100.0.3&port_id=8e1d4512-966f-491a-9d45-9b14452c730d => generated 860 bytes in 60 msecs (HTTP/1.1 200) 4 headers in 157 bytes (1 switches on core 0) [pid: 7|app: 0|req: 1030/2000] 10.0.0.25 () {32 vars in 716 bytes} [Thu Apr 23 03:24:07 2026] GET /v2.0/ports/b368c43c-367a-419f-8398-b71b758b213d => generated 955 bytes in 35 msecs (HTTP/1.1 200) 4 headers in 157 bytes (1 switches on core 0) [pid: 7|app: 0|req: 1031/2001] 199.204.45.72 () {34 vars in 983 bytes} [Thu Apr 23 03:24:07 2026] GET /v2.0/subnets?id=da0ab676-dce8-41a8-a12f-9e084720f2a3 => generated 690 bytes in 23 msecs (HTTP/1.1 200) 4 headers in 157 bytes (1 switches on core 0)
2026-04-23 03:24:07.761 8 WARNING neutron.scheduler.dhcp_agent_scheduler [None req-980bb1e5-c2a3-470a-8a02-bc0a7f92d18f 4f04e884b8ff4babad1e3eea5f551de2 117ab8a7c1f24ec2946846641f4d2cff - - default default] No more DHCP agents
2026-04-23 03:24:07.762 8 WARNING neutron.api.rpc.agentnotifiers.dhcp_rpc_agent_api [None req-980bb1e5-c2a3-470a-8a02-bc0a7f92d18f 4f04e884b8ff4babad1e3eea5f551de2 117ab8a7c1f24ec2946846641f4d2cff - - default default] Unable to schedule network d4b0c289-3400-4532-bd2a-1e38bec8a021: no agents available; will retry on subsequent port and subnet creation events.
2026-04-23 03:24:07.882 7 INFO neutron_taas.services.taas.taas_plugin [None req-d0f374fe-990d-420d-b400-561262e26319 4dca4c658ace4f8aa13f03745446afe1 1f39e4c4e0554c42916d67cba112ed45 - - default default] TaaS: Handle Delete Port: b368c43c-367a-419f-8398-b71b758b213d
2026-04-23 03:24:07.885 7 INFO neutron_taas.services.taas.tap_mirror_plugin [None req-d0f374fe-990d-420d-b400-561262e26319 4dca4c658ace4f8aa13f03745446afe1 1f39e4c4e0554c42916d67cba112ed45 - - default default] Tap Mirror: Handle Delete Port: b368c43c-367a-419f-8398-b71b758b213d [pid: 7|app: 0|req: 1032/2002] 10.0.0.25 () {34 vars in 788 bytes} [Thu Apr 23 03:24:07 2026] PUT /v2.0/routers/4b0b62ae-27db-461a-b476-3a21e835d430/remove_router_interface => generated 309 bytes in 549 msecs (HTTP/1.1 200) 4 headers in 157 bytes (1 switches on core 0) /var/lib/openstack/lib/python3.12/site-packages/pycadf/identifier.py:70: UserWarning: Invalid uuid: neutron. To ensure interoperability, identifiers should be a valid uuid. warnings.warn(('Invalid uuid: %s. To ensure interoperability, '
2026-04-23 03:24:08.194 8 INFO neutron.db.ovn_revision_numbers_db [None req-55e2f102-1c7b-4beb-b001-82f73f81c6a2 - - - - - -] Successfully bumped revision number for resource a7d849c8-de13-4b4c-b38f-019016c0ddb5 (type: ports) to 2 [pid: 7|app: 0|req: 1033/2003] 199.204.45.72 () {34 vars in 1051 bytes} [Thu Apr 23 03:24:08 2026] GET /v2.0/ports?network_id=a2fa8a9e-d2af-4556-b617-9ad68d35a31d&device_owner=network%3Adhcp => generated 12 bytes in 21 msecs (HTTP/1.1 200) 4 headers in 156 bytes (1 switches on core 0)
2026-04-23 03:24:08.219 8 INFO neutron.db.ovn_revision_numbers_db [None req-55e2f102-1c7b-4beb-b001-82f73f81c6a2 - - - - - -] Successfully bumped revision number for resource 2d92ac71-3587-42ec-921a-9a33894f3854 (type: subnets) to 0 [pid: 7|app: 0|req: 1034/2004] 10.0.0.25 () {32 vars in 773 bytes} [Thu Apr 23 03:24:08 2026] GET /v2.0/security-groups?tenant_id=1d57d81f159d406baa5d785833bce1f6&name=default => generated 2925 bytes in 26 msecs (HTTP/1.1 200) 4 headers in 158 bytes (1 switches on core 0) [pid: 8|app: 0|req: 971/2005] 10.0.0.25 () {34 vars in 668 bytes} [Thu Apr 23 03:24:07 2026] POST /v2.0/subnets => generated 626 bytes in 650 msecs (HTTP/1.1 201) 4 headers in 162 bytes (1 switches on core 0) [pid: 8|app: 0|req: 972/2006] 199.204.45.72 () {34 vars in 1011 bytes} [Thu Apr 23 03:24:08 2026] GET /v2.0/networks/a2fa8a9e-d2af-4556-b617-9ad68d35a31d?fields=segments => generated 14 bytes in 34 msecs (HTTP/1.1 200) 4 headers in 156 bytes (1 switches on core 0) [pid: 7|app: 0|req: 1035/2007] 10.0.0.25 () {32 vars in 716 bytes} [Thu Apr 23 03:24:08 2026] GET /v2.0/ports/1d083843-1b0a-4bc8-ae9c-4da9d12803bc => generated 947 bytes in 56 msecs (HTTP/1.1 200) 4 headers in 157 bytes (1 switches on core 0) [pid: 8|app: 0|req: 973/2008] 10.0.0.25 () {32 vars in 739 bytes} [Thu Apr 23 03:24:08 2026] DELETE /v2.0/security-groups/23ef470c-d7de-4868-bfe4-fe6605a47b5c => generated 0 bytes in 214 msecs (HTTP/1.1 204) 2 headers in 112 bytes (1 switches on core 0) [pid: 8|app: 0|req: 974/2009] 199.204.45.72 () {34 vars in 1111 bytes} [Thu Apr 23 03:24:08 2026] GET /v2.0/networks/a2fa8a9e-d2af-4556-b617-9ad68d35a31d?fields=provider%3Aphysical_network&fields=provider%3Anetwork_type => generated 79 bytes in 33 msecs (HTTP/1.1 200) 4 headers in 156 bytes (1 switches on core 0)
2026-04-23 03:24:08.679 7 WARNING neutron.scheduler.dhcp_agent_scheduler [None req-d8f516bc-0efd-49ad-90fd-36e2a9bda08e 4f04e884b8ff4babad1e3eea5f551de2 117ab8a7c1f24ec2946846641f4d2cff - - default default] No more DHCP agents
2026-04-23 03:24:08.680 7 WARNING neutron.api.rpc.agentnotifiers.dhcp_rpc_agent_api [None req-d8f516bc-0efd-49ad-90fd-36e2a9bda08e 4f04e884b8ff4babad1e3eea5f551de2 117ab8a7c1f24ec2946846641f4d2cff - - default default] Unable to schedule network b3bedaee-0bdc-4898-8541-8fea6a47eda1: no agents available; will retry on subsequent port and subnet creation events.
2026-04-23 03:24:08.773 8 INFO neutron_taas.services.taas.taas_plugin [None req-77807e45-e7a4-4e1f-b7a4-de13f4f790fa 4dca4c658ace4f8aa13f03745446afe1 1f39e4c4e0554c42916d67cba112ed45 - - default default] TaaS: Handle Delete Port: 1d083843-1b0a-4bc8-ae9c-4da9d12803bc
2026-04-23 03:24:08.778 8 INFO neutron_taas.services.taas.tap_mirror_plugin [None req-77807e45-e7a4-4e1f-b7a4-de13f4f790fa 4dca4c658ace4f8aa13f03745446afe1 1f39e4c4e0554c42916d67cba112ed45 - - default default] Tap Mirror: Handle Delete Port: 1d083843-1b0a-4bc8-ae9c-4da9d12803bc
2026-04-23 03:24:08.851 7 INFO neutron.db.ovn_revision_numbers_db [None req-d8f516bc-0efd-49ad-90fd-36e2a9bda08e 4f04e884b8ff4babad1e3eea5f551de2 117ab8a7c1f24ec2946846641f4d2cff - - default default] Successfully bumped revision number for resource 86e6f603-a524-492a-965a-208d18086760 (type: ports) to 1 [pid: 8|app: 0|req: 975/2010] 10.0.0.25 () {34 vars in 788 bytes} [Thu Apr 23 03:24:08 2026] PUT /v2.0/routers/4b0b62ae-27db-461a-b476-3a21e835d430/remove_router_interface => generated 309 bytes in 574 msecs (HTTP/1.1 200) 4 headers in 157 bytes (1 switches on core 0) /var/lib/openstack/lib/python3.12/site-packages/pycadf/identifier.py:70: UserWarning: Invalid uuid: neutron. To ensure interoperability, identifiers should be a valid uuid. warnings.warn(('Invalid uuid: %s. To ensure interoperability, ' [pid: 8|app: 0|req: 978/2013] 10.0.0.25 () {32 vars in 735 bytes} [Thu Apr 23 03:24:09 2026] GET /v2.0/ports?device_id=4b0b62ae-27db-461a-b476-3a21e835d430 => generated 12 bytes in 19 msecs (HTTP/1.1 200) 4 headers in 156 bytes (1 switches on core 0) [pid: 8|app: 0|req: 979/2014] 10.0.0.25 () {32 vars in 723 bytes} [Thu Apr 23 03:24:09 2026] DELETE /v2.0/routers/4b0b62ae-27db-461a-b476-3a21e835d430 => generated 0 bytes in 219 msecs (HTTP/1.1 204) 2 headers in 112 bytes (1 switches on core 0)
2026-04-23 03:24:09.442 7 INFO neutron.plugins.ml2.drivers.ovn.mech_driver.ovsdb.commands [None req-d66e63ce-6a6a-4b4f-af4b-4cbacce563af - - - - - -] Schedule LRP lrp-86e6f603-a524-492a-965a-208d18086760 on gateway 3d3f4edd-c19b-4fa3-82c8-f44af3e4a283 with priority 1
2026-04-23 03:24:09.507 7 INFO neutron.db.ovn_revision_numbers_db [None req-d8f516bc-0efd-49ad-90fd-36e2a9bda08e 4f04e884b8ff4babad1e3eea5f551de2 117ab8a7c1f24ec2946846641f4d2cff - - default default] Successfully bumped revision number for resource 86e6f603-a524-492a-965a-208d18086760 (type: router_ports) to 1 [pid: 8|app: 0|req: 980/2015] 10.0.0.25 () {32 vars in 723 bytes} [Thu Apr 23 03:24:09 2026] DELETE /v2.0/subnets/99e0ca70-4bfc-43a1-a5fa-807c9af04357 => generated 0 bytes in 165 msecs (HTTP/1.1 204) 3 headers in 131 bytes (1 switches on core 0)
2026-04-23 03:24:09.561 7 INFO neutron.db.ovn_revision_numbers_db [None req-d8f516bc-0efd-49ad-90fd-36e2a9bda08e 4f04e884b8ff4babad1e3eea5f551de2 117ab8a7c1f24ec2946846641f4d2cff - - default default] Successfully bumped revision number for resource 99b962fe-117e-4765-a4f4-cb9fbfa3ce6a (type: routers) to 2 [pid: 7|app: 0|req: 1036/2016] 10.0.0.25 () {34 vars in 668 bytes} [Thu Apr 23 03:24:08 2026] POST /v2.0/routers => generated 935 bytes in 1292 msecs (HTTP/1.1 201) 4 headers in 162 bytes (1 switches on core 0) [pid: 8|app: 0|req: 981/2017] 10.0.0.25 () {32 vars in 723 bytes} [Thu Apr 23 03:24:09 2026] DELETE /v2.0/subnets/1bc14c37-0ad9-4780-a680-ebd1c188495e => generated 0 bytes in 142 msecs (HTTP/1.1 204) 3 headers in 131 bytes (1 switches on core 0)
2026-04-23 03:24:09.777 8 INFO neutron_taas.services.taas.taas_plugin [None req-f1338e58-5eef-43d8-a06b-a1145993cb5c 4dca4c658ace4f8aa13f03745446afe1 1f39e4c4e0554c42916d67cba112ed45 - - default default] TaaS: Handle Delete Port: 426114d2-111f-457f-a448-e269620ed9ae
2026-04-23 03:24:09.781 8 INFO neutron_taas.services.taas.tap_mirror_plugin [None req-f1338e58-5eef-43d8-a06b-a1145993cb5c 4dca4c658ace4f8aa13f03745446afe1 1f39e4c4e0554c42916d67cba112ed45 - - default default] Tap Mirror: Handle Delete Port: 426114d2-111f-457f-a448-e269620ed9ae
2026-04-23 03:24:09.957 8 INFO neutron.services.segments.plugin [-] Segment ac0575da-47b3-4342-a808-970f0a138cf1 resource provider aggregate not found
2026-04-23 03:24:09.961 8 INFO neutron.services.segments.plugin [-] Segment ac0575da-47b3-4342-a808-970f0a138cf1 resource provider aggregate not found
2026-04-23 03:24:09.991 8 INFO neutron.services.segments.plugin [-] Segment ac0575da-47b3-4342-a808-970f0a138cf1 resource provider not found; error: Placement Client Error (4xx): {"errors": [{"status": 404, "title": "Not Found", "detail": "The resource could not be found.\n\n No resource provider with uuid ac0575da-47b3-4342-a808-970f0a138cf1 found for delete ", "request_id": "req-1baa0691-eef3-4af0-85d9-7bb851740ba6"}]}
2026-04-23 03:24:10.003 8 INFO neutron.services.segments.plugin [-] Segment ac0575da-47b3-4342-a808-970f0a138cf1 resource provider not found; error: Placement Client Error (4xx): {"errors": [{"status": 404, "title": "Not Found", "detail": "The resource could not be found.\n\n No resource provider with uuid ac0575da-47b3-4342-a808-970f0a138cf1 found for delete ", "request_id": "req-fd755d21-32a3-4be3-a17a-170a8710d997"}]} [pid: 8|app: 0|req: 982/2018] 10.0.0.25 () {32 vars in 725 bytes} [Thu Apr 23 03:24:09 2026] DELETE /v2.0/networks/bfc789d2-a06c-410d-905c-9f35d0288e75 => generated 0 bytes in 350 msecs (HTTP/1.1 204) 3 headers in 131 bytes (1 switches on core 0)
2026-04-23 03:24:10.108 7 WARNING neutron.scheduler.dhcp_agent_scheduler [None req-1556a564-5c93-4f8a-a4f5-5a6c80c236fc 4f04e884b8ff4babad1e3eea5f551de2 117ab8a7c1f24ec2946846641f4d2cff - - default default] No more DHCP agents
2026-04-23 03:24:10.109 7 WARNING neutron.api.rpc.agentnotifiers.dhcp_rpc_agent_api [None req-1556a564-5c93-4f8a-a4f5-5a6c80c236fc 4f04e884b8ff4babad1e3eea5f551de2 117ab8a7c1f24ec2946846641f4d2cff - - default default] Unable to schedule network d4b0c289-3400-4532-bd2a-1e38bec8a021: no agents available; will retry on subsequent port and subnet creation events.
2026-04-23 03:24:10.133 8 INFO neutron_taas.services.taas.taas_plugin [None req-651b37f0-f351-4b86-bbaf-c378d9155b9b 4dca4c658ace4f8aa13f03745446afe1 1f39e4c4e0554c42916d67cba112ed45 - - default default] TaaS: Handle Delete Port: 5c7833b4-3f66-4d17-829a-51fdc769a0c4
2026-04-23 03:24:10.137 8 INFO neutron_taas.services.taas.tap_mirror_plugin [None req-651b37f0-f351-4b86-bbaf-c378d9155b9b 4dca4c658ace4f8aa13f03745446afe1 1f39e4c4e0554c42916d67cba112ed45 - - default default] Tap Mirror: Handle Delete Port: 5c7833b4-3f66-4d17-829a-51fdc769a0c4
2026-04-23 03:24:10.178 8 WARNING neutron.plugins.ml2.drivers.ovn.mech_driver.ovsdb.ovn_client [None req-c3912efd-acdf-46ae-8062-8cedd0c038c7 - - - - - -] No port found with ID 1d083843-1b0a-4bc8-ae9c-4da9d12803bc: RuntimeError: No port found with ID 1d083843-1b0a-4bc8-ae9c-4da9d12803bc
2026-04-23 03:24:10.221 8 INFO neutron.plugins.ml2.drivers.ovn.mech_driver.mech_driver [None req-c3912efd-acdf-46ae-8062-8cedd0c038c7 - - - - - -] OVN reports status down for port: a7d849c8-de13-4b4c-b38f-019016c0ddb5
2026-04-23 03:24:10.242 7 INFO neutron.db.ovn_revision_numbers_db [None req-1556a564-5c93-4f8a-a4f5-5a6c80c236fc 4f04e884b8ff4babad1e3eea5f551de2 117ab8a7c1f24ec2946846641f4d2cff - - default default] Successfully bumped revision number for resource 01438c73-1110-4257-9574-9db78525f1ef (type: ports) to 1
2026-04-23 03:24:10.347 8 INFO neutron.plugins.ml2.drivers.ovn.mech_driver.mech_driver [None req-c3912efd-acdf-46ae-8062-8cedd0c038c7 - - - - - -] OVN reports status down for port: 01438c73-1110-4257-9574-9db78525f1ef [pid: 8|app: 0|req: 983/2019] 10.0.0.25 () {32 vars in 725 bytes} [Thu Apr 23 03:24:10 2026] DELETE /v2.0/networks/fe7ae2a6-9859-4c05-ae83-b8e3a6bfeeff => generated 0 bytes in 449 msecs (HTTP/1.1 204) 3 headers in 131 bytes (1 switches on core 0)
2026-04-23 03:24:10.555 8 INFO neutron.db.segments_db [None req-0df418ad-55c8-41b0-bded-a3d87e8afc33 4dca4c658ace4f8aa13f03745446afe1 1f39e4c4e0554c42916d67cba112ed45 - - default default] Added segment 275d310b-142a-405a-a4f1-04b7387511c1 of type geneve for network 948810a6-a202-4774-b4ad-d50efbb9a38c
2026-04-23 03:24:10.669 8 INFO neutron.db.ovn_revision_numbers_db [None req-0df418ad-55c8-41b0-bded-a3d87e8afc33 4dca4c658ace4f8aa13f03745446afe1 1f39e4c4e0554c42916d67cba112ed45 - - default default] Successfully bumped revision number for resource 948810a6-a202-4774-b4ad-d50efbb9a38c (type: networks) to 1
2026-04-23 03:24:10.830 8 WARNING neutron.scheduler.dhcp_agent_scheduler [None req-0df418ad-55c8-41b0-bded-a3d87e8afc33 4dca4c658ace4f8aa13f03745446afe1 1f39e4c4e0554c42916d67cba112ed45 - - default default] No more DHCP agents
2026-04-23 03:24:10.831 8 WARNING neutron.api.rpc.agentnotifiers.dhcp_rpc_agent_api [None req-0df418ad-55c8-41b0-bded-a3d87e8afc33 4dca4c658ace4f8aa13f03745446afe1 1f39e4c4e0554c42916d67cba112ed45 - - default default] Unable to schedule network 948810a6-a202-4774-b4ad-d50efbb9a38c: no agents available; will retry on subsequent port and subnet creation events.
2026-04-23 03:24:10.882 8 INFO neutron.plugins.ml2.drivers.ovn.mech_driver.mech_driver [None req-c3912efd-acdf-46ae-8062-8cedd0c038c7 - - - - - -] OVN reports status down for port: 350eff55-de9d-4900-b36b-0b7b3f0de330
2026-04-23 03:24:10.960 8 INFO neutron.db.ovn_revision_numbers_db [None req-0df418ad-55c8-41b0-bded-a3d87e8afc33 4dca4c658ace4f8aa13f03745446afe1 1f39e4c4e0554c42916d67cba112ed45 - - default default] Successfully bumped revision number for resource 350eff55-de9d-4900-b36b-0b7b3f0de330 (type: ports) to 1 [pid: 8|app: 0|req: 984/2020] 10.0.0.25 () {34 vars in 669 bytes} [Thu Apr 23 03:24:10 2026] POST /v2.0/networks => generated 653 bytes in 528 msecs (HTTP/1.1 201) 4 headers in 162 bytes (1 switches on core 0)
2026-04-23 03:24:11.009 7 WARNING neutron.scheduler.dhcp_agent_scheduler [None req-1556a564-5c93-4f8a-a4f5-5a6c80c236fc 4f04e884b8ff4babad1e3eea5f551de2 117ab8a7c1f24ec2946846641f4d2cff - - default default] No more DHCP agents
2026-04-23 03:24:11.010 7 WARNING neutron.api.rpc.agentnotifiers.dhcp_rpc_agent_api [None req-1556a564-5c93-4f8a-a4f5-5a6c80c236fc 4f04e884b8ff4babad1e3eea5f551de2 117ab8a7c1f24ec2946846641f4d2cff - - default default] Unable to schedule network d4b0c289-3400-4532-bd2a-1e38bec8a021: no agents available; will retry on subsequent port and subnet creation events.
2026-04-23 03:24:11.010 8 INFO neutron.plugins.ml2.drivers.ovn.mech_driver.mech_driver [None req-c3912efd-acdf-46ae-8062-8cedd0c038c7 - - - - - -] OVN reports status up for port: 01438c73-1110-4257-9574-9db78525f1ef
2026-04-23 03:24:11.035 8 INFO neutron.plugins.ml2.plugin [None req-c3912efd-acdf-46ae-8062-8cedd0c038c7 - - - - - -] Attempt 1 to provision port 01438c73-1110-4257-9574-9db78525f1ef
2026-04-23 03:24:11.331 7 INFO neutron.db.ovn_revision_numbers_db [None req-1556a564-5c93-4f8a-a4f5-5a6c80c236fc 4f04e884b8ff4babad1e3eea5f551de2 117ab8a7c1f24ec2946846641f4d2cff - - default default] Successfully bumped revision number for resource 01438c73-1110-4257-9574-9db78525f1ef (type: router_ports) to 1 [pid: 7|app: 0|req: 1037/2021] 10.0.0.25 () {34 vars in 782 bytes} [Thu Apr 23 03:24:09 2026] PUT /v2.0/routers/99b962fe-117e-4765-a4f4-cb9fbfa3ce6a/add_router_interface => generated 309 bytes in 1755 msecs (HTTP/1.1 200) 4 headers in 157 bytes (1 switches on core 0)
2026-04-23 03:24:11.417 8 WARNING neutron.scheduler.dhcp_agent_scheduler [None req-749394d9-304b-471b-8b99-f7e23287afcd 4dca4c658ace4f8aa13f03745446afe1 1f39e4c4e0554c42916d67cba112ed45 - - default default] No more DHCP agents
2026-04-23 03:24:11.422 8 WARNING neutron.api.rpc.agentnotifiers.dhcp_rpc_agent_api [None req-749394d9-304b-471b-8b99-f7e23287afcd 4dca4c658ace4f8aa13f03745446afe1 1f39e4c4e0554c42916d67cba112ed45 - - default default] Unable to schedule network 948810a6-a202-4774-b4ad-d50efbb9a38c: no agents available; will retry on subsequent port and subnet creation events.
2026-04-23 03:24:11.515 8 INFO neutron.db.ovn_revision_numbers_db [None req-749394d9-304b-471b-8b99-f7e23287afcd 4dca4c658ace4f8aa13f03745446afe1 1f39e4c4e0554c42916d67cba112ed45 - - default default] Successfully bumped revision number for resource 00b9a23b-e9a3-4df8-958b-f5a2bcff2152 (type: subnets) to 0 [pid: 8|app: 0|req: 985/2022] 10.0.0.25 () {34 vars in 668 bytes} [Thu Apr 23 03:24:11 2026] POST /v2.0/subnets => generated 646 bytes in 538 msecs (HTTP/1.1 201) 4 headers in 162 bytes (1 switches on core 0) [pid: 8|app: 0|req: 986/2023] 10.0.0.212 () {32 vars in 801 bytes} [Thu Apr 23 03:24:11 2026] GET /v2.0/extensions => generated 20541 bytes in 119 msecs (HTTP/1.1 200) 4 headers in 159 bytes (1 switches on core 0)
2026-04-23 03:24:11.786 8 INFO neutron.db.ovn_revision_numbers_db [None req-c3912efd-acdf-46ae-8062-8cedd0c038c7 - - - - - -] Successfully bumped revision number for resource 01438c73-1110-4257-9574-9db78525f1ef (type: ports) to 2
2026-04-23 03:24:11.914 7 WARNING neutron.scheduler.dhcp_agent_scheduler [None req-97859120-8818-474a-8549-e89b98269c57 - - - - - -] No more DHCP agents
2026-04-23 03:24:11.915 7 WARNING neutron.api.rpc.agentnotifiers.dhcp_rpc_agent_api [None req-97859120-8818-474a-8549-e89b98269c57 - - - - - -] Unable to schedule network b3bedaee-0bdc-4898-8541-8fea6a47eda1: no agents available; will retry on subsequent port and subnet creation events.
2026-04-23 03:24:12.043 7 INFO neutron.db.ovn_revision_numbers_db [None req-97859120-8818-474a-8549-e89b98269c57 - - - - - -] Successfully bumped revision number for resource 5921de4e-7ba9-407f-b936-a785df9171a0 (type: ports) to 1
2026-04-23 03:24:12.150 7 WARNING neutron.plugins.ml2.drivers.ovn.mech_driver.ovsdb.ovn_client [None req-fd2c9a62-14ba-4025-99ed-83614df974be - - - - - -] No port found with ID b368c43c-367a-419f-8398-b71b758b213d: RuntimeError: No port found with ID b368c43c-367a-419f-8398-b71b758b213d
2026-04-23 03:24:12.194 7 INFO neutron.plugins.ml2.drivers.ovn.mech_driver.mech_driver [None req-fd2c9a62-14ba-4025-99ed-83614df974be - - - - - -] OVN reports status down for port: 86e6f603-a524-492a-965a-208d18086760
2026-04-23 03:24:12.324 8 INFO neutron.services.segments.plugin [-] Segment 6cf50509-5e84-42a2-b3d5-49169532e252 resource provider aggregate not found
2026-04-23 03:24:12.331 7 WARNING neutron.plugins.ml2.drivers.ovn.mech_driver.ovsdb.ovn_client [None req-fd2c9a62-14ba-4025-99ed-83614df974be - - - - - -] Logical_Switch_Port %s host information not removed, the port state is up
2026-04-23 03:24:12.332 7 INFO neutron.plugins.ml2.drivers.ovn.mech_driver.mech_driver [None req-fd2c9a62-14ba-4025-99ed-83614df974be - - - - - -] OVN reports status up for port: 86e6f603-a524-492a-965a-208d18086760
2026-04-23 03:24:12.333 8 INFO neutron.services.segments.plugin [-] Segment 6cf50509-5e84-42a2-b3d5-49169532e252 resource provider aggregate not found
2026-04-23 03:24:12.344 8 INFO neutron.db.ovn_revision_numbers_db [None req-e0af4cc1-f536-4ec8-9c84-e05a5be9421c 4dca4c658ace4f8aa13f03745446afe1 1f39e4c4e0554c42916d67cba112ed45 - - default default] Successfully bumped revision number for resource 1dc309ad-56e1-44e6-b717-08eb174d72f7 (type: routers) to 1
2026-04-23 03:24:12.350 8 INFO neutron.services.segments.plugin [-] Segment 6cf50509-5e84-42a2-b3d5-49169532e252 resource provider not found; error: Placement Client Error (4xx): {"errors": [{"status": 404, "title": "Not Found", "detail": "The resource could not be found.\n\n No resource provider with uuid 6cf50509-5e84-42a2-b3d5-49169532e252 found for delete ", "request_id": "req-0355866f-38df-4c47-af9d-b7c98612c86c"}]}
2026-04-23 03:24:12.353 8 INFO neutron.services.segments.plugin [-] Segment 6cf50509-5e84-42a2-b3d5-49169532e252 resource provider not found; error: Placement Client Error (4xx): {"errors": [{"status": 404, "title": "Not Found", "detail": "The resource could not be found.\n\n No resource provider with uuid 6cf50509-5e84-42a2-b3d5-49169532e252 found for delete ", "request_id": "req-4c7bbbc3-ffca-41ef-bdc1-20e5c65dee15"}]}
2026-04-23 03:24:12.354 7 INFO neutron.plugins.ml2.plugin [None req-fd2c9a62-14ba-4025-99ed-83614df974be - - - - - -] Attempt 1 to provision port 86e6f603-a524-492a-965a-208d18086760
2026-04-23 03:24:12.384 7 INFO neutron.db.ovn_revision_numbers_db [None req-97859120-8818-474a-8549-e89b98269c57 - - - - - -] Successfully bumped revision number for resource 5921de4e-7ba9-407f-b936-a785df9171a0 (type: ports) to 3 [pid: 8|app: 0|req: 987/2024] 10.0.0.25 () {34 vars in 668 bytes} [Thu Apr 23 03:24:11 2026] POST /v2.0/routers => generated 607 bytes in 722 msecs (HTTP/1.1 201) 4 headers in 162 bytes (1 switches on core 0)
2026-04-23 03:24:12.475 7 INFO neutron.db.segments_db [None req-97859120-8818-474a-8549-e89b98269c57 - - - - - -] Added segment 05738af2-6656-4f23-899d-fe5c9d679ec1 of type geneve for network a67b918b-d829-41a6-8f14-47567426097f [pid: 8|app: 0|req: 988/2025] 10.0.0.212 () {30 vars in 724 bytes} [Thu Apr 23 03:24:12 2026] GET /v2.0/quotas/fb74c693a5694b9db31c9e38aabe2e97/details => generated 847 bytes in 159 msecs (HTTP/1.1 200) 4 headers in 157 bytes (1 switches on core 0)
2026-04-23 03:24:12.605 7 INFO neutron.db.ovn_revision_numbers_db [None req-201f5b26-f2bc-4f08-9840-98f1933f79a8 - - - - - -] Successfully bumped revision number for resource a67b918b-d829-41a6-8f14-47567426097f (type: networks) to 1
2026-04-23 03:24:12.774 7 WARNING neutron.scheduler.dhcp_agent_scheduler [None req-201f5b26-f2bc-4f08-9840-98f1933f79a8 - - - - - -] No more DHCP agents
2026-04-23 03:24:12.777 7 WARNING neutron.api.rpc.agentnotifiers.dhcp_rpc_agent_api [None req-201f5b26-f2bc-4f08-9840-98f1933f79a8 - - - - - -] Unable to schedule network a67b918b-d829-41a6-8f14-47567426097f: no agents available; will retry on subsequent port and subnet creation events.
2026-04-23 03:24:12.854 8 WARNING neutron.scheduler.dhcp_agent_scheduler [None req-45e7fa2c-9487-47e5-8169-946dadba85d3 4dca4c658ace4f8aa13f03745446afe1 1f39e4c4e0554c42916d67cba112ed45 - - default default] No more DHCP agents
2026-04-23 03:24:12.855 8 WARNING neutron.api.rpc.agentnotifiers.dhcp_rpc_agent_api [None req-45e7fa2c-9487-47e5-8169-946dadba85d3 4dca4c658ace4f8aa13f03745446afe1 1f39e4c4e0554c42916d67cba112ed45 - - default default] Unable to schedule network 948810a6-a202-4774-b4ad-d50efbb9a38c: no agents available; will retry on subsequent port and subnet creation events.
2026-04-23 03:24:12.871 7 INFO neutron.db.ovn_revision_numbers_db [None req-201f5b26-f2bc-4f08-9840-98f1933f79a8 - - - - - -] Successfully bumped revision number for resource 3afa7897-df4c-499c-a2a2-f8662232d831 (type: ports) to 1
2026-04-23 03:24:12.965 8 INFO neutron.db.ovn_revision_numbers_db [None req-45e7fa2c-9487-47e5-8169-946dadba85d3 4dca4c658ace4f8aa13f03745446afe1 1f39e4c4e0554c42916d67cba112ed45 - - default default] Successfully bumped revision number for resource 7e993324-e70f-4f09-8c96-1b08485c2f14 (type: ports) to 1 [pid: 8|app: 0|req: 989/2026] 10.0.0.25 () {34 vars in 664 bytes} [Thu Apr 23 03:24:12 2026] POST /v2.0/ports => generated 964 bytes in 443 msecs (HTTP/1.1 201) 4 headers in 162 bytes (1 switches on core 0) /var/lib/openstack/lib/python3.12/site-packages/pycadf/identifier.py:70: UserWarning: Invalid uuid: neutron. To ensure interoperability, identifiers should be a valid uuid. warnings.warn(('Invalid uuid: %s. To ensure interoperability, '
2026-04-23 03:24:13.009 7 WARNING neutron.scheduler.dhcp_agent_scheduler [None req-201f5b26-f2bc-4f08-9840-98f1933f79a8 - - - - - -] No more DHCP agents
2026-04-23 03:24:13.010 7 WARNING neutron.api.rpc.agentnotifiers.dhcp_rpc_agent_api [None req-201f5b26-f2bc-4f08-9840-98f1933f79a8 - - - - - -] Unable to schedule network a67b918b-d829-41a6-8f14-47567426097f: no agents available; will retry on subsequent port and subnet creation events.
