2026-04-25 07:34:25.203 7 INFO placement.requestlog [req-0d70a53c-ae12-41ff-810b-a68ad0b4d542 req-5f9818a4-e183-4029-a3a7-e606760e737d 2b51ccf897134dcbb84978bc27c5eab0 0b8b08db3ed1467986b5d8bed279a6cf - - 74ccdd3f99594b5d90dbac5fb69c9f53 74ccdd3f99594b5d90dbac5fb69c9f53] 10.0.0.223 "PUT /allocations/8eb28dee-e95e-466e-9408-f213f7eead99" status: 204 len: 0 microversion: 1.36 [pid: 7|app: 0|req: 340/671] 10.0.0.223 () {38 vars in 913 bytes} [Sat Apr 25 07:34:25 2026] PUT /allocations/8eb28dee-e95e-466e-9408-f213f7eead99 => generated 0 bytes in 69 msecs (HTTP/1.1 204) 5 headers in 199 bytes (1 switches on core 0)
2026-04-25 07:34:26.666 8 INFO placement.requestlog [req-0d70a53c-ae12-41ff-810b-a68ad0b4d542 req-48020843-fbac-4c80-aa70-178be0dca11c 2b51ccf897134dcbb84978bc27c5eab0 0b8b08db3ed1467986b5d8bed279a6cf - - 74ccdd3f99594b5d90dbac5fb69c9f53 74ccdd3f99594b5d90dbac5fb69c9f53] 199.204.45.77 "GET /allocations/8eb28dee-e95e-466e-9408-f213f7eead99" status: 200 len: 258 microversion: 1.28 [pid: 8|app: 0|req: 332/672] 199.204.45.77 () {34 vars in 861 bytes} [Sat Apr 25 07:34:26 2026] GET /allocations/8eb28dee-e95e-466e-9408-f213f7eead99 => generated 258 bytes in 10 msecs (HTTP/1.1 200) 8 headers in 296 bytes (1 switches on core 0)
2026-04-25 07:34:27.701 7 INFO placement.requestlog [req-0d70a53c-ae12-41ff-810b-a68ad0b4d542 req-b29fb746-c30b-45f1-b980-378e0122559f 2b51ccf897134dcbb84978bc27c5eab0 0b8b08db3ed1467986b5d8bed279a6cf - - 74ccdd3f99594b5d90dbac5fb69c9f53 74ccdd3f99594b5d90dbac5fb69c9f53] 199.204.45.77 "GET /resource_providers/9c0acb2b-2d1d-4207-9771-f5dc06ea8d7c/allocations" status: 200 len: 153 microversion: 1.0 [pid: 7|app: 0|req: 341/673] 199.204.45.77 () {32 vars in 855 bytes} [Sat Apr 25 07:34:27 2026] GET /resource_providers/9c0acb2b-2d1d-4207-9771-f5dc06ea8d7c/allocations => generated 153 bytes in 15 msecs (HTTP/1.1 200) 6 headers in 224 bytes (1 switches on core 0)
2026-04-25 07:34:27.723 8 INFO placement.requestlog [req-0d70a53c-ae12-41ff-810b-a68ad0b4d542 req-539d77a8-6b3b-4272-9cdb-28fbc44c04b6 2b51ccf897134dcbb84978bc27c5eab0 0b8b08db3ed1467986b5d8bed279a6cf - - 74ccdd3f99594b5d90dbac5fb69c9f53 74ccdd3f99594b5d90dbac5fb69c9f53] 199.204.45.77 "GET /allocations/8eb28dee-e95e-466e-9408-f213f7eead99" status: 200 len: 258 microversion: 1.28 [pid: 8|app: 0|req: 333/674] 199.204.45.77 () {34 vars in 861 bytes} [Sat Apr 25 07:34:27 2026] GET /allocations/8eb28dee-e95e-466e-9408-f213f7eead99 => generated 258 bytes in 16 msecs (HTTP/1.1 200) 8 headers in 296 bytes (1 switches on core 0)
2026-04-25 07:34:29.490 8 INFO placement.requestlog [None req-e1c95013-be48-4f00-93c8-70e78bdda41c - - - - - -] 10.0.0.206 "GET /" status: 200 len: 136 microversion: 1.0
2026-04-25 07:34:29.490 7 INFO placement.requestlog [None req-c45560b1-3b79-431d-a459-7ec9acd213cd - - - - - -] 10.0.0.206 "GET /" status: 200 len: 136 microversion: 1.0
2026-04-25 07:34:37.748 8 INFO placement.requestlog [None req-c121d8df-2cd4-4e31-a6ef-5e0e05d9e310 1e1f0fdb11904829a38964af9a1a3cf6 0b8b08db3ed1467986b5d8bed279a6cf - - 74ccdd3f99594b5d90dbac5fb69c9f53 74ccdd3f99594b5d90dbac5fb69c9f53] 10.0.0.250 "GET /resource_providers/709510a3-2ea8-4bcf-a13a-cf9c4f8e85d4/aggregates" status: 404 len: 235 microversion: 1.1 [pid: 8|app: 0|req: 335/677] 10.0.0.250 () {32 vars in 815 bytes} [Sat Apr 25 07:34:37 2026] GET /resource_providers/709510a3-2ea8-4bcf-a13a-cf9c4f8e85d4/aggregates => generated 235 bytes in 10 msecs (HTTP/1.1 404) 5 headers in 202 bytes (1 switches on core 0)
2026-04-25 07:34:37.750 7 INFO placement.requestlog [None req-9fb98ff9-b56f-4303-93db-e00dc5ad1fee 1e1f0fdb11904829a38964af9a1a3cf6 0b8b08db3ed1467986b5d8bed279a6cf - - 74ccdd3f99594b5d90dbac5fb69c9f53 74ccdd3f99594b5d90dbac5fb69c9f53] 10.0.0.250 "GET /resource_providers/709510a3-2ea8-4bcf-a13a-cf9c4f8e85d4/aggregates" status: 404 len: 235 microversion: 1.1 [pid: 7|app: 0|req: 343/678] 10.0.0.250 () {32 vars in 815 bytes} [Sat Apr 25 07:34:37 2026] GET /resource_providers/709510a3-2ea8-4bcf-a13a-cf9c4f8e85d4/aggregates => generated 235 bytes in 12 msecs (HTTP/1.1 404) 5 headers in 202 bytes (1 switches on core 0)
2026-04-25 07:34:37.773 7 INFO placement.requestlog [None req-7fa7479b-8edb-4424-90bb-3d313c1f4af0 1e1f0fdb11904829a38964af9a1a3cf6 0b8b08db3ed1467986b5d8bed279a6cf - - 74ccdd3f99594b5d90dbac5fb69c9f53 74ccdd3f99594b5d90dbac5fb69c9f53] 10.0.0.250 "DELETE /resource_providers/709510a3-2ea8-4bcf-a13a-cf9c4f8e85d4" status: 404 len: 246 microversion: 1.1 [pid: 7|app: 0|req: 344/679] 10.0.0.250 () {34 vars in 815 bytes} [Sat Apr 25 07:34:37 2026] DELETE /resource_providers/709510a3-2ea8-4bcf-a13a-cf9c4f8e85d4 => generated 246 bytes in 11 msecs (HTTP/1.1 404) 6 headers in 231 bytes (1 switches on core 0)
2026-04-25 07:34:37.776 8 INFO placement.requestlog [None req-457b0392-8fcf-4aa0-a44d-d2f020b24b24 1e1f0fdb11904829a38964af9a1a3cf6 0b8b08db3ed1467986b5d8bed279a6cf - - 74ccdd3f99594b5d90dbac5fb69c9f53 74ccdd3f99594b5d90dbac5fb69c9f53] 10.0.0.250 "DELETE /resource_providers/709510a3-2ea8-4bcf-a13a-cf9c4f8e85d4" status: 404 len: 246 microversion: 1.1 [pid: 8|app: 0|req: 336/680] 10.0.0.250 () {34 vars in 815 bytes} [Sat Apr 25 07:34:37 2026] DELETE /resource_providers/709510a3-2ea8-4bcf-a13a-cf9c4f8e85d4 => generated 246 bytes in 15 msecs (HTTP/1.1 404) 6 headers in 231 bytes (1 switches on core 0)
2026-04-25 07:34:39.492 8 INFO placement.requestlog [None req-e6e9a722-8b2c-4a55-ac7c-a81077561e73 - - - - - -] 10.0.0.206 "GET /" status: 200 len: 136 microversion: 1.0
2026-04-25 07:34:39.492 7 INFO placement.requestlog [None req-6007689f-066e-4de2-91f0-a418bb56960f - - - - - -] 10.0.0.206 "GET /" status: 200 len: 136 microversion: 1.0
2026-04-25 07:34:43.455 8 INFO placement.requestlog [req-b761c939-aa10-41b0-936f-a62057bdd08e req-23cc226d-05a1-4ffd-9705-a2a670da617c 2b51ccf897134dcbb84978bc27c5eab0 0b8b08db3ed1467986b5d8bed279a6cf - - 74ccdd3f99594b5d90dbac5fb69c9f53 74ccdd3f99594b5d90dbac5fb69c9f53] 10.0.0.223 "GET /allocation_candidates?limit=1000&resources=DISK_GB%3A1%2CMEMORY_MB%3A512%2CVCPU%3A1&root_required=%21COMPUTE_STATUS_DISABLED" status: 200 len: 2783 microversion: 1.36 [pid: 8|app: 0|req: 338/683] 10.0.0.223 () {34 vars in 1011 bytes} [Sat Apr 25 07:34:43 2026] GET /allocation_candidates?limit=1000&resources=DISK_GB%3A1%2CMEMORY_MB%3A512%2CVCPU%3A1&root_required=%21COMPUTE_STATUS_DISABLED => generated 2783 bytes in 41 msecs (HTTP/1.1 200) 8 headers in 297 bytes (1 switches on core 0)
2026-04-25 07:34:43.486 7 INFO placement.requestlog [req-b761c939-aa10-41b0-936f-a62057bdd08e req-2ac2a9b3-d0e3-4b6e-b53c-6c1c5014f1b4 2b51ccf897134dcbb84978bc27c5eab0 0b8b08db3ed1467986b5d8bed279a6cf - - 74ccdd3f99594b5d90dbac5fb69c9f53 74ccdd3f99594b5d90dbac5fb69c9f53] 10.0.0.223 "GET /allocations/794eca5c-2724-44b3-8963-d68060555b6e" status: 200 len: 19 microversion: 1.28 [pid: 7|app: 0|req: 346/684] 10.0.0.223 () {34 vars in 860 bytes} [Sat Apr 25 07:34:43 2026] GET /allocations/794eca5c-2724-44b3-8963-d68060555b6e => generated 19 bytes in 10 msecs (HTTP/1.1 200) 8 headers in 295 bytes (1 switches on core 0)
2026-04-25 07:34:43.539 8 INFO placement.requestlog [req-b761c939-aa10-41b0-936f-a62057bdd08e req-b26a40e1-b78d-401d-a8e5-be5bfec44b23 2b51ccf897134dcbb84978bc27c5eab0 0b8b08db3ed1467986b5d8bed279a6cf - - 74ccdd3f99594b5d90dbac5fb69c9f53 74ccdd3f99594b5d90dbac5fb69c9f53] 10.0.0.223 "PUT /allocations/794eca5c-2724-44b3-8963-d68060555b6e" status: 204 len: 0 microversion: 1.36 [pid: 8|app: 0|req: 339/685] 10.0.0.223 () {38 vars in 913 bytes} [Sat Apr 25 07:34:43 2026] PUT /allocations/794eca5c-2724-44b3-8963-d68060555b6e => generated 0 bytes in 45 msecs (HTTP/1.1 204) 5 headers in 199 bytes (1 switches on core 0)
2026-04-25 07:34:43.767 7 INFO placement.requestlog [req-5a65d14d-0f60-484f-84a2-87ede32f56dd req-566fae26-6e2f-4a34-a3b9-674b1c1f0c7b 2b51ccf897134dcbb84978bc27c5eab0 0b8b08db3ed1467986b5d8bed279a6cf - - 74ccdd3f99594b5d90dbac5fb69c9f53 74ccdd3f99594b5d90dbac5fb69c9f53] 10.0.0.223 "GET /allocation_candidates?limit=1000&resources=DISK_GB%3A1%2CMEMORY_MB%3A512%2CVCPU%3A1&root_required=%21COMPUTE_STATUS_DISABLED" status: 200 len: 2784 microversion: 1.36 [pid: 7|app: 0|req: 347/686] 10.0.0.223 () {34 vars in 1011 bytes} [Sat Apr 25 07:34:43 2026] GET /allocation_candidates?limit=1000&resources=DISK_GB%3A1%2CMEMORY_MB%3A512%2CVCPU%3A1&root_required=%21COMPUTE_STATUS_DISABLED => generated 2784 bytes in 40 msecs (HTTP/1.1 200) 8 headers in 297 bytes (1 switches on core 0)
2026-04-25 07:34:43.795 8 INFO placement.requestlog [req-5a65d14d-0f60-484f-84a2-87ede32f56dd req-723c187b-af33-4b94-89f0-cd27e6bd657a 2b51ccf897134dcbb84978bc27c5eab0 0b8b08db3ed1467986b5d8bed279a6cf - - 74ccdd3f99594b5d90dbac5fb69c9f53 74ccdd3f99594b5d90dbac5fb69c9f53] 10.0.0.223 "GET /allocations/c9c8cc33-fae5-4fc2-bb1f-0b96bca6d246" status: 200 len: 19 microversion: 1.28 [pid: 8|app: 0|req: 340/687] 10.0.0.223 () {34 vars in 860 bytes} [Sat Apr 25 07:34:43 2026] GET /allocations/c9c8cc33-fae5-4fc2-bb1f-0b96bca6d246 => generated 19 bytes in 9 msecs (HTTP/1.1 200) 8 headers in 295 bytes (1 switches on core 0)
2026-04-25 07:34:43.863 7 INFO placement.requestlog [req-5a65d14d-0f60-484f-84a2-87ede32f56dd req-758757f6-fdaf-469c-a96d-071ba5d234b0 2b51ccf897134dcbb84978bc27c5eab0 0b8b08db3ed1467986b5d8bed279a6cf - - 74ccdd3f99594b5d90dbac5fb69c9f53 74ccdd3f99594b5d90dbac5fb69c9f53] 10.0.0.223 "PUT /allocations/c9c8cc33-fae5-4fc2-bb1f-0b96bca6d246" status: 204 len: 0 microversion: 1.36 [pid: 7|app: 0|req: 348/688] 10.0.0.223 () {38 vars in 913 bytes} [Sat Apr 25 07:34:43 2026] PUT /allocations/c9c8cc33-fae5-4fc2-bb1f-0b96bca6d246 => generated 0 bytes in 62 msecs (HTTP/1.1 204) 5 headers in 199 bytes (1 switches on core 0)
2026-04-25 07:34:45.199 8 INFO placement.requestlog [req-b761c939-aa10-41b0-936f-a62057bdd08e req-22e6619b-680c-4f83-8331-aaeb94bb3d92 2b51ccf897134dcbb84978bc27c5eab0 0b8b08db3ed1467986b5d8bed279a6cf - - 74ccdd3f99594b5d90dbac5fb69c9f53 74ccdd3f99594b5d90dbac5fb69c9f53] 199.204.45.77 "GET /allocations/794eca5c-2724-44b3-8963-d68060555b6e" status: 200 len: 258 microversion: 1.28 [pid: 8|app: 0|req: 341/689] 199.204.45.77 () {34 vars in 861 bytes} [Sat Apr 25 07:34:45 2026] GET /allocations/794eca5c-2724-44b3-8963-d68060555b6e => generated 258 bytes in 175 msecs (HTTP/1.1 200) 8 headers in 296 bytes (1 switches on core 0)
2026-04-25 07:34:45.355 7 INFO placement.requestlog [req-5a65d14d-0f60-484f-84a2-87ede32f56dd req-e9f3ebdc-6eb2-4441-9a31-efba9e2612d7 2b51ccf897134dcbb84978bc27c5eab0 0b8b08db3ed1467986b5d8bed279a6cf - - 74ccdd3f99594b5d90dbac5fb69c9f53 74ccdd3f99594b5d90dbac5fb69c9f53] 199.204.45.77 "GET /allocations/c9c8cc33-fae5-4fc2-bb1f-0b96bca6d246" status: 200 len: 258 microversion: 1.28 [pid: 7|app: 0|req: 349/690] 199.204.45.77 () {34 vars in 861 bytes} [Sat Apr 25 07:34:45 2026] GET /allocations/c9c8cc33-fae5-4fc2-bb1f-0b96bca6d246 => generated 258 bytes in 9 msecs (HTTP/1.1 200) 8 headers in 296 bytes (1 switches on core 0)
2026-04-25 07:34:46.238 8 INFO placement.requestlog [req-b761c939-aa10-41b0-936f-a62057bdd08e req-4864c19d-a23f-40c0-aecd-5229a1e1cd5e 2b51ccf897134dcbb84978bc27c5eab0 0b8b08db3ed1467986b5d8bed279a6cf - - 74ccdd3f99594b5d90dbac5fb69c9f53 74ccdd3f99594b5d90dbac5fb69c9f53] 199.204.45.77 "GET /resource_providers?in_tree=9c0acb2b-2d1d-4207-9771-f5dc06ea8d7c" status: 200 len: 798 microversion: 1.14 [pid: 8|app: 0|req: 342/691] 199.204.45.77 () {34 vars in 890 bytes} [Sat Apr 25 07:34:46 2026] GET /resource_providers?in_tree=9c0acb2b-2d1d-4207-9771-f5dc06ea8d7c => generated 798 bytes in 15 msecs (HTTP/1.1 200) 6 headers in 225 bytes (1 switches on core 0)
2026-04-25 07:34:46.261 7 INFO placement.requestlog [req-b761c939-aa10-41b0-936f-a62057bdd08e req-61da42d8-f528-41a9-b8f3-fe8e77a1ec12 2b51ccf897134dcbb84978bc27c5eab0 0b8b08db3ed1467986b5d8bed279a6cf - - 74ccdd3f99594b5d90dbac5fb69c9f53 74ccdd3f99594b5d90dbac5fb69c9f53] 199.204.45.77 "GET /resource_providers/9c0acb2b-2d1d-4207-9771-f5dc06ea8d7c/inventories" status: 200 len: 401 microversion: 1.0 [pid: 7|app: 0|req: 350/692] 199.204.45.77 () {32 vars in 855 bytes} [Sat Apr 25 07:34:46 2026] GET /resource_providers/9c0acb2b-2d1d-4207-9771-f5dc06ea8d7c/inventories => generated 401 bytes in 15 msecs (HTTP/1.1 200) 6 headers in 224 bytes (1 switches on core 0)
2026-04-25 07:34:46.282 8 INFO placement.requestlog [req-b761c939-aa10-41b0-936f-a62057bdd08e req-5c9ddaf4-c45a-4763-8fb2-643dea7459ff 2b51ccf897134dcbb84978bc27c5eab0 0b8b08db3ed1467986b5d8bed279a6cf - - 74ccdd3f99594b5d90dbac5fb69c9f53 74ccdd3f99594b5d90dbac5fb69c9f53] 199.204.45.77 "GET /resource_providers/9c0acb2b-2d1d-4207-9771-f5dc06ea8d7c/aggregates" status: 200 len: 54 microversion: 1.19 [pid: 8|app: 0|req: 343/693] 199.204.45.77 () {34 vars in 897 bytes} [Sat Apr 25 07:34:46 2026] GET /resource_providers/9c0acb2b-2d1d-4207-9771-f5dc06ea8d7c/aggregates => generated 54 bytes in 14 msecs (HTTP/1.1 200) 8 headers in 295 bytes (1 switches on core 0)
2026-04-25 07:34:46.313 7 INFO placement.requestlog [req-b761c939-aa10-41b0-936f-a62057bdd08e req-ba325f2e-a1fd-4267-8c98-051d3e6f44ad 2b51ccf897134dcbb84978bc27c5eab0 0b8b08db3ed1467986b5d8bed279a6cf - - 74ccdd3f99594b5d90dbac5fb69c9f53 74ccdd3f99594b5d90dbac5fb69c9f53] 199.204.45.77 "GET /resource_providers/9c0acb2b-2d1d-4207-9771-f5dc06ea8d7c/traits" status: 200 len: 2317 microversion: 1.6 [pid: 7|app: 0|req: 351/694] 199.204.45.77 () {34 vars in 888 bytes} [Sat Apr 25 07:34:46 2026] GET /resource_providers/9c0acb2b-2d1d-4207-9771-f5dc06ea8d7c/traits => generated 2317 bytes in 23 msecs (HTTP/1.1 200) 6 headers in 225 bytes (1 switches on core 0)
2026-04-25 07:34:46.334 8 INFO placement.requestlog [req-b761c939-aa10-41b0-936f-a62057bdd08e req-00d768d9-013f-40c4-8c1f-4484c02f5d24 2b51ccf897134dcbb84978bc27c5eab0 0b8b08db3ed1467986b5d8bed279a6cf - - 74ccdd3f99594b5d90dbac5fb69c9f53 74ccdd3f99594b5d90dbac5fb69c9f53] 199.204.45.77 "GET /resource_providers/9c0acb2b-2d1d-4207-9771-f5dc06ea8d7c/allocations" status: 200 len: 353 microversion: 1.0 [pid: 8|app: 0|req: 344/695] 199.204.45.77 () {32 vars in 855 bytes} [Sat Apr 25 07:34:46 2026] GET /resource_providers/9c0acb2b-2d1d-4207-9771-f5dc06ea8d7c/allocations => generated 353 bytes in 17 msecs (HTTP/1.1 200) 6 headers in 224 bytes (1 switches on core 0)
2026-04-25 07:34:46.351 7 INFO placement.requestlog [req-b761c939-aa10-41b0-936f-a62057bdd08e req-7e7c5d3c-8724-4221-a9fa-8464d1161824 2b51ccf897134dcbb84978bc27c5eab0 0b8b08db3ed1467986b5d8bed279a6cf - - 74ccdd3f99594b5d90dbac5fb69c9f53 74ccdd3f99594b5d90dbac5fb69c9f53] 199.204.45.77 "GET /allocations/794eca5c-2724-44b3-8963-d68060555b6e" status: 200 len: 258 microversion: 1.28 [pid: 7|app: 0|req: 352/696] 199.204.45.77 () {34 vars in 861 bytes} [Sat Apr 25 07:34:46 2026] GET /allocations/794eca5c-2724-44b3-8963-d68060555b6e => generated 258 bytes in 12 msecs (HTTP/1.1 200) 8 headers in 296 bytes (1 switches on core 0)
2026-04-25 07:34:46.368 8 INFO placement.requestlog [req-b761c939-aa10-41b0-936f-a62057bdd08e req-e98f07b2-fad6-4144-a8e9-54be2a899246 2b51ccf897134dcbb84978bc27c5eab0 0b8b08db3ed1467986b5d8bed279a6cf - - 74ccdd3f99594b5d90dbac5fb69c9f53 74ccdd3f99594b5d90dbac5fb69c9f53] 199.204.45.77 "GET /allocations/c9c8cc33-fae5-4fc2-bb1f-0b96bca6d246" status: 200 len: 258 microversion: 1.28 [pid: 8|app: 0|req: 345/697] 199.204.45.77 () {34 vars in 861 bytes} [Sat Apr 25 07:34:46 2026] GET /allocations/c9c8cc33-fae5-4fc2-bb1f-0b96bca6d246 => generated 258 bytes in 13 msecs (HTTP/1.1 200) 8 headers in 296 bytes (1 switches on core 0)
2026-04-25 07:34:46.384 7 INFO placement.requestlog [req-b761c939-aa10-41b0-936f-a62057bdd08e req-d7458ac5-a7c9-445b-9020-cf11432b0c95 2b51ccf897134dcbb84978bc27c5eab0 0b8b08db3ed1467986b5d8bed279a6cf - - 74ccdd3f99594b5d90dbac5fb69c9f53 74ccdd3f99594b5d90dbac5fb69c9f53] 199.204.45.77 "GET /allocations/8eb28dee-e95e-466e-9408-f213f7eead99" status: 200 len: 258 microversion: 1.28 [pid: 7|app: 0|req: 353/698] 199.204.45.77 () {34 vars in 861 bytes} [Sat Apr 25 07:34:46 2026] GET /allocations/8eb28dee-e95e-466e-9408-f213f7eead99 => generated 258 bytes in 12 msecs (HTTP/1.1 200) 8 headers in 296 bytes (1 switches on core 0)
2026-04-25 07:34:48.443 8 INFO placement.requestlog [req-5a65d14d-0f60-484f-84a2-87ede32f56dd req-1e051107-19e7-4997-ae77-03dba76f60d4 2b51ccf897134dcbb84978bc27c5eab0 0b8b08db3ed1467986b5d8bed279a6cf - - 74ccdd3f99594b5d90dbac5fb69c9f53 74ccdd3f99594b5d90dbac5fb69c9f53] 199.204.45.77 "GET /resource_providers/9c0acb2b-2d1d-4207-9771-f5dc06ea8d7c/allocations" status: 200 len: 353 microversion: 1.0 [pid: 8|app: 0|req: 346/699] 199.204.45.77 () {32 vars in 855 bytes} [Sat Apr 25 07:34:48 2026] GET /resource_providers/9c0acb2b-2d1d-4207-9771-f5dc06ea8d7c/allocations => generated 353 bytes in 16 msecs (HTTP/1.1 200) 6 headers in 224 bytes (1 switches on core 0)
2026-04-25 07:34:48.459 7 INFO placement.requestlog [req-5a65d14d-0f60-484f-84a2-87ede32f56dd req-c538beeb-1765-49e7-90b6-49df4d9eabb5 2b51ccf897134dcbb84978bc27c5eab0 0b8b08db3ed1467986b5d8bed279a6cf - - 74ccdd3f99594b5d90dbac5fb69c9f53 74ccdd3f99594b5d90dbac5fb69c9f53] 199.204.45.77 "GET /allocations/794eca5c-2724-44b3-8963-d68060555b6e" status: 200 len: 258 microversion: 1.28 [pid: 7|app: 0|req: 354/700] 199.204.45.77 () {34 vars in 861 bytes} [Sat Apr 25 07:34:48 2026] GET /allocations/794eca5c-2724-44b3-8963-d68060555b6e => generated 258 bytes in 10 msecs (HTTP/1.1 200) 8 headers in 296 bytes (1 switches on core 0)
2026-04-25 07:34:48.477 8 INFO placement.requestlog [req-5a65d14d-0f60-484f-84a2-87ede32f56dd req-c58aa0ff-8d1e-4b72-986e-e8a1319c7139 2b51ccf897134dcbb84978bc27c5eab0 0b8b08db3ed1467986b5d8bed279a6cf - - 74ccdd3f99594b5d90dbac5fb69c9f53 74ccdd3f99594b5d90dbac5fb69c9f53] 199.204.45.77 "GET /allocations/c9c8cc33-fae5-4fc2-bb1f-0b96bca6d246" status: 200 len: 258 microversion: 1.28 [pid: 8|app: 0|req: 347/701] 199.204.45.77 () {34 vars in 861 bytes} [Sat Apr 25 07:34:48 2026] GET /allocations/c9c8cc33-fae5-4fc2-bb1f-0b96bca6d246 => generated 258 bytes in 13 msecs (HTTP/1.1 200) 8 headers in 296 bytes (1 switches on core 0)
2026-04-25 07:34:48.502 7 INFO placement.requestlog [req-5a65d14d-0f60-484f-84a2-87ede32f56dd req-f285a682-28cd-49aa-b522-3d0a1a1a8d53 2b51ccf897134dcbb84978bc27c5eab0 0b8b08db3ed1467986b5d8bed279a6cf - - 74ccdd3f99594b5d90dbac5fb69c9f53 74ccdd3f99594b5d90dbac5fb69c9f53] 199.204.45.77 "GET /allocations/8eb28dee-e95e-466e-9408-f213f7eead99" status: 200 len: 258 microversion: 1.28 [pid: 7|app: 0|req: 355/702] 199.204.45.77 () {34 vars in 861 bytes} [Sat Apr 25 07:34:48 2026] GET /allocations/8eb28dee-e95e-466e-9408-f213f7eead99 => generated 258 bytes in 15 msecs (HTTP/1.1 200) 8 headers in 296 bytes (1 switches on core 0)
2026-04-25 07:34:49.491 8 INFO placement.requestlog [None req-c9a6155c-09d5-493f-9765-8c6bbd254394 - - - - - -] 10.0.0.206 "GET /" status: 200 len: 136 microversion: 1.0
2026-04-25 07:34:49.491 7 INFO placement.requestlog [None req-baa54d16-ffc4-447c-8064-0dacca65ab04 - - - - - -] 10.0.0.206 "GET /" status: 200 len: 136 microversion: 1.0
2026-04-25 07:34:50.583 7 INFO placement.requestlog [req-ca707927-56f6-4568-9611-999b0624d1a7 req-79dc6d4a-2526-49ea-824e-de8530f89e43 2b51ccf897134dcbb84978bc27c5eab0 0b8b08db3ed1467986b5d8bed279a6cf - - 74ccdd3f99594b5d90dbac5fb69c9f53 74ccdd3f99594b5d90dbac5fb69c9f53] 199.204.45.77 "GET /resource_providers/9c0acb2b-2d1d-4207-9771-f5dc06ea8d7c/allocations" status: 200 len: 353 microversion: 1.0 [pid: 7|app: 0|req: 357/705] 199.204.45.77 () {32 vars in 855 bytes} [Sat Apr 25 07:34:50 2026] GET /resource_providers/9c0acb2b-2d1d-4207-9771-f5dc06ea8d7c/allocations => generated 353 bytes in 21 msecs (HTTP/1.1 200) 6 headers in 224 bytes (1 switches on core 0)
2026-04-25 07:34:50.607 8 INFO placement.requestlog [req-ca707927-56f6-4568-9611-999b0624d1a7 req-4e87b1c7-f67e-43e9-87fc-0f5223df9492 2b51ccf897134dcbb84978bc27c5eab0 0b8b08db3ed1467986b5d8bed279a6cf - - 74ccdd3f99594b5d90dbac5fb69c9f53 74ccdd3f99594b5d90dbac5fb69c9f53] 199.204.45.77 "GET /resource_providers/9c0acb2b-2d1d-4207-9771-f5dc06ea8d7c/allocations" status: 200 len: 353 microversion: 1.0 [pid: 8|app: 0|req: 349/706] 199.204.45.77 () {32 vars in 855 bytes} [Sat Apr 25 07:34:50 2026] GET /resource_providers/9c0acb2b-2d1d-4207-9771-f5dc06ea8d7c/allocations => generated 353 bytes in 15 msecs (HTTP/1.1 200) 6 headers in 224 bytes (1 switches on core 0)
2026-04-25 07:34:50.627 7 INFO placement.requestlog [req-ca707927-56f6-4568-9611-999b0624d1a7 req-ec44ac81-c29e-461c-931b-8f5f1062d279 2b51ccf897134dcbb84978bc27c5eab0 0b8b08db3ed1467986b5d8bed279a6cf - - 74ccdd3f99594b5d90dbac5fb69c9f53 74ccdd3f99594b5d90dbac5fb69c9f53] 199.204.45.77 "GET /allocations/794eca5c-2724-44b3-8963-d68060555b6e" status: 200 len: 258 microversion: 1.28 [pid: 7|app: 0|req: 358/707] 199.204.45.77 () {34 vars in 861 bytes} [Sat Apr 25 07:34:50 2026] GET /allocations/794eca5c-2724-44b3-8963-d68060555b6e => generated 258 bytes in 13 msecs (HTTP/1.1 200) 8 headers in 296 bytes (1 switches on core 0)
2026-04-25 07:34:50.642 8 INFO placement.requestlog [req-ca707927-56f6-4568-9611-999b0624d1a7 req-9482ede6-164b-4b74-9d7c-e133cc3e0e78 2b51ccf897134dcbb84978bc27c5eab0 0b8b08db3ed1467986b5d8bed279a6cf - - 74ccdd3f99594b5d90dbac5fb69c9f53 74ccdd3f99594b5d90dbac5fb69c9f53] 199.204.45.77 "GET /allocations/c9c8cc33-fae5-4fc2-bb1f-0b96bca6d246" status: 200 len: 258 microversion: 1.28 [pid: 8|app: 0|req: 350/708] 199.204.45.77 () {34 vars in 861 bytes} [Sat Apr 25 07:34:50 2026] GET /allocations/c9c8cc33-fae5-4fc2-bb1f-0b96bca6d246 => generated 258 bytes in 11 msecs (HTTP/1.1 200) 8 headers in 296 bytes (1 switches on core 0)
2026-04-25 07:34:50.664 7 INFO placement.requestlog [req-ca707927-56f6-4568-9611-999b0624d1a7 req-2f07b47c-3103-4fd6-ae49-bf6ac1d886bf 2b51ccf897134dcbb84978bc27c5eab0 0b8b08db3ed1467986b5d8bed279a6cf - - 74ccdd3f99594b5d90dbac5fb69c9f53 74ccdd3f99594b5d90dbac5fb69c9f53] 199.204.45.77 "GET /allocations/8eb28dee-e95e-466e-9408-f213f7eead99" status: 200 len: 258 microversion: 1.28 [pid: 7|app: 0|req: 359/709] 199.204.45.77 () {34 vars in 861 bytes} [Sat Apr 25 07:34:50 2026] GET /allocations/8eb28dee-e95e-466e-9408-f213f7eead99 => generated 258 bytes in 14 msecs (HTTP/1.1 200) 8 headers in 296 bytes (1 switches on core 0)
2026-04-25 07:34:59.491 8 INFO placement.requestlog [None req-49e8ab73-c75c-4963-9b1c-1d4e0307e271 - - - - - -] 10.0.0.206 "GET /" status: 200 len: 136 microversion: 1.0
2026-04-25 07:34:59.491 7 INFO placement.requestlog [None req-4a87c494-728f-4da1-9791-9dd0a2d3f259 - - - - - -] 10.0.0.206 "GET /" status: 200 len: 136 microversion: 1.0
2026-04-25 07:35:09.491 8 INFO placement.requestlog [None req-26fc3dc8-3bd7-419c-a1d5-6bbc92fe39c9 - - - - - -] 10.0.0.206 "GET /" status: 200 len: 136 microversion: 1.0
2026-04-25 07:35:09.491 7 INFO placement.requestlog [None req-0362750a-656a-4ebc-83ff-6b9db230369e - - - - - -] 10.0.0.206 "GET /" status: 200 len: 136 microversion: 1.0
2026-04-25 07:35:14.428 8 INFO placement.requestlog [req-3e91d9f0-8054-4e47-97e3-548ad0296559 req-aa2f7b19-5b52-483c-824e-8def0544e6be 2b51ccf897134dcbb84978bc27c5eab0 0b8b08db3ed1467986b5d8bed279a6cf - - 74ccdd3f99594b5d90dbac5fb69c9f53 74ccdd3f99594b5d90dbac5fb69c9f53] 10.0.0.223 "GET /allocation_candidates?limit=1000&resources=DISK_GB%3A1%2CMEMORY_MB%3A512%2CVCPU%3A1&root_required=%21COMPUTE_STATUS_DISABLED" status: 200 len: 2784 microversion: 1.36 [pid: 8|app: 0|req: 353/714] 10.0.0.223 () {34 vars in 1011 bytes} [Sat Apr 25 07:35:14 2026] GET /allocation_candidates?limit=1000&resources=DISK_GB%3A1%2CMEMORY_MB%3A512%2CVCPU%3A1&root_required=%21COMPUTE_STATUS_DISABLED => generated 2784 bytes in 86 msecs (HTTP/1.1 200) 8 headers in 297 bytes (1 switches on core 0)
2026-04-25 07:35:14.457 7 INFO placement.requestlog [req-3e91d9f0-8054-4e47-97e3-548ad0296559 req-d1ae08a7-7693-488d-9b94-2612954793a9 2b51ccf897134dcbb84978bc27c5eab0 0b8b08db3ed1467986b5d8bed279a6cf - - 74ccdd3f99594b5d90dbac5fb69c9f53 74ccdd3f99594b5d90dbac5fb69c9f53] 10.0.0.223 "GET /allocations/5b5530ad-b4dd-4315-8414-7d594889a9a4" status: 200 len: 19 microversion: 1.28 [pid: 7|app: 0|req: 362/715] 10.0.0.223 () {34 vars in 860 bytes} [Sat Apr 25 07:35:14 2026] GET /allocations/5b5530ad-b4dd-4315-8414-7d594889a9a4 => generated 19 bytes in 9 msecs (HTTP/1.1 200) 8 headers in 295 bytes (1 switches on core 0)
2026-04-25 07:35:14.516 8 INFO placement.requestlog [req-3e91d9f0-8054-4e47-97e3-548ad0296559 req-79652008-40ea-4dea-8b1d-0ead41eb0ae1 2b51ccf897134dcbb84978bc27c5eab0 0b8b08db3ed1467986b5d8bed279a6cf - - 74ccdd3f99594b5d90dbac5fb69c9f53 74ccdd3f99594b5d90dbac5fb69c9f53] 10.0.0.223 "PUT /allocations/5b5530ad-b4dd-4315-8414-7d594889a9a4" status: 204 len: 0 microversion: 1.36 [pid: 8|app: 0|req: 354/716] 10.0.0.223 () {38 vars in 913 bytes} [Sat Apr 25 07:35:14 2026] PUT /allocations/5b5530ad-b4dd-4315-8414-7d594889a9a4 => generated 0 bytes in 52 msecs (HTTP/1.1 204) 5 headers in 199 bytes (1 switches on core 0)
2026-04-25 07:35:15.981 7 INFO placement.requestlog [req-3e91d9f0-8054-4e47-97e3-548ad0296559 req-af863c58-8b51-40cf-9d0a-3fc3300fd1e1 2b51ccf897134dcbb84978bc27c5eab0 0b8b08db3ed1467986b5d8bed279a6cf - - 74ccdd3f99594b5d90dbac5fb69c9f53 74ccdd3f99594b5d90dbac5fb69c9f53] 199.204.45.77 "GET /allocations/5b5530ad-b4dd-4315-8414-7d594889a9a4" status: 200 len: 258 microversion: 1.28 [pid: 7|app: 0|req: 363/717] 199.204.45.77 () {34 vars in 861 bytes} [Sat Apr 25 07:35:15 2026] GET /allocations/5b5530ad-b4dd-4315-8414-7d594889a9a4 => generated 258 bytes in 11 msecs (HTTP/1.1 200) 8 headers in 296 bytes (1 switches on core 0)
2026-04-25 07:35:17.030 8 INFO placement.requestlog [req-3e91d9f0-8054-4e47-97e3-548ad0296559 req-41e698c2-55ce-4acf-83f9-00a1a77f508b 2b51ccf897134dcbb84978bc27c5eab0 0b8b08db3ed1467986b5d8bed279a6cf - - 74ccdd3f99594b5d90dbac5fb69c9f53 74ccdd3f99594b5d90dbac5fb69c9f53] 199.204.45.77 "GET /resource_providers/9c0acb2b-2d1d-4207-9771-f5dc06ea8d7c/allocations" status: 200 len: 453 microversion: 1.0 [pid: 8|app: 0|req: 355/718] 199.204.45.77 () {32 vars in 855 bytes} [Sat Apr 25 07:35:17 2026] GET /resource_providers/9c0acb2b-2d1d-4207-9771-f5dc06ea8d7c/allocations => generated 453 bytes in 24 msecs (HTTP/1.1 200) 6 headers in 224 bytes (1 switches on core 0)
2026-04-25 07:35:17.058 7 INFO placement.requestlog [req-3e91d9f0-8054-4e47-97e3-548ad0296559 req-614610ff-b2d6-4336-9464-82ac997b22e8 2b51ccf897134dcbb84978bc27c5eab0 0b8b08db3ed1467986b5d8bed279a6cf - - 74ccdd3f99594b5d90dbac5fb69c9f53 74ccdd3f99594b5d90dbac5fb69c9f53] 199.204.45.77 "GET /allocations/794eca5c-2724-44b3-8963-d68060555b6e" status: 200 len: 258 microversion: 1.28 [pid: 7|app: 0|req: 364/719] 199.204.45.77 () {34 vars in 861 bytes} [Sat Apr 25 07:35:17 2026] GET /allocations/794eca5c-2724-44b3-8963-d68060555b6e => generated 258 bytes in 22 msecs (HTTP/1.1 200) 8 headers in 296 bytes (1 switches on core 0)
2026-04-25 07:35:17.077 8 INFO placement.requestlog [req-3e91d9f0-8054-4e47-97e3-548ad0296559 req-c0dc594f-5ccb-43fc-91a4-d7341ca2a08a 2b51ccf897134dcbb84978bc27c5eab0 0b8b08db3ed1467986b5d8bed279a6cf - - 74ccdd3f99594b5d90dbac5fb69c9f53 74ccdd3f99594b5d90dbac5fb69c9f53] 199.204.45.77 "GET /allocations/5b5530ad-b4dd-4315-8414-7d594889a9a4" status: 200 len: 258 microversion: 1.28 [pid: 8|app: 0|req: 356/720] 199.204.45.77 () {34 vars in 861 bytes} [Sat Apr 25 07:35:17 2026] GET /allocations/5b5530ad-b4dd-4315-8414-7d594889a9a4 => generated 258 bytes in 15 msecs (HTTP/1.1 200) 8 headers in 296 bytes (1 switches on core 0)
2026-04-25 07:35:17.097 7 INFO placement.requestlog [req-3e91d9f0-8054-4e47-97e3-548ad0296559 req-5b14ba1a-8baa-405c-b110-1b1f4cacdfcf 2b51ccf897134dcbb84978bc27c5eab0 0b8b08db3ed1467986b5d8bed279a6cf - - 74ccdd3f99594b5d90dbac5fb69c9f53 74ccdd3f99594b5d90dbac5fb69c9f53] 199.204.45.77 "GET /allocations/c9c8cc33-fae5-4fc2-bb1f-0b96bca6d246" status: 200 len: 258 microversion: 1.28 [pid: 7|app: 0|req: 365/721] 199.204.45.77 () {34 vars in 861 bytes} [Sat Apr 25 07:35:17 2026] GET /allocations/c9c8cc33-fae5-4fc2-bb1f-0b96bca6d246 => generated 258 bytes in 10 msecs (HTTP/1.1 200) 8 headers in 296 bytes (1 switches on core 0)
2026-04-25 07:35:17.119 8 INFO placement.requestlog [req-3e91d9f0-8054-4e47-97e3-548ad0296559 req-4a54a109-fc20-4741-a4c6-ca2dc536e500 2b51ccf897134dcbb84978bc27c5eab0 0b8b08db3ed1467986b5d8bed279a6cf - - 74ccdd3f99594b5d90dbac5fb69c9f53 74ccdd3f99594b5d90dbac5fb69c9f53] 199.204.45.77 "GET /allocations/8eb28dee-e95e-466e-9408-f213f7eead99" status: 200 len: 258 microversion: 1.28 [pid: 8|app: 0|req: 357/722] 199.204.45.77 () {34 vars in 861 bytes} [Sat Apr 25 07:35:17 2026] GET /allocations/8eb28dee-e95e-466e-9408-f213f7eead99 => generated 258 bytes in 19 msecs (HTTP/1.1 200) 8 headers in 296 bytes (1 switches on core 0)
2026-04-25 07:35:19.490 8 INFO placement.requestlog [None req-4e06f2ac-62d7-4f22-a0d0-64100b55c921 - - - - - -] 10.0.0.206 "GET /" status: 200 len: 136 microversion: 1.0
2026-04-25 07:35:19.490 7 INFO placement.requestlog [None req-888618e4-decb-4a2b-893e-c2171b16975d - - - - - -] 10.0.0.206 "GET /" status: 200 len: 136 microversion: 1.0
2026-04-25 07:35:25.841 8 INFO placement.requestlog [req-ff6b6ce6-b50e-498b-9c01-da2b7f50a5b5 req-e4ce256e-f322-472d-84cd-d90f0b932f90 2b51ccf897134dcbb84978bc27c5eab0 0b8b08db3ed1467986b5d8bed279a6cf - - 74ccdd3f99594b5d90dbac5fb69c9f53 74ccdd3f99594b5d90dbac5fb69c9f53] 10.0.0.223 "GET /allocation_candidates?limit=1000&resources=MEMORY_MB%3A2048%2CVCPU%3A2&root_required=%21COMPUTE_STATUS_DISABLED" status: 200 len: 2771 microversion: 1.36 [pid: 8|app: 0|req: 359/725] 10.0.0.223 () {34 vars in 985 bytes} [Sat Apr 25 07:35:25 2026] GET /allocation_candidates?limit=1000&resources=MEMORY_MB%3A2048%2CVCPU%3A2&root_required=%21COMPUTE_STATUS_DISABLED => generated 2771 bytes in 37 msecs (HTTP/1.1 200) 8 headers in 297 bytes (1 switches on core 0)
2026-04-25 07:35:25.868 7 INFO placement.requestlog [req-ff6b6ce6-b50e-498b-9c01-da2b7f50a5b5 req-b9925d64-46e4-4935-9928-306ae5414f6d 2b51ccf897134dcbb84978bc27c5eab0 0b8b08db3ed1467986b5d8bed279a6cf - - 74ccdd3f99594b5d90dbac5fb69c9f53 74ccdd3f99594b5d90dbac5fb69c9f53] 10.0.0.223 "GET /allocations/ba3a43a1-0e3e-4a44-af1a-34d09bfff40f" status: 200 len: 19 microversion: 1.28 [pid: 7|app: 0|req: 367/726] 10.0.0.223 () {34 vars in 860 bytes} [Sat Apr 25 07:35:25 2026] GET /allocations/ba3a43a1-0e3e-4a44-af1a-34d09bfff40f => generated 19 bytes in 7 msecs (HTTP/1.1 200) 8 headers in 295 bytes (1 switches on core 0)
2026-04-25 07:35:25.930 8 INFO placement.requestlog [req-ff6b6ce6-b50e-498b-9c01-da2b7f50a5b5 req-a683f562-1371-41b3-889f-17655e297efc 2b51ccf897134dcbb84978bc27c5eab0 0b8b08db3ed1467986b5d8bed279a6cf - - 74ccdd3f99594b5d90dbac5fb69c9f53 74ccdd3f99594b5d90dbac5fb69c9f53] 10.0.0.223 "PUT /allocations/ba3a43a1-0e3e-4a44-af1a-34d09bfff40f" status: 204 len: 0 microversion: 1.36 [pid: 8|app: 0|req: 360/727] 10.0.0.223 () {38 vars in 913 bytes} [Sat Apr 25 07:35:25 2026] PUT /allocations/ba3a43a1-0e3e-4a44-af1a-34d09bfff40f => generated 0 bytes in 57 msecs (HTTP/1.1 204) 5 headers in 199 bytes (1 switches on core 0)
2026-04-25 07:35:27.440 7 INFO placement.requestlog [req-ff6b6ce6-b50e-498b-9c01-da2b7f50a5b5 req-8be66af9-63af-4883-8e21-8c61c2ad185b 2b51ccf897134dcbb84978bc27c5eab0 0b8b08db3ed1467986b5d8bed279a6cf - - 74ccdd3f99594b5d90dbac5fb69c9f53 74ccdd3f99594b5d90dbac5fb69c9f53] 199.204.45.77 "GET /allocations/ba3a43a1-0e3e-4a44-af1a-34d09bfff40f" status: 200 len: 245 microversion: 1.28 [pid: 7|app: 0|req: 368/728] 199.204.45.77 () {34 vars in 861 bytes} [Sat Apr 25 07:35:27 2026] GET /allocations/ba3a43a1-0e3e-4a44-af1a-34d09bfff40f => generated 245 bytes in 12 msecs (HTTP/1.1 200) 8 headers in 296 bytes (1 switches on core 0)
2026-04-25 07:35:28.501 8 INFO placement.requestlog [req-ff6b6ce6-b50e-498b-9c01-da2b7f50a5b5 req-66265dc2-57c0-48ae-917b-328253eb4835 2b51ccf897134dcbb84978bc27c5eab0 0b8b08db3ed1467986b5d8bed279a6cf - - 74ccdd3f99594b5d90dbac5fb69c9f53 74ccdd3f99594b5d90dbac5fb69c9f53] 199.204.45.77 "GET /resource_providers/9c0acb2b-2d1d-4207-9771-f5dc06ea8d7c/allocations" status: 200 len: 540 microversion: 1.0 [pid: 8|app: 0|req: 361/729] 199.204.45.77 () {32 vars in 855 bytes} [Sat Apr 25 07:35:28 2026] GET /resource_providers/9c0acb2b-2d1d-4207-9771-f5dc06ea8d7c/allocations => generated 540 bytes in 28 msecs (HTTP/1.1 200) 6 headers in 224 bytes (1 switches on core 0)
2026-04-25 07:35:28.521 7 INFO placement.requestlog [req-ff6b6ce6-b50e-498b-9c01-da2b7f50a5b5 req-e3c11fe5-d194-4c2d-a430-6cd5f61cda4d 2b51ccf897134dcbb84978bc27c5eab0 0b8b08db3ed1467986b5d8bed279a6cf - - 74ccdd3f99594b5d90dbac5fb69c9f53 74ccdd3f99594b5d90dbac5fb69c9f53] 199.204.45.77 "GET /allocations/794eca5c-2724-44b3-8963-d68060555b6e" status: 200 len: 258 microversion: 1.28 [pid: 7|app: 0|req: 369/730] 199.204.45.77 () {34 vars in 861 bytes} [Sat Apr 25 07:35:28 2026] GET /allocations/794eca5c-2724-44b3-8963-d68060555b6e => generated 258 bytes in 15 msecs (HTTP/1.1 200) 8 headers in 296 bytes (1 switches on core 0)
2026-04-25 07:35:28.543 8 INFO placement.requestlog [req-ff6b6ce6-b50e-498b-9c01-da2b7f50a5b5 req-7c922f41-41ea-4eff-bc65-2ef84c193076 2b51ccf897134dcbb84978bc27c5eab0 0b8b08db3ed1467986b5d8bed279a6cf - - 74ccdd3f99594b5d90dbac5fb69c9f53 74ccdd3f99594b5d90dbac5fb69c9f53] 199.204.45.77 "GET /allocations/ba3a43a1-0e3e-4a44-af1a-34d09bfff40f" status: 200 len: 245 microversion: 1.28 [pid: 8|app: 0|req: 362/731] 199.204.45.77 () {34 vars in 861 bytes} [Sat Apr 25 07:35:28 2026] GET /allocations/ba3a43a1-0e3e-4a44-af1a-34d09bfff40f => generated 245 bytes in 15 msecs (HTTP/1.1 200) 8 headers in 296 bytes (1 switches on core 0)
2026-04-25 07:35:28.568 7 INFO placement.requestlog [req-ff6b6ce6-b50e-498b-9c01-da2b7f50a5b5 req-d6e55b35-48fa-4bd6-965a-4bb4128839c3 2b51ccf897134dcbb84978bc27c5eab0 0b8b08db3ed1467986b5d8bed279a6cf - - 74ccdd3f99594b5d90dbac5fb69c9f53 74ccdd3f99594b5d90dbac5fb69c9f53] 199.204.45.77 "GET /allocations/5b5530ad-b4dd-4315-8414-7d594889a9a4" status: 200 len: 258 microversion: 1.28 [pid: 7|app: 0|req: 370/732] 199.204.45.77 () {34 vars in 861 bytes} [Sat Apr 25 07:35:28 2026] GET /allocations/5b5530ad-b4dd-4315-8414-7d594889a9a4 => generated 258 bytes in 18 msecs (HTTP/1.1 200) 8 headers in 296 bytes (1 switches on core 0)
2026-04-25 07:35:28.591 8 INFO placement.requestlog [req-ff6b6ce6-b50e-498b-9c01-da2b7f50a5b5 req-f210b39b-a7c3-4c9e-a6c6-8b2ccb7b46dc 2b51ccf897134dcbb84978bc27c5eab0 0b8b08db3ed1467986b5d8bed279a6cf - - 74ccdd3f99594b5d90dbac5fb69c9f53 74ccdd3f99594b5d90dbac5fb69c9f53] 199.204.45.77 "GET /allocations/c9c8cc33-fae5-4fc2-bb1f-0b96bca6d246" status: 200 len: 258 microversion: 1.28 [pid: 8|app: 0|req: 363/733] 199.204.45.77 () {34 vars in 861 bytes} [Sat Apr 25 07:35:28 2026] GET /allocations/c9c8cc33-fae5-4fc2-bb1f-0b96bca6d246 => generated 258 bytes in 17 msecs (HTTP/1.1 200) 8 headers in 296 bytes (1 switches on core 0)
2026-04-25 07:35:28.611 7 INFO placement.requestlog [req-ff6b6ce6-b50e-498b-9c01-da2b7f50a5b5 req-2b5e83eb-6ba9-4062-8f8a-e2e2e1a529b4 2b51ccf897134dcbb84978bc27c5eab0 0b8b08db3ed1467986b5d8bed279a6cf - - 74ccdd3f99594b5d90dbac5fb69c9f53 74ccdd3f99594b5d90dbac5fb69c9f53] 199.204.45.77 "GET /allocations/8eb28dee-e95e-466e-9408-f213f7eead99" status: 200 len: 258 microversion: 1.28 [pid: 7|app: 0|req: 371/734] 199.204.45.77 () {34 vars in 861 bytes} [Sat Apr 25 07:35:28 2026] GET /allocations/8eb28dee-e95e-466e-9408-f213f7eead99 => generated 258 bytes in 10 msecs (HTTP/1.1 200) 8 headers in 296 bytes (1 switches on core 0)
2026-04-25 07:35:29.491 8 INFO placement.requestlog [None req-06e15607-3358-44cf-9627-ede72c4a75f9 - - - - - -] 10.0.0.206 "GET /" status: 200 len: 136 microversion: 1.0
2026-04-25 07:35:29.491 7 INFO placement.requestlog [None req-d10278dc-ceec-463e-af71-18f508240ee3 - - - - - -] 10.0.0.206 "GET /" status: 200 len: 136 microversion: 1.0
2026-04-25 07:35:39.490 7 INFO placement.requestlog [None req-f0d14c2e-8309-497e-9702-cf24fcece43c - - - - - -] 10.0.0.206 "GET /" status: 200 len: 136 microversion: 1.0
2026-04-25 07:35:39.490 8 INFO placement.requestlog [None req-3ccb7b51-c683-4a48-a5ef-516985c1b087 - - - - - -] 10.0.0.206 "GET /" status: 200 len: 136 microversion: 1.0
2026-04-25 07:35:43.042 7 INFO placement.requestlog [req-bc0b056a-a8c3-4794-8681-e0d265ac86dc req-7b8d9b46-aea8-4a51-9841-72ba9f87517a 2b51ccf897134dcbb84978bc27c5eab0 0b8b08db3ed1467986b5d8bed279a6cf - - 74ccdd3f99594b5d90dbac5fb69c9f53 74ccdd3f99594b5d90dbac5fb69c9f53] 199.204.45.77 "GET /resource_providers/9c0acb2b-2d1d-4207-9771-f5dc06ea8d7c/allocations" status: 200 len: 540 microversion: 1.0 [pid: 7|app: 0|req: 374/739] 199.204.45.77 () {32 vars in 855 bytes} [Sat Apr 25 07:35:43 2026] GET /resource_providers/9c0acb2b-2d1d-4207-9771-f5dc06ea8d7c/allocations => generated 540 bytes in 15 msecs (HTTP/1.1 200) 6 headers in 224 bytes (1 switches on core 0)
2026-04-25 07:35:43.056 8 INFO placement.requestlog [req-bc0b056a-a8c3-4794-8681-e0d265ac86dc req-d6930a64-96ee-447d-8bbe-339a6b7081b0 2b51ccf897134dcbb84978bc27c5eab0 0b8b08db3ed1467986b5d8bed279a6cf - - 74ccdd3f99594b5d90dbac5fb69c9f53 74ccdd3f99594b5d90dbac5fb69c9f53] 199.204.45.77 "GET /allocations/794eca5c-2724-44b3-8963-d68060555b6e" status: 200 len: 258 microversion: 1.28 [pid: 8|app: 0|req: 366/740] 199.204.45.77 () {34 vars in 861 bytes} [Sat Apr 25 07:35:43 2026] GET /allocations/794eca5c-2724-44b3-8963-d68060555b6e => generated 258 bytes in 10 msecs (HTTP/1.1 200) 8 headers in 296 bytes (1 switches on core 0)
2026-04-25 07:35:43.071 7 INFO placement.requestlog [req-bc0b056a-a8c3-4794-8681-e0d265ac86dc req-d606c969-8af4-4872-8fb7-be54d3645c55 2b51ccf897134dcbb84978bc27c5eab0 0b8b08db3ed1467986b5d8bed279a6cf - - 74ccdd3f99594b5d90dbac5fb69c9f53 74ccdd3f99594b5d90dbac5fb69c9f53] 199.204.45.77 "GET /allocations/ba3a43a1-0e3e-4a44-af1a-34d09bfff40f" status: 200 len: 245 microversion: 1.28 [pid: 7|app: 0|req: 375/741] 199.204.45.77 () {34 vars in 861 bytes} [Sat Apr 25 07:35:43 2026] GET /allocations/ba3a43a1-0e3e-4a44-af1a-34d09bfff40f => generated 245 bytes in 11 msecs (HTTP/1.1 200) 8 headers in 296 bytes (1 switches on core 0)
2026-04-25 07:35:43.089 8 INFO placement.requestlog [req-bc0b056a-a8c3-4794-8681-e0d265ac86dc req-00cba090-298c-4a0a-9595-dbf21c735c84 2b51ccf897134dcbb84978bc27c5eab0 0b8b08db3ed1467986b5d8bed279a6cf - - 74ccdd3f99594b5d90dbac5fb69c9f53 74ccdd3f99594b5d90dbac5fb69c9f53] 199.204.45.77 "GET /allocations/5b5530ad-b4dd-4315-8414-7d594889a9a4" status: 200 len: 258 microversion: 1.28 [pid: 8|app: 0|req: 367/742] 199.204.45.77 () {34 vars in 861 bytes} [Sat Apr 25 07:35:43 2026] GET /allocations/5b5530ad-b4dd-4315-8414-7d594889a9a4 => generated 258 bytes in 14 msecs (HTTP/1.1 200) 8 headers in 296 bytes (1 switches on core 0)
2026-04-25 07:35:43.105 7 INFO placement.requestlog [req-bc0b056a-a8c3-4794-8681-e0d265ac86dc req-a30379ba-1d2b-434c-91b4-88cae7b42207 2b51ccf897134dcbb84978bc27c5eab0 0b8b08db3ed1467986b5d8bed279a6cf - - 74ccdd3f99594b5d90dbac5fb69c9f53 74ccdd3f99594b5d90dbac5fb69c9f53] 199.204.45.77 "GET /allocations/c9c8cc33-fae5-4fc2-bb1f-0b96bca6d246" status: 200 len: 258 microversion: 1.28 [pid: 7|app: 0|req: 376/743] 199.204.45.77 () {34 vars in 861 bytes} [Sat Apr 25 07:35:43 2026] GET /allocations/c9c8cc33-fae5-4fc2-bb1f-0b96bca6d246 => generated 258 bytes in 11 msecs (HTTP/1.1 200) 8 headers in 296 bytes (1 switches on core 0)
2026-04-25 07:35:43.122 8 INFO placement.requestlog [req-bc0b056a-a8c3-4794-8681-e0d265ac86dc req-7c98f398-bced-414e-99c8-e81df917b885 2b51ccf897134dcbb84978bc27c5eab0 0b8b08db3ed1467986b5d8bed279a6cf - - 74ccdd3f99594b5d90dbac5fb69c9f53 74ccdd3f99594b5d90dbac5fb69c9f53] 199.204.45.77 "GET /allocations/8eb28dee-e95e-466e-9408-f213f7eead99" status: 200 len: 258 microversion: 1.28 [pid: 8|app: 0|req: 368/744] 199.204.45.77 () {34 vars in 861 bytes} [Sat Apr 25 07:35:43 2026] GET /allocations/8eb28dee-e95e-466e-9408-f213f7eead99 => generated 258 bytes in 13 msecs (HTTP/1.1 200) 8 headers in 296 bytes (1 switches on core 0)
2026-04-25 07:35:44.174 7 INFO placement.requestlog [req-bc0b056a-a8c3-4794-8681-e0d265ac86dc req-2bf55c7a-aa35-4320-8f5b-9c47fc7e8d31 2b51ccf897134dcbb84978bc27c5eab0 0b8b08db3ed1467986b5d8bed279a6cf - - 74ccdd3f99594b5d90dbac5fb69c9f53 74ccdd3f99594b5d90dbac5fb69c9f53] 199.204.45.77 "DELETE /allocations/5b5530ad-b4dd-4315-8414-7d594889a9a4" status: 204 len: 0 microversion: 1.0 [pid: 7|app: 0|req: 377/745] 199.204.45.77 () {34 vars in 839 bytes} [Sat Apr 25 07:35:44 2026] DELETE /allocations/5b5530ad-b4dd-4315-8414-7d594889a9a4 => generated 0 bytes in 27 msecs (HTTP/1.1 204) 5 headers in 198 bytes (1 switches on core 0)
2026-04-25 07:35:49.490 8 INFO placement.requestlog [None req-c96d95df-c056-4399-a5a6-3f6b501ac17b - - - - - -] 10.0.0.206 "GET /" status: 200 len: 136 microversion: 1.0
2026-04-25 07:35:49.491 7 INFO placement.requestlog [None req-5ece003e-f228-4453-980d-8240f0d2782e - - - - - -] 10.0.0.206 "GET /" status: 200 len: 136 microversion: 1.0
2026-04-25 07:35:50.160 8 INFO placement.requestlog [req-b906aad5-71b3-4099-8815-6e323a71ea23 req-618abf66-f131-42fa-8723-0413ff09b123 2b51ccf897134dcbb84978bc27c5eab0 0b8b08db3ed1467986b5d8bed279a6cf - - 74ccdd3f99594b5d90dbac5fb69c9f53 74ccdd3f99594b5d90dbac5fb69c9f53] 199.204.45.77 "GET /resource_providers/9c0acb2b-2d1d-4207-9771-f5dc06ea8d7c/allocations" status: 200 len: 440 microversion: 1.0 [pid: 8|app: 0|req: 370/748] 199.204.45.77 () {32 vars in 855 bytes} [Sat Apr 25 07:35:50 2026] GET /resource_providers/9c0acb2b-2d1d-4207-9771-f5dc06ea8d7c/allocations => generated 440 bytes in 17 msecs (HTTP/1.1 200) 6 headers in 224 bytes (1 switches on core 0)
2026-04-25 07:35:50.185 7 INFO placement.requestlog [req-b906aad5-71b3-4099-8815-6e323a71ea23 req-e903cba3-a482-4267-a85c-9219ad161316 2b51ccf897134dcbb84978bc27c5eab0 0b8b08db3ed1467986b5d8bed279a6cf - - 74ccdd3f99594b5d90dbac5fb69c9f53 74ccdd3f99594b5d90dbac5fb69c9f53] 199.204.45.77 "GET /resource_providers/9c0acb2b-2d1d-4207-9771-f5dc06ea8d7c/allocations" status: 200 len: 440 microversion: 1.0 [pid: 7|app: 0|req: 379/749] 199.204.45.77 () {32 vars in 855 bytes} [Sat Apr 25 07:35:50 2026] GET /resource_providers/9c0acb2b-2d1d-4207-9771-f5dc06ea8d7c/allocations => generated 440 bytes in 18 msecs (HTTP/1.1 200) 6 headers in 224 bytes (1 switches on core 0)
2026-04-25 07:35:50.212 8 INFO placement.requestlog [req-b906aad5-71b3-4099-8815-6e323a71ea23 req-0683e491-bd29-41bd-bd0c-2060972ca8fe 2b51ccf897134dcbb84978bc27c5eab0 0b8b08db3ed1467986b5d8bed279a6cf - - 74ccdd3f99594b5d90dbac5fb69c9f53 74ccdd3f99594b5d90dbac5fb69c9f53] 199.204.45.77 "GET /allocations/794eca5c-2724-44b3-8963-d68060555b6e" status: 200 len: 258 microversion: 1.28 [pid: 8|app: 0|req: 371/750] 199.204.45.77 () {34 vars in 861 bytes} [Sat Apr 25 07:35:50 2026] GET /allocations/794eca5c-2724-44b3-8963-d68060555b6e => generated 258 bytes in 21 msecs (HTTP/1.1 200) 8 headers in 296 bytes (1 switches on core 0)
2026-04-25 07:35:50.230 7 INFO placement.requestlog [req-b906aad5-71b3-4099-8815-6e323a71ea23 req-2a677cc3-d752-48ef-bae0-52fe2afadf9c 2b51ccf897134dcbb84978bc27c5eab0 0b8b08db3ed1467986b5d8bed279a6cf - - 74ccdd3f99594b5d90dbac5fb69c9f53 74ccdd3f99594b5d90dbac5fb69c9f53] 199.204.45.77 "GET /allocations/c9c8cc33-fae5-4fc2-bb1f-0b96bca6d246" status: 200 len: 258 microversion: 1.28 [pid: 7|app: 0|req: 380/751] 199.204.45.77 () {34 vars in 861 bytes} [Sat Apr 25 07:35:50 2026] GET /allocations/c9c8cc33-fae5-4fc2-bb1f-0b96bca6d246 => generated 258 bytes in 12 msecs (HTTP/1.1 200) 8 headers in 296 bytes (1 switches on core 0)
2026-04-25 07:35:50.251 8 INFO placement.requestlog [req-b906aad5-71b3-4099-8815-6e323a71ea23 req-af8da6fe-9cb2-47ad-953f-9b931bb8a2b4 2b51ccf897134dcbb84978bc27c5eab0 0b8b08db3ed1467986b5d8bed279a6cf - - 74ccdd3f99594b5d90dbac5fb69c9f53 74ccdd3f99594b5d90dbac5fb69c9f53] 199.204.45.77 "GET /allocations/ba3a43a1-0e3e-4a44-af1a-34d09bfff40f" status: 200 len: 245 microversion: 1.28 [pid: 8|app: 0|req: 372/752] 199.204.45.77 () {34 vars in 861 bytes} [Sat Apr 25 07:35:50 2026] GET /allocations/ba3a43a1-0e3e-4a44-af1a-34d09bfff40f => generated 245 bytes in 13 msecs (HTTP/1.1 200) 8 headers in 296 bytes (1 switches on core 0)
2026-04-25 07:35:50.274 7 INFO placement.requestlog [req-b906aad5-71b3-4099-8815-6e323a71ea23 req-56a3d5bb-9620-4979-a73b-c03725b5d025 2b51ccf897134dcbb84978bc27c5eab0 0b8b08db3ed1467986b5d8bed279a6cf - - 74ccdd3f99594b5d90dbac5fb69c9f53 74ccdd3f99594b5d90dbac5fb69c9f53] 199.204.45.77 "GET /allocations/8eb28dee-e95e-466e-9408-f213f7eead99" status: 200 len: 258 microversion: 1.28 [pid: 7|app: 0|req: 381/753] 199.204.45.77 () {34 vars in 861 bytes} [Sat Apr 25 07:35:50 2026] GET /allocations/8eb28dee-e95e-466e-9408-f213f7eead99 => generated 258 bytes in 17 msecs (HTTP/1.1 200) 8 headers in 296 bytes (1 switches on core 0)
2026-04-25 07:35:51.322 8 INFO placement.requestlog [req-f97e92d8-fe99-4dd3-a8ae-fd3bc1025340 req-bfa7abdc-1a93-421a-82c2-2a363158e11f 2b51ccf897134dcbb84978bc27c5eab0 0b8b08db3ed1467986b5d8bed279a6cf - - 74ccdd3f99594b5d90dbac5fb69c9f53 74ccdd3f99594b5d90dbac5fb69c9f53] 199.204.45.77 "GET /resource_providers/9c0acb2b-2d1d-4207-9771-f5dc06ea8d7c/allocations" status: 200 len: 440 microversion: 1.0 [pid: 8|app: 0|req: 373/754] 199.204.45.77 () {32 vars in 855 bytes} [Sat Apr 25 07:35:51 2026] GET /resource_providers/9c0acb2b-2d1d-4207-9771-f5dc06ea8d7c/allocations => generated 440 bytes in 16 msecs (HTTP/1.1 200) 6 headers in 224 bytes (1 switches on core 0)
2026-04-25 07:35:51.344 7 INFO placement.requestlog [req-f97e92d8-fe99-4dd3-a8ae-fd3bc1025340 req-ae701cbd-dffb-4683-877a-2064c3b8bc5f 2b51ccf897134dcbb84978bc27c5eab0 0b8b08db3ed1467986b5d8bed279a6cf - - 74ccdd3f99594b5d90dbac5fb69c9f53 74ccdd3f99594b5d90dbac5fb69c9f53] 199.204.45.77 "GET /allocations/794eca5c-2724-44b3-8963-d68060555b6e" status: 200 len: 258 microversion: 1.28 [pid: 7|app: 0|req: 382/755] 199.204.45.77 () {34 vars in 861 bytes} [Sat Apr 25 07:35:51 2026] GET /allocations/794eca5c-2724-44b3-8963-d68060555b6e => generated 258 bytes in 17 msecs (HTTP/1.1 200) 8 headers in 296 bytes (1 switches on core 0)
2026-04-25 07:35:51.362 8 INFO placement.requestlog [req-f97e92d8-fe99-4dd3-a8ae-fd3bc1025340 req-0862368b-02e6-4bce-9554-826ff8ee0f7d 2b51ccf897134dcbb84978bc27c5eab0 0b8b08db3ed1467986b5d8bed279a6cf - - 74ccdd3f99594b5d90dbac5fb69c9f53 74ccdd3f99594b5d90dbac5fb69c9f53] 199.204.45.77 "GET /allocations/c9c8cc33-fae5-4fc2-bb1f-0b96bca6d246" status: 200 len: 258 microversion: 1.28 [pid: 8|app: 0|req: 374/756] 199.204.45.77 () {34 vars in 861 bytes} [Sat Apr 25 07:35:51 2026] GET /allocations/c9c8cc33-fae5-4fc2-bb1f-0b96bca6d246 => generated 258 bytes in 11 msecs (HTTP/1.1 200) 8 headers in 296 bytes (1 switches on core 0)
2026-04-25 07:35:51.380 7 INFO placement.requestlog [req-f97e92d8-fe99-4dd3-a8ae-fd3bc1025340 req-c6e75861-1e30-4a2e-b732-42ace924f387 2b51ccf897134dcbb84978bc27c5eab0 0b8b08db3ed1467986b5d8bed279a6cf - - 74ccdd3f99594b5d90dbac5fb69c9f53 74ccdd3f99594b5d90dbac5fb69c9f53] 199.204.45.77 "GET /allocations/ba3a43a1-0e3e-4a44-af1a-34d09bfff40f" status: 200 len: 245 microversion: 1.28 [pid: 7|app: 0|req: 383/757] 199.204.45.77 () {34 vars in 861 bytes} [Sat Apr 25 07:35:51 2026] GET /allocations/ba3a43a1-0e3e-4a44-af1a-34d09bfff40f => generated 245 bytes in 14 msecs (HTTP/1.1 200) 8 headers in 296 bytes (1 switches on core 0)
2026-04-25 07:35:51.398 8 INFO placement.requestlog [req-f97e92d8-fe99-4dd3-a8ae-fd3bc1025340 req-07b23620-88af-4e31-a6ce-ea20701ce1cb 2b51ccf897134dcbb84978bc27c5eab0 0b8b08db3ed1467986b5d8bed279a6cf - - 74ccdd3f99594b5d90dbac5fb69c9f53 74ccdd3f99594b5d90dbac5fb69c9f53] 199.204.45.77 "GET /allocations/8eb28dee-e95e-466e-9408-f213f7eead99" status: 200 len: 258 microversion: 1.28 [pid: 8|app: 0|req: 375/758] 199.204.45.77 () {34 vars in 861 bytes} [Sat Apr 25 07:35:51 2026] GET /allocations/8eb28dee-e95e-466e-9408-f213f7eead99 => generated 258 bytes in 14 msecs (HTTP/1.1 200) 8 headers in 296 bytes (1 switches on core 0)
2026-04-25 07:35:52.463 7 INFO placement.requestlog [req-f97e92d8-fe99-4dd3-a8ae-fd3bc1025340 req-8826ad91-7ac6-4a67-9366-3f92b2235795 2b51ccf897134dcbb84978bc27c5eab0 0b8b08db3ed1467986b5d8bed279a6cf - - 74ccdd3f99594b5d90dbac5fb69c9f53 74ccdd3f99594b5d90dbac5fb69c9f53] 199.204.45.77 "DELETE /allocations/c9c8cc33-fae5-4fc2-bb1f-0b96bca6d246" status: 204 len: 0 microversion: 1.0 [pid: 7|app: 0|req: 384/759] 199.204.45.77 () {34 vars in 839 bytes} [Sat Apr 25 07:35:52 2026] DELETE /allocations/c9c8cc33-fae5-4fc2-bb1f-0b96bca6d246 => generated 0 bytes in 37 msecs (HTTP/1.1 204) 5 headers in 198 bytes (1 switches on core 0)
2026-04-25 07:35:55.461 8 INFO placement.requestlog [None req-8253c8d4-b136-4fa6-905f-e780c1f0fa70 1e1f0fdb11904829a38964af9a1a3cf6 0b8b08db3ed1467986b5d8bed279a6cf - - 74ccdd3f99594b5d90dbac5fb69c9f53 74ccdd3f99594b5d90dbac5fb69c9f53] 10.0.0.250 "GET /resource_providers/6befb22e-7e7d-4457-a79c-24e9f632f46b/aggregates" status: 404 len: 235 microversion: 1.1
2026-04-25 07:35:55.461 7 INFO placement.requestlog [None req-ac39e8b2-8689-4ef0-85d5-98873795236a 1e1f0fdb11904829a38964af9a1a3cf6 0b8b08db3ed1467986b5d8bed279a6cf - - 74ccdd3f99594b5d90dbac5fb69c9f53 74ccdd3f99594b5d90dbac5fb69c9f53] 10.0.0.250 "GET /resource_providers/6befb22e-7e7d-4457-a79c-24e9f632f46b/aggregates" status: 404 len: 235 microversion: 1.1 [pid: 8|app: 0|req: 376/760] 10.0.0.250 () {32 vars in 815 bytes} [Sat Apr 25 07:35:55 2026] GET /resource_providers/6befb22e-7e7d-4457-a79c-24e9f632f46b/aggregates => generated 235 bytes in 57 msecs (HTTP/1.1 404) 5 headers in 202 bytes (1 switches on core 0) [pid: 7|app: 0|req: 385/761] 10.0.0.250 () {32 vars in 815 bytes} [Sat Apr 25 07:35:55 2026] GET /resource_providers/6befb22e-7e7d-4457-a79c-24e9f632f46b/aggregates => generated 235 bytes in 56 msecs (HTTP/1.1 404) 5 headers in 202 bytes (1 switches on core 0)
