Apr 24 19:14:15.687506 np0000170096 systemd[1]: Starting devstack@n-api-meta.service - Devstack devstack@n-api-meta.service...
Apr 24 19:14:15.696747 np0000170096 devstack@n-api-meta.service[109128]: [uWSGI] getting INI configuration from /etc/nova/nova-metadata-uwsgi.ini
Apr 24 19:14:15.697402 np0000170096 devstack@n-api-meta.service[109128]: open("./http_plugin.so"): No such file or directory [core/utils.c line 3709]
Apr 24 19:14:15.697402 np0000170096 devstack@n-api-meta.service[109128]: !!! UNABLE to load uWSGI plugin: ./http_plugin.so: cannot open shared object file: No such file or directory !!!
Apr 24 19:14:15.697402 np0000170096 devstack@n-api-meta.service[109128]: open("./python3_plugin.so"): No such file or directory [core/utils.c line 3709]
Apr 24 19:14:15.697402 np0000170096 devstack@n-api-meta.service[109128]: !!! UNABLE to load uWSGI plugin: ./python3_plugin.so: cannot open shared object file: No such file or directory !!!
Apr 24 19:14:15.697402 np0000170096 devstack@n-api-meta.service[109128]: *** Starting uWSGI 2.0.31 (64bit) on [Fri Apr 24 19:14:15 2026] ***
Apr 24 19:14:15.697402 np0000170096 devstack@n-api-meta.service[109128]: compiled with version: 13.3.0 on 24 April 2026 19:03:19
Apr 24 19:14:15.697402 np0000170096 devstack@n-api-meta.service[109128]: os: Linux-6.8.0-110-generic #110-Ubuntu SMP PREEMPT_DYNAMIC Thu Mar 19 15:09:20 UTC 2026
Apr 24 19:14:15.697402 np0000170096 devstack@n-api-meta.service[109128]: nodename: np0000170096
Apr 24 19:14:15.697402 np0000170096 devstack@n-api-meta.service[109128]: machine: x86_64
Apr 24 19:14:15.697402 np0000170096 devstack@n-api-meta.service[109128]: clock source: unix
Apr 24 19:14:15.697402 np0000170096 devstack@n-api-meta.service[109128]: pcre jit disabled
Apr 24 19:14:15.697402 np0000170096 devstack@n-api-meta.service[109128]: detected number of CPU cores: 16
Apr 24 19:14:15.697402 np0000170096 devstack@n-api-meta.service[109128]: current working directory: /
Apr 24 19:14:15.697402 np0000170096 devstack@n-api-meta.service[109128]: detected binary path: /opt/stack/data/venv/bin/uwsgi
Apr 24 19:14:15.697402 np0000170096 devstack@n-api-meta.service[109128]: your processes number limit is 256917
Apr 24 19:14:15.697402 np0000170096 devstack@n-api-meta.service[109128]: your memory page size is 4096 bytes
Apr 24 19:14:15.697402 np0000170096 devstack@n-api-meta.service[109128]: detected max file descriptor number: 2048
Apr 24 19:14:15.697402 np0000170096 devstack@n-api-meta.service[109128]: lock engine: pthread robust mutexes
Apr 24 19:14:15.697402 np0000170096 devstack@n-api-meta.service[109128]: thunder lock: enabled
Apr 24 19:14:15.698169 np0000170096 devstack@n-api-meta.service[109128]: uWSGI http bound on 0.0.0.0:8775 fd 5
Apr 24 19:14:15.698169 np0000170096 devstack@n-api-meta.service[109128]: uwsgi socket 0 bound to TCP address 127.0.0.1:41025 (port auto-assigned) fd 4
Apr 24 19:14:15.698169 np0000170096 devstack@n-api-meta.service[109128]: Python version: 3.12.3 (main, Mar 23 2026, 19:04:32) [GCC 13.3.0]
Apr 24 19:14:15.698169 np0000170096 devstack@n-api-meta.service[109128]: PEP 405 virtualenv detected: /opt/stack/data/venv
Apr 24 19:14:15.698169 np0000170096 devstack@n-api-meta.service[109128]: Set PythonHome to /opt/stack/data/venv
Apr 24 19:14:15.735079 np0000170096 devstack@n-api-meta.service[109128]: Python main interpreter initialized at 0x72284eea3668
Apr 24 19:14:15.735079 np0000170096 devstack@n-api-meta.service[109128]: python threads support enabled
Apr 24 19:14:15.735079 np0000170096 devstack@n-api-meta.service[109128]: your server socket listen backlog is limited to 100 connections
Apr 24 19:14:15.735079 np0000170096 devstack@n-api-meta.service[109128]: your mercy for graceful operations on workers is 80 seconds
Apr 24 19:14:15.735603 np0000170096 devstack@n-api-meta.service[109128]: mapped 671795 bytes (656 KB) for 4 cores
Apr 24 19:14:15.735757 np0000170096 devstack@n-api-meta.service[109128]: *** Operational MODE: preforking ***
Apr 24 19:14:15.735977 np0000170096 devstack@n-api-meta.service[109128]: *** uWSGI is running in multiple interpreter mode ***
Apr 24 19:14:15.735977 np0000170096 devstack@n-api-meta.service[109128]: spawned uWSGI master process (pid: 109128)
Apr 24 19:14:15.736061 np0000170096 systemd[1]: Started devstack@n-api-meta.service - Devstack devstack@n-api-meta.service.
Apr 24 19:14:15.736629 np0000170096 devstack@n-api-meta.service[109128]: spawned uWSGI worker 1 (pid: 109129, cores: 1)
Apr 24 19:14:15.737151 np0000170096 devstack@n-api-meta.service[109128]: spawned uWSGI worker 2 (pid: 109130, cores: 1)
Apr 24 19:14:15.737626 np0000170096 devstack@n-api-meta.service[109128]: spawned uWSGI worker 3 (pid: 109131, cores: 1)
Apr 24 19:14:15.738071 np0000170096 devstack@n-api-meta.service[109128]: spawned uWSGI worker 4 (pid: 109132, cores: 1)
Apr 24 19:14:15.738554 np0000170096 devstack@n-api-meta.service[109128]: spawned uWSGI http 1 (pid: 109133)
Apr 24 19:14:15.738554 np0000170096 devstack@n-api-meta.service[109128]: running "unix_signal:15 gracefully_kill_them_all" (master-start)...
Apr 24 19:14:16.065857 np0000170096 devstack@n-api-meta.service[109131]: /opt/stack/data/venv/lib/python3.12/site-packages/oslo_concurrency/lockutils.py:41: EventletDeprecationWarning:
Apr 24 19:14:16.065857 np0000170096 devstack@n-api-meta.service[109131]: Eventlet is deprecated. It is currently being maintained in bugfix mode, and
Apr 24 19:14:16.065857 np0000170096 devstack@n-api-meta.service[109131]: we strongly recommend against using it for new projects.
Apr 24 19:14:16.065857 np0000170096 devstack@n-api-meta.service[109131]: If you are already using Eventlet, we recommend migrating to a different
Apr 24 19:14:16.065857 np0000170096 devstack@n-api-meta.service[109131]: framework. For more detail see
Apr 24 19:14:16.065857 np0000170096 devstack@n-api-meta.service[109131]: https://eventlet.readthedocs.io/en/latest/asyncio/migration.html
Apr 24 19:14:16.065857 np0000170096 devstack@n-api-meta.service[109131]: import eventlet
Apr 24 19:14:16.066668 np0000170096 devstack@n-api-meta.service[109130]: /opt/stack/data/venv/lib/python3.12/site-packages/oslo_concurrency/lockutils.py:41: EventletDeprecationWarning:
Apr 24 19:14:16.066668 np0000170096 devstack@n-api-meta.service[109130]: Eventlet is deprecated. It is currently being maintained in bugfix mode, and
Apr 24 19:14:16.066668 np0000170096 devstack@n-api-meta.service[109130]: we strongly recommend against using it for new projects.
Apr 24 19:14:16.066668 np0000170096 devstack@n-api-meta.service[109130]: If you are already using Eventlet, we recommend migrating to a different
Apr 24 19:14:16.066668 np0000170096 devstack@n-api-meta.service[109130]: framework. For more detail see
Apr 24 19:14:16.066668 np0000170096 devstack@n-api-meta.service[109130]: https://eventlet.readthedocs.io/en/latest/asyncio/migration.html
Apr 24 19:14:16.066668 np0000170096 devstack@n-api-meta.service[109130]: import eventlet
Apr 24 19:14:16.067272 np0000170096 devstack@n-api-meta.service[109132]: /opt/stack/data/venv/lib/python3.12/site-packages/oslo_concurrency/lockutils.py:41: EventletDeprecationWarning:
Apr 24 19:14:16.067272 np0000170096 devstack@n-api-meta.service[109132]: Eventlet is deprecated. It is currently being maintained in bugfix mode, and
Apr 24 19:14:16.067272 np0000170096 devstack@n-api-meta.service[109132]: we strongly recommend against using it for new projects.
Apr 24 19:14:16.067272 np0000170096 devstack@n-api-meta.service[109132]: If you are already using Eventlet, we recommend migrating to a different
Apr 24 19:14:16.067272 np0000170096 devstack@n-api-meta.service[109132]: framework. For more detail see
Apr 24 19:14:16.067272 np0000170096 devstack@n-api-meta.service[109132]: https://eventlet.readthedocs.io/en/latest/asyncio/migration.html
Apr 24 19:14:16.067272 np0000170096 devstack@n-api-meta.service[109132]: import eventlet
Apr 24 19:14:16.073649 np0000170096 devstack@n-api-meta.service[109129]: /opt/stack/data/venv/lib/python3.12/site-packages/oslo_concurrency/lockutils.py:41: EventletDeprecationWarning:
Apr 24 19:14:16.073649 np0000170096 devstack@n-api-meta.service[109129]: Eventlet is deprecated. It is currently being maintained in bugfix mode, and
Apr 24 19:14:16.073649 np0000170096 devstack@n-api-meta.service[109129]: we strongly recommend against using it for new projects.
Apr 24 19:14:16.073649 np0000170096 devstack@n-api-meta.service[109129]: If you are already using Eventlet, we recommend migrating to a different
Apr 24 19:14:16.073649 np0000170096 devstack@n-api-meta.service[109129]: framework. For more detail see
Apr 24 19:14:16.073649 np0000170096 devstack@n-api-meta.service[109129]: https://eventlet.readthedocs.io/en/latest/asyncio/migration.html
Apr 24 19:14:16.073649 np0000170096 devstack@n-api-meta.service[109129]: import eventlet
Apr 24 19:14:16.113328 np0000170096 devstack@n-api-meta.service[109130]: Service is starting with native threading. This is currently experimental. Do not use it in production without first testing it in pre-production.
Apr 24 19:14:16.116367 np0000170096 devstack@n-api-meta.service[109132]: Service is starting with native threading. This is currently experimental. Do not use it in production without first testing it in pre-production.
Apr 24 19:14:16.118866 np0000170096 devstack@n-api-meta.service[109131]: Service is starting with native threading. This is currently experimental. Do not use it in production without first testing it in pre-production.
Apr 24 19:14:16.120134 np0000170096 devstack@n-api-meta.service[109129]: Service is starting with native threading. This is currently experimental. Do not use it in production without first testing it in pre-production.
Apr 24 19:14:17.514063 np0000170096 devstack@n-api-meta.service[109131]: INFO dbcounter [None req-fa5e4c36-f240-47b1-a90e-739a8463fee8 None None] Registered counter for database nova_api
Apr 24 19:14:17.530301 np0000170096 devstack@n-api-meta.service[109131]: DEBUG oslo_db.sqlalchemy.engines [None req-fa5e4c36-f240-47b1-a90e-739a8463fee8 None None] MySQL server mode set to STRICT_TRANS_TABLES,STRICT_ALL_TABLES,NO_ZERO_IN_DATE,NO_ZERO_DATE,ERROR_FOR_DIVISION_BY_ZERO,TRADITIONAL,NO_ENGINE_SUBSTITUTION {{(pid=109131) _check_effective_sql_mode /opt/stack/data/venv/lib/python3.12/site-packages/oslo_db/sqlalchemy/engines.py:325}}
Apr 24 19:14:17.566565 np0000170096 devstack@n-api-meta.service[109131]: DEBUG dbcounter [-] [109131] Writer thread running {{(pid=109131) stat_writer /opt/stack/data/venv/lib/python3.12/site-packages/dbcounter.py:102}}
Apr 24 19:14:17.568848 np0000170096 devstack@n-api-meta.service[109131]: DEBUG nova.context [None req-fa5e4c36-f240-47b1-a90e-739a8463fee8 None None] Found 2 cells: 00000000-0000-0000-0000-000000000000(cell0),3ff6f8d8-b768-48ed-a538-de6ae02a7ae5(cell1) {{(pid=109131) load_cells /opt/stack/nova/nova/context.py:509}}
Apr 24 19:14:17.568929 np0000170096 devstack@n-api-meta.service[109129]: INFO dbcounter [None req-d60cecfa-314a-428b-a559-2fbd1ca32b0f None None] Registered counter for database nova_api
Apr 24 19:14:17.569426 np0000170096 devstack@n-api-meta.service[109131]: INFO nova.utils [None req-fa5e4c36-f240-47b1-a90e-739a8463fee8 None None] The cell worker thread pool MainProcess.cell_worker is initialized
Apr 24 19:14:17.571662 np0000170096 devstack@n-api-meta.service[109131]: DEBUG oslo_concurrency.lockutils [None req-fa5e4c36-f240-47b1-a90e-739a8463fee8 None None] Acquiring lock "00000000-0000-0000-0000-000000000000" by "nova.context.set_target_cell..get_or_set_cached_cell_and_set_connections" {{(pid=109131) inner /opt/stack/data/venv/lib/python3.12/site-packages/oslo_concurrency/lockutils.py:506}}
Apr 24 19:14:17.571860 np0000170096 devstack@n-api-meta.service[109131]: DEBUG oslo_concurrency.lockutils [None req-fa5e4c36-f240-47b1-a90e-739a8463fee8 None None] Lock "00000000-0000-0000-0000-000000000000" acquired by "nova.context.set_target_cell..get_or_set_cached_cell_and_set_connections" :: waited 0.000s {{(pid=109131) inner /opt/stack/data/venv/lib/python3.12/site-packages/oslo_concurrency/lockutils.py:519}}
Apr 24 19:14:17.572286 np0000170096 devstack@n-api-meta.service[109131]: DEBUG oslo_concurrency.lockutils [None req-fa5e4c36-f240-47b1-a90e-739a8463fee8 None None] Lock "00000000-0000-0000-0000-000000000000" "released" by "nova.context.set_target_cell..get_or_set_cached_cell_and_set_connections" :: held 0.000s {{(pid=109131) inner /opt/stack/data/venv/lib/python3.12/site-packages/oslo_concurrency/lockutils.py:538}}
Apr 24 19:14:17.573065 np0000170096 devstack@n-api-meta.service[109131]: DEBUG oslo_concurrency.lockutils [None req-fa5e4c36-f240-47b1-a90e-739a8463fee8 None None] Acquiring lock "3ff6f8d8-b768-48ed-a538-de6ae02a7ae5" by "nova.context.set_target_cell..get_or_set_cached_cell_and_set_connections" {{(pid=109131) inner /opt/stack/data/venv/lib/python3.12/site-packages/oslo_concurrency/lockutils.py:506}}
Apr 24 19:14:17.573223 np0000170096 devstack@n-api-meta.service[109131]: DEBUG oslo_concurrency.lockutils [None req-fa5e4c36-f240-47b1-a90e-739a8463fee8 None None] Lock "3ff6f8d8-b768-48ed-a538-de6ae02a7ae5" acquired by "nova.context.set_target_cell..get_or_set_cached_cell_and_set_connections" :: waited 0.000s {{(pid=109131) inner /opt/stack/data/venv/lib/python3.12/site-packages/oslo_concurrency/lockutils.py:519}}
Apr 24 19:14:17.574067 np0000170096 devstack@n-api-meta.service[109131]: DEBUG oslo_concurrency.lockutils [None req-fa5e4c36-f240-47b1-a90e-739a8463fee8 None None] Lock "3ff6f8d8-b768-48ed-a538-de6ae02a7ae5" "released" by "nova.context.set_target_cell..get_or_set_cached_cell_and_set_connections" :: held 0.001s {{(pid=109131) inner /opt/stack/data/venv/lib/python3.12/site-packages/oslo_concurrency/lockutils.py:538}}
Apr 24 19:14:17.577280 np0000170096 devstack@n-api-meta.service[109131]: INFO dbcounter [None req-fa5e4c36-f240-47b1-a90e-739a8463fee8 None None] Registered counter for database nova_cell0
Apr 24 19:14:17.582731 np0000170096 devstack@n-api-meta.service[109131]: INFO dbcounter [None req-fa5e4c36-f240-47b1-a90e-739a8463fee8 None None] Registered counter for database nova_cell1
Apr 24 19:14:17.583649 np0000170096 devstack@n-api-meta.service[109130]: INFO dbcounter [None req-fd0e2ba8-34b1-4dc7-a5cd-55d410dcd1a6 None None] Registered counter for database nova_api
Apr 24 19:14:17.585106 np0000170096 devstack@n-api-meta.service[109129]: DEBUG oslo_db.sqlalchemy.engines [None req-d60cecfa-314a-428b-a559-2fbd1ca32b0f None None] MySQL server mode set to STRICT_TRANS_TABLES,STRICT_ALL_TABLES,NO_ZERO_IN_DATE,NO_ZERO_DATE,ERROR_FOR_DIVISION_BY_ZERO,TRADITIONAL,NO_ENGINE_SUBSTITUTION {{(pid=109129) _check_effective_sql_mode /opt/stack/data/venv/lib/python3.12/site-packages/oslo_db/sqlalchemy/engines.py:325}}
Apr 24 19:14:17.595322 np0000170096 devstack@n-api-meta.service[109131]: DEBUG oslo_db.sqlalchemy.engines [None req-fa5e4c36-f240-47b1-a90e-739a8463fee8 None None] MySQL server mode set to STRICT_TRANS_TABLES,STRICT_ALL_TABLES,NO_ZERO_IN_DATE,NO_ZERO_DATE,ERROR_FOR_DIVISION_BY_ZERO,TRADITIONAL,NO_ENGINE_SUBSTITUTION {{(pid=109131) _check_effective_sql_mode /opt/stack/data/venv/lib/python3.12/site-packages/oslo_db/sqlalchemy/engines.py:325}}
Apr 24 19:14:17.604335 np0000170096 devstack@n-api-meta.service[109131]: DEBUG oslo_db.sqlalchemy.engines [None req-fa5e4c36-f240-47b1-a90e-739a8463fee8 None None] MySQL server mode set to STRICT_TRANS_TABLES,STRICT_ALL_TABLES,NO_ZERO_IN_DATE,NO_ZERO_DATE,ERROR_FOR_DIVISION_BY_ZERO,TRADITIONAL,NO_ENGINE_SUBSTITUTION {{(pid=109131) _check_effective_sql_mode /opt/stack/data/venv/lib/python3.12/site-packages/oslo_db/sqlalchemy/engines.py:325}}
Apr 24 19:14:17.608090 np0000170096 devstack@n-api-meta.service[109130]: DEBUG oslo_db.sqlalchemy.engines [None req-fd0e2ba8-34b1-4dc7-a5cd-55d410dcd1a6 None None] MySQL server mode set to STRICT_TRANS_TABLES,STRICT_ALL_TABLES,NO_ZERO_IN_DATE,NO_ZERO_DATE,ERROR_FOR_DIVISION_BY_ZERO,TRADITIONAL,NO_ENGINE_SUBSTITUTION {{(pid=109130) _check_effective_sql_mode /opt/stack/data/venv/lib/python3.12/site-packages/oslo_db/sqlalchemy/engines.py:325}}
Apr 24 19:14:17.617212 np0000170096 devstack@n-api-meta.service[109129]: DEBUG dbcounter [-] [109129] Writer thread running {{(pid=109129) stat_writer /opt/stack/data/venv/lib/python3.12/site-packages/dbcounter.py:102}}
Apr 24 19:14:17.619575 np0000170096 devstack@n-api-meta.service[109129]: DEBUG nova.context [None req-d60cecfa-314a-428b-a559-2fbd1ca32b0f None None] Found 2 cells: 00000000-0000-0000-0000-000000000000(cell0),3ff6f8d8-b768-48ed-a538-de6ae02a7ae5(cell1) {{(pid=109129) load_cells /opt/stack/nova/nova/context.py:509}}
Apr 24 19:14:17.619783 np0000170096 devstack@n-api-meta.service[109129]: INFO nova.utils [None req-d60cecfa-314a-428b-a559-2fbd1ca32b0f None None] The cell worker thread pool MainProcess.cell_worker is initialized
Apr 24 19:14:17.620459 np0000170096 devstack@n-api-meta.service[109132]: INFO dbcounter [None req-34e0268f-57f2-4bdf-94be-d35ae21ef5e2 None None] Registered counter for database nova_api
Apr 24 19:14:17.621540 np0000170096 devstack@n-api-meta.service[109129]: DEBUG oslo_concurrency.lockutils [None req-d60cecfa-314a-428b-a559-2fbd1ca32b0f None None] Acquiring lock "00000000-0000-0000-0000-000000000000" by "nova.context.set_target_cell..get_or_set_cached_cell_and_set_connections" {{(pid=109129) inner /opt/stack/data/venv/lib/python3.12/site-packages/oslo_concurrency/lockutils.py:506}}
Apr 24 19:14:17.621678 np0000170096 devstack@n-api-meta.service[109129]: DEBUG oslo_concurrency.lockutils [None req-d60cecfa-314a-428b-a559-2fbd1ca32b0f None None] Lock "00000000-0000-0000-0000-000000000000" acquired by "nova.context.set_target_cell..get_or_set_cached_cell_and_set_connections" :: waited 0.000s {{(pid=109129) inner /opt/stack/data/venv/lib/python3.12/site-packages/oslo_concurrency/lockutils.py:519}}
Apr 24 19:14:17.622030 np0000170096 devstack@n-api-meta.service[109129]: DEBUG oslo_concurrency.lockutils [None req-d60cecfa-314a-428b-a559-2fbd1ca32b0f None None] Lock "00000000-0000-0000-0000-000000000000" "released" by "nova.context.set_target_cell..get_or_set_cached_cell_and_set_connections" :: held 0.000s {{(pid=109129) inner /opt/stack/data/venv/lib/python3.12/site-packages/oslo_concurrency/lockutils.py:538}}
Apr 24 19:14:17.622786 np0000170096 devstack@n-api-meta.service[109129]: DEBUG oslo_concurrency.lockutils [None req-d60cecfa-314a-428b-a559-2fbd1ca32b0f None None] Acquiring lock "3ff6f8d8-b768-48ed-a538-de6ae02a7ae5" by "nova.context.set_target_cell..get_or_set_cached_cell_and_set_connections" {{(pid=109129) inner /opt/stack/data/venv/lib/python3.12/site-packages/oslo_concurrency/lockutils.py:506}}
Apr 24 19:14:17.622925 np0000170096 devstack@n-api-meta.service[109129]: DEBUG oslo_concurrency.lockutils [None req-d60cecfa-314a-428b-a559-2fbd1ca32b0f None None] Lock "3ff6f8d8-b768-48ed-a538-de6ae02a7ae5" acquired by "nova.context.set_target_cell..get_or_set_cached_cell_and_set_connections" :: waited 0.000s {{(pid=109129) inner /opt/stack/data/venv/lib/python3.12/site-packages/oslo_concurrency/lockutils.py:519}}
Apr 24 19:14:17.623735 np0000170096 devstack@n-api-meta.service[109129]: DEBUG oslo_concurrency.lockutils [None req-d60cecfa-314a-428b-a559-2fbd1ca32b0f None None] Lock "3ff6f8d8-b768-48ed-a538-de6ae02a7ae5" "released" by "nova.context.set_target_cell..get_or_set_cached_cell_and_set_connections" :: held 0.001s {{(pid=109129) inner /opt/stack/data/venv/lib/python3.12/site-packages/oslo_concurrency/lockutils.py:538}}
Apr 24 19:14:17.627497 np0000170096 devstack@n-api-meta.service[109129]: INFO dbcounter [None req-d60cecfa-314a-428b-a559-2fbd1ca32b0f None None] Registered counter for database nova_cell0
Apr 24 19:14:17.633871 np0000170096 devstack@n-api-meta.service[109129]: INFO dbcounter [None req-d60cecfa-314a-428b-a559-2fbd1ca32b0f None None] Registered counter for database nova_cell1
Apr 24 19:14:17.637076 np0000170096 devstack@n-api-meta.service[109132]: DEBUG oslo_db.sqlalchemy.engines [None req-34e0268f-57f2-4bdf-94be-d35ae21ef5e2 None None] MySQL server mode set to STRICT_TRANS_TABLES,STRICT_ALL_TABLES,NO_ZERO_IN_DATE,NO_ZERO_DATE,ERROR_FOR_DIVISION_BY_ZERO,TRADITIONAL,NO_ENGINE_SUBSTITUTION {{(pid=109132) _check_effective_sql_mode /opt/stack/data/venv/lib/python3.12/site-packages/oslo_db/sqlalchemy/engines.py:325}}
Apr 24 19:14:17.642332 np0000170096 devstack@n-api-meta.service[109129]: DEBUG oslo_db.sqlalchemy.engines [None req-d60cecfa-314a-428b-a559-2fbd1ca32b0f None None] MySQL server mode set to STRICT_TRANS_TABLES,STRICT_ALL_TABLES,NO_ZERO_IN_DATE,NO_ZERO_DATE,ERROR_FOR_DIVISION_BY_ZERO,TRADITIONAL,NO_ENGINE_SUBSTITUTION {{(pid=109129) _check_effective_sql_mode /opt/stack/data/venv/lib/python3.12/site-packages/oslo_db/sqlalchemy/engines.py:325}}
Apr 24 19:14:17.642521 np0000170096 devstack@n-api-meta.service[109130]: DEBUG dbcounter [-] [109130] Writer thread running {{(pid=109130) stat_writer /opt/stack/data/venv/lib/python3.12/site-packages/dbcounter.py:102}}
Apr 24 19:14:17.644948 np0000170096 devstack@n-api-meta.service[109130]: DEBUG nova.context [None req-fd0e2ba8-34b1-4dc7-a5cd-55d410dcd1a6 None None] Found 2 cells: 00000000-0000-0000-0000-000000000000(cell0),3ff6f8d8-b768-48ed-a538-de6ae02a7ae5(cell1) {{(pid=109130) load_cells /opt/stack/nova/nova/context.py:509}}
Apr 24 19:14:17.645161 np0000170096 devstack@n-api-meta.service[109130]: INFO nova.utils [None req-fd0e2ba8-34b1-4dc7-a5cd-55d410dcd1a6 None None] The cell worker thread pool MainProcess.cell_worker is initialized
Apr 24 19:14:17.646892 np0000170096 devstack@n-api-meta.service[109130]: DEBUG oslo_concurrency.lockutils [None req-fd0e2ba8-34b1-4dc7-a5cd-55d410dcd1a6 None None] Acquiring lock "00000000-0000-0000-0000-000000000000" by "nova.context.set_target_cell..get_or_set_cached_cell_and_set_connections" {{(pid=109130) inner /opt/stack/data/venv/lib/python3.12/site-packages/oslo_concurrency/lockutils.py:506}}
Apr 24 19:14:17.647051 np0000170096 devstack@n-api-meta.service[109130]: DEBUG oslo_concurrency.lockutils [None req-fd0e2ba8-34b1-4dc7-a5cd-55d410dcd1a6 None None] Lock "00000000-0000-0000-0000-000000000000" acquired by "nova.context.set_target_cell..get_or_set_cached_cell_and_set_connections" :: waited 0.000s {{(pid=109130) inner /opt/stack/data/venv/lib/python3.12/site-packages/oslo_concurrency/lockutils.py:519}}
Apr 24 19:14:17.647459 np0000170096 devstack@n-api-meta.service[109130]: DEBUG oslo_concurrency.lockutils [None req-fd0e2ba8-34b1-4dc7-a5cd-55d410dcd1a6 None None] Lock "00000000-0000-0000-0000-000000000000" "released" by "nova.context.set_target_cell..get_or_set_cached_cell_and_set_connections" :: held 0.000s {{(pid=109130) inner /opt/stack/data/venv/lib/python3.12/site-packages/oslo_concurrency/lockutils.py:538}}
Apr 24 19:14:17.648222 np0000170096 devstack@n-api-meta.service[109130]: DEBUG oslo_concurrency.lockutils [None req-fd0e2ba8-34b1-4dc7-a5cd-55d410dcd1a6 None None] Acquiring lock "3ff6f8d8-b768-48ed-a538-de6ae02a7ae5" by "nova.context.set_target_cell..get_or_set_cached_cell_and_set_connections" {{(pid=109130) inner /opt/stack/data/venv/lib/python3.12/site-packages/oslo_concurrency/lockutils.py:506}}
Apr 24 19:14:17.648421 np0000170096 devstack@n-api-meta.service[109130]: DEBUG oslo_concurrency.lockutils [None req-fd0e2ba8-34b1-4dc7-a5cd-55d410dcd1a6 None None] Lock "3ff6f8d8-b768-48ed-a538-de6ae02a7ae5" acquired by "nova.context.set_target_cell..get_or_set_cached_cell_and_set_connections" :: waited 0.000s {{(pid=109130) inner /opt/stack/data/venv/lib/python3.12/site-packages/oslo_concurrency/lockutils.py:519}}
Apr 24 19:14:17.649287 np0000170096 devstack@n-api-meta.service[109130]: DEBUG oslo_concurrency.lockutils [None req-fd0e2ba8-34b1-4dc7-a5cd-55d410dcd1a6 None None] Lock "3ff6f8d8-b768-48ed-a538-de6ae02a7ae5" "released" by "nova.context.set_target_cell..get_or_set_cached_cell_and_set_connections" :: held 0.001s {{(pid=109130) inner /opt/stack/data/venv/lib/python3.12/site-packages/oslo_concurrency/lockutils.py:538}}
Apr 24 19:14:17.652617 np0000170096 devstack@n-api-meta.service[109130]: INFO dbcounter [None req-fd0e2ba8-34b1-4dc7-a5cd-55d410dcd1a6 None None] Registered counter for database nova_cell0
Apr 24 19:14:17.653716 np0000170096 devstack@n-api-meta.service[109129]: DEBUG oslo_db.sqlalchemy.engines [None req-d60cecfa-314a-428b-a559-2fbd1ca32b0f None None] MySQL server mode set to STRICT_TRANS_TABLES,STRICT_ALL_TABLES,NO_ZERO_IN_DATE,NO_ZERO_DATE,ERROR_FOR_DIVISION_BY_ZERO,TRADITIONAL,NO_ENGINE_SUBSTITUTION {{(pid=109129) _check_effective_sql_mode /opt/stack/data/venv/lib/python3.12/site-packages/oslo_db/sqlalchemy/engines.py:325}}
Apr 24 19:14:17.658141 np0000170096 devstack@n-api-meta.service[109130]: INFO dbcounter [None req-fd0e2ba8-34b1-4dc7-a5cd-55d410dcd1a6 None None] Registered counter for database nova_cell1
Apr 24 19:14:17.667398 np0000170096 devstack@n-api-meta.service[109130]: DEBUG oslo_db.sqlalchemy.engines [None req-fd0e2ba8-34b1-4dc7-a5cd-55d410dcd1a6 None None] MySQL server mode set to STRICT_TRANS_TABLES,STRICT_ALL_TABLES,NO_ZERO_IN_DATE,NO_ZERO_DATE,ERROR_FOR_DIVISION_BY_ZERO,TRADITIONAL,NO_ENGINE_SUBSTITUTION {{(pid=109130) _check_effective_sql_mode /opt/stack/data/venv/lib/python3.12/site-packages/oslo_db/sqlalchemy/engines.py:325}}
Apr 24 19:14:17.670297 np0000170096 devstack@n-api-meta.service[109132]: DEBUG dbcounter [-] [109132] Writer thread running {{(pid=109132) stat_writer /opt/stack/data/venv/lib/python3.12/site-packages/dbcounter.py:102}}
Apr 24 19:14:17.672897 np0000170096 devstack@n-api-meta.service[109132]: DEBUG nova.context [None req-34e0268f-57f2-4bdf-94be-d35ae21ef5e2 None None] Found 2 cells: 00000000-0000-0000-0000-000000000000(cell0),3ff6f8d8-b768-48ed-a538-de6ae02a7ae5(cell1) {{(pid=109132) load_cells /opt/stack/nova/nova/context.py:509}}
Apr 24 19:14:17.673135 np0000170096 devstack@n-api-meta.service[109132]: INFO nova.utils [None req-34e0268f-57f2-4bdf-94be-d35ae21ef5e2 None None] The cell worker thread pool MainProcess.cell_worker is initialized
Apr 24 19:14:17.674949 np0000170096 devstack@n-api-meta.service[109132]: DEBUG oslo_concurrency.lockutils [None req-34e0268f-57f2-4bdf-94be-d35ae21ef5e2 None None] Acquiring lock "00000000-0000-0000-0000-000000000000" by "nova.context.set_target_cell..get_or_set_cached_cell_and_set_connections" {{(pid=109132) inner /opt/stack/data/venv/lib/python3.12/site-packages/oslo_concurrency/lockutils.py:506}}
Apr 24 19:14:17.675096 np0000170096 devstack@n-api-meta.service[109132]: DEBUG oslo_concurrency.lockutils [None req-34e0268f-57f2-4bdf-94be-d35ae21ef5e2 None None] Lock "00000000-0000-0000-0000-000000000000" acquired by "nova.context.set_target_cell..get_or_set_cached_cell_and_set_connections" :: waited 0.000s {{(pid=109132) inner /opt/stack/data/venv/lib/python3.12/site-packages/oslo_concurrency/lockutils.py:519}}
Apr 24 19:14:17.675438 np0000170096 devstack@n-api-meta.service[109130]: DEBUG oslo_db.sqlalchemy.engines [None req-fd0e2ba8-34b1-4dc7-a5cd-55d410dcd1a6 None None] MySQL server mode set to STRICT_TRANS_TABLES,STRICT_ALL_TABLES,NO_ZERO_IN_DATE,NO_ZERO_DATE,ERROR_FOR_DIVISION_BY_ZERO,TRADITIONAL,NO_ENGINE_SUBSTITUTION {{(pid=109130) _check_effective_sql_mode /opt/stack/data/venv/lib/python3.12/site-packages/oslo_db/sqlalchemy/engines.py:325}}
Apr 24 19:14:17.675551 np0000170096 devstack@n-api-meta.service[109132]: DEBUG oslo_concurrency.lockutils [None req-34e0268f-57f2-4bdf-94be-d35ae21ef5e2 None None] Lock "00000000-0000-0000-0000-000000000000" "released" by "nova.context.set_target_cell..get_or_set_cached_cell_and_set_connections" :: held 0.000s {{(pid=109132) inner /opt/stack/data/venv/lib/python3.12/site-packages/oslo_concurrency/lockutils.py:538}}
Apr 24 19:14:17.676075 np0000170096 devstack@n-api-meta.service[109132]: DEBUG oslo_concurrency.lockutils [None req-34e0268f-57f2-4bdf-94be-d35ae21ef5e2 None None] Acquiring lock "3ff6f8d8-b768-48ed-a538-de6ae02a7ae5" by "nova.context.set_target_cell..get_or_set_cached_cell_and_set_connections" {{(pid=109132) inner /opt/stack/data/venv/lib/python3.12/site-packages/oslo_concurrency/lockutils.py:506}}
Apr 24 19:14:17.676219 np0000170096 devstack@n-api-meta.service[109132]: DEBUG oslo_concurrency.lockutils [None req-34e0268f-57f2-4bdf-94be-d35ae21ef5e2 None None] Lock "3ff6f8d8-b768-48ed-a538-de6ae02a7ae5" acquired by "nova.context.set_target_cell..get_or_set_cached_cell_and_set_connections" :: waited 0.000s {{(pid=109132) inner /opt/stack/data/venv/lib/python3.12/site-packages/oslo_concurrency/lockutils.py:519}}
Apr 24 19:14:17.677050 np0000170096 devstack@n-api-meta.service[109132]: DEBUG oslo_concurrency.lockutils [None req-34e0268f-57f2-4bdf-94be-d35ae21ef5e2 None None] Lock "3ff6f8d8-b768-48ed-a538-de6ae02a7ae5" "released" by "nova.context.set_target_cell..get_or_set_cached_cell_and_set_connections" :: held 0.001s {{(pid=109132) inner /opt/stack/data/venv/lib/python3.12/site-packages/oslo_concurrency/lockutils.py:538}}
Apr 24 19:14:17.679274 np0000170096 devstack@n-api-meta.service[109132]: INFO dbcounter [None req-34e0268f-57f2-4bdf-94be-d35ae21ef5e2 None None] Registered counter for database nova_cell0
Apr 24 19:14:17.685127 np0000170096 devstack@n-api-meta.service[109132]: INFO dbcounter [None req-34e0268f-57f2-4bdf-94be-d35ae21ef5e2 None None] Registered counter for database nova_cell1
Apr 24 19:14:17.696839 np0000170096 devstack@n-api-meta.service[109132]: DEBUG oslo_db.sqlalchemy.engines [None req-34e0268f-57f2-4bdf-94be-d35ae21ef5e2 None None] MySQL server mode set to STRICT_TRANS_TABLES,STRICT_ALL_TABLES,NO_ZERO_IN_DATE,NO_ZERO_DATE,ERROR_FOR_DIVISION_BY_ZERO,TRADITIONAL,NO_ENGINE_SUBSTITUTION {{(pid=109132) _check_effective_sql_mode /opt/stack/data/venv/lib/python3.12/site-packages/oslo_db/sqlalchemy/engines.py:325}}
Apr 24 19:14:17.702517 np0000170096 devstack@n-api-meta.service[109132]: DEBUG oslo_db.sqlalchemy.engines [None req-34e0268f-57f2-4bdf-94be-d35ae21ef5e2 None None] MySQL server mode set to STRICT_TRANS_TABLES,STRICT_ALL_TABLES,NO_ZERO_IN_DATE,NO_ZERO_DATE,ERROR_FOR_DIVISION_BY_ZERO,TRADITIONAL,NO_ENGINE_SUBSTITUTION {{(pid=109132) _check_effective_sql_mode /opt/stack/data/venv/lib/python3.12/site-packages/oslo_db/sqlalchemy/engines.py:325}}
Apr 24 19:14:17.716412 np0000170096 devstack@n-api-meta.service[109131]: DEBUG dbcounter [-] [109131] Writer thread running {{(pid=109131) stat_writer /opt/stack/data/venv/lib/python3.12/site-packages/dbcounter.py:102}}
Apr 24 19:14:17.716993 np0000170096 devstack@n-api-meta.service[109131]: DEBUG dbcounter [-] [109131] Writer thread running {{(pid=109131) stat_writer /opt/stack/data/venv/lib/python3.12/site-packages/dbcounter.py:102}}
Apr 24 19:14:17.722379 np0000170096 devstack@n-api-meta.service[109131]: INFO dbcounter [None req-fa5e4c36-f240-47b1-a90e-739a8463fee8 None None] Registered counter for database nova_cell0
Apr 24 19:14:17.732931 np0000170096 devstack@n-api-meta.service[109131]: DEBUG oslo_db.sqlalchemy.engines [None req-fa5e4c36-f240-47b1-a90e-739a8463fee8 None None] MySQL server mode set to STRICT_TRANS_TABLES,STRICT_ALL_TABLES,NO_ZERO_IN_DATE,NO_ZERO_DATE,ERROR_FOR_DIVISION_BY_ZERO,TRADITIONAL,NO_ENGINE_SUBSTITUTION {{(pid=109131) _check_effective_sql_mode /opt/stack/data/venv/lib/python3.12/site-packages/oslo_db/sqlalchemy/engines.py:325}}
Apr 24 19:14:17.737494 np0000170096 devstack@n-api-meta.service[109129]: DEBUG dbcounter [-] [109129] Writer thread running {{(pid=109129) stat_writer /opt/stack/data/venv/lib/python3.12/site-packages/dbcounter.py:102}}
Apr 24 19:14:17.741545 np0000170096 devstack@n-api-meta.service[109129]: DEBUG dbcounter [-] [109129] Writer thread running {{(pid=109129) stat_writer /opt/stack/data/venv/lib/python3.12/site-packages/dbcounter.py:102}}
Apr 24 19:14:17.743742 np0000170096 devstack@n-api-meta.service[109131]: DEBUG dbcounter [-] [109131] Writer thread running {{(pid=109131) stat_writer /opt/stack/data/venv/lib/python3.12/site-packages/dbcounter.py:102}}
Apr 24 19:14:17.752609 np0000170096 devstack@n-api-meta.service[109129]: INFO dbcounter [None req-d60cecfa-314a-428b-a559-2fbd1ca32b0f None None] Registered counter for database nova_cell0
Apr 24 19:14:17.765819 np0000170096 devstack@n-api-meta.service[109129]: DEBUG oslo_db.sqlalchemy.engines [None req-d60cecfa-314a-428b-a559-2fbd1ca32b0f None None] MySQL server mode set to STRICT_TRANS_TABLES,STRICT_ALL_TABLES,NO_ZERO_IN_DATE,NO_ZERO_DATE,ERROR_FOR_DIVISION_BY_ZERO,TRADITIONAL,NO_ENGINE_SUBSTITUTION {{(pid=109129) _check_effective_sql_mode /opt/stack/data/venv/lib/python3.12/site-packages/oslo_db/sqlalchemy/engines.py:325}}
Apr 24 19:14:17.765940 np0000170096 devstack@n-api-meta.service[109130]: DEBUG dbcounter [-] [109130] Writer thread running {{(pid=109130) stat_writer /opt/stack/data/venv/lib/python3.12/site-packages/dbcounter.py:102}}
Apr 24 19:14:17.769757 np0000170096 devstack@n-api-meta.service[109130]: DEBUG dbcounter [-] [109130] Writer thread running {{(pid=109130) stat_writer /opt/stack/data/venv/lib/python3.12/site-packages/dbcounter.py:102}}
Apr 24 19:14:17.774938 np0000170096 devstack@n-api-meta.service[109130]: INFO dbcounter [None req-fd0e2ba8-34b1-4dc7-a5cd-55d410dcd1a6 None None] Registered counter for database nova_cell0
Apr 24 19:14:17.777883 np0000170096 devstack@n-api-meta.service[109129]: DEBUG dbcounter [-] [109129] Writer thread running {{(pid=109129) stat_writer /opt/stack/data/venv/lib/python3.12/site-packages/dbcounter.py:102}}
Apr 24 19:14:17.784836 np0000170096 devstack@n-api-meta.service[109130]: DEBUG oslo_db.sqlalchemy.engines [None req-fd0e2ba8-34b1-4dc7-a5cd-55d410dcd1a6 None None] MySQL server mode set to STRICT_TRANS_TABLES,STRICT_ALL_TABLES,NO_ZERO_IN_DATE,NO_ZERO_DATE,ERROR_FOR_DIVISION_BY_ZERO,TRADITIONAL,NO_ENGINE_SUBSTITUTION {{(pid=109130) _check_effective_sql_mode /opt/stack/data/venv/lib/python3.12/site-packages/oslo_db/sqlalchemy/engines.py:325}}
Apr 24 19:14:17.788482 np0000170096 devstack@n-api-meta.service[109131]: WARNING nova.api.metadata.handler [None req-fa5e4c36-f240-47b1-a90e-739a8463fee8 None None] metadata_proxy_shared_secret is not configured, the metadata information returned by the proxy cannot be trusted
Apr 24 19:14:17.790799 np0000170096 devstack@n-api-meta.service[109131]: DEBUG nova.api.openstack.wsgi_app [None req-fa5e4c36-f240-47b1-a90e-739a8463fee8 None None] ******************************************************************************** {{(pid=109131) log_opt_values /opt/stack/data/venv/lib/python3.12/site-packages/oslo_config/cfg.py:2979}}
Apr 24 19:14:17.790908 np0000170096 devstack@n-api-meta.service[109131]: DEBUG nova.api.openstack.wsgi_app [None req-fa5e4c36-f240-47b1-a90e-739a8463fee8 None None] Configuration options gathered from: {{(pid=109131) log_opt_values /opt/stack/data/venv/lib/python3.12/site-packages/oslo_config/cfg.py:2980}}
Apr 24 19:14:17.791002 np0000170096 devstack@n-api-meta.service[109131]: DEBUG nova.api.openstack.wsgi_app [None req-fa5e4c36-f240-47b1-a90e-739a8463fee8 None None] command line args: [] {{(pid=109131) log_opt_values /opt/stack/data/venv/lib/python3.12/site-packages/oslo_config/cfg.py:2981}}
Apr 24 19:14:17.791178 np0000170096 devstack@n-api-meta.service[109131]: DEBUG nova.api.openstack.wsgi_app [None req-fa5e4c36-f240-47b1-a90e-739a8463fee8 None None] config files: ['/etc/nova/api-paste.ini', '/etc/nova/nova.conf'] {{(pid=109131) log_opt_values /opt/stack/data/venv/lib/python3.12/site-packages/oslo_config/cfg.py:2982}}
Apr 24 19:14:17.791345 np0000170096 devstack@n-api-meta.service[109131]: DEBUG nova.api.openstack.wsgi_app [None req-fa5e4c36-f240-47b1-a90e-739a8463fee8 None None] ================================================================================ {{(pid=109131) log_opt_values /opt/stack/data/venv/lib/python3.12/site-packages/oslo_config/cfg.py:2987}}
Apr 24 19:14:17.791480 np0000170096 devstack@n-api-meta.service[109131]: DEBUG nova.api.openstack.wsgi_app [None req-fa5e4c36-f240-47b1-a90e-739a8463fee8 None None] allow_resize_to_same_host = True {{(pid=109131) log_opt_values /opt/stack/data/venv/lib/python3.12/site-packages/oslo_config/cfg.py:2995}}
Apr 24 19:14:17.791611 np0000170096 devstack@n-api-meta.service[109131]: DEBUG nova.api.openstack.wsgi_app [None req-fa5e4c36-f240-47b1-a90e-739a8463fee8 None None] arq_binding_timeout = 300 {{(pid=109131) log_opt_values /opt/stack/data/venv/lib/python3.12/site-packages/oslo_config/cfg.py:2995}}
Apr 24 19:14:17.791764 np0000170096 devstack@n-api-meta.service[109131]: DEBUG nova.api.openstack.wsgi_app [None req-fa5e4c36-f240-47b1-a90e-739a8463fee8 None None] block_device_allocate_retries = 60 {{(pid=109131) log_opt_values /opt/stack/data/venv/lib/python3.12/site-packages/oslo_config/cfg.py:2995}}
Apr 24 19:14:17.791851 np0000170096 devstack@n-api-meta.service[109130]: DEBUG dbcounter [-] [109130] Writer thread running {{(pid=109130) stat_writer /opt/stack/data/venv/lib/python3.12/site-packages/dbcounter.py:102}}
Apr 24 19:14:17.791932 np0000170096 devstack@n-api-meta.service[109131]: DEBUG nova.api.openstack.wsgi_app [None req-fa5e4c36-f240-47b1-a90e-739a8463fee8 None None] block_device_allocate_retries_interval = 3 {{(pid=109131) log_opt_values /opt/stack/data/venv/lib/python3.12/site-packages/oslo_config/cfg.py:2995}}
Apr 24 19:14:17.792023 np0000170096 devstack@n-api-meta.service[109131]: DEBUG nova.api.openstack.wsgi_app [None req-fa5e4c36-f240-47b1-a90e-739a8463fee8 None None] cell_worker_thread_pool_size = 5 {{(pid=109131) log_opt_values /opt/stack/data/venv/lib/python3.12/site-packages/oslo_config/cfg.py:2995}}
Apr 24 19:14:17.792144 np0000170096 devstack@n-api-meta.service[109131]: DEBUG nova.api.openstack.wsgi_app [None req-fa5e4c36-f240-47b1-a90e-739a8463fee8 None None] cert = self.pem {{(pid=109131) log_opt_values /opt/stack/data/venv/lib/python3.12/site-packages/oslo_config/cfg.py:2995}}
Apr 24 19:14:17.792297 np0000170096 devstack@n-api-meta.service[109131]: DEBUG nova.api.openstack.wsgi_app [None req-fa5e4c36-f240-47b1-a90e-739a8463fee8 None None] compute_driver = libvirt.LibvirtDriver {{(pid=109131) log_opt_values /opt/stack/data/venv/lib/python3.12/site-packages/oslo_config/cfg.py:2995}}
Apr 24 19:14:17.792473 np0000170096 devstack@n-api-meta.service[109131]: DEBUG nova.api.openstack.wsgi_app [None req-fa5e4c36-f240-47b1-a90e-739a8463fee8 None None] compute_monitors = [] {{(pid=109131) log_opt_values /opt/stack/data/venv/lib/python3.12/site-packages/oslo_config/cfg.py:2995}}
Apr 24 19:14:17.792597 np0000170096 devstack@n-api-meta.service[109131]: DEBUG nova.api.openstack.wsgi_app [None req-fa5e4c36-f240-47b1-a90e-739a8463fee8 None None] config_dir = [] {{(pid=109131) log_opt_values /opt/stack/data/venv/lib/python3.12/site-packages/oslo_config/cfg.py:2995}}
Apr 24 19:14:17.792721 np0000170096 devstack@n-api-meta.service[109131]: DEBUG nova.api.openstack.wsgi_app [None req-fa5e4c36-f240-47b1-a90e-739a8463fee8 None None] config_drive_format = iso9660 {{(pid=109131) log_opt_values /opt/stack/data/venv/lib/python3.12/site-packages/oslo_config/cfg.py:2995}}
Apr 24 19:14:17.792814 np0000170096 devstack@n-api-meta.service[109131]: DEBUG nova.api.openstack.wsgi_app [None req-fa5e4c36-f240-47b1-a90e-739a8463fee8 None None] config_file = ['/etc/nova/api-paste.ini', '/etc/nova/nova.conf'] {{(pid=109131) log_opt_values /opt/stack/data/venv/lib/python3.12/site-packages/oslo_config/cfg.py:2995}}
Apr 24 19:14:17.792950 np0000170096 devstack@n-api-meta.service[109131]: DEBUG nova.api.openstack.wsgi_app [None req-fa5e4c36-f240-47b1-a90e-739a8463fee8 None None] config_source = [] {{(pid=109131) log_opt_values /opt/stack/data/venv/lib/python3.12/site-packages/oslo_config/cfg.py:2995}}
Apr 24 19:14:17.793083 np0000170096 devstack@n-api-meta.service[109131]: DEBUG nova.api.openstack.wsgi_app [None req-fa5e4c36-f240-47b1-a90e-739a8463fee8 None None] console_host = np0000170096 {{(pid=109131) log_opt_values /opt/stack/data/venv/lib/python3.12/site-packages/oslo_config/cfg.py:2995}}
Apr 24 19:14:17.793225 np0000170096 devstack@n-api-meta.service[109131]: DEBUG nova.api.openstack.wsgi_app [None req-fa5e4c36-f240-47b1-a90e-739a8463fee8 None None] control_exchange = nova {{(pid=109131) log_opt_values /opt/stack/data/venv/lib/python3.12/site-packages/oslo_config/cfg.py:2995}}
Apr 24 19:14:17.793388 np0000170096 devstack@n-api-meta.service[109131]: DEBUG nova.api.openstack.wsgi_app [None req-fa5e4c36-f240-47b1-a90e-739a8463fee8 None None] cpu_allocation_ratio = None {{(pid=109131) log_opt_values /opt/stack/data/venv/lib/python3.12/site-packages/oslo_config/cfg.py:2995}}
Apr 24 19:14:17.793520 np0000170096 devstack@n-api-meta.service[109131]: DEBUG nova.api.openstack.wsgi_app [None req-fa5e4c36-f240-47b1-a90e-739a8463fee8 None None] daemon = False {{(pid=109131) log_opt_values /opt/stack/data/venv/lib/python3.12/site-packages/oslo_config/cfg.py:2995}}
Apr 24 19:14:17.793643 np0000170096 devstack@n-api-meta.service[109131]: DEBUG nova.api.openstack.wsgi_app [None req-fa5e4c36-f240-47b1-a90e-739a8463fee8 None None] debug = True {{(pid=109131) log_opt_values /opt/stack/data/venv/lib/python3.12/site-packages/oslo_config/cfg.py:2995}}
Apr 24 19:14:17.793775 np0000170096 devstack@n-api-meta.service[109131]: DEBUG nova.api.openstack.wsgi_app [None req-fa5e4c36-f240-47b1-a90e-739a8463fee8 None None] default_access_ip_network_name = None {{(pid=109131) log_opt_values /opt/stack/data/venv/lib/python3.12/site-packages/oslo_config/cfg.py:2995}}
Apr 24 19:14:17.793928 np0000170096 devstack@n-api-meta.service[109131]: DEBUG nova.api.openstack.wsgi_app [None req-fa5e4c36-f240-47b1-a90e-739a8463fee8 None None] default_availability_zone = nova {{(pid=109131) log_opt_values /opt/stack/data/venv/lib/python3.12/site-packages/oslo_config/cfg.py:2995}}
Apr 24 19:14:17.794059 np0000170096 devstack@n-api-meta.service[109131]: DEBUG nova.api.openstack.wsgi_app [None req-fa5e4c36-f240-47b1-a90e-739a8463fee8 None None] default_ephemeral_format = ext4 {{(pid=109131) log_opt_values /opt/stack/data/venv/lib/python3.12/site-packages/oslo_config/cfg.py:2995}}
Apr 24 19:14:17.794186 np0000170096 devstack@n-api-meta.service[109131]: DEBUG nova.api.openstack.wsgi_app [None req-fa5e4c36-f240-47b1-a90e-739a8463fee8 None None] default_green_pool_size = 1000 {{(pid=109131) log_opt_values /opt/stack/data/venv/lib/python3.12/site-packages/oslo_config/cfg.py:2995}}
Apr 24 19:14:17.794546 np0000170096 devstack@n-api-meta.service[109131]: DEBUG nova.api.openstack.wsgi_app [None req-fa5e4c36-f240-47b1-a90e-739a8463fee8 None None] default_log_levels = ['amqp=WARN', 'boto=WARN', 'sqlalchemy=WARN', 'suds=INFO', 'oslo.messaging=INFO', 'oslo_messaging=INFO', 'iso8601=WARN', 'requests.packages.urllib3.connectionpool=WARN', 'urllib3.connectionpool=WARN', 'websocket=WARN', 'requests.packages.urllib3.util.retry=WARN', 'urllib3.util.retry=WARN', 'keystonemiddleware=WARN', 'routes.middleware=WARN', 'stevedore=WARN', 'taskflow=WARN', 'keystoneauth=WARN', 'oslo.cache=INFO', 'oslo_policy=INFO', 'dogpile.core.dogpile=INFO', 'glanceclient=WARN', 'oslo.privsep.daemon=INFO'] {{(pid=109131) log_opt_values /opt/stack/data/venv/lib/python3.12/site-packages/oslo_config/cfg.py:2995}}
Apr 24 19:14:17.794713 np0000170096 devstack@n-api-meta.service[109131]: DEBUG nova.api.openstack.wsgi_app [None req-fa5e4c36-f240-47b1-a90e-739a8463fee8 None None] default_schedule_zone = None {{(pid=109131) log_opt_values /opt/stack/data/venv/lib/python3.12/site-packages/oslo_config/cfg.py:2995}}
Apr 24 19:14:17.794818 np0000170096 devstack@n-api-meta.service[109131]: DEBUG nova.api.openstack.wsgi_app [None req-fa5e4c36-f240-47b1-a90e-739a8463fee8 None None] default_thread_pool_size = 10 {{(pid=109131) log_opt_values /opt/stack/data/venv/lib/python3.12/site-packages/oslo_config/cfg.py:2995}}
Apr 24 19:14:17.794914 np0000170096 devstack@n-api-meta.service[109131]: DEBUG nova.api.openstack.wsgi_app [None req-fa5e4c36-f240-47b1-a90e-739a8463fee8 None None] disk_allocation_ratio = None {{(pid=109131) log_opt_values /opt/stack/data/venv/lib/python3.12/site-packages/oslo_config/cfg.py:2995}}
Apr 24 19:14:17.795030 np0000170096 devstack@n-api-meta.service[109131]: DEBUG nova.api.openstack.wsgi_app [None req-fa5e4c36-f240-47b1-a90e-739a8463fee8 None None] enable_new_services = True {{(pid=109131) log_opt_values /opt/stack/data/venv/lib/python3.12/site-packages/oslo_config/cfg.py:2995}}
Apr 24 19:14:17.795166 np0000170096 devstack@n-api-meta.service[109131]: DEBUG nova.api.openstack.wsgi_app [None req-fa5e4c36-f240-47b1-a90e-739a8463fee8 None None] flat_injected = False {{(pid=109131) log_opt_values /opt/stack/data/venv/lib/python3.12/site-packages/oslo_config/cfg.py:2995}}
Apr 24 19:14:17.795325 np0000170096 devstack@n-api-meta.service[109131]: DEBUG nova.api.openstack.wsgi_app [None req-fa5e4c36-f240-47b1-a90e-739a8463fee8 None None] force_config_drive = False {{(pid=109131) log_opt_values /opt/stack/data/venv/lib/python3.12/site-packages/oslo_config/cfg.py:2995}}
Apr 24 19:14:17.795437 np0000170096 devstack@n-api-meta.service[109131]: DEBUG nova.api.openstack.wsgi_app [None req-fa5e4c36-f240-47b1-a90e-739a8463fee8 None None] force_raw_images = True {{(pid=109131) log_opt_values /opt/stack/data/venv/lib/python3.12/site-packages/oslo_config/cfg.py:2995}}
Apr 24 19:14:17.795589 np0000170096 devstack@n-api-meta.service[109131]: DEBUG nova.api.openstack.wsgi_app [None req-fa5e4c36-f240-47b1-a90e-739a8463fee8 None None] graceful_shutdown_timeout = 5 {{(pid=109131) log_opt_values /opt/stack/data/venv/lib/python3.12/site-packages/oslo_config/cfg.py:2995}}
Apr 24 19:14:17.795716 np0000170096 devstack@n-api-meta.service[109131]: DEBUG nova.api.openstack.wsgi_app [None req-fa5e4c36-f240-47b1-a90e-739a8463fee8 None None] heal_instance_info_cache_interval = -1 {{(pid=109131) log_opt_values /opt/stack/data/venv/lib/python3.12/site-packages/oslo_config/cfg.py:2995}}
Apr 24 19:14:17.795891 np0000170096 devstack@n-api-meta.service[109131]: DEBUG nova.api.openstack.wsgi_app [None req-fa5e4c36-f240-47b1-a90e-739a8463fee8 None None] host = np0000170096 {{(pid=109131) log_opt_values /opt/stack/data/venv/lib/python3.12/site-packages/oslo_config/cfg.py:2995}}
Apr 24 19:14:17.796026 np0000170096 devstack@n-api-meta.service[109131]: DEBUG nova.api.openstack.wsgi_app [None req-fa5e4c36-f240-47b1-a90e-739a8463fee8 None None] initial_cpu_allocation_ratio = 4.0 {{(pid=109131) log_opt_values /opt/stack/data/venv/lib/python3.12/site-packages/oslo_config/cfg.py:2995}}
Apr 24 19:14:17.796155 np0000170096 devstack@n-api-meta.service[109131]: DEBUG nova.api.openstack.wsgi_app [None req-fa5e4c36-f240-47b1-a90e-739a8463fee8 None None] initial_disk_allocation_ratio = 1.0 {{(pid=109131) log_opt_values /opt/stack/data/venv/lib/python3.12/site-packages/oslo_config/cfg.py:2995}}
Apr 24 19:14:17.796303 np0000170096 devstack@n-api-meta.service[109131]: DEBUG nova.api.openstack.wsgi_app [None req-fa5e4c36-f240-47b1-a90e-739a8463fee8 None None] initial_ram_allocation_ratio = 1.0 {{(pid=109131) log_opt_values /opt/stack/data/venv/lib/python3.12/site-packages/oslo_config/cfg.py:2995}}
Apr 24 19:14:17.796479 np0000170096 devstack@n-api-meta.service[109131]: DEBUG nova.api.openstack.wsgi_app [None req-fa5e4c36-f240-47b1-a90e-739a8463fee8 None None] injected_network_template = /opt/stack/nova/nova/virt/interfaces.template {{(pid=109131) log_opt_values /opt/stack/data/venv/lib/python3.12/site-packages/oslo_config/cfg.py:2995}}
Apr 24 19:14:17.796610 np0000170096 devstack@n-api-meta.service[109131]: DEBUG nova.api.openstack.wsgi_app [None req-fa5e4c36-f240-47b1-a90e-739a8463fee8 None None] instance_build_timeout = 0 {{(pid=109131) log_opt_values /opt/stack/data/venv/lib/python3.12/site-packages/oslo_config/cfg.py:2995}}
Apr 24 19:14:17.796745 np0000170096 devstack@n-api-meta.service[109131]: DEBUG nova.api.openstack.wsgi_app [None req-fa5e4c36-f240-47b1-a90e-739a8463fee8 None None] instance_delete_interval = 300 {{(pid=109131) log_opt_values /opt/stack/data/venv/lib/python3.12/site-packages/oslo_config/cfg.py:2995}}
Apr 24 19:14:17.796879 np0000170096 devstack@n-api-meta.service[109131]: DEBUG nova.api.openstack.wsgi_app [None req-fa5e4c36-f240-47b1-a90e-739a8463fee8 None None] instance_format = [instance: %(uuid)s] {{(pid=109131) log_opt_values /opt/stack/data/venv/lib/python3.12/site-packages/oslo_config/cfg.py:2995}}
Apr 24 19:14:17.797012 np0000170096 devstack@n-api-meta.service[109131]: DEBUG nova.api.openstack.wsgi_app [None req-fa5e4c36-f240-47b1-a90e-739a8463fee8 None None] instance_name_template = instance-%08x {{(pid=109131) log_opt_values /opt/stack/data/venv/lib/python3.12/site-packages/oslo_config/cfg.py:2995}}
Apr 24 19:14:17.797140 np0000170096 devstack@n-api-meta.service[109131]: DEBUG nova.api.openstack.wsgi_app [None req-fa5e4c36-f240-47b1-a90e-739a8463fee8 None None] instance_usage_audit = False {{(pid=109131) log_opt_values /opt/stack/data/venv/lib/python3.12/site-packages/oslo_config/cfg.py:2995}}
Apr 24 19:14:17.797293 np0000170096 devstack@n-api-meta.service[109131]: DEBUG nova.api.openstack.wsgi_app [None req-fa5e4c36-f240-47b1-a90e-739a8463fee8 None None] instance_usage_audit_period = month {{(pid=109131) log_opt_values /opt/stack/data/venv/lib/python3.12/site-packages/oslo_config/cfg.py:2995}}
Apr 24 19:14:17.797432 np0000170096 devstack@n-api-meta.service[109131]: DEBUG nova.api.openstack.wsgi_app [None req-fa5e4c36-f240-47b1-a90e-739a8463fee8 None None] instance_uuid_format = [instance: %(uuid)s] {{(pid=109131) log_opt_values /opt/stack/data/venv/lib/python3.12/site-packages/oslo_config/cfg.py:2995}}
Apr 24 19:14:17.797563 np0000170096 devstack@n-api-meta.service[109131]: DEBUG nova.api.openstack.wsgi_app [None req-fa5e4c36-f240-47b1-a90e-739a8463fee8 None None] instances_path = /opt/stack/data/nova/instances {{(pid=109131) log_opt_values /opt/stack/data/venv/lib/python3.12/site-packages/oslo_config/cfg.py:2995}}
