2026-05-10 02:02:31.915 9 INFO neutron.wsgi [req-12ed2af4-493d-4fa3-b2b2-79a7f4891382 req-ab46926d-7ea2-481c-937f-331d66c6ef6d 5d0fcc47af5843cbafe5ac15f551cabf 26f24c01883e4650ba1bc1da49bf393a - - default default] 10.0.0.38 "GET /v2.0/security-groups?id=8a2a790a-7037-4e4f-91ad-7317d5ee8ff5&fields=id&fields=name HTTP/1.1" status: 200 len: 312 time: 0.0363331
2026-05-10 02:02:32.161 10 INFO neutron.wsgi [None req-adfb3d66-43f7-4dcf-bc50-970805cec28e 868280d2e70c4f0ea9ff15eeaa097b35 487411658de8464f9606419cad3de3f7 - - default default] 10.0.0.160 "DELETE /v2.0/security-groups/21fabfa6-e246-4a01-a201-30dd72069912 HTTP/1.1" status: 204 len: 168 time: 0.2836163
2026-05-10 02:02:32.297 9 INFO neutron.plugins.ml2.drivers.ovn.mech_driver.mech_driver [None req-19072341-a9ee-4646-9c5a-7059975f3612 - - - - - -] OVN reports status down for port: 0b8ee744-f884-4ff5-9280-52614f3fc9c4
2026-05-10 02:02:32.305 10 INFO neutron.wsgi [req-bdeaeeea-d2da-485b-94ca-c7e988faa2b1 req-2204fcbc-b145-45d2-ae13-8324a76ee605 5d0fcc47af5843cbafe5ac15f551cabf 26f24c01883e4650ba1bc1da49bf393a - - default default] 10.0.0.38 "GET /v2.0/ports?device_id=9a9a213d-0855-463f-a2ff-c90b4aefd85d HTTP/1.1" status: 200 len: 1170 time: 0.0578828
2026-05-10 02:02:32.351 10 INFO neutron.wsgi [req-bdeaeeea-d2da-485b-94ca-c7e988faa2b1 req-159d8048-2efe-4fdf-93c8-eb7c2620d394 5d0fcc47af5843cbafe5ac15f551cabf 26f24c01883e4650ba1bc1da49bf393a - - default default] 10.0.0.38 "GET /v2.0/security-groups?id=8a2a790a-7037-4e4f-91ad-7317d5ee8ff5&fields=id&fields=name HTTP/1.1" status: 200 len: 312 time: 0.0408397
2026-05-10 02:02:32.434 10 INFO neutron.db.ovn_revision_numbers_db [None req-13d8af53-9247-4c96-8b75-b4c518d1bc1c 868280d2e70c4f0ea9ff15eeaa097b35 487411658de8464f9606419cad3de3f7 - - default default] Successfully bumped revision number for resource 4a21bb97-f32e-460d-b0ad-17fa0d409bad (type: security_groups) to 1
2026-05-10 02:02:32.440 9 INFO neutron.notifiers.nova [-] Nova event matching ['req-57293b90-f667-4547-b12a-138ba444b358'] response: {'name': 'network-changed', 'server_uuid': '9a9a213d-0855-463f-a2ff-c90b4aefd85d', 'tag': '0b8ee744-f884-4ff5-9280-52614f3fc9c4', 'status': 'completed', 'code': 200}
2026-05-10 02:02:32.441 9 INFO neutron.notifiers.nova [-] Nova event matching ['req-57293b90-f667-4547-b12a-138ba444b358'] response: {'server_uuid': '9a9a213d-0855-463f-a2ff-c90b4aefd85d', 'name': 'network-vif-unplugged', 'status': 'completed', 'tag': '0b8ee744-f884-4ff5-9280-52614f3fc9c4', 'code': 200}
2026-05-10 02:02:32.449 10 INFO neutron.db.ovn_revision_numbers_db [None req-13d8af53-9247-4c96-8b75-b4c518d1bc1c 868280d2e70c4f0ea9ff15eeaa097b35 487411658de8464f9606419cad3de3f7 - - default default] Successfully bumped revision number for resource 3bc9be19-56a9-4ba1-a260-ead35d535dac (type: security_group_rules) to 0
2026-05-10 02:02:32.464 10 INFO neutron.db.ovn_revision_numbers_db [None req-13d8af53-9247-4c96-8b75-b4c518d1bc1c 868280d2e70c4f0ea9ff15eeaa097b35 487411658de8464f9606419cad3de3f7 - - default default] Successfully bumped revision number for resource 4a729f79-1568-4fe5-afff-edbcef82742f (type: security_group_rules) to 0
2026-05-10 02:02:32.480 10 INFO neutron.db.ovn_revision_numbers_db [None req-13d8af53-9247-4c96-8b75-b4c518d1bc1c 868280d2e70c4f0ea9ff15eeaa097b35 487411658de8464f9606419cad3de3f7 - - default default] Successfully bumped revision number for resource da8283cc-2cc2-4245-82ca-7f5407c7f652 (type: security_group_rules) to 0
2026-05-10 02:02:32.495 10 INFO neutron.db.ovn_revision_numbers_db [None req-13d8af53-9247-4c96-8b75-b4c518d1bc1c 868280d2e70c4f0ea9ff15eeaa097b35 487411658de8464f9606419cad3de3f7 - - default default] Successfully bumped revision number for resource e5306d43-e72e-4bec-993a-961ac504d82c (type: security_group_rules) to 0
2026-05-10 02:02:32.501 9 INFO neutron.wsgi [req-6da2eb06-8ffb-4156-8789-34b4b00fd821 req-c8fbc3f7-4d62-43b9-8ea2-a101071f28f1 08135a990aec41cf92b88df9c00186d7 848f65fb002d4f7f9bec149e2ec0be33 - - 908a0eee66af4cfd9cfd2a7ebc985eb7 908a0eee66af4cfd9cfd2a7ebc985eb7] 199.204.45.250 "GET /v2.0/ports?tenant_id=26f24c01883e4650ba1bc1da49bf393a&device_id=9a9a213d-0855-463f-a2ff-c90b4aefd85d HTTP/1.1" status: 200 len: 1407 time: 0.0436382
2026-05-10 02:02:32.525 10 INFO neutron.wsgi [None req-13d8af53-9247-4c96-8b75-b4c518d1bc1c 868280d2e70c4f0ea9ff15eeaa097b35 487411658de8464f9606419cad3de3f7 - - default default] 10.0.0.160 "GET /v2.0/security-groups?tenant_id=237b9d55fdf547d2a0f135275c277d53&name=default HTTP/1.1" status: 200 len: 3120 time: 0.2193418
2026-05-10 02:02:32.536 9 INFO neutron.wsgi [-] 10.0.0.244 "GET / HTTP/1.1" status: 200 len: 246 time: 0.0012841
2026-05-10 02:02:32.538 9 INFO neutron.wsgi [-] 10.0.0.244 "GET / HTTP/1.1" status: 200 len: 246 time: 0.0014238
2026-05-10 02:02:32.553 10 INFO neutron.db.ovn_revision_numbers_db [None req-c05c69e9-54d2-412e-b38a-0c0820d89c23 868280d2e70c4f0ea9ff15eeaa097b35 487411658de8464f9606419cad3de3f7 - - default default] Successfully bumped revision number for resource c81416b1-735e-45ab-b4a3-c911d99a3af9 (type: security_groups) to 1
2026-05-10 02:02:32.570 10 INFO neutron.db.ovn_revision_numbers_db [None req-c05c69e9-54d2-412e-b38a-0c0820d89c23 868280d2e70c4f0ea9ff15eeaa097b35 487411658de8464f9606419cad3de3f7 - - default default] Successfully bumped revision number for resource 0da9b410-af60-4c08-a939-886dac997fa7 (type: security_group_rules) to 0
2026-05-10 02:02:32.590 10 INFO neutron.db.ovn_revision_numbers_db [None req-c05c69e9-54d2-412e-b38a-0c0820d89c23 868280d2e70c4f0ea9ff15eeaa097b35 487411658de8464f9606419cad3de3f7 - - default default] Successfully bumped revision number for resource 2f53fed7-c6a3-405a-97a2-29924ef32ad3 (type: security_group_rules) to 0
2026-05-10 02:02:32.591 9 INFO neutron.wsgi [req-6da2eb06-8ffb-4156-8789-34b4b00fd821 req-536f304c-77b4-4660-8281-30113a228e36 08135a990aec41cf92b88df9c00186d7 848f65fb002d4f7f9bec149e2ec0be33 - - 908a0eee66af4cfd9cfd2a7ebc985eb7 908a0eee66af4cfd9cfd2a7ebc985eb7] 199.204.45.250 "GET /v2.0/networks?id=cbff15eb-cdd4-4bc9-9edd-a8c6987033f2 HTTP/1.1" status: 200 len: 967 time: 0.0865138
2026-05-10 02:02:32.620 10 INFO neutron.db.ovn_revision_numbers_db [None req-c05c69e9-54d2-412e-b38a-0c0820d89c23 868280d2e70c4f0ea9ff15eeaa097b35 487411658de8464f9606419cad3de3f7 - - default default] Successfully bumped revision number for resource 87e36504-615c-4ae3-8c92-1629f540eaca (type: security_group_rules) to 0
2026-05-10 02:02:32.653 10 INFO neutron.db.ovn_revision_numbers_db [None req-c05c69e9-54d2-412e-b38a-0c0820d89c23 868280d2e70c4f0ea9ff15eeaa097b35 487411658de8464f9606419cad3de3f7 - - default default] Successfully bumped revision number for resource e40bd6c1-42c8-46bd-b4a9-0168323e8803 (type: security_group_rules) to 0
2026-05-10 02:02:32.659 9 INFO neutron.wsgi [req-6da2eb06-8ffb-4156-8789-34b4b00fd821 req-2a57f986-b267-413e-ae96-45c4aedf880b 08135a990aec41cf92b88df9c00186d7 848f65fb002d4f7f9bec149e2ec0be33 - - 908a0eee66af4cfd9cfd2a7ebc985eb7 908a0eee66af4cfd9cfd2a7ebc985eb7] 199.204.45.250 "GET /v2.0/floatingips?fixed_ip_address=10.100.0.3&port_id=0b8ee744-f884-4ff5-9280-52614f3fc9c4 HTTP/1.1" status: 200 len: 1057 time: 0.0599179
2026-05-10 02:02:32.664 9 INFO neutron.db.ovn_revision_numbers_db [None req-19072341-a9ee-4646-9c5a-7059975f3612 - - - - - -] Successfully bumped revision number for resource 0b8ee744-f884-4ff5-9280-52614f3fc9c4 (type: ports) to 5
2026-05-10 02:02:32.695 10 INFO neutron.wsgi [None req-c05c69e9-54d2-412e-b38a-0c0820d89c23 868280d2e70c4f0ea9ff15eeaa097b35 487411658de8464f9606419cad3de3f7 - - default default] 10.0.0.160 "GET /v2.0/security-groups?tenant_id=a73dfb13ccc64d1e8725a7faca0a1cb5&name=default HTTP/1.1" status: 200 len: 3120 time: 0.5254052
2026-05-10 02:02:32.727 9 INFO neutron.wsgi [req-6da2eb06-8ffb-4156-8789-34b4b00fd821 req-16011bfc-5100-4af7-aa95-13eb8b14c2f7 08135a990aec41cf92b88df9c00186d7 848f65fb002d4f7f9bec149e2ec0be33 - - 908a0eee66af4cfd9cfd2a7ebc985eb7 908a0eee66af4cfd9cfd2a7ebc985eb7] 199.204.45.250 "GET /v2.0/subnets?id=916bb036-80b9-421e-9b25-074881080a21 HTTP/1.1" status: 200 len: 862 time: 0.0606270
2026-05-10 02:02:32.728 10 INFO neutron.wsgi [req-589f934f-f7ad-44ca-94a7-f0dacf4ec7fd req-1fe1482a-4da0-4271-bf82-9de843652148 5d0fcc47af5843cbafe5ac15f551cabf 26f24c01883e4650ba1bc1da49bf393a - - default default] 199.204.45.250 "GET /v2.0/ports?device_id=9a9a213d-0855-463f-a2ff-c90b4aefd85d HTTP/1.1" status: 200 len: 1168 time: 0.1489384 /var/lib/openstack/lib/python3.10/site-packages/pycadf/identifier.py:71: UserWarning: Invalid uuid: neutron. To ensure interoperability, identifiers should be a valid uuid. warnings.warn(('Invalid uuid: %s. To ensure interoperability, '
2026-05-10 02:02:32.766 9 INFO neutron.wsgi [req-6da2eb06-8ffb-4156-8789-34b4b00fd821 req-76f9e83b-906d-4941-81fd-bac941ebea50 08135a990aec41cf92b88df9c00186d7 848f65fb002d4f7f9bec149e2ec0be33 - - 908a0eee66af4cfd9cfd2a7ebc985eb7 908a0eee66af4cfd9cfd2a7ebc985eb7] 199.204.45.250 "GET /v2.0/ports?network_id=cbff15eb-cdd4-4bc9-9edd-a8c6987033f2&device_owner=network%3Adhcp HTTP/1.1" status: 200 len: 210 time: 0.0238593
2026-05-10 02:02:32.847 9 INFO neutron.wsgi [req-6da2eb06-8ffb-4156-8789-34b4b00fd821 req-5f46677e-2660-43ff-ac7a-f72d20aa463a 08135a990aec41cf92b88df9c00186d7 848f65fb002d4f7f9bec149e2ec0be33 - - 908a0eee66af4cfd9cfd2a7ebc985eb7 908a0eee66af4cfd9cfd2a7ebc985eb7] 199.204.45.250 "GET /v2.0/networks/cbff15eb-cdd4-4bc9-9edd-a8c6987033f2?fields=segments HTTP/1.1" status: 200 len: 212 time: 0.0742838
2026-05-10 02:02:32.886 10 INFO neutron.wsgi [None req-e793bdc3-3e40-4230-9d50-ed6c8c648cd1 868280d2e70c4f0ea9ff15eeaa097b35 487411658de8464f9606419cad3de3f7 - - default default] 10.0.0.160 "DELETE /v2.0/security-groups/4a21bb97-f32e-460d-b0ad-17fa0d409bad HTTP/1.1" status: 204 len: 168 time: 0.3548009
2026-05-10 02:02:32.927 9 INFO neutron.wsgi [req-6da2eb06-8ffb-4156-8789-34b4b00fd821 req-487b936c-fc70-4c49-91ad-9cfda637ea9f 08135a990aec41cf92b88df9c00186d7 848f65fb002d4f7f9bec149e2ec0be33 - - 908a0eee66af4cfd9cfd2a7ebc985eb7 908a0eee66af4cfd9cfd2a7ebc985eb7] 199.204.45.250 "GET /v2.0/networks/cbff15eb-cdd4-4bc9-9edd-a8c6987033f2?fields=provider%3Aphysical_network&fields=provider%3Anetwork_type HTTP/1.1" status: 200 len: 277 time: 0.0704846
2026-05-10 02:02:33.001 9 INFO neutron.wsgi [None req-d0923165-d11c-45ff-900d-aa3f62ed0b34 868280d2e70c4f0ea9ff15eeaa097b35 487411658de8464f9606419cad3de3f7 - - default default] 10.0.0.160 "DELETE /v2.0/security-groups/c81416b1-735e-45ab-b4a3-c911d99a3af9 HTTP/1.1" status: 204 len: 168 time: 0.2942429
2026-05-10 02:02:33.183 10 INFO neutron.db.l3_db [req-589f934f-f7ad-44ca-94a7-f0dacf4ec7fd req-b285a96b-ca0b-42c5-bdc9-15972381ca69 5d0fcc47af5843cbafe5ac15f551cabf 26f24c01883e4650ba1bc1da49bf393a - - default default] Floating IP 7f087a3b-be20-4936-a881-4e406a2e0b03 disassociated. External IP: 10.96.250.202, port: 0b8ee744-f884-4ff5-9280-52614f3fc9c4.
2026-05-10 02:02:33.316 10 INFO neutron.wsgi [req-589f934f-f7ad-44ca-94a7-f0dacf4ec7fd req-b285a96b-ca0b-42c5-bdc9-15972381ca69 5d0fcc47af5843cbafe5ac15f551cabf 26f24c01883e4650ba1bc1da49bf393a - - default default] 199.204.45.250 "DELETE /v2.0/ports/0b8ee744-f884-4ff5-9280-52614f3fc9c4 HTTP/1.1" status: 204 len: 173 time: 0.5734689
2026-05-10 02:02:33.355 10 INFO neutron.notifiers.nova [-] Nova event matching ['req-2a6d4ee8-8e6e-4f54-ae5a-5d029c15ab59'] response: {'server_uuid': '9a9a213d-0855-463f-a2ff-c90b4aefd85d', 'name': 'network-vif-deleted', 'tag': '0b8ee744-f884-4ff5-9280-52614f3fc9c4', 'status': 'completed', 'code': 200}
2026-05-10 02:02:33.478 9 INFO neutron.wsgi [req-2222f923-88a8-4811-9cd9-becdf7d53735 req-9f191ec2-365d-4f67-a127-369b08aa28a9 5d0fcc47af5843cbafe5ac15f551cabf 26f24c01883e4650ba1bc1da49bf393a - - default default] 10.0.0.38 "GET /v2.0/ports?device_id=9a9a213d-0855-463f-a2ff-c90b4aefd85d HTTP/1.1" status: 200 len: 210 time: 0.0276363
2026-05-10 02:02:34.502 9 INFO neutron.notifiers.nova [-] Nova event matching ['req-7dd88889-526c-4eba-b157-861fcc6d082b'] response: {'server_uuid': '9a9a213d-0855-463f-a2ff-c90b4aefd85d', 'name': 'network-vif-unplugged', 'status': 'completed', 'tag': '0b8ee744-f884-4ff5-9280-52614f3fc9c4', 'code': 200}
2026-05-10 02:02:34.709 9 INFO neutron.wsgi [None req-1aeff6fc-3a2f-49a1-a2df-cc514bfd87ed 5d0fcc47af5843cbafe5ac15f551cabf 26f24c01883e4650ba1bc1da49bf393a - - default default] 10.0.0.160 "DELETE /v2.0/security-groups/8a2a790a-7037-4e4f-91ad-7317d5ee8ff5 HTTP/1.1" status: 204 len: 168 time: 0.1395464 /var/lib/openstack/lib/python3.10/site-packages/pycadf/identifier.py:71: UserWarning: Invalid uuid: neutron. To ensure interoperability, identifiers should be a valid uuid. warnings.warn(('Invalid uuid: %s. To ensure interoperability, '
2026-05-10 02:02:34.733 10 INFO neutron.api.v2.resource [None req-e1ed0b45-bc97-4037-b017-d88ed1165660 5d0fcc47af5843cbafe5ac15f551cabf 26f24c01883e4650ba1bc1da49bf393a - - default default] show failed (client error): The resource could not be found.
2026-05-10 02:02:34.736 10 INFO neutron.wsgi [None req-e1ed0b45-bc97-4037-b017-d88ed1165660 5d0fcc47af5843cbafe5ac15f551cabf 26f24c01883e4650ba1bc1da49bf393a - - default default] 10.0.0.160 "GET /v2.0/security-groups/8a2a790a-7037-4e4f-91ad-7317d5ee8ff5 HTTP/1.1" status: 404 len: 347 time: 0.0224476
2026-05-10 02:02:34.788 9 INFO neutron.db.ovn_revision_numbers_db [None req-f77d9565-9183-497b-86ee-8f48af16c1b0 868280d2e70c4f0ea9ff15eeaa097b35 487411658de8464f9606419cad3de3f7 - - default default] Successfully bumped revision number for resource 06fa07fc-dc75-42aa-9c76-de5ca2b8e01a (type: security_groups) to 1
2026-05-10 02:02:34.801 9 INFO neutron.db.ovn_revision_numbers_db [None req-f77d9565-9183-497b-86ee-8f48af16c1b0 868280d2e70c4f0ea9ff15eeaa097b35 487411658de8464f9606419cad3de3f7 - - default default] Successfully bumped revision number for resource 067196f5-dc65-41b9-85c1-6afbd040ad1f (type: security_group_rules) to 0
2026-05-10 02:02:34.815 9 INFO neutron.db.ovn_revision_numbers_db [None req-f77d9565-9183-497b-86ee-8f48af16c1b0 868280d2e70c4f0ea9ff15eeaa097b35 487411658de8464f9606419cad3de3f7 - - default default] Successfully bumped revision number for resource 4cabf705-7445-437b-9647-8738bd6a496a (type: security_group_rules) to 0
2026-05-10 02:02:34.830 9 INFO neutron.db.ovn_revision_numbers_db [None req-f77d9565-9183-497b-86ee-8f48af16c1b0 868280d2e70c4f0ea9ff15eeaa097b35 487411658de8464f9606419cad3de3f7 - - default default] Successfully bumped revision number for resource 4f3e050c-dbc1-47e1-ba15-39164525bfaf (type: security_group_rules) to 0
2026-05-10 02:02:34.846 9 INFO neutron.db.ovn_revision_numbers_db [None req-f77d9565-9183-497b-86ee-8f48af16c1b0 868280d2e70c4f0ea9ff15eeaa097b35 487411658de8464f9606419cad3de3f7 - - default default] Successfully bumped revision number for resource 9dc96526-f66b-47b1-9671-feac44ba616f (type: security_group_rules) to 0
2026-05-10 02:02:34.872 9 INFO neutron.wsgi [None req-f77d9565-9183-497b-86ee-8f48af16c1b0 868280d2e70c4f0ea9ff15eeaa097b35 487411658de8464f9606419cad3de3f7 - - default default] 10.0.0.160 "GET /v2.0/security-groups?tenant_id=996b63b435fe4f2db6b217bf34a11488&name=default HTTP/1.1" status: 200 len: 3120 time: 0.3209171
2026-05-10 02:02:34.960 10 WARNING neutron_lib.context [None req-8fcd589e-7fc5-4673-861e-f336fc73fe9b dc30ce714d964acf83c195a5915911f3 97cdca9f0a704bd296d0082870024695 - - default default] Method 'is_advsvc' is deprecated since 2023.2 release (neutron-lib 3.8.0) and will be removed once support for the old RBAC API policies will be removed from Neutron. Please use method 'is_service_role' instead.
2026-05-10 02:02:35.220 10 INFO neutron.db.ovn_revision_numbers_db [None req-8fcd589e-7fc5-4673-861e-f336fc73fe9b dc30ce714d964acf83c195a5915911f3 97cdca9f0a704bd296d0082870024695 - - default default] Successfully bumped revision number for resource 8ebadab3-5af9-4594-8cdf-8f96ae0156ef (type: security_groups) to 1
2026-05-10 02:02:35.235 10 INFO neutron.wsgi [None req-4915fad9-5429-478c-9649-dedf50f3b02d 5d0fcc47af5843cbafe5ac15f551cabf 26f24c01883e4650ba1bc1da49bf393a - - default default] 10.0.0.160 "DELETE /v2.0/floatingips/7f087a3b-be20-4936-a881-4e406a2e0b03 HTTP/1.1" status: 204 len: 168 time: 0.4888320
2026-05-10 02:02:35.236 10 INFO neutron.db.ovn_revision_numbers_db [None req-8fcd589e-7fc5-4673-861e-f336fc73fe9b dc30ce714d964acf83c195a5915911f3 97cdca9f0a704bd296d0082870024695 - - default default] Successfully bumped revision number for resource 1a1cb158-5353-43b2-9b43-56cd59287e43 (type: security_group_rules) to 0
2026-05-10 02:02:35.249 10 INFO neutron.db.ovn_revision_numbers_db [None req-8fcd589e-7fc5-4673-861e-f336fc73fe9b dc30ce714d964acf83c195a5915911f3 97cdca9f0a704bd296d0082870024695 - - default default] Successfully bumped revision number for resource 28b62bbe-cb08-474e-af8e-ccdaa3f300c1 (type: security_group_rules) to 0
2026-05-10 02:02:35.255 10 INFO neutron.wsgi [None req-113cb59d-53f0-4704-a250-9892f848fa2e 868280d2e70c4f0ea9ff15eeaa097b35 487411658de8464f9606419cad3de3f7 - - default default] 10.0.0.160 "DELETE /v2.0/security-groups/06fa07fc-dc75-42aa-9c76-de5ca2b8e01a HTTP/1.1" status: 204 len: 168 time: 0.3755467
2026-05-10 02:02:35.274 10 INFO neutron.db.ovn_revision_numbers_db [None req-8fcd589e-7fc5-4673-861e-f336fc73fe9b dc30ce714d964acf83c195a5915911f3 97cdca9f0a704bd296d0082870024695 - - default default] Successfully bumped revision number for resource 5e703943-8b4e-477c-89c7-b787988061f7 (type: security_group_rules) to 0
2026-05-10 02:02:35.289 10 INFO neutron.db.ovn_revision_numbers_db [None req-8fcd589e-7fc5-4673-861e-f336fc73fe9b dc30ce714d964acf83c195a5915911f3 97cdca9f0a704bd296d0082870024695 - - default default] Successfully bumped revision number for resource a56c10f0-537d-49ee-9a39-7c8c686131cf (type: security_group_rules) to 0
2026-05-10 02:02:35.346 10 INFO neutron.db.segments_db [None req-8fcd589e-7fc5-4673-861e-f336fc73fe9b dc30ce714d964acf83c195a5915911f3 97cdca9f0a704bd296d0082870024695 - - default default] Added segment b36b3fb0-703b-4d4f-a8ad-c234c988c04d of type geneve for network 9dd86716-6fa7-42f3-884f-09700d01cf60
2026-05-10 02:02:35.553 10 INFO neutron.db.ovn_revision_numbers_db [None req-8fcd589e-7fc5-4673-861e-f336fc73fe9b dc30ce714d964acf83c195a5915911f3 97cdca9f0a704bd296d0082870024695 - - default default] Successfully bumped revision number for resource 9dd86716-6fa7-42f3-884f-09700d01cf60 (type: networks) to 1
2026-05-10 02:02:35.618 10 INFO neutron.db.ovn_revision_numbers_db [None req-dcecb992-8570-4be3-93a0-3ced41e65c9e 868280d2e70c4f0ea9ff15eeaa097b35 487411658de8464f9606419cad3de3f7 - - default default] Successfully bumped revision number for resource 20773b42-5104-41e3-b4b9-f139ed5b878d (type: security_groups) to 1
2026-05-10 02:02:35.643 10 INFO neutron.db.ovn_revision_numbers_db [None req-dcecb992-8570-4be3-93a0-3ced41e65c9e 868280d2e70c4f0ea9ff15eeaa097b35 487411658de8464f9606419cad3de3f7 - - default default] Successfully bumped revision number for resource 36587b89-0f4a-4c20-bef0-7e886e5c8636 (type: security_group_rules) to 0
2026-05-10 02:02:35.679 10 INFO neutron.db.ovn_revision_numbers_db [None req-dcecb992-8570-4be3-93a0-3ced41e65c9e 868280d2e70c4f0ea9ff15eeaa097b35 487411658de8464f9606419cad3de3f7 - - default default] Successfully bumped revision number for resource 5c7f2859-0dd7-4335-8842-bf5e7dfee27e (type: security_group_rules) to 0
2026-05-10 02:02:35.715 10 INFO neutron.db.ovn_revision_numbers_db [None req-dcecb992-8570-4be3-93a0-3ced41e65c9e 868280d2e70c4f0ea9ff15eeaa097b35 487411658de8464f9606419cad3de3f7 - - default default] Successfully bumped revision number for resource 7691ca9c-1682-4a1a-a402-2d58d4dfd431 (type: security_group_rules) to 0
2026-05-10 02:02:35.744 10 INFO neutron.db.ovn_revision_numbers_db [None req-dcecb992-8570-4be3-93a0-3ced41e65c9e 868280d2e70c4f0ea9ff15eeaa097b35 487411658de8464f9606419cad3de3f7 - - default default] Successfully bumped revision number for resource 80c26fa7-8fd4-41df-807d-1a6b1a10a942 (type: security_group_rules) to 0
2026-05-10 02:02:35.777 10 INFO neutron.wsgi [None req-dcecb992-8570-4be3-93a0-3ced41e65c9e 868280d2e70c4f0ea9ff15eeaa097b35 487411658de8464f9606419cad3de3f7 - - default default] 10.0.0.160 "GET /v2.0/security-groups?tenant_id=dde35ca7a0bc445a8495c0e873d4a89f&name=default HTTP/1.1" status: 200 len: 3120 time: 0.4073758
2026-05-10 02:02:35.848 10 WARNING neutron.scheduler.dhcp_agent_scheduler [None req-8fcd589e-7fc5-4673-861e-f336fc73fe9b dc30ce714d964acf83c195a5915911f3 97cdca9f0a704bd296d0082870024695 - - default default] No more DHCP agents
2026-05-10 02:02:35.855 10 WARNING neutron.api.rpc.agentnotifiers.dhcp_rpc_agent_api [None req-8fcd589e-7fc5-4673-861e-f336fc73fe9b dc30ce714d964acf83c195a5915911f3 97cdca9f0a704bd296d0082870024695 - - default default] Unable to schedule network 9dd86716-6fa7-42f3-884f-09700d01cf60: no agents available; will retry on subsequent port and subnet creation events.
2026-05-10 02:02:36.001 10 INFO neutron.db.ovn_revision_numbers_db [None req-8fcd589e-7fc5-4673-861e-f336fc73fe9b dc30ce714d964acf83c195a5915911f3 97cdca9f0a704bd296d0082870024695 - - default default] Successfully bumped revision number for resource f4924af2-67a3-4b41-acec-555ca36d04f6 (type: ports) to 1
2026-05-10 02:02:36.050 10 INFO neutron.wsgi [None req-8fcd589e-7fc5-4673-861e-f336fc73fe9b dc30ce714d964acf83c195a5915911f3 97cdca9f0a704bd296d0082870024695 - - default default] 10.0.0.160 "POST /v2.0/networks HTTP/1.1" status: 201 len: 848 time: 1.2184868
2026-05-10 02:02:36.059 10 WARNING neutron_lib.context [None req-a2ea77d3-6b86-4775-8b38-6ebace600442 dc30ce714d964acf83c195a5915911f3 97cdca9f0a704bd296d0082870024695 - - default default] Method 'is_advsvc' is deprecated since 2023.2 release (neutron-lib 3.8.0) and will be removed once support for the old RBAC API policies will be removed from Neutron. Please use method 'is_service_role' instead.
2026-05-10 02:02:36.165 10 INFO neutron.wsgi [None req-3492d0fc-9223-4f46-8705-21eedd86fd49 868280d2e70c4f0ea9ff15eeaa097b35 487411658de8464f9606419cad3de3f7 - - default default] 10.0.0.160 "DELETE /v2.0/security-groups/20773b42-5104-41e3-b4b9-f139ed5b878d HTTP/1.1" status: 204 len: 168 time: 0.3821003
2026-05-10 02:02:36.321 10 WARNING neutron.scheduler.dhcp_agent_scheduler [None req-a2ea77d3-6b86-4775-8b38-6ebace600442 dc30ce714d964acf83c195a5915911f3 97cdca9f0a704bd296d0082870024695 - - default default] No more DHCP agents
2026-05-10 02:02:36.323 10 WARNING neutron.api.rpc.agentnotifiers.dhcp_rpc_agent_api [None req-a2ea77d3-6b86-4775-8b38-6ebace600442 dc30ce714d964acf83c195a5915911f3 97cdca9f0a704bd296d0082870024695 - - default default] Unable to schedule network 9dd86716-6fa7-42f3-884f-09700d01cf60: no agents available; will retry on subsequent port and subnet creation events.
2026-05-10 02:02:36.363 10 INFO neutron.db.ovn_revision_numbers_db [None req-a2ea77d3-6b86-4775-8b38-6ebace600442 dc30ce714d964acf83c195a5915911f3 97cdca9f0a704bd296d0082870024695 - - default default] Successfully bumped revision number for resource 4601c885-3d29-47c4-a720-927fbdb5104a (type: subnets) to 0
2026-05-10 02:02:36.380 10 INFO neutron.wsgi [None req-a2ea77d3-6b86-4775-8b38-6ebace600442 dc30ce714d964acf83c195a5915911f3 97cdca9f0a704bd296d0082870024695 - - default default] 10.0.0.160 "POST /v2.0/subnets HTTP/1.1" status: 201 len: 802 time: 0.3257847
2026-05-10 02:02:36.392 10 WARNING neutron_lib.context [None req-6fe11b75-ee23-498d-a045-6a3360a3aca7 dc30ce714d964acf83c195a5915911f3 97cdca9f0a704bd296d0082870024695 - - default default] Method 'is_advsvc' is deprecated since 2023.2 release (neutron-lib 3.8.0) and will be removed once support for the old RBAC API policies will be removed from Neutron. Please use method 'is_service_role' instead.
2026-05-10 02:02:36.563 9 INFO neutron.wsgi [None req-d88e5714-042f-48fa-afa6-d84112b69e06 868280d2e70c4f0ea9ff15eeaa097b35 487411658de8464f9606419cad3de3f7 - - default default] 10.0.0.160 "PUT /v2.0/routers/7a632a42-c7f1-47b0-afd1-dab33f3be2aa/remove_router_interface HTTP/1.1" status: 200 len: 503 time: 1.3229430 /var/lib/openstack/lib/python3.10/site-packages/pycadf/identifier.py:71: UserWarning: Invalid uuid: neutron. To ensure interoperability, identifiers should be a valid uuid. warnings.warn(('Invalid uuid: %s. To ensure interoperability, '
2026-05-10 02:02:37.091 9 INFO neutron.db.ovn_revision_numbers_db [None req-2851322b-17b4-4815-90b9-f7c528b4cddc 868280d2e70c4f0ea9ff15eeaa097b35 487411658de8464f9606419cad3de3f7 - - default default] Successfully bumped revision number for resource 062cad27-c4e4-4d66-9d72-6055aa67a9cb (type: security_groups) to 1
2026-05-10 02:02:37.119 9 INFO neutron.db.ovn_revision_numbers_db [None req-2851322b-17b4-4815-90b9-f7c528b4cddc 868280d2e70c4f0ea9ff15eeaa097b35 487411658de8464f9606419cad3de3f7 - - default default] Successfully bumped revision number for resource 44eed7a6-240e-4c46-8156-3276f9631e52 (type: security_group_rules) to 0
2026-05-10 02:02:37.132 9 INFO neutron.db.ovn_revision_numbers_db [None req-2851322b-17b4-4815-90b9-f7c528b4cddc 868280d2e70c4f0ea9ff15eeaa097b35 487411658de8464f9606419cad3de3f7 - - default default] Successfully bumped revision number for resource 84470be9-20c2-4b73-897a-50dfda9dcd75 (type: security_group_rules) to 0
2026-05-10 02:02:37.151 9 INFO neutron.db.ovn_revision_numbers_db [None req-2851322b-17b4-4815-90b9-f7c528b4cddc 868280d2e70c4f0ea9ff15eeaa097b35 487411658de8464f9606419cad3de3f7 - - default default] Successfully bumped revision number for resource ab5a7cbf-2a07-4502-9c89-60ee0d299b72 (type: security_group_rules) to 0
2026-05-10 02:02:37.170 9 INFO neutron.db.ovn_revision_numbers_db [None req-2851322b-17b4-4815-90b9-f7c528b4cddc 868280d2e70c4f0ea9ff15eeaa097b35 487411658de8464f9606419cad3de3f7 - - default default] Successfully bumped revision number for resource c3052a6d-74a1-48f8-a026-2becea8328e4 (type: security_group_rules) to 0
2026-05-10 02:02:37.200 9 INFO neutron.wsgi [None req-2851322b-17b4-4815-90b9-f7c528b4cddc 868280d2e70c4f0ea9ff15eeaa097b35 487411658de8464f9606419cad3de3f7 - - default default] 10.0.0.160 "GET /v2.0/security-groups?tenant_id=8fb56612548e48cdbb126f0e84e7b235&name=default HTTP/1.1" status: 200 len: 3120 time: 0.4003670
2026-05-10 02:02:37.242 10 WARNING neutron.scheduler.dhcp_agent_scheduler [None req-6fe11b75-ee23-498d-a045-6a3360a3aca7 dc30ce714d964acf83c195a5915911f3 97cdca9f0a704bd296d0082870024695 - - default default] No more DHCP agents
2026-05-10 02:02:37.247 10 WARNING neutron.api.rpc.agentnotifiers.dhcp_rpc_agent_api [None req-6fe11b75-ee23-498d-a045-6a3360a3aca7 dc30ce714d964acf83c195a5915911f3 97cdca9f0a704bd296d0082870024695 - - default default] Unable to schedule network b246701a-2479-4ffc-8add-3b81c9f5633e: no agents available; will retry on subsequent port and subnet creation events.
2026-05-10 02:02:37.458 10 INFO neutron.db.ovn_revision_numbers_db [None req-6fe11b75-ee23-498d-a045-6a3360a3aca7 dc30ce714d964acf83c195a5915911f3 97cdca9f0a704bd296d0082870024695 - - default default] Successfully bumped revision number for resource b5bc8b3c-b751-4b3d-8e8d-d1453628a001 (type: ports) to 1
2026-05-10 02:02:37.462 9 INFO neutron.wsgi [None req-64e42068-b181-4bf0-968d-77231e7951a3 868280d2e70c4f0ea9ff15eeaa097b35 487411658de8464f9606419cad3de3f7 - - default default] 10.0.0.160 "DELETE /v2.0/routers/7a632a42-c7f1-47b0-afd1-dab33f3be2aa HTTP/1.1" status: 204 len: 168 time: 0.8945191
2026-05-10 02:02:37.549 10 INFO neutron.wsgi [None req-e81bec16-5c8a-4739-8ab4-d9fbb9db54a3 868280d2e70c4f0ea9ff15eeaa097b35 487411658de8464f9606419cad3de3f7 - - default default] 10.0.0.160 "DELETE /v2.0/security-groups/062cad27-c4e4-4d66-9d72-6055aa67a9cb HTTP/1.1" status: 204 len: 168 time: 0.3421235
2026-05-10 02:02:37.686 9 INFO neutron.wsgi [None req-2b1bb104-c002-4b72-8d17-99b666a24c58 868280d2e70c4f0ea9ff15eeaa097b35 487411658de8464f9606419cad3de3f7 - - default default] 10.0.0.160 "DELETE /v2.0/subnets/916bb036-80b9-421e-9b25-074881080a21 HTTP/1.1" status: 204 len: 168 time: 0.2191679
2026-05-10 02:02:37.871 10 INFO neutron.db.ovn_revision_numbers_db [None req-3389899b-7b73-4da9-ae66-d0e2337835e8 868280d2e70c4f0ea9ff15eeaa097b35 487411658de8464f9606419cad3de3f7 - - default default] Successfully bumped revision number for resource 1e0ed8ec-ee2d-41df-9d72-d6ad679d987b (type: security_groups) to 1
2026-05-10 02:02:37.895 10 INFO neutron.db.ovn_revision_numbers_db [None req-3389899b-7b73-4da9-ae66-d0e2337835e8 868280d2e70c4f0ea9ff15eeaa097b35 487411658de8464f9606419cad3de3f7 - - default default] Successfully bumped revision number for resource 25398e42-a963-424e-b93f-22c6c2e8e95b (type: security_group_rules) to 0
2026-05-10 02:02:37.918 10 INFO neutron.db.ovn_revision_numbers_db [None req-3389899b-7b73-4da9-ae66-d0e2337835e8 868280d2e70c4f0ea9ff15eeaa097b35 487411658de8464f9606419cad3de3f7 - - default default] Successfully bumped revision number for resource 37effd80-70bf-4568-9ffd-9591d32ba996 (type: security_group_rules) to 0
2026-05-10 02:02:37.940 10 INFO neutron.db.ovn_revision_numbers_db [None req-3389899b-7b73-4da9-ae66-d0e2337835e8 868280d2e70c4f0ea9ff15eeaa097b35 487411658de8464f9606419cad3de3f7 - - default default] Successfully bumped revision number for resource 76315986-ae29-439d-a399-90135de4e2f9 (type: security_group_rules) to 0
2026-05-10 02:02:37.957 10 INFO neutron.db.ovn_revision_numbers_db [None req-3389899b-7b73-4da9-ae66-d0e2337835e8 868280d2e70c4f0ea9ff15eeaa097b35 487411658de8464f9606419cad3de3f7 - - default default] Successfully bumped revision number for resource c087e5e7-0555-4903-b908-dbe6f0772112 (type: security_group_rules) to 0
2026-05-10 02:02:37.981 10 INFO neutron.wsgi [None req-3389899b-7b73-4da9-ae66-d0e2337835e8 868280d2e70c4f0ea9ff15eeaa097b35 487411658de8464f9606419cad3de3f7 - - default default] 10.0.0.160 "GET /v2.0/security-groups?tenant_id=646c0aec70d544d18fcc79c80aa50d03&name=default HTTP/1.1" status: 200 len: 3120 time: 0.3016596
2026-05-10 02:02:38.148 9 INFO neutron.services.segments.plugin [-] Segment 24b7ad97-c848-468b-85ea-6aa8d76d50b6 resource provider aggregate not found
2026-05-10 02:02:38.154 9 INFO neutron.services.segments.plugin [-] Segment 24b7ad97-c848-468b-85ea-6aa8d76d50b6 resource provider aggregate not found
2026-05-10 02:02:38.170 9 INFO neutron.services.segments.plugin [-] Segment 24b7ad97-c848-468b-85ea-6aa8d76d50b6 resource provider not found; error: Placement Client Error (4xx): {"errors": [{"status": 404, "title": "Not Found", "detail": "The resource could not be found.\n\n No resource provider with uuid 24b7ad97-c848-468b-85ea-6aa8d76d50b6 found for delete ", "request_id": "req-90208e19-90a3-4f56-ac6e-5bf462f9a302"}]}
2026-05-10 02:02:38.174 9 INFO neutron.services.segments.plugin [-] Segment 24b7ad97-c848-468b-85ea-6aa8d76d50b6 resource provider not found; error: Placement Client Error (4xx): {"errors": [{"status": 404, "title": "Not Found", "detail": "The resource could not be found.\n\n No resource provider with uuid 24b7ad97-c848-468b-85ea-6aa8d76d50b6 found for delete ", "request_id": "req-5d917f34-c733-4432-a373-546efae44749"}]}
2026-05-10 02:02:38.190 9 INFO neutron.wsgi [None req-9ea7eee7-a915-4a44-9d9e-9a062177db2b 868280d2e70c4f0ea9ff15eeaa097b35 487411658de8464f9606419cad3de3f7 - - default default] 10.0.0.160 "DELETE /v2.0/networks/cbff15eb-cdd4-4bc9-9edd-a8c6987033f2 HTTP/1.1" status: 204 len: 168 time: 0.5002120
2026-05-10 02:02:38.234 10 INFO neutron.plugins.ml2.drivers.ovn.mech_driver.ovsdb.commands [None req-e78a3133-334c-48a3-95dc-6411bfe00838 - - - - - -] Schedule LRP lrp-b5bc8b3c-b751-4b3d-8e8d-d1453628a001 on gateway 8ccc48a2-88d2-4fc0-b159-4a9ed9f1bd8d with priority 1
2026-05-10 02:02:38.250 9 INFO neutron.plugins.ml2.drivers.ovn.mech_driver.mech_driver [None req-19072341-a9ee-4646-9c5a-7059975f3612 - - - - - -] OVN reports status up for port: b5bc8b3c-b751-4b3d-8e8d-d1453628a001
2026-05-10 02:02:38.266 9 INFO neutron.plugins.ml2.plugin [None req-19072341-a9ee-4646-9c5a-7059975f3612 - - - - - -] Attempt 1 to provision port b5bc8b3c-b751-4b3d-8e8d-d1453628a001
2026-05-10 02:02:38.275 10 INFO neutron.db.ovn_revision_numbers_db [None req-6fe11b75-ee23-498d-a045-6a3360a3aca7 dc30ce714d964acf83c195a5915911f3 97cdca9f0a704bd296d0082870024695 - - default default] Successfully bumped revision number for resource b5bc8b3c-b751-4b3d-8e8d-d1453628a001 (type: router_ports) to 1
2026-05-10 02:02:38.325 9 INFO neutron.wsgi [None req-cae386b7-088d-4b82-9cd8-1d2741b5e32d 868280d2e70c4f0ea9ff15eeaa097b35 487411658de8464f9606419cad3de3f7 - - default default] 10.0.0.160 "DELETE /v2.0/security-groups/1e0ed8ec-ee2d-41df-9d72-d6ad679d987b HTTP/1.1" status: 204 len: 168 time: 0.3344626
2026-05-10 02:02:38.344 10 INFO neutron.db.ovn_revision_numbers_db [None req-6fe11b75-ee23-498d-a045-6a3360a3aca7 dc30ce714d964acf83c195a5915911f3 97cdca9f0a704bd296d0082870024695 - - default default] Successfully bumped revision number for resource 6ff740f9-f374-47ee-b4a3-56a2ecf856bf (type: routers) to 2
2026-05-10 02:02:38.364 10 INFO neutron.wsgi [None req-6fe11b75-ee23-498d-a045-6a3360a3aca7 dc30ce714d964acf83c195a5915911f3 97cdca9f0a704bd296d0082870024695 - - default default] 10.0.0.160 "POST /v2.0/routers HTTP/1.1" status: 201 len: 1153 time: 1.9783731
2026-05-10 02:02:38.549 9 INFO neutron.wsgi [None req-aeb74c8f-bc2c-4b9a-9dbd-c73e4ef8ff90 868280d2e70c4f0ea9ff15eeaa097b35 487411658de8464f9606419cad3de3f7 - - default default] 10.0.0.160 "GET /v2.0/security-groups?tenant_id=26f24c01883e4650ba1bc1da49bf393a&name=default HTTP/1.1" status: 200 len: 3120 time: 0.1092167
2026-05-10 02:02:38.911 10 INFO neutron.db.ovn_revision_numbers_db [None req-adc8e7ee-738a-471b-8688-e9fd5079e7c8 868280d2e70c4f0ea9ff15eeaa097b35 487411658de8464f9606419cad3de3f7 - - default default] Successfully bumped revision number for resource ca067fc0-97f6-4ab0-8d47-c16b1e04f3f3 (type: security_groups) to 1
2026-05-10 02:02:38.924 10 INFO neutron.db.ovn_revision_numbers_db [None req-adc8e7ee-738a-471b-8688-e9fd5079e7c8 868280d2e70c4f0ea9ff15eeaa097b35 487411658de8464f9606419cad3de3f7 - - default default] Successfully bumped revision number for resource 39f3d401-943d-4d08-91e1-7d6a7fbbd67b (type: security_group_rules) to 0
2026-05-10 02:02:38.963 10 INFO neutron.db.ovn_revision_numbers_db [None req-adc8e7ee-738a-471b-8688-e9fd5079e7c8 868280d2e70c4f0ea9ff15eeaa097b35 487411658de8464f9606419cad3de3f7 - - default default] Successfully bumped revision number for resource 5521f5e9-2010-48bf-b67c-2d2056be24d9 (type: security_group_rules) to 0
2026-05-10 02:02:38.976 10 INFO neutron.db.ovn_revision_numbers_db [None req-adc8e7ee-738a-471b-8688-e9fd5079e7c8 868280d2e70c4f0ea9ff15eeaa097b35 487411658de8464f9606419cad3de3f7 - - default default] Successfully bumped revision number for resource 79320997-c970-408b-a747-197213dfce4f (type: security_group_rules) to 0
2026-05-10 02:02:38.992 10 INFO neutron.db.ovn_revision_numbers_db [None req-adc8e7ee-738a-471b-8688-e9fd5079e7c8 868280d2e70c4f0ea9ff15eeaa097b35 487411658de8464f9606419cad3de3f7 - - default default] Successfully bumped revision number for resource ee73d6e6-43e5-4a82-a46e-abce48e36251 (type: security_group_rules) to 0
2026-05-10 02:02:39.015 10 INFO neutron.wsgi [None req-adc8e7ee-738a-471b-8688-e9fd5079e7c8 868280d2e70c4f0ea9ff15eeaa097b35 487411658de8464f9606419cad3de3f7 - - default default] 10.0.0.160 "GET /v2.0/security-groups?tenant_id=2ef0997638254e11b5156da0351bb8f1&name=default HTTP/1.1" status: 200 len: 3120 time: 0.4095995
2026-05-10 02:02:39.122 9 INFO neutron.wsgi [None req-32580eae-1329-4fed-bf28-4ad671689035 868280d2e70c4f0ea9ff15eeaa097b35 487411658de8464f9606419cad3de3f7 - - default default] 10.0.0.160 "DELETE /v2.0/security-groups/86c00c0c-b2cf-45c7-8fd4-345d76dc7b0f HTTP/1.1" status: 204 len: 168 time: 0.5671864
2026-05-10 02:02:39.255 10 INFO neutron.wsgi [None req-7aa77f90-e569-4866-a10e-7ab18a601b8e 868280d2e70c4f0ea9ff15eeaa097b35 487411658de8464f9606419cad3de3f7 - - default default] 10.0.0.160 "DELETE /v2.0/security-groups/ca067fc0-97f6-4ab0-8d47-c16b1e04f3f3 HTTP/1.1" status: 204 len: 168 time: 0.2331593
2026-05-10 02:02:39.376 9 WARNING neutron.scheduler.dhcp_agent_scheduler [None req-c632f68e-08df-4e83-9910-f2815c4f7135 dc30ce714d964acf83c195a5915911f3 97cdca9f0a704bd296d0082870024695 - - default default] No more DHCP agents
2026-05-10 02:02:39.379 9 WARNING neutron.api.rpc.agentnotifiers.dhcp_rpc_agent_api [None req-c632f68e-08df-4e83-9910-f2815c4f7135 dc30ce714d964acf83c195a5915911f3 97cdca9f0a704bd296d0082870024695 - - default default] Unable to schedule network 9dd86716-6fa7-42f3-884f-09700d01cf60: no agents available; will retry on subsequent port and subnet creation events.
2026-05-10 02:02:39.559 9 INFO neutron.db.ovn_revision_numbers_db [None req-c632f68e-08df-4e83-9910-f2815c4f7135 dc30ce714d964acf83c195a5915911f3 97cdca9f0a704bd296d0082870024695 - - default default] Successfully bumped revision number for resource 2235e03e-8b0a-4c92-b45f-a1c27b375e40 (type: ports) to 1
2026-05-10 02:02:40.407 9 ERROR ovsdbapp.backend.ovs_idl.command [None req-c632f68e-08df-4e83-9910-f2815c4f7135 dc30ce714d964acf83c195a5915911f3 97cdca9f0a704bd296d0082870024695 - - default default] Error executing command (DbGetCommand): ovsdbapp.backend.ovs_idl.idlutils.RowNotFound: Cannot find Logical_Router_Port with name=lrp-2235e03e-8b0a-4c92-b45f-a1c27b375e40
2026-05-10 02:02:40.407 9 ERROR ovsdbapp.backend.ovs_idl.command
Traceback (most recent call last):
2026-05-10 02:02:40.407 9 ERROR ovsdbapp.backend.ovs_idl.command
File "/var/lib/openstack/lib/python3.10/site-packages/ovsdbapp/backend/ovs_idl/command.py", line 47, in execute
2026-05-10 02:02:40.407 9 ERROR ovsdbapp.backend.ovs_idl.command self.run_idl(None)
2026-05-10 02:02:40.407 9 ERROR ovsdbapp.backend.ovs_idl.command
File "/var/lib/openstack/lib/python3.10/site-packages/ovsdbapp/backend/ovs_idl/command.py", line 235, in run_idl
2026-05-10 02:02:40.407 9 ERROR ovsdbapp.backend.ovs_idl.command record = self.api.lookup(self.table, self.record)
2026-05-10 02:02:40.407 9 ERROR ovsdbapp.backend.ovs_idl.command
File "/var/lib/openstack/lib/python3.10/site-packages/ovsdbapp/backend/ovs_idl/__init__.py", line 184, in lookup
2026-05-10 02:02:40.407 9 ERROR ovsdbapp.backend.ovs_idl.command return self._lookup(table, record)
2026-05-10 02:02:40.407 9 ERROR ovsdbapp.backend.ovs_idl.command
File "/var/lib/openstack/lib/python3.10/site-packages/ovsdbapp/backend/ovs_idl/__init__.py", line 235, in _lookup
2026-05-10 02:02:40.407 9 ERROR ovsdbapp.backend.ovs_idl.command row = idlutils.row_by_value(self, rl.table, rl.column, record)
2026-05-10 02:02:40.407 9 ERROR ovsdbapp.backend.ovs_idl.command
File "/var/lib/openstack/lib/python3.10/site-packages/ovsdbapp/backend/ovs_idl/idlutils.py", line 114, in row_by_value
2026-05-10 02:02:40.407 9 ERROR ovsdbapp.backend.ovs_idl.command raise RowNotFound(table=table, col=column, match=match)
2026-05-10 02:02:40.407 9 ERROR ovsdbapp.backend.ovs_idl.command ovsdbapp.backend.ovs_idl.idlutils.RowNotFound: Cannot find Logical_Router_Port with name=lrp-2235e03e-8b0a-4c92-b45f-a1c27b375e40
2026-05-10 02:02:40.407 9 ERROR ovsdbapp.backend.ovs_idl.command 
2026-05-10 02:02:40.408 9 ERROR neutron_lib.callbacks.manager [None req-c632f68e-08df-4e83-9910-f2815c4f7135 dc30ce714d964acf83c195a5915911f3 97cdca9f0a704bd296d0082870024695 - - default default] Error during notification for neutron.services.ovn_l3.plugin.OVNL3RouterPlugin._port_update-8745738097391 port, after_update: ovsdbapp.backend.ovs_idl.idlutils.RowNotFound: Cannot find Logical_Router_Port with name=lrp-2235e03e-8b0a-4c92-b45f-a1c27b375e40
2026-05-10 02:02:40.408 9 ERROR neutron_lib.callbacks.manager
Traceback (most recent call last):
2026-05-10 02:02:40.408 9 ERROR neutron_lib.callbacks.manager
File "/var/lib/openstack/lib/python3.10/site-packages/neutron_lib/callbacks/manager.py", line 189, in _notify_loop
2026-05-10 02:02:40.408 9 ERROR neutron_lib.callbacks.manager callback.method(resource, event, trigger, payload=payload)
2026-05-10 02:02:40.408 9 ERROR neutron_lib.callbacks.manager
File "/var/lib/openstack/lib/python3.10/site-packages/neutron/services/ovn_l3/plugin.py", line 391, in _port_update
2026-05-10 02:02:40.408 9 ERROR neutron_lib.callbacks.manager l3plugin._ovn_client.update_router_port(context,
2026-05-10 02:02:40.408 9 ERROR neutron_lib.callbacks.manager
File "/var/lib/openstack/lib/python3.10/site-packages/neutron/plugins/ml2/drivers/ovn/mech_driver/ovsdb/ovn_client.py", line 1878, in update_router_port
2026-05-10 02:02:40.408 9 ERROR neutron_lib.callbacks.manager self._update_lrouter_port(context, port, if_exists=if_exists,
2026-05-10 02:02:40.408 9 ERROR neutron_lib.callbacks.manager
File "/var/lib/openstack/lib/python3.10/site-packages/neutron/plugins/ml2/drivers/ovn/mech_driver/ovsdb/ovn_client.py", line 1855, in _update_lrouter_port
2026-05-10 02:02:40.408 9 ERROR neutron_lib.callbacks.manager external_ids = self._nb_idl.db_get(
2026-05-10 02:02:40.408 9 ERROR neutron_lib.callbacks.manager
File "/var/lib/openstack/lib/python3.10/site-packages/ovsdbapp/backend/ovs_idl/command.py", line 47, in execute
2026-05-10 02:02:40.408 9 ERROR neutron_lib.callbacks.manager self.run_idl(None)
2026-05-10 02:02:40.408 9 ERROR neutron_lib.callbacks.manager
File "/var/lib/openstack/lib/python3.10/site-packages/ovsdbapp/backend/ovs_idl/command.py", line 235, in run_idl
2026-05-10 02:02:40.408 9 ERROR neutron_lib.callbacks.manager record = self.api.lookup(self.table, self.record)
2026-05-10 02:02:40.408 9 ERROR neutron_lib.callbacks.manager
File "/var/lib/openstack/lib/python3.10/site-packages/ovsdbapp/backend/ovs_idl/__init__.py", line 184, in lookup
2026-05-10 02:02:40.408 9 ERROR neutron_lib.callbacks.manager return self._lookup(table, record)
2026-05-10 02:02:40.408 9 ERROR neutron_lib.callbacks.manager
File "/var/lib/openstack/lib/python3.10/site-packages/ovsdbapp/backend/ovs_idl/__init__.py", line 235, in _lookup
2026-05-10 02:02:40.408 9 ERROR neutron_lib.callbacks.manager row = idlutils.row_by_value(self, rl.table, rl.column, record)
2026-05-10 02:02:40.408 9 ERROR neutron_lib.callbacks.manager
File "/var/lib/openstack/lib/python3.10/site-packages/ovsdbapp/backend/ovs_idl/idlutils.py", line 114, in row_by_value
2026-05-10 02:02:40.408 9 ERROR neutron_lib.callbacks.manager raise RowNotFound(table=table, col=column, match=match)
2026-05-10 02:02:40.408 9 ERROR neutron_lib.callbacks.manager ovsdbapp.backend.ovs_idl.idlutils.RowNotFound: Cannot find Logical_Router_Port with name=lrp-2235e03e-8b0a-4c92-b45f-a1c27b375e40
2026-05-10 02:02:40.408 9 ERROR neutron_lib.callbacks.manager 
2026-05-10 02:02:40.657 10 INFO neutron.plugins.ml2.drivers.ovn.mech_driver.mech_driver [None req-03cd97d3-af92-482b-a084-515d42e34b97 - - - - - -] OVN reports status up for port: 2235e03e-8b0a-4c92-b45f-a1c27b375e40
2026-05-10 02:02:40.669 10 INFO neutron.plugins.ml2.plugin [None req-03cd97d3-af92-482b-a084-515d42e34b97 - - - - - -] Attempt 1 to provision port 2235e03e-8b0a-4c92-b45f-a1c27b375e40
2026-05-10 02:02:40.692 9 INFO neutron.db.ovn_revision_numbers_db [None req-c632f68e-08df-4e83-9910-f2815c4f7135 dc30ce714d964acf83c195a5915911f3 97cdca9f0a704bd296d0082870024695 - - default default] Successfully bumped revision number for resource 2235e03e-8b0a-4c92-b45f-a1c27b375e40 (type: ports) to 1
2026-05-10 02:02:40.762 9 WARNING neutron.scheduler.dhcp_agent_scheduler [None req-c632f68e-08df-4e83-9910-f2815c4f7135 dc30ce714d964acf83c195a5915911f3 97cdca9f0a704bd296d0082870024695 - - default default] No more DHCP agents
2026-05-10 02:02:40.765 9 WARNING neutron.api.rpc.agentnotifiers.dhcp_rpc_agent_api [None req-c632f68e-08df-4e83-9910-f2815c4f7135 dc30ce714d964acf83c195a5915911f3 97cdca9f0a704bd296d0082870024695 - - default default] Unable to schedule network 9dd86716-6fa7-42f3-884f-09700d01cf60: no agents available; will retry on subsequent port and subnet creation events.
2026-05-10 02:02:41.134 10 INFO neutron.db.ovn_revision_numbers_db [None req-03cd97d3-af92-482b-a084-515d42e34b97 - - - - - -] Successfully bumped revision number for resource 2235e03e-8b0a-4c92-b45f-a1c27b375e40 (type: ports) to 2
2026-05-10 02:02:41.339 9 INFO neutron.db.ovn_revision_numbers_db [None req-c632f68e-08df-4e83-9910-f2815c4f7135 dc30ce714d964acf83c195a5915911f3 97cdca9f0a704bd296d0082870024695 - - default default] Successfully bumped revision number for resource 2235e03e-8b0a-4c92-b45f-a1c27b375e40 (type: router_ports) to 1
2026-05-10 02:02:41.345 9 INFO neutron.wsgi [None req-c632f68e-08df-4e83-9910-f2815c4f7135 dc30ce714d964acf83c195a5915911f3 97cdca9f0a704bd296d0082870024695 - - default default] 10.0.0.160 "PUT /v2.0/routers/6ff740f9-f374-47ee-b4a3-56a2ecf856bf/add_router_interface HTTP/1.1" status: 200 len: 503 time: 2.9712670
2026-05-10 02:02:41.359 9 WARNING neutron_lib.context [None req-3ad8f1b7-5644-4bb3-88db-b024e2a73cba dc30ce714d964acf83c195a5915911f3 97cdca9f0a704bd296d0082870024695 - - default default] Method 'is_advsvc' is deprecated since 2023.2 release (neutron-lib 3.8.0) and will be removed once support for the old RBAC API policies will be removed from Neutron. Please use method 'is_service_role' instead.
2026-05-10 02:02:41.484 10 INFO neutron.db.ovn_revision_numbers_db [None req-03cd97d3-af92-482b-a084-515d42e34b97 - - - - - -] Successfully bumped revision number for resource 2235e03e-8b0a-4c92-b45f-a1c27b375e40 (type: router_ports) to 2
2026-05-10 02:02:41.566 9 INFO neutron.db.ovn_revision_numbers_db [None req-46e2ba2e-235f-4a85-b7b2-eda0a2878abd 868280d2e70c4f0ea9ff15eeaa097b35 487411658de8464f9606419cad3de3f7 - - default default] Successfully bumped revision number for resource 7dcceff1-e2f3-479d-9217-665258831f55 (type: security_groups) to 1
2026-05-10 02:02:41.595 9 INFO neutron.db.ovn_revision_numbers_db [None req-46e2ba2e-235f-4a85-b7b2-eda0a2878abd 868280d2e70c4f0ea9ff15eeaa097b35 487411658de8464f9606419cad3de3f7 - - default default] Successfully bumped revision number for resource 2ae91831-07ae-45dc-8527-4ad08ac96e73 (type: security_group_rules) to 0
2026-05-10 02:02:41.620 9 INFO neutron.db.ovn_revision_numbers_db [None req-46e2ba2e-235f-4a85-b7b2-eda0a2878abd 868280d2e70c4f0ea9ff15eeaa097b35 487411658de8464f9606419cad3de3f7 - - default default] Successfully bumped revision number for resource 4bae1571-ab34-4d45-a2bf-7ba5d04a0232 (type: security_group_rules) to 0
2026-05-10 02:02:41.621 9 INFO neutron.db.ovn_revision_numbers_db [None req-7d6bca0c-c8a6-4a76-9acc-f7536ae04dd0 868280d2e70c4f0ea9ff15eeaa097b35 487411658de8464f9606419cad3de3f7 - - default default] Successfully bumped revision number for resource 10c3aa1d-507c-4754-b494-c83e8dfb3d94 (type: security_groups) to 1
2026-05-10 02:02:41.643 9 INFO neutron.db.ovn_revision_numbers_db [None req-46e2ba2e-235f-4a85-b7b2-eda0a2878abd 868280d2e70c4f0ea9ff15eeaa097b35 487411658de8464f9606419cad3de3f7 - - default default] Successfully bumped revision number for resource 8883777b-4ab1-46fc-867c-e7e1d9a21fa7 (type: security_group_rules) to 0
2026-05-10 02:02:41.646 9 INFO neutron.db.ovn_revision_numbers_db [None req-7d6bca0c-c8a6-4a76-9acc-f7536ae04dd0 868280d2e70c4f0ea9ff15eeaa097b35 487411658de8464f9606419cad3de3f7 - - default default] Successfully bumped revision number for resource 2c9b17dd-de26-4589-bb9f-e425bd8f5bcc (type: security_group_rules) to 0
2026-05-10 02:02:41.664 9 INFO neutron.db.ovn_revision_numbers_db [None req-46e2ba2e-235f-4a85-b7b2-eda0a2878abd 868280d2e70c4f0ea9ff15eeaa097b35 487411658de8464f9606419cad3de3f7 - - default default] Successfully bumped revision number for resource f167f0f4-24c8-4aec-b81e-bdfc2349f873 (type: security_group_rules) to 0
2026-05-10 02:02:41.680 9 INFO neutron.db.ovn_revision_numbers_db [None req-7d6bca0c-c8a6-4a76-9acc-f7536ae04dd0 868280d2e70c4f0ea9ff15eeaa097b35 487411658de8464f9606419cad3de3f7 - - default default] Successfully bumped revision number for resource 43ee7435-7aa0-4ef4-8768-47e9f3b392ed (type: security_group_rules) to 0
2026-05-10 02:02:41.724 9 INFO neutron.db.ovn_revision_numbers_db [None req-7d6bca0c-c8a6-4a76-9acc-f7536ae04dd0 868280d2e70c4f0ea9ff15eeaa097b35 487411658de8464f9606419cad3de3f7 - - default default] Successfully bumped revision number for resource 7bb744c8-02a3-4a97-baf9-0cf7f6ccbf21 (type: security_group_rules) to 0
2026-05-10 02:02:41.735 9 INFO neutron.db.segments_db [None req-46e2ba2e-235f-4a85-b7b2-eda0a2878abd 868280d2e70c4f0ea9ff15eeaa097b35 487411658de8464f9606419cad3de3f7 - - default default] Added segment 96b8e9a8-4c2f-457d-8f8c-72f84fb2bf15 of type geneve for network 391d36d4-46b5-412e-bfe1-808c7023d092
2026-05-10 02:02:41.761 9 INFO neutron.db.ovn_revision_numbers_db [None req-7d6bca0c-c8a6-4a76-9acc-f7536ae04dd0 868280d2e70c4f0ea9ff15eeaa097b35 487411658de8464f9606419cad3de3f7 - - default default] Successfully bumped revision number for resource 9d11ae9c-18ea-42aa-b72e-2f41e5cbee77 (type: security_group_rules) to 0
2026-05-10 02:02:41.844 9 INFO neutron.db.segments_db [None req-7d6bca0c-c8a6-4a76-9acc-f7536ae04dd0 868280d2e70c4f0ea9ff15eeaa097b35 487411658de8464f9606419cad3de3f7 - - default default] Added segment 6ee9d2a6-1dc8-4625-a7f4-21f8210d6c56 of type geneve for network 3f6eeecf-9a60-46e3-ab4f-eba0da1d3280
2026-05-10 02:02:41.947 9 WARNING neutron.scheduler.dhcp_agent_scheduler [None req-3ad8f1b7-5644-4bb3-88db-b024e2a73cba dc30ce714d964acf83c195a5915911f3 97cdca9f0a704bd296d0082870024695 - - default default] No more DHCP agents
2026-05-10 02:02:41.965 9 WARNING neutron.api.rpc.agentnotifiers.dhcp_rpc_agent_api [None req-3ad8f1b7-5644-4bb3-88db-b024e2a73cba dc30ce714d964acf83c195a5915911f3 97cdca9f0a704bd296d0082870024695 - - default default] Unable to schedule network 9dd86716-6fa7-42f3-884f-09700d01cf60: no agents available; will retry on subsequent port and subnet creation events.
