2026-05-10 02:02:42.019 9 INFO neutron.db.ovn_revision_numbers_db [None req-46e2ba2e-235f-4a85-b7b2-eda0a2878abd 868280d2e70c4f0ea9ff15eeaa097b35 487411658de8464f9606419cad3de3f7 - - default default] Successfully bumped revision number for resource 391d36d4-46b5-412e-bfe1-808c7023d092 (type: networks) to 1
2026-05-10 02:02:42.085 9 INFO neutron.db.ovn_revision_numbers_db [None req-7d6bca0c-c8a6-4a76-9acc-f7536ae04dd0 868280d2e70c4f0ea9ff15eeaa097b35 487411658de8464f9606419cad3de3f7 - - default default] Successfully bumped revision number for resource 3f6eeecf-9a60-46e3-ab4f-eba0da1d3280 (type: networks) to 1
2026-05-10 02:02:42.276 9 INFO neutron.db.ovn_revision_numbers_db [None req-3ad8f1b7-5644-4bb3-88db-b024e2a73cba dc30ce714d964acf83c195a5915911f3 97cdca9f0a704bd296d0082870024695 - - default default] Successfully bumped revision number for resource 93630b56-6e95-46c2-b6cf-207eefac36cb (type: ports) to 1
2026-05-10 02:02:42.319 9 INFO neutron.wsgi [None req-3ad8f1b7-5644-4bb3-88db-b024e2a73cba dc30ce714d964acf83c195a5915911f3 97cdca9f0a704bd296d0082870024695 - - default default] 10.0.0.160 "POST /v2.0/ports HTTP/1.1" status: 201 len: 1154 time: 0.9656694
2026-05-10 02:02:42.322 9 WARNING neutron.scheduler.dhcp_agent_scheduler [None req-46e2ba2e-235f-4a85-b7b2-eda0a2878abd 868280d2e70c4f0ea9ff15eeaa097b35 487411658de8464f9606419cad3de3f7 - - default default] No more DHCP agents
2026-05-10 02:02:42.327 9 WARNING neutron.api.rpc.agentnotifiers.dhcp_rpc_agent_api [None req-46e2ba2e-235f-4a85-b7b2-eda0a2878abd 868280d2e70c4f0ea9ff15eeaa097b35 487411658de8464f9606419cad3de3f7 - - default default] Unable to schedule network 391d36d4-46b5-412e-bfe1-808c7023d092: no agents available; will retry on subsequent port and subnet creation events.
2026-05-10 02:02:42.333 10 WARNING neutron_lib.context [None req-6bacfb69-52e5-42de-9b00-2b9a025f35d3 dc30ce714d964acf83c195a5915911f3 97cdca9f0a704bd296d0082870024695 - - default default] Method 'is_advsvc' is deprecated since 2023.2 release (neutron-lib 3.8.0) and will be removed once support for the old RBAC API policies will be removed from Neutron. Please use method 'is_service_role' instead.
2026-05-10 02:02:42.380 9 WARNING neutron.scheduler.dhcp_agent_scheduler [None req-7d6bca0c-c8a6-4a76-9acc-f7536ae04dd0 868280d2e70c4f0ea9ff15eeaa097b35 487411658de8464f9606419cad3de3f7 - - default default] No more DHCP agents
2026-05-10 02:02:42.384 9 WARNING neutron.api.rpc.agentnotifiers.dhcp_rpc_agent_api [None req-7d6bca0c-c8a6-4a76-9acc-f7536ae04dd0 868280d2e70c4f0ea9ff15eeaa097b35 487411658de8464f9606419cad3de3f7 - - default default] Unable to schedule network 3f6eeecf-9a60-46e3-ab4f-eba0da1d3280: no agents available; will retry on subsequent port and subnet creation events.
2026-05-10 02:02:42.437 9 INFO neutron.db.ovn_revision_numbers_db [None req-46e2ba2e-235f-4a85-b7b2-eda0a2878abd 868280d2e70c4f0ea9ff15eeaa097b35 487411658de8464f9606419cad3de3f7 - - default default] Successfully bumped revision number for resource 29f3d04c-116c-430f-8fc0-991fb252e0b2 (type: ports) to 1
2026-05-10 02:02:42.470 9 INFO neutron.wsgi [None req-46e2ba2e-235f-4a85-b7b2-eda0a2878abd 868280d2e70c4f0ea9ff15eeaa097b35 487411658de8464f9606419cad3de3f7 - - default default] 10.0.0.160 "POST /v2.0/networks HTTP/1.1" status: 201 len: 946 time: 1.5819008
2026-05-10 02:02:42.475 9 INFO neutron.db.ovn_revision_numbers_db [None req-7d6bca0c-c8a6-4a76-9acc-f7536ae04dd0 868280d2e70c4f0ea9ff15eeaa097b35 487411658de8464f9606419cad3de3f7 - - default default] Successfully bumped revision number for resource 0fdbdff3-5dac-4789-86f2-62a2559d3b4b (type: ports) to 1 /var/lib/openstack/lib/python3.10/site-packages/pycadf/identifier.py:71: UserWarning: Invalid uuid: neutron. To ensure interoperability, identifiers should be a valid uuid. warnings.warn(('Invalid uuid: %s. To ensure interoperability, '
2026-05-10 02:02:42.503 9 INFO neutron.wsgi [None req-7d6bca0c-c8a6-4a76-9acc-f7536ae04dd0 868280d2e70c4f0ea9ff15eeaa097b35 487411658de8464f9606419cad3de3f7 - - default default] 10.0.0.160 "POST /v2.0/networks HTTP/1.1" status: 201 len: 943 time: 1.1965697
2026-05-10 02:02:42.630 9 WARNING neutron.scheduler.dhcp_agent_scheduler [None req-62c45692-59d1-4660-a58a-95cb708479b7 868280d2e70c4f0ea9ff15eeaa097b35 487411658de8464f9606419cad3de3f7 - - default default] No more DHCP agents
2026-05-10 02:02:42.632 9 WARNING neutron.api.rpc.agentnotifiers.dhcp_rpc_agent_api [None req-62c45692-59d1-4660-a58a-95cb708479b7 868280d2e70c4f0ea9ff15eeaa097b35 487411658de8464f9606419cad3de3f7 - - default default] Unable to schedule network 391d36d4-46b5-412e-bfe1-808c7023d092: no agents available; will retry on subsequent port and subnet creation events.
2026-05-10 02:02:42.728 10 WARNING neutron.scheduler.dhcp_agent_scheduler [None req-7c8084c9-955b-40ec-906f-726c62023113 868280d2e70c4f0ea9ff15eeaa097b35 487411658de8464f9606419cad3de3f7 - - default default] No more DHCP agents
2026-05-10 02:02:42.738 10 WARNING neutron.api.rpc.agentnotifiers.dhcp_rpc_agent_api [None req-7c8084c9-955b-40ec-906f-726c62023113 868280d2e70c4f0ea9ff15eeaa097b35 487411658de8464f9606419cad3de3f7 - - default default] Unable to schedule network 3f6eeecf-9a60-46e3-ab4f-eba0da1d3280: no agents available; will retry on subsequent port and subnet creation events.
2026-05-10 02:02:42.807 10 WARNING neutron.scheduler.dhcp_agent_scheduler [None req-6bacfb69-52e5-42de-9b00-2b9a025f35d3 dc30ce714d964acf83c195a5915911f3 97cdca9f0a704bd296d0082870024695 - - default default] No more DHCP agents
2026-05-10 02:02:42.816 10 WARNING neutron.api.rpc.agentnotifiers.dhcp_rpc_agent_api [None req-6bacfb69-52e5-42de-9b00-2b9a025f35d3 dc30ce714d964acf83c195a5915911f3 97cdca9f0a704bd296d0082870024695 - - default default] Unable to schedule network 9dd86716-6fa7-42f3-884f-09700d01cf60: no agents available; will retry on subsequent port and subnet creation events.
2026-05-10 02:02:43.036 10 INFO neutron.db.ovn_revision_numbers_db [None req-6bacfb69-52e5-42de-9b00-2b9a025f35d3 dc30ce714d964acf83c195a5915911f3 97cdca9f0a704bd296d0082870024695 - - default default] Successfully bumped revision number for resource 4f28bbce-9ffb-4daa-b150-4dd03f7dab2b (type: ports) to 1
2026-05-10 02:02:43.066 10 INFO neutron.wsgi [None req-6bacfb69-52e5-42de-9b00-2b9a025f35d3 dc30ce714d964acf83c195a5915911f3 97cdca9f0a704bd296d0082870024695 - - default default] 10.0.0.160 "POST /v2.0/ports HTTP/1.1" status: 201 len: 1154 time: 0.7399673
2026-05-10 02:02:43.078 9 WARNING neutron_lib.context [None req-3b33d8af-c972-467c-a93a-38f16b43de8c dc30ce714d964acf83c195a5915911f3 97cdca9f0a704bd296d0082870024695 - - default default] Method 'is_advsvc' is deprecated since 2023.2 release (neutron-lib 3.8.0) and will be removed once support for the old RBAC API policies will be removed from Neutron. Please use method 'is_service_role' instead.
2026-05-10 02:02:43.208 9 INFO neutron.db.ovn_revision_numbers_db [None req-62c45692-59d1-4660-a58a-95cb708479b7 868280d2e70c4f0ea9ff15eeaa097b35 487411658de8464f9606419cad3de3f7 - - default default] Successfully bumped revision number for resource 29f3d04c-116c-430f-8fc0-991fb252e0b2 (type: ports) to 2
2026-05-10 02:02:43.257 9 INFO neutron.db.ovn_revision_numbers_db [None req-62c45692-59d1-4660-a58a-95cb708479b7 868280d2e70c4f0ea9ff15eeaa097b35 487411658de8464f9606419cad3de3f7 - - default default] Successfully bumped revision number for resource 276879cd-6721-4035-9e76-61dd30e6abca (type: subnets) to 0
2026-05-10 02:02:43.285 9 INFO neutron.wsgi [None req-62c45692-59d1-4660-a58a-95cb708479b7 868280d2e70c4f0ea9ff15eeaa097b35 487411658de8464f9606419cad3de3f7 - - default default] 10.0.0.160 "POST /v2.0/subnets HTTP/1.1" status: 201 len: 867 time: 0.8066831
2026-05-10 02:02:43.342 10 INFO neutron.db.ovn_revision_numbers_db [None req-7c8084c9-955b-40ec-906f-726c62023113 868280d2e70c4f0ea9ff15eeaa097b35 487411658de8464f9606419cad3de3f7 - - default default] Successfully bumped revision number for resource 0fdbdff3-5dac-4789-86f2-62a2559d3b4b (type: ports) to 2
2026-05-10 02:02:43.377 10 INFO neutron.db.ovn_revision_numbers_db [None req-7c8084c9-955b-40ec-906f-726c62023113 868280d2e70c4f0ea9ff15eeaa097b35 487411658de8464f9606419cad3de3f7 - - default default] Successfully bumped revision number for resource 24bda5c2-a425-405b-9193-dada3b6f9e11 (type: subnets) to 0
2026-05-10 02:02:43.392 10 INFO neutron.wsgi [None req-7c8084c9-955b-40ec-906f-726c62023113 868280d2e70c4f0ea9ff15eeaa097b35 487411658de8464f9606419cad3de3f7 - - default default] 10.0.0.160 "POST /v2.0/subnets HTTP/1.1" status: 201 len: 863 time: 0.8820162 /var/lib/openstack/lib/python3.10/site-packages/pycadf/identifier.py:71: UserWarning: Invalid uuid: neutron. To ensure interoperability, identifiers should be a valid uuid. warnings.warn(('Invalid uuid: %s. To ensure interoperability, '
2026-05-10 02:02:43.619 9 WARNING neutron.scheduler.dhcp_agent_scheduler [None req-3b33d8af-c972-467c-a93a-38f16b43de8c dc30ce714d964acf83c195a5915911f3 97cdca9f0a704bd296d0082870024695 - - default default] No more DHCP agents
2026-05-10 02:02:43.622 9 WARNING neutron.api.rpc.agentnotifiers.dhcp_rpc_agent_api [None req-3b33d8af-c972-467c-a93a-38f16b43de8c dc30ce714d964acf83c195a5915911f3 97cdca9f0a704bd296d0082870024695 - - default default] Unable to schedule network b246701a-2479-4ffc-8add-3b81c9f5633e: no agents available; will retry on subsequent port and subnet creation events.
2026-05-10 02:02:43.787 9 WARNING neutron.plugins.ml2.drivers.ovn.mech_driver.ovsdb.ovn_client [None req-19072341-a9ee-4646-9c5a-7059975f3612 - - - - - -] No hosting information found for port b5bc8b3c-b751-4b3d-8e8d-d1453628a001: RuntimeError: No hosting information found for port b5bc8b3c-b751-4b3d-8e8d-d1453628a001
2026-05-10 02:02:43.863 10 WARNING neutron.scheduler.dhcp_agent_scheduler [None req-f4adbf36-c870-4eae-9f15-f25722696c87 868280d2e70c4f0ea9ff15eeaa097b35 487411658de8464f9606419cad3de3f7 - - default default] No more DHCP agents
2026-05-10 02:02:43.864 10 WARNING neutron.api.rpc.agentnotifiers.dhcp_rpc_agent_api [None req-f4adbf36-c870-4eae-9f15-f25722696c87 868280d2e70c4f0ea9ff15eeaa097b35 487411658de8464f9606419cad3de3f7 - - default default] Unable to schedule network b246701a-2479-4ffc-8add-3b81c9f5633e: no agents available; will retry on subsequent port and subnet creation events.
2026-05-10 02:02:44.038 10 INFO neutron.db.ovn_revision_numbers_db [None req-f4adbf36-c870-4eae-9f15-f25722696c87 868280d2e70c4f0ea9ff15eeaa097b35 487411658de8464f9606419cad3de3f7 - - default default] Successfully bumped revision number for resource 291ef5b4-7601-4744-9828-d045cfaebed8 (type: ports) to 1
2026-05-10 02:02:44.142 9 WARNING neutron.scheduler.dhcp_agent_scheduler [None req-efe9aa24-8ced-4884-bc56-c91d3720e269 868280d2e70c4f0ea9ff15eeaa097b35 487411658de8464f9606419cad3de3f7 - - default default] No more DHCP agents
2026-05-10 02:02:44.152 9 WARNING neutron.api.rpc.agentnotifiers.dhcp_rpc_agent_api [None req-efe9aa24-8ced-4884-bc56-c91d3720e269 868280d2e70c4f0ea9ff15eeaa097b35 487411658de8464f9606419cad3de3f7 - - default default] Unable to schedule network b246701a-2479-4ffc-8add-3b81c9f5633e: no agents available; will retry on subsequent port and subnet creation events.
2026-05-10 02:02:44.345 9 INFO neutron.db.ovn_revision_numbers_db [None req-efe9aa24-8ced-4884-bc56-c91d3720e269 868280d2e70c4f0ea9ff15eeaa097b35 487411658de8464f9606419cad3de3f7 - - default default] Successfully bumped revision number for resource 78933292-95eb-472e-996d-7c535adff431 (type: ports) to 1
2026-05-10 02:02:44.874 9 INFO neutron.db.ovn_revision_numbers_db [None req-3b33d8af-c972-467c-a93a-38f16b43de8c dc30ce714d964acf83c195a5915911f3 97cdca9f0a704bd296d0082870024695 - - default default] Successfully bumped revision number for resource df0eb0ab-e03f-41e5-b148-d9977ce01a62 (type: floatingips) to -1
2026-05-10 02:02:44.876 10 INFO neutron.plugins.ml2.drivers.ovn.mech_driver.ovsdb.commands [None req-e78a3133-334c-48a3-95dc-6411bfe00838 - - - - - -] Schedule LRP lrp-291ef5b4-7601-4744-9828-d045cfaebed8 on gateway 8ccc48a2-88d2-4fc0-b159-4a9ed9f1bd8d with priority 1
2026-05-10 02:02:44.901 9 INFO neutron.plugins.ml2.drivers.ovn.mech_driver.mech_driver [None req-19072341-a9ee-4646-9c5a-7059975f3612 - - - - - -] OVN reports status up for port: 291ef5b4-7601-4744-9828-d045cfaebed8
2026-05-10 02:02:44.923 10 INFO neutron.db.ovn_revision_numbers_db [None req-f4adbf36-c870-4eae-9f15-f25722696c87 868280d2e70c4f0ea9ff15eeaa097b35 487411658de8464f9606419cad3de3f7 - - default default] Successfully bumped revision number for resource 291ef5b4-7601-4744-9828-d045cfaebed8 (type: router_ports) to 1
2026-05-10 02:02:44.929 9 INFO neutron.plugins.ml2.drivers.ovn.mech_driver.ovsdb.ovsdb_monitor [None req-577624d1-d87a-4786-9e96-ac4388a74b79 - - - - - -] Router 41d52ad5-7043-4ba0-99c9-086d08ed2acf is bound to host instance
2026-05-10 02:02:44.943 9 INFO neutron.plugins.ml2.plugin [None req-19072341-a9ee-4646-9c5a-7059975f3612 - - - - - -] Attempt 1 to provision port 291ef5b4-7601-4744-9828-d045cfaebed8
2026-05-10 02:02:44.991 9 INFO neutron.db.ovn_revision_numbers_db [None req-95691ed5-03bd-43d6-8599-0fe4ac861bcf 868280d2e70c4f0ea9ff15eeaa097b35 487411658de8464f9606419cad3de3f7 - - default default] Successfully bumped revision number for resource 0922f8ab-ff99-4b18-a8cc-fb70feb8d99a (type: security_groups) to 1
2026-05-10 02:02:45.008 10 INFO neutron.db.ovn_revision_numbers_db [None req-f4adbf36-c870-4eae-9f15-f25722696c87 868280d2e70c4f0ea9ff15eeaa097b35 487411658de8464f9606419cad3de3f7 - - default default] Successfully bumped revision number for resource 41d52ad5-7043-4ba0-99c9-086d08ed2acf (type: routers) to 2
2026-05-10 02:02:45.033 10 INFO neutron.wsgi [None req-f4adbf36-c870-4eae-9f15-f25722696c87 868280d2e70c4f0ea9ff15eeaa097b35 487411658de8464f9606419cad3de3f7 - - default default] 10.0.0.160 "POST /v2.0/routers HTTP/1.1" status: 201 len: 1165 time: 1.6364491
2026-05-10 02:02:45.046 9 INFO neutron.db.ovn_revision_numbers_db [None req-95691ed5-03bd-43d6-8599-0fe4ac861bcf 868280d2e70c4f0ea9ff15eeaa097b35 487411658de8464f9606419cad3de3f7 - - default default] Successfully bumped revision number for resource 4f82d579-7278-472c-ac73-0e1606aad597 (type: security_group_rules) to 0
2026-05-10 02:02:45.090 9 INFO neutron.db.ovn_revision_numbers_db [None req-95691ed5-03bd-43d6-8599-0fe4ac861bcf 868280d2e70c4f0ea9ff15eeaa097b35 487411658de8464f9606419cad3de3f7 - - default default] Successfully bumped revision number for resource 6c26070f-0148-435f-a06f-36f76081408b (type: security_group_rules) to 0
2026-05-10 02:02:45.134 9 INFO neutron.db.ovn_revision_numbers_db [None req-95691ed5-03bd-43d6-8599-0fe4ac861bcf 868280d2e70c4f0ea9ff15eeaa097b35 487411658de8464f9606419cad3de3f7 - - default default] Successfully bumped revision number for resource b5458a19-38d4-4d00-ab1a-0af06929457e (type: security_group_rules) to 0
2026-05-10 02:02:45.181 9 INFO neutron.db.ovn_revision_numbers_db [None req-95691ed5-03bd-43d6-8599-0fe4ac861bcf 868280d2e70c4f0ea9ff15eeaa097b35 487411658de8464f9606419cad3de3f7 - - default default] Successfully bumped revision number for resource e85dd7c9-2a08-4050-b9f5-df0aa1d5a071 (type: security_group_rules) to 0
2026-05-10 02:02:45.227 9 INFO neutron.wsgi [None req-95691ed5-03bd-43d6-8599-0fe4ac861bcf 868280d2e70c4f0ea9ff15eeaa097b35 487411658de8464f9606419cad3de3f7 - - default default] 10.0.0.160 "GET /v2.0/security-groups?tenant_id=a68ea2e1d8124d3ab09fc077b436aed6&name=default HTTP/1.1" status: 200 len: 3120 time: 0.9216671
2026-05-10 02:02:45.247 9 INFO neutron.db.ovn_revision_numbers_db [None req-3b33d8af-c972-467c-a93a-38f16b43de8c dc30ce714d964acf83c195a5915911f3 97cdca9f0a704bd296d0082870024695 - - default default] Successfully bumped revision number for resource df0eb0ab-e03f-41e5-b148-d9977ce01a62 (type: floatingips) to 1
2026-05-10 02:02:45.247 9 INFO neutron.db.l3_db [None req-3b33d8af-c972-467c-a93a-38f16b43de8c dc30ce714d964acf83c195a5915911f3 97cdca9f0a704bd296d0082870024695 - - default default] Floating IP df0eb0ab-e03f-41e5-b148-d9977ce01a62 associated. External IP: 10.96.250.217, port: 4f28bbce-9ffb-4daa-b150-4dd03f7dab2b.
2026-05-10 02:02:45.321 9 INFO neutron.wsgi [None req-3b33d8af-c972-467c-a93a-38f16b43de8c dc30ce714d964acf83c195a5915911f3 97cdca9f0a704bd296d0082870024695 - - default default] 10.0.0.160 "POST /v2.0/floatingips HTTP/1.1" status: 201 len: 1041 time: 2.2483585
2026-05-10 02:02:45.605 10 INFO neutron.db.ovn_revision_numbers_db [None req-765bd334-a8ad-4c52-b0e7-1ebe388f49dc dc30ce714d964acf83c195a5915911f3 97cdca9f0a704bd296d0082870024695 - - default default] Successfully bumped revision number for resource df0eb0ab-e03f-41e5-b148-d9977ce01a62 (type: floatingips) to 2
2026-05-10 02:02:45.611 9 INFO neutron.plugins.ml2.drivers.ovn.mech_driver.ovsdb.commands [None req-0944408f-4692-41b4-9704-6295407afb7d - - - - - -] Schedule LRP lrp-78933292-95eb-472e-996d-7c535adff431 on gateway 8ccc48a2-88d2-4fc0-b159-4a9ed9f1bd8d with priority 1
2026-05-10 02:02:45.657 10 INFO neutron.plugins.ml2.drivers.ovn.mech_driver.ovsdb.ovsdb_monitor [None req-c6cca3ea-d37e-4ed7-bc3f-f88954d427a4 - - - - - -] Router 721886c4-9240-4fe0-aaa0-6f49db036fbe is bound to host instance
2026-05-10 02:02:45.671 9 INFO neutron.db.ovn_revision_numbers_db [None req-efe9aa24-8ced-4884-bc56-c91d3720e269 868280d2e70c4f0ea9ff15eeaa097b35 487411658de8464f9606419cad3de3f7 - - default default] Successfully bumped revision number for resource 78933292-95eb-472e-996d-7c535adff431 (type: router_ports) to 1
2026-05-10 02:02:45.698 10 INFO neutron.wsgi [None req-58cda61f-075c-4363-8f30-2f04a014cde7 868280d2e70c4f0ea9ff15eeaa097b35 487411658de8464f9606419cad3de3f7 - - default default] 10.0.0.160 "DELETE /v2.0/security-groups/0922f8ab-ff99-4b18-a8cc-fb70feb8d99a HTTP/1.1" status: 204 len: 168 time: 0.4646261
2026-05-10 02:02:45.719 10 INFO neutron.db.l3_db [None req-765bd334-a8ad-4c52-b0e7-1ebe388f49dc dc30ce714d964acf83c195a5915911f3 97cdca9f0a704bd296d0082870024695 - - default default] Floating IP df0eb0ab-e03f-41e5-b148-d9977ce01a62 disassociated. External IP: 10.96.250.217, port: 4f28bbce-9ffb-4daa-b150-4dd03f7dab2b.
2026-05-10 02:02:45.751 9 INFO neutron.db.ovn_revision_numbers_db [None req-efe9aa24-8ced-4884-bc56-c91d3720e269 868280d2e70c4f0ea9ff15eeaa097b35 487411658de8464f9606419cad3de3f7 - - default default] Successfully bumped revision number for resource 721886c4-9240-4fe0-aaa0-6f49db036fbe (type: routers) to 2
2026-05-10 02:02:45.758 10 WARNING neutron.scheduler.dhcp_agent_scheduler [None req-50a1a8d2-93e6-4913-8adc-7a2bed8ac86b 868280d2e70c4f0ea9ff15eeaa097b35 487411658de8464f9606419cad3de3f7 - - default default] No more DHCP agents
2026-05-10 02:02:45.761 10 WARNING neutron.api.rpc.agentnotifiers.dhcp_rpc_agent_api [None req-50a1a8d2-93e6-4913-8adc-7a2bed8ac86b 868280d2e70c4f0ea9ff15eeaa097b35 487411658de8464f9606419cad3de3f7 - - default default] Unable to schedule network 3f6eeecf-9a60-46e3-ab4f-eba0da1d3280: no agents available; will retry on subsequent port and subnet creation events.
2026-05-10 02:02:45.770 9 INFO neutron.wsgi [None req-efe9aa24-8ced-4884-bc56-c91d3720e269 868280d2e70c4f0ea9ff15eeaa097b35 487411658de8464f9606419cad3de3f7 - - default default] 10.0.0.160 "POST /v2.0/routers HTTP/1.1" status: 201 len: 1169 time: 2.4785607 /var/lib/openstack/lib/python3.10/site-packages/pycadf/identifier.py:71: UserWarning: Invalid uuid: neutron. To ensure interoperability, identifiers should be a valid uuid. warnings.warn(('Invalid uuid: %s. To ensure interoperability, '
2026-05-10 02:02:45.793 10 INFO neutron.wsgi [None req-765bd334-a8ad-4c52-b0e7-1ebe388f49dc dc30ce714d964acf83c195a5915911f3 97cdca9f0a704bd296d0082870024695 - - default default] 10.0.0.160 "PUT /v2.0/floatingips/df0eb0ab-e03f-41e5-b148-d9977ce01a62 HTTP/1.1" status: 200 len: 748 time: 0.4603176
2026-05-10 02:02:46.119 10 INFO neutron.db.ovn_revision_numbers_db [None req-50a1a8d2-93e6-4913-8adc-7a2bed8ac86b 868280d2e70c4f0ea9ff15eeaa097b35 487411658de8464f9606419cad3de3f7 - - default default] Successfully bumped revision number for resource 2c959fe3-3011-407e-9d37-9c22daa0c0d5 (type: ports) to 1
2026-05-10 02:02:46.125 10 INFO neutron.db.ovn_revision_numbers_db [None req-6b6d218e-4c5d-414d-94ae-315d01543557 868280d2e70c4f0ea9ff15eeaa097b35 487411658de8464f9606419cad3de3f7 - - default default] Successfully bumped revision number for resource 676d8851-6667-4785-8aad-ace138347b8c (type: security_groups) to 1
2026-05-10 02:02:46.167 10 INFO neutron.db.ovn_revision_numbers_db [None req-6b6d218e-4c5d-414d-94ae-315d01543557 868280d2e70c4f0ea9ff15eeaa097b35 487411658de8464f9606419cad3de3f7 - - default default] Successfully bumped revision number for resource 578a2ed8-efd8-496d-945c-1130447d8fa9 (type: security_group_rules) to 0
2026-05-10 02:02:46.223 9 INFO neutron.db.ovn_revision_numbers_db [None req-577624d1-d87a-4786-9e96-ac4388a74b79 - - - - - -] Successfully bumped revision number for resource 291ef5b4-7601-4744-9828-d045cfaebed8 (type: ports) to 1
2026-05-10 02:02:46.226 10 INFO neutron.db.ovn_revision_numbers_db [None req-6b6d218e-4c5d-414d-94ae-315d01543557 868280d2e70c4f0ea9ff15eeaa097b35 487411658de8464f9606419cad3de3f7 - - default default] Successfully bumped revision number for resource 6a536855-d79c-4769-86d0-2726fe5e11a3 (type: security_group_rules) to 0
2026-05-10 02:02:46.477 10 INFO neutron.db.ovn_revision_numbers_db [None req-6b6d218e-4c5d-414d-94ae-315d01543557 868280d2e70c4f0ea9ff15eeaa097b35 487411658de8464f9606419cad3de3f7 - - default default] Successfully bumped revision number for resource 90a9bc3c-4e9e-4f73-bf44-73d73f34b536 (type: security_group_rules) to 0
2026-05-10 02:02:46.503 10 INFO neutron.db.ovn_revision_numbers_db [None req-6b6d218e-4c5d-414d-94ae-315d01543557 868280d2e70c4f0ea9ff15eeaa097b35 487411658de8464f9606419cad3de3f7 - - default default] Successfully bumped revision number for resource a7caa168-b95e-4578-8f50-33b1584050bd (type: security_group_rules) to 0
2026-05-10 02:02:46.548 10 INFO neutron.wsgi [None req-6b6d218e-4c5d-414d-94ae-315d01543557 868280d2e70c4f0ea9ff15eeaa097b35 487411658de8464f9606419cad3de3f7 - - default default] 10.0.0.160 "GET /v2.0/security-groups?tenant_id=46ca7ab28145489081355bb2d2593cf3&name=default HTTP/1.1" status: 200 len: 3120 time: 0.7210848
2026-05-10 02:02:46.698 9 WARNING neutron.scheduler.dhcp_agent_scheduler [None req-cb940869-c81b-49c6-ab10-daf59ba70adc 868280d2e70c4f0ea9ff15eeaa097b35 487411658de8464f9606419cad3de3f7 - - default default] No more DHCP agents
2026-05-10 02:02:46.702 9 WARNING neutron.api.rpc.agentnotifiers.dhcp_rpc_agent_api [None req-cb940869-c81b-49c6-ab10-daf59ba70adc 868280d2e70c4f0ea9ff15eeaa097b35 487411658de8464f9606419cad3de3f7 - - default default] Unable to schedule network 391d36d4-46b5-412e-bfe1-808c7023d092: no agents available; will retry on subsequent port and subnet creation events.
2026-05-10 02:02:46.748 9 INFO neutron.db.ovn_revision_numbers_db [None req-577624d1-d87a-4786-9e96-ac4388a74b79 - - - - - -] Successfully bumped revision number for resource 291ef5b4-7601-4744-9828-d045cfaebed8 (type: router_ports) to 3
2026-05-10 02:02:46.785 10 INFO neutron.wsgi [None req-bc2f6308-d3dc-491d-b996-17b6360756b7 dc30ce714d964acf83c195a5915911f3 97cdca9f0a704bd296d0082870024695 - - default default] 10.0.0.160 "DELETE /v2.0/floatingips/df0eb0ab-e03f-41e5-b148-d9977ce01a62 HTTP/1.1" status: 204 len: 168 time: 0.9844723
2026-05-10 02:02:46.799 10 WARNING neutron_lib.context [None req-02aa4704-71eb-44cf-bec7-37d7a1946a16 dc30ce714d964acf83c195a5915911f3 97cdca9f0a704bd296d0082870024695 - - default default] Method 'is_advsvc' is deprecated since 2023.2 release (neutron-lib 3.8.0) and will be removed once support for the old RBAC API policies will be removed from Neutron. Please use method 'is_service_role' instead.
2026-05-10 02:02:46.823 10 WARNING neutron.plugins.ml2.drivers.ovn.mech_driver.ovsdb.ovn_client [None req-03cd97d3-af92-482b-a084-515d42e34b97 - - - - - -] No hosting information found for port 2235e03e-8b0a-4c92-b45f-a1c27b375e40: RuntimeError: No hosting information found for port 2235e03e-8b0a-4c92-b45f-a1c27b375e40
2026-05-10 02:02:46.823 10 INFO neutron.plugins.ml2.drivers.ovn.mech_driver.mech_driver [None req-03cd97d3-af92-482b-a084-515d42e34b97 - - - - - -] OVN reports status up for port: 78933292-95eb-472e-996d-7c535adff431
2026-05-10 02:02:46.863 10 INFO neutron.plugins.ml2.plugin [None req-03cd97d3-af92-482b-a084-515d42e34b97 - - - - - -] Attempt 1 to provision port 78933292-95eb-472e-996d-7c535adff431
2026-05-10 02:02:46.886 9 INFO neutron.db.ovn_revision_numbers_db [None req-cb940869-c81b-49c6-ab10-daf59ba70adc 868280d2e70c4f0ea9ff15eeaa097b35 487411658de8464f9606419cad3de3f7 - - default default] Successfully bumped revision number for resource 8b129322-2f3b-45a3-8f1f-0374e7428e12 (type: ports) to 1
2026-05-10 02:02:47.034 9 INFO neutron.db.ovn_revision_numbers_db [None req-577624d1-d87a-4786-9e96-ac4388a74b79 - - - - - -] Successfully bumped revision number for resource 291ef5b4-7601-4744-9828-d045cfaebed8 (type: ports) to 2
2026-05-10 02:02:47.214 10 INFO neutron.wsgi [None req-2458844e-5865-4877-8bb6-0f9e53d482e3 868280d2e70c4f0ea9ff15eeaa097b35 487411658de8464f9606419cad3de3f7 - - default default] 10.0.0.160 "DELETE /v2.0/security-groups/676d8851-6667-4785-8aad-ace138347b8c HTTP/1.1" status: 204 len: 168 time: 0.6560614
2026-05-10 02:02:47.233 10 INFO neutron.db.ovn_revision_numbers_db [None req-c6cca3ea-d37e-4ed7-bc3f-f88954d427a4 - - - - - -] Successfully bumped revision number for resource 78933292-95eb-472e-996d-7c535adff431 (type: ports) to 1
2026-05-10 02:02:47.368 10 WARNING neutron.scheduler.dhcp_agent_scheduler [None req-02aa4704-71eb-44cf-bec7-37d7a1946a16 dc30ce714d964acf83c195a5915911f3 97cdca9f0a704bd296d0082870024695 - - default default] No more DHCP agents
2026-05-10 02:02:47.390 10 WARNING neutron.api.rpc.agentnotifiers.dhcp_rpc_agent_api [None req-02aa4704-71eb-44cf-bec7-37d7a1946a16 dc30ce714d964acf83c195a5915911f3 97cdca9f0a704bd296d0082870024695 - - default default] Unable to schedule network b246701a-2479-4ffc-8add-3b81c9f5633e: no agents available; will retry on subsequent port and subnet creation events.
2026-05-10 02:02:47.414 10 ERROR ovsdbapp.backend.ovs_idl.command [None req-50a1a8d2-93e6-4913-8adc-7a2bed8ac86b 868280d2e70c4f0ea9ff15eeaa097b35 487411658de8464f9606419cad3de3f7 - - default default] Error executing command (DbGetCommand): ovsdbapp.backend.ovs_idl.idlutils.RowNotFound: Cannot find Logical_Router_Port with name=lrp-2c959fe3-3011-407e-9d37-9c22daa0c0d5
2026-05-10 02:02:47.414 10 ERROR ovsdbapp.backend.ovs_idl.command
Traceback (most recent call last):
2026-05-10 02:02:47.414 10 ERROR ovsdbapp.backend.ovs_idl.command
File "/var/lib/openstack/lib/python3.10/site-packages/ovsdbapp/backend/ovs_idl/command.py", line 47, in execute
2026-05-10 02:02:47.414 10 ERROR ovsdbapp.backend.ovs_idl.command self.run_idl(None)
2026-05-10 02:02:47.414 10 ERROR ovsdbapp.backend.ovs_idl.command
File "/var/lib/openstack/lib/python3.10/site-packages/ovsdbapp/backend/ovs_idl/command.py", line 235, in run_idl
2026-05-10 02:02:47.414 10 ERROR ovsdbapp.backend.ovs_idl.command record = self.api.lookup(self.table, self.record)
2026-05-10 02:02:47.414 10 ERROR ovsdbapp.backend.ovs_idl.command
File "/var/lib/openstack/lib/python3.10/site-packages/ovsdbapp/backend/ovs_idl/__init__.py", line 184, in lookup
2026-05-10 02:02:47.414 10 ERROR ovsdbapp.backend.ovs_idl.command return self._lookup(table, record)
2026-05-10 02:02:47.414 10 ERROR ovsdbapp.backend.ovs_idl.command
File "/var/lib/openstack/lib/python3.10/site-packages/ovsdbapp/backend/ovs_idl/__init__.py", line 235, in _lookup
2026-05-10 02:02:47.414 10 ERROR ovsdbapp.backend.ovs_idl.command row = idlutils.row_by_value(self, rl.table, rl.column, record)
2026-05-10 02:02:47.414 10 ERROR ovsdbapp.backend.ovs_idl.command
File "/var/lib/openstack/lib/python3.10/site-packages/ovsdbapp/backend/ovs_idl/idlutils.py", line 114, in row_by_value
2026-05-10 02:02:47.414 10 ERROR ovsdbapp.backend.ovs_idl.command raise RowNotFound(table=table, col=column, match=match)
2026-05-10 02:02:47.414 10 ERROR ovsdbapp.backend.ovs_idl.command ovsdbapp.backend.ovs_idl.idlutils.RowNotFound: Cannot find Logical_Router_Port with name=lrp-2c959fe3-3011-407e-9d37-9c22daa0c0d5
2026-05-10 02:02:47.414 10 ERROR ovsdbapp.backend.ovs_idl.command 
2026-05-10 02:02:47.415 10 ERROR neutron_lib.callbacks.manager [None req-50a1a8d2-93e6-4913-8adc-7a2bed8ac86b 868280d2e70c4f0ea9ff15eeaa097b35 487411658de8464f9606419cad3de3f7 - - default default] Error during notification for neutron.services.ovn_l3.plugin.OVNL3RouterPlugin._port_update-8745738097391 port, after_update: ovsdbapp.backend.ovs_idl.idlutils.RowNotFound: Cannot find Logical_Router_Port with name=lrp-2c959fe3-3011-407e-9d37-9c22daa0c0d5
2026-05-10 02:02:47.415 10 ERROR neutron_lib.callbacks.manager
Traceback (most recent call last):
2026-05-10 02:02:47.415 10 ERROR neutron_lib.callbacks.manager
File "/var/lib/openstack/lib/python3.10/site-packages/neutron_lib/callbacks/manager.py", line 189, in _notify_loop
2026-05-10 02:02:47.415 10 ERROR neutron_lib.callbacks.manager callback.method(resource, event, trigger, payload=payload)
2026-05-10 02:02:47.415 10 ERROR neutron_lib.callbacks.manager
File "/var/lib/openstack/lib/python3.10/site-packages/neutron/services/ovn_l3/plugin.py", line 391, in _port_update
2026-05-10 02:02:47.415 10 ERROR neutron_lib.callbacks.manager l3plugin._ovn_client.update_router_port(context,
2026-05-10 02:02:47.415 10 ERROR neutron_lib.callbacks.manager
File "/var/lib/openstack/lib/python3.10/site-packages/neutron/plugins/ml2/drivers/ovn/mech_driver/ovsdb/ovn_client.py", line 1878, in update_router_port
2026-05-10 02:02:47.415 10 ERROR neutron_lib.callbacks.manager self._update_lrouter_port(context, port, if_exists=if_exists,
2026-05-10 02:02:47.415 10 ERROR neutron_lib.callbacks.manager
File "/var/lib/openstack/lib/python3.10/site-packages/neutron/plugins/ml2/drivers/ovn/mech_driver/ovsdb/ovn_client.py", line 1855, in _update_lrouter_port
2026-05-10 02:02:47.415 10 ERROR neutron_lib.callbacks.manager external_ids = self._nb_idl.db_get(
2026-05-10 02:02:47.415 10 ERROR neutron_lib.callbacks.manager
File "/var/lib/openstack/lib/python3.10/site-packages/ovsdbapp/backend/ovs_idl/command.py", line 47, in execute
2026-05-10 02:02:47.415 10 ERROR neutron_lib.callbacks.manager self.run_idl(None)
2026-05-10 02:02:47.415 10 ERROR neutron_lib.callbacks.manager
File "/var/lib/openstack/lib/python3.10/site-packages/ovsdbapp/backend/ovs_idl/command.py", line 235, in run_idl
2026-05-10 02:02:47.415 10 ERROR neutron_lib.callbacks.manager record = self.api.lookup(self.table, self.record)
2026-05-10 02:02:47.415 10 ERROR neutron_lib.callbacks.manager
File "/var/lib/openstack/lib/python3.10/site-packages/ovsdbapp/backend/ovs_idl/__init__.py", line 184, in lookup
2026-05-10 02:02:47.415 10 ERROR neutron_lib.callbacks.manager return self._lookup(table, record)
2026-05-10 02:02:47.415 10 ERROR neutron_lib.callbacks.manager
File "/var/lib/openstack/lib/python3.10/site-packages/ovsdbapp/backend/ovs_idl/__init__.py", line 235, in _lookup
2026-05-10 02:02:47.415 10 ERROR neutron_lib.callbacks.manager row = idlutils.row_by_value(self, rl.table, rl.column, record)
2026-05-10 02:02:47.415 10 ERROR neutron_lib.callbacks.manager
File "/var/lib/openstack/lib/python3.10/site-packages/ovsdbapp/backend/ovs_idl/idlutils.py", line 114, in row_by_value
2026-05-10 02:02:47.415 10 ERROR neutron_lib.callbacks.manager raise RowNotFound(table=table, col=column, match=match)
2026-05-10 02:02:47.415 10 ERROR neutron_lib.callbacks.manager ovsdbapp.backend.ovs_idl.idlutils.RowNotFound: Cannot find Logical_Router_Port with name=lrp-2c959fe3-3011-407e-9d37-9c22daa0c0d5
2026-05-10 02:02:47.415 10 ERROR neutron_lib.callbacks.manager 
2026-05-10 02:02:47.535 9 INFO neutron.wsgi [-] 10.0.0.244 "GET / HTTP/1.1" status: 200 len: 246 time: 0.0013707
2026-05-10 02:02:47.539 10 INFO neutron.wsgi [-] 10.0.0.244 "GET / HTTP/1.1" status: 200 len: 246 time: 0.0014040
2026-05-10 02:02:47.813 9 ERROR ovsdbapp.backend.ovs_idl.command [None req-cb940869-c81b-49c6-ab10-daf59ba70adc 868280d2e70c4f0ea9ff15eeaa097b35 487411658de8464f9606419cad3de3f7 - - default default] Error executing command (DbGetCommand): ovsdbapp.backend.ovs_idl.idlutils.RowNotFound: Cannot find Logical_Router_Port with name=lrp-8b129322-2f3b-45a3-8f1f-0374e7428e12
2026-05-10 02:02:47.813 9 ERROR ovsdbapp.backend.ovs_idl.command
Traceback (most recent call last):
2026-05-10 02:02:47.813 9 ERROR ovsdbapp.backend.ovs_idl.command
File "/var/lib/openstack/lib/python3.10/site-packages/ovsdbapp/backend/ovs_idl/command.py", line 47, in execute
2026-05-10 02:02:47.813 9 ERROR ovsdbapp.backend.ovs_idl.command self.run_idl(None)
2026-05-10 02:02:47.813 9 ERROR ovsdbapp.backend.ovs_idl.command
File "/var/lib/openstack/lib/python3.10/site-packages/ovsdbapp/backend/ovs_idl/command.py", line 235, in run_idl
2026-05-10 02:02:47.813 9 ERROR ovsdbapp.backend.ovs_idl.command record = self.api.lookup(self.table, self.record)
2026-05-10 02:02:47.813 9 ERROR ovsdbapp.backend.ovs_idl.command
File "/var/lib/openstack/lib/python3.10/site-packages/ovsdbapp/backend/ovs_idl/__init__.py", line 184, in lookup
2026-05-10 02:02:47.813 9 ERROR ovsdbapp.backend.ovs_idl.command return self._lookup(table, record)
2026-05-10 02:02:47.813 9 ERROR ovsdbapp.backend.ovs_idl.command
File "/var/lib/openstack/lib/python3.10/site-packages/ovsdbapp/backend/ovs_idl/__init__.py", line 235, in _lookup
2026-05-10 02:02:47.813 9 ERROR ovsdbapp.backend.ovs_idl.command row = idlutils.row_by_value(self, rl.table, rl.column, record)
2026-05-10 02:02:47.813 9 ERROR ovsdbapp.backend.ovs_idl.command
File "/var/lib/openstack/lib/python3.10/site-packages/ovsdbapp/backend/ovs_idl/idlutils.py", line 114, in row_by_value
2026-05-10 02:02:47.813 9 ERROR ovsdbapp.backend.ovs_idl.command raise RowNotFound(table=table, col=column, match=match)
2026-05-10 02:02:47.813 9 ERROR ovsdbapp.backend.ovs_idl.command ovsdbapp.backend.ovs_idl.idlutils.RowNotFound: Cannot find Logical_Router_Port with name=lrp-8b129322-2f3b-45a3-8f1f-0374e7428e12
2026-05-10 02:02:47.813 9 ERROR ovsdbapp.backend.ovs_idl.command 
2026-05-10 02:02:47.814 9 ERROR neutron_lib.callbacks.manager [None req-cb940869-c81b-49c6-ab10-daf59ba70adc 868280d2e70c4f0ea9ff15eeaa097b35 487411658de8464f9606419cad3de3f7 - - default default] Error during notification for neutron.services.ovn_l3.plugin.OVNL3RouterPlugin._port_update-8745738097391 port, after_update: ovsdbapp.backend.ovs_idl.idlutils.RowNotFound: Cannot find Logical_Router_Port with name=lrp-8b129322-2f3b-45a3-8f1f-0374e7428e12
2026-05-10 02:02:47.814 9 ERROR neutron_lib.callbacks.manager
Traceback (most recent call last):
2026-05-10 02:02:47.814 9 ERROR neutron_lib.callbacks.manager
File "/var/lib/openstack/lib/python3.10/site-packages/neutron_lib/callbacks/manager.py", line 189, in _notify_loop
2026-05-10 02:02:47.814 9 ERROR neutron_lib.callbacks.manager callback.method(resource, event, trigger, payload=payload)
2026-05-10 02:02:47.814 9 ERROR neutron_lib.callbacks.manager
File "/var/lib/openstack/lib/python3.10/site-packages/neutron/services/ovn_l3/plugin.py", line 391, in _port_update
2026-05-10 02:02:47.814 9 ERROR neutron_lib.callbacks.manager l3plugin._ovn_client.update_router_port(context,
2026-05-10 02:02:47.814 9 ERROR neutron_lib.callbacks.manager
File "/var/lib/openstack/lib/python3.10/site-packages/neutron/plugins/ml2/drivers/ovn/mech_driver/ovsdb/ovn_client.py", line 1878, in update_router_port
2026-05-10 02:02:47.814 9 ERROR neutron_lib.callbacks.manager self._update_lrouter_port(context, port, if_exists=if_exists,
2026-05-10 02:02:47.814 9 ERROR neutron_lib.callbacks.manager
File "/var/lib/openstack/lib/python3.10/site-packages/neutron/plugins/ml2/drivers/ovn/mech_driver/ovsdb/ovn_client.py", line 1855, in _update_lrouter_port
2026-05-10 02:02:47.814 9 ERROR neutron_lib.callbacks.manager external_ids = self._nb_idl.db_get(
2026-05-10 02:02:47.814 9 ERROR neutron_lib.callbacks.manager
File "/var/lib/openstack/lib/python3.10/site-packages/ovsdbapp/backend/ovs_idl/command.py", line 47, in execute
2026-05-10 02:02:47.814 9 ERROR neutron_lib.callbacks.manager self.run_idl(None)
2026-05-10 02:02:47.814 9 ERROR neutron_lib.callbacks.manager
File "/var/lib/openstack/lib/python3.10/site-packages/ovsdbapp/backend/ovs_idl/command.py", line 235, in run_idl
2026-05-10 02:02:47.814 9 ERROR neutron_lib.callbacks.manager record = self.api.lookup(self.table, self.record)
2026-05-10 02:02:47.814 9 ERROR neutron_lib.callbacks.manager
File "/var/lib/openstack/lib/python3.10/site-packages/ovsdbapp/backend/ovs_idl/__init__.py", line 184, in lookup
2026-05-10 02:02:47.814 9 ERROR neutron_lib.callbacks.manager return self._lookup(table, record)
2026-05-10 02:02:47.814 9 ERROR neutron_lib.callbacks.manager
File "/var/lib/openstack/lib/python3.10/site-packages/ovsdbapp/backend/ovs_idl/__init__.py", line 235, in _lookup
2026-05-10 02:02:47.814 9 ERROR neutron_lib.callbacks.manager row = idlutils.row_by_value(self, rl.table, rl.column, record)
2026-05-10 02:02:47.814 9 ERROR neutron_lib.callbacks.manager
File "/var/lib/openstack/lib/python3.10/site-packages/ovsdbapp/backend/ovs_idl/idlutils.py", line 114, in row_by_value
2026-05-10 02:02:47.814 9 ERROR neutron_lib.callbacks.manager raise RowNotFound(table=table, col=column, match=match)
2026-05-10 02:02:47.814 9 ERROR neutron_lib.callbacks.manager ovsdbapp.backend.ovs_idl.idlutils.RowNotFound: Cannot find Logical_Router_Port with name=lrp-8b129322-2f3b-45a3-8f1f-0374e7428e12
2026-05-10 02:02:47.814 9 ERROR neutron_lib.callbacks.manager 
2026-05-10 02:02:47.870 9 INFO neutron.db.ovn_revision_numbers_db [None req-577624d1-d87a-4786-9e96-ac4388a74b79 - - - - - -] Successfully bumped revision number for resource 291ef5b4-7601-4744-9828-d045cfaebed8 (type: ports) to 4
2026-05-10 02:02:48.115 9 INFO neutron.plugins.ml2.drivers.ovn.mech_driver.mech_driver [None req-19072341-a9ee-4646-9c5a-7059975f3612 - - - - - -] OVN reports status up for port: 2c959fe3-3011-407e-9d37-9c22daa0c0d5
2026-05-10 02:02:48.129 9 INFO neutron.plugins.ml2.plugin [None req-19072341-a9ee-4646-9c5a-7059975f3612 - - - - - -] Attempt 1 to provision port 2c959fe3-3011-407e-9d37-9c22daa0c0d5
2026-05-10 02:02:48.156 9 INFO neutron.db.ovn_revision_numbers_db [None req-cb940869-c81b-49c6-ab10-daf59ba70adc 868280d2e70c4f0ea9ff15eeaa097b35 487411658de8464f9606419cad3de3f7 - - default default] Successfully bumped revision number for resource 8b129322-2f3b-45a3-8f1f-0374e7428e12 (type: ports) to 1
2026-05-10 02:02:48.160 10 INFO neutron.db.ovn_revision_numbers_db [None req-50a1a8d2-93e6-4913-8adc-7a2bed8ac86b 868280d2e70c4f0ea9ff15eeaa097b35 487411658de8464f9606419cad3de3f7 - - default default] Successfully bumped revision number for resource 2c959fe3-3011-407e-9d37-9c22daa0c0d5 (type: ports) to 1
2026-05-10 02:02:48.280 10 INFO neutron.db.ovn_revision_numbers_db [None req-c6cca3ea-d37e-4ed7-bc3f-f88954d427a4 - - - - - -] Successfully bumped revision number for resource 78933292-95eb-472e-996d-7c535adff431 (type: router_ports) to 3
2026-05-10 02:02:48.292 9 WARNING neutron.scheduler.dhcp_agent_scheduler [None req-cb940869-c81b-49c6-ab10-daf59ba70adc 868280d2e70c4f0ea9ff15eeaa097b35 487411658de8464f9606419cad3de3f7 - - default default] No more DHCP agents
2026-05-10 02:02:48.296 9 WARNING neutron.api.rpc.agentnotifiers.dhcp_rpc_agent_api [None req-cb940869-c81b-49c6-ab10-daf59ba70adc 868280d2e70c4f0ea9ff15eeaa097b35 487411658de8464f9606419cad3de3f7 - - default default] Unable to schedule network 391d36d4-46b5-412e-bfe1-808c7023d092: no agents available; will retry on subsequent port and subnet creation events.
2026-05-10 02:02:48.298 10 WARNING neutron.scheduler.dhcp_agent_scheduler [None req-50a1a8d2-93e6-4913-8adc-7a2bed8ac86b 868280d2e70c4f0ea9ff15eeaa097b35 487411658de8464f9606419cad3de3f7 - - default default] No more DHCP agents
2026-05-10 02:02:48.300 10 WARNING neutron.api.rpc.agentnotifiers.dhcp_rpc_agent_api [None req-50a1a8d2-93e6-4913-8adc-7a2bed8ac86b 868280d2e70c4f0ea9ff15eeaa097b35 487411658de8464f9606419cad3de3f7 - - default default] Unable to schedule network 3f6eeecf-9a60-46e3-ab4f-eba0da1d3280: no agents available; will retry on subsequent port and subnet creation events.
2026-05-10 02:02:48.306 9 INFO neutron.db.ovn_revision_numbers_db [None req-577624d1-d87a-4786-9e96-ac4388a74b79 - - - - - -] Successfully bumped revision number for resource 291ef5b4-7601-4744-9828-d045cfaebed8 (type: router_ports) to 4
2026-05-10 02:02:48.363 15 INFO neutron.plugins.ml2.drivers.ovn.mech_driver.ovsdb.maintenance [None req-51dc0baa-de3f-4daa-bd0c-d413ad70be4a - - - - - -] Maintenance task: Synchronization completed (took 0.77 seconds)
2026-05-10 02:02:48.709 10 INFO neutron.db.ovn_revision_numbers_db [None req-c6cca3ea-d37e-4ed7-bc3f-f88954d427a4 - - - - - -] Successfully bumped revision number for resource 78933292-95eb-472e-996d-7c535adff431 (type: ports) to 2
2026-05-10 02:02:48.930 9 INFO neutron.db.ovn_revision_numbers_db [None req-19072341-a9ee-4646-9c5a-7059975f3612 - - - - - -] Successfully bumped revision number for resource 2c959fe3-3011-407e-9d37-9c22daa0c0d5 (type: ports) to 2
2026-05-10 02:02:49.079 9 ERROR ovsdbapp.backend.ovs_idl.command [None req-19072341-a9ee-4646-9c5a-7059975f3612 - - - - - -] Error executing command (DbGetCommand): ovsdbapp.backend.ovs_idl.idlutils.RowNotFound: Cannot find Logical_Router_Port with name=lrp-2c959fe3-3011-407e-9d37-9c22daa0c0d5
2026-05-10 02:02:49.079 9 ERROR ovsdbapp.backend.ovs_idl.command
Traceback (most recent call last):
2026-05-10 02:02:49.079 9 ERROR ovsdbapp.backend.ovs_idl.command
File "/var/lib/openstack/lib/python3.10/site-packages/ovsdbapp/backend/ovs_idl/command.py", line 47, in execute
2026-05-10 02:02:49.079 9 ERROR ovsdbapp.backend.ovs_idl.command self.run_idl(None)
2026-05-10 02:02:49.079 9 ERROR ovsdbapp.backend.ovs_idl.command
File "/var/lib/openstack/lib/python3.10/site-packages/ovsdbapp/backend/ovs_idl/command.py", line 235, in run_idl
2026-05-10 02:02:49.079 9 ERROR ovsdbapp.backend.ovs_idl.command record = self.api.lookup(self.table, self.record)
2026-05-10 02:02:49.079 9 ERROR ovsdbapp.backend.ovs_idl.command
File "/var/lib/openstack/lib/python3.10/site-packages/ovsdbapp/backend/ovs_idl/__init__.py", line 184, in lookup
2026-05-10 02:02:49.079 9 ERROR ovsdbapp.backend.ovs_idl.command return self._lookup(table, record)
2026-05-10 02:02:49.079 9 ERROR ovsdbapp.backend.ovs_idl.command
File "/var/lib/openstack/lib/python3.10/site-packages/ovsdbapp/backend/ovs_idl/__init__.py", line 235, in _lookup
2026-05-10 02:02:49.079 9 ERROR ovsdbapp.backend.ovs_idl.command row = idlutils.row_by_value(self, rl.table, rl.column, record)
2026-05-10 02:02:49.079 9 ERROR ovsdbapp.backend.ovs_idl.command
File "/var/lib/openstack/lib/python3.10/site-packages/ovsdbapp/backend/ovs_idl/idlutils.py", line 114, in row_by_value
2026-05-10 02:02:49.079 9 ERROR ovsdbapp.backend.ovs_idl.command raise RowNotFound(table=table, col=column, match=match)
2026-05-10 02:02:49.079 9 ERROR ovsdbapp.backend.ovs_idl.command ovsdbapp.backend.ovs_idl.idlutils.RowNotFound: Cannot find Logical_Router_Port with name=lrp-2c959fe3-3011-407e-9d37-9c22daa0c0d5
2026-05-10 02:02:49.079 9 ERROR ovsdbapp.backend.ovs_idl.command 
2026-05-10 02:02:49.079 9 ERROR neutron_lib.callbacks.manager [None req-19072341-a9ee-4646-9c5a-7059975f3612 - - - - - -] Error during notification for neutron.services.ovn_l3.plugin.OVNL3RouterPlugin._port_update-8745738097391 port, after_update: ovsdbapp.backend.ovs_idl.idlutils.RowNotFound: Cannot find Logical_Router_Port with name=lrp-2c959fe3-3011-407e-9d37-9c22daa0c0d5
2026-05-10 02:02:49.079 9 ERROR neutron_lib.callbacks.manager
Traceback (most recent call last):
2026-05-10 02:02:49.079 9 ERROR neutron_lib.callbacks.manager
File "/var/lib/openstack/lib/python3.10/site-packages/neutron_lib/callbacks/manager.py", line 189, in _notify_loop
2026-05-10 02:02:49.079 9 ERROR neutron_lib.callbacks.manager callback.method(resource, event, trigger, payload=payload)
2026-05-10 02:02:49.079 9 ERROR neutron_lib.callbacks.manager
File "/var/lib/openstack/lib/python3.10/site-packages/neutron/services/ovn_l3/plugin.py", line 391, in _port_update
2026-05-10 02:02:49.079 9 ERROR neutron_lib.callbacks.manager l3plugin._ovn_client.update_router_port(context,
2026-05-10 02:02:49.079 9 ERROR neutron_lib.callbacks.manager
File "/var/lib/openstack/lib/python3.10/site-packages/neutron/plugins/ml2/drivers/ovn/mech_driver/ovsdb/ovn_client.py", line 1878, in update_router_port
2026-05-10 02:02:49.079 9 ERROR neutron_lib.callbacks.manager self._update_lrouter_port(context, port, if_exists=if_exists,
2026-05-10 02:02:49.079 9 ERROR neutron_lib.callbacks.manager
File "/var/lib/openstack/lib/python3.10/site-packages/neutron/plugins/ml2/drivers/ovn/mech_driver/ovsdb/ovn_client.py", line 1855, in _update_lrouter_port
2026-05-10 02:02:49.079 9 ERROR neutron_lib.callbacks.manager external_ids = self._nb_idl.db_get(
2026-05-10 02:02:49.079 9 ERROR neutron_lib.callbacks.manager
File "/var/lib/openstack/lib/python3.10/site-packages/ovsdbapp/backend/ovs_idl/command.py", line 47, in execute
2026-05-10 02:02:49.079 9 ERROR neutron_lib.callbacks.manager self.run_idl(None)
2026-05-10 02:02:49.079 9 ERROR neutron_lib.callbacks.manager
File "/var/lib/openstack/lib/python3.10/site-packages/ovsdbapp/backend/ovs_idl/command.py", line 235, in run_idl
2026-05-10 02:02:49.079 9 ERROR neutron_lib.callbacks.manager record = self.api.lookup(self.table, self.record)
2026-05-10 02:02:49.079 9 ERROR neutron_lib.callbacks.manager
File "/var/lib/openstack/lib/python3.10/site-packages/ovsdbapp/backend/ovs_idl/__init__.py", line 184, in lookup
2026-05-10 02:02:49.079 9 ERROR neutron_lib.callbacks.manager return self._lookup(table, record)
2026-05-10 02:02:49.079 9 ERROR neutron_lib.callbacks.manager
File "/var/lib/openstack/lib/python3.10/site-packages/ovsdbapp/backend/ovs_idl/__init__.py", line 235, in _lookup
2026-05-10 02:02:49.079 9 ERROR neutron_lib.callbacks.manager row = idlutils.row_by_value(self, rl.table, rl.column, record)
2026-05-10 02:02:49.079 9 ERROR neutron_lib.callbacks.manager
File "/var/lib/openstack/lib/python3.10/site-packages/ovsdbapp/backend/ovs_idl/idlutils.py", line 114, in row_by_value
2026-05-10 02:02:49.079 9 ERROR neutron_lib.callbacks.manager raise RowNotFound(table=table, col=column, match=match)
2026-05-10 02:02:49.079 9 ERROR neutron_lib.callbacks.manager ovsdbapp.backend.ovs_idl.idlutils.RowNotFound: Cannot find Logical_Router_Port with name=lrp-2c959fe3-3011-407e-9d37-9c22daa0c0d5
2026-05-10 02:02:49.079 9 ERROR neutron_lib.callbacks.manager 
2026-05-10 02:02:49.216 10 INFO neutron.db.ovn_revision_numbers_db [None req-02aa4704-71eb-44cf-bec7-37d7a1946a16 dc30ce714d964acf83c195a5915911f3 97cdca9f0a704bd296d0082870024695 - - default default] Successfully bumped revision number for resource 272c2e17-09e7-492e-9f1f-6f8e54b73767 (type: floatingips) to -1
2026-05-10 02:02:49.356 9 INFO neutron.db.ovn_revision_numbers_db [None req-cb940869-c81b-49c6-ab10-daf59ba70adc 868280d2e70c4f0ea9ff15eeaa097b35 487411658de8464f9606419cad3de3f7 - - default default] Successfully bumped revision number for resource 8b129322-2f3b-45a3-8f1f-0374e7428e12 (type: router_ports) to 1
2026-05-10 02:02:49.365 9 INFO neutron.wsgi [None req-cb940869-c81b-49c6-ab10-daf59ba70adc 868280d2e70c4f0ea9ff15eeaa097b35 487411658de8464f9606419cad3de3f7 - - default default] 10.0.0.160 "PUT /v2.0/routers/721886c4-9240-4fe0-aaa0-6f49db036fbe/add_router_interface HTTP/1.1" status: 200 len: 503 time: 3.5902390
2026-05-10 02:02:49.456 10 INFO neutron.db.ovn_revision_numbers_db [None req-02aa4704-71eb-44cf-bec7-37d7a1946a16 dc30ce714d964acf83c195a5915911f3 97cdca9f0a704bd296d0082870024695 - - default default] Successfully bumped revision number for resource 272c2e17-09e7-492e-9f1f-6f8e54b73767 (type: floatingips) to 1
2026-05-10 02:02:49.456 10 INFO neutron.db.l3_db [None req-02aa4704-71eb-44cf-bec7-37d7a1946a16 dc30ce714d964acf83c195a5915911f3 97cdca9f0a704bd296d0082870024695 - - default default] Floating IP 272c2e17-09e7-492e-9f1f-6f8e54b73767 associated. External IP: 10.96.250.220, port: 93630b56-6e95-46c2-b6cf-207eefac36cb.
2026-05-10 02:02:49.531 10 INFO neutron.wsgi [None req-02aa4704-71eb-44cf-bec7-37d7a1946a16 dc30ce714d964acf83c195a5915911f3 97cdca9f0a704bd296d0082870024695 - - default default] 10.0.0.160 "POST /v2.0/floatingips HTTP/1.1" status: 201 len: 1041 time: 2.7376246 /var/lib/openstack/lib/python3.10/site-packages/pycadf/identifier.py:71: UserWarning: Invalid uuid: neutron. To ensure interoperability, identifiers should be a valid uuid. warnings.warn(('Invalid uuid: %s. To ensure interoperability, '
2026-05-10 02:02:49.586 9 INFO neutron.wsgi [None req-60a524b9-75f4-422e-81b6-9f94f3b9eea1 dc30ce714d964acf83c195a5915911f3 97cdca9f0a704bd296d0082870024695 - - default default] 10.0.0.160 "GET /v2.0/floatingips/272c2e17-09e7-492e-9f1f-6f8e54b73767 HTTP/1.1" status: 200 len: 1038 time: 0.0487802
2026-05-10 02:02:49.622 10 INFO neutron.db.ovn_revision_numbers_db [None req-c6cca3ea-d37e-4ed7-bc3f-f88954d427a4 - - - - - -] Successfully bumped revision number for resource 78933292-95eb-472e-996d-7c535adff431 (type: ports) to 4
2026-05-10 02:02:49.666 9 INFO neutron.wsgi [None req-b789639c-5a0d-436c-8d7a-209ab6cdb2a0 dc30ce714d964acf83c195a5915911f3 97cdca9f0a704bd296d0082870024695 - - default default] 10.0.0.160 "GET /v2.0/floatingips HTTP/1.1" status: 200 len: 1041 time: 0.0747709
2026-05-10 02:02:49.681 10 INFO neutron.db.ovn_revision_numbers_db [None req-50a1a8d2-93e6-4913-8adc-7a2bed8ac86b 868280d2e70c4f0ea9ff15eeaa097b35 487411658de8464f9606419cad3de3f7 - - default default] Successfully bumped revision number for resource 2c959fe3-3011-407e-9d37-9c22daa0c0d5 (type: router_ports) to 1
