2026-05-10 02:01:08.488 10 INFO neutron.wsgi [None req-7e8c2cb9-891b-4cb5-9916-d587d2f7940e 868280d2e70c4f0ea9ff15eeaa097b35 487411658de8464f9606419cad3de3f7 - - default default] 10.0.0.160 "GET /v2.0/security-groups HTTP/1.1" status: 200 len: 17597 time: 0.0474708
2026-05-10 02:01:08.504 10 INFO neutron.wsgi [None req-5142331f-cf7d-447f-b061-1afa6cf0b3b1 868280d2e70c4f0ea9ff15eeaa097b35 487411658de8464f9606419cad3de3f7 - - default default] 10.0.0.160 "GET /v2.0/subnetpools HTTP/1.1" status: 200 len: 212 time: 0.0101295
2026-05-10 02:01:17.537 10 INFO neutron.wsgi [-] 10.0.0.244 "GET / HTTP/1.1" status: 200 len: 246 time: 0.0020425
2026-05-10 02:01:17.539 10 INFO neutron.wsgi [-] 10.0.0.244 "GET / HTTP/1.1" status: 200 len: 246 time: 0.0013332
2026-05-10 02:01:20.211 10 INFO neutron.db.ovn_revision_numbers_db [None req-2e7ecec0-17f7-4b97-95c3-d354fe629dbf 868280d2e70c4f0ea9ff15eeaa097b35 487411658de8464f9606419cad3de3f7 - - default default] Successfully bumped revision number for resource b2cd4a40-1181-4366-a767-052f57d9e899 (type: security_groups) to 1
2026-05-10 02:01:20.214 9 INFO neutron.db.ovn_revision_numbers_db [None req-3b5217d2-c5b7-422b-8af7-019ca6e51d6a 868280d2e70c4f0ea9ff15eeaa097b35 487411658de8464f9606419cad3de3f7 - - default default] Successfully bumped revision number for resource 82912dd4-188c-4bfc-ae1e-5300ebc3a458 (type: security_groups) to 1
2026-05-10 02:01:20.226 10 INFO neutron.db.ovn_revision_numbers_db [None req-2e7ecec0-17f7-4b97-95c3-d354fe629dbf 868280d2e70c4f0ea9ff15eeaa097b35 487411658de8464f9606419cad3de3f7 - - default default] Successfully bumped revision number for resource 536768de-159e-48b3-a9a9-141b31babb86 (type: security_group_rules) to 0
2026-05-10 02:01:20.234 9 INFO neutron.db.ovn_revision_numbers_db [None req-3b5217d2-c5b7-422b-8af7-019ca6e51d6a 868280d2e70c4f0ea9ff15eeaa097b35 487411658de8464f9606419cad3de3f7 - - default default] Successfully bumped revision number for resource 1842dd2c-ff4f-444c-9481-06d963cc9210 (type: security_group_rules) to 0
2026-05-10 02:01:20.239 10 INFO neutron.db.ovn_revision_numbers_db [None req-2e7ecec0-17f7-4b97-95c3-d354fe629dbf 868280d2e70c4f0ea9ff15eeaa097b35 487411658de8464f9606419cad3de3f7 - - default default] Successfully bumped revision number for resource 80416cd8-6aa2-48a8-8790-96659cc77d67 (type: security_group_rules) to 0
2026-05-10 02:01:20.251 9 INFO neutron.db.ovn_revision_numbers_db [None req-3b5217d2-c5b7-422b-8af7-019ca6e51d6a 868280d2e70c4f0ea9ff15eeaa097b35 487411658de8464f9606419cad3de3f7 - - default default] Successfully bumped revision number for resource 285bacbe-9b7e-410e-9078-b566e249fe5a (type: security_group_rules) to 0
2026-05-10 02:01:20.255 10 INFO neutron.db.ovn_revision_numbers_db [None req-2e7ecec0-17f7-4b97-95c3-d354fe629dbf 868280d2e70c4f0ea9ff15eeaa097b35 487411658de8464f9606419cad3de3f7 - - default default] Successfully bumped revision number for resource c56ccb12-2bc7-44c9-ac71-3ce01266a932 (type: security_group_rules) to 0
2026-05-10 02:01:20.270 10 INFO neutron.db.ovn_revision_numbers_db [None req-2e7ecec0-17f7-4b97-95c3-d354fe629dbf 868280d2e70c4f0ea9ff15eeaa097b35 487411658de8464f9606419cad3de3f7 - - default default] Successfully bumped revision number for resource db8cb4e9-5340-4145-999b-e2fa9fe88628 (type: security_group_rules) to 0
2026-05-10 02:01:20.273 9 INFO neutron.db.ovn_revision_numbers_db [None req-3b5217d2-c5b7-422b-8af7-019ca6e51d6a 868280d2e70c4f0ea9ff15eeaa097b35 487411658de8464f9606419cad3de3f7 - - default default] Successfully bumped revision number for resource 6344cf27-8f05-4721-91b2-7f3c096f7a16 (type: security_group_rules) to 0
2026-05-10 02:01:20.293 9 INFO neutron.db.ovn_revision_numbers_db [None req-3b5217d2-c5b7-422b-8af7-019ca6e51d6a 868280d2e70c4f0ea9ff15eeaa097b35 487411658de8464f9606419cad3de3f7 - - default default] Successfully bumped revision number for resource 81c48640-ccb9-49b0-89dc-8dc0ffd20944 (type: security_group_rules) to 0
2026-05-10 02:01:20.313 9 INFO neutron.db.ovn_revision_numbers_db [None req-95fe2814-7072-4fc0-b7f5-0b32bbd1a2d3 868280d2e70c4f0ea9ff15eeaa097b35 487411658de8464f9606419cad3de3f7 - - default default] Successfully bumped revision number for resource 84f3a593-3f95-4939-bbed-f7ea4031c4c1 (type: security_groups) to 1
2026-05-10 02:01:20.326 9 INFO neutron.db.ovn_revision_numbers_db [None req-95fe2814-7072-4fc0-b7f5-0b32bbd1a2d3 868280d2e70c4f0ea9ff15eeaa097b35 487411658de8464f9606419cad3de3f7 - - default default] Successfully bumped revision number for resource 4a3092e5-7a1e-4d79-9376-18d1f53921aa (type: security_group_rules) to 0
2026-05-10 02:01:20.330 10 INFO neutron.db.segments_db [None req-2e7ecec0-17f7-4b97-95c3-d354fe629dbf 868280d2e70c4f0ea9ff15eeaa097b35 487411658de8464f9606419cad3de3f7 - - default default] Added segment 69a75dce-305d-468b-85e0-a51415fa0d84 of type geneve for network cd9e58fe-3861-4f7a-8d5b-e980ec08d9be
2026-05-10 02:01:20.345 9 INFO neutron.db.ovn_revision_numbers_db [None req-95fe2814-7072-4fc0-b7f5-0b32bbd1a2d3 868280d2e70c4f0ea9ff15eeaa097b35 487411658de8464f9606419cad3de3f7 - - default default] Successfully bumped revision number for resource 4bb07193-be17-4fe6-9853-15f2c74dc194 (type: security_group_rules) to 0
2026-05-10 02:01:20.360 9 INFO neutron.db.ovn_revision_numbers_db [None req-95fe2814-7072-4fc0-b7f5-0b32bbd1a2d3 868280d2e70c4f0ea9ff15eeaa097b35 487411658de8464f9606419cad3de3f7 - - default default] Successfully bumped revision number for resource 758b6908-725a-418e-b58a-8714c017277a (type: security_group_rules) to 0
2026-05-10 02:01:20.374 9 INFO neutron.db.segments_db [None req-3b5217d2-c5b7-422b-8af7-019ca6e51d6a 868280d2e70c4f0ea9ff15eeaa097b35 487411658de8464f9606419cad3de3f7 - - default default] Added segment 8ac462e2-c114-4699-814a-fe2fd127db4a of type geneve for network cf40954c-a730-434d-a40d-578a1ed71fcf
2026-05-10 02:01:20.386 9 INFO neutron.db.ovn_revision_numbers_db [None req-95fe2814-7072-4fc0-b7f5-0b32bbd1a2d3 868280d2e70c4f0ea9ff15eeaa097b35 487411658de8464f9606419cad3de3f7 - - default default] Successfully bumped revision number for resource cb8599b3-f98d-485b-980a-bdaa888ecad9 (type: security_group_rules) to 0
2026-05-10 02:01:20.479 9 INFO neutron.db.segments_db [None req-95fe2814-7072-4fc0-b7f5-0b32bbd1a2d3 868280d2e70c4f0ea9ff15eeaa097b35 487411658de8464f9606419cad3de3f7 - - default default] Added segment cbcaf0a0-66eb-4f2f-957f-3f849aa3ce17 of type geneve for network 300cb3dd-e1f8-4d48-b075-ec9de86f1101
2026-05-10 02:01:20.502 10 INFO neutron.db.ovn_revision_numbers_db [None req-2e7ecec0-17f7-4b97-95c3-d354fe629dbf 868280d2e70c4f0ea9ff15eeaa097b35 487411658de8464f9606419cad3de3f7 - - default default] Successfully bumped revision number for resource cd9e58fe-3861-4f7a-8d5b-e980ec08d9be (type: networks) to 1
2026-05-10 02:01:20.665 9 INFO neutron.db.ovn_revision_numbers_db [None req-3b5217d2-c5b7-422b-8af7-019ca6e51d6a 868280d2e70c4f0ea9ff15eeaa097b35 487411658de8464f9606419cad3de3f7 - - default default] Successfully bumped revision number for resource cf40954c-a730-434d-a40d-578a1ed71fcf (type: networks) to 1
2026-05-10 02:01:20.752 9 INFO neutron.db.ovn_revision_numbers_db [None req-95fe2814-7072-4fc0-b7f5-0b32bbd1a2d3 868280d2e70c4f0ea9ff15eeaa097b35 487411658de8464f9606419cad3de3f7 - - default default] Successfully bumped revision number for resource 300cb3dd-e1f8-4d48-b075-ec9de86f1101 (type: networks) to 1
2026-05-10 02:01:20.762 10 WARNING neutron.scheduler.dhcp_agent_scheduler [None req-2e7ecec0-17f7-4b97-95c3-d354fe629dbf 868280d2e70c4f0ea9ff15eeaa097b35 487411658de8464f9606419cad3de3f7 - - default default] No more DHCP agents
2026-05-10 02:01:20.765 10 WARNING neutron.api.rpc.agentnotifiers.dhcp_rpc_agent_api [None req-2e7ecec0-17f7-4b97-95c3-d354fe629dbf 868280d2e70c4f0ea9ff15eeaa097b35 487411658de8464f9606419cad3de3f7 - - default default] Unable to schedule network cd9e58fe-3861-4f7a-8d5b-e980ec08d9be: no agents available; will retry on subsequent port and subnet creation events.
2026-05-10 02:01:20.862 10 INFO neutron.db.ovn_revision_numbers_db [None req-2e7ecec0-17f7-4b97-95c3-d354fe629dbf 868280d2e70c4f0ea9ff15eeaa097b35 487411658de8464f9606419cad3de3f7 - - default default] Successfully bumped revision number for resource 04a7bcb3-9d4d-4bfa-bc0d-b9806c6a2b90 (type: ports) to 1
2026-05-10 02:01:20.889 10 INFO neutron.wsgi [None req-2e7ecec0-17f7-4b97-95c3-d354fe629dbf 868280d2e70c4f0ea9ff15eeaa097b35 487411658de8464f9606419cad3de3f7 - - default default] 10.0.0.160 "POST /v2.0/networks HTTP/1.1" status: 201 len: 950 time: 0.9120741
2026-05-10 02:01:20.930 10 INFO neutron.db.ovn_revision_numbers_db [None req-16c0fe2e-4b34-47a4-a485-2e047f52b814 868280d2e70c4f0ea9ff15eeaa097b35 487411658de8464f9606419cad3de3f7 - - default default] Successfully bumped revision number for resource 3496d41a-e754-4c72-a2a2-6fe89aae6395 (type: security_groups) to 1
2026-05-10 02:01:20.955 9 WARNING neutron.scheduler.dhcp_agent_scheduler [None req-3b5217d2-c5b7-422b-8af7-019ca6e51d6a 868280d2e70c4f0ea9ff15eeaa097b35 487411658de8464f9606419cad3de3f7 - - default default] No more DHCP agents
2026-05-10 02:01:20.956 10 INFO neutron.db.ovn_revision_numbers_db [None req-16c0fe2e-4b34-47a4-a485-2e047f52b814 868280d2e70c4f0ea9ff15eeaa097b35 487411658de8464f9606419cad3de3f7 - - default default] Successfully bumped revision number for resource 5df2063e-61e2-4efb-8f58-988053bcf163 (type: security_group_rules) to 0
2026-05-10 02:01:20.958 9 WARNING neutron.api.rpc.agentnotifiers.dhcp_rpc_agent_api [None req-3b5217d2-c5b7-422b-8af7-019ca6e51d6a 868280d2e70c4f0ea9ff15eeaa097b35 487411658de8464f9606419cad3de3f7 - - default default] Unable to schedule network cf40954c-a730-434d-a40d-578a1ed71fcf: no agents available; will retry on subsequent port and subnet creation events.
2026-05-10 02:01:20.972 10 INFO neutron.db.ovn_revision_numbers_db [None req-16c0fe2e-4b34-47a4-a485-2e047f52b814 868280d2e70c4f0ea9ff15eeaa097b35 487411658de8464f9606419cad3de3f7 - - default default] Successfully bumped revision number for resource 9a57aea0-f716-437c-8d29-3b854199061b (type: security_group_rules) to 0
2026-05-10 02:01:20.985 9 WARNING neutron.scheduler.dhcp_agent_scheduler [None req-95fe2814-7072-4fc0-b7f5-0b32bbd1a2d3 868280d2e70c4f0ea9ff15eeaa097b35 487411658de8464f9606419cad3de3f7 - - default default] No more DHCP agents
2026-05-10 02:01:20.990 10 INFO neutron.db.ovn_revision_numbers_db [None req-16c0fe2e-4b34-47a4-a485-2e047f52b814 868280d2e70c4f0ea9ff15eeaa097b35 487411658de8464f9606419cad3de3f7 - - default default] Successfully bumped revision number for resource bf7fa30f-b844-418f-9e6d-c472ea5059d6 (type: security_group_rules) to 0
2026-05-10 02:01:20.996 9 WARNING neutron.api.rpc.agentnotifiers.dhcp_rpc_agent_api [None req-95fe2814-7072-4fc0-b7f5-0b32bbd1a2d3 868280d2e70c4f0ea9ff15eeaa097b35 487411658de8464f9606419cad3de3f7 - - default default] Unable to schedule network 300cb3dd-e1f8-4d48-b075-ec9de86f1101: no agents available; will retry on subsequent port and subnet creation events.
2026-05-10 02:01:21.005 10 INFO neutron.db.ovn_revision_numbers_db [None req-16c0fe2e-4b34-47a4-a485-2e047f52b814 868280d2e70c4f0ea9ff15eeaa097b35 487411658de8464f9606419cad3de3f7 - - default default] Successfully bumped revision number for resource e944a130-003f-49da-a81e-3a444857e6c3 (type: security_group_rules) to 0
2026-05-10 02:01:21.043 10 INFO neutron.wsgi [None req-16c0fe2e-4b34-47a4-a485-2e047f52b814 868280d2e70c4f0ea9ff15eeaa097b35 487411658de8464f9606419cad3de3f7 - - default default] 10.0.0.160 "GET /v2.0/security-groups?tenant_id=20b88eb1d94f4da49afb9c094209eb3b&name=default HTTP/1.1" status: 200 len: 3116 time: 0.3554108
2026-05-10 02:01:21.090 10 WARNING neutron.scheduler.dhcp_agent_scheduler [None req-41d2b951-06d1-4355-a54d-a5b9c7ee7fbe 868280d2e70c4f0ea9ff15eeaa097b35 487411658de8464f9606419cad3de3f7 - - default default] No more DHCP agents
2026-05-10 02:01:21.092 10 WARNING neutron.api.rpc.agentnotifiers.dhcp_rpc_agent_api [None req-41d2b951-06d1-4355-a54d-a5b9c7ee7fbe 868280d2e70c4f0ea9ff15eeaa097b35 487411658de8464f9606419cad3de3f7 - - default default] Unable to schedule network cd9e58fe-3861-4f7a-8d5b-e980ec08d9be: no agents available; will retry on subsequent port and subnet creation events.
2026-05-10 02:01:21.097 9 INFO neutron.db.ovn_revision_numbers_db [None req-3b5217d2-c5b7-422b-8af7-019ca6e51d6a 868280d2e70c4f0ea9ff15eeaa097b35 487411658de8464f9606419cad3de3f7 - - default default] Successfully bumped revision number for resource 5991a10f-2aa5-447a-a348-c733fcba9d97 (type: ports) to 1
2026-05-10 02:01:21.120 9 INFO neutron.db.ovn_revision_numbers_db [None req-95fe2814-7072-4fc0-b7f5-0b32bbd1a2d3 868280d2e70c4f0ea9ff15eeaa097b35 487411658de8464f9606419cad3de3f7 - - default default] Successfully bumped revision number for resource 8a9a987b-f6fb-4821-8c11-12f4403e07c0 (type: ports) to 1
2026-05-10 02:01:21.123 9 INFO neutron.wsgi [None req-3b5217d2-c5b7-422b-8af7-019ca6e51d6a 868280d2e70c4f0ea9ff15eeaa097b35 487411658de8464f9606419cad3de3f7 - - default default] 10.0.0.160 "POST /v2.0/networks HTTP/1.1" status: 201 len: 946 time: 1.1950974
2026-05-10 02:01:21.153 9 INFO neutron.wsgi [None req-95fe2814-7072-4fc0-b7f5-0b32bbd1a2d3 868280d2e70c4f0ea9ff15eeaa097b35 487411658de8464f9606419cad3de3f7 - - default default] 10.0.0.160 "POST /v2.0/networks HTTP/1.1" status: 201 len: 954 time: 1.0338187
2026-05-10 02:01:21.328 9 WARNING neutron.scheduler.dhcp_agent_scheduler [None req-502b81e4-c034-49fe-99bc-69c028e5b61c 868280d2e70c4f0ea9ff15eeaa097b35 487411658de8464f9606419cad3de3f7 - - default default] No more DHCP agents
2026-05-10 02:01:21.331 9 WARNING neutron.api.rpc.agentnotifiers.dhcp_rpc_agent_api [None req-502b81e4-c034-49fe-99bc-69c028e5b61c 868280d2e70c4f0ea9ff15eeaa097b35 487411658de8464f9606419cad3de3f7 - - default default] Unable to schedule network cf40954c-a730-434d-a40d-578a1ed71fcf: no agents available; will retry on subsequent port and subnet creation events.
2026-05-10 02:01:21.365 9 WARNING neutron.scheduler.dhcp_agent_scheduler [None req-4b7651b0-ee19-44be-a7c1-4f22ccccd09c 868280d2e70c4f0ea9ff15eeaa097b35 487411658de8464f9606419cad3de3f7 - - default default] No more DHCP agents
2026-05-10 02:01:21.369 9 WARNING neutron.api.rpc.agentnotifiers.dhcp_rpc_agent_api [None req-4b7651b0-ee19-44be-a7c1-4f22ccccd09c 868280d2e70c4f0ea9ff15eeaa097b35 487411658de8464f9606419cad3de3f7 - - default default] Unable to schedule network 300cb3dd-e1f8-4d48-b075-ec9de86f1101: no agents available; will retry on subsequent port and subnet creation events.
2026-05-10 02:01:21.381 10 INFO neutron.wsgi [None req-33ab1523-ec10-4dd4-8cb0-ecd9d9222238 868280d2e70c4f0ea9ff15eeaa097b35 487411658de8464f9606419cad3de3f7 - - default default] 10.0.0.160 "DELETE /v2.0/security-groups/3496d41a-e754-4c72-a2a2-6fe89aae6395 HTTP/1.1" status: 204 len: 168 time: 0.3327601
2026-05-10 02:01:21.680 10 INFO neutron.db.ovn_revision_numbers_db [None req-41d2b951-06d1-4355-a54d-a5b9c7ee7fbe 868280d2e70c4f0ea9ff15eeaa097b35 487411658de8464f9606419cad3de3f7 - - default default] Successfully bumped revision number for resource 04a7bcb3-9d4d-4bfa-bc0d-b9806c6a2b90 (type: ports) to 2
2026-05-10 02:01:21.717 10 INFO neutron.db.ovn_revision_numbers_db [None req-41d2b951-06d1-4355-a54d-a5b9c7ee7fbe 868280d2e70c4f0ea9ff15eeaa097b35 487411658de8464f9606419cad3de3f7 - - default default] Successfully bumped revision number for resource 6f0f209a-4e8f-4ed2-a4c3-e077cedbc025 (type: subnets) to 0
2026-05-10 02:01:21.733 10 INFO neutron.wsgi [None req-41d2b951-06d1-4355-a54d-a5b9c7ee7fbe 868280d2e70c4f0ea9ff15eeaa097b35 487411658de8464f9606419cad3de3f7 - - default default] 10.0.0.160 "POST /v2.0/subnets HTTP/1.1" status: 201 len: 870 time: 0.8391054
2026-05-10 02:01:22.112 9 INFO neutron.db.ovn_revision_numbers_db [None req-502b81e4-c034-49fe-99bc-69c028e5b61c 868280d2e70c4f0ea9ff15eeaa097b35 487411658de8464f9606419cad3de3f7 - - default default] Successfully bumped revision number for resource 5991a10f-2aa5-447a-a348-c733fcba9d97 (type: ports) to 2
2026-05-10 02:01:22.138 9 INFO neutron.db.ovn_revision_numbers_db [None req-4b7651b0-ee19-44be-a7c1-4f22ccccd09c 868280d2e70c4f0ea9ff15eeaa097b35 487411658de8464f9606419cad3de3f7 - - default default] Successfully bumped revision number for resource 8a9a987b-f6fb-4821-8c11-12f4403e07c0 (type: ports) to 2
2026-05-10 02:01:22.165 9 INFO neutron.db.ovn_revision_numbers_db [None req-502b81e4-c034-49fe-99bc-69c028e5b61c 868280d2e70c4f0ea9ff15eeaa097b35 487411658de8464f9606419cad3de3f7 - - default default] Successfully bumped revision number for resource 62be02f0-e880-4531-baa1-e46a960a5891 (type: subnets) to 0
2026-05-10 02:01:22.184 9 INFO neutron.wsgi [None req-502b81e4-c034-49fe-99bc-69c028e5b61c 868280d2e70c4f0ea9ff15eeaa097b35 487411658de8464f9606419cad3de3f7 - - default default] 10.0.0.160 "POST /v2.0/subnets HTTP/1.1" status: 201 len: 866 time: 1.0553143
2026-05-10 02:01:22.184 9 INFO neutron.db.ovn_revision_numbers_db [None req-4b7651b0-ee19-44be-a7c1-4f22ccccd09c 868280d2e70c4f0ea9ff15eeaa097b35 487411658de8464f9606419cad3de3f7 - - default default] Successfully bumped revision number for resource 8b993829-66bd-4fe9-a10b-97222bc0574a (type: subnets) to 0
2026-05-10 02:01:22.207 9 INFO neutron.wsgi [None req-4b7651b0-ee19-44be-a7c1-4f22ccccd09c 868280d2e70c4f0ea9ff15eeaa097b35 487411658de8464f9606419cad3de3f7 - - default default] 10.0.0.160 "POST /v2.0/subnets HTTP/1.1" status: 201 len: 874 time: 1.0491300
2026-05-10 02:01:22.620 10 WARNING neutron.scheduler.dhcp_agent_scheduler [None req-e8d5d358-ecc3-4116-a40f-387ec58a7410 868280d2e70c4f0ea9ff15eeaa097b35 487411658de8464f9606419cad3de3f7 - - default default] No more DHCP agents
2026-05-10 02:01:22.625 10 WARNING neutron.api.rpc.agentnotifiers.dhcp_rpc_agent_api [None req-e8d5d358-ecc3-4116-a40f-387ec58a7410 868280d2e70c4f0ea9ff15eeaa097b35 487411658de8464f9606419cad3de3f7 - - default default] Unable to schedule network b246701a-2479-4ffc-8add-3b81c9f5633e: no agents available; will retry on subsequent port and subnet creation events.
2026-05-10 02:01:22.813 10 INFO neutron.db.ovn_revision_numbers_db [None req-e8d5d358-ecc3-4116-a40f-387ec58a7410 868280d2e70c4f0ea9ff15eeaa097b35 487411658de8464f9606419cad3de3f7 - - default default] Successfully bumped revision number for resource 9cef8223-4716-46d8-bca9-5d0ab8ac4802 (type: ports) to 1
2026-05-10 02:01:22.823 9 WARNING neutron.scheduler.dhcp_agent_scheduler [None req-00abb7ac-e767-4633-8e06-fb880414f137 868280d2e70c4f0ea9ff15eeaa097b35 487411658de8464f9606419cad3de3f7 - - default default] No more DHCP agents
2026-05-10 02:01:22.824 9 WARNING neutron.api.rpc.agentnotifiers.dhcp_rpc_agent_api [None req-00abb7ac-e767-4633-8e06-fb880414f137 868280d2e70c4f0ea9ff15eeaa097b35 487411658de8464f9606419cad3de3f7 - - default default] Unable to schedule network b246701a-2479-4ffc-8add-3b81c9f5633e: no agents available; will retry on subsequent port and subnet creation events.
2026-05-10 02:01:22.950 9 INFO neutron.db.ovn_revision_numbers_db [None req-00abb7ac-e767-4633-8e06-fb880414f137 868280d2e70c4f0ea9ff15eeaa097b35 487411658de8464f9606419cad3de3f7 - - default default] Successfully bumped revision number for resource d164e962-4b02-46d9-b1bc-f2f0ca4a0df4 (type: ports) to 1
2026-05-10 02:01:23.109 10 WARNING neutron.scheduler.dhcp_agent_scheduler [None req-c1d293d9-4236-4feb-bb64-e4b9b4184d87 868280d2e70c4f0ea9ff15eeaa097b35 487411658de8464f9606419cad3de3f7 - - default default] No more DHCP agents
2026-05-10 02:01:23.116 10 WARNING neutron.api.rpc.agentnotifiers.dhcp_rpc_agent_api [None req-c1d293d9-4236-4feb-bb64-e4b9b4184d87 868280d2e70c4f0ea9ff15eeaa097b35 487411658de8464f9606419cad3de3f7 - - default default] Unable to schedule network b246701a-2479-4ffc-8add-3b81c9f5633e: no agents available; will retry on subsequent port and subnet creation events.
2026-05-10 02:01:23.320 9 INFO neutron.plugins.ml2.drivers.ovn.mech_driver.ovsdb.extensions.qos [None req-00abb7ac-e767-4633-8e06-fb880414f137 868280d2e70c4f0ea9ff15eeaa097b35 487411658de8464f9606419cad3de3f7 - - default default] Starting OVNClientQosExtension
2026-05-10 02:01:23.352 10 INFO neutron.db.ovn_revision_numbers_db [None req-c1d293d9-4236-4feb-bb64-e4b9b4184d87 868280d2e70c4f0ea9ff15eeaa097b35 487411658de8464f9606419cad3de3f7 - - default default] Successfully bumped revision number for resource ee454815-7538-4356-bcd5-029c4e250b89 (type: ports) to 1
2026-05-10 02:01:23.527 9 INFO neutron.db.ovn_revision_numbers_db [None req-c8890078-2964-405a-97d6-e3833dad38fd 868280d2e70c4f0ea9ff15eeaa097b35 487411658de8464f9606419cad3de3f7 - - default default] Successfully bumped revision number for resource 887a56d9-4c76-4aa0-b3a0-e6201b3797e5 (type: security_groups) to 1
2026-05-10 02:01:23.547 9 INFO neutron.db.ovn_revision_numbers_db [None req-c8890078-2964-405a-97d6-e3833dad38fd 868280d2e70c4f0ea9ff15eeaa097b35 487411658de8464f9606419cad3de3f7 - - default default] Successfully bumped revision number for resource 45aebf35-acbe-4c17-b0ca-e5b92dbd1e23 (type: security_group_rules) to 0
2026-05-10 02:01:23.564 10 INFO neutron.plugins.ml2.drivers.ovn.mech_driver.ovsdb.extensions.qos [None req-e8d5d358-ecc3-4116-a40f-387ec58a7410 868280d2e70c4f0ea9ff15eeaa097b35 487411658de8464f9606419cad3de3f7 - - default default] Starting OVNClientQosExtension
2026-05-10 02:01:23.569 9 INFO neutron.db.ovn_revision_numbers_db [None req-c8890078-2964-405a-97d6-e3833dad38fd 868280d2e70c4f0ea9ff15eeaa097b35 487411658de8464f9606419cad3de3f7 - - default default] Successfully bumped revision number for resource 75d79a83-cedf-4b16-8eea-27344dbfcb3b (type: security_group_rules) to 0
2026-05-10 02:01:23.593 9 INFO neutron.db.ovn_revision_numbers_db [None req-c8890078-2964-405a-97d6-e3833dad38fd 868280d2e70c4f0ea9ff15eeaa097b35 487411658de8464f9606419cad3de3f7 - - default default] Successfully bumped revision number for resource cbef3897-1374-4d73-944d-312d29510119 (type: security_group_rules) to 0
2026-05-10 02:01:23.608 9 INFO neutron.db.ovn_revision_numbers_db [None req-c8890078-2964-405a-97d6-e3833dad38fd 868280d2e70c4f0ea9ff15eeaa097b35 487411658de8464f9606419cad3de3f7 - - default default] Successfully bumped revision number for resource e2288616-de4e-434c-8cb3-93d1d65d09b8 (type: security_group_rules) to 0
2026-05-10 02:01:23.662 9 INFO neutron.db.segments_db [None req-c8890078-2964-405a-97d6-e3833dad38fd 868280d2e70c4f0ea9ff15eeaa097b35 487411658de8464f9606419cad3de3f7 - - default default] Added segment 88807183-2ade-4963-b248-c101d36cbd7a of type geneve for network 19ded595-e3cf-4ee3-b2e8-e62572c0b7d0
2026-05-10 02:01:23.777 9 INFO neutron.plugins.ml2.drivers.ovn.mech_driver.ovsdb.commands [None req-0944408f-4692-41b4-9704-6295407afb7d - - - - - -] Schedule LRP lrp-d164e962-4b02-46d9-b1bc-f2f0ca4a0df4 on gateway 8ccc48a2-88d2-4fc0-b159-4a9ed9f1bd8d with priority 1
2026-05-10 02:01:23.801 9 INFO neutron.plugins.ml2.drivers.ovn.mech_driver.mech_driver [None req-19072341-a9ee-4646-9c5a-7059975f3612 - - - - - -] OVN reports status up for port: d164e962-4b02-46d9-b1bc-f2f0ca4a0df4
2026-05-10 02:01:23.829 9 INFO neutron.plugins.ml2.plugin [None req-19072341-a9ee-4646-9c5a-7059975f3612 - - - - - -] Attempt 1 to provision port d164e962-4b02-46d9-b1bc-f2f0ca4a0df4
2026-05-10 02:01:23.839 9 INFO neutron.db.ovn_revision_numbers_db [None req-00abb7ac-e767-4633-8e06-fb880414f137 868280d2e70c4f0ea9ff15eeaa097b35 487411658de8464f9606419cad3de3f7 - - default default] Successfully bumped revision number for resource d164e962-4b02-46d9-b1bc-f2f0ca4a0df4 (type: router_ports) to 1
2026-05-10 02:01:23.839 9 INFO neutron.db.ovn_revision_numbers_db [None req-c8890078-2964-405a-97d6-e3833dad38fd 868280d2e70c4f0ea9ff15eeaa097b35 487411658de8464f9606419cad3de3f7 - - default default] Successfully bumped revision number for resource 19ded595-e3cf-4ee3-b2e8-e62572c0b7d0 (type: networks) to 1
2026-05-10 02:01:23.909 10 INFO neutron.plugins.ml2.drivers.ovn.mech_driver.ovsdb.ovsdb_monitor [-] Router 1d303d9c-2911-4fd0-be2e-387dccac02d1 is bound to host instance
2026-05-10 02:01:23.966 9 INFO neutron.db.ovn_revision_numbers_db [None req-00abb7ac-e767-4633-8e06-fb880414f137 868280d2e70c4f0ea9ff15eeaa097b35 487411658de8464f9606419cad3de3f7 - - default default] Successfully bumped revision number for resource 1d303d9c-2911-4fd0-be2e-387dccac02d1 (type: routers) to 2
2026-05-10 02:01:23.988 9 INFO neutron.wsgi [None req-00abb7ac-e767-4633-8e06-fb880414f137 868280d2e70c4f0ea9ff15eeaa097b35 487411658de8464f9606419cad3de3f7 - - default default] 10.0.0.160 "POST /v2.0/routers HTTP/1.1" status: 201 len: 1168 time: 1.8006530
2026-05-10 02:01:24.066 9 WARNING neutron.scheduler.dhcp_agent_scheduler [None req-c8890078-2964-405a-97d6-e3833dad38fd 868280d2e70c4f0ea9ff15eeaa097b35 487411658de8464f9606419cad3de3f7 - - default default] No more DHCP agents
2026-05-10 02:01:24.069 9 WARNING neutron.api.rpc.agentnotifiers.dhcp_rpc_agent_api [None req-c8890078-2964-405a-97d6-e3833dad38fd 868280d2e70c4f0ea9ff15eeaa097b35 487411658de8464f9606419cad3de3f7 - - default default] Unable to schedule network 19ded595-e3cf-4ee3-b2e8-e62572c0b7d0: no agents available; will retry on subsequent port and subnet creation events.
2026-05-10 02:01:24.182 9 INFO neutron.db.ovn_revision_numbers_db [None req-c8890078-2964-405a-97d6-e3833dad38fd 868280d2e70c4f0ea9ff15eeaa097b35 487411658de8464f9606419cad3de3f7 - - default default] Successfully bumped revision number for resource c4e15e26-8d60-461d-bc2c-1a721ec9f640 (type: ports) to 1
2026-05-10 02:01:24.213 9 INFO neutron.wsgi [None req-c8890078-2964-405a-97d6-e3833dad38fd 868280d2e70c4f0ea9ff15eeaa097b35 487411658de8464f9606419cad3de3f7 - - default default] 10.0.0.160 "POST /v2.0/networks HTTP/1.1" status: 201 len: 946 time: 1.1456444
2026-05-10 02:01:24.279 10 INFO neutron.plugins.ml2.drivers.ovn.mech_driver.ovsdb.commands [None req-e78a3133-334c-48a3-95dc-6411bfe00838 - - - - - -] Schedule LRP lrp-9cef8223-4716-46d8-bca9-5d0ab8ac4802 on gateway 8ccc48a2-88d2-4fc0-b159-4a9ed9f1bd8d with priority 1
2026-05-10 02:01:24.315 10 INFO neutron.plugins.ml2.drivers.ovn.mech_driver.mech_driver [None req-03cd97d3-af92-482b-a084-515d42e34b97 - - - - - -] OVN reports status up for port: 9cef8223-4716-46d8-bca9-5d0ab8ac4802
2026-05-10 02:01:24.332 10 INFO neutron.plugins.ml2.plugin [None req-03cd97d3-af92-482b-a084-515d42e34b97 - - - - - -] Attempt 1 to provision port 9cef8223-4716-46d8-bca9-5d0ab8ac4802
2026-05-10 02:01:24.382 10 INFO neutron.db.ovn_revision_numbers_db [None req-e8d5d358-ecc3-4116-a40f-387ec58a7410 868280d2e70c4f0ea9ff15eeaa097b35 487411658de8464f9606419cad3de3f7 - - default default] Successfully bumped revision number for resource 9cef8223-4716-46d8-bca9-5d0ab8ac4802 (type: router_ports) to 1
2026-05-10 02:01:24.404 9 WARNING neutron.scheduler.dhcp_agent_scheduler [None req-c931e70e-d8a2-4e62-a41e-84dc20733931 868280d2e70c4f0ea9ff15eeaa097b35 487411658de8464f9606419cad3de3f7 - - default default] No more DHCP agents
2026-05-10 02:01:24.408 9 WARNING neutron.api.rpc.agentnotifiers.dhcp_rpc_agent_api [None req-c931e70e-d8a2-4e62-a41e-84dc20733931 868280d2e70c4f0ea9ff15eeaa097b35 487411658de8464f9606419cad3de3f7 - - default default] Unable to schedule network 19ded595-e3cf-4ee3-b2e8-e62572c0b7d0: no agents available; will retry on subsequent port and subnet creation events.
2026-05-10 02:01:24.669 10 INFO neutron.db.ovn_revision_numbers_db [None req-e8d5d358-ecc3-4116-a40f-387ec58a7410 868280d2e70c4f0ea9ff15eeaa097b35 487411658de8464f9606419cad3de3f7 - - default default] Successfully bumped revision number for resource 1416bd7c-f02e-4760-8109-b858cf2d244a (type: routers) to 2
2026-05-10 02:01:24.715 10 INFO neutron.wsgi [None req-e8d5d358-ecc3-4116-a40f-387ec58a7410 868280d2e70c4f0ea9ff15eeaa097b35 487411658de8464f9606419cad3de3f7 - - default default] 10.0.0.160 "POST /v2.0/routers HTTP/1.1" status: 201 len: 1172 time: 2.9775629
2026-05-10 02:01:24.765 9 WARNING neutron.scheduler.dhcp_agent_scheduler [None req-0b9e2e4f-602c-4d61-88fe-c36f1e0a782c 868280d2e70c4f0ea9ff15eeaa097b35 487411658de8464f9606419cad3de3f7 - - default default] No more DHCP agents
2026-05-10 02:01:24.768 9 WARNING neutron.api.rpc.agentnotifiers.dhcp_rpc_agent_api [None req-0b9e2e4f-602c-4d61-88fe-c36f1e0a782c 868280d2e70c4f0ea9ff15eeaa097b35 487411658de8464f9606419cad3de3f7 - - default default] Unable to schedule network cf40954c-a730-434d-a40d-578a1ed71fcf: no agents available; will retry on subsequent port and subnet creation events.
2026-05-10 02:01:24.808 10 INFO neutron.plugins.ml2.drivers.ovn.mech_driver.ovsdb.commands [None req-e78a3133-334c-48a3-95dc-6411bfe00838 - - - - - -] Schedule LRP lrp-ee454815-7538-4356-bcd5-029c4e250b89 on gateway 8ccc48a2-88d2-4fc0-b159-4a9ed9f1bd8d with priority 1
2026-05-10 02:01:24.830 9 INFO neutron.plugins.ml2.drivers.ovn.mech_driver.ovsdb.ovsdb_monitor [-] Router b5585204-a888-4111-8afd-6ad85969cf8d is bound to host instance
2026-05-10 02:01:24.902 10 INFO neutron.db.ovn_revision_numbers_db [None req-c1d293d9-4236-4feb-bb64-e4b9b4184d87 868280d2e70c4f0ea9ff15eeaa097b35 487411658de8464f9606419cad3de3f7 - - default default] Successfully bumped revision number for resource ee454815-7538-4356-bcd5-029c4e250b89 (type: router_ports) to 1
2026-05-10 02:01:25.023 10 INFO neutron.db.ovn_revision_numbers_db [None req-c1d293d9-4236-4feb-bb64-e4b9b4184d87 868280d2e70c4f0ea9ff15eeaa097b35 487411658de8464f9606419cad3de3f7 - - default default] Successfully bumped revision number for resource b5585204-a888-4111-8afd-6ad85969cf8d (type: routers) to 2
2026-05-10 02:01:25.053 10 INFO neutron.wsgi [None req-c1d293d9-4236-4feb-bb64-e4b9b4184d87 868280d2e70c4f0ea9ff15eeaa097b35 487411658de8464f9606419cad3de3f7 - - default default] 10.0.0.160 "POST /v2.0/routers HTTP/1.1" status: 201 len: 1176 time: 2.8395371
2026-05-10 02:01:25.056 9 INFO neutron.db.ovn_revision_numbers_db [None req-0b9e2e4f-602c-4d61-88fe-c36f1e0a782c 868280d2e70c4f0ea9ff15eeaa097b35 487411658de8464f9606419cad3de3f7 - - default default] Successfully bumped revision number for resource f66810b0-faec-4a72-ad46-c3e699761957 (type: ports) to 1
2026-05-10 02:01:25.213 10 INFO neutron.db.ovn_revision_numbers_db [None req-c6cca3ea-d37e-4ed7-bc3f-f88954d427a4 - - - - - -] Successfully bumped revision number for resource d164e962-4b02-46d9-b1bc-f2f0ca4a0df4 (type: ports) to 1
2026-05-10 02:01:25.562 9 INFO neutron.db.ovn_revision_numbers_db [None req-c931e70e-d8a2-4e62-a41e-84dc20733931 868280d2e70c4f0ea9ff15eeaa097b35 487411658de8464f9606419cad3de3f7 - - default default] Successfully bumped revision number for resource c4e15e26-8d60-461d-bc2c-1a721ec9f640 (type: ports) to 2
2026-05-10 02:01:25.563 10 WARNING neutron.scheduler.dhcp_agent_scheduler [None req-51d27626-29dd-41a3-a385-957d6df1b0d1 868280d2e70c4f0ea9ff15eeaa097b35 487411658de8464f9606419cad3de3f7 - - default default] No more DHCP agents
2026-05-10 02:01:25.567 10 WARNING neutron.api.rpc.agentnotifiers.dhcp_rpc_agent_api [None req-51d27626-29dd-41a3-a385-957d6df1b0d1 868280d2e70c4f0ea9ff15eeaa097b35 487411658de8464f9606419cad3de3f7 - - default default] Unable to schedule network cd9e58fe-3861-4f7a-8d5b-e980ec08d9be: no agents available; will retry on subsequent port and subnet creation events.
2026-05-10 02:01:25.650 9 INFO neutron.db.ovn_revision_numbers_db [None req-c931e70e-d8a2-4e62-a41e-84dc20733931 868280d2e70c4f0ea9ff15eeaa097b35 487411658de8464f9606419cad3de3f7 - - default default] Successfully bumped revision number for resource 24b23dda-f8d0-42c9-a216-7391a3ef72b5 (type: subnets) to 0
2026-05-10 02:01:25.702 9 INFO neutron.wsgi [None req-c931e70e-d8a2-4e62-a41e-84dc20733931 868280d2e70c4f0ea9ff15eeaa097b35 487411658de8464f9606419cad3de3f7 - - default default] 10.0.0.160 "POST /v2.0/subnets HTTP/1.1" status: 201 len: 866 time: 1.4838049
2026-05-10 02:01:25.809 10 INFO neutron.db.ovn_revision_numbers_db [None req-51d27626-29dd-41a3-a385-957d6df1b0d1 868280d2e70c4f0ea9ff15eeaa097b35 487411658de8464f9606419cad3de3f7 - - default default] Successfully bumped revision number for resource e807ed9e-3eb2-4701-aacb-e86a99eacd6c (type: ports) to 1
2026-05-10 02:01:25.904 10 INFO neutron.db.ovn_revision_numbers_db [None req-c6cca3ea-d37e-4ed7-bc3f-f88954d427a4 - - - - - -] Successfully bumped revision number for resource d164e962-4b02-46d9-b1bc-f2f0ca4a0df4 (type: router_ports) to 3
2026-05-10 02:01:26.335 9 WARNING neutron.scheduler.dhcp_agent_scheduler [None req-96f8642f-4e1a-4d75-9193-5fe0989e2249 868280d2e70c4f0ea9ff15eeaa097b35 487411658de8464f9606419cad3de3f7 - - default default] No more DHCP agents
2026-05-10 02:01:26.338 9 WARNING neutron.api.rpc.agentnotifiers.dhcp_rpc_agent_api [None req-96f8642f-4e1a-4d75-9193-5fe0989e2249 868280d2e70c4f0ea9ff15eeaa097b35 487411658de8464f9606419cad3de3f7 - - default default] Unable to schedule network 300cb3dd-e1f8-4d48-b075-ec9de86f1101: no agents available; will retry on subsequent port and subnet creation events.
2026-05-10 02:01:26.341 9 ERROR ovsdbapp.backend.ovs_idl.command [None req-0b9e2e4f-602c-4d61-88fe-c36f1e0a782c 868280d2e70c4f0ea9ff15eeaa097b35 487411658de8464f9606419cad3de3f7 - - default default] Error executing command (DbGetCommand): ovsdbapp.backend.ovs_idl.idlutils.RowNotFound: Cannot find Logical_Router_Port with name=lrp-f66810b0-faec-4a72-ad46-c3e699761957
2026-05-10 02:01:26.341 9 ERROR ovsdbapp.backend.ovs_idl.command
Traceback (most recent call last):
2026-05-10 02:01:26.341 9 ERROR ovsdbapp.backend.ovs_idl.command
File "/var/lib/openstack/lib/python3.10/site-packages/ovsdbapp/backend/ovs_idl/command.py", line 47, in execute
2026-05-10 02:01:26.341 9 ERROR ovsdbapp.backend.ovs_idl.command self.run_idl(None)
2026-05-10 02:01:26.341 9 ERROR ovsdbapp.backend.ovs_idl.command
File "/var/lib/openstack/lib/python3.10/site-packages/ovsdbapp/backend/ovs_idl/command.py", line 235, in run_idl
2026-05-10 02:01:26.341 9 ERROR ovsdbapp.backend.ovs_idl.command record = self.api.lookup(self.table, self.record)
2026-05-10 02:01:26.341 9 ERROR ovsdbapp.backend.ovs_idl.command
File "/var/lib/openstack/lib/python3.10/site-packages/ovsdbapp/backend/ovs_idl/__init__.py", line 184, in lookup
2026-05-10 02:01:26.341 9 ERROR ovsdbapp.backend.ovs_idl.command return self._lookup(table, record)
2026-05-10 02:01:26.341 9 ERROR ovsdbapp.backend.ovs_idl.command
File "/var/lib/openstack/lib/python3.10/site-packages/ovsdbapp/backend/ovs_idl/__init__.py", line 235, in _lookup
2026-05-10 02:01:26.341 9 ERROR ovsdbapp.backend.ovs_idl.command row = idlutils.row_by_value(self, rl.table, rl.column, record)
2026-05-10 02:01:26.341 9 ERROR ovsdbapp.backend.ovs_idl.command
File "/var/lib/openstack/lib/python3.10/site-packages/ovsdbapp/backend/ovs_idl/idlutils.py", line 114, in row_by_value
2026-05-10 02:01:26.341 9 ERROR ovsdbapp.backend.ovs_idl.command raise RowNotFound(table=table, col=column, match=match)
2026-05-10 02:01:26.341 9 ERROR ovsdbapp.backend.ovs_idl.command ovsdbapp.backend.ovs_idl.idlutils.RowNotFound: Cannot find Logical_Router_Port with name=lrp-f66810b0-faec-4a72-ad46-c3e699761957
2026-05-10 02:01:26.341 9 ERROR ovsdbapp.backend.ovs_idl.command 
2026-05-10 02:01:26.342 9 ERROR neutron_lib.callbacks.manager [None req-0b9e2e4f-602c-4d61-88fe-c36f1e0a782c 868280d2e70c4f0ea9ff15eeaa097b35 487411658de8464f9606419cad3de3f7 - - default default] Error during notification for neutron.services.ovn_l3.plugin.OVNL3RouterPlugin._port_update-8745738097391 port, after_update: ovsdbapp.backend.ovs_idl.idlutils.RowNotFound: Cannot find Logical_Router_Port with name=lrp-f66810b0-faec-4a72-ad46-c3e699761957
2026-05-10 02:01:26.342 9 ERROR neutron_lib.callbacks.manager
Traceback (most recent call last):
2026-05-10 02:01:26.342 9 ERROR neutron_lib.callbacks.manager
File "/var/lib/openstack/lib/python3.10/site-packages/neutron_lib/callbacks/manager.py", line 189, in _notify_loop
2026-05-10 02:01:26.342 9 ERROR neutron_lib.callbacks.manager callback.method(resource, event, trigger, payload=payload)
2026-05-10 02:01:26.342 9 ERROR neutron_lib.callbacks.manager
File "/var/lib/openstack/lib/python3.10/site-packages/neutron/services/ovn_l3/plugin.py", line 391, in _port_update
2026-05-10 02:01:26.342 9 ERROR neutron_lib.callbacks.manager l3plugin._ovn_client.update_router_port(context,
2026-05-10 02:01:26.342 9 ERROR neutron_lib.callbacks.manager
File "/var/lib/openstack/lib/python3.10/site-packages/neutron/plugins/ml2/drivers/ovn/mech_driver/ovsdb/ovn_client.py", line 1878, in update_router_port
2026-05-10 02:01:26.342 9 ERROR neutron_lib.callbacks.manager self._update_lrouter_port(context, port, if_exists=if_exists,
2026-05-10 02:01:26.342 9 ERROR neutron_lib.callbacks.manager
File "/var/lib/openstack/lib/python3.10/site-packages/neutron/plugins/ml2/drivers/ovn/mech_driver/ovsdb/ovn_client.py", line 1855, in _update_lrouter_port
2026-05-10 02:01:26.342 9 ERROR neutron_lib.callbacks.manager external_ids = self._nb_idl.db_get(
2026-05-10 02:01:26.342 9 ERROR neutron_lib.callbacks.manager
File "/var/lib/openstack/lib/python3.10/site-packages/ovsdbapp/backend/ovs_idl/command.py", line 47, in execute
2026-05-10 02:01:26.342 9 ERROR neutron_lib.callbacks.manager self.run_idl(None)
2026-05-10 02:01:26.342 9 ERROR neutron_lib.callbacks.manager
File "/var/lib/openstack/lib/python3.10/site-packages/ovsdbapp/backend/ovs_idl/command.py", line 235, in run_idl
2026-05-10 02:01:26.342 9 ERROR neutron_lib.callbacks.manager record = self.api.lookup(self.table, self.record)
2026-05-10 02:01:26.342 9 ERROR neutron_lib.callbacks.manager
File "/var/lib/openstack/lib/python3.10/site-packages/ovsdbapp/backend/ovs_idl/__init__.py", line 184, in lookup
2026-05-10 02:01:26.342 9 ERROR neutron_lib.callbacks.manager return self._lookup(table, record)
2026-05-10 02:01:26.342 9 ERROR neutron_lib.callbacks.manager
File "/var/lib/openstack/lib/python3.10/site-packages/ovsdbapp/backend/ovs_idl/__init__.py", line 235, in _lookup
2026-05-10 02:01:26.342 9 ERROR neutron_lib.callbacks.manager row = idlutils.row_by_value(self, rl.table, rl.column, record)
2026-05-10 02:01:26.342 9 ERROR neutron_lib.callbacks.manager
File "/var/lib/openstack/lib/python3.10/site-packages/ovsdbapp/backend/ovs_idl/idlutils.py", line 114, in row_by_value
2026-05-10 02:01:26.342 9 ERROR neutron_lib.callbacks.manager raise RowNotFound(table=table, col=column, match=match)
2026-05-10 02:01:26.342 9 ERROR neutron_lib.callbacks.manager ovsdbapp.backend.ovs_idl.idlutils.RowNotFound: Cannot find Logical_Router_Port with name=lrp-f66810b0-faec-4a72-ad46-c3e699761957
2026-05-10 02:01:26.342 9 ERROR neutron_lib.callbacks.manager 
2026-05-10 02:01:26.413 10 INFO neutron.db.ovn_revision_numbers_db [None req-c6cca3ea-d37e-4ed7-bc3f-f88954d427a4 - - - - - -] Successfully bumped revision number for resource d164e962-4b02-46d9-b1bc-f2f0ca4a0df4 (type: ports) to 2
2026-05-10 02:01:26.420 9 INFO neutron.db.ovn_revision_numbers_db [None req-577624d1-d87a-4786-9e96-ac4388a74b79 - - - - - -] Successfully bumped revision number for resource ee454815-7538-4356-bcd5-029c4e250b89 (type: ports) to 1
2026-05-10 02:01:26.630 9 INFO neutron.db.ovn_revision_numbers_db [None req-96f8642f-4e1a-4d75-9193-5fe0989e2249 868280d2e70c4f0ea9ff15eeaa097b35 487411658de8464f9606419cad3de3f7 - - default default] Successfully bumped revision number for resource a61e231b-c6a2-46ae-9ca8-4f123f7a28bd (type: ports) to 1
2026-05-10 02:01:26.668 9 INFO neutron.plugins.ml2.drivers.ovn.mech_driver.mech_driver [None req-19072341-a9ee-4646-9c5a-7059975f3612 - - - - - -] OVN reports status up for port: f66810b0-faec-4a72-ad46-c3e699761957
2026-05-10 02:01:26.690 9 INFO neutron.plugins.ml2.plugin [None req-19072341-a9ee-4646-9c5a-7059975f3612 - - - - - -] Attempt 1 to provision port f66810b0-faec-4a72-ad46-c3e699761957
2026-05-10 02:01:26.711 10 WARNING neutron.scheduler.dhcp_agent_scheduler [None req-f8260be0-469a-44a6-8d93-a53c9b3d3a65 868280d2e70c4f0ea9ff15eeaa097b35 487411658de8464f9606419cad3de3f7 - - default default] No more DHCP agents
2026-05-10 02:01:26.717 10 WARNING neutron.api.rpc.agentnotifiers.dhcp_rpc_agent_api [None req-f8260be0-469a-44a6-8d93-a53c9b3d3a65 868280d2e70c4f0ea9ff15eeaa097b35 487411658de8464f9606419cad3de3f7 - - default default] Unable to schedule network b246701a-2479-4ffc-8add-3b81c9f5633e: no agents available; will retry on subsequent port and subnet creation events.
2026-05-10 02:01:26.722 9 INFO neutron.db.ovn_revision_numbers_db [None req-0b9e2e4f-602c-4d61-88fe-c36f1e0a782c 868280d2e70c4f0ea9ff15eeaa097b35 487411658de8464f9606419cad3de3f7 - - default default] Successfully bumped revision number for resource f66810b0-faec-4a72-ad46-c3e699761957 (type: ports) to 1
2026-05-10 02:01:26.897 10 ERROR ovsdbapp.backend.ovs_idl.command [None req-51d27626-29dd-41a3-a385-957d6df1b0d1 868280d2e70c4f0ea9ff15eeaa097b35 487411658de8464f9606419cad3de3f7 - - default default] Error executing command (DbGetCommand): ovsdbapp.backend.ovs_idl.idlutils.RowNotFound: Cannot find Logical_Router_Port with name=lrp-e807ed9e-3eb2-4701-aacb-e86a99eacd6c
2026-05-10 02:01:26.897 10 ERROR ovsdbapp.backend.ovs_idl.command
Traceback (most recent call last):
2026-05-10 02:01:26.897 10 ERROR ovsdbapp.backend.ovs_idl.command
File "/var/lib/openstack/lib/python3.10/site-packages/ovsdbapp/backend/ovs_idl/command.py", line 47, in execute
2026-05-10 02:01:26.897 10 ERROR ovsdbapp.backend.ovs_idl.command self.run_idl(None)
2026-05-10 02:01:26.897 10 ERROR ovsdbapp.backend.ovs_idl.command
File "/var/lib/openstack/lib/python3.10/site-packages/ovsdbapp/backend/ovs_idl/command.py", line 235, in run_idl
2026-05-10 02:01:26.897 10 ERROR ovsdbapp.backend.ovs_idl.command record = self.api.lookup(self.table, self.record)
2026-05-10 02:01:26.897 10 ERROR ovsdbapp.backend.ovs_idl.command
File "/var/lib/openstack/lib/python3.10/site-packages/ovsdbapp/backend/ovs_idl/__init__.py", line 184, in lookup
2026-05-10 02:01:26.897 10 ERROR ovsdbapp.backend.ovs_idl.command return self._lookup(table, record)
2026-05-10 02:01:26.897 10 ERROR ovsdbapp.backend.ovs_idl.command
File "/var/lib/openstack/lib/python3.10/site-packages/ovsdbapp/backend/ovs_idl/__init__.py", line 235, in _lookup
2026-05-10 02:01:26.897 10 ERROR ovsdbapp.backend.ovs_idl.command row = idlutils.row_by_value(self, rl.table, rl.column, record)
2026-05-10 02:01:26.897 10 ERROR ovsdbapp.backend.ovs_idl.command
File "/var/lib/openstack/lib/python3.10/site-packages/ovsdbapp/backend/ovs_idl/idlutils.py", line 114, in row_by_value
2026-05-10 02:01:26.897 10 ERROR ovsdbapp.backend.ovs_idl.command raise RowNotFound(table=table, col=column, match=match)
2026-05-10 02:01:26.897 10 ERROR ovsdbapp.backend.ovs_idl.command ovsdbapp.backend.ovs_idl.idlutils.RowNotFound: Cannot find Logical_Router_Port with name=lrp-e807ed9e-3eb2-4701-aacb-e86a99eacd6c
2026-05-10 02:01:26.897 10 ERROR ovsdbapp.backend.ovs_idl.command 
2026-05-10 02:01:26.898 10 ERROR neutron_lib.callbacks.manager [None req-51d27626-29dd-41a3-a385-957d6df1b0d1 868280d2e70c4f0ea9ff15eeaa097b35 487411658de8464f9606419cad3de3f7 - - default default] Error during notification for neutron.services.ovn_l3.plugin.OVNL3RouterPlugin._port_update-8745738097391 port, after_update: ovsdbapp.backend.ovs_idl.idlutils.RowNotFound: Cannot find Logical_Router_Port with name=lrp-e807ed9e-3eb2-4701-aacb-e86a99eacd6c
2026-05-10 02:01:26.898 10 ERROR neutron_lib.callbacks.manager
Traceback (most recent call last):
2026-05-10 02:01:26.898 10 ERROR neutron_lib.callbacks.manager
File "/var/lib/openstack/lib/python3.10/site-packages/neutron_lib/callbacks/manager.py", line 189, in _notify_loop
2026-05-10 02:01:26.898 10 ERROR neutron_lib.callbacks.manager callback.method(resource, event, trigger, payload=payload)
2026-05-10 02:01:26.898 10 ERROR neutron_lib.callbacks.manager
File "/var/lib/openstack/lib/python3.10/site-packages/neutron/services/ovn_l3/plugin.py", line 391, in _port_update
2026-05-10 02:01:26.898 10 ERROR neutron_lib.callbacks.manager l3plugin._ovn_client.update_router_port(context,
2026-05-10 02:01:26.898 10 ERROR neutron_lib.callbacks.manager
File "/var/lib/openstack/lib/python3.10/site-packages/neutron/plugins/ml2/drivers/ovn/mech_driver/ovsdb/ovn_client.py", line 1878, in update_router_port
2026-05-10 02:01:26.898 10 ERROR neutron_lib.callbacks.manager self._update_lrouter_port(context, port, if_exists=if_exists,
2026-05-10 02:01:26.898 10 ERROR neutron_lib.callbacks.manager
File "/var/lib/openstack/lib/python3.10/site-packages/neutron/plugins/ml2/drivers/ovn/mech_driver/ovsdb/ovn_client.py", line 1855, in _update_lrouter_port
2026-05-10 02:01:26.898 10 ERROR neutron_lib.callbacks.manager external_ids = self._nb_idl.db_get(
2026-05-10 02:01:26.898 10 ERROR neutron_lib.callbacks.manager
File "/var/lib/openstack/lib/python3.10/site-packages/ovsdbapp/backend/ovs_idl/command.py", line 47, in execute
2026-05-10 02:01:26.898 10 ERROR neutron_lib.callbacks.manager self.run_idl(None)
2026-05-10 02:01:26.898 10 ERROR neutron_lib.callbacks.manager
File "/var/lib/openstack/lib/python3.10/site-packages/ovsdbapp/backend/ovs_idl/command.py", line 235, in run_idl
2026-05-10 02:01:26.898 10 ERROR neutron_lib.callbacks.manager record = self.api.lookup(self.table, self.record)
2026-05-10 02:01:26.898 10 ERROR neutron_lib.callbacks.manager
File "/var/lib/openstack/lib/python3.10/site-packages/ovsdbapp/backend/ovs_idl/__init__.py", line 184, in lookup
2026-05-10 02:01:26.898 10 ERROR neutron_lib.callbacks.manager return self._lookup(table, record)
2026-05-10 02:01:26.898 10 ERROR neutron_lib.callbacks.manager
File "/var/lib/openstack/lib/python3.10/site-packages/ovsdbapp/backend/ovs_idl/__init__.py", line 235, in _lookup
2026-05-10 02:01:26.898 10 ERROR neutron_lib.callbacks.manager row = idlutils.row_by_value(self, rl.table, rl.column, record)
2026-05-10 02:01:26.898 10 ERROR neutron_lib.callbacks.manager
File "/var/lib/openstack/lib/python3.10/site-packages/ovsdbapp/backend/ovs_idl/idlutils.py", line 114, in row_by_value
2026-05-10 02:01:26.898 10 ERROR neutron_lib.callbacks.manager raise RowNotFound(table=table, col=column, match=match)
2026-05-10 02:01:26.898 10 ERROR neutron_lib.callbacks.manager ovsdbapp.backend.ovs_idl.idlutils.RowNotFound: Cannot find Logical_Router_Port with name=lrp-e807ed9e-3eb2-4701-aacb-e86a99eacd6c
2026-05-10 02:01:26.898 10 ERROR neutron_lib.callbacks.manager 
2026-05-10 02:01:26.984 10 INFO neutron.db.ovn_revision_numbers_db [None req-f8260be0-469a-44a6-8d93-a53c9b3d3a65 868280d2e70c4f0ea9ff15eeaa097b35 487411658de8464f9606419cad3de3f7 - - default default] Successfully bumped revision number for resource e3d38b06-9db5-489c-bda7-11e3efe0839a (type: ports) to 1
2026-05-10 02:01:27.031 9 WARNING neutron.scheduler.dhcp_agent_scheduler [None req-0b9e2e4f-602c-4d61-88fe-c36f1e0a782c 868280d2e70c4f0ea9ff15eeaa097b35 487411658de8464f9606419cad3de3f7 - - default default] No more DHCP agents
2026-05-10 02:01:27.037 9 WARNING neutron.api.rpc.agentnotifiers.dhcp_rpc_agent_api [None req-0b9e2e4f-602c-4d61-88fe-c36f1e0a782c 868280d2e70c4f0ea9ff15eeaa097b35 487411658de8464f9606419cad3de3f7 - - default default] Unable to schedule network cf40954c-a730-434d-a40d-578a1ed71fcf: no agents available; will retry on subsequent port and subnet creation events.
2026-05-10 02:01:27.314 10 INFO neutron.db.ovn_revision_numbers_db [None req-c6cca3ea-d37e-4ed7-bc3f-f88954d427a4 - - - - - -] Successfully bumped revision number for resource d164e962-4b02-46d9-b1bc-f2f0ca4a0df4 (type: ports) to 4
2026-05-10 02:01:27.382 10 INFO neutron.db.ovn_revision_numbers_db [None req-51d27626-29dd-41a3-a385-957d6df1b0d1 868280d2e70c4f0ea9ff15eeaa097b35 487411658de8464f9606419cad3de3f7 - - default default] Successfully bumped revision number for resource e807ed9e-3eb2-4701-aacb-e86a99eacd6c (type: ports) to 1
2026-05-10 02:01:27.419 9 INFO neutron.db.ovn_revision_numbers_db [None req-577624d1-d87a-4786-9e96-ac4388a74b79 - - - - - -] Successfully bumped revision number for resource ee454815-7538-4356-bcd5-029c4e250b89 (type: router_ports) to 3
2026-05-10 02:01:27.534 10 WARNING neutron.scheduler.dhcp_agent_scheduler [None req-51d27626-29dd-41a3-a385-957d6df1b0d1 868280d2e70c4f0ea9ff15eeaa097b35 487411658de8464f9606419cad3de3f7 - - default default] No more DHCP agents
2026-05-10 02:01:27.539 10 WARNING neutron.api.rpc.agentnotifiers.dhcp_rpc_agent_api [None req-51d27626-29dd-41a3-a385-957d6df1b0d1 868280d2e70c4f0ea9ff15eeaa097b35 487411658de8464f9606419cad3de3f7 - - default default] Unable to schedule network cd9e58fe-3861-4f7a-8d5b-e980ec08d9be: no agents available; will retry on subsequent port and subnet creation events.
2026-05-10 02:01:27.973 10 INFO neutron.db.ovn_revision_numbers_db [None req-c6cca3ea-d37e-4ed7-bc3f-f88954d427a4 - - - - - -] Successfully bumped revision number for resource d164e962-4b02-46d9-b1bc-f2f0ca4a0df4 (type: router_ports) to 4
2026-05-10 02:01:28.017 9 INFO neutron.db.ovn_revision_numbers_db [None req-19072341-a9ee-4646-9c5a-7059975f3612 - - - - - -] Successfully bumped revision number for resource f66810b0-faec-4a72-ad46-c3e699761957 (type: ports) to 2
2026-05-10 02:01:28.026 10 INFO neutron.plugins.ml2.drivers.ovn.mech_driver.ovsdb.ovsdb_monitor [None req-c6cca3ea-d37e-4ed7-bc3f-f88954d427a4 - - - - - -] Router 1416bd7c-f02e-4760-8109-b858cf2d244a is bound to host instance
2026-05-10 02:01:28.051 9 INFO neutron.db.ovn_revision_numbers_db [None req-577624d1-d87a-4786-9e96-ac4388a74b79 - - - - - -] Successfully bumped revision number for resource ee454815-7538-4356-bcd5-029c4e250b89 (type: ports) to 2
2026-05-10 02:01:28.080 9 ERROR ovsdbapp.backend.ovs_idl.command [None req-96f8642f-4e1a-4d75-9193-5fe0989e2249 868280d2e70c4f0ea9ff15eeaa097b35 487411658de8464f9606419cad3de3f7 - - default default] Error executing command (DbGetCommand): ovsdbapp.backend.ovs_idl.idlutils.RowNotFound: Cannot find Logical_Router_Port with name=lrp-a61e231b-c6a2-46ae-9ca8-4f123f7a28bd
2026-05-10 02:01:28.080 9 ERROR ovsdbapp.backend.ovs_idl.command
Traceback (most recent call last):
2026-05-10 02:01:28.080 9 ERROR ovsdbapp.backend.ovs_idl.command
