2026-05-10 01:42:02.537 10 INFO neutron.wsgi [-] 10.0.0.244 "GET / HTTP/1.1" status: 200 len: 246 time: 0.0016775
2026-05-10 01:42:02.540 9 INFO neutron.wsgi [-] 10.0.0.244 "GET / HTTP/1.1" status: 200 len: 246 time: 0.0046308
2026-05-10 01:42:17.536 10 INFO neutron.wsgi [-] 10.0.0.244 "GET / HTTP/1.1" status: 200 len: 246 time: 0.0012951
2026-05-10 01:42:17.538 9 INFO neutron.wsgi [-] 10.0.0.244 "GET / HTTP/1.1" status: 200 len: 246 time: 0.0026886
2026-05-10 01:42:32.538 9 INFO neutron.wsgi [-] 10.0.0.244 "GET / HTTP/1.1" status: 200 len: 246 time: 0.0026731
2026-05-10 01:42:32.541 10 INFO neutron.wsgi [-] 10.0.0.244 "GET / HTTP/1.1" status: 200 len: 246 time: 0.0055828
2026-05-10 01:42:47.537 9 INFO neutron.wsgi [-] 10.0.0.244 "GET / HTTP/1.1" status: 200 len: 246 time: 0.0027392
2026-05-10 01:42:47.541 10 INFO neutron.wsgi [-] 10.0.0.244 "GET / HTTP/1.1" status: 200 len: 246 time: 0.0061445
2026-05-10 01:43:02.537 10 INFO neutron.wsgi [-] 10.0.0.244 "GET / HTTP/1.1" status: 200 len: 246 time: 0.0022211
2026-05-10 01:43:02.539 9 INFO neutron.wsgi [-] 10.0.0.244 "GET / HTTP/1.1" status: 200 len: 246 time: 0.0038879
2026-05-10 01:43:17.538 10 INFO neutron.wsgi [-] 10.0.0.244 "GET / HTTP/1.1" status: 200 len: 246 time: 0.0024641
2026-05-10 01:43:17.538 9 INFO neutron.wsgi [-] 10.0.0.244 "GET / HTTP/1.1" status: 200 len: 246 time: 0.0025814
2026-05-10 01:43:32.538 10 INFO neutron.wsgi [-] 10.0.0.244 "GET / HTTP/1.1" status: 200 len: 246 time: 0.0024850
2026-05-10 01:43:32.538 9 INFO neutron.wsgi [-] 10.0.0.244 "GET / HTTP/1.1" status: 200 len: 246 time: 0.0034368
2026-05-10 01:43:47.537 10 INFO neutron.wsgi [-] 10.0.0.244 "GET / HTTP/1.1" status: 200 len: 246 time: 0.0023129
2026-05-10 01:43:47.538 9 INFO neutron.wsgi [-] 10.0.0.244 "GET / HTTP/1.1" status: 200 len: 246 time: 0.0025558
2026-05-10 01:43:54.231 10 INFO neutron.api.v2.resource [None req-3a96b54e-8cf5-49ce-8444-b4f0d87d0e25 868280d2e70c4f0ea9ff15eeaa097b35 487411658de8464f9606419cad3de3f7 - - default default] show failed (client error): The resource could not be found.
2026-05-10 01:43:54.232 10 INFO neutron.wsgi [None req-3a96b54e-8cf5-49ce-8444-b4f0d87d0e25 868280d2e70c4f0ea9ff15eeaa097b35 487411658de8464f9606419cad3de3f7 - - default default] 199.204.45.250,10.0.0.244 "GET /v2.0/security-groups/manila-service-security-group?project_id=848f65fb002d4f7f9bec149e2ec0be33 HTTP/1.1" status: 404 len: 321 time: 0.1667085
2026-05-10 01:43:54.360 10 INFO neutron.db.ovn_revision_numbers_db [None req-f293a34c-2f8b-4c70-8a9d-a252f8eaab04 868280d2e70c4f0ea9ff15eeaa097b35 487411658de8464f9606419cad3de3f7 - - default default] Successfully bumped revision number for resource 4ee30cf7-a382-4f77-9051-173f88d93b67 (type: security_groups) to 1
2026-05-10 01:43:54.373 10 INFO neutron.db.ovn_revision_numbers_db [None req-f293a34c-2f8b-4c70-8a9d-a252f8eaab04 868280d2e70c4f0ea9ff15eeaa097b35 487411658de8464f9606419cad3de3f7 - - default default] Successfully bumped revision number for resource 660d4055-a156-44df-90a1-de2275b84bfc (type: security_group_rules) to 0
2026-05-10 01:43:54.389 10 INFO neutron.db.ovn_revision_numbers_db [None req-f293a34c-2f8b-4c70-8a9d-a252f8eaab04 868280d2e70c4f0ea9ff15eeaa097b35 487411658de8464f9606419cad3de3f7 - - default default] Successfully bumped revision number for resource abb19009-e7e8-40a2-b2ea-d9e0caad8b6b (type: security_group_rules) to 0
2026-05-10 01:43:54.402 10 INFO neutron.db.ovn_revision_numbers_db [None req-f293a34c-2f8b-4c70-8a9d-a252f8eaab04 868280d2e70c4f0ea9ff15eeaa097b35 487411658de8464f9606419cad3de3f7 - - default default] Successfully bumped revision number for resource c9654c9a-21cb-48a8-bae8-da6d1067dd96 (type: security_group_rules) to 0
2026-05-10 01:43:54.418 10 INFO neutron.db.ovn_revision_numbers_db [None req-f293a34c-2f8b-4c70-8a9d-a252f8eaab04 868280d2e70c4f0ea9ff15eeaa097b35 487411658de8464f9606419cad3de3f7 - - default default] Successfully bumped revision number for resource f50cc087-c16c-48dc-bc1a-2b2569eaf5c8 (type: security_group_rules) to 0
2026-05-10 01:43:54.431 10 INFO neutron.wsgi [None req-f293a34c-2f8b-4c70-8a9d-a252f8eaab04 868280d2e70c4f0ea9ff15eeaa097b35 487411658de8464f9606419cad3de3f7 - - default default] 199.204.45.250,10.0.0.244 "GET /v2.0/security-groups?name=manila-service-security-group&project_id=848f65fb002d4f7f9bec149e2ec0be33 HTTP/1.1" status: 200 len: 197 time: 0.1947036
2026-05-10 01:43:54.679 10 INFO neutron.db.ovn_revision_numbers_db [None req-004b1236-6e61-4735-979c-67b7288ee169 868280d2e70c4f0ea9ff15eeaa097b35 487411658de8464f9606419cad3de3f7 - - default default] Successfully bumped revision number for resource cd5dd0a7-05ea-4313-8629-b047fed46105 (type: security_groups) to 1
2026-05-10 01:43:54.696 10 INFO neutron.db.ovn_revision_numbers_db [None req-004b1236-6e61-4735-979c-67b7288ee169 868280d2e70c4f0ea9ff15eeaa097b35 487411658de8464f9606419cad3de3f7 - - default default] Successfully bumped revision number for resource c14aacfd-eee0-4ba7-95bb-ff3ef251d089 (type: security_group_rules) to 0
2026-05-10 01:43:54.711 10 INFO neutron.db.ovn_revision_numbers_db [None req-004b1236-6e61-4735-979c-67b7288ee169 868280d2e70c4f0ea9ff15eeaa097b35 487411658de8464f9606419cad3de3f7 - - default default] Successfully bumped revision number for resource e163c575-174d-4e31-a26d-dd164ef34ab5 (type: security_group_rules) to 0
2026-05-10 01:43:54.729 10 INFO neutron.wsgi [None req-004b1236-6e61-4735-979c-67b7288ee169 868280d2e70c4f0ea9ff15eeaa097b35 487411658de8464f9606419cad3de3f7 - - default default] 199.204.45.250,10.0.0.244 "POST /v2.0/security-groups HTTP/1.1" status: 201 len: 1805 time: 0.2269540
2026-05-10 01:43:55.699 10 INFO neutron.wsgi [None req-d496572c-093f-498a-9ae0-edb8f7bf17ee 868280d2e70c4f0ea9ff15eeaa097b35 487411658de8464f9606419cad3de3f7 - - default default] 199.204.45.250,10.0.0.244 "GET /v2.0/security-groups/cd5dd0a7-05ea-4313-8629-b047fed46105?project_id=848f65fb002d4f7f9bec149e2ec0be33 HTTP/1.1" status: 200 len: 1800 time: 0.0601120
2026-05-10 01:43:55.737 10 INFO neutron.wsgi [None req-3c4770b9-8aac-46d6-ae5d-c05061b7669c 868280d2e70c4f0ea9ff15eeaa097b35 487411658de8464f9606419cad3de3f7 - - default default] 199.204.45.250,10.0.0.244 "GET /v2.0/security-groups/cd5dd0a7-05ea-4313-8629-b047fed46105 HTTP/1.1" status: 200 len: 1800 time: 0.0318935
2026-05-10 01:43:55.830 10 INFO neutron.wsgi [None req-5a3cbd24-ce34-40ba-b7ed-49e0e21cbcbc 868280d2e70c4f0ea9ff15eeaa097b35 487411658de8464f9606419cad3de3f7 - - default default] 199.204.45.250,10.0.0.244 "GET /v2.0/security-groups/cd5dd0a7-05ea-4313-8629-b047fed46105?project_id=848f65fb002d4f7f9bec149e2ec0be33 HTTP/1.1" status: 200 len: 1800 time: 0.0320837
2026-05-10 01:43:55.994 10 INFO neutron.db.ovn_revision_numbers_db [None req-08241ecf-b0e1-4054-8238-b388f56bbd50 868280d2e70c4f0ea9ff15eeaa097b35 487411658de8464f9606419cad3de3f7 - - default default] Successfully bumped revision number for resource 92411633-7e0e-4ecb-a802-a6fd228f92c6 (type: security_group_rules) to 0
2026-05-10 01:43:56.021 10 INFO neutron.wsgi [None req-08241ecf-b0e1-4054-8238-b388f56bbd50 868280d2e70c4f0ea9ff15eeaa097b35 487411658de8464f9606419cad3de3f7 - - default default] 199.204.45.250,10.0.0.244 "POST /v2.0/security-group-rules HTTP/1.1" status: 201 len: 777 time: 0.1838346
2026-05-10 01:43:56.943 10 INFO neutron.wsgi [None req-fbfa0273-8c1d-42c6-a0db-290f88c3851d 868280d2e70c4f0ea9ff15eeaa097b35 487411658de8464f9606419cad3de3f7 - - default default] 199.204.45.250,10.0.0.244 "GET /v2.0/security-groups/cd5dd0a7-05ea-4313-8629-b047fed46105?project_id=848f65fb002d4f7f9bec149e2ec0be33 HTTP/1.1" status: 200 len: 2410 time: 0.0534558
2026-05-10 01:43:56.984 10 INFO neutron.wsgi [None req-62addd99-22c6-42ad-9235-1ec0ee88a207 868280d2e70c4f0ea9ff15eeaa097b35 487411658de8464f9606419cad3de3f7 - - default default] 199.204.45.250,10.0.0.244 "GET /v2.0/security-groups/cd5dd0a7-05ea-4313-8629-b047fed46105 HTTP/1.1" status: 200 len: 2410 time: 0.0324931
2026-05-10 01:43:57.085 10 INFO neutron.wsgi [None req-0a36e08b-82b1-487b-914b-eb1438433264 868280d2e70c4f0ea9ff15eeaa097b35 487411658de8464f9606419cad3de3f7 - - default default] 199.204.45.250,10.0.0.244 "GET /v2.0/security-groups/cd5dd0a7-05ea-4313-8629-b047fed46105?project_id=848f65fb002d4f7f9bec149e2ec0be33 HTTP/1.1" status: 200 len: 2410 time: 0.0287158
2026-05-10 01:43:57.228 10 INFO neutron.db.ovn_revision_numbers_db [None req-77b30af4-de8d-4b5f-8056-99e8263ca493 868280d2e70c4f0ea9ff15eeaa097b35 487411658de8464f9606419cad3de3f7 - - default default] Successfully bumped revision number for resource 20372b7c-7099-4e36-9f61-135f4ebeda92 (type: security_group_rules) to 0
2026-05-10 01:43:57.259 10 INFO neutron.wsgi [None req-77b30af4-de8d-4b5f-8056-99e8263ca493 868280d2e70c4f0ea9ff15eeaa097b35 487411658de8464f9606419cad3de3f7 - - default default] 199.204.45.250,10.0.0.244 "POST /v2.0/security-group-rules HTTP/1.1" status: 201 len: 779 time: 0.1671860
2026-05-10 01:43:58.212 10 INFO neutron.wsgi [None req-f88d9f54-fe1a-4586-b9da-9e36fe1bdf81 868280d2e70c4f0ea9ff15eeaa097b35 487411658de8464f9606419cad3de3f7 - - default default] 199.204.45.250,10.0.0.244 "GET /v2.0/security-groups/cd5dd0a7-05ea-4313-8629-b047fed46105?project_id=848f65fb002d4f7f9bec149e2ec0be33 HTTP/1.1" status: 200 len: 3022 time: 0.0553565
2026-05-10 01:43:58.249 10 INFO neutron.wsgi [None req-c5fc4686-535d-45f4-91e9-2cef504c9056 868280d2e70c4f0ea9ff15eeaa097b35 487411658de8464f9606419cad3de3f7 - - default default] 199.204.45.250,10.0.0.244 "GET /v2.0/security-groups/cd5dd0a7-05ea-4313-8629-b047fed46105 HTTP/1.1" status: 200 len: 3022 time: 0.0291965
2026-05-10 01:43:58.342 10 INFO neutron.wsgi [None req-01cf5107-e73c-4049-bb90-9e4e80f9fc54 868280d2e70c4f0ea9ff15eeaa097b35 487411658de8464f9606419cad3de3f7 - - default default] 199.204.45.250,10.0.0.244 "GET /v2.0/security-groups/cd5dd0a7-05ea-4313-8629-b047fed46105?project_id=848f65fb002d4f7f9bec149e2ec0be33 HTTP/1.1" status: 200 len: 3022 time: 0.0288734
2026-05-10 01:43:58.482 10 INFO neutron.db.ovn_revision_numbers_db [None req-c0ed2519-8704-4c82-b39c-8320981ecf6e 868280d2e70c4f0ea9ff15eeaa097b35 487411658de8464f9606419cad3de3f7 - - default default] Successfully bumped revision number for resource 4f211b51-ad9f-45e4-9314-c41bec5e8002 (type: security_group_rules) to 0
2026-05-10 01:43:58.506 10 INFO neutron.wsgi [None req-c0ed2519-8704-4c82-b39c-8320981ecf6e 868280d2e70c4f0ea9ff15eeaa097b35 487411658de8464f9606419cad3de3f7 - - default default] 199.204.45.250,10.0.0.244 "POST /v2.0/security-group-rules HTTP/1.1" status: 201 len: 781 time: 0.1561253
2026-05-10 01:43:59.491 10 INFO neutron.wsgi [None req-aada012f-7833-4c3c-8386-894dc9ce21f4 868280d2e70c4f0ea9ff15eeaa097b35 487411658de8464f9606419cad3de3f7 - - default default] 199.204.45.250,10.0.0.244 "GET /v2.0/security-groups/cd5dd0a7-05ea-4313-8629-b047fed46105?project_id=848f65fb002d4f7f9bec149e2ec0be33 HTTP/1.1" status: 200 len: 3636 time: 0.0721898
2026-05-10 01:43:59.568 10 INFO neutron.wsgi [None req-f2e2cea8-2074-4188-b338-e66df791da4b 868280d2e70c4f0ea9ff15eeaa097b35 487411658de8464f9606419cad3de3f7 - - default default] 199.204.45.250,10.0.0.244 "GET /v2.0/security-groups/cd5dd0a7-05ea-4313-8629-b047fed46105 HTTP/1.1" status: 200 len: 3636 time: 0.0668514
2026-05-10 01:43:59.677 10 INFO neutron.wsgi [None req-80233fc3-89b0-474c-a1cc-3f95020c9d33 868280d2e70c4f0ea9ff15eeaa097b35 487411658de8464f9606419cad3de3f7 - - default default] 199.204.45.250,10.0.0.244 "GET /v2.0/security-groups/cd5dd0a7-05ea-4313-8629-b047fed46105?project_id=848f65fb002d4f7f9bec149e2ec0be33 HTTP/1.1" status: 200 len: 3636 time: 0.0371461
2026-05-10 01:43:59.822 10 INFO neutron.db.ovn_revision_numbers_db [None req-8da985b9-cfee-450d-be6f-fb88187daee0 868280d2e70c4f0ea9ff15eeaa097b35 487411658de8464f9606419cad3de3f7 - - default default] Successfully bumped revision number for resource c0ef9bf1-1b1c-435d-b131-13a2c7d09682 (type: security_group_rules) to 0
2026-05-10 01:43:59.843 10 INFO neutron.wsgi [None req-8da985b9-cfee-450d-be6f-fb88187daee0 868280d2e70c4f0ea9ff15eeaa097b35 487411658de8464f9606419cad3de3f7 - - default default] 199.204.45.250,10.0.0.244 "POST /v2.0/security-group-rules HTTP/1.1" status: 201 len: 782 time: 0.1593168
2026-05-10 01:44:02.537 10 INFO neutron.wsgi [-] 10.0.0.244 "GET / HTTP/1.1" status: 200 len: 246 time: 0.0018895
2026-05-10 01:44:02.537 9 INFO neutron.wsgi [-] 10.0.0.244 "GET / HTTP/1.1" status: 200 len: 246 time: 0.0024281
2026-05-10 01:44:17.536 9 INFO neutron.wsgi [-] 10.0.0.244 "GET / HTTP/1.1" status: 200 len: 246 time: 0.0017235
2026-05-10 01:44:17.537 10 INFO neutron.wsgi [-] 10.0.0.244 "GET / HTTP/1.1" status: 200 len: 246 time: 0.0024674
2026-05-10 01:44:32.538 10 INFO neutron.wsgi [-] 10.0.0.244 "GET / HTTP/1.1" status: 200 len: 246 time: 0.0028732
2026-05-10 01:44:32.539 9 INFO neutron.wsgi [-] 10.0.0.244 "GET / HTTP/1.1" status: 200 len: 246 time: 0.0033445
2026-05-10 01:44:47.538 10 INFO neutron.wsgi [-] 10.0.0.244 "GET / HTTP/1.1" status: 200 len: 246 time: 0.0034401
2026-05-10 01:44:47.539 9 INFO neutron.wsgi [-] 10.0.0.244 "GET / HTTP/1.1" status: 200 len: 246 time: 0.0029690
2026-05-10 01:45:02.537 10 INFO neutron.wsgi [-] 10.0.0.244 "GET / HTTP/1.1" status: 200 len: 246 time: 0.0023923
2026-05-10 01:45:02.537 9 INFO neutron.wsgi [-] 10.0.0.244 "GET / HTTP/1.1" status: 200 len: 246 time: 0.0026309
2026-05-10 01:45:17.536 10 INFO neutron.wsgi [-] 10.0.0.244 "GET / HTTP/1.1" status: 200 len: 246 time: 0.0020664
2026-05-10 01:45:17.537 9 INFO neutron.wsgi [-] 10.0.0.244 "GET / HTTP/1.1" status: 200 len: 246 time: 0.0026841
2026-05-10 01:45:32.536 9 INFO neutron.wsgi [-] 10.0.0.244 "GET / HTTP/1.1" status: 200 len: 246 time: 0.0013361
2026-05-10 01:45:32.538 10 INFO neutron.wsgi [-] 10.0.0.244 "GET / HTTP/1.1" status: 200 len: 246 time: 0.0030575
2026-05-10 01:45:47.537 9 INFO neutron.wsgi [-] 10.0.0.244 "GET / HTTP/1.1" status: 200 len: 246 time: 0.0024717
2026-05-10 01:45:47.537 10 INFO neutron.wsgi [-] 10.0.0.244 "GET / HTTP/1.1" status: 200 len: 246 time: 0.0027144
2026-05-10 01:46:02.539 9 INFO neutron.wsgi [-] 10.0.0.244 "GET / HTTP/1.1" status: 200 len: 246 time: 0.0024562
2026-05-10 01:46:02.542 9 INFO neutron.wsgi [-] 10.0.0.244 "GET / HTTP/1.1" status: 200 len: 246 time: 0.0022812
2026-05-10 01:46:17.537 10 INFO neutron.wsgi [-] 10.0.0.244 "GET / HTTP/1.1" status: 200 len: 246 time: 0.0024946
2026-05-10 01:46:17.538 9 INFO neutron.wsgi [-] 10.0.0.244 "GET / HTTP/1.1" status: 200 len: 246 time: 0.0036182
2026-05-10 01:46:32.538 10 INFO neutron.wsgi [-] 10.0.0.244 "GET / HTTP/1.1" status: 200 len: 246 time: 0.0029995
2026-05-10 01:46:32.539 9 INFO neutron.wsgi [-] 10.0.0.244 "GET / HTTP/1.1" status: 200 len: 246 time: 0.0037675
2026-05-10 01:46:38.982 10 INFO neutron.wsgi [None req-07fd582b-406e-4f4c-9d68-0c853413d138 0163dcda99864d97aad871fc86354f01 848f65fb002d4f7f9bec149e2ec0be33 - - 908a0eee66af4cfd9cfd2a7ebc985eb7 908a0eee66af4cfd9cfd2a7ebc985eb7] 199.204.45.250 "GET /v2.0/networks?tenant_id=848f65fb002d4f7f9bec149e2ec0be33&shared=False HTTP/1.1" status: 200 len: 213 time: 0.1569648
2026-05-10 01:46:39.081 10 INFO neutron.db.segments_db [None req-80cf50ea-4b4e-49db-a67e-b21801608274 0163dcda99864d97aad871fc86354f01 848f65fb002d4f7f9bec149e2ec0be33 - - 908a0eee66af4cfd9cfd2a7ebc985eb7 908a0eee66af4cfd9cfd2a7ebc985eb7] Added segment 2d798517-987e-4ec7-b1fe-f2d5a6ca2455 of type geneve for network adfa3d69-08e6-4efb-b202-b8d7c3281ee8
2026-05-10 01:46:39.245 10 INFO neutron.db.ovn_revision_numbers_db [None req-80cf50ea-4b4e-49db-a67e-b21801608274 0163dcda99864d97aad871fc86354f01 848f65fb002d4f7f9bec149e2ec0be33 - - 908a0eee66af4cfd9cfd2a7ebc985eb7 908a0eee66af4cfd9cfd2a7ebc985eb7] Successfully bumped revision number for resource adfa3d69-08e6-4efb-b202-b8d7c3281ee8 (type: networks) to 1
2026-05-10 01:46:39.473 10 WARNING neutron.scheduler.dhcp_agent_scheduler [None req-80cf50ea-4b4e-49db-a67e-b21801608274 0163dcda99864d97aad871fc86354f01 848f65fb002d4f7f9bec149e2ec0be33 - - 908a0eee66af4cfd9cfd2a7ebc985eb7 908a0eee66af4cfd9cfd2a7ebc985eb7] No more DHCP agents
2026-05-10 01:46:39.475 10 WARNING neutron.api.rpc.agentnotifiers.dhcp_rpc_agent_api [None req-80cf50ea-4b4e-49db-a67e-b21801608274 0163dcda99864d97aad871fc86354f01 848f65fb002d4f7f9bec149e2ec0be33 - - 908a0eee66af4cfd9cfd2a7ebc985eb7 908a0eee66af4cfd9cfd2a7ebc985eb7] Unable to schedule network adfa3d69-08e6-4efb-b202-b8d7c3281ee8: no agents available; will retry on subsequent port and subnet creation events.
2026-05-10 01:46:39.664 10 INFO neutron.db.ovn_revision_numbers_db [None req-80cf50ea-4b4e-49db-a67e-b21801608274 0163dcda99864d97aad871fc86354f01 848f65fb002d4f7f9bec149e2ec0be33 - - 908a0eee66af4cfd9cfd2a7ebc985eb7 908a0eee66af4cfd9cfd2a7ebc985eb7] Successfully bumped revision number for resource 598a13a4-ee18-4868-a3b4-8b402d6f4c76 (type: ports) to 1
2026-05-10 01:46:39.710 10 INFO neutron.wsgi [None req-80cf50ea-4b4e-49db-a67e-b21801608274 0163dcda99864d97aad871fc86354f01 848f65fb002d4f7f9bec149e2ec0be33 - - 908a0eee66af4cfd9cfd2a7ebc985eb7 908a0eee66af4cfd9cfd2a7ebc985eb7] 199.204.45.250 "POST /v2.0/networks HTTP/1.1" status: 201 len: 925 time: 0.7207291
2026-05-10 01:46:39.756 10 INFO neutron.wsgi [None req-778ca4cc-6f88-4e4f-9e36-c95f7c57f30a 0163dcda99864d97aad871fc86354f01 848f65fb002d4f7f9bec149e2ec0be33 - - 908a0eee66af4cfd9cfd2a7ebc985eb7 908a0eee66af4cfd9cfd2a7ebc985eb7] 199.204.45.250 "GET /v2.0/ports?device_id=manila-share&binding%3Ahost_id=instance HTTP/1.1" status: 200 len: 210 time: 0.0365856
2026-05-10 01:46:39.767 10 INFO neutron.wsgi [None req-164ea6ec-ee37-437b-9144-c02f65a99428 0163dcda99864d97aad871fc86354f01 848f65fb002d4f7f9bec149e2ec0be33 - - 908a0eee66af4cfd9cfd2a7ebc985eb7 908a0eee66af4cfd9cfd2a7ebc985eb7] 199.204.45.250 "GET /v2.0/extensions HTTP/1.1" status: 200 len: 18683 time: 0.0044038
2026-05-10 01:46:39.971 10 WARNING neutron.scheduler.dhcp_agent_scheduler [None req-10d029c0-97d8-42ec-9c25-58d997091104 0163dcda99864d97aad871fc86354f01 848f65fb002d4f7f9bec149e2ec0be33 - - 908a0eee66af4cfd9cfd2a7ebc985eb7 908a0eee66af4cfd9cfd2a7ebc985eb7] No more DHCP agents
2026-05-10 01:46:39.973 10 WARNING neutron.api.rpc.agentnotifiers.dhcp_rpc_agent_api [None req-10d029c0-97d8-42ec-9c25-58d997091104 0163dcda99864d97aad871fc86354f01 848f65fb002d4f7f9bec149e2ec0be33 - - 908a0eee66af4cfd9cfd2a7ebc985eb7 908a0eee66af4cfd9cfd2a7ebc985eb7] Unable to schedule network adfa3d69-08e6-4efb-b202-b8d7c3281ee8: no agents available; will retry on subsequent port and subnet creation events.
2026-05-10 01:46:40.097 10 INFO neutron.db.ovn_revision_numbers_db [None req-10d029c0-97d8-42ec-9c25-58d997091104 0163dcda99864d97aad871fc86354f01 848f65fb002d4f7f9bec149e2ec0be33 - - 908a0eee66af4cfd9cfd2a7ebc985eb7 908a0eee66af4cfd9cfd2a7ebc985eb7] Successfully bumped revision number for resource 1644bf14-643f-4f6a-b0fc-4f3124436601 (type: ports) to 1
2026-05-10 01:46:40.263 10 INFO neutron.db.ovn_revision_numbers_db [None req-10d029c0-97d8-42ec-9c25-58d997091104 0163dcda99864d97aad871fc86354f01 848f65fb002d4f7f9bec149e2ec0be33 - - 908a0eee66af4cfd9cfd2a7ebc985eb7 908a0eee66af4cfd9cfd2a7ebc985eb7] Successfully bumped revision number for resource 1644bf14-643f-4f6a-b0fc-4f3124436601 (type: ports) to 1
2026-05-10 01:46:40.289 10 INFO neutron.wsgi [None req-10d029c0-97d8-42ec-9c25-58d997091104 0163dcda99864d97aad871fc86354f01 848f65fb002d4f7f9bec149e2ec0be33 - - 908a0eee66af4cfd9cfd2a7ebc985eb7 908a0eee66af4cfd9cfd2a7ebc985eb7] 199.204.45.250 "POST /v2.0/ports HTTP/1.1" status: 201 len: 1144 time: 0.5177684
2026-05-10 01:46:40.341 10 INFO neutron.wsgi [None req-3c4c6296-b5f0-480b-8e74-12f4bd281e9d 0163dcda99864d97aad871fc86354f01 848f65fb002d4f7f9bec149e2ec0be33 - - 908a0eee66af4cfd9cfd2a7ebc985eb7 908a0eee66af4cfd9cfd2a7ebc985eb7] 199.204.45.250 "GET /v2.0/networks/adfa3d69-08e6-4efb-b202-b8d7c3281ee8 HTTP/1.1" status: 200 len: 907 time: 0.0457323
2026-05-10 01:46:40.922 10 INFO neutron.plugins.ml2.drivers.ovn.mech_driver.mech_driver [-] OVN reports status up for port: 1644bf14-643f-4f6a-b0fc-4f3124436601
2026-05-10 01:46:40.934 10 INFO neutron.plugins.ml2.plugin [None req-03cd97d3-af92-482b-a084-515d42e34b97 - - - - - -] Attempt 1 to provision port 1644bf14-643f-4f6a-b0fc-4f3124436601
2026-05-10 01:46:41.253 10 INFO neutron.db.ovn_revision_numbers_db [None req-03cd97d3-af92-482b-a084-515d42e34b97 - - - - - -] Successfully bumped revision number for resource 1644bf14-643f-4f6a-b0fc-4f3124436601 (type: ports) to 3
2026-05-10 01:46:41.980 10 INFO neutron.wsgi [None req-dafecc71-52eb-40c6-8e7d-a800f3312295 0163dcda99864d97aad871fc86354f01 848f65fb002d4f7f9bec149e2ec0be33 - - 908a0eee66af4cfd9cfd2a7ebc985eb7 908a0eee66af4cfd9cfd2a7ebc985eb7] 199.204.45.250 "GET /v2.0/ports?device_id=manila-share&binding%3Ahost_id=instance HTTP/1.1" status: 200 len: 1172 time: 0.0429883
2026-05-10 01:46:42.044 10 INFO neutron.wsgi [None req-f5314d28-36b8-457f-87d5-93d7f57bd0be 0163dcda99864d97aad871fc86354f01 848f65fb002d4f7f9bec149e2ec0be33 - - 908a0eee66af4cfd9cfd2a7ebc985eb7 908a0eee66af4cfd9cfd2a7ebc985eb7] 199.204.45.250 "GET /v2.0/networks/adfa3d69-08e6-4efb-b202-b8d7c3281ee8 HTTP/1.1" status: 200 len: 907 time: 0.0571790
2026-05-10 01:46:47.537 10 INFO neutron.wsgi [-] 10.0.0.244 "GET / HTTP/1.1" status: 200 len: 246 time: 0.0023112
2026-05-10 01:46:47.539 9 INFO neutron.wsgi [-] 10.0.0.244 "GET / HTTP/1.1" status: 200 len: 246 time: 0.0031173 /var/lib/openstack/lib/python3.10/site-packages/pycadf/identifier.py:71: UserWarning: Invalid uuid: unknown. To ensure interoperability, identifiers should be a valid uuid. warnings.warn(('Invalid uuid: %s. To ensure interoperability, '
2026-05-10 01:46:55.027 9 INFO neutron.wsgi [None req-2d246efe-1f19-44d2-aa11-763947a106d6 868280d2e70c4f0ea9ff15eeaa097b35 487411658de8464f9606419cad3de3f7 - - default default] 199.204.45.250,10.0.0.244 "GET /v2.0/quotas/848f65fb002d4f7f9bec149e2ec0be33 HTTP/1.1" status: 200 len: 467 time: 0.0173039 /var/lib/openstack/lib/python3.10/site-packages/neutron/extensions/quotasv2.py:139: UserWarning: Neutron quota engine will require "--force" parameter to set a quota limit without checking the resource usage. warnings.warn('Neutron quota engine will require "--force" '
2026-05-10 01:46:55.513 9 INFO neutron.wsgi [None req-05c2b568-9da0-4ea7-94b9-8e95f2f1b55c 868280d2e70c4f0ea9ff15eeaa097b35 487411658de8464f9606419cad3de3f7 - - default default] 199.204.45.250,10.0.0.244 "PUT /v2.0/quotas/848f65fb002d4f7f9bec149e2ec0be33 HTTP/1.1" status: 200 len: 466 time: 0.0302463
2026-05-10 01:47:02.538 10 INFO neutron.wsgi [-] 10.0.0.244 "GET / HTTP/1.1" status: 200 len: 246 time: 0.0027127
2026-05-10 01:47:02.541 10 INFO neutron.wsgi [-] 10.0.0.244 "GET / HTTP/1.1" status: 200 len: 246 time: 0.0021214
2026-05-10 01:47:17.537 9 INFO neutron.wsgi [-] 10.0.0.244 "GET / HTTP/1.1" status: 200 len: 246 time: 0.0025806
2026-05-10 01:47:17.539 10 INFO neutron.wsgi [-] 10.0.0.244 "GET / HTTP/1.1" status: 200 len: 246 time: 0.0041864
2026-05-10 01:47:32.537 9 INFO neutron.wsgi [-] 10.0.0.244 "GET / HTTP/1.1" status: 200 len: 246 time: 0.0020230
2026-05-10 01:47:32.541 9 INFO neutron.wsgi [-] 10.0.0.244 "GET / HTTP/1.1" status: 200 len: 246 time: 0.0011752
2026-05-10 01:47:47.538 9 INFO neutron.wsgi [-] 10.0.0.244 "GET / HTTP/1.1" status: 200 len: 246 time: 0.0030487
2026-05-10 01:47:47.537 10 INFO neutron.wsgi [-] 10.0.0.244 "GET / HTTP/1.1" status: 200 len: 246 time: 0.0024204
2026-05-10 01:47:47.985 15 INFO neutron.db.ovn_revision_numbers_db [None req-51dc0baa-de3f-4daa-bd0c-d413ad70be4a - - - - - -] Successfully bumped revision number for resource cd5dd0a7-05ea-4313-8629-b047fed46105 (type: security_groups) to 5
2026-05-10 01:47:47.986 15 INFO neutron.plugins.ml2.drivers.ovn.mech_driver.ovsdb.maintenance [None req-51dc0baa-de3f-4daa-bd0c-d413ad70be4a - - - - - -] Maintenance task: Synchronization completed (took 0.46 seconds) /var/lib/openstack/lib/python3.10/site-packages/pycadf/identifier.py:71: UserWarning: Invalid uuid: neutron. To ensure interoperability, identifiers should be a valid uuid. warnings.warn(('Invalid uuid: %s. To ensure interoperability, '
2026-05-10 01:47:57.218 9 INFO neutron.wsgi [None req-db5f4bf1-51cc-47e2-a7ae-3d7715ed3296 868280d2e70c4f0ea9ff15eeaa097b35 487411658de8464f9606419cad3de3f7 - - default default] 10.0.0.226 "GET /v2.0/ports HTTP/1.1" status: 200 len: 5351 time: 0.4653716
2026-05-10 01:47:57.260 9 INFO neutron.wsgi [None req-f8bc66b9-63ce-4ffb-80d4-bb634928ad61 868280d2e70c4f0ea9ff15eeaa097b35 487411658de8464f9606419cad3de3f7 - - default default] 10.0.0.226 "GET /v2.0/floatingips HTTP/1.1" status: 200 len: 193 time: 0.0347874
2026-05-10 01:47:57.322 9 INFO neutron.wsgi [None req-80e9af3b-a701-43a0-9adc-c93749d107c3 868280d2e70c4f0ea9ff15eeaa097b35 487411658de8464f9606419cad3de3f7 - - default default] 10.0.0.226 "GET /v2.0/subnets HTTP/1.1" status: 200 len: 1437 time: 0.0604837
2026-05-10 01:47:57.340 9 INFO neutron.wsgi [None req-02140124-ce34-42a4-859b-9934acd0807f 868280d2e70c4f0ea9ff15eeaa097b35 487411658de8464f9606419cad3de3f7 - - default default] 10.0.0.226 "GET /v2.0/subnetpools HTTP/1.1" status: 200 len: 193 time: 0.0175076
2026-05-10 01:47:57.407 9 INFO neutron.wsgi [None req-f09ab2a1-4ce6-4c6c-bb43-6aeaf335dc47 868280d2e70c4f0ea9ff15eeaa097b35 487411658de8464f9606419cad3de3f7 - - default default] 10.0.0.226 "GET /v2.0/security-groups HTTP/1.1" status: 200 len: 17578 time: 0.0656905
2026-05-10 01:47:57.455 9 INFO neutron.wsgi [None req-15525866-691d-4c72-8dc8-747b23d22a10 868280d2e70c4f0ea9ff15eeaa097b35 487411658de8464f9606419cad3de3f7 - - default default] 10.0.0.226 "GET /v2.0/agents HTTP/1.1" status: 200 len: 1390 time: 0.0442765
2026-05-10 01:47:57.473 9 INFO neutron.wsgi [None req-4d79fb99-79c7-41ae-a633-a89ac6d68548 868280d2e70c4f0ea9ff15eeaa097b35 487411658de8464f9606419cad3de3f7 - - default default] 10.0.0.226 "GET /v2.0/network-ip-availabilities HTTP/1.1" status: 200 len: 1280 time: 0.0167952
2026-05-10 01:47:57.505 9 INFO neutron.wsgi [None req-67b5b0d9-ed37-4b94-a9be-4bdbabee465c 868280d2e70c4f0ea9ff15eeaa097b35 487411658de8464f9606419cad3de3f7 - - default default] 10.0.0.226 "GET /v2.0/routers HTTP/1.1" status: 200 len: 189 time: 0.0303581
2026-05-10 01:47:57.518 9 INFO neutron.wsgi [None req-c0cd687d-6a04-48f5-b6a4-22baad542c6e 868280d2e70c4f0ea9ff15eeaa097b35 487411658de8464f9606419cad3de3f7 - - default default] 10.0.0.226 "GET /v2.0/agents?binary=ovn-controller HTTP/1.1" status: 200 len: 591 time: 0.0125551
2026-05-10 01:47:57.615 9 INFO neutron.wsgi [None req-25bd94d9-65b9-4697-8ef6-94dd35a26509 868280d2e70c4f0ea9ff15eeaa097b35 487411658de8464f9606419cad3de3f7 - - default default] 10.0.0.226 "GET /v2.0/networks HTTP/1.1" status: 200 len: 2350 time: 0.0962555
2026-05-10 01:47:57.679 9 INFO neutron.wsgi [None req-0e1acb06-677b-4861-be16-1e5353e48794 868280d2e70c4f0ea9ff15eeaa097b35 487411658de8464f9606419cad3de3f7 - - default default] 10.0.0.226 "GET /v2.0/subnets HTTP/1.1" status: 200 len: 1437 time: 0.0605826
2026-05-10 01:48:02.538 10 INFO neutron.wsgi [-] 10.0.0.244 "GET / HTTP/1.1" status: 200 len: 246 time: 0.0025866
2026-05-10 01:48:02.539 9 INFO neutron.wsgi [-] 10.0.0.244 "GET / HTTP/1.1" status: 200 len: 246 time: 0.0038471
2026-05-10 01:48:17.539 10 INFO neutron.wsgi [-] 10.0.0.244 "GET / HTTP/1.1" status: 200 len: 246 time: 0.0039580
2026-05-10 01:48:17.537 9 INFO neutron.wsgi [-] 10.0.0.244 "GET / HTTP/1.1" status: 200 len: 246 time: 0.0023627
2026-05-10 01:48:32.538 10 INFO neutron.wsgi [-] 10.0.0.244 "GET / HTTP/1.1" status: 200 len: 246 time: 0.0030031
2026-05-10 01:48:32.541 10 INFO neutron.wsgi [-] 10.0.0.244 "GET / HTTP/1.1" status: 200 len: 246 time: 0.0016515
2026-05-10 01:48:47.537 9 INFO neutron.wsgi [-] 10.0.0.244 "GET / HTTP/1.1" status: 200 len: 246 time: 0.0024014
2026-05-10 01:48:47.538 10 INFO neutron.wsgi [-] 10.0.0.244 "GET / HTTP/1.1" status: 200 len: 246 time: 0.0023949
2026-05-10 01:48:56.845 9 INFO neutron.wsgi [None req-39ece938-068b-4e56-9860-86572da2e1ea 868280d2e70c4f0ea9ff15eeaa097b35 487411658de8464f9606419cad3de3f7 - - default default] 10.0.0.226 "GET /v2.0/agents HTTP/1.1" status: 200 len: 1390 time: 0.0898108
2026-05-10 01:48:56.866 9 INFO neutron.wsgi [None req-5af9b84c-8933-4e5d-855f-0ff16b8aac08 868280d2e70c4f0ea9ff15eeaa097b35 487411658de8464f9606419cad3de3f7 - - default default] 10.0.0.226 "GET /v2.0/routers HTTP/1.1" status: 200 len: 189 time: 0.0206015
2026-05-10 01:48:56.876 9 INFO neutron.wsgi [None req-e1633d68-6114-4faf-a425-105431b2cd6c 868280d2e70c4f0ea9ff15eeaa097b35 487411658de8464f9606419cad3de3f7 - - default default] 10.0.0.226 "GET /v2.0/agents?binary=ovn-controller HTTP/1.1" status: 200 len: 591 time: 0.0095181
2026-05-10 01:48:56.920 9 INFO neutron.wsgi [None req-c1986b6f-2565-4c1c-bb05-d74fe7b574e7 868280d2e70c4f0ea9ff15eeaa097b35 487411658de8464f9606419cad3de3f7 - - default default] 10.0.0.226 "GET /v2.0/security-groups HTTP/1.1" status: 200 len: 17578 time: 0.0428176
2026-05-10 01:48:56.970 9 INFO neutron.wsgi [None req-d43af3d0-346a-42dc-a052-6673e9aac8ff 868280d2e70c4f0ea9ff15eeaa097b35 487411658de8464f9606419cad3de3f7 - - default default] 10.0.0.226 "GET /v2.0/subnets HTTP/1.1" status: 200 len: 1437 time: 0.0428979
2026-05-10 01:48:57.000 9 INFO neutron.wsgi [None req-d3913d84-b204-4951-a5fc-63aaf58f3bc5 868280d2e70c4f0ea9ff15eeaa097b35 487411658de8464f9606419cad3de3f7 - - default default] 10.0.0.226 "GET /v2.0/subnets HTTP/1.1" status: 200 len: 1437 time: 0.0284932
2026-05-10 01:48:57.008 9 INFO neutron.wsgi [None req-bf73ee55-e76c-4724-a21e-6ae455a07156 868280d2e70c4f0ea9ff15eeaa097b35 487411658de8464f9606419cad3de3f7 - - default default] 10.0.0.226 "GET /v2.0/subnetpools HTTP/1.1" status: 200 len: 193 time: 0.0068429
2026-05-10 01:48:57.028 9 INFO neutron.wsgi [None req-161754f6-5e6f-4ea4-a8a4-a559ee106576 868280d2e70c4f0ea9ff15eeaa097b35 487411658de8464f9606419cad3de3f7 - - default default] 10.0.0.226 "GET /v2.0/floatingips HTTP/1.1" status: 200 len: 193 time: 0.0195849
2026-05-10 01:48:57.040 9 INFO neutron.wsgi [None req-8015f23b-8c32-41bc-bbfd-0a57ceaf25e3 868280d2e70c4f0ea9ff15eeaa097b35 487411658de8464f9606419cad3de3f7 - - default default] 10.0.0.226 "GET /v2.0/network-ip-availabilities HTTP/1.1" status: 200 len: 1280 time: 0.0115407
2026-05-10 01:48:57.105 9 INFO neutron.wsgi [None req-5c0ca09c-6972-4dfe-92ba-1690c22404b0 868280d2e70c4f0ea9ff15eeaa097b35 487411658de8464f9606419cad3de3f7 - - default default] 10.0.0.226 "GET /v2.0/networks HTTP/1.1" status: 200 len: 2350 time: 0.0635483
2026-05-10 01:48:57.154 9 INFO neutron.wsgi [None req-7d4f9cf4-d127-4ad3-bb44-1decf7ae3de7 868280d2e70c4f0ea9ff15eeaa097b35 487411658de8464f9606419cad3de3f7 - - default default] 10.0.0.226 "GET /v2.0/ports HTTP/1.1" status: 200 len: 5351 time: 0.0464089
2026-05-10 01:49:02.537 9 INFO neutron.wsgi [-] 10.0.0.244 "GET / HTTP/1.1" status: 200 len: 246 time: 0.0023704
2026-05-10 01:49:02.537 10 INFO neutron.wsgi [-] 10.0.0.244 "GET / HTTP/1.1" status: 200 len: 246 time: 0.0024409
2026-05-10 01:49:17.537 10 INFO neutron.wsgi [-] 10.0.0.244 "GET / HTTP/1.1" status: 200 len: 246 time: 0.0024743
2026-05-10 01:49:17.539 10 INFO neutron.wsgi [-] 10.0.0.244 "GET / HTTP/1.1" status: 200 len: 246 time: 0.0012805
2026-05-10 01:49:32.542 9 INFO neutron.wsgi [-] 10.0.0.244 "GET / HTTP/1.1" status: 200 len: 246 time: 0.0067842
2026-05-10 01:49:32.544 9 INFO neutron.wsgi [-] 10.0.0.244 "GET / HTTP/1.1" status: 200 len: 246 time: 0.0017312
2026-05-10 01:49:47.537 9 INFO neutron.wsgi [-] 10.0.0.244 "GET / HTTP/1.1" status: 200 len: 246 time: 0.0016222
2026-05-10 01:49:47.538 10 INFO neutron.wsgi [-] 10.0.0.244 "GET / HTTP/1.1" status: 200 len: 246 time: 0.0026774
2026-05-10 01:49:56.935 9 INFO neutron.wsgi [None req-d52ff4b8-0244-4ad6-9e16-4aa46dbac851 868280d2e70c4f0ea9ff15eeaa097b35 487411658de8464f9606419cad3de3f7 - - default default] 10.0.0.226 "GET /v2.0/security-groups HTTP/1.1" status: 200 len: 17578 time: 0.0796621
2026-05-10 01:49:56.989 9 INFO neutron.wsgi [None req-e80e4d0b-dbda-4260-8e19-92244de12896 868280d2e70c4f0ea9ff15eeaa097b35 487411658de8464f9606419cad3de3f7 - - default default] 10.0.0.226 "GET /v2.0/agents HTTP/1.1" status: 200 len: 1390 time: 0.0475364
2026-05-10 01:49:57.028 9 INFO neutron.wsgi [None req-1d105315-4f64-4415-8863-4a9c5c9430ea 868280d2e70c4f0ea9ff15eeaa097b35 487411658de8464f9606419cad3de3f7 - - default default] 10.0.0.226 "GET /v2.0/subnets HTTP/1.1" status: 200 len: 1437 time: 0.0384233
2026-05-10 01:49:57.039 9 INFO neutron.wsgi [None req-529097e4-b677-4abb-98e5-a01fd57ca9c8 868280d2e70c4f0ea9ff15eeaa097b35 487411658de8464f9606419cad3de3f7 - - default default] 10.0.0.226 "GET /v2.0/subnetpools HTTP/1.1" status: 200 len: 193 time: 0.0096030
2026-05-10 01:49:57.052 9 INFO neutron.wsgi [None req-8262dada-2454-4cc5-a509-319ed0770b68 868280d2e70c4f0ea9ff15eeaa097b35 487411658de8464f9606419cad3de3f7 - - default default] 10.0.0.226 "GET /v2.0/network-ip-availabilities HTTP/1.1" status: 200 len: 1280 time: 0.0127592
2026-05-10 01:49:57.074 9 INFO neutron.wsgi [None req-ad8d80cc-debb-42e3-80f9-a176da44116f 868280d2e70c4f0ea9ff15eeaa097b35 487411658de8464f9606419cad3de3f7 - - default default] 10.0.0.226 "GET /v2.0/floatingips HTTP/1.1" status: 200 len: 193 time: 0.0205312
2026-05-10 01:49:57.108 9 INFO neutron.wsgi [None req-02a3a8f1-8fdd-41c0-8719-7670a3924e1a 868280d2e70c4f0ea9ff15eeaa097b35 487411658de8464f9606419cad3de3f7 - - default default] 10.0.0.226 "GET /v2.0/subnets HTTP/1.1" status: 200 len: 1437 time: 0.0329833
2026-05-10 01:49:57.159 9 INFO neutron.wsgi [None req-05183213-90d9-4beb-87c3-ad061ae43941 868280d2e70c4f0ea9ff15eeaa097b35 487411658de8464f9606419cad3de3f7 - - default default] 10.0.0.226 "GET /v2.0/ports HTTP/1.1" status: 200 len: 5351 time: 0.0498536
2026-05-10 01:49:57.187 9 INFO neutron.wsgi [None req-193c6fbd-2600-40ad-888d-9969f8025b9c 868280d2e70c4f0ea9ff15eeaa097b35 487411658de8464f9606419cad3de3f7 - - default default] 10.0.0.226 "GET /v2.0/routers HTTP/1.1" status: 200 len: 189 time: 0.0245566
2026-05-10 01:49:57.197 9 INFO neutron.wsgi [None req-37f9f61d-d444-420b-a007-be2519330205 868280d2e70c4f0ea9ff15eeaa097b35 487411658de8464f9606419cad3de3f7 - - default default] 10.0.0.226 "GET /v2.0/agents?binary=ovn-controller HTTP/1.1" status: 200 len: 591 time: 0.0090308
2026-05-10 01:49:57.258 9 INFO neutron.wsgi [None req-506468a5-40f1-46ce-aa08-13bca2146618 868280d2e70c4f0ea9ff15eeaa097b35 487411658de8464f9606419cad3de3f7 - - default default] 10.0.0.226 "GET /v2.0/networks HTTP/1.1" status: 200 len: 2350 time: 0.0592206
2026-05-10 01:50:02.538 9 INFO neutron.wsgi [-] 10.0.0.244 "GET / HTTP/1.1" status: 200 len: 246 time: 0.0026271
2026-05-10 01:50:02.539 10 INFO neutron.wsgi [-] 10.0.0.244 "GET / HTTP/1.1" status: 200 len: 246 time: 0.0033331
2026-05-10 01:50:17.536 9 INFO neutron.wsgi [-] 10.0.0.244 "GET / HTTP/1.1" status: 200 len: 246 time: 0.0015702
2026-05-10 01:50:17.537 10 INFO neutron.wsgi [-] 10.0.0.244 "GET / HTTP/1.1" status: 200 len: 246 time: 0.0025079
2026-05-10 01:50:32.537 10 INFO neutron.wsgi [-] 10.0.0.244 "GET / HTTP/1.1" status: 200 len: 246 time: 0.0027492
2026-05-10 01:50:32.537 9 INFO neutron.wsgi [-] 10.0.0.244 "GET / HTTP/1.1" status: 200 len: 246 time: 0.0025821
2026-05-10 01:50:47.537 10 INFO neutron.wsgi [-] 10.0.0.244 "GET / HTTP/1.1" status: 200 len: 246 time: 0.0025139
2026-05-10 01:50:47.537 9 INFO neutron.wsgi [-] 10.0.0.244 "GET / HTTP/1.1" status: 200 len: 246 time: 0.0026815
2026-05-10 01:50:56.877 9 INFO neutron.wsgi [None req-87f5b993-6da9-4cc8-971f-31566681e534 868280d2e70c4f0ea9ff15eeaa097b35 487411658de8464f9606419cad3de3f7 - - default default] 10.0.0.226 "GET /v2.0/security-groups HTTP/1.1" status: 200 len: 17578 time: 0.0918529
2026-05-10 01:50:56.924 9 INFO neutron.wsgi [None req-71f329f3-5036-4386-826c-e52c7bf54a2c 868280d2e70c4f0ea9ff15eeaa097b35 487411658de8464f9606419cad3de3f7 - - default default] 10.0.0.226 "GET /v2.0/subnets HTTP/1.1" status: 200 len: 1437 time: 0.0380037
2026-05-10 01:50:56.951 9 INFO neutron.wsgi [None req-e2d4f1a5-c925-4905-b1c8-34411457d839 868280d2e70c4f0ea9ff15eeaa097b35 487411658de8464f9606419cad3de3f7 - - default default] 10.0.0.226 "GET /v2.0/floatingips HTTP/1.1" status: 200 len: 193 time: 0.0239770
2026-05-10 01:50:57.001 9 INFO neutron.wsgi [None req-25913acb-537f-4dc1-a8a5-2f2482cf3461 868280d2e70c4f0ea9ff15eeaa097b35 487411658de8464f9606419cad3de3f7 - - default default] 10.0.0.226 "GET /v2.0/ports HTTP/1.1" status: 200 len: 5351 time: 0.0495863
2026-05-10 01:50:57.015 9 INFO neutron.wsgi [None req-95d8ebd5-9b30-47f2-9b77-6bf1116f77ca 868280d2e70c4f0ea9ff15eeaa097b35 487411658de8464f9606419cad3de3f7 - - default default] 10.0.0.226 "GET /v2.0/network-ip-availabilities HTTP/1.1" status: 200 len: 1280 time: 0.0118744
2026-05-10 01:50:57.079 9 INFO neutron.wsgi [None req-f814642a-bd36-4ca4-95eb-c62d532b43ea 868280d2e70c4f0ea9ff15eeaa097b35 487411658de8464f9606419cad3de3f7 - - default default] 10.0.0.226 "GET /v2.0/networks HTTP/1.1" status: 200 len: 2350 time: 0.0625043
2026-05-10 01:50:57.101 9 INFO neutron.wsgi [None req-5b6734e5-1ece-4222-9203-27d025328058 868280d2e70c4f0ea9ff15eeaa097b35 487411658de8464f9606419cad3de3f7 - - default default] 10.0.0.226 "GET /v2.0/routers HTTP/1.1" status: 200 len: 189 time: 0.0198259
2026-05-10 01:50:57.139 9 INFO neutron.wsgi [None req-830ad8bb-3c3d-4aee-b538-a8ce510b9284 868280d2e70c4f0ea9ff15eeaa097b35 487411658de8464f9606419cad3de3f7 - - default default] 10.0.0.226 "GET /v2.0/agents?binary=ovn-controller HTTP/1.1" status: 200 len: 591 time: 0.0380116
2026-05-10 01:50:57.153 9 INFO neutron.wsgi [None req-1d562b6d-d2a3-4cae-aca1-41d4415a4ffc 868280d2e70c4f0ea9ff15eeaa097b35 487411658de8464f9606419cad3de3f7 - - default default] 10.0.0.226 "GET /v2.0/agents HTTP/1.1" status: 200 len: 1390 time: 0.0126491
2026-05-10 01:50:57.182 9 INFO neutron.wsgi [None req-b35b1ad2-6e2c-4d3c-874e-00196149b59c 868280d2e70c4f0ea9ff15eeaa097b35 487411658de8464f9606419cad3de3f7 - - default default] 10.0.0.226 "GET /v2.0/subnets HTTP/1.1" status: 200 len: 1437 time: 0.0280454
2026-05-10 01:50:57.190 9 INFO neutron.wsgi [None req-2853f27f-c505-4ff1-8a6f-0d7b143e89a3 868280d2e70c4f0ea9ff15eeaa097b35 487411658de8464f9606419cad3de3f7 - - default default] 10.0.0.226 "GET /v2.0/subnetpools HTTP/1.1" status: 200 len: 193 time: 0.0074689
2026-05-10 01:51:02.536 10 INFO neutron.wsgi [-] 10.0.0.244 "GET / HTTP/1.1" status: 200 len: 246 time: 0.0018327
2026-05-10 01:51:02.538 10 INFO neutron.wsgi [-] 10.0.0.244 "GET / HTTP/1.1" status: 200 len: 246 time: 0.0013866
2026-05-10 01:51:17.536 10 INFO neutron.wsgi [-] 10.0.0.244 "GET / HTTP/1.1" status: 200 len: 246 time: 0.0013280
2026-05-10 01:51:17.538 9 INFO neutron.wsgi [-] 10.0.0.244 "GET / HTTP/1.1" status: 200 len: 246 time: 0.0026453
2026-05-10 01:51:32.538 9 INFO neutron.wsgi [-] 10.0.0.244 "GET / HTTP/1.1" status: 200 len: 246 time: 0.0029438
2026-05-10 01:51:32.538 10 INFO neutron.wsgi [-] 10.0.0.244 "GET / HTTP/1.1" status: 200 len: 246 time: 0.0032625
2026-05-10 01:51:47.537 10 INFO neutron.wsgi [-] 10.0.0.244 "GET / HTTP/1.1" status: 200 len: 246 time: 0.0018547
2026-05-10 01:51:47.539 10 INFO neutron.wsgi [-] 10.0.0.244 "GET / HTTP/1.1" status: 200 len: 246 time: 0.0014136
2026-05-10 01:51:56.854 9 INFO neutron.wsgi [None req-bc8a7378-6117-4a62-83b6-2870598aed9b 868280d2e70c4f0ea9ff15eeaa097b35 487411658de8464f9606419cad3de3f7 - - default default] 10.0.0.226 "GET /v2.0/networks HTTP/1.1" status: 200 len: 2350 time: 0.1257913
2026-05-10 01:51:56.883 9 INFO neutron.wsgi [None req-a6f8d7c7-1890-4a5f-bd73-4e4d97727c9d 868280d2e70c4f0ea9ff15eeaa097b35 487411658de8464f9606419cad3de3f7 - - default default] 10.0.0.226 "GET /v2.0/floatingips HTTP/1.1" status: 200 len: 193 time: 0.0221705
2026-05-10 01:51:56.896 9 INFO neutron.wsgi [None req-abfaa721-7346-4a93-bb22-d9f66df61f14 868280d2e70c4f0ea9ff15eeaa097b35 487411658de8464f9606419cad3de3f7 - - default default] 10.0.0.226 "GET /v2.0/network-ip-availabilities HTTP/1.1" status: 200 len: 1280 time: 0.0123203
2026-05-10 01:51:56.930 9 INFO neutron.wsgi [None req-4631569b-f99f-4324-97fd-86fded7f413f 868280d2e70c4f0ea9ff15eeaa097b35 487411658de8464f9606419cad3de3f7 - - default default] 10.0.0.226 "GET /v2.0/subnets HTTP/1.1" status: 200 len: 1437 time: 0.0331991
2026-05-10 01:51:56.939 9 INFO neutron.wsgi [None req-32228a67-c660-4206-90a7-9497e1c930a7 868280d2e70c4f0ea9ff15eeaa097b35 487411658de8464f9606419cad3de3f7 - - default default] 10.0.0.226 "GET /v2.0/subnetpools HTTP/1.1" status: 200 len: 193 time: 0.0086215
2026-05-10 01:51:56.984 9 INFO neutron.wsgi [None req-e4b3b040-f8bd-4ec3-b69d-db80af123202 868280d2e70c4f0ea9ff15eeaa097b35 487411658de8464f9606419cad3de3f7 - - default default] 10.0.0.226 "GET /v2.0/security-groups HTTP/1.1" status: 200 len: 17578 time: 0.0440364
2026-05-10 01:51:57.029 9 INFO neutron.wsgi [None req-f76e1b59-df68-4af5-ab38-0eb1d5f325ba 868280d2e70c4f0ea9ff15eeaa097b35 487411658de8464f9606419cad3de3f7 - - default default] 10.0.0.226 "GET /v2.0/agents HTTP/1.1" status: 200 len: 1390 time: 0.0400410
2026-05-10 01:51:57.063 9 INFO neutron.wsgi [None req-3ef5051d-8dfe-4b11-9ec4-8c4e5261227d 868280d2e70c4f0ea9ff15eeaa097b35 487411658de8464f9606419cad3de3f7 - - default default] 10.0.0.226 "GET /v2.0/subnets HTTP/1.1" status: 200 len: 1437 time: 0.0323231
2026-05-10 01:51:57.106 9 INFO neutron.wsgi [None req-a87a173f-cbf1-4f03-b157-d791c5afe71c 868280d2e70c4f0ea9ff15eeaa097b35 487411658de8464f9606419cad3de3f7 - - default default] 10.0.0.226 "GET /v2.0/ports HTTP/1.1" status: 200 len: 5351 time: 0.0416002
2026-05-10 01:51:57.142 9 INFO neutron.wsgi [None req-9d573c77-2a11-4154-8ec9-61e5d3964b86 868280d2e70c4f0ea9ff15eeaa097b35 487411658de8464f9606419cad3de3f7 - - default default] 10.0.0.226 "GET /v2.0/routers HTTP/1.1" status: 200 len: 189 time: 0.0283515
2026-05-10 01:51:57.154 9 INFO neutron.wsgi [None req-0ff1506d-1c25-4ff4-a38d-ef55bb414541 868280d2e70c4f0ea9ff15eeaa097b35 487411658de8464f9606419cad3de3f7 - - default default] 10.0.0.226 "GET /v2.0/agents?binary=ovn-controller HTTP/1.1" status: 200 len: 591 time: 0.0117018
2026-05-10 01:52:02.537 10 INFO neutron.wsgi [-] 10.0.0.244 "GET / HTTP/1.1" status: 200 len: 246 time: 0.0023835
2026-05-10 01:52:02.538 9 INFO neutron.wsgi [-] 10.0.0.244 "GET / HTTP/1.1" status: 200 len: 246 time: 0.0026577
2026-05-10 01:52:17.536 9 INFO neutron.wsgi [-] 10.0.0.244 "GET / HTTP/1.1" status: 200 len: 246 time: 0.0017111
2026-05-10 01:52:17.539 9 INFO neutron.wsgi [-] 10.0.0.244 "GET / HTTP/1.1" status: 200 len: 246 time: 0.0018978
2026-05-10 01:52:32.537 9 INFO neutron.wsgi [-] 10.0.0.244 "GET / HTTP/1.1" status: 200 len: 246 time: 0.0022409
2026-05-10 01:52:32.538 10 INFO neutron.wsgi [-] 10.0.0.244 "GET / HTTP/1.1" status: 200 len: 246 time: 0.0022895
2026-05-10 01:52:47.537 9 INFO neutron.wsgi [-] 10.0.0.244 "GET / HTTP/1.1" status: 200 len: 246 time: 0.0028114
2026-05-10 01:52:47.538 10 INFO neutron.wsgi [-] 10.0.0.244 "GET / HTTP/1.1" status: 200 len: 246 time: 0.0032163
2026-05-10 01:52:56.842 9 INFO neutron.wsgi [None req-b2d3971f-3d9f-43e9-9875-8c403d990f11 868280d2e70c4f0ea9ff15eeaa097b35 487411658de8464f9606419cad3de3f7 - - default default] 10.0.0.226 "GET /v2.0/security-groups HTTP/1.1" status: 200 len: 17578 time: 0.0809054
2026-05-10 01:52:56.888 9 INFO neutron.wsgi [None req-f5ff3acc-e3e9-42e7-9566-18a21fc494c6 868280d2e70c4f0ea9ff15eeaa097b35 487411658de8464f9606419cad3de3f7 - - default default] 10.0.0.226 "GET /v2.0/subnets HTTP/1.1" status: 200 len: 1437 time: 0.0405593
2026-05-10 01:52:56.940 9 INFO neutron.wsgi [None req-0eeff381-1b59-45dd-8c5b-0a5c877fcfb5 868280d2e70c4f0ea9ff15eeaa097b35 487411658de8464f9606419cad3de3f7 - - default default] 10.0.0.226 "GET /v2.0/ports HTTP/1.1" status: 200 len: 5351 time: 0.0506999
2026-05-10 01:52:56.967 9 INFO neutron.wsgi [None req-3026bf9f-8579-4556-9eca-7db7bc7ce000 868280d2e70c4f0ea9ff15eeaa097b35 487411658de8464f9606419cad3de3f7 - - default default] 10.0.0.226 "GET /v2.0/routers HTTP/1.1" status: 200 len: 189 time: 0.0228708
2026-05-10 01:52:57.004 9 INFO neutron.wsgi [None req-9293a57b-7257-4fc9-b407-37d0042eb44f 868280d2e70c4f0ea9ff15eeaa097b35 487411658de8464f9606419cad3de3f7 - - default default] 10.0.0.226 "GET /v2.0/agents?binary=ovn-controller HTTP/1.1" status: 200 len: 591 time: 0.0368545
2026-05-10 01:52:57.019 9 INFO neutron.wsgi [None req-1f343210-2df5-46c2-bca8-e62a4cabb734 868280d2e70c4f0ea9ff15eeaa097b35 487411658de8464f9606419cad3de3f7 - - default default] 10.0.0.226 "GET /v2.0/agents HTTP/1.1" status: 200 len: 1390 time: 0.0128837
2026-05-10 01:52:57.075 9 INFO neutron.wsgi [None req-4c9b1db0-beee-42bb-a0cf-e19bcb530f44 868280d2e70c4f0ea9ff15eeaa097b35 487411658de8464f9606419cad3de3f7 - - default default] 10.0.0.226 "GET /v2.0/floatingips HTTP/1.1" status: 200 len: 193 time: 0.0553243
2026-05-10 01:52:57.132 9 INFO neutron.wsgi [None req-8d2c4ba9-b688-4ace-9592-a1745ea95686 868280d2e70c4f0ea9ff15eeaa097b35 487411658de8464f9606419cad3de3f7 - - default default] 10.0.0.226 "GET /v2.0/networks HTTP/1.1" status: 200 len: 2350 time: 0.0565209
2026-05-10 01:52:57.147 9 INFO neutron.wsgi [None req-db48bddc-753f-4e3b-9b64-91c799207943 868280d2e70c4f0ea9ff15eeaa097b35 487411658de8464f9606419cad3de3f7 - - default default] 10.0.0.226 "GET /v2.0/network-ip-availabilities HTTP/1.1" status: 200 len: 1280 time: 0.0112712
2026-05-10 01:52:57.180 9 INFO neutron.wsgi [None req-661c17a3-89e2-488f-ba7b-b23d76d88b84 868280d2e70c4f0ea9ff15eeaa097b35 487411658de8464f9606419cad3de3f7 - - default default] 10.0.0.226 "GET /v2.0/subnets HTTP/1.1" status: 200 len: 1437 time: 0.0318396
2026-05-10 01:52:57.188 9 INFO neutron.wsgi [None req-d83a8a35-0ff9-4429-804a-b8b45f824986 868280d2e70c4f0ea9ff15eeaa097b35 487411658de8464f9606419cad3de3f7 - - default default] 10.0.0.226 "GET /v2.0/subnetpools HTTP/1.1" status: 200 len: 193 time: 0.0073922
2026-05-10 01:53:02.537 10 INFO neutron.wsgi [-] 10.0.0.244 "GET / HTTP/1.1" status: 200 len: 246 time: 0.0024900
2026-05-10 01:53:02.537 9 INFO neutron.wsgi [-] 10.0.0.244 "GET / HTTP/1.1" status: 200 len: 246 time: 0.0024543
2026-05-10 01:53:17.537 10 INFO neutron.wsgi [-] 10.0.0.244 "GET / HTTP/1.1" status: 200 len: 246 time: 0.0018044
2026-05-10 01:53:17.539 9 INFO neutron.wsgi [-] 10.0.0.244 "GET / HTTP/1.1" status: 200 len: 246 time: 0.0034907
2026-05-10 01:53:32.537 9 INFO neutron.wsgi [-] 10.0.0.244 "GET / HTTP/1.1" status: 200 len: 246 time: 0.0026097
2026-05-10 01:53:32.538 10 INFO neutron.wsgi [-] 10.0.0.244 "GET / HTTP/1.1" status: 200 len: 246 time: 0.0032372
2026-05-10 01:53:47.536 10 INFO neutron.wsgi [-] 10.0.0.244 "GET / HTTP/1.1" status: 200 len: 246 time: 0.0014584
2026-05-10 01:53:47.537 9 INFO neutron.wsgi [-] 10.0.0.244 "GET / HTTP/1.1" status: 200 len: 246 time: 0.0026605
2026-05-10 01:53:56.882 9 INFO neutron.wsgi [None req-d2b452f6-5992-47d3-9631-52aa773e7fc5 868280d2e70c4f0ea9ff15eeaa097b35 487411658de8464f9606419cad3de3f7 - - default default] 10.0.0.226 "GET /v2.0/ports HTTP/1.1" status: 200 len: 5351 time: 0.1289814
2026-05-10 01:53:56.908 9 INFO neutron.wsgi [None req-ad63da2c-8a58-496c-8ae5-3b699f4037c0 868280d2e70c4f0ea9ff15eeaa097b35 487411658de8464f9606419cad3de3f7 - - default default] 10.0.0.226 "GET /v2.0/routers HTTP/1.1" status: 200 len: 189 time: 0.0221531
2026-05-10 01:53:56.944 9 INFO neutron.wsgi [None req-247589f3-87e3-4ce4-8271-341696a6ba09 868280d2e70c4f0ea9ff15eeaa097b35 487411658de8464f9606419cad3de3f7 - - default default] 10.0.0.226 "GET /v2.0/agents?binary=ovn-controller HTTP/1.1" status: 200 len: 591 time: 0.0359545
2026-05-10 01:53:56.976 9 INFO neutron.wsgi [None req-3eddda98-a291-46dc-b9cc-3e3238a424a9 868280d2e70c4f0ea9ff15eeaa097b35 487411658de8464f9606419cad3de3f7 - - default default] 10.0.0.226 "GET /v2.0/agents HTTP/1.1" status: 200 len: 1390 time: 0.0250249
2026-05-10 01:53:56.992 9 INFO neutron.wsgi [None req-2e94992c-f4ca-4847-991d-c16471a62458 868280d2e70c4f0ea9ff15eeaa097b35 487411658de8464f9606419cad3de3f7 - - default default] 10.0.0.226 "GET /v2.0/network-ip-availabilities HTTP/1.1" status: 200 len: 1280 time: 0.0148706
2026-05-10 01:53:57.054 9 INFO neutron.wsgi [None req-cd2dbd27-5133-4b65-8bec-f3b44120f638 868280d2e70c4f0ea9ff15eeaa097b35 487411658de8464f9606419cad3de3f7 - - default default] 10.0.0.226 "GET /v2.0/networks HTTP/1.1" status: 200 len: 2350 time: 0.0607448
2026-05-10 01:53:57.085 9 INFO neutron.wsgi [None req-5b49d9f6-ed0e-49ef-ac7b-745b030e7fc8 868280d2e70c4f0ea9ff15eeaa097b35 487411658de8464f9606419cad3de3f7 - - default default] 10.0.0.226 "GET /v2.0/subnets HTTP/1.1" status: 200 len: 1437 time: 0.0288420
2026-05-10 01:53:57.094 9 INFO neutron.wsgi [None req-85203a7e-746e-4c52-ba26-6aeda08a763b 868280d2e70c4f0ea9ff15eeaa097b35 487411658de8464f9606419cad3de3f7 - - default default] 10.0.0.226 "GET /v2.0/subnetpools HTTP/1.1" status: 200 len: 193 time: 0.0074742
2026-05-10 01:53:57.112 9 INFO neutron.wsgi [None req-1ef3cf2f-9739-4930-ab8e-c46281882ea9 868280d2e70c4f0ea9ff15eeaa097b35 487411658de8464f9606419cad3de3f7 - - default default] 10.0.0.226 "GET /v2.0/floatingips HTTP/1.1" status: 200 len: 193 time: 0.0170577
2026-05-10 01:53:57.150 9 INFO neutron.wsgi [None req-0393ec10-ffb5-4442-acc7-e4a858c6a92d 868280d2e70c4f0ea9ff15eeaa097b35 487411658de8464f9606419cad3de3f7 - - default default] 10.0.0.226 "GET /v2.0/security-groups HTTP/1.1" status: 200 len: 17578 time: 0.0379672
2026-05-10 01:53:57.189 9 INFO neutron.wsgi [None req-a074b1d3-5814-4d08-8bd2-b97833863426 868280d2e70c4f0ea9ff15eeaa097b35 487411658de8464f9606419cad3de3f7 - - default default] 10.0.0.226 "GET /v2.0/subnets HTTP/1.1" status: 200 len: 1437 time: 0.0303543
2026-05-10 01:54:02.537 10 INFO neutron.wsgi [-] 10.0.0.244 "GET / HTTP/1.1" status: 200 len: 246 time: 0.0020955
2026-05-10 01:54:02.538 9 INFO neutron.wsgi [-] 10.0.0.244 "GET / HTTP/1.1" status: 200 len: 246 time: 0.0025315
2026-05-10 01:54:17.539 10 INFO neutron.wsgi [-] 10.0.0.244 "GET / HTTP/1.1" status: 200 len: 246 time: 0.0036213
