2026-05-10 02:04:01.885 10 INFO neutron.db.ovn_revision_numbers_db [None req-fd3341c9-af27-4e4b-a3d2-52b7b3b55f51 580868dca0ae43fb8ffc9128083d2335 a47e5f99db084e758c1410dc39defe6f - - default default] Successfully bumped revision number for resource af12b0e5-f5ce-49f6-97e4-39267d887a0a (type: routers) to 1
2026-05-10 02:04:01.893 10 INFO neutron.db.ovn_revision_numbers_db [None req-2019b3ce-9b81-482f-9320-ac3db8b26cc7 7ee04a780f114784bf014b05a3f7572b ffd36ca69fc24298a0ad6ac744530b51 - - default default] Successfully bumped revision number for resource b579b5cb-d07b-48e1-a889-9f0af7b86467 (type: security_group_rules) to 0
2026-05-10 02:04:01.899 10 INFO neutron.wsgi [None req-fd3341c9-af27-4e4b-a3d2-52b7b3b55f51 580868dca0ae43fb8ffc9128083d2335 a47e5f99db084e758c1410dc39defe6f - - default default] 10.0.0.160 "POST /v2.0/routers HTTP/1.1" status: 201 len: 802 time: 0.1443336
2026-05-10 02:04:01.928 10 INFO neutron.db.ovn_revision_numbers_db [None req-2019b3ce-9b81-482f-9320-ac3db8b26cc7 7ee04a780f114784bf014b05a3f7572b ffd36ca69fc24298a0ad6ac744530b51 - - default default] Successfully bumped revision number for resource b86325e5-6115-47ea-94eb-fac3d375736a (type: security_group_rules) to 0
2026-05-10 02:04:01.961 10 INFO neutron.wsgi [None req-2019b3ce-9b81-482f-9320-ac3db8b26cc7 7ee04a780f114784bf014b05a3f7572b ffd36ca69fc24298a0ad6ac744530b51 - - default default] 10.0.0.160 "POST /v2.0/security-groups HTTP/1.1" status: 201 len: 1861 time: 0.2735989
2026-05-10 02:04:01.971 9 WARNING neutron_lib.context [None req-3f680fe3-fce4-4553-8b22-fa8ff249bd7d 7ee04a780f114784bf014b05a3f7572b ffd36ca69fc24298a0ad6ac744530b51 - - default default] Method 'is_advsvc' is deprecated since 2023.2 release (neutron-lib 3.8.0) and will be removed once support for the old RBAC API policies will be removed from Neutron. Please use method 'is_service_role' instead.
2026-05-10 02:04:02.186 9 INFO neutron.db.ovn_revision_numbers_db [None req-3f680fe3-fce4-4553-8b22-fa8ff249bd7d 7ee04a780f114784bf014b05a3f7572b ffd36ca69fc24298a0ad6ac744530b51 - - default default] Successfully bumped revision number for resource 2d03bd28-4e2b-4374-8b23-781a187e651f (type: security_group_rules) to 0
2026-05-10 02:04:02.211 9 INFO neutron.db.ovn_revision_numbers_db [None req-2a9ca941-c1a2-4f41-b6c1-d7980dfe6544 2eadc069badd4dd59c05b69be73da9df 95d9032d0a0f43a1a94621873e1e6122 - - default default] Successfully bumped revision number for resource a4f2aa83-9ea9-4ab6-bc64-38077040c2e7 (type: routers) to 3
2026-05-10 02:04:02.215 9 INFO neutron.wsgi [None req-2a9ca941-c1a2-4f41-b6c1-d7980dfe6544 2eadc069badd4dd59c05b69be73da9df 95d9032d0a0f43a1a94621873e1e6122 - - default default] 10.0.0.160 "PUT /v2.0/routers/a4f2aa83-9ea9-4ab6-bc64-38077040c2e7 HTTP/1.1" status: 200 len: 1159 time: 0.7787409
2026-05-10 02:04:02.221 9 INFO neutron.wsgi [None req-3f680fe3-fce4-4553-8b22-fa8ff249bd7d 7ee04a780f114784bf014b05a3f7572b ffd36ca69fc24298a0ad6ac744530b51 - - default default] 10.0.0.160 "POST /v2.0/security-group-rules HTTP/1.1" status: 201 len: 796 time: 0.2562215
2026-05-10 02:04:02.231 9 WARNING neutron_lib.context [None req-d8a3526d-03c4-49be-8eba-c756bb024798 7ee04a780f114784bf014b05a3f7572b ffd36ca69fc24298a0ad6ac744530b51 - - default default] Method 'is_advsvc' is deprecated since 2023.2 release (neutron-lib 3.8.0) and will be removed once support for the old RBAC API policies will be removed from Neutron. Please use method 'is_service_role' instead.
2026-05-10 02:04:02.341 10 INFO neutron.wsgi [None req-47eee9c7-aa0f-4d60-b8d4-efa68ff36524 2eadc069badd4dd59c05b69be73da9df 95d9032d0a0f43a1a94621873e1e6122 - - default default] 10.0.0.160 "GET /v2.0/routers/a4f2aa83-9ea9-4ab6-bc64-38077040c2e7 HTTP/1.1" status: 200 len: 1159 time: 0.1198766
2026-05-10 02:04:02.367 9 INFO neutron.wsgi [None req-f63861d8-0390-4f11-909d-125c62b17d19 2eadc069badd4dd59c05b69be73da9df 95d9032d0a0f43a1a94621873e1e6122 - - default default] 10.0.0.160 "GET /v2.0/ports?device_id=a4f2aa83-9ea9-4ab6-bc64-38077040c2e7 HTTP/1.1" status: 200 len: 205 time: 0.0200436
2026-05-10 02:04:02.380 10 WARNING neutron.scheduler.dhcp_agent_scheduler [None req-25bb875e-db19-4906-8a92-3a0db8c98ffa 580868dca0ae43fb8ffc9128083d2335 a47e5f99db084e758c1410dc39defe6f - - default default] No more DHCP agents
2026-05-10 02:04:02.383 10 WARNING neutron.api.rpc.agentnotifiers.dhcp_rpc_agent_api [None req-25bb875e-db19-4906-8a92-3a0db8c98ffa 580868dca0ae43fb8ffc9128083d2335 a47e5f99db084e758c1410dc39defe6f - - default default] Unable to schedule network 968c96dd-19d3-4ff8-8714-403d13728bd8: no agents available; will retry on subsequent port and subnet creation events.
2026-05-10 02:04:02.395 9 INFO neutron.db.ovn_revision_numbers_db [None req-d8a3526d-03c4-49be-8eba-c756bb024798 7ee04a780f114784bf014b05a3f7572b ffd36ca69fc24298a0ad6ac744530b51 - - default default] Successfully bumped revision number for resource 4d540c57-9728-4185-a8bc-8a59b1a20cf3 (type: security_group_rules) to 0
2026-05-10 02:04:02.431 9 INFO neutron.wsgi [None req-d8a3526d-03c4-49be-8eba-c756bb024798 7ee04a780f114784bf014b05a3f7572b ffd36ca69fc24298a0ad6ac744530b51 - - default default] 10.0.0.160 "POST /v2.0/security-group-rules HTTP/1.1" status: 201 len: 801 time: 0.2052875
2026-05-10 02:04:02.442 9 WARNING neutron_lib.context [None req-fa70c0e7-ac1e-4b56-b407-f94f1c24d6e4 7ee04a780f114784bf014b05a3f7572b ffd36ca69fc24298a0ad6ac744530b51 - - default default] Method 'is_advsvc' is deprecated since 2023.2 release (neutron-lib 3.8.0) and will be removed once support for the old RBAC API policies will be removed from Neutron. Please use method 'is_service_role' instead.
2026-05-10 02:04:02.537 9 INFO neutron.wsgi [-] 10.0.0.244 "GET / HTTP/1.1" status: 200 len: 246 time: 0.0012953
2026-05-10 02:04:02.538 9 INFO neutron.wsgi [-] 10.0.0.244 "GET / HTTP/1.1" status: 200 len: 246 time: 0.0010018
2026-05-10 02:04:02.547 10 INFO neutron.db.ovn_revision_numbers_db [None req-25bb875e-db19-4906-8a92-3a0db8c98ffa 580868dca0ae43fb8ffc9128083d2335 a47e5f99db084e758c1410dc39defe6f - - default default] Successfully bumped revision number for resource 03d3981e-fd7c-4776-a686-97f17812de53 (type: ports) to 1
2026-05-10 02:04:02.743 10 WARNING neutron.plugins.ml2.drivers.ovn.mech_driver.ovsdb.ovn_client [None req-03cd97d3-af92-482b-a084-515d42e34b97 - - - - - -] No port found with ID 4f17ba9a-337e-42ed-a91b-af59aac72ae0: RuntimeError: No port found with ID 4f17ba9a-337e-42ed-a91b-af59aac72ae0
2026-05-10 02:04:02.744 10 INFO neutron.plugins.ml2.drivers.ovn.mech_driver.mech_driver [None req-03cd97d3-af92-482b-a084-515d42e34b97 - - - - - -] OVN reports status up for port: 6b50e297-6286-4415-a1b9-c0c78adbbee0
2026-05-10 02:04:02.779 10 INFO neutron.plugins.ml2.plugin [None req-03cd97d3-af92-482b-a084-515d42e34b97 - - - - - -] Attempt 1 to provision port 6b50e297-6286-4415-a1b9-c0c78adbbee0
2026-05-10 02:04:02.830 9 WARNING neutron.scheduler.dhcp_agent_scheduler [None req-fa70c0e7-ac1e-4b56-b407-f94f1c24d6e4 7ee04a780f114784bf014b05a3f7572b ffd36ca69fc24298a0ad6ac744530b51 - - default default] No more DHCP agents
2026-05-10 02:04:02.833 9 WARNING neutron.api.rpc.agentnotifiers.dhcp_rpc_agent_api [None req-fa70c0e7-ac1e-4b56-b407-f94f1c24d6e4 7ee04a780f114784bf014b05a3f7572b ffd36ca69fc24298a0ad6ac744530b51 - - default default] Unable to schedule network b246701a-2479-4ffc-8add-3b81c9f5633e: no agents available; will retry on subsequent port and subnet creation events.
2026-05-10 02:04:02.924 10 INFO neutron.plugins.ml2.drivers.ovn.mech_driver.mech_driver [None req-03cd97d3-af92-482b-a084-515d42e34b97 - - - - - -] OVN reports status up for port: 093a6e9e-a04a-419b-93bb-0b5e45e455e5
2026-05-10 02:04:03.160 10 INFO neutron.plugins.ml2.plugin [None req-03cd97d3-af92-482b-a084-515d42e34b97 - - - - - -] Attempt 1 to provision port 093a6e9e-a04a-419b-93bb-0b5e45e455e5
2026-05-10 02:04:03.275 9 INFO neutron.wsgi [None req-fa70c0e7-ac1e-4b56-b407-f94f1c24d6e4 7ee04a780f114784bf014b05a3f7572b ffd36ca69fc24298a0ad6ac744530b51 - - default default] 10.0.0.160 "POST /v2.0/floatingips HTTP/1.1" status: 201 len: 751 time: 0.8372355
2026-05-10 02:04:03.286 10 ERROR ovsdbapp.backend.ovs_idl.command [None req-25bb875e-db19-4906-8a92-3a0db8c98ffa 580868dca0ae43fb8ffc9128083d2335 a47e5f99db084e758c1410dc39defe6f - - default default] Error executing command (DbGetCommand): ovsdbapp.backend.ovs_idl.idlutils.RowNotFound: Cannot find Logical_Router_Port with name=lrp-03d3981e-fd7c-4776-a686-97f17812de53
2026-05-10 02:04:03.286 10 ERROR ovsdbapp.backend.ovs_idl.command
Traceback (most recent call last):
2026-05-10 02:04:03.286 10 ERROR ovsdbapp.backend.ovs_idl.command
File "/var/lib/openstack/lib/python3.10/site-packages/ovsdbapp/backend/ovs_idl/command.py", line 47, in execute
2026-05-10 02:04:03.286 10 ERROR ovsdbapp.backend.ovs_idl.command self.run_idl(None)
2026-05-10 02:04:03.286 10 ERROR ovsdbapp.backend.ovs_idl.command
File "/var/lib/openstack/lib/python3.10/site-packages/ovsdbapp/backend/ovs_idl/command.py", line 235, in run_idl
2026-05-10 02:04:03.286 10 ERROR ovsdbapp.backend.ovs_idl.command record = self.api.lookup(self.table, self.record)
2026-05-10 02:04:03.286 10 ERROR ovsdbapp.backend.ovs_idl.command
File "/var/lib/openstack/lib/python3.10/site-packages/ovsdbapp/backend/ovs_idl/__init__.py", line 184, in lookup
2026-05-10 02:04:03.286 10 ERROR ovsdbapp.backend.ovs_idl.command return self._lookup(table, record)
2026-05-10 02:04:03.286 10 ERROR ovsdbapp.backend.ovs_idl.command
File "/var/lib/openstack/lib/python3.10/site-packages/ovsdbapp/backend/ovs_idl/__init__.py", line 235, in _lookup
2026-05-10 02:04:03.286 10 ERROR ovsdbapp.backend.ovs_idl.command row = idlutils.row_by_value(self, rl.table, rl.column, record)
2026-05-10 02:04:03.286 10 ERROR ovsdbapp.backend.ovs_idl.command
File "/var/lib/openstack/lib/python3.10/site-packages/ovsdbapp/backend/ovs_idl/idlutils.py", line 114, in row_by_value
2026-05-10 02:04:03.286 10 ERROR ovsdbapp.backend.ovs_idl.command raise RowNotFound(table=table, col=column, match=match)
2026-05-10 02:04:03.286 10 ERROR ovsdbapp.backend.ovs_idl.command ovsdbapp.backend.ovs_idl.idlutils.RowNotFound: Cannot find Logical_Router_Port with name=lrp-03d3981e-fd7c-4776-a686-97f17812de53
2026-05-10 02:04:03.286 10 ERROR ovsdbapp.backend.ovs_idl.command 
2026-05-10 02:04:03.287 10 ERROR neutron_lib.callbacks.manager [None req-25bb875e-db19-4906-8a92-3a0db8c98ffa 580868dca0ae43fb8ffc9128083d2335 a47e5f99db084e758c1410dc39defe6f - - default default] Error during notification for neutron.services.ovn_l3.plugin.OVNL3RouterPlugin._port_update-8745738097391 port, after_update: ovsdbapp.backend.ovs_idl.idlutils.RowNotFound: Cannot find Logical_Router_Port with name=lrp-03d3981e-fd7c-4776-a686-97f17812de53
2026-05-10 02:04:03.287 10 ERROR neutron_lib.callbacks.manager
Traceback (most recent call last):
2026-05-10 02:04:03.287 10 ERROR neutron_lib.callbacks.manager
File "/var/lib/openstack/lib/python3.10/site-packages/neutron_lib/callbacks/manager.py", line 189, in _notify_loop
2026-05-10 02:04:03.287 10 ERROR neutron_lib.callbacks.manager callback.method(resource, event, trigger, payload=payload)
2026-05-10 02:04:03.287 10 ERROR neutron_lib.callbacks.manager
File "/var/lib/openstack/lib/python3.10/site-packages/neutron/services/ovn_l3/plugin.py", line 391, in _port_update
2026-05-10 02:04:03.287 10 ERROR neutron_lib.callbacks.manager l3plugin._ovn_client.update_router_port(context,
2026-05-10 02:04:03.287 10 ERROR neutron_lib.callbacks.manager
File "/var/lib/openstack/lib/python3.10/site-packages/neutron/plugins/ml2/drivers/ovn/mech_driver/ovsdb/ovn_client.py", line 1878, in update_router_port
2026-05-10 02:04:03.287 10 ERROR neutron_lib.callbacks.manager self._update_lrouter_port(context, port, if_exists=if_exists,
2026-05-10 02:04:03.287 10 ERROR neutron_lib.callbacks.manager
File "/var/lib/openstack/lib/python3.10/site-packages/neutron/plugins/ml2/drivers/ovn/mech_driver/ovsdb/ovn_client.py", line 1855, in _update_lrouter_port
2026-05-10 02:04:03.287 10 ERROR neutron_lib.callbacks.manager external_ids = self._nb_idl.db_get(
2026-05-10 02:04:03.287 10 ERROR neutron_lib.callbacks.manager
File "/var/lib/openstack/lib/python3.10/site-packages/ovsdbapp/backend/ovs_idl/command.py", line 47, in execute
2026-05-10 02:04:03.287 10 ERROR neutron_lib.callbacks.manager self.run_idl(None)
2026-05-10 02:04:03.287 10 ERROR neutron_lib.callbacks.manager
File "/var/lib/openstack/lib/python3.10/site-packages/ovsdbapp/backend/ovs_idl/command.py", line 235, in run_idl
2026-05-10 02:04:03.287 10 ERROR neutron_lib.callbacks.manager record = self.api.lookup(self.table, self.record)
2026-05-10 02:04:03.287 10 ERROR neutron_lib.callbacks.manager
File "/var/lib/openstack/lib/python3.10/site-packages/ovsdbapp/backend/ovs_idl/__init__.py", line 184, in lookup
2026-05-10 02:04:03.287 10 ERROR neutron_lib.callbacks.manager return self._lookup(table, record)
2026-05-10 02:04:03.287 10 ERROR neutron_lib.callbacks.manager
File "/var/lib/openstack/lib/python3.10/site-packages/ovsdbapp/backend/ovs_idl/__init__.py", line 235, in _lookup
2026-05-10 02:04:03.287 10 ERROR neutron_lib.callbacks.manager row = idlutils.row_by_value(self, rl.table, rl.column, record)
2026-05-10 02:04:03.287 10 ERROR neutron_lib.callbacks.manager
File "/var/lib/openstack/lib/python3.10/site-packages/ovsdbapp/backend/ovs_idl/idlutils.py", line 114, in row_by_value
2026-05-10 02:04:03.287 10 ERROR neutron_lib.callbacks.manager raise RowNotFound(table=table, col=column, match=match)
2026-05-10 02:04:03.287 10 ERROR neutron_lib.callbacks.manager ovsdbapp.backend.ovs_idl.idlutils.RowNotFound: Cannot find Logical_Router_Port with name=lrp-03d3981e-fd7c-4776-a686-97f17812de53
2026-05-10 02:04:03.287 10 ERROR neutron_lib.callbacks.manager 
2026-05-10 02:04:03.368 9 INFO neutron.wsgi [None req-9655f3a7-d24f-44a4-907a-5daeedc3b47e 2eadc069badd4dd59c05b69be73da9df 95d9032d0a0f43a1a94621873e1e6122 - - default default] 10.0.0.160 "DELETE /v2.0/routers/a4f2aa83-9ea9-4ab6-bc64-38077040c2e7 HTTP/1.1" status: 204 len: 168 time: 0.9964728 /var/lib/openstack/lib/python3.10/site-packages/pycadf/identifier.py:71: UserWarning: Invalid uuid: neutron. To ensure interoperability, identifiers should be a valid uuid. warnings.warn(('Invalid uuid: %s. To ensure interoperability, '
2026-05-10 02:04:03.403 9 INFO neutron.wsgi [None req-930461b8-8c56-4baf-ae90-b4098f5b5dee 2eadc069badd4dd59c05b69be73da9df 95d9032d0a0f43a1a94621873e1e6122 - - default default] 10.0.0.160 "GET /v2.0/ports?device_id=a4f2aa83-9ea9-4ab6-bc64-38077040c2e7 HTTP/1.1" status: 200 len: 205 time: 0.0250554
2026-05-10 02:04:03.432 9 INFO neutron.api.v2.resource [None req-7c47eb1e-e6ec-4f4f-a61f-aa9d7f40463f 2eadc069badd4dd59c05b69be73da9df 95d9032d0a0f43a1a94621873e1e6122 - - default default] delete failed (client error): The resource could not be found.
2026-05-10 02:04:03.433 9 INFO neutron.wsgi [None req-7c47eb1e-e6ec-4f4f-a61f-aa9d7f40463f 2eadc069badd4dd59c05b69be73da9df 95d9032d0a0f43a1a94621873e1e6122 - - default default] 10.0.0.160 "DELETE /v2.0/routers/a4f2aa83-9ea9-4ab6-bc64-38077040c2e7 HTTP/1.1" status: 404 len: 336 time: 0.0250731
2026-05-10 02:04:03.449 10 INFO neutron.wsgi [req-55e173da-24d7-47d9-ae26-ce7ce113006a req-b05d4ccd-c610-43b2-b611-e14a42ac61f5 7ee04a780f114784bf014b05a3f7572b ffd36ca69fc24298a0ad6ac744530b51 - - default default] 10.0.0.38 "GET /v2.0/security-groups?name=tempest-securitygroup--1486819537&fields=id&tenant_id=ffd36ca69fc24298a0ad6ac744530b51 HTTP/1.1" status: 200 len: 267 time: 0.0716951
2026-05-10 02:04:03.454 9 INFO neutron.wsgi [None req-1ec98498-f2e9-4cd3-a0d3-706ef009fd41 2eadc069badd4dd59c05b69be73da9df 95d9032d0a0f43a1a94621873e1e6122 - - default default] 10.0.0.160 "GET /v2.0/ports?device_id=ecc54ebd-1398-4b73-9b89-060d94082e53 HTTP/1.1" status: 200 len: 205 time: 0.0171390
2026-05-10 02:04:03.479 9 INFO neutron.api.v2.resource [None req-ad5b172e-e4ce-4836-9114-c59842b3499d 2eadc069badd4dd59c05b69be73da9df 95d9032d0a0f43a1a94621873e1e6122 - - default default] delete failed (client error): The resource could not be found.
2026-05-10 02:04:03.480 9 INFO neutron.wsgi [None req-ad5b172e-e4ce-4836-9114-c59842b3499d 2eadc069badd4dd59c05b69be73da9df 95d9032d0a0f43a1a94621873e1e6122 - - default default] 10.0.0.160 "DELETE /v2.0/routers/ecc54ebd-1398-4b73-9b89-060d94082e53 HTTP/1.1" status: 404 len: 336 time: 0.0221832
2026-05-10 02:04:03.499 9 INFO neutron.pecan_wsgi.hooks.translation [None req-9bf5066d-a2df-41c7-919f-d5e6970a7998 2eadc069badd4dd59c05b69be73da9df 95d9032d0a0f43a1a94621873e1e6122 - - default default] DELETE failed (client error): The resource could not be found.
2026-05-10 02:04:03.501 9 INFO neutron.wsgi [None req-9bf5066d-a2df-41c7-919f-d5e6970a7998 2eadc069badd4dd59c05b69be73da9df 95d9032d0a0f43a1a94621873e1e6122 - - default default] 10.0.0.160 "DELETE /v2.0/subnets/a0b2531c-9134-4300-a261-b945e4b55627 HTTP/1.1" status: 404 len: 337 time: 0.0177145
2026-05-10 02:04:03.523 9 INFO neutron.wsgi [None req-33458ca3-f07c-4003-bba8-6aefe2aca52d 2eadc069badd4dd59c05b69be73da9df 95d9032d0a0f43a1a94621873e1e6122 - - default default] 10.0.0.160 "GET /v2.0/ports?device_id=64517fad-ea27-4a77-a2eb-96c54b3c5448 HTTP/1.1" status: 200 len: 205 time: 0.0192142
2026-05-10 02:04:03.543 10 INFO neutron.wsgi [req-55e173da-24d7-47d9-ae26-ce7ce113006a req-fbdfb441-5172-425f-acf8-18f105e71fde 7ee04a780f114784bf014b05a3f7572b ffd36ca69fc24298a0ad6ac744530b51 - - default default] 10.0.0.38 "GET /v2.0/security-groups?name=tempest-secgroup-smoke-231716205&fields=id&tenant_id=ffd36ca69fc24298a0ad6ac744530b51 HTTP/1.1" status: 200 len: 267 time: 0.0843041
2026-05-10 02:04:03.552 9 INFO neutron.api.v2.resource [None req-21da1564-c132-4448-89c9-4462398af0f4 2eadc069badd4dd59c05b69be73da9df 95d9032d0a0f43a1a94621873e1e6122 - - default default] delete failed (client error): The resource could not be found.
2026-05-10 02:04:03.553 9 INFO neutron.wsgi [None req-21da1564-c132-4448-89c9-4462398af0f4 2eadc069badd4dd59c05b69be73da9df 95d9032d0a0f43a1a94621873e1e6122 - - default default] 10.0.0.160 "DELETE /v2.0/routers/64517fad-ea27-4a77-a2eb-96c54b3c5448 HTTP/1.1" status: 404 len: 336 time: 0.0268250
2026-05-10 02:04:03.573 9 INFO neutron.pecan_wsgi.hooks.translation [None req-1701013b-9f5d-482b-ad05-b3b5a19d0ae4 2eadc069badd4dd59c05b69be73da9df 95d9032d0a0f43a1a94621873e1e6122 - - default default] DELETE failed (client error): The resource could not be found.
2026-05-10 02:04:03.575 9 INFO neutron.wsgi [None req-1701013b-9f5d-482b-ad05-b3b5a19d0ae4 2eadc069badd4dd59c05b69be73da9df 95d9032d0a0f43a1a94621873e1e6122 - - default default] 10.0.0.160 "DELETE /v2.0/subnets/9aeb3eea-d071-4ead-b4cd-41e3e2191351 HTTP/1.1" status: 404 len: 337 time: 0.0187120
2026-05-10 02:04:03.595 9 INFO neutron.wsgi [None req-b7c2f7f4-ebdf-476a-b712-3246003efe89 2eadc069badd4dd59c05b69be73da9df 95d9032d0a0f43a1a94621873e1e6122 - - default default] 10.0.0.160 "GET /v2.0/ports?device_id=d2c03fef-9f7a-426b-a537-30ad42ff8253 HTTP/1.1" status: 200 len: 205 time: 0.0156536
2026-05-10 02:04:03.622 9 INFO neutron.api.v2.resource [None req-6c1a41e8-9677-4b61-8552-f7cff5bc367f 2eadc069badd4dd59c05b69be73da9df 95d9032d0a0f43a1a94621873e1e6122 - - default default] delete failed (client error): The resource could not be found.
2026-05-10 02:04:03.623 9 INFO neutron.wsgi [None req-6c1a41e8-9677-4b61-8552-f7cff5bc367f 2eadc069badd4dd59c05b69be73da9df 95d9032d0a0f43a1a94621873e1e6122 - - default default] 10.0.0.160 "DELETE /v2.0/routers/d2c03fef-9f7a-426b-a537-30ad42ff8253 HTTP/1.1" status: 404 len: 336 time: 0.0254395
2026-05-10 02:04:03.641 9 INFO neutron.pecan_wsgi.hooks.translation [None req-cf29d9f6-8d58-405b-828d-929f92154338 2eadc069badd4dd59c05b69be73da9df 95d9032d0a0f43a1a94621873e1e6122 - - default default] DELETE failed (client error): The resource could not be found.
2026-05-10 02:04:03.644 9 INFO neutron.wsgi [None req-cf29d9f6-8d58-405b-828d-929f92154338 2eadc069badd4dd59c05b69be73da9df 95d9032d0a0f43a1a94621873e1e6122 - - default default] 10.0.0.160 "DELETE /v2.0/subnets/10ff5cb4-b8e2-4998-9a52-d04165cd175b HTTP/1.1" status: 404 len: 337 time: 0.0172458
2026-05-10 02:04:03.662 9 INFO neutron.pecan_wsgi.hooks.translation [None req-2e5a76e3-a13e-42f1-b81d-f4fc7b97ccf0 2eadc069badd4dd59c05b69be73da9df 95d9032d0a0f43a1a94621873e1e6122 - - default default] DELETE failed (client error): The resource could not be found.
2026-05-10 02:04:03.664 9 INFO neutron.wsgi [None req-2e5a76e3-a13e-42f1-b81d-f4fc7b97ccf0 2eadc069badd4dd59c05b69be73da9df 95d9032d0a0f43a1a94621873e1e6122 - - default default] 10.0.0.160 "DELETE /v2.0/subnets/b8a18bc5-30ea-4374-a654-a65bd7fbc26c HTTP/1.1" status: 404 len: 337 time: 0.0163443
2026-05-10 02:04:03.680 10 INFO neutron.db.ovn_revision_numbers_db [None req-25bb875e-db19-4906-8a92-3a0db8c98ffa 580868dca0ae43fb8ffc9128083d2335 a47e5f99db084e758c1410dc39defe6f - - default default] Successfully bumped revision number for resource 03d3981e-fd7c-4776-a686-97f17812de53 (type: ports) to 1
2026-05-10 02:04:03.688 10 INFO neutron.wsgi [req-55e173da-24d7-47d9-ae26-ce7ce113006a req-ee7f4ae6-5101-4d44-b155-4c861f6d3122 7ee04a780f114784bf014b05a3f7572b ffd36ca69fc24298a0ad6ac744530b51 - - default default] 10.0.0.38 "GET /v2.0/networks?id=802e2e40-99c3-4cf4-9397-77dff4295048 HTTP/1.1" status: 200 len: 872 time: 0.1360495
2026-05-10 02:04:03.717 10 INFO neutron.wsgi [req-55e173da-24d7-47d9-ae26-ce7ce113006a req-bf4ede6f-9d09-449e-a569-84538e890fa3 7ee04a780f114784bf014b05a3f7572b ffd36ca69fc24298a0ad6ac744530b51 - - default default] 10.0.0.38 "GET /v2.0/quotas/ffd36ca69fc24298a0ad6ac744530b51 HTTP/1.1" status: 200 len: 491 time: 0.0217209
2026-05-10 02:04:03.858 10 WARNING neutron.scheduler.dhcp_agent_scheduler [None req-25bb875e-db19-4906-8a92-3a0db8c98ffa 580868dca0ae43fb8ffc9128083d2335 a47e5f99db084e758c1410dc39defe6f - - default default] No more DHCP agents
2026-05-10 02:04:03.863 10 WARNING neutron.api.rpc.agentnotifiers.dhcp_rpc_agent_api [None req-25bb875e-db19-4906-8a92-3a0db8c98ffa 580868dca0ae43fb8ffc9128083d2335 a47e5f99db084e758c1410dc39defe6f - - default default] Unable to schedule network 968c96dd-19d3-4ff8-8714-403d13728bd8: no agents available; will retry on subsequent port and subnet creation events.
2026-05-10 02:04:03.909 10 INFO neutron.wsgi [req-55e173da-24d7-47d9-ae26-ce7ce113006a req-0845a481-8057-40aa-902f-3ed9a2bac31c 7ee04a780f114784bf014b05a3f7572b ffd36ca69fc24298a0ad6ac744530b51 - - default default] 10.0.0.38 "GET /v2.0/ports?tenant_id=ffd36ca69fc24298a0ad6ac744530b51&fields=id HTTP/1.1" status: 200 len: 302 time: 0.1820192
2026-05-10 02:04:03.974 10 INFO neutron.db.ovn_revision_numbers_db [None req-03cd97d3-af92-482b-a084-515d42e34b97 - - - - - -] Successfully bumped revision number for resource 093a6e9e-a04a-419b-93bb-0b5e45e455e5 (type: ports) to 2
2026-05-10 02:04:04.053 10 INFO neutron.wsgi [req-55e173da-24d7-47d9-ae26-ce7ce113006a req-3f3e61c0-fee4-48bc-8724-43243c279ff4 08135a990aec41cf92b88df9c00186d7 848f65fb002d4f7f9bec149e2ec0be33 - - 908a0eee66af4cfd9cfd2a7ebc985eb7 908a0eee66af4cfd9cfd2a7ebc985eb7] 10.0.0.38 "GET /v2.0/networks/802e2e40-99c3-4cf4-9397-77dff4295048?fields=segments HTTP/1.1" status: 200 len: 212 time: 0.1185944
2026-05-10 02:04:04.290 9 INFO neutron.wsgi [None req-728347e8-620a-4f8a-b75a-a5b758b0a284 868280d2e70c4f0ea9ff15eeaa097b35 487411658de8464f9606419cad3de3f7 - - default default] 10.0.0.160 "GET /v2.0/security-groups?tenant_id=95d9032d0a0f43a1a94621873e1e6122&name=default HTTP/1.1" status: 200 len: 3120 time: 0.1276705
2026-05-10 02:04:04.393 10 INFO neutron.wsgi [req-c1e0a495-ec05-437b-bc12-c3db77d7f149 req-7ab5409b-4828-4803-8115-fe15b4387e43 08135a990aec41cf92b88df9c00186d7 848f65fb002d4f7f9bec149e2ec0be33 - - 908a0eee66af4cfd9cfd2a7ebc985eb7 908a0eee66af4cfd9cfd2a7ebc985eb7] 10.0.0.247 "GET /v2.0/ports?device_id=9ed9937b-1ad2-43d9-8d82-985ea8d528fa HTTP/1.1" status: 200 len: 1409 time: 0.3028934
2026-05-10 02:04:04.399 10 INFO neutron.wsgi [req-55e173da-24d7-47d9-ae26-ce7ce113006a req-39f9980e-c419-4dd4-8fe1-eeebee6ec9d3 08135a990aec41cf92b88df9c00186d7 848f65fb002d4f7f9bec149e2ec0be33 - - 908a0eee66af4cfd9cfd2a7ebc985eb7 908a0eee66af4cfd9cfd2a7ebc985eb7] 10.0.0.38 "GET /v2.0/networks/802e2e40-99c3-4cf4-9397-77dff4295048?fields=provider%3Aphysical_network&fields=provider%3Anetwork_type HTTP/1.1" status: 200 len: 277 time: 0.3240747
2026-05-10 02:04:04.422 10 INFO neutron.db.ovn_revision_numbers_db [None req-25bb875e-db19-4906-8a92-3a0db8c98ffa 580868dca0ae43fb8ffc9128083d2335 a47e5f99db084e758c1410dc39defe6f - - default default] Successfully bumped revision number for resource 03d3981e-fd7c-4776-a686-97f17812de53 (type: router_ports) to 1
2026-05-10 02:04:04.428 10 INFO neutron.wsgi [None req-25bb875e-db19-4906-8a92-3a0db8c98ffa 580868dca0ae43fb8ffc9128083d2335 a47e5f99db084e758c1410dc39defe6f - - default default] 10.0.0.160 "PUT /v2.0/routers/af12b0e5-f5ce-49f6-97e4-39267d887a0a/add_router_interface HTTP/1.1" status: 200 len: 503 time: 2.5228229
2026-05-10 02:04:04.467 10 INFO neutron.wsgi [req-c1e0a495-ec05-437b-bc12-c3db77d7f149 req-4f526fa1-c58d-4154-af12-d628ea599924 08135a990aec41cf92b88df9c00186d7 848f65fb002d4f7f9bec149e2ec0be33 - - 908a0eee66af4cfd9cfd2a7ebc985eb7 908a0eee66af4cfd9cfd2a7ebc985eb7] 10.0.0.247 "GET /v2.0/security-groups?id=762bc320-5016-476b-b230-f5e47f10add9&fields=id&fields=name HTTP/1.1" status: 200 len: 312 time: 0.0655077
2026-05-10 02:04:04.467 10 INFO neutron.db.ovn_revision_numbers_db [None req-03cd97d3-af92-482b-a084-515d42e34b97 - - - - - -] Successfully bumped revision number for resource 093a6e9e-a04a-419b-93bb-0b5e45e455e5 (type: router_ports) to 2
2026-05-10 02:04:04.735 9 INFO neutron.wsgi [req-6cca3990-12af-47ce-ba3e-3b8d022fdb2c req-106c77f9-3ebd-4f11-a731-5e169af0c6cd 7ee04a780f114784bf014b05a3f7572b ffd36ca69fc24298a0ad6ac744530b51 - - default default] 10.0.0.38 "GET /v2.0/ports?device_id=373d493d-9c39-4516-8f49-aa1e6e57c32b HTTP/1.1" status: 200 len: 210 time: 0.0207224
2026-05-10 02:04:04.790 9 INFO neutron.wsgi [None req-16c5f5d6-ec4d-4215-8897-7d90db18c95f 580868dca0ae43fb8ffc9128083d2335 a47e5f99db084e758c1410dc39defe6f - - default default] 10.0.0.160 "GET /v2.0/ports/03d3981e-fd7c-4776-a686-97f17812de53 HTTP/1.1" status: 200 len: 1135 time: 0.3544109
2026-05-10 02:04:04.800 9 INFO neutron.wsgi [None req-a7578fcd-d33b-4213-941f-6fcd489e969c 868280d2e70c4f0ea9ff15eeaa097b35 487411658de8464f9606419cad3de3f7 - - default default] 10.0.0.160 "DELETE /v2.0/security-groups/20506c7d-c1b6-4c56-a081-f6dc6c628869 HTTP/1.1" status: 204 len: 168 time: 0.5048912
2026-05-10 02:04:05.313 9 INFO neutron.plugins.ml2.drivers.ovn.mech_driver.mech_driver [None req-19072341-a9ee-4646-9c5a-7059975f3612 - - - - - -] OVN reports status down for port: f496d2dd-4f5e-4c0d-8998-8bc52afbd501
2026-05-10 02:04:05.338 9 INFO neutron.wsgi [req-55e173da-24d7-47d9-ae26-ce7ce113006a req-dff76094-f0b0-4476-a164-d2eaa4c7c395 7ee04a780f114784bf014b05a3f7572b ffd36ca69fc24298a0ad6ac744530b51 - - default default] 199.204.45.250 "GET /v2.0/networks?id=802e2e40-99c3-4cf4-9397-77dff4295048 HTTP/1.1" status: 200 len: 872 time: 0.1072395
2026-05-10 02:04:05.400 9 INFO neutron.wsgi [req-55e173da-24d7-47d9-ae26-ce7ce113006a req-fadb6909-91e8-48a2-821a-695900676de3 7ee04a780f114784bf014b05a3f7572b ffd36ca69fc24298a0ad6ac744530b51 - - default default] 199.204.45.250 "GET /v2.0/security-groups?fields=id&fields=name&tenant_id=ffd36ca69fc24298a0ad6ac744530b51 HTTP/1.1" status: 200 len: 472 time: 0.0571325
2026-05-10 02:04:05.415 10 WARNING neutron.scheduler.dhcp_agent_scheduler [None req-3ca3ac6a-20be-4d72-8ee4-33a17a2f9dba 580868dca0ae43fb8ffc9128083d2335 a47e5f99db084e758c1410dc39defe6f - - default default] No more DHCP agents
2026-05-10 02:04:05.418 9 WARNING neutron_lib.context [req-55e173da-24d7-47d9-ae26-ce7ce113006a req-ca270bae-4dbc-4491-893c-027496d53ac2 7ee04a780f114784bf014b05a3f7572b ffd36ca69fc24298a0ad6ac744530b51 - - default default] Method 'is_advsvc' is deprecated since 2023.2 release (neutron-lib 3.8.0) and will be removed once support for the old RBAC API policies will be removed from Neutron. Please use method 'is_service_role' instead.
2026-05-10 02:04:05.423 10 WARNING neutron.api.rpc.agentnotifiers.dhcp_rpc_agent_api [None req-3ca3ac6a-20be-4d72-8ee4-33a17a2f9dba 580868dca0ae43fb8ffc9128083d2335 a47e5f99db084e758c1410dc39defe6f - - default default] Unable to schedule network 43fa375c-f524-4e67-b155-8efcfd1da397: no agents available; will retry on subsequent port and subnet creation events.
2026-05-10 02:04:05.497 10 INFO neutron.wsgi [req-bf930e89-20a8-4b78-a2fa-13dfd25a51ae req-7aaedeec-071e-4b1d-a661-b726376c7620 348f32ae17fb4c2baedfea2209d2e94e 04ba2da5ad544abd9ada4c5333134e34 - - default default] 10.0.0.38 "GET /v2.0/ports?device_id=9ed9937b-1ad2-43d9-8d82-985ea8d528fa HTTP/1.1" status: 200 len: 1170 time: 0.1132276
2026-05-10 02:04:05.506 9 INFO neutron.notifiers.nova [-] Nova event matching ['req-579b1835-fe14-49de-ab5e-aa397782d617'] response: {'server_uuid': '9ed9937b-1ad2-43d9-8d82-985ea8d528fa', 'name': 'network-vif-unplugged', 'status': 'completed', 'tag': 'f496d2dd-4f5e-4c0d-8998-8bc52afbd501', 'code': 200}
2026-05-10 02:04:05.556 10 INFO neutron.wsgi [req-bf930e89-20a8-4b78-a2fa-13dfd25a51ae req-3fb65e92-c084-4ca2-891a-37725c29dbb5 348f32ae17fb4c2baedfea2209d2e94e 04ba2da5ad544abd9ada4c5333134e34 - - default default] 10.0.0.38 "GET /v2.0/security-groups?id=762bc320-5016-476b-b230-f5e47f10add9&fields=id&fields=name HTTP/1.1" status: 200 len: 312 time: 0.0498242
2026-05-10 02:04:05.622 10 INFO neutron.db.ovn_revision_numbers_db [None req-3ca3ac6a-20be-4d72-8ee4-33a17a2f9dba 580868dca0ae43fb8ffc9128083d2335 a47e5f99db084e758c1410dc39defe6f - - default default] Successfully bumped revision number for resource 1b781ce8-94bc-4e86-97aa-0a4a5d8e4c45 (type: ports) to 1
2026-05-10 02:04:05.713 10 INFO neutron.wsgi [req-f4f46cab-2e6f-4aa3-84ef-bc82353ba735 req-53aa9738-0ae1-4135-a4b0-89f55a4a1654 348f32ae17fb4c2baedfea2209d2e94e 04ba2da5ad544abd9ada4c5333134e34 - - default default] 199.204.45.250 "GET /v2.0/ports?device_id=9ed9937b-1ad2-43d9-8d82-985ea8d528fa HTTP/1.1" status: 200 len: 1168 time: 0.0622680
2026-05-10 02:04:05.733 9 INFO neutron.db.ovn_revision_numbers_db [None req-19072341-a9ee-4646-9c5a-7059975f3612 - - - - - -] Successfully bumped revision number for resource f496d2dd-4f5e-4c0d-8998-8bc52afbd501 (type: ports) to 5
2026-05-10 02:04:05.839 9 INFO neutron.wsgi [req-14ad4a7e-1990-4377-b8c7-7699d8a00332 req-713ded5d-5d10-40d5-85b3-256cc059a8cf 7ee04a780f114784bf014b05a3f7572b ffd36ca69fc24298a0ad6ac744530b51 - - default default] 10.0.0.38 "GET /v2.0/ports?device_id=373d493d-9c39-4516-8f49-aa1e6e57c32b HTTP/1.1" status: 200 len: 210 time: 0.0364480
2026-05-10 02:04:05.924 9 WARNING neutron.scheduler.dhcp_agent_scheduler [req-55e173da-24d7-47d9-ae26-ce7ce113006a req-ca270bae-4dbc-4491-893c-027496d53ac2 7ee04a780f114784bf014b05a3f7572b ffd36ca69fc24298a0ad6ac744530b51 - - default default] No more DHCP agents
2026-05-10 02:04:05.926 9 WARNING neutron.api.rpc.agentnotifiers.dhcp_rpc_agent_api [req-55e173da-24d7-47d9-ae26-ce7ce113006a req-ca270bae-4dbc-4491-893c-027496d53ac2 7ee04a780f114784bf014b05a3f7572b ffd36ca69fc24298a0ad6ac744530b51 - - default default] Unable to schedule network 802e2e40-99c3-4cf4-9397-77dff4295048: no agents available; will retry on subsequent port and subnet creation events.
2026-05-10 02:04:06.115 9 INFO neutron.db.ovn_revision_numbers_db [req-55e173da-24d7-47d9-ae26-ce7ce113006a req-ca270bae-4dbc-4491-893c-027496d53ac2 7ee04a780f114784bf014b05a3f7572b ffd36ca69fc24298a0ad6ac744530b51 - - default default] Successfully bumped revision number for resource da0c5873-1e29-40a5-822d-1332daf7d7ef (type: ports) to 1
2026-05-10 02:04:06.141 9 INFO neutron.wsgi [req-55e173da-24d7-47d9-ae26-ce7ce113006a req-ca270bae-4dbc-4491-893c-027496d53ac2 7ee04a780f114784bf014b05a3f7572b ffd36ca69fc24298a0ad6ac744530b51 - - default default] 199.204.45.250 "POST /v2.0/ports HTTP/1.1" status: 201 len: 1201 time: 0.7305138 /var/lib/openstack/lib/python3.10/site-packages/pycadf/identifier.py:71: UserWarning: Invalid uuid: neutron. To ensure interoperability, identifiers should be a valid uuid. warnings.warn(('Invalid uuid: %s. To ensure interoperability, '
2026-05-10 02:04:06.482 10 INFO neutron.db.l3_db [req-f4f46cab-2e6f-4aa3-84ef-bc82353ba735 req-bc727bf9-c912-49bd-be89-53f9e6814c7b 348f32ae17fb4c2baedfea2209d2e94e 04ba2da5ad544abd9ada4c5333134e34 - - default default] Floating IP ab044b15-6846-46f0-9a73-1257f125d12a disassociated. External IP: 10.96.250.207, port: f496d2dd-4f5e-4c0d-8998-8bc52afbd501.
2026-05-10 02:04:06.552 9 INFO neutron.db.ovn_revision_numbers_db [req-55e173da-24d7-47d9-ae26-ce7ce113006a req-e2059ed2-a1e6-4a96-a2b5-d0cec928e1be 08135a990aec41cf92b88df9c00186d7 848f65fb002d4f7f9bec149e2ec0be33 - - 908a0eee66af4cfd9cfd2a7ebc985eb7 908a0eee66af4cfd9cfd2a7ebc985eb7] Successfully bumped revision number for resource da0c5873-1e29-40a5-822d-1332daf7d7ef (type: ports) to 2
2026-05-10 02:04:06.656 10 INFO neutron.wsgi [req-f5b23fef-7cde-4f82-80c4-2d559b1945ce req-d7e5e493-4c83-4774-a758-599a099f778f 348f32ae17fb4c2baedfea2209d2e94e 04ba2da5ad544abd9ada4c5333134e34 - - default default] 10.0.0.38 "GET /v2.0/ports?device_id=9ed9937b-1ad2-43d9-8d82-985ea8d528fa HTTP/1.1" status: 200 len: 210 time: 0.0226419
2026-05-10 02:04:06.662 10 ERROR ovsdbapp.backend.ovs_idl.command [None req-3ca3ac6a-20be-4d72-8ee4-33a17a2f9dba 580868dca0ae43fb8ffc9128083d2335 a47e5f99db084e758c1410dc39defe6f - - default default] Error executing command (DbGetCommand): ovsdbapp.backend.ovs_idl.idlutils.RowNotFound: Cannot find Logical_Router_Port with name=lrp-1b781ce8-94bc-4e86-97aa-0a4a5d8e4c45
2026-05-10 02:04:06.662 10 ERROR ovsdbapp.backend.ovs_idl.command
Traceback (most recent call last):
2026-05-10 02:04:06.662 10 ERROR ovsdbapp.backend.ovs_idl.command
File "/var/lib/openstack/lib/python3.10/site-packages/ovsdbapp/backend/ovs_idl/command.py", line 47, in execute
2026-05-10 02:04:06.662 10 ERROR ovsdbapp.backend.ovs_idl.command self.run_idl(None)
2026-05-10 02:04:06.662 10 ERROR ovsdbapp.backend.ovs_idl.command
File "/var/lib/openstack/lib/python3.10/site-packages/ovsdbapp/backend/ovs_idl/command.py", line 235, in run_idl
2026-05-10 02:04:06.662 10 ERROR ovsdbapp.backend.ovs_idl.command record = self.api.lookup(self.table, self.record)
2026-05-10 02:04:06.662 10 ERROR ovsdbapp.backend.ovs_idl.command
File "/var/lib/openstack/lib/python3.10/site-packages/ovsdbapp/backend/ovs_idl/__init__.py", line 184, in lookup
2026-05-10 02:04:06.662 10 ERROR ovsdbapp.backend.ovs_idl.command return self._lookup(table, record)
2026-05-10 02:04:06.662 10 ERROR ovsdbapp.backend.ovs_idl.command
File "/var/lib/openstack/lib/python3.10/site-packages/ovsdbapp/backend/ovs_idl/__init__.py", line 235, in _lookup
2026-05-10 02:04:06.662 10 ERROR ovsdbapp.backend.ovs_idl.command row = idlutils.row_by_value(self, rl.table, rl.column, record)
2026-05-10 02:04:06.662 10 ERROR ovsdbapp.backend.ovs_idl.command
File "/var/lib/openstack/lib/python3.10/site-packages/ovsdbapp/backend/ovs_idl/idlutils.py", line 114, in row_by_value
2026-05-10 02:04:06.662 10 ERROR ovsdbapp.backend.ovs_idl.command raise RowNotFound(table=table, col=column, match=match)
2026-05-10 02:04:06.662 10 ERROR ovsdbapp.backend.ovs_idl.command ovsdbapp.backend.ovs_idl.idlutils.RowNotFound: Cannot find Logical_Router_Port with name=lrp-1b781ce8-94bc-4e86-97aa-0a4a5d8e4c45
2026-05-10 02:04:06.662 10 ERROR ovsdbapp.backend.ovs_idl.command 
2026-05-10 02:04:06.662 10 ERROR neutron_lib.callbacks.manager [None req-3ca3ac6a-20be-4d72-8ee4-33a17a2f9dba 580868dca0ae43fb8ffc9128083d2335 a47e5f99db084e758c1410dc39defe6f - - default default] Error during notification for neutron.services.ovn_l3.plugin.OVNL3RouterPlugin._port_update-8745738097391 port, after_update: ovsdbapp.backend.ovs_idl.idlutils.RowNotFound: Cannot find Logical_Router_Port with name=lrp-1b781ce8-94bc-4e86-97aa-0a4a5d8e4c45
2026-05-10 02:04:06.662 10 ERROR neutron_lib.callbacks.manager
Traceback (most recent call last):
2026-05-10 02:04:06.662 10 ERROR neutron_lib.callbacks.manager
File "/var/lib/openstack/lib/python3.10/site-packages/neutron_lib/callbacks/manager.py", line 189, in _notify_loop
2026-05-10 02:04:06.662 10 ERROR neutron_lib.callbacks.manager callback.method(resource, event, trigger, payload=payload)
2026-05-10 02:04:06.662 10 ERROR neutron_lib.callbacks.manager
File "/var/lib/openstack/lib/python3.10/site-packages/neutron/services/ovn_l3/plugin.py", line 391, in _port_update
2026-05-10 02:04:06.662 10 ERROR neutron_lib.callbacks.manager l3plugin._ovn_client.update_router_port(context,
2026-05-10 02:04:06.662 10 ERROR neutron_lib.callbacks.manager
File "/var/lib/openstack/lib/python3.10/site-packages/neutron/plugins/ml2/drivers/ovn/mech_driver/ovsdb/ovn_client.py", line 1878, in update_router_port
2026-05-10 02:04:06.662 10 ERROR neutron_lib.callbacks.manager self._update_lrouter_port(context, port, if_exists=if_exists,
2026-05-10 02:04:06.662 10 ERROR neutron_lib.callbacks.manager
File "/var/lib/openstack/lib/python3.10/site-packages/neutron/plugins/ml2/drivers/ovn/mech_driver/ovsdb/ovn_client.py", line 1855, in _update_lrouter_port
2026-05-10 02:04:06.662 10 ERROR neutron_lib.callbacks.manager external_ids = self._nb_idl.db_get(
2026-05-10 02:04:06.662 10 ERROR neutron_lib.callbacks.manager
File "/var/lib/openstack/lib/python3.10/site-packages/ovsdbapp/backend/ovs_idl/command.py", line 47, in execute
2026-05-10 02:04:06.662 10 ERROR neutron_lib.callbacks.manager self.run_idl(None)
2026-05-10 02:04:06.662 10 ERROR neutron_lib.callbacks.manager
File "/var/lib/openstack/lib/python3.10/site-packages/ovsdbapp/backend/ovs_idl/command.py", line 235, in run_idl
2026-05-10 02:04:06.662 10 ERROR neutron_lib.callbacks.manager record = self.api.lookup(self.table, self.record)
2026-05-10 02:04:06.662 10 ERROR neutron_lib.callbacks.manager
File "/var/lib/openstack/lib/python3.10/site-packages/ovsdbapp/backend/ovs_idl/__init__.py", line 184, in lookup
2026-05-10 02:04:06.662 10 ERROR neutron_lib.callbacks.manager return self._lookup(table, record)
2026-05-10 02:04:06.662 10 ERROR neutron_lib.callbacks.manager
File "/var/lib/openstack/lib/python3.10/site-packages/ovsdbapp/backend/ovs_idl/__init__.py", line 235, in _lookup
2026-05-10 02:04:06.662 10 ERROR neutron_lib.callbacks.manager row = idlutils.row_by_value(self, rl.table, rl.column, record)
2026-05-10 02:04:06.662 10 ERROR neutron_lib.callbacks.manager
File "/var/lib/openstack/lib/python3.10/site-packages/ovsdbapp/backend/ovs_idl/idlutils.py", line 114, in row_by_value
2026-05-10 02:04:06.662 10 ERROR neutron_lib.callbacks.manager raise RowNotFound(table=table, col=column, match=match)
2026-05-10 02:04:06.662 10 ERROR neutron_lib.callbacks.manager ovsdbapp.backend.ovs_idl.idlutils.RowNotFound: Cannot find Logical_Router_Port with name=lrp-1b781ce8-94bc-4e86-97aa-0a4a5d8e4c45
2026-05-10 02:04:06.662 10 ERROR neutron_lib.callbacks.manager 
2026-05-10 02:04:06.675 10 INFO neutron.wsgi [req-f4f46cab-2e6f-4aa3-84ef-bc82353ba735 req-bc727bf9-c912-49bd-be89-53f9e6814c7b 348f32ae17fb4c2baedfea2209d2e94e 04ba2da5ad544abd9ada4c5333134e34 - - default default] 199.204.45.250 "DELETE /v2.0/ports/f496d2dd-4f5e-4c0d-8998-8bc52afbd501 HTTP/1.1" status: 204 len: 173 time: 0.9511156
2026-05-10 02:04:06.742 10 INFO neutron.notifiers.nova [-] Nova event matching ['req-7893a2ba-c170-4ac6-88a5-116189c778cf'] response: {'server_uuid': '9ed9937b-1ad2-43d9-8d82-985ea8d528fa', 'name': 'network-vif-deleted', 'tag': 'f496d2dd-4f5e-4c0d-8998-8bc52afbd501', 'status': 'completed', 'code': 200}
2026-05-10 02:04:06.787 9 INFO neutron.db.ovn_revision_numbers_db [req-55e173da-24d7-47d9-ae26-ce7ce113006a req-e2059ed2-a1e6-4a96-a2b5-d0cec928e1be 08135a990aec41cf92b88df9c00186d7 848f65fb002d4f7f9bec149e2ec0be33 - - 908a0eee66af4cfd9cfd2a7ebc985eb7 908a0eee66af4cfd9cfd2a7ebc985eb7] Successfully bumped revision number for resource da0c5873-1e29-40a5-822d-1332daf7d7ef (type: ports) to 2
2026-05-10 02:04:06.820 9 INFO neutron.wsgi [req-55e173da-24d7-47d9-ae26-ce7ce113006a req-e2059ed2-a1e6-4a96-a2b5-d0cec928e1be 08135a990aec41cf92b88df9c00186d7 848f65fb002d4f7f9bec149e2ec0be33 - - 908a0eee66af4cfd9cfd2a7ebc985eb7 908a0eee66af4cfd9cfd2a7ebc985eb7] 199.204.45.250 "PUT /v2.0/ports/da0c5873-1e29-40a5-822d-1332daf7d7ef HTTP/1.1" status: 200 len: 1419 time: 0.6717415 /var/lib/openstack/lib/python3.10/site-packages/pycadf/identifier.py:71: UserWarning: Invalid uuid: neutron. To ensure interoperability, identifiers should be a valid uuid. warnings.warn(('Invalid uuid: %s. To ensure interoperability, '
2026-05-10 02:04:06.882 9 INFO neutron.plugins.ml2.drivers.ovn.mech_driver.mech_driver [None req-19072341-a9ee-4646-9c5a-7059975f3612 - - - - - -] OVN reports status up for port: 1b781ce8-94bc-4e86-97aa-0a4a5d8e4c45
2026-05-10 02:04:06.894 9 INFO neutron.plugins.ml2.plugin [None req-19072341-a9ee-4646-9c5a-7059975f3612 - - - - - -] Attempt 1 to provision port 1b781ce8-94bc-4e86-97aa-0a4a5d8e4c45
2026-05-10 02:04:06.900 9 INFO neutron.wsgi [req-55e173da-24d7-47d9-ae26-ce7ce113006a req-2efecf1f-dbde-4a83-8ae1-d07139f461f5 08135a990aec41cf92b88df9c00186d7 848f65fb002d4f7f9bec149e2ec0be33 - - 908a0eee66af4cfd9cfd2a7ebc985eb7 908a0eee66af4cfd9cfd2a7ebc985eb7] 199.204.45.250 "GET /v2.0/ports?tenant_id=ffd36ca69fc24298a0ad6ac744530b51&device_id=373d493d-9c39-4516-8f49-aa1e6e57c32b HTTP/1.1" status: 200 len: 1450 time: 0.0450137
2026-05-10 02:04:06.910 10 INFO neutron.db.ovn_revision_numbers_db [None req-3ca3ac6a-20be-4d72-8ee4-33a17a2f9dba 580868dca0ae43fb8ffc9128083d2335 a47e5f99db084e758c1410dc39defe6f - - default default] Successfully bumped revision number for resource 1b781ce8-94bc-4e86-97aa-0a4a5d8e4c45 (type: ports) to 1
2026-05-10 02:04:06.952 9 INFO neutron.wsgi [req-55e173da-24d7-47d9-ae26-ce7ce113006a req-1d22c095-1915-4a0e-9127-34d1a3dbf973 08135a990aec41cf92b88df9c00186d7 848f65fb002d4f7f9bec149e2ec0be33 - - 908a0eee66af4cfd9cfd2a7ebc985eb7 908a0eee66af4cfd9cfd2a7ebc985eb7] 199.204.45.250 "GET /v2.0/floatingips?fixed_ip_address=10.100.0.14&port_id=da0c5873-1e29-40a5-822d-1332daf7d7ef HTTP/1.1" status: 200 len: 217 time: 0.0364597
2026-05-10 02:04:06.999 10 WARNING neutron.scheduler.dhcp_agent_scheduler [None req-3ca3ac6a-20be-4d72-8ee4-33a17a2f9dba 580868dca0ae43fb8ffc9128083d2335 a47e5f99db084e758c1410dc39defe6f - - default default] No more DHCP agents
2026-05-10 02:04:07.000 10 WARNING neutron.api.rpc.agentnotifiers.dhcp_rpc_agent_api [None req-3ca3ac6a-20be-4d72-8ee4-33a17a2f9dba 580868dca0ae43fb8ffc9128083d2335 a47e5f99db084e758c1410dc39defe6f - - default default] Unable to schedule network 43fa375c-f524-4e67-b155-8efcfd1da397: no agents available; will retry on subsequent port and subnet creation events.
2026-05-10 02:04:07.015 9 INFO neutron.wsgi [req-55e173da-24d7-47d9-ae26-ce7ce113006a req-903d5f3e-5da7-4c72-856c-73855a8b3650 08135a990aec41cf92b88df9c00186d7 848f65fb002d4f7f9bec149e2ec0be33 - - 908a0eee66af4cfd9cfd2a7ebc985eb7 908a0eee66af4cfd9cfd2a7ebc985eb7] 199.204.45.250 "GET /v2.0/subnets?id=0960f167-807a-4e5d-a5bc-666e4a00bde5 HTTP/1.1" status: 200 len: 866 time: 0.0583580
2026-05-10 02:04:07.051 9 INFO neutron.wsgi [req-55e173da-24d7-47d9-ae26-ce7ce113006a req-1505296b-6f42-4c2f-8877-6962f72fda4d 08135a990aec41cf92b88df9c00186d7 848f65fb002d4f7f9bec149e2ec0be33 - - 908a0eee66af4cfd9cfd2a7ebc985eb7 908a0eee66af4cfd9cfd2a7ebc985eb7] 199.204.45.250 "GET /v2.0/ports?network_id=802e2e40-99c3-4cf4-9397-77dff4295048&device_owner=network%3Adhcp HTTP/1.1" status: 200 len: 210 time: 0.0314550
2026-05-10 02:04:07.073 9 INFO neutron.wsgi [req-16eb73a6-56e2-4647-a771-20796a61a577 req-0e10a501-b9cb-49a2-bdb2-4e911b34436e 7ee04a780f114784bf014b05a3f7572b ffd36ca69fc24298a0ad6ac744530b51 - - default default] 10.0.0.38 "GET /v2.0/ports?device_id=373d493d-9c39-4516-8f49-aa1e6e57c32b HTTP/1.1" status: 200 len: 1212 time: 0.1716163
2026-05-10 02:04:07.154 10 INFO neutron.db.ovn_revision_numbers_db [None req-3ca3ac6a-20be-4d72-8ee4-33a17a2f9dba 580868dca0ae43fb8ffc9128083d2335 a47e5f99db084e758c1410dc39defe6f - - default default] Successfully bumped revision number for resource 1b781ce8-94bc-4e86-97aa-0a4a5d8e4c45 (type: router_ports) to 1
2026-05-10 02:04:07.159 10 INFO neutron.wsgi [None req-3ca3ac6a-20be-4d72-8ee4-33a17a2f9dba 580868dca0ae43fb8ffc9128083d2335 a47e5f99db084e758c1410dc39defe6f - - default default] 10.0.0.160 "PUT /v2.0/routers/af12b0e5-f5ce-49f6-97e4-39267d887a0a/add_router_interface HTTP/1.1" status: 200 len: 503 time: 2.3634627
2026-05-10 02:04:07.177 9 INFO neutron.wsgi [req-55e173da-24d7-47d9-ae26-ce7ce113006a req-10ab67b0-de37-453a-a82d-ad5631839135 08135a990aec41cf92b88df9c00186d7 848f65fb002d4f7f9bec149e2ec0be33 - - 908a0eee66af4cfd9cfd2a7ebc985eb7 908a0eee66af4cfd9cfd2a7ebc985eb7] 199.204.45.250 "GET /v2.0/networks/802e2e40-99c3-4cf4-9397-77dff4295048?fields=segments HTTP/1.1" status: 200 len: 212 time: 0.1179953
2026-05-10 02:04:07.194 9 INFO neutron.wsgi [req-16eb73a6-56e2-4647-a771-20796a61a577 req-01f9c665-0349-496a-a48d-e602e7a323cd 7ee04a780f114784bf014b05a3f7572b ffd36ca69fc24298a0ad6ac744530b51 - - default default] 10.0.0.38 "GET /v2.0/security-groups?id=4f8eb848-fd43-446b-a2c0-d7d85ec187f2&id=ec17a23b-464a-47ac-b0db-5cf1e8c055a1&fields=id&fields=name HTTP/1.1" status: 200 len: 405 time: 0.1124675
2026-05-10 02:04:07.255 10 INFO neutron.wsgi [None req-ef980b6c-d7fc-4b6f-b68c-dae6649c7434 580868dca0ae43fb8ffc9128083d2335 a47e5f99db084e758c1410dc39defe6f - - default default] 10.0.0.160 "GET /v2.0/ports/1b781ce8-94bc-4e86-97aa-0a4a5d8e4c45 HTTP/1.1" status: 200 len: 1135 time: 0.0903988
2026-05-10 02:04:07.290 9 INFO neutron.wsgi [req-55e173da-24d7-47d9-ae26-ce7ce113006a req-5b303c0a-cd68-4718-b204-b8e3c18fe0e8 08135a990aec41cf92b88df9c00186d7 848f65fb002d4f7f9bec149e2ec0be33 - - 908a0eee66af4cfd9cfd2a7ebc985eb7 908a0eee66af4cfd9cfd2a7ebc985eb7] 199.204.45.250 "GET /v2.0/networks/802e2e40-99c3-4cf4-9397-77dff4295048?fields=provider%3Aphysical_network&fields=provider%3Anetwork_type HTTP/1.1" status: 200 len: 277 time: 0.1004632
2026-05-10 02:04:07.302 10 INFO neutron.wsgi [None req-99f359ee-37da-48e7-aede-c7a948f9dec3 580868dca0ae43fb8ffc9128083d2335 a47e5f99db084e758c1410dc39defe6f - - default default] 10.0.0.160 "GET /v2.0/ports/1b781ce8-94bc-4e86-97aa-0a4a5d8e4c45 HTTP/1.1" status: 200 len: 1137 time: 0.0401280
2026-05-10 02:04:07.530 9 INFO neutron.wsgi [req-a7c57775-f561-4a7b-8dbb-d0924de13846 req-46e1643f-761b-475b-84e4-cc58ed50b165 08135a990aec41cf92b88df9c00186d7 848f65fb002d4f7f9bec149e2ec0be33 - - 908a0eee66af4cfd9cfd2a7ebc985eb7 908a0eee66af4cfd9cfd2a7ebc985eb7] 199.204.45.250 "GET /v2.0/ports?device_id=373d493d-9c39-4516-8f49-aa1e6e57c32b HTTP/1.1" status: 200 len: 1450 time: 0.0585845
2026-05-10 02:04:07.560 9 INFO neutron.notifiers.nova [-] Nova event matching ['req-b52ac0f2-7258-497b-a542-be3353976568'] response: {'server_uuid': '9ed9937b-1ad2-43d9-8d82-985ea8d528fa', 'name': 'network-vif-unplugged', 'status': 'completed', 'tag': 'f496d2dd-4f5e-4c0d-8998-8bc52afbd501', 'code': 200}
2026-05-10 02:04:07.560 9 INFO neutron.notifiers.nova [-] Nova event matching ['req-b52ac0f2-7258-497b-a542-be3353976568'] response: {'name': 'network-changed', 'server_uuid': '373d493d-9c39-4516-8f49-aa1e6e57c32b', 'tag': 'da0c5873-1e29-40a5-822d-1332daf7d7ef', 'status': 'completed', 'code': 200}
2026-05-10 02:04:07.593 9 INFO neutron.db.ovn_revision_numbers_db [None req-19072341-a9ee-4646-9c5a-7059975f3612 - - - - - -] Successfully bumped revision number for resource 1b781ce8-94bc-4e86-97aa-0a4a5d8e4c45 (type: ports) to 2
2026-05-10 02:04:07.598 9 INFO neutron.wsgi [req-a7c57775-f561-4a7b-8dbb-d0924de13846 req-28bf8b05-dbc9-4b79-811b-e167c1b05562 08135a990aec41cf92b88df9c00186d7 848f65fb002d4f7f9bec149e2ec0be33 - - 908a0eee66af4cfd9cfd2a7ebc985eb7 908a0eee66af4cfd9cfd2a7ebc985eb7] 199.204.45.250 "GET /v2.0/security-groups?id=ec17a23b-464a-47ac-b0db-5cf1e8c055a1&id=4f8eb848-fd43-446b-a2c0-d7d85ec187f2&fields=id&fields=name HTTP/1.1" status: 200 len: 405 time: 0.0635350
2026-05-10 02:04:07.686 10 INFO neutron.wsgi [req-e4b4a08d-535a-4f8c-9adc-f1f14e1686a9 req-cf124b4c-2002-49d0-8cb7-9676b7b1b310 08135a990aec41cf92b88df9c00186d7 848f65fb002d4f7f9bec149e2ec0be33 - - 908a0eee66af4cfd9cfd2a7ebc985eb7 908a0eee66af4cfd9cfd2a7ebc985eb7] 199.204.45.250 "GET /v2.0/ports?tenant_id=ffd36ca69fc24298a0ad6ac744530b51&device_id=373d493d-9c39-4516-8f49-aa1e6e57c32b HTTP/1.1" status: 200 len: 1450 time: 0.1020811
2026-05-10 02:04:07.796 10 INFO neutron.wsgi [req-e4b4a08d-535a-4f8c-9adc-f1f14e1686a9 req-88b64e13-3c25-4fa1-aefc-fa4cce69e290 08135a990aec41cf92b88df9c00186d7 848f65fb002d4f7f9bec149e2ec0be33 - - 908a0eee66af4cfd9cfd2a7ebc985eb7 908a0eee66af4cfd9cfd2a7ebc985eb7] 199.204.45.250 "GET /v2.0/networks?id=802e2e40-99c3-4cf4-9397-77dff4295048 HTTP/1.1" status: 200 len: 971 time: 0.1071799
2026-05-10 02:04:07.818 9 INFO neutron.db.ovn_revision_numbers_db [None req-19072341-a9ee-4646-9c5a-7059975f3612 - - - - - -] Successfully bumped revision number for resource 1b781ce8-94bc-4e86-97aa-0a4a5d8e4c45 (type: router_ports) to 2
2026-05-10 02:04:07.831 10 INFO neutron.wsgi [req-e4b4a08d-535a-4f8c-9adc-f1f14e1686a9 req-e671c55d-e919-4577-8c0f-e0d14646c563 08135a990aec41cf92b88df9c00186d7 848f65fb002d4f7f9bec149e2ec0be33 - - 908a0eee66af4cfd9cfd2a7ebc985eb7 908a0eee66af4cfd9cfd2a7ebc985eb7] 199.204.45.250 "GET /v2.0/floatingips?fixed_ip_address=10.100.0.14&port_id=da0c5873-1e29-40a5-822d-1332daf7d7ef HTTP/1.1" status: 200 len: 217 time: 0.0289702
2026-05-10 02:04:07.885 10 INFO neutron.wsgi [req-e4b4a08d-535a-4f8c-9adc-f1f14e1686a9 req-69acceb7-f988-46e3-82af-b48187f73014 08135a990aec41cf92b88df9c00186d7 848f65fb002d4f7f9bec149e2ec0be33 - - 908a0eee66af4cfd9cfd2a7ebc985eb7 908a0eee66af4cfd9cfd2a7ebc985eb7] 199.204.45.250 "GET /v2.0/subnets?id=0960f167-807a-4e5d-a5bc-666e4a00bde5 HTTP/1.1" status: 200 len: 866 time: 0.0461130
