2026-05-10 02:03:21.932 9 ERROR neutron_lib.callbacks.manager
File "/var/lib/openstack/lib/python3.10/site-packages/neutron/services/ovn_l3/plugin.py", line 391, in _port_update
2026-05-10 02:03:21.932 9 ERROR neutron_lib.callbacks.manager l3plugin._ovn_client.update_router_port(context,
2026-05-10 02:03:21.932 9 ERROR neutron_lib.callbacks.manager
File "/var/lib/openstack/lib/python3.10/site-packages/neutron/plugins/ml2/drivers/ovn/mech_driver/ovsdb/ovn_client.py", line 1878, in update_router_port
2026-05-10 02:03:21.932 9 ERROR neutron_lib.callbacks.manager self._update_lrouter_port(context, port, if_exists=if_exists,
2026-05-10 02:03:21.932 9 ERROR neutron_lib.callbacks.manager
File "/var/lib/openstack/lib/python3.10/site-packages/neutron/plugins/ml2/drivers/ovn/mech_driver/ovsdb/ovn_client.py", line 1855, in _update_lrouter_port
2026-05-10 02:03:21.932 9 ERROR neutron_lib.callbacks.manager external_ids = self._nb_idl.db_get(
2026-05-10 02:03:21.932 9 ERROR neutron_lib.callbacks.manager
File "/var/lib/openstack/lib/python3.10/site-packages/ovsdbapp/backend/ovs_idl/command.py", line 47, in execute
2026-05-10 02:03:21.932 9 ERROR neutron_lib.callbacks.manager self.run_idl(None)
2026-05-10 02:03:21.932 9 ERROR neutron_lib.callbacks.manager
File "/var/lib/openstack/lib/python3.10/site-packages/ovsdbapp/backend/ovs_idl/command.py", line 235, in run_idl
2026-05-10 02:03:21.932 9 ERROR neutron_lib.callbacks.manager record = self.api.lookup(self.table, self.record)
2026-05-10 02:03:21.932 9 ERROR neutron_lib.callbacks.manager
File "/var/lib/openstack/lib/python3.10/site-packages/ovsdbapp/backend/ovs_idl/__init__.py", line 184, in lookup
2026-05-10 02:03:21.932 9 ERROR neutron_lib.callbacks.manager return self._lookup(table, record)
2026-05-10 02:03:21.932 9 ERROR neutron_lib.callbacks.manager
File "/var/lib/openstack/lib/python3.10/site-packages/ovsdbapp/backend/ovs_idl/__init__.py", line 235, in _lookup
2026-05-10 02:03:21.932 9 ERROR neutron_lib.callbacks.manager row = idlutils.row_by_value(self, rl.table, rl.column, record)
2026-05-10 02:03:21.932 9 ERROR neutron_lib.callbacks.manager
File "/var/lib/openstack/lib/python3.10/site-packages/ovsdbapp/backend/ovs_idl/idlutils.py", line 114, in row_by_value
2026-05-10 02:03:21.932 9 ERROR neutron_lib.callbacks.manager raise RowNotFound(table=table, col=column, match=match)
2026-05-10 02:03:21.932 9 ERROR neutron_lib.callbacks.manager ovsdbapp.backend.ovs_idl.idlutils.RowNotFound: Cannot find Logical_Router_Port with name=lrp-dcbb7f47-5d65-49cc-a3f1-fc23f24c9627
2026-05-10 02:03:21.932 9 ERROR neutron_lib.callbacks.manager 
2026-05-10 02:03:21.978 10 WARNING neutron.scheduler.dhcp_agent_scheduler [None req-60cda581-18c0-499f-99b8-730bd03c86fc 363e1ba3fdab42b792b310e67eb4621c d44b83d3d567401d82599f8de479557a - - default default] No more DHCP agents
2026-05-10 02:03:21.981 10 WARNING neutron.api.rpc.agentnotifiers.dhcp_rpc_agent_api [None req-60cda581-18c0-499f-99b8-730bd03c86fc 363e1ba3fdab42b792b310e67eb4621c d44b83d3d567401d82599f8de479557a - - default default] Unable to schedule network 43381866-a1ec-4530-a4e1-9efe7a6841da: no agents available; will retry on subsequent port and subnet creation events.
2026-05-10 02:03:22.080 10 INFO neutron.db.ovn_revision_numbers_db [None req-0676a85c-d49f-472e-abf1-444c8144c45b dcf0dae3d8c04b4c997bd23195101916 2b7c6d9f2ef948b6a14183bc9a9d0617 - - default default] Successfully bumped revision number for resource dc883c13-3783-4060-b057-573b666861ad (type: security_groups) to 1
2026-05-10 02:03:22.083 10 INFO neutron.db.ovn_revision_numbers_db [None req-60cda581-18c0-499f-99b8-730bd03c86fc 363e1ba3fdab42b792b310e67eb4621c d44b83d3d567401d82599f8de479557a - - default default] Successfully bumped revision number for resource 79326575-aa05-4275-9bfc-0b0375ad84fa (type: ports) to 1
2026-05-10 02:03:22.095 10 INFO neutron.db.ovn_revision_numbers_db [None req-0676a85c-d49f-472e-abf1-444c8144c45b dcf0dae3d8c04b4c997bd23195101916 2b7c6d9f2ef948b6a14183bc9a9d0617 - - default default] Successfully bumped revision number for resource 4352a891-95da-4744-8e05-5952b8bb718f (type: security_group_rules) to 0
2026-05-10 02:03:22.103 10 INFO neutron.wsgi [None req-60cda581-18c0-499f-99b8-730bd03c86fc 363e1ba3fdab42b792b310e67eb4621c d44b83d3d567401d82599f8de479557a - - default default] 10.0.0.160 "POST /v2.0/networks HTTP/1.1" status: 201 len: 831 time: 0.7617853
2026-05-10 02:03:22.110 10 INFO neutron.db.ovn_revision_numbers_db [None req-0676a85c-d49f-472e-abf1-444c8144c45b dcf0dae3d8c04b4c997bd23195101916 2b7c6d9f2ef948b6a14183bc9a9d0617 - - default default] Successfully bumped revision number for resource e6339c55-9daa-41d4-84e1-52530d953c8b (type: security_group_rules) to 0
2026-05-10 02:03:22.114 10 WARNING neutron_lib.context [None req-fe29650c-042b-46ff-8f73-236387ba42d2 363e1ba3fdab42b792b310e67eb4621c d44b83d3d567401d82599f8de479557a - - default default] Method 'is_advsvc' is deprecated since 2023.2 release (neutron-lib 3.8.0) and will be removed once support for the old RBAC API policies will be removed from Neutron. Please use method 'is_service_role' instead.
2026-05-10 02:03:22.150 10 INFO neutron.wsgi [None req-0676a85c-d49f-472e-abf1-444c8144c45b dcf0dae3d8c04b4c997bd23195101916 2b7c6d9f2ef948b6a14183bc9a9d0617 - - default default] 10.0.0.160 "POST /v2.0/security-groups HTTP/1.1" status: 201 len: 1825 time: 0.4335940
2026-05-10 02:03:22.163 10 WARNING neutron_lib.context [None req-d126922e-2e7a-4fea-b9d5-2d505aacecbc dcf0dae3d8c04b4c997bd23195101916 2b7c6d9f2ef948b6a14183bc9a9d0617 - - default default] Method 'is_advsvc' is deprecated since 2023.2 release (neutron-lib 3.8.0) and will be removed once support for the old RBAC API policies will be removed from Neutron. Please use method 'is_service_role' instead.
2026-05-10 02:03:22.203 9 INFO neutron.plugins.ml2.drivers.ovn.mech_driver.mech_driver [None req-19072341-a9ee-4646-9c5a-7059975f3612 - - - - - -] OVN reports status up for port: dcbb7f47-5d65-49cc-a3f1-fc23f24c9627
2026-05-10 02:03:22.222 9 INFO neutron.plugins.ml2.plugin [None req-19072341-a9ee-4646-9c5a-7059975f3612 - - - - - -] Attempt 1 to provision port dcbb7f47-5d65-49cc-a3f1-fc23f24c9627
2026-05-10 02:03:22.248 9 INFO neutron.db.ovn_revision_numbers_db [None req-fde028af-29c4-4871-8422-1a8972c87ef1 348f32ae17fb4c2baedfea2209d2e94e 04ba2da5ad544abd9ada4c5333134e34 - - default default] Successfully bumped revision number for resource dcbb7f47-5d65-49cc-a3f1-fc23f24c9627 (type: ports) to 1
2026-05-10 02:03:22.281 9 INFO neutron.wsgi [None req-6aeff5fa-a6f1-45d4-9e3f-ce1d46cbf7eb 868280d2e70c4f0ea9ff15eeaa097b35 487411658de8464f9606419cad3de3f7 - - default default] 10.0.0.160 "DELETE /v2.0/security-groups/4aae32f0-bb8d-4530-8589-bb5d05265d37 HTTP/1.1" status: 204 len: 168 time: 0.3574686
2026-05-10 02:03:22.330 10 INFO neutron.db.ovn_revision_numbers_db [None req-d126922e-2e7a-4fea-b9d5-2d505aacecbc dcf0dae3d8c04b4c997bd23195101916 2b7c6d9f2ef948b6a14183bc9a9d0617 - - default default] Successfully bumped revision number for resource 67645292-9bf7-4004-8bc1-4b6bd2ad96df (type: security_group_rules) to 0
2026-05-10 02:03:22.354 9 WARNING neutron.scheduler.dhcp_agent_scheduler [None req-fde028af-29c4-4871-8422-1a8972c87ef1 348f32ae17fb4c2baedfea2209d2e94e 04ba2da5ad544abd9ada4c5333134e34 - - default default] No more DHCP agents
2026-05-10 02:03:22.358 9 WARNING neutron.api.rpc.agentnotifiers.dhcp_rpc_agent_api [None req-fde028af-29c4-4871-8422-1a8972c87ef1 348f32ae17fb4c2baedfea2209d2e94e 04ba2da5ad544abd9ada4c5333134e34 - - default default] Unable to schedule network 8b554284-6069-4d4b-862f-4cd7caec6455: no agents available; will retry on subsequent port and subnet creation events.
2026-05-10 02:03:22.366 10 INFO neutron.wsgi [None req-d126922e-2e7a-4fea-b9d5-2d505aacecbc dcf0dae3d8c04b4c997bd23195101916 2b7c6d9f2ef948b6a14183bc9a9d0617 - - default default] 10.0.0.160 "POST /v2.0/security-group-rules HTTP/1.1" status: 201 len: 800 time: 0.2073042
2026-05-10 02:03:22.383 10 WARNING neutron.scheduler.dhcp_agent_scheduler [None req-fe29650c-042b-46ff-8f73-236387ba42d2 363e1ba3fdab42b792b310e67eb4621c d44b83d3d567401d82599f8de479557a - - default default] No more DHCP agents
2026-05-10 02:03:22.385 10 WARNING neutron.api.rpc.agentnotifiers.dhcp_rpc_agent_api [None req-fe29650c-042b-46ff-8f73-236387ba42d2 363e1ba3fdab42b792b310e67eb4621c d44b83d3d567401d82599f8de479557a - - default default] Unable to schedule network 43381866-a1ec-4530-a4e1-9efe7a6841da: no agents available; will retry on subsequent port and subnet creation events.
2026-05-10 02:03:22.460 9 INFO neutron.wsgi [None req-03daabc8-30bd-4f8a-a2b9-232abf0a3fc2 dcf0dae3d8c04b4c997bd23195101916 2b7c6d9f2ef948b6a14183bc9a9d0617 - - default default] 10.0.0.160 "GET /v2.0/security-group-rules/67645292-9bf7-4004-8bc1-4b6bd2ad96df HTTP/1.1" status: 200 len: 795 time: 0.0879180
2026-05-10 02:03:22.558 10 INFO neutron.wsgi [None req-2736ab4a-124f-475a-8a33-973bf1fecc13 dcf0dae3d8c04b4c997bd23195101916 2b7c6d9f2ef948b6a14183bc9a9d0617 - - default default] 10.0.0.160 "GET /v2.0/security-group-rules HTTP/1.1" status: 200 len: 4333 time: 0.0928895
2026-05-10 02:03:22.715 10 INFO neutron.wsgi [None req-f74ffae6-99fe-49dc-a140-6833e0b10092 dcf0dae3d8c04b4c997bd23195101916 2b7c6d9f2ef948b6a14183bc9a9d0617 - - default default] 10.0.0.160 "DELETE /v2.0/security-group-rules/67645292-9bf7-4004-8bc1-4b6bd2ad96df HTTP/1.1" status: 204 len: 168 time: 0.1473062
2026-05-10 02:03:22.804 10 INFO neutron.wsgi [None req-0a4fdba5-8c12-42a0-a666-ab13e7590611 dcf0dae3d8c04b4c997bd23195101916 2b7c6d9f2ef948b6a14183bc9a9d0617 - - default default] 10.0.0.160 "GET /v2.0/security-group-rules HTTP/1.1" status: 200 len: 3755 time: 0.0834341
2026-05-10 02:03:22.811 10 WARNING neutron_lib.context [None req-fce6e909-80c1-4c8c-b1c8-3938b669ee7c dcf0dae3d8c04b4c997bd23195101916 2b7c6d9f2ef948b6a14183bc9a9d0617 - - default default] Method 'is_advsvc' is deprecated since 2023.2 release (neutron-lib 3.8.0) and will be removed once support for the old RBAC API policies will be removed from Neutron. Please use method 'is_service_role' instead.
2026-05-10 02:03:22.857 9 INFO neutron.db.ovn_revision_numbers_db [None req-19072341-a9ee-4646-9c5a-7059975f3612 - - - - - -] Successfully bumped revision number for resource dcbb7f47-5d65-49cc-a3f1-fc23f24c9627 (type: ports) to 2
2026-05-10 02:03:22.860 9 INFO neutron.db.ovn_revision_numbers_db [None req-fde028af-29c4-4871-8422-1a8972c87ef1 348f32ae17fb4c2baedfea2209d2e94e 04ba2da5ad544abd9ada4c5333134e34 - - default default] Successfully bumped revision number for resource dcbb7f47-5d65-49cc-a3f1-fc23f24c9627 (type: router_ports) to 1
2026-05-10 02:03:22.867 9 INFO neutron.wsgi [None req-fde028af-29c4-4871-8422-1a8972c87ef1 348f32ae17fb4c2baedfea2209d2e94e 04ba2da5ad544abd9ada4c5333134e34 - - default default] 10.0.0.160 "PUT /v2.0/routers/7b327502-8d86-450c-bef0-ad37dc628535/add_router_interface HTTP/1.1" status: 200 len: 503 time: 2.8931906
2026-05-10 02:03:22.968 10 INFO neutron.db.ovn_revision_numbers_db [None req-fe29650c-042b-46ff-8f73-236387ba42d2 363e1ba3fdab42b792b310e67eb4621c d44b83d3d567401d82599f8de479557a - - default default] Successfully bumped revision number for resource 79326575-aa05-4275-9bfc-0b0375ad84fa (type: ports) to 2
2026-05-10 02:03:22.990 10 INFO neutron.db.ovn_revision_numbers_db [None req-fce6e909-80c1-4c8c-b1c8-3938b669ee7c dcf0dae3d8c04b4c997bd23195101916 2b7c6d9f2ef948b6a14183bc9a9d0617 - - default default] Successfully bumped revision number for resource ce6e8483-9bde-421d-92fe-f2749e7f8962 (type: security_group_rules) to 0
2026-05-10 02:03:22.999 9 INFO neutron.wsgi [None req-c87d5c47-8203-417a-ba69-c2092bb1644c 707616395c9240c0a38e7c87e767f4e2 84c05a93c2e14707b07b4e1cf7d3b985 - - default default] 10.0.0.160 "GET /v2.0/networks HTTP/1.1" status: 200 len: 4580 time: 0.1270657
2026-05-10 02:03:23.033 10 INFO neutron.db.ovn_revision_numbers_db [None req-fe29650c-042b-46ff-8f73-236387ba42d2 363e1ba3fdab42b792b310e67eb4621c d44b83d3d567401d82599f8de479557a - - default default] Successfully bumped revision number for resource bfd18cfc-e09e-4630-b58b-82e7db501ed3 (type: subnets) to 0
2026-05-10 02:03:23.044 10 INFO neutron.wsgi [None req-fce6e909-80c1-4c8c-b1c8-3938b669ee7c dcf0dae3d8c04b4c997bd23195101916 2b7c6d9f2ef948b6a14183bc9a9d0617 - - default default] 10.0.0.160 "POST /v2.0/security-group-rules HTTP/1.1" status: 201 len: 800 time: 0.2362499
2026-05-10 02:03:23.056 9 INFO neutron.db.ovn_revision_numbers_db [None req-19072341-a9ee-4646-9c5a-7059975f3612 - - - - - -] Successfully bumped revision number for resource dcbb7f47-5d65-49cc-a3f1-fc23f24c9627 (type: router_ports) to 2
2026-05-10 02:03:23.058 10 INFO neutron.wsgi [None req-c7e080c2-d8a2-4408-b33a-95672e6ef91d 707616395c9240c0a38e7c87e767f4e2 84c05a93c2e14707b07b4e1cf7d3b985 - - default default] 10.0.0.160 "GET /v2.0/subnets HTTP/1.1" status: 200 len: 2707 time: 0.0523953
2026-05-10 02:03:23.066 10 INFO neutron.wsgi [None req-fe29650c-042b-46ff-8f73-236387ba42d2 363e1ba3fdab42b792b310e67eb4621c d44b83d3d567401d82599f8de479557a - - default default] 10.0.0.160 "POST /v2.0/subnets HTTP/1.1" status: 201 len: 801 time: 0.9570107
2026-05-10 02:03:23.073 9 INFO neutron.wsgi [None req-91bb98de-16fc-48ed-b18f-b602845f851b dcf0dae3d8c04b4c997bd23195101916 2b7c6d9f2ef948b6a14183bc9a9d0617 - - default default] 10.0.0.160 "GET /v2.0/security-group-rules/ce6e8483-9bde-421d-92fe-f2749e7f8962 HTTP/1.1" status: 200 len: 795 time: 0.0239913
2026-05-10 02:03:23.077 10 WARNING neutron_lib.context [None req-b0e747a8-9601-4fb9-b44f-7dcc61b35f84 363e1ba3fdab42b792b310e67eb4621c d44b83d3d567401d82599f8de479557a - - default default] Method 'is_advsvc' is deprecated since 2023.2 release (neutron-lib 3.8.0) and will be removed once support for the old RBAC API policies will be removed from Neutron. Please use method 'is_service_role' instead.
2026-05-10 02:03:23.185 9 INFO neutron.wsgi [None req-5816037b-869e-4b24-a785-155cb33152b7 dcf0dae3d8c04b4c997bd23195101916 2b7c6d9f2ef948b6a14183bc9a9d0617 - - default default] 10.0.0.160 "GET /v2.0/security-group-rules HTTP/1.1" status: 200 len: 4333 time: 0.1075046
2026-05-10 02:03:23.207 10 INFO neutron.wsgi [None req-e53239f7-40aa-4450-8c39-900e83b76ab2 707616395c9240c0a38e7c87e767f4e2 84c05a93c2e14707b07b4e1cf7d3b985 - - default default] 10.0.0.160 "GET /v2.0/routers HTTP/1.1" status: 200 len: 1170 time: 0.1393712
2026-05-10 02:03:23.272 9 WARNING neutron_lib.context [None req-b7f40353-b27c-421d-b6d5-fc7d3ab431c8 348f32ae17fb4c2baedfea2209d2e94e 04ba2da5ad544abd9ada4c5333134e34 - - default default] Method 'is_advsvc' is deprecated since 2023.2 release (neutron-lib 3.8.0) and will be removed once support for the old RBAC API policies will be removed from Neutron. Please use method 'is_service_role' instead.
2026-05-10 02:03:23.335 9 INFO neutron.wsgi [None req-5dcb8223-52f7-426f-8932-3c7677b71bc1 dcf0dae3d8c04b4c997bd23195101916 2b7c6d9f2ef948b6a14183bc9a9d0617 - - default default] 10.0.0.160 "DELETE /v2.0/security-group-rules/ce6e8483-9bde-421d-92fe-f2749e7f8962 HTTP/1.1" status: 204 len: 168 time: 0.1455550
2026-05-10 02:03:23.410 9 INFO neutron.wsgi [None req-94bd23a2-a160-46cd-8720-71ea983ebf7d dcf0dae3d8c04b4c997bd23195101916 2b7c6d9f2ef948b6a14183bc9a9d0617 - - default default] 10.0.0.160 "GET /v2.0/security-group-rules HTTP/1.1" status: 200 len: 3755 time: 0.0694287
2026-05-10 02:03:23.420 9 WARNING neutron_lib.context [None req-432bc23c-999f-41ab-ada3-56e1acebe471 dcf0dae3d8c04b4c997bd23195101916 2b7c6d9f2ef948b6a14183bc9a9d0617 - - default default] Method 'is_advsvc' is deprecated since 2023.2 release (neutron-lib 3.8.0) and will be removed once support for the old RBAC API policies will be removed from Neutron. Please use method 'is_service_role' instead.
2026-05-10 02:03:23.435 10 WARNING neutron.scheduler.dhcp_agent_scheduler [None req-b0e747a8-9601-4fb9-b44f-7dcc61b35f84 363e1ba3fdab42b792b310e67eb4621c d44b83d3d567401d82599f8de479557a - - default default] No more DHCP agents
2026-05-10 02:03:23.436 10 WARNING neutron.api.rpc.agentnotifiers.dhcp_rpc_agent_api [None req-b0e747a8-9601-4fb9-b44f-7dcc61b35f84 363e1ba3fdab42b792b310e67eb4621c d44b83d3d567401d82599f8de479557a - - default default] Unable to schedule network 43381866-a1ec-4530-a4e1-9efe7a6841da: no agents available; will retry on subsequent port and subnet creation events.
2026-05-10 02:03:23.448 9 INFO neutron.db.ovn_revision_numbers_db [None req-b7f40353-b27c-421d-b6d5-fc7d3ab431c8 348f32ae17fb4c2baedfea2209d2e94e 04ba2da5ad544abd9ada4c5333134e34 - - default default] Successfully bumped revision number for resource a2bdc5a4-8db5-421f-9ff0-9f9ffcb49d5e (type: security_groups) to 1
2026-05-10 02:03:23.462 9 INFO neutron.db.securitygroups_db [None req-432bc23c-999f-41ab-ada3-56e1acebe471 dcf0dae3d8c04b4c997bd23195101916 2b7c6d9f2ef948b6a14183bc9a9d0617 - - default default] Project 2b7c6d9f2ef948b6a14183bc9a9d0617 added a security group rule with legacy IPv6 ICMP protocol name icmp, ipv6-icmp should be used instead. It was automatically converted.
2026-05-10 02:03:23.467 9 INFO neutron.db.ovn_revision_numbers_db [None req-b7f40353-b27c-421d-b6d5-fc7d3ab431c8 348f32ae17fb4c2baedfea2209d2e94e 04ba2da5ad544abd9ada4c5333134e34 - - default default] Successfully bumped revision number for resource da8a71a2-be8f-41de-84bb-4e0b61f6ae9e (type: security_group_rules) to 0
2026-05-10 02:03:23.484 9 INFO neutron.db.ovn_revision_numbers_db [None req-b7f40353-b27c-421d-b6d5-fc7d3ab431c8 348f32ae17fb4c2baedfea2209d2e94e 04ba2da5ad544abd9ada4c5333134e34 - - default default] Successfully bumped revision number for resource dee03214-7aa8-4e1b-a24b-53a6af16b5e1 (type: security_group_rules) to 0
2026-05-10 02:03:23.510 9 INFO neutron.wsgi [None req-b7f40353-b27c-421d-b6d5-fc7d3ab431c8 348f32ae17fb4c2baedfea2209d2e94e 04ba2da5ad544abd9ada4c5333134e34 - - default default] 10.0.0.160 "POST /v2.0/security-groups HTTP/1.1" status: 201 len: 1873 time: 0.2455807
2026-05-10 02:03:23.523 9 WARNING neutron_lib.context [None req-dbe4c842-acb5-4508-8512-088df8d8db08 348f32ae17fb4c2baedfea2209d2e94e 04ba2da5ad544abd9ada4c5333134e34 - - default default] Method 'is_advsvc' is deprecated since 2023.2 release (neutron-lib 3.8.0) and will be removed once support for the old RBAC API policies will be removed from Neutron. Please use method 'is_service_role' instead.
2026-05-10 02:03:23.585 10 INFO neutron.db.ovn_revision_numbers_db [None req-b0e747a8-9601-4fb9-b44f-7dcc61b35f84 363e1ba3fdab42b792b310e67eb4621c d44b83d3d567401d82599f8de479557a - - default default] Successfully bumped revision number for resource b9d17915-b46c-4c8b-a3ae-487a5f6c072d (type: ports) to 1
2026-05-10 02:03:23.606 10 INFO neutron.wsgi [None req-b0e747a8-9601-4fb9-b44f-7dcc61b35f84 363e1ba3fdab42b792b310e67eb4621c d44b83d3d567401d82599f8de479557a - - default default] 10.0.0.160 "POST /v2.0/ports HTTP/1.1" status: 201 len: 1115 time: 0.5336852
2026-05-10 02:03:23.942 10 INFO neutron.wsgi [None req-86ad3440-b88d-48f1-b102-d305dc107624 363e1ba3fdab42b792b310e67eb4621c d44b83d3d567401d82599f8de479557a - - default default] 10.0.0.160 "DELETE /v2.0/ports/b9d17915-b46c-4c8b-a3ae-487a5f6c072d HTTP/1.1" status: 204 len: 168 time: 0.3310528
2026-05-10 02:03:23.961 10 INFO neutron.pecan_wsgi.hooks.translation [None req-fc5ef535-4c62-45ba-bac9-b8c2981a2003 363e1ba3fdab42b792b310e67eb4621c d44b83d3d567401d82599f8de479557a - - default default] GET failed (client error): The resource could not be found.
2026-05-10 02:03:23.962 10 INFO neutron.wsgi [None req-fc5ef535-4c62-45ba-bac9-b8c2981a2003 363e1ba3fdab42b792b310e67eb4621c d44b83d3d567401d82599f8de479557a - - default default] 10.0.0.160 "GET /v2.0/ports/b9d17915-b46c-4c8b-a3ae-487a5f6c072d HTTP/1.1" status: 404 len: 333 time: 0.0152035
2026-05-10 02:03:24.072 9 INFO neutron.db.ovn_revision_numbers_db [None req-432bc23c-999f-41ab-ada3-56e1acebe471 dcf0dae3d8c04b4c997bd23195101916 2b7c6d9f2ef948b6a14183bc9a9d0617 - - default default] Successfully bumped revision number for resource bfd82b17-6db6-4c79-9cd6-215c4194167f (type: security_group_rules) to 0
2026-05-10 02:03:24.112 9 INFO neutron.wsgi [None req-432bc23c-999f-41ab-ada3-56e1acebe471 dcf0dae3d8c04b4c997bd23195101916 2b7c6d9f2ef948b6a14183bc9a9d0617 - - default default] 10.0.0.160 "POST /v2.0/security-group-rules HTTP/1.1" status: 201 len: 806 time: 0.6964884
2026-05-10 02:03:24.139 9 INFO neutron.wsgi [None req-68986295-abf9-4c70-94c7-625f57158f3a dcf0dae3d8c04b4c997bd23195101916 2b7c6d9f2ef948b6a14183bc9a9d0617 - - default default] 10.0.0.160 "GET /v2.0/security-group-rules/bfd82b17-6db6-4c79-9cd6-215c4194167f HTTP/1.1" status: 200 len: 801 time: 0.0204463
2026-05-10 02:03:24.170 9 INFO neutron.db.ovn_revision_numbers_db [None req-dbe4c842-acb5-4508-8512-088df8d8db08 348f32ae17fb4c2baedfea2209d2e94e 04ba2da5ad544abd9ada4c5333134e34 - - default default] Successfully bumped revision number for resource ef4df7e5-ff76-414b-ad0e-eba0288e7c9b (type: security_group_rules) to 0
2026-05-10 02:03:24.174 10 INFO neutron.wsgi [None req-618439c4-ccf9-4ebc-a5f2-07d0f38aee5a 363e1ba3fdab42b792b310e67eb4621c d44b83d3d567401d82599f8de479557a - - default default] 10.0.0.160 "DELETE /v2.0/subnets/bfd18cfc-e09e-4630-b58b-82e7db501ed3 HTTP/1.1" status: 204 len: 168 time: 0.2062278
2026-05-10 02:03:24.227 10 INFO neutron.wsgi [None req-0f63f287-3132-4dbc-8218-c54f64b72d53 dcf0dae3d8c04b4c997bd23195101916 2b7c6d9f2ef948b6a14183bc9a9d0617 - - default default] 10.0.0.160 "GET /v2.0/security-group-rules HTTP/1.1" status: 200 len: 4339 time: 0.0809798
2026-05-10 02:03:24.229 9 INFO neutron.wsgi [None req-dbe4c842-acb5-4508-8512-088df8d8db08 348f32ae17fb4c2baedfea2209d2e94e 04ba2da5ad544abd9ada4c5333134e34 - - default default] 10.0.0.160 "POST /v2.0/security-group-rules HTTP/1.1" status: 201 len: 796 time: 0.7116158
2026-05-10 02:03:24.242 9 WARNING neutron_lib.context [None req-7051c7ba-e3dd-441a-9cd2-d95589e8c4d2 348f32ae17fb4c2baedfea2209d2e94e 04ba2da5ad544abd9ada4c5333134e34 - - default default] Method 'is_advsvc' is deprecated since 2023.2 release (neutron-lib 3.8.0) and will be removed once support for the old RBAC API policies will be removed from Neutron. Please use method 'is_service_role' instead.
2026-05-10 02:03:24.359 10 INFO neutron.wsgi [None req-cfad5cf7-fbfd-4f99-9da7-b8e428adc588 dcf0dae3d8c04b4c997bd23195101916 2b7c6d9f2ef948b6a14183bc9a9d0617 - - default default] 10.0.0.160 "DELETE /v2.0/security-group-rules/bfd82b17-6db6-4c79-9cd6-215c4194167f HTTP/1.1" status: 204 len: 168 time: 0.1219382
2026-05-10 02:03:24.419 10 INFO neutron.wsgi [None req-c918ad2a-5875-493a-9ef2-948618ab5b7a dcf0dae3d8c04b4c997bd23195101916 2b7c6d9f2ef948b6a14183bc9a9d0617 - - default default] 10.0.0.160 "GET /v2.0/security-group-rules HTTP/1.1" status: 200 len: 3755 time: 0.0559812
2026-05-10 02:03:24.421 9 INFO neutron.db.ovn_revision_numbers_db [None req-7051c7ba-e3dd-441a-9cd2-d95589e8c4d2 348f32ae17fb4c2baedfea2209d2e94e 04ba2da5ad544abd9ada4c5333134e34 - - default default] Successfully bumped revision number for resource 09bd3a08-1cb4-4760-8b8b-f5f94b6ba6be (type: security_group_rules) to 0
2026-05-10 02:03:24.450 9 INFO neutron.wsgi [None req-7051c7ba-e3dd-441a-9cd2-d95589e8c4d2 348f32ae17fb4c2baedfea2209d2e94e 04ba2da5ad544abd9ada4c5333134e34 - - default default] 10.0.0.160 "POST /v2.0/security-group-rules HTTP/1.1" status: 201 len: 795 time: 0.2141874
2026-05-10 02:03:24.463 9 WARNING neutron_lib.context [None req-d4036a2c-715c-49c4-9903-77f7192c26d2 348f32ae17fb4c2baedfea2209d2e94e 04ba2da5ad544abd9ada4c5333134e34 - - default default] Method 'is_advsvc' is deprecated since 2023.2 release (neutron-lib 3.8.0) and will be removed once support for the old RBAC API policies will be removed from Neutron. Please use method 'is_service_role' instead.
2026-05-10 02:03:24.527 10 INFO neutron.wsgi [None req-c6c619d7-0ef1-4d32-a011-58a0ddfe89dd dcf0dae3d8c04b4c997bd23195101916 2b7c6d9f2ef948b6a14183bc9a9d0617 - - default default] 10.0.0.160 "DELETE /v2.0/security-groups/dc883c13-3783-4060-b057-573b666861ad HTTP/1.1" status: 204 len: 168 time: 0.1023369
2026-05-10 02:03:24.584 10 INFO neutron.wsgi [None req-33d37bf7-0983-4af0-a9cb-7c813ae6fb9f dcf0dae3d8c04b4c997bd23195101916 2b7c6d9f2ef948b6a14183bc9a9d0617 - - default default] 10.0.0.160 "GET /v2.0/security-groups HTTP/1.1" status: 200 len: 3120 time: 0.0514314
2026-05-10 02:03:24.633 10 INFO neutron.wsgi [None req-d9712ad2-0636-47a3-baed-81c7ed487ff2 dcf0dae3d8c04b4c997bd23195101916 2b7c6d9f2ef948b6a14183bc9a9d0617 - - default default] 10.0.0.160 "GET /v2.0/security-groups HTTP/1.1" status: 200 len: 3120 time: 0.0425894
2026-05-10 02:03:24.683 9 INFO neutron.services.segments.plugin [-] Segment 0e67c117-882e-4241-be16-9eb4f2649059 resource provider aggregate not found
2026-05-10 02:03:24.689 9 INFO neutron.services.segments.plugin [-] Segment 0e67c117-882e-4241-be16-9eb4f2649059 resource provider aggregate not found
2026-05-10 02:03:24.701 9 INFO neutron.services.segments.plugin [-] Segment 0e67c117-882e-4241-be16-9eb4f2649059 resource provider not found; error: Placement Client Error (4xx): {"errors": [{"status": 404, "title": "Not Found", "detail": "The resource could not be found.\n\n No resource provider with uuid 0e67c117-882e-4241-be16-9eb4f2649059 found for delete ", "request_id": "req-35d2dd73-314d-437f-922e-4106fa8c9fdb"}]}
2026-05-10 02:03:24.705 9 INFO neutron.services.segments.plugin [-] Segment 0e67c117-882e-4241-be16-9eb4f2649059 resource provider not found; error: Placement Client Error (4xx): {"errors": [{"status": 404, "title": "Not Found", "detail": "The resource could not be found.\n\n No resource provider with uuid 0e67c117-882e-4241-be16-9eb4f2649059 found for delete ", "request_id": "req-2865ce65-8b94-4223-9117-539f25a97c6a"}]}
2026-05-10 02:03:24.706 9 INFO neutron.db.ovn_revision_numbers_db [None req-d4036a2c-715c-49c4-9903-77f7192c26d2 348f32ae17fb4c2baedfea2209d2e94e 04ba2da5ad544abd9ada4c5333134e34 - - default default] Successfully bumped revision number for resource 9c12d549-f1f7-4b6e-8f1d-923b6b6b828a (type: security_group_rules) to 0
2026-05-10 02:03:24.722 9 INFO neutron.wsgi [None req-45127376-5f13-455e-a9f3-5c9904a0a85c 363e1ba3fdab42b792b310e67eb4621c d44b83d3d567401d82599f8de479557a - - default default] 10.0.0.160 "DELETE /v2.0/networks/43381866-a1ec-4530-a4e1-9efe7a6841da HTTP/1.1" status: 204 len: 168 time: 0.5431628
2026-05-10 02:03:24.735 10 WARNING neutron_lib.context [None req-5d61514d-4596-4d75-bc84-06a8326940ef 363e1ba3fdab42b792b310e67eb4621c d44b83d3d567401d82599f8de479557a - - default default] Method 'is_advsvc' is deprecated since 2023.2 release (neutron-lib 3.8.0) and will be removed once support for the old RBAC API policies will be removed from Neutron. Please use method 'is_service_role' instead.
2026-05-10 02:03:24.746 9 INFO neutron.wsgi [None req-d4036a2c-715c-49c4-9903-77f7192c26d2 348f32ae17fb4c2baedfea2209d2e94e 04ba2da5ad544abd9ada4c5333134e34 - - default default] 10.0.0.160 "POST /v2.0/security-group-rules HTTP/1.1" status: 201 len: 801 time: 0.2881889
2026-05-10 02:03:24.758 9 WARNING neutron_lib.context [None req-eb0700ef-a97a-4cd4-bb8c-31d172813a7b 348f32ae17fb4c2baedfea2209d2e94e 04ba2da5ad544abd9ada4c5333134e34 - - default default] Method 'is_advsvc' is deprecated since 2023.2 release (neutron-lib 3.8.0) and will be removed once support for the old RBAC API policies will be removed from Neutron. Please use method 'is_service_role' instead.
2026-05-10 02:03:24.921 9 INFO neutron.db.ovn_revision_numbers_db [None req-eb0700ef-a97a-4cd4-bb8c-31d172813a7b 348f32ae17fb4c2baedfea2209d2e94e 04ba2da5ad544abd9ada4c5333134e34 - - default default] Successfully bumped revision number for resource 2617a495-3889-45d3-9825-efc002fd997d (type: security_group_rules) to 0
2026-05-10 02:03:24.952 9 INFO neutron.wsgi [None req-eb0700ef-a97a-4cd4-bb8c-31d172813a7b 348f32ae17fb4c2baedfea2209d2e94e 04ba2da5ad544abd9ada4c5333134e34 - - default default] 10.0.0.160 "POST /v2.0/security-group-rules HTTP/1.1" status: 201 len: 800 time: 0.2010200
2026-05-10 02:03:24.969 9 WARNING neutron_lib.context [None req-ed28689e-6cf0-48e5-9c79-1511e27c1f24 348f32ae17fb4c2baedfea2209d2e94e 04ba2da5ad544abd9ada4c5333134e34 - - default default] Method 'is_advsvc' is deprecated since 2023.2 release (neutron-lib 3.8.0) and will be removed once support for the old RBAC API policies will be removed from Neutron. Please use method 'is_service_role' instead.
2026-05-10 02:03:25.023 9 INFO neutron.db.securitygroups_db [None req-ed28689e-6cf0-48e5-9c79-1511e27c1f24 348f32ae17fb4c2baedfea2209d2e94e 04ba2da5ad544abd9ada4c5333134e34 - - default default] Project 04ba2da5ad544abd9ada4c5333134e34 added a security group rule with legacy IPv6 ICMP protocol name icmp, ipv6-icmp should be used instead. It was automatically converted.
2026-05-10 02:03:25.030 10 WARNING neutron.scheduler.dhcp_agent_scheduler [None req-5d61514d-4596-4d75-bc84-06a8326940ef 363e1ba3fdab42b792b310e67eb4621c d44b83d3d567401d82599f8de479557a - - default default] No more DHCP agents
2026-05-10 02:03:25.032 10 WARNING neutron.api.rpc.agentnotifiers.dhcp_rpc_agent_api [None req-5d61514d-4596-4d75-bc84-06a8326940ef 363e1ba3fdab42b792b310e67eb4621c d44b83d3d567401d82599f8de479557a - - default default] Unable to schedule network d69ef4cb-44d5-48c8-bf33-c0c0a90e448c: no agents available; will retry on subsequent port and subnet creation events.
2026-05-10 02:03:25.134 10 INFO neutron.db.ovn_revision_numbers_db [None req-5d61514d-4596-4d75-bc84-06a8326940ef 363e1ba3fdab42b792b310e67eb4621c d44b83d3d567401d82599f8de479557a - - default default] Successfully bumped revision number for resource 7352e170-30b3-4412-ab77-7c85d8a82005 (type: ports) to 1
2026-05-10 02:03:25.139 9 INFO neutron.db.ovn_revision_numbers_db [None req-ed28689e-6cf0-48e5-9c79-1511e27c1f24 348f32ae17fb4c2baedfea2209d2e94e 04ba2da5ad544abd9ada4c5333134e34 - - default default] Successfully bumped revision number for resource 11876986-8873-4a38-b33b-6686b9c581aa (type: security_group_rules) to 0
2026-05-10 02:03:25.162 10 INFO neutron.wsgi [None req-5d61514d-4596-4d75-bc84-06a8326940ef 363e1ba3fdab42b792b310e67eb4621c d44b83d3d567401d82599f8de479557a - - default default] 10.0.0.160 "POST /v2.0/ports HTTP/1.1" status: 201 len: 973 time: 0.4320550 /var/lib/openstack/lib/python3.10/site-packages/pycadf/identifier.py:71: UserWarning: Invalid uuid: neutron. To ensure interoperability, identifiers should be a valid uuid. warnings.warn(('Invalid uuid: %s. To ensure interoperability, '
2026-05-10 02:03:25.170 9 INFO neutron.wsgi [None req-ed28689e-6cf0-48e5-9c79-1511e27c1f24 348f32ae17fb4c2baedfea2209d2e94e 04ba2da5ad544abd9ada4c5333134e34 - - default default] 10.0.0.160 "POST /v2.0/security-group-rules HTTP/1.1" status: 201 len: 806 time: 0.2082164
2026-05-10 02:03:25.186 9 WARNING neutron_lib.context [None req-9087e268-58c7-4e36-bd3f-b4fbee9cc5cd 348f32ae17fb4c2baedfea2209d2e94e 04ba2da5ad544abd9ada4c5333134e34 - - default default] Method 'is_advsvc' is deprecated since 2023.2 release (neutron-lib 3.8.0) and will be removed once support for the old RBAC API policies will be removed from Neutron. Please use method 'is_service_role' instead.
2026-05-10 02:03:25.227 9 INFO neutron.db.securitygroups_db [None req-9087e268-58c7-4e36-bd3f-b4fbee9cc5cd 348f32ae17fb4c2baedfea2209d2e94e 04ba2da5ad544abd9ada4c5333134e34 - - default default] Project 04ba2da5ad544abd9ada4c5333134e34 added a security group rule with legacy IPv6 ICMP protocol name icmp, ipv6-icmp should be used instead. It was automatically converted.
2026-05-10 02:03:25.317 9 INFO neutron.db.ovn_revision_numbers_db [None req-9087e268-58c7-4e36-bd3f-b4fbee9cc5cd 348f32ae17fb4c2baedfea2209d2e94e 04ba2da5ad544abd9ada4c5333134e34 - - default default] Successfully bumped revision number for resource 846d260c-ef03-4252-8335-ffef64255b3e (type: security_group_rules) to 0
2026-05-10 02:03:25.341 9 INFO neutron.wsgi [None req-9087e268-58c7-4e36-bd3f-b4fbee9cc5cd 348f32ae17fb4c2baedfea2209d2e94e 04ba2da5ad544abd9ada4c5333134e34 - - default default] 10.0.0.160 "POST /v2.0/security-group-rules HTTP/1.1" status: 201 len: 805 time: 0.1639838
2026-05-10 02:03:25.376 10 INFO neutron.plugins.ml2.drivers.ovn.mech_driver.mech_driver [None req-03cd97d3-af92-482b-a084-515d42e34b97 - - - - - -] OVN reports status down for port: 7352e170-30b3-4412-ab77-7c85d8a82005
2026-05-10 02:03:25.433 10 INFO neutron.db.ovn_revision_numbers_db [None req-99290844-5d97-43e1-97ef-cee3af18f688 363e1ba3fdab42b792b310e67eb4621c d44b83d3d567401d82599f8de479557a - - default default] Successfully bumped revision number for resource 7352e170-30b3-4412-ab77-7c85d8a82005 (type: ports) to 2
2026-05-10 02:03:25.442 9 INFO neutron.wsgi [None req-3b0245da-109b-4753-87b5-38b46a9e82f3 868280d2e70c4f0ea9ff15eeaa097b35 487411658de8464f9606419cad3de3f7 - - default default] 10.0.0.160 "GET /v2.0/security-groups?tenant_id=2b7c6d9f2ef948b6a14183bc9a9d0617&name=default HTTP/1.1" status: 200 len: 3120 time: 0.2659369
2026-05-10 02:03:25.444 10 INFO neutron.wsgi [None req-99290844-5d97-43e1-97ef-cee3af18f688 363e1ba3fdab42b792b310e67eb4621c d44b83d3d567401d82599f8de479557a - - default default] 10.0.0.160 "PUT /v2.0/ports/7352e170-30b3-4412-ab77-7c85d8a82005 HTTP/1.1" status: 200 len: 946 time: 0.2781041 /var/lib/openstack/lib/python3.10/site-packages/pycadf/identifier.py:71: UserWarning: Invalid uuid: neutron. To ensure interoperability, identifiers should be a valid uuid. warnings.warn(('Invalid uuid: %s. To ensure interoperability, '
2026-05-10 02:03:25.664 9 INFO neutron.wsgi [None req-de6e2a74-7fb8-4841-93b3-fd4e9dbf1463 868280d2e70c4f0ea9ff15eeaa097b35 487411658de8464f9606419cad3de3f7 - - default default] 10.0.0.160 "DELETE /v2.0/security-groups/887c2443-406e-45dc-a880-95de800b55d3 HTTP/1.1" status: 204 len: 168 time: 0.2152038
2026-05-10 02:03:25.942 10 INFO neutron.wsgi [None req-16a8c499-60b5-49a0-aefd-15b13984a308 363e1ba3fdab42b792b310e67eb4621c d44b83d3d567401d82599f8de479557a - - default default] 10.0.0.160 "DELETE /v2.0/ports/7352e170-30b3-4412-ab77-7c85d8a82005 HTTP/1.1" status: 204 len: 168 time: 0.4921739
2026-05-10 02:03:25.943 9 INFO neutron.wsgi [None req-40244631-d9b5-4a44-8377-b8c007c3cbb1 348f32ae17fb4c2baedfea2209d2e94e 04ba2da5ad544abd9ada4c5333134e34 - - default default] 10.0.0.160 "GET /v2.0/networks HTTP/1.1" status: 200 len: 1493 time: 0.2260590
2026-05-10 02:03:26.023 9 INFO neutron.wsgi [None req-e2182e75-bc62-436e-86d3-cc6e4697568a 363e1ba3fdab42b792b310e67eb4621c d44b83d3d567401d82599f8de479557a - - default default] 10.0.0.160 "GET /v2.0/ports HTTP/1.1" status: 200 len: 1728 time: 0.0763121
2026-05-10 02:03:26.046 10 INFO neutron.pecan_wsgi.hooks.translation [None req-fb994b68-277a-4a7d-aade-ae6ff7707156 363e1ba3fdab42b792b310e67eb4621c d44b83d3d567401d82599f8de479557a - - default default] GET failed (client error): The resource could not be found.
2026-05-10 02:03:26.047 10 INFO neutron.wsgi [None req-fb994b68-277a-4a7d-aade-ae6ff7707156 363e1ba3fdab42b792b310e67eb4621c d44b83d3d567401d82599f8de479557a - - default default] 10.0.0.160 "GET /v2.0/ports/7352e170-30b3-4412-ab77-7c85d8a82005 HTTP/1.1" status: 404 len: 333 time: 0.0196292
2026-05-10 02:03:26.076 9 INFO neutron.wsgi [req-7991309e-2323-4bdb-838d-b61509772f15 req-b4825524-62c6-4887-bbd3-f84538b0a7a4 348f32ae17fb4c2baedfea2209d2e94e 04ba2da5ad544abd9ada4c5333134e34 - - default default] 10.0.0.38 "GET /v2.0/security-groups?name=tempest-secgroup-smoke-718664872&fields=id&tenant_id=04ba2da5ad544abd9ada4c5333134e34 HTTP/1.1" status: 200 len: 267 time: 0.0520113
2026-05-10 02:03:26.091 10 INFO neutron.wsgi [None req-bde76bc8-80db-4a55-9e28-df372546de8f 363e1ba3fdab42b792b310e67eb4621c d44b83d3d567401d82599f8de479557a - - default default] 10.0.0.160 "GET /v2.0/ports HTTP/1.1" status: 200 len: 1728 time: 0.0379715
2026-05-10 02:03:26.126 10 INFO neutron.wsgi [None req-16e38796-bf24-482f-ae76-a9b14bc71320 363e1ba3fdab42b792b310e67eb4621c d44b83d3d567401d82599f8de479557a - - default default] 10.0.0.160 "GET /v2.0/ports/df98930b-03d3-416a-bd61-e7fe2cbf1c5b HTTP/1.1" status: 200 len: 968 time: 0.0304723
2026-05-10 02:03:26.147 10 INFO neutron.pecan_wsgi.hooks.translation [None req-ad2a8e60-015a-4add-899f-791eb7178288 363e1ba3fdab42b792b310e67eb4621c d44b83d3d567401d82599f8de479557a - - default default] DELETE failed (client error): The resource could not be found.
2026-05-10 02:03:26.150 10 INFO neutron.wsgi [None req-ad2a8e60-015a-4add-899f-791eb7178288 363e1ba3fdab42b792b310e67eb4621c d44b83d3d567401d82599f8de479557a - - default default] 10.0.0.160 "DELETE /v2.0/ports/b9d17915-b46c-4c8b-a3ae-487a5f6c072d HTTP/1.1" status: 404 len: 333 time: 0.0186524
2026-05-10 02:03:26.160 9 INFO neutron.wsgi [req-7991309e-2323-4bdb-838d-b61509772f15 req-531effc0-eb1d-492b-8c7c-c38afb8e15c2 348f32ae17fb4c2baedfea2209d2e94e 04ba2da5ad544abd9ada4c5333134e34 - - default default] 10.0.0.38 "GET /v2.0/networks?id=8b554284-6069-4d4b-862f-4cd7caec6455 HTTP/1.1" status: 200 len: 860 time: 0.0784633
2026-05-10 02:03:26.174 10 INFO neutron.pecan_wsgi.hooks.translation [None req-6a8c2c5a-45c6-45cf-b53a-124ee77ade93 363e1ba3fdab42b792b310e67eb4621c d44b83d3d567401d82599f8de479557a - - default default] DELETE failed (client error): The resource could not be found.
2026-05-10 02:03:26.176 10 INFO neutron.wsgi [None req-6a8c2c5a-45c6-45cf-b53a-124ee77ade93 363e1ba3fdab42b792b310e67eb4621c d44b83d3d567401d82599f8de479557a - - default default] 10.0.0.160 "DELETE /v2.0/subnets/bfd18cfc-e09e-4630-b58b-82e7db501ed3 HTTP/1.1" status: 404 len: 337 time: 0.0219672
2026-05-10 02:03:26.179 9 INFO neutron.wsgi [req-7991309e-2323-4bdb-838d-b61509772f15 req-843a9070-b5bd-4e7e-9313-c904bc1736a7 348f32ae17fb4c2baedfea2209d2e94e 04ba2da5ad544abd9ada4c5333134e34 - - default default] 10.0.0.38 "GET /v2.0/quotas/04ba2da5ad544abd9ada4c5333134e34 HTTP/1.1" status: 200 len: 491 time: 0.0114224
2026-05-10 02:03:26.201 9 INFO neutron.pecan_wsgi.hooks.translation [None req-7b12bc7d-e6d2-4d50-a0d8-622ed950578d 363e1ba3fdab42b792b310e67eb4621c d44b83d3d567401d82599f8de479557a - - default default] DELETE failed (client error): The resource could not be found.
2026-05-10 02:03:26.204 9 INFO neutron.wsgi [None req-7b12bc7d-e6d2-4d50-a0d8-622ed950578d 363e1ba3fdab42b792b310e67eb4621c d44b83d3d567401d82599f8de479557a - - default default] 10.0.0.160 "DELETE /v2.0/subnets/42f0754c-1cd6-447c-ad61-8c630070d80e HTTP/1.1" status: 404 len: 337 time: 0.0230360
2026-05-10 02:03:26.285 9 INFO neutron.wsgi [req-7991309e-2323-4bdb-838d-b61509772f15 req-454d5efd-111c-4d24-b9f5-a8a5b8e07283 348f32ae17fb4c2baedfea2209d2e94e 04ba2da5ad544abd9ada4c5333134e34 - - default default] 10.0.0.38 "GET /v2.0/ports?tenant_id=04ba2da5ad544abd9ada4c5333134e34&fields=id HTTP/1.1" status: 200 len: 302 time: 0.0966837
2026-05-10 02:03:26.353 9 INFO neutron.wsgi [req-7991309e-2323-4bdb-838d-b61509772f15 req-37549435-e415-40e2-b4a8-12e006abdd18 08135a990aec41cf92b88df9c00186d7 848f65fb002d4f7f9bec149e2ec0be33 - - 908a0eee66af4cfd9cfd2a7ebc985eb7 908a0eee66af4cfd9cfd2a7ebc985eb7] 10.0.0.38 "GET /v2.0/networks/8b554284-6069-4d4b-862f-4cd7caec6455?fields=segments HTTP/1.1" status: 200 len: 212 time: 0.0526664
2026-05-10 02:03:26.426 9 INFO neutron.wsgi [req-7991309e-2323-4bdb-838d-b61509772f15 req-16917687-81c8-45dd-9c0e-f900822c3267 08135a990aec41cf92b88df9c00186d7 848f65fb002d4f7f9bec149e2ec0be33 - - 908a0eee66af4cfd9cfd2a7ebc985eb7 908a0eee66af4cfd9cfd2a7ebc985eb7] 10.0.0.38 "GET /v2.0/networks/8b554284-6069-4d4b-862f-4cd7caec6455?fields=provider%3Aphysical_network&fields=provider%3Anetwork_type HTTP/1.1" status: 200 len: 277 time: 0.0685785
2026-05-10 02:03:26.466 10 INFO neutron.wsgi [None req-e3523af5-d4c8-450e-aeca-aa7647e8ea70 363e1ba3fdab42b792b310e67eb4621c d44b83d3d567401d82599f8de479557a - - default default] 10.0.0.160 "DELETE /v2.0/ports/df98930b-03d3-416a-bd61-e7fe2cbf1c5b HTTP/1.1" status: 204 len: 168 time: 0.2580502
2026-05-10 02:03:26.572 10 INFO neutron.wsgi [req-34d483b7-2acb-451c-991c-6bdfb7db203c req-2dec315a-218e-406b-83e2-f0d8b45111e9 348f32ae17fb4c2baedfea2209d2e94e 04ba2da5ad544abd9ada4c5333134e34 - - default default] 10.0.0.38 "GET /v2.0/ports?device_id=9b88a9e1-9e34-467e-bf55-de37ee3350e1 HTTP/1.1" status: 200 len: 210 time: 0.0337911
2026-05-10 02:03:26.895 10 INFO neutron.services.segments.plugin [-] Segment 055acd0d-9050-4190-953e-83d3523a5bbb resource provider aggregate not found
2026-05-10 02:03:26.899 10 INFO neutron.services.segments.plugin [-] Segment 055acd0d-9050-4190-953e-83d3523a5bbb resource provider aggregate not found
2026-05-10 02:03:26.916 10 INFO neutron.services.segments.plugin [-] Segment 055acd0d-9050-4190-953e-83d3523a5bbb resource provider not found; error: Placement Client Error (4xx): {"errors": [{"status": 404, "title": "Not Found", "detail": "The resource could not be found.\n\n No resource provider with uuid 055acd0d-9050-4190-953e-83d3523a5bbb found for delete ", "request_id": "req-b87f1595-0d4d-4848-ae74-2ac89fa74122"}]}
2026-05-10 02:03:26.917 10 INFO neutron.services.segments.plugin [-] Segment 055acd0d-9050-4190-953e-83d3523a5bbb resource provider not found; error: Placement Client Error (4xx): {"errors": [{"status": 404, "title": "Not Found", "detail": "The resource could not be found.\n\n No resource provider with uuid 055acd0d-9050-4190-953e-83d3523a5bbb found for delete ", "request_id": "req-f4aacf71-0449-49e1-8ac7-2ffafd4db7e8"}]}
2026-05-10 02:03:26.938 10 INFO neutron.wsgi [None req-d99a4a46-28f6-4564-8e06-7dee2c4d07e8 363e1ba3fdab42b792b310e67eb4621c d44b83d3d567401d82599f8de479557a - - default default] 10.0.0.160 "DELETE /v2.0/networks/d69ef4cb-44d5-48c8-bf33-c0c0a90e448c HTTP/1.1" status: 204 len: 168 time: 0.4656022
2026-05-10 02:03:27.271 9 INFO neutron.wsgi [req-7991309e-2323-4bdb-838d-b61509772f15 req-399d5594-598c-4f53-9dca-1bec40256d7d 348f32ae17fb4c2baedfea2209d2e94e 04ba2da5ad544abd9ada4c5333134e34 - - default default] 199.204.45.250 "GET /v2.0/networks?id=8b554284-6069-4d4b-862f-4cd7caec6455 HTTP/1.1" status: 200 len: 860 time: 0.0724275
2026-05-10 02:03:27.316 9 WARNING neutron.plugins.ml2.drivers.ovn.mech_driver.ovsdb.ovn_client [None req-19072341-a9ee-4646-9c5a-7059975f3612 - - - - - -] No hosting information found for port dcbb7f47-5d65-49cc-a3f1-fc23f24c9627: RuntimeError: No hosting information found for port dcbb7f47-5d65-49cc-a3f1-fc23f24c9627
2026-05-10 02:03:27.341 9 INFO neutron.wsgi [req-7991309e-2323-4bdb-838d-b61509772f15 req-54b583f1-b388-4de0-8bf6-4942d05c3d3f 348f32ae17fb4c2baedfea2209d2e94e 04ba2da5ad544abd9ada4c5333134e34 - - default default] 199.204.45.250 "GET /v2.0/security-groups?fields=id&fields=name&tenant_id=04ba2da5ad544abd9ada4c5333134e34 HTTP/1.1" status: 200 len: 379 time: 0.0606139
2026-05-10 02:03:27.350 9 WARNING neutron_lib.context [req-7991309e-2323-4bdb-838d-b61509772f15 req-90c7e435-9b69-4ac5-888c-f3f23b0bcdba 348f32ae17fb4c2baedfea2209d2e94e 04ba2da5ad544abd9ada4c5333134e34 - - default default] Method 'is_advsvc' is deprecated since 2023.2 release (neutron-lib 3.8.0) and will be removed once support for the old RBAC API policies will be removed from Neutron. Please use method 'is_service_role' instead.
2026-05-10 02:03:27.682 9 INFO neutron.wsgi [req-f3bb5e85-4ecf-4e89-a366-8a372e81762e req-efe67c01-c7cc-4387-8545-b95765dc23e0 348f32ae17fb4c2baedfea2209d2e94e 04ba2da5ad544abd9ada4c5333134e34 - - default default] 10.0.0.38 "GET /v2.0/ports?device_id=9b88a9e1-9e34-467e-bf55-de37ee3350e1 HTTP/1.1" status: 200 len: 210 time: 0.0335286
2026-05-10 02:03:27.715 10 INFO neutron.wsgi [None req-37ae8835-fca9-40d7-8fc7-5c7074b01bc1 868280d2e70c4f0ea9ff15eeaa097b35 487411658de8464f9606419cad3de3f7 - - default default] 10.0.0.160 "GET /v2.0/security-groups?tenant_id=d44b83d3d567401d82599f8de479557a&name=default HTTP/1.1" status: 200 len: 3120 time: 0.2533643
2026-05-10 02:03:27.727 9 WARNING neutron.scheduler.dhcp_agent_scheduler [req-7991309e-2323-4bdb-838d-b61509772f15 req-90c7e435-9b69-4ac5-888c-f3f23b0bcdba 348f32ae17fb4c2baedfea2209d2e94e 04ba2da5ad544abd9ada4c5333134e34 - - default default] No more DHCP agents
2026-05-10 02:03:27.728 9 WARNING neutron.api.rpc.agentnotifiers.dhcp_rpc_agent_api [req-7991309e-2323-4bdb-838d-b61509772f15 req-90c7e435-9b69-4ac5-888c-f3f23b0bcdba 348f32ae17fb4c2baedfea2209d2e94e 04ba2da5ad544abd9ada4c5333134e34 - - default default] Unable to schedule network 8b554284-6069-4d4b-862f-4cd7caec6455: no agents available; will retry on subsequent port and subnet creation events.
2026-05-10 02:03:27.907 9 INFO neutron.db.ovn_revision_numbers_db [req-7991309e-2323-4bdb-838d-b61509772f15 req-90c7e435-9b69-4ac5-888c-f3f23b0bcdba 348f32ae17fb4c2baedfea2209d2e94e 04ba2da5ad544abd9ada4c5333134e34 - - default default] Successfully bumped revision number for resource aaa399d6-8c69-4f2a-81b0-4391a6247f09 (type: ports) to 1
2026-05-10 02:03:27.934 9 INFO neutron.wsgi [req-7991309e-2323-4bdb-838d-b61509772f15 req-90c7e435-9b69-4ac5-888c-f3f23b0bcdba 348f32ae17fb4c2baedfea2209d2e94e 04ba2da5ad544abd9ada4c5333134e34 - - default default] 199.204.45.250 "POST /v2.0/ports HTTP/1.1" status: 201 len: 1158 time: 0.5886278
2026-05-10 02:03:27.940 10 INFO neutron.wsgi [None req-165cdc31-fafa-425c-b0af-518e820b3a46 868280d2e70c4f0ea9ff15eeaa097b35 487411658de8464f9606419cad3de3f7 - - default default] 10.0.0.160 "DELETE /v2.0/security-groups/9756d2ec-a32e-441b-92f9-e8d11f14f5ea HTTP/1.1" status: 204 len: 168 time: 0.2131827 /var/lib/openstack/lib/python3.10/site-packages/pycadf/identifier.py:71: UserWarning: Invalid uuid: neutron. To ensure interoperability, identifiers should be a valid uuid. warnings.warn(('Invalid uuid: %s. To ensure interoperability, '
2026-05-10 02:03:28.366 9 INFO neutron.db.ovn_revision_numbers_db [req-7991309e-2323-4bdb-838d-b61509772f15 req-2e7e9fb0-d2cc-4a0b-b754-a230ed62be10 08135a990aec41cf92b88df9c00186d7 848f65fb002d4f7f9bec149e2ec0be33 - - 908a0eee66af4cfd9cfd2a7ebc985eb7 908a0eee66af4cfd9cfd2a7ebc985eb7] Successfully bumped revision number for resource aaa399d6-8c69-4f2a-81b0-4391a6247f09 (type: ports) to 2
2026-05-10 02:03:28.546 9 INFO neutron.db.ovn_revision_numbers_db [req-7991309e-2323-4bdb-838d-b61509772f15 req-2e7e9fb0-d2cc-4a0b-b754-a230ed62be10 08135a990aec41cf92b88df9c00186d7 848f65fb002d4f7f9bec149e2ec0be33 - - 908a0eee66af4cfd9cfd2a7ebc985eb7 908a0eee66af4cfd9cfd2a7ebc985eb7] Successfully bumped revision number for resource aaa399d6-8c69-4f2a-81b0-4391a6247f09 (type: ports) to 2
2026-05-10 02:03:28.574 9 INFO neutron.wsgi [req-7991309e-2323-4bdb-838d-b61509772f15 req-2e7e9fb0-d2cc-4a0b-b754-a230ed62be10 08135a990aec41cf92b88df9c00186d7 848f65fb002d4f7f9bec149e2ec0be33 - - 908a0eee66af4cfd9cfd2a7ebc985eb7 908a0eee66af4cfd9cfd2a7ebc985eb7] 199.204.45.250 "PUT /v2.0/ports/aaa399d6-8c69-4f2a-81b0-4391a6247f09 HTTP/1.1" status: 200 len: 1376 time: 0.6318738 /var/lib/openstack/lib/python3.10/site-packages/pycadf/identifier.py:71: UserWarning: Invalid uuid: neutron. To ensure interoperability, identifiers should be a valid uuid. warnings.warn(('Invalid uuid: %s. To ensure interoperability, '
2026-05-10 02:03:28.621 9 INFO neutron.notifiers.nova [-] Nova event matching ['req-92bc6d3b-cf81-4103-aa0d-b2a03129c4c7'] response: {'name': 'network-changed', 'server_uuid': '9b88a9e1-9e34-467e-bf55-de37ee3350e1', 'tag': 'aaa399d6-8c69-4f2a-81b0-4391a6247f09', 'status': 'completed', 'code': 200}
2026-05-10 02:03:28.649 9 INFO neutron.wsgi [req-7991309e-2323-4bdb-838d-b61509772f15 req-46428077-d849-410b-bf63-7506ec89a7b7 08135a990aec41cf92b88df9c00186d7 848f65fb002d4f7f9bec149e2ec0be33 - - 908a0eee66af4cfd9cfd2a7ebc985eb7 908a0eee66af4cfd9cfd2a7ebc985eb7] 199.204.45.250 "GET /v2.0/ports?tenant_id=04ba2da5ad544abd9ada4c5333134e34&device_id=9b88a9e1-9e34-467e-bf55-de37ee3350e1 HTTP/1.1" status: 200 len: 1407 time: 0.0394247
2026-05-10 02:03:28.686 9 INFO neutron.wsgi [req-7991309e-2323-4bdb-838d-b61509772f15 req-34a59169-f5e0-481d-a3b3-701e3fa3b44d 08135a990aec41cf92b88df9c00186d7 848f65fb002d4f7f9bec149e2ec0be33 - - 908a0eee66af4cfd9cfd2a7ebc985eb7 908a0eee66af4cfd9cfd2a7ebc985eb7] 199.204.45.250 "GET /v2.0/floatingips?fixed_ip_address=10.100.0.9&port_id=aaa399d6-8c69-4f2a-81b0-4391a6247f09 HTTP/1.1" status: 200 len: 217 time: 0.0304480
2026-05-10 02:03:28.748 9 INFO neutron.wsgi [req-7991309e-2323-4bdb-838d-b61509772f15 req-e828f394-4fbd-47d5-b2fe-9f11433aa3d1 08135a990aec41cf92b88df9c00186d7 848f65fb002d4f7f9bec149e2ec0be33 - - 908a0eee66af4cfd9cfd2a7ebc985eb7 908a0eee66af4cfd9cfd2a7ebc985eb7] 199.204.45.250 "GET /v2.0/subnets?id=b5f91a74-21f5-4712-a33c-2454129c8ff8 HTTP/1.1" status: 200 len: 853 time: 0.0537269
2026-05-10 02:03:28.772 9 INFO neutron.wsgi [req-7991309e-2323-4bdb-838d-b61509772f15 req-c1d60ac8-39b6-4462-b075-b8e28fef93ad 08135a990aec41cf92b88df9c00186d7 848f65fb002d4f7f9bec149e2ec0be33 - - 908a0eee66af4cfd9cfd2a7ebc985eb7 908a0eee66af4cfd9cfd2a7ebc985eb7] 199.204.45.250 "GET /v2.0/ports?network_id=8b554284-6069-4d4b-862f-4cd7caec6455&device_owner=network%3Adhcp HTTP/1.1" status: 200 len: 210 time: 0.0198114
2026-05-10 02:03:28.821 9 INFO neutron.wsgi [req-6fb4efe2-fd37-4128-8b19-b82180f797d6 req-f42eeb0b-799c-4110-8ccd-781b1d63696a 348f32ae17fb4c2baedfea2209d2e94e 04ba2da5ad544abd9ada4c5333134e34 - - default default] 10.0.0.38 "GET /v2.0/ports?device_id=9b88a9e1-9e34-467e-bf55-de37ee3350e1 HTTP/1.1" status: 200 len: 1168 time: 0.0525045
2026-05-10 02:03:28.865 10 INFO neutron.db.ovn_revision_numbers_db [None req-85c7b1b2-7233-45af-9c8a-b38a42ff356e 868280d2e70c4f0ea9ff15eeaa097b35 487411658de8464f9606419cad3de3f7 - - default default] Successfully bumped revision number for resource 36d70e6f-6c68-43c7-a9a5-dd44f62f180a (type: security_groups) to 1
