2026-05-10 02:05:35.317 10 ERROR neutron_lib.callbacks.manager return self._lookup(table, record)
2026-05-10 02:05:35.317 10 ERROR neutron_lib.callbacks.manager
File "/var/lib/openstack/lib/python3.10/site-packages/ovsdbapp/backend/ovs_idl/__init__.py", line 235, in _lookup
2026-05-10 02:05:35.317 10 ERROR neutron_lib.callbacks.manager row = idlutils.row_by_value(self, rl.table, rl.column, record)
2026-05-10 02:05:35.317 10 ERROR neutron_lib.callbacks.manager
File "/var/lib/openstack/lib/python3.10/site-packages/ovsdbapp/backend/ovs_idl/idlutils.py", line 114, in row_by_value
2026-05-10 02:05:35.317 10 ERROR neutron_lib.callbacks.manager raise RowNotFound(table=table, col=column, match=match)
2026-05-10 02:05:35.317 10 ERROR neutron_lib.callbacks.manager ovsdbapp.backend.ovs_idl.idlutils.RowNotFound: Cannot find Logical_Router_Port with name=lrp-fcb042aa-3988-443c-8909-cf10ea4ad838
2026-05-10 02:05:35.317 10 ERROR neutron_lib.callbacks.manager 
2026-05-10 02:05:35.375 9 INFO neutron.wsgi [None req-c90c3dd9-a031-416b-86f4-f7ebfc988476 c11cfbe3b6164ba6adb10d84bb2a1060 7c9a15d9638a4754b132ab2d92588dfe - - default default] 10.0.0.160 "DELETE /v2.0/networks/0503b7e8-e664-4932-9104-b73e0ba8234a HTTP/1.1" status: 204 len: 168 time: 0.3979537
2026-05-10 02:05:35.403 9 WARNING neutron.plugins.ml2.drivers.ovn.mech_driver.ovsdb.ovn_client [None req-19072341-a9ee-4646-9c5a-7059975f3612 - - - - - -] No hosting information found for port c3845d95-2cc3-4cfd-80c7-63578aeb22bd: RuntimeError: No hosting information found for port c3845d95-2cc3-4cfd-80c7-63578aeb22bd
2026-05-10 02:05:35.507 10 INFO neutron.db.ovn_revision_numbers_db [None req-d563cddc-eb05-4d2c-885a-d66a2ec0aeda f5cd989c04c747149d181a76c0ac805e 1ed58dbfa4c34322a78e6ee691c93d9d - - default default] Successfully bumped revision number for resource fcb042aa-3988-443c-8909-cf10ea4ad838 (type: router_ports) to 1
2026-05-10 02:05:35.562 9 INFO neutron.services.segments.plugin [-] Segment 42ed0f68-74a6-41ab-8b2d-2c09a8def154 resource provider aggregate not found
2026-05-10 02:05:35.569 9 INFO neutron.services.segments.plugin [-] Segment 42ed0f68-74a6-41ab-8b2d-2c09a8def154 resource provider aggregate not found
2026-05-10 02:05:35.582 9 INFO neutron.services.segments.plugin [-] Segment 42ed0f68-74a6-41ab-8b2d-2c09a8def154 resource provider not found; error: Placement Client Error (4xx): {"errors": [{"status": 404, "title": "Not Found", "detail": "The resource could not be found.\n\n No resource provider with uuid 42ed0f68-74a6-41ab-8b2d-2c09a8def154 found for delete ", "request_id": "req-57d13b48-3188-4e59-be6a-97699893723f"}]}
2026-05-10 02:05:35.587 9 INFO neutron.services.segments.plugin [-] Segment 42ed0f68-74a6-41ab-8b2d-2c09a8def154 resource provider not found; error: Placement Client Error (4xx): {"errors": [{"status": 404, "title": "Not Found", "detail": "The resource could not be found.\n\n No resource provider with uuid 42ed0f68-74a6-41ab-8b2d-2c09a8def154 found for delete ", "request_id": "req-b253d1c4-21b7-418e-9be9-c53cc6467c1f"}]}
2026-05-10 02:05:35.629 9 INFO neutron.services.segments.plugin [-] Segment 8b08abbb-20b0-4828-8310-321f9ec7dcec resource provider aggregate not found
2026-05-10 02:05:35.635 9 INFO neutron.services.segments.plugin [-] Segment 8b08abbb-20b0-4828-8310-321f9ec7dcec resource provider aggregate not found
2026-05-10 02:05:35.644 9 INFO neutron.services.segments.plugin [-] Segment 8b08abbb-20b0-4828-8310-321f9ec7dcec resource provider not found; error: Placement Client Error (4xx): {"errors": [{"status": 404, "title": "Not Found", "detail": "The resource could not be found.\n\n No resource provider with uuid 8b08abbb-20b0-4828-8310-321f9ec7dcec found for delete ", "request_id": "req-dcd0b137-e0ba-4e60-ab31-40bc3ea31801"}]}
2026-05-10 02:05:35.652 9 INFO neutron.services.segments.plugin [-] Segment 8b08abbb-20b0-4828-8310-321f9ec7dcec resource provider not found; error: Placement Client Error (4xx): {"errors": [{"status": 404, "title": "Not Found", "detail": "The resource could not be found.\n\n No resource provider with uuid 8b08abbb-20b0-4828-8310-321f9ec7dcec found for delete ", "request_id": "req-7a2bbda5-93dd-4a8d-8c76-b9ed54ff660b"}]}
2026-05-10 02:05:35.667 9 INFO neutron.services.segments.plugin [-] Segment 87c60c0a-b71f-4d24-a538-f73487ad0cec resource provider aggregate not found
2026-05-10 02:05:35.674 9 INFO neutron.services.segments.plugin [-] Segment 87c60c0a-b71f-4d24-a538-f73487ad0cec resource provider aggregate not found
2026-05-10 02:05:35.688 9 INFO neutron.services.segments.plugin [-] Segment 87c60c0a-b71f-4d24-a538-f73487ad0cec resource provider not found; error: Placement Client Error (4xx): {"errors": [{"status": 404, "title": "Not Found", "detail": "The resource could not be found.\n\n No resource provider with uuid 87c60c0a-b71f-4d24-a538-f73487ad0cec found for delete ", "request_id": "req-853e95fc-99d3-4fe6-b36b-ed6432f83369"}]}
2026-05-10 02:05:35.704 9 INFO neutron.services.segments.plugin [-] Segment 87c60c0a-b71f-4d24-a538-f73487ad0cec resource provider not found; error: Placement Client Error (4xx): {"errors": [{"status": 404, "title": "Not Found", "detail": "The resource could not be found.\n\n No resource provider with uuid 87c60c0a-b71f-4d24-a538-f73487ad0cec found for delete ", "request_id": "req-8c9c22c3-80f0-4f0a-95ca-6cf5cab0b0ac"}]}
2026-05-10 02:05:35.802 10 WARNING neutron.scheduler.dhcp_agent_scheduler [None req-1e4db7d8-058c-4fc5-94d8-3470183612de - - - - - -] No more DHCP agents
2026-05-10 02:05:35.812 10 WARNING neutron.api.rpc.agentnotifiers.dhcp_rpc_agent_api [None req-1e4db7d8-058c-4fc5-94d8-3470183612de - - - - - -] Unable to schedule network 1aec2dbe-b6a6-412e-a5f5-a8def0e32793: no agents available; will retry on subsequent port and subnet creation events.
2026-05-10 02:05:36.070 10 INFO neutron.db.ovn_revision_numbers_db [None req-1e4db7d8-058c-4fc5-94d8-3470183612de - - - - - -] Successfully bumped revision number for resource a0b1c710-0ad4-4c16-9441-31258d0b2485 (type: ports) to 1
2026-05-10 02:05:36.279 10 INFO neutron.db.ovn_revision_numbers_db [None req-1e4db7d8-058c-4fc5-94d8-3470183612de - - - - - -] Successfully bumped revision number for resource a0b1c710-0ad4-4c16-9441-31258d0b2485 (type: ports) to 1
2026-05-10 02:05:36.375 9 INFO neutron.wsgi [req-24fa2c1f-3562-4a8e-a9be-0c0ecd291de1 req-36855c15-f580-40f6-84b8-f58502391af5 f30a7f491ed448049513a9f5e2a5f4c9 b4fe9a810875435089c40872aed73f7b - - default default] 10.0.0.38 "GET /v2.0/ports?device_id=99e9822b-4ce3-4df3-97f5-88ebd45f6ea8 HTTP/1.1" status: 200 len: 1400 time: 0.1165743
2026-05-10 02:05:36.428 9 INFO neutron.wsgi [req-24fa2c1f-3562-4a8e-a9be-0c0ecd291de1 req-0e07f048-c111-472f-9860-f96b97668a93 f30a7f491ed448049513a9f5e2a5f4c9 b4fe9a810875435089c40872aed73f7b - - default default] 10.0.0.38 "GET /v2.0/security-groups?id=e94ef85c-b74f-46b0-8958-e9f00c8f110c&fields=id&fields=name HTTP/1.1" status: 200 len: 311 time: 0.0443637
2026-05-10 02:05:36.512 9 INFO neutron.wsgi [None req-7ceaecca-38bc-4d60-8bc4-6635c5ccb8cf f30a7f491ed448049513a9f5e2a5f4c9 b4fe9a810875435089c40872aed73f7b - - default default] 10.0.0.160 "GET /v2.0/ports?network_id=9daedc44-1cf1-4337-8126-a93e510d6fcc&mac_address=fa%3A16%3A3e%3Aa1%3Acd%3A54 HTTP/1.1" status: 200 len: 1395 time: 0.0580978
2026-05-10 02:05:36.521 9 WARNING neutron_lib.context [None req-11dffbcf-1193-4e5f-8cdf-2a1fc4d9068c f30a7f491ed448049513a9f5e2a5f4c9 b4fe9a810875435089c40872aed73f7b - - default default] Method 'is_advsvc' is deprecated since 2023.2 release (neutron-lib 3.8.0) and will be removed once support for the old RBAC API policies will be removed from Neutron. Please use method 'is_service_role' instead.
2026-05-10 02:05:36.536 10 INFO neutron.wsgi [None req-d563cddc-eb05-4d2c-885a-d66a2ec0aeda f5cd989c04c747149d181a76c0ac805e 1ed58dbfa4c34322a78e6ee691c93d9d - - default default] 10.0.0.160 "POST /v2.0/vpn/vpnservices HTTP/1.1" status: 201 len: 656 time: 6.3513105
2026-05-10 02:05:36.546 9 WARNING neutron_lib.context [None req-3ed51fe4-22b9-48e5-8b30-cb878cd9915a f5cd989c04c747149d181a76c0ac805e 1ed58dbfa4c34322a78e6ee691c93d9d - - default default] Method 'is_advsvc' is deprecated since 2023.2 release (neutron-lib 3.8.0) and will be removed once support for the old RBAC API policies will be removed from Neutron. Please use method 'is_service_role' instead.
2026-05-10 02:05:36.601 10 INFO neutron.db.ovn_revision_numbers_db [None req-c47e57cf-e24b-4c3a-bf1a-7debbbafd6ed 868280d2e70c4f0ea9ff15eeaa097b35 487411658de8464f9606419cad3de3f7 - - default default] Successfully bumped revision number for resource 8bb273f7-1a4f-4c30-b95e-2dad61200215 (type: security_groups) to 1
2026-05-10 02:05:36.615 10 INFO neutron.db.ovn_revision_numbers_db [None req-c47e57cf-e24b-4c3a-bf1a-7debbbafd6ed 868280d2e70c4f0ea9ff15eeaa097b35 487411658de8464f9606419cad3de3f7 - - default default] Successfully bumped revision number for resource 61594353-4f86-43ee-9222-1558553c571c (type: security_group_rules) to 0
2026-05-10 02:05:36.628 10 INFO neutron.db.ovn_revision_numbers_db [None req-c47e57cf-e24b-4c3a-bf1a-7debbbafd6ed 868280d2e70c4f0ea9ff15eeaa097b35 487411658de8464f9606419cad3de3f7 - - default default] Successfully bumped revision number for resource 698cffd7-edaa-48c0-a4b1-9c0bb2f30781 (type: security_group_rules) to 0
2026-05-10 02:05:36.641 10 INFO neutron.db.ovn_revision_numbers_db [None req-c47e57cf-e24b-4c3a-bf1a-7debbbafd6ed 868280d2e70c4f0ea9ff15eeaa097b35 487411658de8464f9606419cad3de3f7 - - default default] Successfully bumped revision number for resource a07be184-2ed0-4981-b2ca-5546b8d50e7d (type: security_group_rules) to 0
2026-05-10 02:05:36.654 10 INFO neutron.db.ovn_revision_numbers_db [None req-c47e57cf-e24b-4c3a-bf1a-7debbbafd6ed 868280d2e70c4f0ea9ff15eeaa097b35 487411658de8464f9606419cad3de3f7 - - default default] Successfully bumped revision number for resource aa200415-25c9-4350-a3ea-6a3cd1d3948e (type: security_group_rules) to 0
2026-05-10 02:05:36.672 10 INFO neutron.wsgi [None req-c47e57cf-e24b-4c3a-bf1a-7debbbafd6ed 868280d2e70c4f0ea9ff15eeaa097b35 487411658de8464f9606419cad3de3f7 - - default default] 10.0.0.160 "GET /v2.0/security-groups?tenant_id=5b8df976682a4d348c7625f93b5d280d&name=default HTTP/1.1" status: 200 len: 3124 time: 0.3841584
2026-05-10 02:05:37.237 9 WARNING neutron.scheduler.dhcp_agent_scheduler [None req-11dffbcf-1193-4e5f-8cdf-2a1fc4d9068c f30a7f491ed448049513a9f5e2a5f4c9 b4fe9a810875435089c40872aed73f7b - - default default] No more DHCP agents
2026-05-10 02:05:37.247 9 WARNING neutron.api.rpc.agentnotifiers.dhcp_rpc_agent_api [None req-11dffbcf-1193-4e5f-8cdf-2a1fc4d9068c f30a7f491ed448049513a9f5e2a5f4c9 b4fe9a810875435089c40872aed73f7b - - default default] Unable to schedule network b246701a-2479-4ffc-8add-3b81c9f5633e: no agents available; will retry on subsequent port and subnet creation events.
2026-05-10 02:05:37.442 9 INFO neutron.wsgi [None req-3ed51fe4-22b9-48e5-8b30-cb878cd9915a f5cd989c04c747149d181a76c0ac805e 1ed58dbfa4c34322a78e6ee691c93d9d - - default default] 10.0.0.160 "POST /v2.0/vpn/vpnservices HTTP/1.1" status: 201 len: 622 time: 0.9010386
2026-05-10 02:05:37.457 10 WARNING neutron_lib.context [None req-6c425ee6-cbfe-41fc-9776-0bb3e17e3292 f5cd989c04c747149d181a76c0ac805e 1ed58dbfa4c34322a78e6ee691c93d9d - - default default] Method 'is_advsvc' is deprecated since 2023.2 release (neutron-lib 3.8.0) and will be removed once support for the old RBAC API policies will be removed from Neutron. Please use method 'is_service_role' instead.
2026-05-10 02:05:37.465 9 INFO neutron.wsgi [None req-402496e2-c2c6-4c0e-84c9-5cba556b0f6c 868280d2e70c4f0ea9ff15eeaa097b35 487411658de8464f9606419cad3de3f7 - - default default] 10.0.0.160 "DELETE /v2.0/security-groups/8bb273f7-1a4f-4c30-b95e-2dad61200215 HTTP/1.1" status: 204 len: 168 time: 0.7858233
2026-05-10 02:05:37.539 10 INFO neutron.wsgi [None req-6c425ee6-cbfe-41fc-9776-0bb3e17e3292 f5cd989c04c747149d181a76c0ac805e 1ed58dbfa4c34322a78e6ee691c93d9d - - default default] 10.0.0.160 "POST /v2.0/vpn/ikepolicies HTTP/1.1" status: 201 len: 603 time: 0.0902009
2026-05-10 02:05:37.551 10 WARNING neutron_lib.context [None req-730d024c-3dcd-4e88-8db4-940c13cc7fac f5cd989c04c747149d181a76c0ac805e 1ed58dbfa4c34322a78e6ee691c93d9d - - default default] Method 'is_advsvc' is deprecated since 2023.2 release (neutron-lib 3.8.0) and will be removed once support for the old RBAC API policies will be removed from Neutron. Please use method 'is_service_role' instead.
2026-05-10 02:05:37.591 10 INFO neutron.wsgi [None req-730d024c-3dcd-4e88-8db4-940c13cc7fac f5cd989c04c747149d181a76c0ac805e 1ed58dbfa4c34322a78e6ee691c93d9d - - default default] 10.0.0.160 "POST /v2.0/vpn/ipsecpolicies HTTP/1.1" status: 201 len: 612 time: 0.0441337
2026-05-10 02:05:37.599 10 WARNING neutron_lib.context [None req-105f2ddf-b6d3-4310-b4ad-366ad3d71ec0 f5cd989c04c747149d181a76c0ac805e 1ed58dbfa4c34322a78e6ee691c93d9d - - default default] Method 'is_advsvc' is deprecated since 2023.2 release (neutron-lib 3.8.0) and will be removed once support for the old RBAC API policies will be removed from Neutron. Please use method 'is_service_role' instead.
2026-05-10 02:05:37.663 10 INFO neutron.wsgi [None req-105f2ddf-b6d3-4310-b4ad-366ad3d71ec0 f5cd989c04c747149d181a76c0ac805e 1ed58dbfa4c34322a78e6ee691c93d9d - - default default] 10.0.0.160 "POST /v2.0/vpn/endpoint-groups HTTP/1.1" status: 201 len: 528 time: 0.0680478
2026-05-10 02:05:37.672 10 WARNING neutron_lib.context [None req-41bda506-2ad8-48ef-8be7-619f2d523558 f5cd989c04c747149d181a76c0ac805e 1ed58dbfa4c34322a78e6ee691c93d9d - - default default] Method 'is_advsvc' is deprecated since 2023.2 release (neutron-lib 3.8.0) and will be removed once support for the old RBAC API policies will be removed from Neutron. Please use method 'is_service_role' instead.
2026-05-10 02:05:37.720 10 INFO neutron.wsgi [None req-41bda506-2ad8-48ef-8be7-619f2d523558 f5cd989c04c747149d181a76c0ac805e 1ed58dbfa4c34322a78e6ee691c93d9d - - default default] 10.0.0.160 "POST /v2.0/vpn/endpoint-groups HTTP/1.1" status: 201 len: 519 time: 0.0518456
2026-05-10 02:05:37.734 10 WARNING neutron_lib.context [None req-15838956-e2f4-4ff7-a9fe-49d6edb30081 f5cd989c04c747149d181a76c0ac805e 1ed58dbfa4c34322a78e6ee691c93d9d - - default default] Method 'is_advsvc' is deprecated since 2023.2 release (neutron-lib 3.8.0) and will be removed once support for the old RBAC API policies will be removed from Neutron. Please use method 'is_service_role' instead.
2026-05-10 02:05:37.877 10 INFO neutron.db.ovn_revision_numbers_db [None req-4e912ae6-dcc1-4fbb-98b6-fcb6241512c1 868280d2e70c4f0ea9ff15eeaa097b35 487411658de8464f9606419cad3de3f7 - - default default] Successfully bumped revision number for resource 6cf7a725-25a8-4e9f-92ca-97ed88da52e0 (type: security_groups) to 1
2026-05-10 02:05:37.895 10 INFO neutron.db.ovn_revision_numbers_db [None req-4e912ae6-dcc1-4fbb-98b6-fcb6241512c1 868280d2e70c4f0ea9ff15eeaa097b35 487411658de8464f9606419cad3de3f7 - - default default] Successfully bumped revision number for resource 08f04cd9-b6a0-4a2d-a7fc-ed028e9b334f (type: security_group_rules) to 0
2026-05-10 02:05:37.937 10 INFO neutron.db.ovn_revision_numbers_db [None req-4e912ae6-dcc1-4fbb-98b6-fcb6241512c1 868280d2e70c4f0ea9ff15eeaa097b35 487411658de8464f9606419cad3de3f7 - - default default] Successfully bumped revision number for resource 60bf6af2-b2ef-41d4-a1f8-03f4070d3e02 (type: security_group_rules) to 0
2026-05-10 02:05:37.951 10 INFO neutron.db.ovn_revision_numbers_db [None req-4e912ae6-dcc1-4fbb-98b6-fcb6241512c1 868280d2e70c4f0ea9ff15eeaa097b35 487411658de8464f9606419cad3de3f7 - - default default] Successfully bumped revision number for resource d52d87c1-8871-48fe-ac3e-d5164e1f5d4f (type: security_group_rules) to 0
2026-05-10 02:05:37.980 10 INFO neutron.db.ovn_revision_numbers_db [None req-4e912ae6-dcc1-4fbb-98b6-fcb6241512c1 868280d2e70c4f0ea9ff15eeaa097b35 487411658de8464f9606419cad3de3f7 - - default default] Successfully bumped revision number for resource d5469435-1497-496c-979c-265b734fb552 (type: security_group_rules) to 0
2026-05-10 02:05:38.018 10 INFO neutron.wsgi [None req-4e912ae6-dcc1-4fbb-98b6-fcb6241512c1 868280d2e70c4f0ea9ff15eeaa097b35 487411658de8464f9606419cad3de3f7 - - default default] 10.0.0.160 "GET /v2.0/security-groups?tenant_id=cdc23ba2a772488dba6acd9fe9f949bd&name=default HTTP/1.1" status: 200 len: 3124 time: 0.3330162
2026-05-10 02:05:38.036 9 WARNING neutron_lib.context [None req-741007d1-f46a-4260-b2fa-13976dabdd98 84a021cfd6ce4d1ebf21eb3ddb616d62 7b5a2c53baf5413788f03595b72078b9 - - default default] Method 'is_advsvc' is deprecated since 2023.2 release (neutron-lib 3.8.0) and will be removed once support for the old RBAC API policies will be removed from Neutron. Please use method 'is_service_role' instead.
2026-05-10 02:05:38.112 9 INFO neutron.db.ovn_revision_numbers_db [None req-11dffbcf-1193-4e5f-8cdf-2a1fc4d9068c f30a7f491ed448049513a9f5e2a5f4c9 b4fe9a810875435089c40872aed73f7b - - default default] Successfully bumped revision number for resource e308239a-b2f2-487e-8ade-9b69a07a613b (type: floatingips) to -1
2026-05-10 02:05:38.120 9 INFO neutron.wsgi [None req-741007d1-f46a-4260-b2fa-13976dabdd98 84a021cfd6ce4d1ebf21eb3ddb616d62 7b5a2c53baf5413788f03595b72078b9 - - default default] 10.0.0.160 "POST /v2.0/subnetpools HTTP/1.1" status: 201 len: 715 time: 0.2648053
2026-05-10 02:05:38.131 10 WARNING neutron_lib.context [None req-f6fd8e17-8f44-48db-97e9-91d18ffadf35 84a021cfd6ce4d1ebf21eb3ddb616d62 7b5a2c53baf5413788f03595b72078b9 - - default default] Method 'is_advsvc' is deprecated since 2023.2 release (neutron-lib 3.8.0) and will be removed once support for the old RBAC API policies will be removed from Neutron. Please use method 'is_service_role' instead.
2026-05-10 02:05:38.215 10 INFO neutron.wsgi [None req-f6fd8e17-8f44-48db-97e9-91d18ffadf35 84a021cfd6ce4d1ebf21eb3ddb616d62 7b5a2c53baf5413788f03595b72078b9 - - default default] 10.0.0.160 "POST /v2.0/subnetpools HTTP/1.1" status: 201 len: 715 time: 0.0891588
2026-05-10 02:05:38.225 10 WARNING neutron_lib.context [None req-08be8873-b859-4839-b951-62dc6a7418b5 84a021cfd6ce4d1ebf21eb3ddb616d62 7b5a2c53baf5413788f03595b72078b9 - - default default] Method 'is_advsvc' is deprecated since 2023.2 release (neutron-lib 3.8.0) and will be removed once support for the old RBAC API policies will be removed from Neutron. Please use method 'is_service_role' instead.
2026-05-10 02:05:38.279 9 INFO neutron.db.ovn_revision_numbers_db [None req-11dffbcf-1193-4e5f-8cdf-2a1fc4d9068c f30a7f491ed448049513a9f5e2a5f4c9 b4fe9a810875435089c40872aed73f7b - - default default] Successfully bumped revision number for resource e308239a-b2f2-487e-8ade-9b69a07a613b (type: floatingips) to 1
2026-05-10 02:05:38.280 9 INFO neutron.db.l3_db [None req-11dffbcf-1193-4e5f-8cdf-2a1fc4d9068c f30a7f491ed448049513a9f5e2a5f4c9 b4fe9a810875435089c40872aed73f7b - - default default] Floating IP e308239a-b2f2-487e-8ade-9b69a07a613b associated. External IP: 10.96.250.204, port: 70755985-13a3-4454-b6fb-3d0d00d4220f.
2026-05-10 02:05:38.290 10 INFO neutron.wsgi [None req-08be8873-b859-4839-b951-62dc6a7418b5 84a021cfd6ce4d1ebf21eb3ddb616d62 7b5a2c53baf5413788f03595b72078b9 - - default default] 10.0.0.160 "POST /v2.0/subnetpools HTTP/1.1" status: 201 len: 715 time: 0.0692728
2026-05-10 02:05:38.298 10 WARNING neutron_lib.context [None req-cb5e8926-0f4a-4055-8b8b-e4f340732985 84a021cfd6ce4d1ebf21eb3ddb616d62 7b5a2c53baf5413788f03595b72078b9 - - default default] Method 'is_advsvc' is deprecated since 2023.2 release (neutron-lib 3.8.0) and will be removed once support for the old RBAC API policies will be removed from Neutron. Please use method 'is_service_role' instead.
2026-05-10 02:05:38.330 9 INFO neutron.wsgi [None req-11dffbcf-1193-4e5f-8cdf-2a1fc4d9068c f30a7f491ed448049513a9f5e2a5f4c9 b4fe9a810875435089c40872aed73f7b - - default default] 10.0.0.160 "POST /v2.0/floatingips HTTP/1.1" status: 201 len: 1053 time: 1.8136842
2026-05-10 02:05:38.342 9 INFO neutron.wsgi [None req-91a48af4-39c8-41f3-aa8b-651499afc701 868280d2e70c4f0ea9ff15eeaa097b35 487411658de8464f9606419cad3de3f7 - - default default] 10.0.0.160 "DELETE /v2.0/security-groups/6cf7a725-25a8-4e9f-92ca-97ed88da52e0 HTTP/1.1" status: 204 len: 168 time: 0.3190503
2026-05-10 02:05:38.367 9 INFO neutron.notifiers.nova [-] Nova event matching ['req-0733ae91-e390-4676-8d72-8b85df8a5062'] response: {'name': 'network-changed', 'server_uuid': '99e9822b-4ce3-4df3-97f5-88ebd45f6ea8', 'tag': '70755985-13a3-4454-b6fb-3d0d00d4220f', 'status': 'completed', 'code': 200}
2026-05-10 02:05:38.372 10 INFO neutron.wsgi [None req-cb5e8926-0f4a-4055-8b8b-e4f340732985 84a021cfd6ce4d1ebf21eb3ddb616d62 7b5a2c53baf5413788f03595b72078b9 - - default default] 10.0.0.160 "POST /v2.0/subnetpools HTTP/1.1" status: 201 len: 715 time: 0.0775456
2026-05-10 02:05:38.387 9 WARNING neutron_lib.context [None req-75e07819-abec-436b-ac50-85723911ab51 84a021cfd6ce4d1ebf21eb3ddb616d62 7b5a2c53baf5413788f03595b72078b9 - - default default] Method 'is_advsvc' is deprecated since 2023.2 release (neutron-lib 3.8.0) and will be removed once support for the old RBAC API policies will be removed from Neutron. Please use method 'is_service_role' instead.
2026-05-10 02:05:38.439 9 INFO neutron.wsgi [None req-75e07819-abec-436b-ac50-85723911ab51 84a021cfd6ce4d1ebf21eb3ddb616d62 7b5a2c53baf5413788f03595b72078b9 - - default default] 10.0.0.160 "POST /v2.0/subnetpools HTTP/1.1" status: 201 len: 715 time: 0.0585737
2026-05-10 02:05:38.456 10 INFO neutron.wsgi [req-c5f6643a-5bdc-4067-b954-ae16024dee4b req-1e9211de-2841-4f36-804a-528d64b1e591 08135a990aec41cf92b88df9c00186d7 848f65fb002d4f7f9bec149e2ec0be33 - - 908a0eee66af4cfd9cfd2a7ebc985eb7 908a0eee66af4cfd9cfd2a7ebc985eb7] 199.204.45.250 "GET /v2.0/ports?tenant_id=b4fe9a810875435089c40872aed73f7b&device_id=99e9822b-4ce3-4df3-97f5-88ebd45f6ea8 HTTP/1.1" status: 200 len: 1638 time: 0.0582767
2026-05-10 02:05:38.481 9 INFO neutron.wsgi [None req-3827aaad-bb04-44fe-8dba-7583fefc38f4 84a021cfd6ce4d1ebf21eb3ddb616d62 7b5a2c53baf5413788f03595b72078b9 - - default default] 10.0.0.160 "PUT /v2.0/subnetpools/2265bbf4-f368-41b2-a8b0-9b462ade5d2b/tags HTTP/1.1" status: 200 len: 210 time: 0.0372953
2026-05-10 02:05:38.519 9 INFO neutron.wsgi [None req-57ae6078-86be-48e9-becc-d2cda157730b 84a021cfd6ce4d1ebf21eb3ddb616d62 7b5a2c53baf5413788f03595b72078b9 - - default default] 10.0.0.160 "PUT /v2.0/subnetpools/e6c2f57d-734a-4fe9-80be-a6d3aea6a8f5/tags HTTP/1.1" status: 200 len: 218 time: 0.0325320
2026-05-10 02:05:38.555 9 INFO neutron.wsgi [None req-c3f079a4-4de3-4c25-88df-eb7c88bb9203 868280d2e70c4f0ea9ff15eeaa097b35 487411658de8464f9606419cad3de3f7 - - default default] 10.0.0.160 "GET /v2.0/security-groups?tenant_id=7c9a15d9638a4754b132ab2d92588dfe&name=default HTTP/1.1" status: 200 len: 3121 time: 0.0433326
2026-05-10 02:05:38.562 9 INFO neutron.wsgi [None req-eaf990c9-38b9-4a52-88b1-ec2d06a36f3e 84a021cfd6ce4d1ebf21eb3ddb616d62 7b5a2c53baf5413788f03595b72078b9 - - default default] 10.0.0.160 "PUT /v2.0/subnetpools/9085a464-c45b-4d4c-86b4-5b92a84b48de/tags HTTP/1.1" status: 200 len: 227 time: 0.0390141
2026-05-10 02:05:38.608 9 INFO neutron.wsgi [None req-8449813c-b2e2-485a-9b53-91b237e13dec 84a021cfd6ce4d1ebf21eb3ddb616d62 7b5a2c53baf5413788f03595b72078b9 - - default default] 10.0.0.160 "PUT /v2.0/subnetpools/21b73a4a-d91b-4d25-9eea-92883367bdf7/tags HTTP/1.1" status: 200 len: 212 time: 0.0393169
2026-05-10 02:05:38.663 9 INFO neutron.wsgi [None req-c23435ad-1b22-4c55-825d-89c736471161 84a021cfd6ce4d1ebf21eb3ddb616d62 7b5a2c53baf5413788f03595b72078b9 - - default default] 10.0.0.160 "GET /v2.0/subnetpools?tags=red HTTP/1.1" status: 200 len: 1758 time: 0.0478811
2026-05-10 02:05:38.719 9 INFO neutron.wsgi [None req-372d9dbf-7383-468f-8492-ce8f9e2065b8 84a021cfd6ce4d1ebf21eb3ddb616d62 7b5a2c53baf5413788f03595b72078b9 - - default default] 10.0.0.160 "GET /v2.0/subnetpools?tags=red%2Cblue HTTP/1.1" status: 200 len: 1251 time: 0.0503449
2026-05-10 02:05:38.752 9 INFO neutron.wsgi [None req-a1a10566-de2d-4f9f-bcd6-c4e612d6cd94 84a021cfd6ce4d1ebf21eb3ddb616d62 7b5a2c53baf5413788f03595b72078b9 - - default default] 10.0.0.160 "GET /v2.0/subnetpools?tags-any=blue HTTP/1.1" status: 200 len: 1251 time: 0.0280192
2026-05-10 02:05:38.802 9 INFO neutron.wsgi [None req-a790dc26-c02c-4de6-a530-a307a82e36f9 84a021cfd6ce4d1ebf21eb3ddb616d62 7b5a2c53baf5413788f03595b72078b9 - - default default] 10.0.0.160 "GET /v2.0/subnetpools?tags-any=red%2Cblue HTTP/1.1" status: 200 len: 1758 time: 0.0447638
2026-05-10 02:05:38.832 9 INFO neutron.wsgi [None req-6bb03f3c-de0e-4cc5-9a47-223566e2096a 84a021cfd6ce4d1ebf21eb3ddb616d62 7b5a2c53baf5413788f03595b72078b9 - - default default] 10.0.0.160 "GET /v2.0/subnetpools?not-tags=red HTTP/1.1" status: 200 len: 1223 time: 0.0254703
2026-05-10 02:05:38.847 10 INFO neutron.wsgi [req-c5f6643a-5bdc-4067-b954-ae16024dee4b req-8bfbcba0-ffd0-454b-8887-76337a623583 08135a990aec41cf92b88df9c00186d7 848f65fb002d4f7f9bec149e2ec0be33 - - 908a0eee66af4cfd9cfd2a7ebc985eb7 908a0eee66af4cfd9cfd2a7ebc985eb7] 199.204.45.250 "GET /v2.0/networks?id=9daedc44-1cf1-4337-8126-a93e510d6fcc HTTP/1.1" status: 200 len: 1002 time: 0.3842793
2026-05-10 02:05:38.866 9 INFO neutron.wsgi [None req-0a7ff3b6-4cd8-40e2-8b76-34bbd4cf65cf 84a021cfd6ce4d1ebf21eb3ddb616d62 7b5a2c53baf5413788f03595b72078b9 - - default default] 10.0.0.160 "GET /v2.0/subnetpools?not-tags=red%2Cblue HTTP/1.1" status: 200 len: 1730 time: 0.0275855
2026-05-10 02:05:38.869 9 INFO neutron.wsgi [None req-7276387e-7894-4909-a177-5d0ca0ac3544 868280d2e70c4f0ea9ff15eeaa097b35 487411658de8464f9606419cad3de3f7 - - default default] 10.0.0.160 "DELETE /v2.0/security-groups/bbe37814-7cf0-497e-9f41-fea08ad93d67 HTTP/1.1" status: 204 len: 168 time: 0.3061063
2026-05-10 02:05:38.892 9 INFO neutron.wsgi [None req-847c4dfb-7a36-4fb2-9a0b-3acc17333563 84a021cfd6ce4d1ebf21eb3ddb616d62 7b5a2c53baf5413788f03595b72078b9 - - default default] 10.0.0.160 "GET /v2.0/subnetpools?not-tags-any=blue HTTP/1.1" status: 200 len: 1730 time: 0.0207911
2026-05-10 02:05:38.917 9 INFO neutron.wsgi [None req-3d8cd15c-24b0-461b-b524-b6c234b0c7ac 84a021cfd6ce4d1ebf21eb3ddb616d62 7b5a2c53baf5413788f03595b72078b9 - - default default] 10.0.0.160 "GET /v2.0/subnetpools?not-tags-any=red%2Cblue HTTP/1.1" status: 200 len: 1223 time: 0.0210781
2026-05-10 02:05:38.940 10 INFO neutron.wsgi [req-c5f6643a-5bdc-4067-b954-ae16024dee4b req-c722e979-679c-4ed4-a010-12330ff4126e 08135a990aec41cf92b88df9c00186d7 848f65fb002d4f7f9bec149e2ec0be33 - - 908a0eee66af4cfd9cfd2a7ebc985eb7 908a0eee66af4cfd9cfd2a7ebc985eb7] 199.204.45.250 "GET /v2.0/floatingips?fixed_ip_address=10.2.2.86&port_id=70755985-13a3-4454-b6fb-3d0d00d4220f HTTP/1.1" status: 200 len: 1058 time: 0.0848761
2026-05-10 02:05:38.978 10 INFO neutron.wsgi [req-c5f6643a-5bdc-4067-b954-ae16024dee4b req-e8a9bd64-fbca-471e-80c2-1c4e3d52823e 08135a990aec41cf92b88df9c00186d7 848f65fb002d4f7f9bec149e2ec0be33 - - 908a0eee66af4cfd9cfd2a7ebc985eb7 908a0eee66af4cfd9cfd2a7ebc985eb7] 199.204.45.250 "GET /v2.0/floatingips?fixed_ip_address=fd77%3A1457%3A4cf0%3A26a8%3A%3A1d9&port_id=70755985-13a3-4454-b6fb-3d0d00d4220f HTTP/1.1" status: 200 len: 217 time: 0.0248816
2026-05-10 02:05:38.985 9 INFO neutron.wsgi [None req-0a321491-dbc5-459c-9eda-45744148d1ed 84a021cfd6ce4d1ebf21eb3ddb616d62 7b5a2c53baf5413788f03595b72078b9 - - default default] 10.0.0.160 "DELETE /v2.0/subnetpools/2265bbf4-f368-41b2-a8b0-9b462ade5d2b HTTP/1.1" status: 204 len: 168 time: 0.0605528
2026-05-10 02:05:39.010 10 INFO neutron.db.ovn_revision_numbers_db [None req-15838956-e2f4-4ff7-a9fe-49d6edb30081 f5cd989c04c747149d181a76c0ac805e 1ed58dbfa4c34322a78e6ee691c93d9d - - default default] Successfully bumped revision number for resource 29f9b378-8ed2-4cbc-9119-1e99736d2e93 (type: routers) to 5
2026-05-10 02:05:39.029 10 INFO neutron.wsgi [req-c5f6643a-5bdc-4067-b954-ae16024dee4b req-ccbc4a77-9729-45e0-8db9-d2b999f73f17 08135a990aec41cf92b88df9c00186d7 848f65fb002d4f7f9bec149e2ec0be33 - - 908a0eee66af4cfd9cfd2a7ebc985eb7 908a0eee66af4cfd9cfd2a7ebc985eb7] 199.204.45.250 "GET /v2.0/subnets?id=236997c6-4df8-4f9c-a2ea-48822cdf1d54&id=19a01e4f-553b-4189-b2ed-ec2452619c4f HTTP/1.1" status: 200 len: 1567 time: 0.0440967
2026-05-10 02:05:39.046 9 INFO neutron.wsgi [None req-793e65c5-bebd-44db-ad92-0fe2b01d0a5b 84a021cfd6ce4d1ebf21eb3ddb616d62 7b5a2c53baf5413788f03595b72078b9 - - default default] 10.0.0.160 "DELETE /v2.0/subnetpools/e6c2f57d-734a-4fe9-80be-a6d3aea6a8f5 HTTP/1.1" status: 204 len: 168 time: 0.0530500
2026-05-10 02:05:39.073 10 INFO neutron.wsgi [req-c5f6643a-5bdc-4067-b954-ae16024dee4b req-ad270581-be1e-4924-83d2-a28bbcad16ab 08135a990aec41cf92b88df9c00186d7 848f65fb002d4f7f9bec149e2ec0be33 - - 908a0eee66af4cfd9cfd2a7ebc985eb7 908a0eee66af4cfd9cfd2a7ebc985eb7] 199.204.45.250 "GET /v2.0/ports?network_id=9daedc44-1cf1-4337-8126-a93e510d6fcc&device_owner=network%3Adhcp HTTP/1.1" status: 200 len: 210 time: 0.0373425
2026-05-10 02:05:39.096 10 INFO neutron.wsgi [None req-15838956-e2f4-4ff7-a9fe-49d6edb30081 f5cd989c04c747149d181a76c0ac805e 1ed58dbfa4c34322a78e6ee691c93d9d - - default default] 10.0.0.160 "POST /v2.0/vpn/ipsec-site-connections HTTP/1.1" status: 201 len: 1000 time: 1.3697760
2026-05-10 02:05:39.099 9 INFO neutron.wsgi [None req-4977317f-0d93-4c59-83db-1a52cdb45d07 84a021cfd6ce4d1ebf21eb3ddb616d62 7b5a2c53baf5413788f03595b72078b9 - - default default] 10.0.0.160 "DELETE /v2.0/subnetpools/9085a464-c45b-4d4c-86b4-5b92a84b48de HTTP/1.1" status: 204 len: 168 time: 0.0499313
2026-05-10 02:05:39.105 9 WARNING neutron_lib.context [None req-88c0068d-5bdd-4ca3-b29f-9e87fc97998b f5cd989c04c747149d181a76c0ac805e 1ed58dbfa4c34322a78e6ee691c93d9d - - default default] Method 'is_advsvc' is deprecated since 2023.2 release (neutron-lib 3.8.0) and will be removed once support for the old RBAC API policies will be removed from Neutron. Please use method 'is_service_role' instead.
2026-05-10 02:05:39.106 10 INFO neutron.wsgi [req-c5f6643a-5bdc-4067-b954-ae16024dee4b req-fa94f532-86e1-4ccf-811d-14cf13bbd490 08135a990aec41cf92b88df9c00186d7 848f65fb002d4f7f9bec149e2ec0be33 - - 908a0eee66af4cfd9cfd2a7ebc985eb7 908a0eee66af4cfd9cfd2a7ebc985eb7] 199.204.45.250 "GET /v2.0/ports?network_id=9daedc44-1cf1-4337-8126-a93e510d6fcc&device_owner=network%3Adhcp HTTP/1.1" status: 200 len: 210 time: 0.0265579
2026-05-10 02:05:39.153 9 INFO neutron.wsgi [None req-88c0068d-5bdd-4ca3-b29f-9e87fc97998b f5cd989c04c747149d181a76c0ac805e 1ed58dbfa4c34322a78e6ee691c93d9d - - default default] 10.0.0.160 "POST /v2.0/vpn/endpoint-groups HTTP/1.1" status: 201 len: 487 time: 0.0520332
2026-05-10 02:05:39.192 9 INFO neutron.wsgi [None req-bd6c2f46-012f-401d-99f7-156e685e6f6f f5cd989c04c747149d181a76c0ac805e 1ed58dbfa4c34322a78e6ee691c93d9d - - default default] 10.0.0.160 "DELETE /v2.0/vpn/endpoint-groups/e30eda5c-9a1e-4ed3-9b92-d41383d1b59b HTTP/1.1" status: 204 len: 168 time: 0.0341587
2026-05-10 02:05:39.193 10 INFO neutron.wsgi [req-c5f6643a-5bdc-4067-b954-ae16024dee4b req-08fc227d-3732-4673-8cc7-2d4b12e7e708 08135a990aec41cf92b88df9c00186d7 848f65fb002d4f7f9bec149e2ec0be33 - - 908a0eee66af4cfd9cfd2a7ebc985eb7 908a0eee66af4cfd9cfd2a7ebc985eb7] 199.204.45.250 "GET /v2.0/networks/9daedc44-1cf1-4337-8126-a93e510d6fcc?fields=segments HTTP/1.1" status: 200 len: 212 time: 0.0803840
2026-05-10 02:05:39.196 10 INFO neutron.wsgi [None req-3761b9ad-a015-40dd-88ed-90e18518fb70 84a021cfd6ce4d1ebf21eb3ddb616d62 7b5a2c53baf5413788f03595b72078b9 - - default default] 10.0.0.160 "DELETE /v2.0/subnetpools/21b73a4a-d91b-4d25-9eea-92883367bdf7 HTTP/1.1" status: 204 len: 168 time: 0.0918002
2026-05-10 02:05:39.222 9 INFO neutron.wsgi [None req-9d6d544b-1172-44b9-8463-3ec62bf033bd f5cd989c04c747149d181a76c0ac805e 1ed58dbfa4c34322a78e6ee691c93d9d - - default default] 10.0.0.160 "GET /v2.0/vpn/endpoint-groups HTTP/1.1" status: 200 len: 828 time: 0.0239713
2026-05-10 02:05:39.241 9 INFO neutron.wsgi [None req-ddaa43ed-6868-4ed5-aca5-038503305a51 f5cd989c04c747149d181a76c0ac805e 1ed58dbfa4c34322a78e6ee691c93d9d - - default default] 10.0.0.160 "GET /v2.0/vpn/endpoint-groups HTTP/1.1" status: 200 len: 828 time: 0.0134552
2026-05-10 02:05:39.248 10 INFO neutron.wsgi [req-c5f6643a-5bdc-4067-b954-ae16024dee4b req-e48da044-697a-4614-9039-555ede8347f4 08135a990aec41cf92b88df9c00186d7 848f65fb002d4f7f9bec149e2ec0be33 - - 908a0eee66af4cfd9cfd2a7ebc985eb7 908a0eee66af4cfd9cfd2a7ebc985eb7] 199.204.45.250 "GET /v2.0/networks/9daedc44-1cf1-4337-8126-a93e510d6fcc?fields=provider%3Aphysical_network&fields=provider%3Anetwork_type HTTP/1.1" status: 200 len: 277 time: 0.0487478
2026-05-10 02:05:39.280 9 INFO neutron.wsgi [None req-8dba38d8-bae5-47ad-9bfa-0436fa5e076a 84a021cfd6ce4d1ebf21eb3ddb616d62 7b5a2c53baf5413788f03595b72078b9 - - default default] 10.0.0.160 "DELETE /v2.0/subnetpools/1acd0c0a-603f-49ec-9c91-825f56b51ef8 HTTP/1.1" status: 204 len: 168 time: 0.0712409
2026-05-10 02:05:39.982 9 INFO neutron.wsgi [None req-a44a504d-48ae-45c3-8963-56ca82179b8c 0d564276480c42d78b28e98a7267382c 3bfbe0b238eb472aa64af84c47f9e1ff - - default default] 10.0.0.160 "POST /v2.0/vpn/ikepolicies HTTP/1.1" status: 201 len: 602 time: 0.3470614
2026-05-10 02:05:40.006 9 INFO neutron.wsgi [None req-00d860b8-0a89-4317-9ccd-929c246866a2 f5cd989c04c747149d181a76c0ac805e 1ed58dbfa4c34322a78e6ee691c93d9d - - default default] 10.0.0.160 "GET /v2.0/vpn/ikepolicies HTTP/1.1" status: 200 len: 992 time: 0.0183752
2026-05-10 02:05:40.051 9 INFO neutron.wsgi [None req-3ccd880b-b54a-4481-9481-e0fd2b4ee1d0 0d564276480c42d78b28e98a7267382c 3bfbe0b238eb472aa64af84c47f9e1ff - - default default] 10.0.0.160 "DELETE /v2.0/vpn/ikepolicies/7ed093fe-a698-48bb-a535-6b9cae7b43b4 HTTP/1.1" status: 204 len: 168 time: 0.0408821
2026-05-10 02:05:40.115 10 INFO neutron.wsgi [None req-79165cf9-2aa9-404c-841e-09ce0b38080a 0d564276480c42d78b28e98a7267382c 3bfbe0b238eb472aa64af84c47f9e1ff - - default default] 10.0.0.160 "POST /v2.0/vpn/ipsecpolicies HTTP/1.1" status: 201 len: 611 time: 0.0514634
2026-05-10 02:05:40.134 10 INFO neutron.wsgi [None req-82898ee4-6168-4c81-bb5d-17d808b2fdcc f5cd989c04c747149d181a76c0ac805e 1ed58dbfa4c34322a78e6ee691c93d9d - - default default] 10.0.0.160 "GET /v2.0/vpn/ipsecpolicies HTTP/1.1" status: 200 len: 1008 time: 0.0146117
2026-05-10 02:05:40.169 10 INFO neutron.wsgi [None req-9c6cb937-1296-45a8-aa1e-855b0ddb6e36 0d564276480c42d78b28e98a7267382c 3bfbe0b238eb472aa64af84c47f9e1ff - - default default] 10.0.0.160 "DELETE /v2.0/vpn/ipsecpolicies/692bc179-8d16-4c12-bad6-c0ee527afd4a HTTP/1.1" status: 204 len: 168 time: 0.0296893
2026-05-10 02:05:40.184 10 WARNING neutron_lib.context [None req-83cb753c-5e4a-42a6-bdce-b6ba95c1043b f5cd989c04c747149d181a76c0ac805e 1ed58dbfa4c34322a78e6ee691c93d9d - - default default] Method 'is_advsvc' is deprecated since 2023.2 release (neutron-lib 3.8.0) and will be removed once support for the old RBAC API policies will be removed from Neutron. Please use method 'is_service_role' instead.
2026-05-10 02:05:40.301 10 INFO neutron.db.segments_db [None req-83cb753c-5e4a-42a6-bdce-b6ba95c1043b f5cd989c04c747149d181a76c0ac805e 1ed58dbfa4c34322a78e6ee691c93d9d - - default default] Added segment e81e0ecc-e88f-4a83-8fa7-194ac1035856 of type geneve for network f2aee893-a668-418a-82b7-55274e37cf07
2026-05-10 02:05:40.376 9 INFO neutron.db.ovn_revision_numbers_db [None req-c62bf9d3-e245-4a84-8121-7c117691f2a9 868280d2e70c4f0ea9ff15eeaa097b35 487411658de8464f9606419cad3de3f7 - - default default] Successfully bumped revision number for resource afa599c4-2850-4550-acee-298fd219ca6b (type: security_groups) to 1
2026-05-10 02:05:40.389 9 INFO neutron.db.ovn_revision_numbers_db [None req-c62bf9d3-e245-4a84-8121-7c117691f2a9 868280d2e70c4f0ea9ff15eeaa097b35 487411658de8464f9606419cad3de3f7 - - default default] Successfully bumped revision number for resource 0c9c73c2-f85c-48df-a2e0-ad20cc4580c2 (type: security_group_rules) to 0
2026-05-10 02:05:40.412 9 INFO neutron.db.ovn_revision_numbers_db [None req-c62bf9d3-e245-4a84-8121-7c117691f2a9 868280d2e70c4f0ea9ff15eeaa097b35 487411658de8464f9606419cad3de3f7 - - default default] Successfully bumped revision number for resource 87cdaca1-0270-42ee-a160-7e9b699873fa (type: security_group_rules) to 0
2026-05-10 02:05:40.427 9 INFO neutron.db.ovn_revision_numbers_db [None req-c62bf9d3-e245-4a84-8121-7c117691f2a9 868280d2e70c4f0ea9ff15eeaa097b35 487411658de8464f9606419cad3de3f7 - - default default] Successfully bumped revision number for resource a896dce3-85ff-4425-bb89-0554e1e76d8c (type: security_group_rules) to 0
2026-05-10 02:05:40.440 9 INFO neutron.db.ovn_revision_numbers_db [None req-c62bf9d3-e245-4a84-8121-7c117691f2a9 868280d2e70c4f0ea9ff15eeaa097b35 487411658de8464f9606419cad3de3f7 - - default default] Successfully bumped revision number for resource c5b40b23-f801-4f29-8e9f-d16597966c4d (type: security_group_rules) to 0
2026-05-10 02:05:40.447 10 INFO neutron.db.ovn_revision_numbers_db [None req-83cb753c-5e4a-42a6-bdce-b6ba95c1043b f5cd989c04c747149d181a76c0ac805e 1ed58dbfa4c34322a78e6ee691c93d9d - - default default] Successfully bumped revision number for resource f2aee893-a668-418a-82b7-55274e37cf07 (type: networks) to 1
2026-05-10 02:05:40.461 9 INFO neutron.wsgi [None req-c62bf9d3-e245-4a84-8121-7c117691f2a9 868280d2e70c4f0ea9ff15eeaa097b35 487411658de8464f9606419cad3de3f7 - - default default] 10.0.0.160 "GET /v2.0/security-groups?tenant_id=d6325f66d0e744bd981dd4873e18d4c6&name=default HTTP/1.1" status: 200 len: 3124 time: 0.3547823
2026-05-10 02:05:40.698 10 WARNING neutron.scheduler.dhcp_agent_scheduler [None req-83cb753c-5e4a-42a6-bdce-b6ba95c1043b f5cd989c04c747149d181a76c0ac805e 1ed58dbfa4c34322a78e6ee691c93d9d - - default default] No more DHCP agents
2026-05-10 02:05:40.703 10 WARNING neutron.api.rpc.agentnotifiers.dhcp_rpc_agent_api [None req-83cb753c-5e4a-42a6-bdce-b6ba95c1043b f5cd989c04c747149d181a76c0ac805e 1ed58dbfa4c34322a78e6ee691c93d9d - - default default] Unable to schedule network f2aee893-a668-418a-82b7-55274e37cf07: no agents available; will retry on subsequent port and subnet creation events.
2026-05-10 02:05:40.791 10 INFO neutron.wsgi [None req-3d142894-d063-4a62-9ad6-657fdb594e4d 868280d2e70c4f0ea9ff15eeaa097b35 487411658de8464f9606419cad3de3f7 - - default default] 10.0.0.160 "DELETE /v2.0/security-groups/afa599c4-2850-4550-acee-298fd219ca6b HTTP/1.1" status: 204 len: 168 time: 0.3252842
2026-05-10 02:05:40.792 10 INFO neutron.db.ovn_revision_numbers_db [None req-83cb753c-5e4a-42a6-bdce-b6ba95c1043b f5cd989c04c747149d181a76c0ac805e 1ed58dbfa4c34322a78e6ee691c93d9d - - default default] Successfully bumped revision number for resource 0d51583c-7a13-4b0d-a237-6635fb2a2ae5 (type: ports) to 1
2026-05-10 02:05:40.814 10 INFO neutron.wsgi [None req-83cb753c-5e4a-42a6-bdce-b6ba95c1043b f5cd989c04c747149d181a76c0ac805e 1ed58dbfa4c34322a78e6ee691c93d9d - - default default] 10.0.0.160 "POST /v2.0/networks HTTP/1.1" status: 201 len: 830 time: 0.6350522
2026-05-10 02:05:40.824 10 WARNING neutron_lib.context [None req-aaa06489-30e9-433d-941b-1169d72da8d9 f5cd989c04c747149d181a76c0ac805e 1ed58dbfa4c34322a78e6ee691c93d9d - - default default] Method 'is_advsvc' is deprecated since 2023.2 release (neutron-lib 3.8.0) and will be removed once support for the old RBAC API policies will be removed from Neutron. Please use method 'is_service_role' instead.
2026-05-10 02:05:41.038 10 WARNING neutron.plugins.ml2.drivers.ovn.mech_driver.ovsdb.ovn_client [None req-03cd97d3-af92-482b-a084-515d42e34b97 - - - - - -] No hosting information found for port fcb042aa-3988-443c-8909-cf10ea4ad838: RuntimeError: No hosting information found for port fcb042aa-3988-443c-8909-cf10ea4ad838
2026-05-10 02:05:41.156 10 WARNING neutron.scheduler.dhcp_agent_scheduler [None req-aaa06489-30e9-433d-941b-1169d72da8d9 f5cd989c04c747149d181a76c0ac805e 1ed58dbfa4c34322a78e6ee691c93d9d - - default default] No more DHCP agents
2026-05-10 02:05:41.159 10 WARNING neutron.api.rpc.agentnotifiers.dhcp_rpc_agent_api [None req-aaa06489-30e9-433d-941b-1169d72da8d9 f5cd989c04c747149d181a76c0ac805e 1ed58dbfa4c34322a78e6ee691c93d9d - - default default] Unable to schedule network f2aee893-a668-418a-82b7-55274e37cf07: no agents available; will retry on subsequent port and subnet creation events.
2026-05-10 02:05:41.177 10 INFO neutron.db.ovn_revision_numbers_db [None req-e017ffdc-4063-40d1-bf77-30f33b290411 868280d2e70c4f0ea9ff15eeaa097b35 487411658de8464f9606419cad3de3f7 - - default default] Successfully bumped revision number for resource aba2aad0-eb19-4e57-8e19-ad1dc188fc6e (type: security_groups) to 1
2026-05-10 02:05:41.199 10 INFO neutron.db.ovn_revision_numbers_db [None req-e017ffdc-4063-40d1-bf77-30f33b290411 868280d2e70c4f0ea9ff15eeaa097b35 487411658de8464f9606419cad3de3f7 - - default default] Successfully bumped revision number for resource 0c9012f6-fec0-4956-9dcb-6ae4a44e5108 (type: security_group_rules) to 0
2026-05-10 02:05:41.218 10 INFO neutron.db.ovn_revision_numbers_db [None req-e017ffdc-4063-40d1-bf77-30f33b290411 868280d2e70c4f0ea9ff15eeaa097b35 487411658de8464f9606419cad3de3f7 - - default default] Successfully bumped revision number for resource 2f536914-3f5c-41f1-a48c-9ce439651217 (type: security_group_rules) to 0
2026-05-10 02:05:41.236 10 INFO neutron.db.ovn_revision_numbers_db [None req-e017ffdc-4063-40d1-bf77-30f33b290411 868280d2e70c4f0ea9ff15eeaa097b35 487411658de8464f9606419cad3de3f7 - - default default] Successfully bumped revision number for resource cf45c23d-440c-42eb-b351-dc24ea315643 (type: security_group_rules) to 0
2026-05-10 02:05:41.255 10 INFO neutron.db.ovn_revision_numbers_db [None req-e017ffdc-4063-40d1-bf77-30f33b290411 868280d2e70c4f0ea9ff15eeaa097b35 487411658de8464f9606419cad3de3f7 - - default default] Successfully bumped revision number for resource dc1d3186-628e-4777-811c-f449f470d0fb (type: security_group_rules) to 0
2026-05-10 02:05:41.289 10 INFO neutron.wsgi [None req-e017ffdc-4063-40d1-bf77-30f33b290411 868280d2e70c4f0ea9ff15eeaa097b35 487411658de8464f9606419cad3de3f7 - - default default] 10.0.0.160 "GET /v2.0/security-groups?tenant_id=7b5a2c53baf5413788f03595b72078b9&name=default HTTP/1.1" status: 200 len: 3124 time: 0.3534811
2026-05-10 02:05:41.548 9 INFO neutron.wsgi [None req-09526289-5f17-45d5-98c6-5a09a6a7e92a 868280d2e70c4f0ea9ff15eeaa097b35 487411658de8464f9606419cad3de3f7 - - default default] 10.0.0.160 "DELETE /v2.0/security-groups/aba2aad0-eb19-4e57-8e19-ad1dc188fc6e HTTP/1.1" status: 204 len: 168 time: 0.2539473
2026-05-10 02:05:41.679 10 INFO neutron.db.ovn_revision_numbers_db [None req-aaa06489-30e9-433d-941b-1169d72da8d9 f5cd989c04c747149d181a76c0ac805e 1ed58dbfa4c34322a78e6ee691c93d9d - - default default] Successfully bumped revision number for resource 0d51583c-7a13-4b0d-a237-6635fb2a2ae5 (type: ports) to 2
2026-05-10 02:05:41.704 10 INFO neutron.db.ovn_revision_numbers_db [None req-aaa06489-30e9-433d-941b-1169d72da8d9 f5cd989c04c747149d181a76c0ac805e 1ed58dbfa4c34322a78e6ee691c93d9d - - default default] Successfully bumped revision number for resource 7cb45e90-73d1-49a5-80c8-b984a0a25a32 (type: subnets) to 0
2026-05-10 02:05:41.718 10 INFO neutron.wsgi [None req-aaa06489-30e9-433d-941b-1169d72da8d9 f5cd989c04c747149d181a76c0ac805e 1ed58dbfa4c34322a78e6ee691c93d9d - - default default] 10.0.0.160 "POST /v2.0/subnets HTTP/1.1" status: 201 len: 804 time: 0.8978925
2026-05-10 02:05:41.729 9 WARNING neutron_lib.context [None req-3039f8fa-ee32-4b98-9c04-5e3812f5bfd6 f5cd989c04c747149d181a76c0ac805e 1ed58dbfa4c34322a78e6ee691c93d9d - - default default] Method 'is_advsvc' is deprecated since 2023.2 release (neutron-lib 3.8.0) and will be removed once support for the old RBAC API policies will be removed from Neutron. Please use method 'is_service_role' instead.
2026-05-10 02:05:42.165 9 INFO neutron.db.ovn_revision_numbers_db [None req-36d3c7ed-fc09-47e3-89ad-568909118360 868280d2e70c4f0ea9ff15eeaa097b35 487411658de8464f9606419cad3de3f7 - - default default] Successfully bumped revision number for resource 501a742b-5f62-42ac-8adf-35d8b9401a02 (type: security_groups) to 1
2026-05-10 02:05:42.191 9 INFO neutron.db.ovn_revision_numbers_db [None req-36d3c7ed-fc09-47e3-89ad-568909118360 868280d2e70c4f0ea9ff15eeaa097b35 487411658de8464f9606419cad3de3f7 - - default default] Successfully bumped revision number for resource 4dce0410-fd38-447d-bebf-7732a6a1487d (type: security_group_rules) to 0
2026-05-10 02:05:42.215 9 INFO neutron.db.ovn_revision_numbers_db [None req-36d3c7ed-fc09-47e3-89ad-568909118360 868280d2e70c4f0ea9ff15eeaa097b35 487411658de8464f9606419cad3de3f7 - - default default] Successfully bumped revision number for resource b8d11ab4-df33-4b4e-a190-3e49c899c336 (type: security_group_rules) to 0
2026-05-10 02:05:42.242 9 INFO neutron.db.ovn_revision_numbers_db [None req-36d3c7ed-fc09-47e3-89ad-568909118360 868280d2e70c4f0ea9ff15eeaa097b35 487411658de8464f9606419cad3de3f7 - - default default] Successfully bumped revision number for resource b8f416d7-0e03-4228-98a9-0b9b6479217c (type: security_group_rules) to 0
2026-05-10 02:05:42.266 9 INFO neutron.db.ovn_revision_numbers_db [None req-36d3c7ed-fc09-47e3-89ad-568909118360 868280d2e70c4f0ea9ff15eeaa097b35 487411658de8464f9606419cad3de3f7 - - default default] Successfully bumped revision number for resource ee9b8aa6-bed8-4043-9cbe-ca130ddb2639 (type: security_group_rules) to 0
2026-05-10 02:05:42.299 9 INFO neutron.wsgi [None req-36d3c7ed-fc09-47e3-89ad-568909118360 868280d2e70c4f0ea9ff15eeaa097b35 487411658de8464f9606419cad3de3f7 - - default default] 10.0.0.160 "GET /v2.0/security-groups?tenant_id=692b66fccd4e4120b14da0611319aaf8&name=default HTTP/1.1" status: 200 len: 3124 time: 0.5901349 /var/lib/openstack/lib/python3.10/site-packages/pycadf/identifier.py:71: UserWarning: Invalid uuid: neutron. To ensure interoperability, identifiers should be a valid uuid. warnings.warn(('Invalid uuid: %s. To ensure interoperability, '
2026-05-10 02:05:42.505 10 INFO neutron.wsgi [None req-3f719aa6-e8c5-40f0-bcee-0b9b8b4d5a51 868280d2e70c4f0ea9ff15eeaa097b35 487411658de8464f9606419cad3de3f7 - - default default] 10.0.0.160 "DELETE /v2.0/security-groups/501a742b-5f62-42ac-8adf-35d8b9401a02 HTTP/1.1" status: 204 len: 168 time: 0.1995983
2026-05-10 02:05:42.543 9 WARNING neutron.scheduler.dhcp_agent_scheduler [None req-3039f8fa-ee32-4b98-9c04-5e3812f5bfd6 f5cd989c04c747149d181a76c0ac805e 1ed58dbfa4c34322a78e6ee691c93d9d - - default default] No more DHCP agents
2026-05-10 02:05:42.546 9 WARNING neutron.api.rpc.agentnotifiers.dhcp_rpc_agent_api [None req-3039f8fa-ee32-4b98-9c04-5e3812f5bfd6 f5cd989c04c747149d181a76c0ac805e 1ed58dbfa4c34322a78e6ee691c93d9d - - default default] Unable to schedule network b246701a-2479-4ffc-8add-3b81c9f5633e: no agents available; will retry on subsequent port and subnet creation events.
2026-05-10 02:05:42.746 9 INFO neutron.db.ovn_revision_numbers_db [None req-3039f8fa-ee32-4b98-9c04-5e3812f5bfd6 f5cd989c04c747149d181a76c0ac805e 1ed58dbfa4c34322a78e6ee691c93d9d - - default default] Successfully bumped revision number for resource 241a63a2-6906-46fb-945f-9719ebbbc597 (type: ports) to 1
2026-05-10 02:05:42.866 9 INFO neutron.plugins.ml2.drivers.ovn.mech_driver.mech_driver [None req-19072341-a9ee-4646-9c5a-7059975f3612 - - - - - -] OVN reports status up for port: 24f9568b-fbee-4952-a57c-fd14c07da6b0
2026-05-10 02:05:42.878 9 INFO neutron.plugins.ml2.plugin [None req-19072341-a9ee-4646-9c5a-7059975f3612 - - - - - -] Attempt 1 to provision port 24f9568b-fbee-4952-a57c-fd14c07da6b0
2026-05-10 02:05:43.289 9 INFO neutron.db.ovn_revision_numbers_db [None req-19072341-a9ee-4646-9c5a-7059975f3612 - - - - - -] Successfully bumped revision number for resource 24f9568b-fbee-4952-a57c-fd14c07da6b0 (type: ports) to 3
2026-05-10 02:05:43.332 9 WARNING neutron_lib.context [None req-18e0b384-20c5-4816-8268-92b445505163 ea6a1c61cd7c42dbb44a068ec325dea7 89903f2aa4ad4951888d9e620973f4d0 - - default default] Method 'is_advsvc' is deprecated since 2023.2 release (neutron-lib 3.8.0) and will be removed once support for the old RBAC API policies will be removed from Neutron. Please use method 'is_service_role' instead.
2026-05-10 02:05:43.463 9 INFO neutron.plugins.ml2.drivers.ovn.mech_driver.mech_driver [None req-19072341-a9ee-4646-9c5a-7059975f3612 - - - - - -] OVN reports status up for port: a0b1c710-0ad4-4c16-9441-31258d0b2485
2026-05-10 02:05:43.487 9 INFO neutron.plugins.ml2.plugin [None req-19072341-a9ee-4646-9c5a-7059975f3612 - - - - - -] Attempt 1 to provision port a0b1c710-0ad4-4c16-9441-31258d0b2485
2026-05-10 02:05:43.606 9 INFO neutron.db.ovn_revision_numbers_db [None req-18e0b384-20c5-4816-8268-92b445505163 ea6a1c61cd7c42dbb44a068ec325dea7 89903f2aa4ad4951888d9e620973f4d0 - - default default] Successfully bumped revision number for resource 0a4e7fa3-5a35-4d91-bffe-43c04c2fe077 (type: security_groups) to 1
2026-05-10 02:05:43.630 9 INFO neutron.db.ovn_revision_numbers_db [None req-18e0b384-20c5-4816-8268-92b445505163 ea6a1c61cd7c42dbb44a068ec325dea7 89903f2aa4ad4951888d9e620973f4d0 - - default default] Successfully bumped revision number for resource 22291ab4-0d45-4cfc-8057-7e4736598eed (type: security_group_rules) to 0
2026-05-10 02:05:43.663 9 INFO neutron.db.ovn_revision_numbers_db [None req-18e0b384-20c5-4816-8268-92b445505163 ea6a1c61cd7c42dbb44a068ec325dea7 89903f2aa4ad4951888d9e620973f4d0 - - default default] Successfully bumped revision number for resource 68e99542-fb6c-4e92-b1ee-6ee3d475cc68 (type: security_group_rules) to 0
2026-05-10 02:05:43.694 9 INFO neutron.db.ovn_revision_numbers_db [None req-18e0b384-20c5-4816-8268-92b445505163 ea6a1c61cd7c42dbb44a068ec325dea7 89903f2aa4ad4951888d9e620973f4d0 - - default default] Successfully bumped revision number for resource 7bb1a9b5-2008-4e2b-9eb7-20528a6356ae (type: security_group_rules) to 0
