2026-05-10 02:03:43.434 9 INFO neutron.wsgi [None req-438c1309-4648-4e5e-b5cc-babab4d76350 fff2e1c14d7e40c481920dce29819ab8 e2d58855d9ed4c0bb920e686a7020501 - - default default] 10.0.0.160 "POST /v2.0/subnets HTTP/1.1" status: 201 len: 821 time: 0.4167356
2026-05-10 02:03:43.447 9 WARNING neutron_lib.context [None req-2a2c6c8f-3cea-44b3-bfa6-cfcb635e0a43 fff2e1c14d7e40c481920dce29819ab8 e2d58855d9ed4c0bb920e686a7020501 - - default default] Method 'is_advsvc' is deprecated since 2023.2 release (neutron-lib 3.8.0) and will be removed once support for the old RBAC API policies will be removed from Neutron. Please use method 'is_service_role' instead.
2026-05-10 02:03:43.492 10 INFO neutron.wsgi [None req-9489f949-dfbd-400c-82dc-e836f9d533cf 707616395c9240c0a38e7c87e767f4e2 84c05a93c2e14707b07b4e1cf7d3b985 - - default default] 10.0.0.160 "GET /v2.0/subnets?network_id=b246701a-2479-4ffc-8add-3b81c9f5633e HTTP/1.1" status: 200 len: 838 time: 0.0712905
2026-05-10 02:03:43.981 9 INFO neutron.db.ovn_revision_numbers_db [None req-19072341-a9ee-4646-9c5a-7059975f3612 - - - - - -] Successfully bumped revision number for resource 72662fdc-19b4-442d-8276-5b171a05fc8c (type: ports) to 3
2026-05-10 02:03:44.013 10 INFO neutron.db.ovn_revision_numbers_db [None req-373b1994-d49c-4f2e-822f-05dbb9bc310a 868280d2e70c4f0ea9ff15eeaa097b35 487411658de8464f9606419cad3de3f7 - - default default] Successfully bumped revision number for resource fd90dd93-2d3a-49e6-9c2c-706eb1c55326 (type: ports) to 2
2026-05-10 02:03:44.015 10 ERROR ovsdbapp.backend.ovs_idl.command [None req-d4759586-b836-4c63-a63a-0f4248f65f52 2eadc069badd4dd59c05b69be73da9df 95d9032d0a0f43a1a94621873e1e6122 - - default default] Error executing command (DbGetCommand): ovsdbapp.backend.ovs_idl.idlutils.RowNotFound: Cannot find Logical_Router_Port with name=lrp-72662fdc-19b4-442d-8276-5b171a05fc8c
2026-05-10 02:03:44.015 10 ERROR ovsdbapp.backend.ovs_idl.command
Traceback (most recent call last):
2026-05-10 02:03:44.015 10 ERROR ovsdbapp.backend.ovs_idl.command
File "/var/lib/openstack/lib/python3.10/site-packages/ovsdbapp/backend/ovs_idl/command.py", line 47, in execute
2026-05-10 02:03:44.015 10 ERROR ovsdbapp.backend.ovs_idl.command self.run_idl(None)
2026-05-10 02:03:44.015 10 ERROR ovsdbapp.backend.ovs_idl.command
File "/var/lib/openstack/lib/python3.10/site-packages/ovsdbapp/backend/ovs_idl/command.py", line 235, in run_idl
2026-05-10 02:03:44.015 10 ERROR ovsdbapp.backend.ovs_idl.command record = self.api.lookup(self.table, self.record)
2026-05-10 02:03:44.015 10 ERROR ovsdbapp.backend.ovs_idl.command
File "/var/lib/openstack/lib/python3.10/site-packages/ovsdbapp/backend/ovs_idl/__init__.py", line 184, in lookup
2026-05-10 02:03:44.015 10 ERROR ovsdbapp.backend.ovs_idl.command return self._lookup(table, record)
2026-05-10 02:03:44.015 10 ERROR ovsdbapp.backend.ovs_idl.command
File "/var/lib/openstack/lib/python3.10/site-packages/ovsdbapp/backend/ovs_idl/__init__.py", line 235, in _lookup
2026-05-10 02:03:44.015 10 ERROR ovsdbapp.backend.ovs_idl.command row = idlutils.row_by_value(self, rl.table, rl.column, record)
2026-05-10 02:03:44.015 10 ERROR ovsdbapp.backend.ovs_idl.command
File "/var/lib/openstack/lib/python3.10/site-packages/ovsdbapp/backend/ovs_idl/idlutils.py", line 114, in row_by_value
2026-05-10 02:03:44.015 10 ERROR ovsdbapp.backend.ovs_idl.command raise RowNotFound(table=table, col=column, match=match)
2026-05-10 02:03:44.015 10 ERROR ovsdbapp.backend.ovs_idl.command ovsdbapp.backend.ovs_idl.idlutils.RowNotFound: Cannot find Logical_Router_Port with name=lrp-72662fdc-19b4-442d-8276-5b171a05fc8c
2026-05-10 02:03:44.015 10 ERROR ovsdbapp.backend.ovs_idl.command 
2026-05-10 02:03:44.015 10 ERROR neutron_lib.callbacks.manager [None req-d4759586-b836-4c63-a63a-0f4248f65f52 2eadc069badd4dd59c05b69be73da9df 95d9032d0a0f43a1a94621873e1e6122 - - default default] Error during notification for neutron.services.ovn_l3.plugin.OVNL3RouterPlugin._port_update-8745738097391 port, after_update: ovsdbapp.backend.ovs_idl.idlutils.RowNotFound: Cannot find Logical_Router_Port with name=lrp-72662fdc-19b4-442d-8276-5b171a05fc8c
2026-05-10 02:03:44.015 10 ERROR neutron_lib.callbacks.manager
Traceback (most recent call last):
2026-05-10 02:03:44.015 10 ERROR neutron_lib.callbacks.manager
File "/var/lib/openstack/lib/python3.10/site-packages/neutron_lib/callbacks/manager.py", line 189, in _notify_loop
2026-05-10 02:03:44.015 10 ERROR neutron_lib.callbacks.manager callback.method(resource, event, trigger, payload=payload)
2026-05-10 02:03:44.015 10 ERROR neutron_lib.callbacks.manager
File "/var/lib/openstack/lib/python3.10/site-packages/neutron/services/ovn_l3/plugin.py", line 391, in _port_update
2026-05-10 02:03:44.015 10 ERROR neutron_lib.callbacks.manager l3plugin._ovn_client.update_router_port(context,
2026-05-10 02:03:44.015 10 ERROR neutron_lib.callbacks.manager
File "/var/lib/openstack/lib/python3.10/site-packages/neutron/plugins/ml2/drivers/ovn/mech_driver/ovsdb/ovn_client.py", line 1878, in update_router_port
2026-05-10 02:03:44.015 10 ERROR neutron_lib.callbacks.manager self._update_lrouter_port(context, port, if_exists=if_exists,
2026-05-10 02:03:44.015 10 ERROR neutron_lib.callbacks.manager
File "/var/lib/openstack/lib/python3.10/site-packages/neutron/plugins/ml2/drivers/ovn/mech_driver/ovsdb/ovn_client.py", line 1855, in _update_lrouter_port
2026-05-10 02:03:44.015 10 ERROR neutron_lib.callbacks.manager external_ids = self._nb_idl.db_get(
2026-05-10 02:03:44.015 10 ERROR neutron_lib.callbacks.manager
File "/var/lib/openstack/lib/python3.10/site-packages/ovsdbapp/backend/ovs_idl/command.py", line 47, in execute
2026-05-10 02:03:44.015 10 ERROR neutron_lib.callbacks.manager self.run_idl(None)
2026-05-10 02:03:44.015 10 ERROR neutron_lib.callbacks.manager
File "/var/lib/openstack/lib/python3.10/site-packages/ovsdbapp/backend/ovs_idl/command.py", line 235, in run_idl
2026-05-10 02:03:44.015 10 ERROR neutron_lib.callbacks.manager record = self.api.lookup(self.table, self.record)
2026-05-10 02:03:44.015 10 ERROR neutron_lib.callbacks.manager
File "/var/lib/openstack/lib/python3.10/site-packages/ovsdbapp/backend/ovs_idl/__init__.py", line 184, in lookup
2026-05-10 02:03:44.015 10 ERROR neutron_lib.callbacks.manager return self._lookup(table, record)
2026-05-10 02:03:44.015 10 ERROR neutron_lib.callbacks.manager
File "/var/lib/openstack/lib/python3.10/site-packages/ovsdbapp/backend/ovs_idl/__init__.py", line 235, in _lookup
2026-05-10 02:03:44.015 10 ERROR neutron_lib.callbacks.manager row = idlutils.row_by_value(self, rl.table, rl.column, record)
2026-05-10 02:03:44.015 10 ERROR neutron_lib.callbacks.manager
File "/var/lib/openstack/lib/python3.10/site-packages/ovsdbapp/backend/ovs_idl/idlutils.py", line 114, in row_by_value
2026-05-10 02:03:44.015 10 ERROR neutron_lib.callbacks.manager raise RowNotFound(table=table, col=column, match=match)
2026-05-10 02:03:44.015 10 ERROR neutron_lib.callbacks.manager ovsdbapp.backend.ovs_idl.idlutils.RowNotFound: Cannot find Logical_Router_Port with name=lrp-72662fdc-19b4-442d-8276-5b171a05fc8c
2026-05-10 02:03:44.015 10 ERROR neutron_lib.callbacks.manager 
2026-05-10 02:03:44.062 10 INFO neutron.db.ovn_revision_numbers_db [None req-373b1994-d49c-4f2e-822f-05dbb9bc310a 868280d2e70c4f0ea9ff15eeaa097b35 487411658de8464f9606419cad3de3f7 - - default default] Successfully bumped revision number for resource 0960f167-807a-4e5d-a5bc-666e4a00bde5 (type: subnets) to 0
2026-05-10 02:03:44.083 10 INFO neutron.wsgi [None req-373b1994-d49c-4f2e-822f-05dbb9bc310a 868280d2e70c4f0ea9ff15eeaa097b35 487411658de8464f9606419cad3de3f7 - - default default] 10.0.0.160 "POST /v2.0/subnets HTTP/1.1" status: 201 len: 863 time: 1.2939365
2026-05-10 02:03:44.083 9 INFO neutron.db.ovn_revision_numbers_db [None req-dfeeee6c-94cd-49f7-9d4d-46cf57886184 348f32ae17fb4c2baedfea2209d2e94e 04ba2da5ad544abd9ada4c5333134e34 - - default default] Successfully bumped revision number for resource ab044b15-6846-46f0-9a73-1257f125d12a (type: floatingips) to 2 /var/lib/openstack/lib/python3.10/site-packages/pycadf/identifier.py:71: UserWarning: Invalid uuid: neutron. To ensure interoperability, identifiers should be a valid uuid. warnings.warn(('Invalid uuid: %s. To ensure interoperability, '
2026-05-10 02:03:44.156 9 ERROR ovsdbapp.backend.ovs_idl.command [None req-19072341-a9ee-4646-9c5a-7059975f3612 - - - - - -] Error executing command (DbGetCommand): ovsdbapp.backend.ovs_idl.idlutils.RowNotFound: Cannot find Logical_Router_Port with name=lrp-72662fdc-19b4-442d-8276-5b171a05fc8c
2026-05-10 02:03:44.156 9 ERROR ovsdbapp.backend.ovs_idl.command
Traceback (most recent call last):
2026-05-10 02:03:44.156 9 ERROR ovsdbapp.backend.ovs_idl.command
File "/var/lib/openstack/lib/python3.10/site-packages/ovsdbapp/backend/ovs_idl/command.py", line 47, in execute
2026-05-10 02:03:44.156 9 ERROR ovsdbapp.backend.ovs_idl.command self.run_idl(None)
2026-05-10 02:03:44.156 9 ERROR ovsdbapp.backend.ovs_idl.command
File "/var/lib/openstack/lib/python3.10/site-packages/ovsdbapp/backend/ovs_idl/command.py", line 235, in run_idl
2026-05-10 02:03:44.156 9 ERROR ovsdbapp.backend.ovs_idl.command record = self.api.lookup(self.table, self.record)
2026-05-10 02:03:44.156 9 ERROR ovsdbapp.backend.ovs_idl.command
File "/var/lib/openstack/lib/python3.10/site-packages/ovsdbapp/backend/ovs_idl/__init__.py", line 184, in lookup
2026-05-10 02:03:44.156 9 ERROR ovsdbapp.backend.ovs_idl.command return self._lookup(table, record)
2026-05-10 02:03:44.156 9 ERROR ovsdbapp.backend.ovs_idl.command
File "/var/lib/openstack/lib/python3.10/site-packages/ovsdbapp/backend/ovs_idl/__init__.py", line 235, in _lookup
2026-05-10 02:03:44.156 9 ERROR ovsdbapp.backend.ovs_idl.command row = idlutils.row_by_value(self, rl.table, rl.column, record)
2026-05-10 02:03:44.156 9 ERROR ovsdbapp.backend.ovs_idl.command
File "/var/lib/openstack/lib/python3.10/site-packages/ovsdbapp/backend/ovs_idl/idlutils.py", line 114, in row_by_value
2026-05-10 02:03:44.156 9 ERROR ovsdbapp.backend.ovs_idl.command raise RowNotFound(table=table, col=column, match=match)
2026-05-10 02:03:44.156 9 ERROR ovsdbapp.backend.ovs_idl.command ovsdbapp.backend.ovs_idl.idlutils.RowNotFound: Cannot find Logical_Router_Port with name=lrp-72662fdc-19b4-442d-8276-5b171a05fc8c
2026-05-10 02:03:44.156 9 ERROR ovsdbapp.backend.ovs_idl.command 
2026-05-10 02:03:44.157 9 ERROR neutron_lib.callbacks.manager [None req-19072341-a9ee-4646-9c5a-7059975f3612 - - - - - -] Error during notification for neutron.services.ovn_l3.plugin.OVNL3RouterPlugin._port_update-8745738097391 port, after_update: ovsdbapp.backend.ovs_idl.idlutils.RowNotFound: Cannot find Logical_Router_Port with name=lrp-72662fdc-19b4-442d-8276-5b171a05fc8c
2026-05-10 02:03:44.157 9 ERROR neutron_lib.callbacks.manager
Traceback (most recent call last):
2026-05-10 02:03:44.157 9 ERROR neutron_lib.callbacks.manager
File "/var/lib/openstack/lib/python3.10/site-packages/neutron_lib/callbacks/manager.py", line 189, in _notify_loop
2026-05-10 02:03:44.157 9 ERROR neutron_lib.callbacks.manager callback.method(resource, event, trigger, payload=payload)
2026-05-10 02:03:44.157 9 ERROR neutron_lib.callbacks.manager
File "/var/lib/openstack/lib/python3.10/site-packages/neutron/services/ovn_l3/plugin.py", line 391, in _port_update
2026-05-10 02:03:44.157 9 ERROR neutron_lib.callbacks.manager l3plugin._ovn_client.update_router_port(context,
2026-05-10 02:03:44.157 9 ERROR neutron_lib.callbacks.manager
File "/var/lib/openstack/lib/python3.10/site-packages/neutron/plugins/ml2/drivers/ovn/mech_driver/ovsdb/ovn_client.py", line 1878, in update_router_port
2026-05-10 02:03:44.157 9 ERROR neutron_lib.callbacks.manager self._update_lrouter_port(context, port, if_exists=if_exists,
2026-05-10 02:03:44.157 9 ERROR neutron_lib.callbacks.manager
File "/var/lib/openstack/lib/python3.10/site-packages/neutron/plugins/ml2/drivers/ovn/mech_driver/ovsdb/ovn_client.py", line 1855, in _update_lrouter_port
2026-05-10 02:03:44.157 9 ERROR neutron_lib.callbacks.manager external_ids = self._nb_idl.db_get(
2026-05-10 02:03:44.157 9 ERROR neutron_lib.callbacks.manager
File "/var/lib/openstack/lib/python3.10/site-packages/ovsdbapp/backend/ovs_idl/command.py", line 47, in execute
2026-05-10 02:03:44.157 9 ERROR neutron_lib.callbacks.manager self.run_idl(None)
2026-05-10 02:03:44.157 9 ERROR neutron_lib.callbacks.manager
File "/var/lib/openstack/lib/python3.10/site-packages/ovsdbapp/backend/ovs_idl/command.py", line 235, in run_idl
2026-05-10 02:03:44.157 9 ERROR neutron_lib.callbacks.manager record = self.api.lookup(self.table, self.record)
2026-05-10 02:03:44.157 9 ERROR neutron_lib.callbacks.manager
File "/var/lib/openstack/lib/python3.10/site-packages/ovsdbapp/backend/ovs_idl/__init__.py", line 184, in lookup
2026-05-10 02:03:44.157 9 ERROR neutron_lib.callbacks.manager return self._lookup(table, record)
2026-05-10 02:03:44.157 9 ERROR neutron_lib.callbacks.manager
File "/var/lib/openstack/lib/python3.10/site-packages/ovsdbapp/backend/ovs_idl/__init__.py", line 235, in _lookup
2026-05-10 02:03:44.157 9 ERROR neutron_lib.callbacks.manager row = idlutils.row_by_value(self, rl.table, rl.column, record)
2026-05-10 02:03:44.157 9 ERROR neutron_lib.callbacks.manager
File "/var/lib/openstack/lib/python3.10/site-packages/ovsdbapp/backend/ovs_idl/idlutils.py", line 114, in row_by_value
2026-05-10 02:03:44.157 9 ERROR neutron_lib.callbacks.manager raise RowNotFound(table=table, col=column, match=match)
2026-05-10 02:03:44.157 9 ERROR neutron_lib.callbacks.manager ovsdbapp.backend.ovs_idl.idlutils.RowNotFound: Cannot find Logical_Router_Port with name=lrp-72662fdc-19b4-442d-8276-5b171a05fc8c
2026-05-10 02:03:44.157 9 ERROR neutron_lib.callbacks.manager 
2026-05-10 02:03:44.188 9 INFO neutron.db.l3_db [None req-dfeeee6c-94cd-49f7-9d4d-46cf57886184 348f32ae17fb4c2baedfea2209d2e94e 04ba2da5ad544abd9ada4c5333134e34 - - default default] Floating IP ab044b15-6846-46f0-9a73-1257f125d12a disassociated. External IP: 10.96.250.207, port: aaa399d6-8c69-4f2a-81b0-4391a6247f09.
2026-05-10 02:03:44.221 10 INFO neutron.db.ovn_revision_numbers_db [None req-d4759586-b836-4c63-a63a-0f4248f65f52 2eadc069badd4dd59c05b69be73da9df 95d9032d0a0f43a1a94621873e1e6122 - - default default] Successfully bumped revision number for resource 72662fdc-19b4-442d-8276-5b171a05fc8c (type: ports) to 3
2026-05-10 02:03:44.227 9 INFO neutron.wsgi [None req-dfeeee6c-94cd-49f7-9d4d-46cf57886184 348f32ae17fb4c2baedfea2209d2e94e 04ba2da5ad544abd9ada4c5333134e34 - - default default] 10.0.0.160 "PUT /v2.0/floatingips/ab044b15-6846-46f0-9a73-1257f125d12a HTTP/1.1" status: 200 len: 748 time: 0.5202584 /var/lib/openstack/lib/python3.10/site-packages/pycadf/identifier.py:71: UserWarning: Invalid uuid: neutron. To ensure interoperability, identifiers should be a valid uuid. warnings.warn(('Invalid uuid: %s. To ensure interoperability, '
2026-05-10 02:03:44.266 9 INFO neutron.wsgi [None req-0c7705df-8756-45bd-8109-2e3afc93fd3b 348f32ae17fb4c2baedfea2209d2e94e 04ba2da5ad544abd9ada4c5333134e34 - - default default] 10.0.0.160 "GET /v2.0/floatingips/ab044b15-6846-46f0-9a73-1257f125d12a HTTP/1.1" status: 200 len: 746 time: 0.0336316
2026-05-10 02:03:44.269 9 INFO neutron.notifiers.nova [-] Nova event matching ['req-b0da34a8-6f85-4dd7-9fb8-8ad7d7547909'] response: {'name': 'network-changed', 'server_uuid': '9b88a9e1-9e34-467e-bf55-de37ee3350e1', 'tag': 'aaa399d6-8c69-4f2a-81b0-4391a6247f09', 'status': 'completed', 'code': 200} /var/lib/openstack/lib/python3.10/site-packages/pycadf/identifier.py:71: UserWarning: Invalid uuid: neutron. To ensure interoperability, identifiers should be a valid uuid. warnings.warn(('Invalid uuid: %s. To ensure interoperability, '
2026-05-10 02:03:44.316 9 WARNING neutron.scheduler.dhcp_agent_scheduler [None req-2a2c6c8f-3cea-44b3-bfa6-cfcb635e0a43 fff2e1c14d7e40c481920dce29819ab8 e2d58855d9ed4c0bb920e686a7020501 - - default default] No more DHCP agents
2026-05-10 02:03:44.320 9 WARNING neutron.api.rpc.agentnotifiers.dhcp_rpc_agent_api [None req-2a2c6c8f-3cea-44b3-bfa6-cfcb635e0a43 fff2e1c14d7e40c481920dce29819ab8 e2d58855d9ed4c0bb920e686a7020501 - - default default] Unable to schedule network e0269d08-4ea1-491e-a78b-cd9f28dbc6fc: no agents available; will retry on subsequent port and subnet creation events.
2026-05-10 02:03:44.333 10 WARNING neutron.scheduler.dhcp_agent_scheduler [None req-d4759586-b836-4c63-a63a-0f4248f65f52 2eadc069badd4dd59c05b69be73da9df 95d9032d0a0f43a1a94621873e1e6122 - - default default] No more DHCP agents
2026-05-10 02:03:44.335 10 WARNING neutron.api.rpc.agentnotifiers.dhcp_rpc_agent_api [None req-d4759586-b836-4c63-a63a-0f4248f65f52 2eadc069badd4dd59c05b69be73da9df 95d9032d0a0f43a1a94621873e1e6122 - - default default] Unable to schedule network e874dd79-c54b-4a74-b96b-41a37dd5114c: no agents available; will retry on subsequent port and subnet creation events.
2026-05-10 02:03:44.344 9 INFO neutron.wsgi [req-0dc1b01d-b320-438b-a9e0-20d5a942d3e1 req-56143c36-9201-499b-90ca-788ee2c3795c 08135a990aec41cf92b88df9c00186d7 848f65fb002d4f7f9bec149e2ec0be33 - - 908a0eee66af4cfd9cfd2a7ebc985eb7 908a0eee66af4cfd9cfd2a7ebc985eb7] 199.204.45.250 "GET /v2.0/ports?tenant_id=04ba2da5ad544abd9ada4c5333134e34&device_id=9b88a9e1-9e34-467e-bf55-de37ee3350e1 HTTP/1.1" status: 200 len: 1409 time: 0.0483422 /var/lib/openstack/lib/python3.10/site-packages/pycadf/identifier.py:71: UserWarning: Invalid uuid: neutron. To ensure interoperability, identifiers should be a valid uuid. warnings.warn(('Invalid uuid: %s. To ensure interoperability, '
2026-05-10 02:03:44.447 9 INFO neutron.wsgi [req-0dc1b01d-b320-438b-a9e0-20d5a942d3e1 req-6e5b259e-4097-4202-be4d-6ad7ac0c37ce 08135a990aec41cf92b88df9c00186d7 848f65fb002d4f7f9bec149e2ec0be33 - - 908a0eee66af4cfd9cfd2a7ebc985eb7 908a0eee66af4cfd9cfd2a7ebc985eb7] 199.204.45.250 "GET /v2.0/networks?id=8b554284-6069-4d4b-862f-4cd7caec6455 HTTP/1.1" status: 200 len: 959 time: 0.0940406
2026-05-10 02:03:44.480 9 INFO neutron.wsgi [req-0dc1b01d-b320-438b-a9e0-20d5a942d3e1 req-6b78c406-9a58-4491-9587-1493c86250fb 08135a990aec41cf92b88df9c00186d7 848f65fb002d4f7f9bec149e2ec0be33 - - 908a0eee66af4cfd9cfd2a7ebc985eb7 908a0eee66af4cfd9cfd2a7ebc985eb7] 199.204.45.250 "GET /v2.0/floatingips?fixed_ip_address=10.100.0.9&port_id=aaa399d6-8c69-4f2a-81b0-4391a6247f09 HTTP/1.1" status: 200 len: 217 time: 0.0251272
2026-05-10 02:03:44.480 9 INFO neutron.db.ovn_revision_numbers_db [None req-2a2c6c8f-3cea-44b3-bfa6-cfcb635e0a43 fff2e1c14d7e40c481920dce29819ab8 e2d58855d9ed4c0bb920e686a7020501 - - default default] Successfully bumped revision number for resource 92515f1f-39f9-46ac-b846-a8ea7a08de3f (type: ports) to 1
2026-05-10 02:03:44.518 9 INFO neutron.wsgi [None req-2a2c6c8f-3cea-44b3-bfa6-cfcb635e0a43 fff2e1c14d7e40c481920dce29819ab8 e2d58855d9ed4c0bb920e686a7020501 - - default default] 10.0.0.160 "POST /v2.0/ports HTTP/1.1" status: 201 len: 1160 time: 1.0783885
2026-05-10 02:03:44.523 9 INFO neutron.wsgi [req-0dc1b01d-b320-438b-a9e0-20d5a942d3e1 req-a9436ce9-204d-4ec4-a41d-e21280029be8 08135a990aec41cf92b88df9c00186d7 848f65fb002d4f7f9bec149e2ec0be33 - - 908a0eee66af4cfd9cfd2a7ebc985eb7 908a0eee66af4cfd9cfd2a7ebc985eb7] 199.204.45.250 "GET /v2.0/subnets?id=b5f91a74-21f5-4712-a33c-2454129c8ff8 HTTP/1.1" status: 200 len: 853 time: 0.0327406
2026-05-10 02:03:44.547 9 INFO neutron.wsgi [req-0dc1b01d-b320-438b-a9e0-20d5a942d3e1 req-4f811eae-050c-4984-a54f-fed3c7208f22 08135a990aec41cf92b88df9c00186d7 848f65fb002d4f7f9bec149e2ec0be33 - - 908a0eee66af4cfd9cfd2a7ebc985eb7 908a0eee66af4cfd9cfd2a7ebc985eb7] 199.204.45.250 "GET /v2.0/ports?network_id=8b554284-6069-4d4b-862f-4cd7caec6455&device_owner=network%3Adhcp HTTP/1.1" status: 200 len: 210 time: 0.0184484
2026-05-10 02:03:44.558 10 INFO neutron.db.ovn_revision_numbers_db [None req-d4759586-b836-4c63-a63a-0f4248f65f52 2eadc069badd4dd59c05b69be73da9df 95d9032d0a0f43a1a94621873e1e6122 - - default default] Successfully bumped revision number for resource 72662fdc-19b4-442d-8276-5b171a05fc8c (type: router_ports) to 3
2026-05-10 02:03:44.564 10 INFO neutron.wsgi [None req-d4759586-b836-4c63-a63a-0f4248f65f52 2eadc069badd4dd59c05b69be73da9df 95d9032d0a0f43a1a94621873e1e6122 - - default default] 10.0.0.160 "PUT /v2.0/routers/64517fad-ea27-4a77-a2eb-96c54b3c5448/add_router_interface HTTP/1.1" status: 200 len: 503 time: 2.1601424
2026-05-10 02:03:44.609 9 INFO neutron.wsgi [req-0dc1b01d-b320-438b-a9e0-20d5a942d3e1 req-81c14fef-fef3-4f65-8bb9-ffba3a9d94ca 08135a990aec41cf92b88df9c00186d7 848f65fb002d4f7f9bec149e2ec0be33 - - 908a0eee66af4cfd9cfd2a7ebc985eb7 908a0eee66af4cfd9cfd2a7ebc985eb7] 199.204.45.250 "GET /v2.0/networks/8b554284-6069-4d4b-862f-4cd7caec6455?fields=segments HTTP/1.1" status: 200 len: 212 time: 0.0537987
2026-05-10 02:03:44.673 9 INFO neutron.wsgi [req-0dc1b01d-b320-438b-a9e0-20d5a942d3e1 req-f05944c6-df2d-45e2-95cf-c14ff45f5ccf 08135a990aec41cf92b88df9c00186d7 848f65fb002d4f7f9bec149e2ec0be33 - - 908a0eee66af4cfd9cfd2a7ebc985eb7 908a0eee66af4cfd9cfd2a7ebc985eb7] 199.204.45.250 "GET /v2.0/networks/8b554284-6069-4d4b-862f-4cd7caec6455?fields=provider%3Aphysical_network&fields=provider%3Anetwork_type HTTP/1.1" status: 200 len: 277 time: 0.0574594
2026-05-10 02:03:44.730 10 INFO neutron.wsgi [None req-ac5cb407-3b46-4785-8df8-3daedbed4a04 2eadc069badd4dd59c05b69be73da9df 95d9032d0a0f43a1a94621873e1e6122 - - default default] 10.0.0.160 "GET /v2.0/ports/72662fdc-19b4-442d-8276-5b171a05fc8c HTTP/1.1" status: 200 len: 1220 time: 0.1558769
2026-05-10 02:03:44.737 10 WARNING neutron.scheduler.dhcp_agent_scheduler [None req-c482d834-e349-457c-99cb-d02274bdf923 868280d2e70c4f0ea9ff15eeaa097b35 487411658de8464f9606419cad3de3f7 - - default default] No more DHCP agents
2026-05-10 02:03:44.740 10 WARNING neutron.api.rpc.agentnotifiers.dhcp_rpc_agent_api [None req-c482d834-e349-457c-99cb-d02274bdf923 868280d2e70c4f0ea9ff15eeaa097b35 487411658de8464f9606419cad3de3f7 - - default default] Unable to schedule network b246701a-2479-4ffc-8add-3b81c9f5633e: no agents available; will retry on subsequent port and subnet creation events.
2026-05-10 02:03:44.920 10 INFO neutron.db.ovn_revision_numbers_db [None req-c482d834-e349-457c-99cb-d02274bdf923 868280d2e70c4f0ea9ff15eeaa097b35 487411658de8464f9606419cad3de3f7 - - default default] Successfully bumped revision number for resource 86db5f75-5518-4c03-8637-3f534b9ab4fb (type: ports) to 1
2026-05-10 02:03:45.007 10 INFO neutron.wsgi [None req-1dca0b0c-686b-4674-89d9-c7a5ca2f717f fff2e1c14d7e40c481920dce29819ab8 e2d58855d9ed4c0bb920e686a7020501 - - default default] 10.0.0.160 "DELETE /v2.0/ports/92515f1f-39f9-46ac-b846-a8ea7a08de3f HTTP/1.1" status: 204 len: 168 time: 0.4841464 /var/lib/openstack/lib/python3.10/site-packages/pycadf/identifier.py:71: UserWarning: Invalid uuid: neutron. To ensure interoperability, identifiers should be a valid uuid. warnings.warn(('Invalid uuid: %s. To ensure interoperability, '
2026-05-10 02:03:45.033 9 INFO neutron.pecan_wsgi.hooks.translation [None req-a5946a23-79d4-465e-abc7-6fc10372c5c1 fff2e1c14d7e40c481920dce29819ab8 e2d58855d9ed4c0bb920e686a7020501 - - default default] DELETE failed (client error): The resource could not be found.
2026-05-10 02:03:45.036 9 INFO neutron.wsgi [None req-a5946a23-79d4-465e-abc7-6fc10372c5c1 fff2e1c14d7e40c481920dce29819ab8 e2d58855d9ed4c0bb920e686a7020501 - - default default] 10.0.0.160 "DELETE /v2.0/ports/92515f1f-39f9-46ac-b846-a8ea7a08de3f HTTP/1.1" status: 404 len: 333 time: 0.0220246
2026-05-10 02:03:45.080 10 INFO neutron.pecan_wsgi.hooks.translation [None req-5a7233d4-3012-48fe-8558-151c276481ab fff2e1c14d7e40c481920dce29819ab8 e2d58855d9ed4c0bb920e686a7020501 - - default default] GET failed (client error): The resource could not be found.
2026-05-10 02:03:45.082 10 INFO neutron.wsgi [None req-5a7233d4-3012-48fe-8558-151c276481ab fff2e1c14d7e40c481920dce29819ab8 e2d58855d9ed4c0bb920e686a7020501 - - default default] 10.0.0.160 "GET /v2.0/ports/92515f1f-39f9-46ac-b846-a8ea7a08de3f HTTP/1.1" status: 404 len: 333 time: 0.0400858
2026-05-10 02:03:45.443 10 WARNING neutron_lib.context [None req-b2044462-aa32-4e15-a8ca-124016f39c5b 348f32ae17fb4c2baedfea2209d2e94e 04ba2da5ad544abd9ada4c5333134e34 - - default default] Method 'is_advsvc' is deprecated since 2023.2 release (neutron-lib 3.8.0) and will be removed once support for the old RBAC API policies will be removed from Neutron. Please use method 'is_service_role' instead.
2026-05-10 02:03:45.494 9 INFO neutron.wsgi [None req-d58c239e-7920-499d-8160-9f75ad1c4788 2eadc069badd4dd59c05b69be73da9df 95d9032d0a0f43a1a94621873e1e6122 - - default default] 10.0.0.160 "PUT /v2.0/routers/64517fad-ea27-4a77-a2eb-96c54b3c5448/remove_router_interface HTTP/1.1" status: 200 len: 503 time: 0.7580040 /var/lib/openstack/lib/python3.10/site-packages/pycadf/identifier.py:71: UserWarning: Invalid uuid: neutron. To ensure interoperability, identifiers should be a valid uuid. warnings.warn(('Invalid uuid: %s. To ensure interoperability, '
2026-05-10 02:03:45.628 10 INFO neutron.wsgi [None req-45b5234f-e51f-4296-8f51-fd2bacb9538e fff2e1c14d7e40c481920dce29819ab8 e2d58855d9ed4c0bb920e686a7020501 - - default default] 10.0.0.160 "DELETE /v2.0/subnets/a8ef64c6-7b3f-4682-903d-de445bd79cca HTTP/1.1" status: 204 len: 168 time: 0.5406272
2026-05-10 02:03:45.715 10 INFO neutron.db.ovn_revision_numbers_db [None req-b2044462-aa32-4e15-a8ca-124016f39c5b 348f32ae17fb4c2baedfea2209d2e94e 04ba2da5ad544abd9ada4c5333134e34 - - default default] Successfully bumped revision number for resource 762bc320-5016-476b-b230-f5e47f10add9 (type: security_groups) to 1
2026-05-10 02:03:45.746 10 INFO neutron.db.ovn_revision_numbers_db [None req-b2044462-aa32-4e15-a8ca-124016f39c5b 348f32ae17fb4c2baedfea2209d2e94e 04ba2da5ad544abd9ada4c5333134e34 - - default default] Successfully bumped revision number for resource 87b3e07f-4ca6-4040-808a-26959c53ad95 (type: security_group_rules) to 0
2026-05-10 02:03:45.778 10 INFO neutron.db.ovn_revision_numbers_db [None req-b2044462-aa32-4e15-a8ca-124016f39c5b 348f32ae17fb4c2baedfea2209d2e94e 04ba2da5ad544abd9ada4c5333134e34 - - default default] Successfully bumped revision number for resource d4bcbeff-1abc-435d-b7f0-3ed6c4c319bd (type: security_group_rules) to 0
2026-05-10 02:03:45.805 10 INFO neutron.wsgi [None req-b2044462-aa32-4e15-a8ca-124016f39c5b 348f32ae17fb4c2baedfea2209d2e94e 04ba2da5ad544abd9ada4c5333134e34 - - default default] 10.0.0.160 "POST /v2.0/security-groups HTTP/1.1" status: 201 len: 1873 time: 0.3729200
2026-05-10 02:03:45.818 10 WARNING neutron_lib.context [None req-b13cc4e1-dc2d-4187-ae74-d72a798aac5b 348f32ae17fb4c2baedfea2209d2e94e 04ba2da5ad544abd9ada4c5333134e34 - - default default] Method 'is_advsvc' is deprecated since 2023.2 release (neutron-lib 3.8.0) and will be removed once support for the old RBAC API policies will be removed from Neutron. Please use method 'is_service_role' instead.
2026-05-10 02:03:45.843 9 INFO neutron.api.v2.resource [None req-ec61b6d5-24c8-4fd0-94b7-c5da8a9c0267 2eadc069badd4dd59c05b69be73da9df 95d9032d0a0f43a1a94621873e1e6122 - - default default] remove_router_interface failed (client error): The resource could not be found.
2026-05-10 02:03:45.844 9 INFO neutron.wsgi [None req-ec61b6d5-24c8-4fd0-94b7-c5da8a9c0267 2eadc069badd4dd59c05b69be73da9df 95d9032d0a0f43a1a94621873e1e6122 - - default default] 10.0.0.160 "PUT /v2.0/routers/64517fad-ea27-4a77-a2eb-96c54b3c5448/remove_router_interface HTTP/1.1" status: 404 len: 398 time: 0.3435736
2026-05-10 02:03:45.875 9 INFO neutron.wsgi [None req-2f3c7868-18cf-4794-becb-0970eeae3e6c 2eadc069badd4dd59c05b69be73da9df 95d9032d0a0f43a1a94621873e1e6122 - - default default] 10.0.0.160 "GET /v2.0/ports?device_id=64517fad-ea27-4a77-a2eb-96c54b3c5448 HTTP/1.1" status: 200 len: 205 time: 0.0212200
2026-05-10 02:03:46.070 10 INFO neutron.db.ovn_revision_numbers_db [None req-b13cc4e1-dc2d-4187-ae74-d72a798aac5b 348f32ae17fb4c2baedfea2209d2e94e 04ba2da5ad544abd9ada4c5333134e34 - - default default] Successfully bumped revision number for resource 753fd748-4687-4d2d-9a36-dd988d17d70b (type: security_group_rules) to 0
2026-05-10 02:03:46.122 10 INFO neutron.wsgi [None req-b13cc4e1-dc2d-4187-ae74-d72a798aac5b 348f32ae17fb4c2baedfea2209d2e94e 04ba2da5ad544abd9ada4c5333134e34 - - default default] 10.0.0.160 "POST /v2.0/security-group-rules HTTP/1.1" status: 201 len: 796 time: 0.3074324
2026-05-10 02:03:46.122 9 INFO neutron.wsgi [None req-cb18295f-a3c1-4158-9bb7-94cc39a850f1 2eadc069badd4dd59c05b69be73da9df 95d9032d0a0f43a1a94621873e1e6122 - - default default] 10.0.0.160 "DELETE /v2.0/routers/64517fad-ea27-4a77-a2eb-96c54b3c5448 HTTP/1.1" status: 204 len: 168 time: 0.2416782
2026-05-10 02:03:46.127 10 INFO neutron.plugins.ml2.drivers.ovn.mech_driver.ovsdb.commands [None req-e78a3133-334c-48a3-95dc-6411bfe00838 - - - - - -] Schedule LRP lrp-86db5f75-5518-4c03-8637-3f534b9ab4fb on gateway 8ccc48a2-88d2-4fc0-b159-4a9ed9f1bd8d with priority 1
2026-05-10 02:03:46.134 10 INFO neutron.plugins.ml2.drivers.ovn.mech_driver.mech_driver [None req-03cd97d3-af92-482b-a084-515d42e34b97 - - - - - -] OVN reports status up for port: 86db5f75-5518-4c03-8637-3f534b9ab4fb
2026-05-10 02:03:46.138 9 WARNING neutron_lib.context [None req-d9df1bac-83a0-46f1-ae68-6ba1ff0bbfbd 348f32ae17fb4c2baedfea2209d2e94e 04ba2da5ad544abd9ada4c5333134e34 - - default default] Method 'is_advsvc' is deprecated since 2023.2 release (neutron-lib 3.8.0) and will be removed once support for the old RBAC API policies will be removed from Neutron. Please use method 'is_service_role' instead.
2026-05-10 02:03:46.165 10 INFO neutron.plugins.ml2.drivers.ovn.mech_driver.ovsdb.ovsdb_monitor [None req-c6cca3ea-d37e-4ed7-bc3f-f88954d427a4 - - - - - -] Router 80b18699-5138-4380-aadb-c3a85eed50fc is bound to host instance
2026-05-10 02:03:46.168 10 INFO neutron.plugins.ml2.plugin [None req-03cd97d3-af92-482b-a084-515d42e34b97 - - - - - -] Attempt 1 to provision port 86db5f75-5518-4c03-8637-3f534b9ab4fb
2026-05-10 02:03:46.240 10 INFO neutron.db.ovn_revision_numbers_db [None req-c482d834-e349-457c-99cb-d02274bdf923 868280d2e70c4f0ea9ff15eeaa097b35 487411658de8464f9606419cad3de3f7 - - default default] Successfully bumped revision number for resource 86db5f75-5518-4c03-8637-3f534b9ab4fb (type: router_ports) to 1
2026-05-10 02:03:46.316 10 INFO neutron.services.segments.plugin [-] Segment a41e492b-3560-478b-822d-8013cbdc6c6d resource provider aggregate not found
2026-05-10 02:03:46.320 10 INFO neutron.services.segments.plugin [-] Segment a41e492b-3560-478b-822d-8013cbdc6c6d resource provider aggregate not found
2026-05-10 02:03:46.346 10 INFO neutron.services.segments.plugin [-] Segment a41e492b-3560-478b-822d-8013cbdc6c6d resource provider not found; error: Placement Client Error (4xx): {"errors": [{"status": 404, "title": "Not Found", "detail": "The resource could not be found.\n\n No resource provider with uuid a41e492b-3560-478b-822d-8013cbdc6c6d found for delete ", "request_id": "req-ad362be9-4475-4f18-beb4-e29de93f99de"}]}
2026-05-10 02:03:46.349 9 INFO neutron.db.ovn_revision_numbers_db [None req-d9df1bac-83a0-46f1-ae68-6ba1ff0bbfbd 348f32ae17fb4c2baedfea2209d2e94e 04ba2da5ad544abd9ada4c5333134e34 - - default default] Successfully bumped revision number for resource 791b0bc8-875f-46ba-a93d-685144676da4 (type: security_group_rules) to 0
2026-05-10 02:03:46.350 10 INFO neutron.services.segments.plugin [-] Segment a41e492b-3560-478b-822d-8013cbdc6c6d resource provider not found; error: Placement Client Error (4xx): {"errors": [{"status": 404, "title": "Not Found", "detail": "The resource could not be found.\n\n No resource provider with uuid a41e492b-3560-478b-822d-8013cbdc6c6d found for delete ", "request_id": "req-31861654-905a-4f4c-ba23-34bdc719ae8c"}]}
2026-05-10 02:03:46.360 9 INFO neutron.wsgi [None req-0bb3005b-a48a-46ea-a97c-4cd3fe002ee5 2eadc069badd4dd59c05b69be73da9df 95d9032d0a0f43a1a94621873e1e6122 - - default default] 10.0.0.160 "DELETE /v2.0/subnets/9aeb3eea-d071-4ead-b4cd-41e3e2191351 HTTP/1.1" status: 204 len: 168 time: 0.2325890
2026-05-10 02:03:46.383 9 INFO neutron.wsgi [None req-d9df1bac-83a0-46f1-ae68-6ba1ff0bbfbd 348f32ae17fb4c2baedfea2209d2e94e 04ba2da5ad544abd9ada4c5333134e34 - - default default] 10.0.0.160 "POST /v2.0/security-group-rules HTTP/1.1" status: 201 len: 795 time: 0.2560625
2026-05-10 02:03:46.394 9 WARNING neutron_lib.context [None req-0a54ce4e-5137-49a5-b854-67fbdc658cd4 348f32ae17fb4c2baedfea2209d2e94e 04ba2da5ad544abd9ada4c5333134e34 - - default default] Method 'is_advsvc' is deprecated since 2023.2 release (neutron-lib 3.8.0) and will be removed once support for the old RBAC API policies will be removed from Neutron. Please use method 'is_service_role' instead.
2026-05-10 02:03:46.424 10 INFO neutron.wsgi [None req-65d351cb-9afc-48f9-86fb-64aff4f96630 fff2e1c14d7e40c481920dce29819ab8 e2d58855d9ed4c0bb920e686a7020501 - - default default] 10.0.0.160 "DELETE /v2.0/networks/e0269d08-4ea1-491e-a78b-cd9f28dbc6fc HTTP/1.1" status: 204 len: 168 time: 0.7854209
2026-05-10 02:03:46.437 9 WARNING neutron_lib.context [None req-588135b2-1ed1-4d1e-bfc6-491960eff912 fff2e1c14d7e40c481920dce29819ab8 e2d58855d9ed4c0bb920e686a7020501 - - default default] Method 'is_advsvc' is deprecated since 2023.2 release (neutron-lib 3.8.0) and will be removed once support for the old RBAC API policies will be removed from Neutron. Please use method 'is_service_role' instead.
2026-05-10 02:03:46.439 10 INFO neutron.db.ovn_revision_numbers_db [None req-c482d834-e349-457c-99cb-d02274bdf923 868280d2e70c4f0ea9ff15eeaa097b35 487411658de8464f9606419cad3de3f7 - - default default] Successfully bumped revision number for resource 80b18699-5138-4380-aadb-c3a85eed50fc (type: routers) to 2
2026-05-10 02:03:46.474 10 INFO neutron.wsgi [None req-c482d834-e349-457c-99cb-d02274bdf923 868280d2e70c4f0ea9ff15eeaa097b35 487411658de8464f9606419cad3de3f7 - - default default] 10.0.0.160 "POST /v2.0/routers HTTP/1.1" status: 201 len: 1165 time: 2.3837531
2026-05-10 02:03:46.568 9 INFO neutron.db.segments_db [None req-588135b2-1ed1-4d1e-bfc6-491960eff912 fff2e1c14d7e40c481920dce29819ab8 e2d58855d9ed4c0bb920e686a7020501 - - default default] Added segment 1f181202-4daf-4665-8fb4-cf26773d781a of type geneve for network 9582b5c1-e48d-403a-abbd-3df60266f13a
2026-05-10 02:03:46.626 9 INFO neutron.db.ovn_revision_numbers_db [None req-0a54ce4e-5137-49a5-b854-67fbdc658cd4 348f32ae17fb4c2baedfea2209d2e94e 04ba2da5ad544abd9ada4c5333134e34 - - default default] Successfully bumped revision number for resource 91ba8792-5580-4246-bc86-f0635f2ce1dc (type: security_group_rules) to 0
2026-05-10 02:03:46.685 9 INFO neutron.wsgi [None req-0a54ce4e-5137-49a5-b854-67fbdc658cd4 348f32ae17fb4c2baedfea2209d2e94e 04ba2da5ad544abd9ada4c5333134e34 - - default default] 10.0.0.160 "POST /v2.0/security-group-rules HTTP/1.1" status: 201 len: 801 time: 0.2958691
2026-05-10 02:03:46.699 9 WARNING neutron_lib.context [None req-6b4480ef-23b6-472d-b5e7-2dd676efa093 348f32ae17fb4c2baedfea2209d2e94e 04ba2da5ad544abd9ada4c5333134e34 - - default default] Method 'is_advsvc' is deprecated since 2023.2 release (neutron-lib 3.8.0) and will be removed once support for the old RBAC API policies will be removed from Neutron. Please use method 'is_service_role' instead.
2026-05-10 02:03:46.818 9 INFO neutron.db.ovn_revision_numbers_db [None req-588135b2-1ed1-4d1e-bfc6-491960eff912 fff2e1c14d7e40c481920dce29819ab8 e2d58855d9ed4c0bb920e686a7020501 - - default default] Successfully bumped revision number for resource 9582b5c1-e48d-403a-abbd-3df60266f13a (type: networks) to 1
2026-05-10 02:03:46.916 10 INFO neutron.wsgi [None req-71c1c2d4-f78b-4cfc-88f1-1d7f570f854b 2eadc069badd4dd59c05b69be73da9df 95d9032d0a0f43a1a94621873e1e6122 - - default default] 10.0.0.160 "DELETE /v2.0/networks/e874dd79-c54b-4a74-b96b-41a37dd5114c HTTP/1.1" status: 204 len: 168 time: 0.5487773
2026-05-10 02:03:46.927 10 WARNING neutron_lib.context [None req-5eb06a0b-2f0e-4650-89eb-fcfa63c86637 2eadc069badd4dd59c05b69be73da9df 95d9032d0a0f43a1a94621873e1e6122 - - default default] Method 'is_advsvc' is deprecated since 2023.2 release (neutron-lib 3.8.0) and will be removed once support for the old RBAC API policies will be removed from Neutron. Please use method 'is_service_role' instead.
2026-05-10 02:03:47.009 9 INFO neutron.db.ovn_revision_numbers_db [None req-6b4480ef-23b6-472d-b5e7-2dd676efa093 348f32ae17fb4c2baedfea2209d2e94e 04ba2da5ad544abd9ada4c5333134e34 - - default default] Successfully bumped revision number for resource e5afb445-ba52-49ad-96ed-3d426fec846a (type: security_group_rules) to 0
2026-05-10 02:03:47.045 10 INFO neutron.db.segments_db [None req-5eb06a0b-2f0e-4650-89eb-fcfa63c86637 2eadc069badd4dd59c05b69be73da9df 95d9032d0a0f43a1a94621873e1e6122 - - default default] Added segment 5872a676-70ce-4281-bc7c-3a86ee44eb9a of type geneve for network 552544b5-662b-4f44-bd0d-9927660cef75
2026-05-10 02:03:47.056 9 INFO neutron.wsgi [None req-6b4480ef-23b6-472d-b5e7-2dd676efa093 348f32ae17fb4c2baedfea2209d2e94e 04ba2da5ad544abd9ada4c5333134e34 - - default default] 10.0.0.160 "POST /v2.0/security-group-rules HTTP/1.1" status: 201 len: 800 time: 0.3625650
2026-05-10 02:03:47.076 10 WARNING neutron_lib.context [None req-0d5173df-e1cd-446c-b913-2107eba4f07a 348f32ae17fb4c2baedfea2209d2e94e 04ba2da5ad544abd9ada4c5333134e34 - - default default] Method 'is_advsvc' is deprecated since 2023.2 release (neutron-lib 3.8.0) and will be removed once support for the old RBAC API policies will be removed from Neutron. Please use method 'is_service_role' instead.
2026-05-10 02:03:47.097 9 WARNING neutron.scheduler.dhcp_agent_scheduler [None req-588135b2-1ed1-4d1e-bfc6-491960eff912 fff2e1c14d7e40c481920dce29819ab8 e2d58855d9ed4c0bb920e686a7020501 - - default default] No more DHCP agents
2026-05-10 02:03:47.102 9 WARNING neutron.api.rpc.agentnotifiers.dhcp_rpc_agent_api [None req-588135b2-1ed1-4d1e-bfc6-491960eff912 fff2e1c14d7e40c481920dce29819ab8 e2d58855d9ed4c0bb920e686a7020501 - - default default] Unable to schedule network 9582b5c1-e48d-403a-abbd-3df60266f13a: no agents available; will retry on subsequent port and subnet creation events.
2026-05-10 02:03:47.116 10 INFO neutron.db.ovn_revision_numbers_db [None req-c6cca3ea-d37e-4ed7-bc3f-f88954d427a4 - - - - - -] Successfully bumped revision number for resource 86db5f75-5518-4c03-8637-3f534b9ab4fb (type: ports) to 1
2026-05-10 02:03:47.147 10 INFO neutron.db.securitygroups_db [None req-0d5173df-e1cd-446c-b913-2107eba4f07a 348f32ae17fb4c2baedfea2209d2e94e 04ba2da5ad544abd9ada4c5333134e34 - - default default] Project 04ba2da5ad544abd9ada4c5333134e34 added a security group rule with legacy IPv6 ICMP protocol name icmp, ipv6-icmp should be used instead. It was automatically converted.
2026-05-10 02:03:47.221 9 INFO neutron.db.ovn_revision_numbers_db [None req-588135b2-1ed1-4d1e-bfc6-491960eff912 fff2e1c14d7e40c481920dce29819ab8 e2d58855d9ed4c0bb920e686a7020501 - - default default] Successfully bumped revision number for resource ed877977-9fe0-4354-bca3-32aea7fc4b3a (type: ports) to 1
2026-05-10 02:03:47.245 10 INFO neutron.db.ovn_revision_numbers_db [None req-5eb06a0b-2f0e-4650-89eb-fcfa63c86637 2eadc069badd4dd59c05b69be73da9df 95d9032d0a0f43a1a94621873e1e6122 - - default default] Successfully bumped revision number for resource 552544b5-662b-4f44-bd0d-9927660cef75 (type: networks) to 1
2026-05-10 02:03:47.260 9 INFO neutron.wsgi [None req-588135b2-1ed1-4d1e-bfc6-491960eff912 fff2e1c14d7e40c481920dce29819ab8 e2d58855d9ed4c0bb920e686a7020501 - - default default] 10.0.0.160 "POST /v2.0/networks HTTP/1.1" status: 201 len: 835 time: 0.8299403
2026-05-10 02:03:47.270 9 WARNING neutron_lib.context [None req-5d3be71e-f3f6-4a6f-914b-ff31276c86e2 fff2e1c14d7e40c481920dce29819ab8 e2d58855d9ed4c0bb920e686a7020501 - - default default] Method 'is_advsvc' is deprecated since 2023.2 release (neutron-lib 3.8.0) and will be removed once support for the old RBAC API policies will be removed from Neutron. Please use method 'is_service_role' instead.
2026-05-10 02:03:47.320 9 WARNING neutron.scheduler.dhcp_agent_scheduler [None req-8a189dd9-e67a-4654-a941-e7bc6a1bb8e8 868280d2e70c4f0ea9ff15eeaa097b35 487411658de8464f9606419cad3de3f7 - - default default] No more DHCP agents
2026-05-10 02:03:47.324 9 WARNING neutron.api.rpc.agentnotifiers.dhcp_rpc_agent_api [None req-8a189dd9-e67a-4654-a941-e7bc6a1bb8e8 868280d2e70c4f0ea9ff15eeaa097b35 487411658de8464f9606419cad3de3f7 - - default default] Unable to schedule network 802e2e40-99c3-4cf4-9397-77dff4295048: no agents available; will retry on subsequent port and subnet creation events.
2026-05-10 02:03:47.538 10 INFO neutron.wsgi [-] 10.0.0.244 "GET / HTTP/1.1" status: 200 len: 246 time: 0.0013647
2026-05-10 02:03:47.540 10 INFO neutron.wsgi [-] 10.0.0.244 "GET / HTTP/1.1" status: 200 len: 246 time: 0.0010653
2026-05-10 02:03:47.542 9 INFO neutron.db.ovn_revision_numbers_db [None req-8a189dd9-e67a-4654-a941-e7bc6a1bb8e8 868280d2e70c4f0ea9ff15eeaa097b35 487411658de8464f9606419cad3de3f7 - - default default] Successfully bumped revision number for resource 2251f602-1c3b-4b0a-ac83-d844c8973b28 (type: ports) to 1
2026-05-10 02:03:47.597 9 WARNING neutron.scheduler.dhcp_agent_scheduler [None req-5d3be71e-f3f6-4a6f-914b-ff31276c86e2 fff2e1c14d7e40c481920dce29819ab8 e2d58855d9ed4c0bb920e686a7020501 - - default default] No more DHCP agents
2026-05-10 02:03:47.601 9 WARNING neutron.api.rpc.agentnotifiers.dhcp_rpc_agent_api [None req-5d3be71e-f3f6-4a6f-914b-ff31276c86e2 fff2e1c14d7e40c481920dce29819ab8 e2d58855d9ed4c0bb920e686a7020501 - - default default] Unable to schedule network 9582b5c1-e48d-403a-abbd-3df60266f13a: no agents available; will retry on subsequent port and subnet creation events.
2026-05-10 02:03:47.645 9 INFO neutron.db.ovn_revision_numbers_db [None req-5d3be71e-f3f6-4a6f-914b-ff31276c86e2 fff2e1c14d7e40c481920dce29819ab8 e2d58855d9ed4c0bb920e686a7020501 - - default default] Successfully bumped revision number for resource f9f58f08-59a5-4a7b-8542-d5da89bb88f4 (type: subnets) to 0
2026-05-10 02:03:47.655 10 INFO neutron.db.ovn_revision_numbers_db [None req-0d5173df-e1cd-446c-b913-2107eba4f07a 348f32ae17fb4c2baedfea2209d2e94e 04ba2da5ad544abd9ada4c5333134e34 - - default default] Successfully bumped revision number for resource e91133d7-3c2a-4d3e-b53b-23a387c67120 (type: security_group_rules) to 0
2026-05-10 02:03:47.670 9 INFO neutron.wsgi [None req-5d3be71e-f3f6-4a6f-914b-ff31276c86e2 fff2e1c14d7e40c481920dce29819ab8 e2d58855d9ed4c0bb920e686a7020501 - - default default] 10.0.0.160 "POST /v2.0/subnets HTTP/1.1" status: 201 len: 821 time: 0.4043734
2026-05-10 02:03:47.679 9 WARNING neutron_lib.context [None req-33be5ef1-6f93-40a7-bca6-bfdfd10ba109 fff2e1c14d7e40c481920dce29819ab8 e2d58855d9ed4c0bb920e686a7020501 - - default default] Method 'is_advsvc' is deprecated since 2023.2 release (neutron-lib 3.8.0) and will be removed once support for the old RBAC API policies will be removed from Neutron. Please use method 'is_service_role' instead.
2026-05-10 02:03:47.719 10 INFO neutron.wsgi [None req-0d5173df-e1cd-446c-b913-2107eba4f07a 348f32ae17fb4c2baedfea2209d2e94e 04ba2da5ad544abd9ada4c5333134e34 - - default default] 10.0.0.160 "POST /v2.0/security-group-rules HTTP/1.1" status: 201 len: 806 time: 0.6561563
2026-05-10 02:03:47.742 10 WARNING neutron_lib.context [None req-18d98d62-5c0e-42dd-a69e-9b615df1a733 348f32ae17fb4c2baedfea2209d2e94e 04ba2da5ad544abd9ada4c5333134e34 - - default default] Method 'is_advsvc' is deprecated since 2023.2 release (neutron-lib 3.8.0) and will be removed once support for the old RBAC API policies will be removed from Neutron. Please use method 'is_service_role' instead.
2026-05-10 02:03:47.826 10 INFO neutron.db.securitygroups_db [None req-18d98d62-5c0e-42dd-a69e-9b615df1a733 348f32ae17fb4c2baedfea2209d2e94e 04ba2da5ad544abd9ada4c5333134e34 - - default default] Project 04ba2da5ad544abd9ada4c5333134e34 added a security group rule with legacy IPv6 ICMP protocol name icmp, ipv6-icmp should be used instead. It was automatically converted.
2026-05-10 02:03:47.837 10 WARNING neutron.scheduler.dhcp_agent_scheduler [None req-5eb06a0b-2f0e-4650-89eb-fcfa63c86637 2eadc069badd4dd59c05b69be73da9df 95d9032d0a0f43a1a94621873e1e6122 - - default default] No more DHCP agents
2026-05-10 02:03:47.840 10 WARNING neutron.api.rpc.agentnotifiers.dhcp_rpc_agent_api [None req-5eb06a0b-2f0e-4650-89eb-fcfa63c86637 2eadc069badd4dd59c05b69be73da9df 95d9032d0a0f43a1a94621873e1e6122 - - default default] Unable to schedule network 552544b5-662b-4f44-bd0d-9927660cef75: no agents available; will retry on subsequent port and subnet creation events.
2026-05-10 02:03:47.973 10 INFO neutron.db.ovn_revision_numbers_db [None req-5eb06a0b-2f0e-4650-89eb-fcfa63c86637 2eadc069badd4dd59c05b69be73da9df 95d9032d0a0f43a1a94621873e1e6122 - - default default] Successfully bumped revision number for resource 8cc3e133-e977-427b-8325-33c74f0128c9 (type: ports) to 1
2026-05-10 02:03:48.008 10 INFO neutron.wsgi [None req-5eb06a0b-2f0e-4650-89eb-fcfa63c86637 2eadc069badd4dd59c05b69be73da9df 95d9032d0a0f43a1a94621873e1e6122 - - default default] 10.0.0.160 "POST /v2.0/networks HTTP/1.1" status: 201 len: 833 time: 1.0848715
2026-05-10 02:03:48.015 10 INFO neutron.db.ovn_revision_numbers_db [None req-18d98d62-5c0e-42dd-a69e-9b615df1a733 348f32ae17fb4c2baedfea2209d2e94e 04ba2da5ad544abd9ada4c5333134e34 - - default default] Successfully bumped revision number for resource 677c967a-5c51-4a9a-87b6-1c43b66dc24b (type: security_group_rules) to 0
2026-05-10 02:03:48.020 10 WARNING neutron_lib.context [None req-fcf4e54c-6017-43e0-b533-d5e0083f06b4 2eadc069badd4dd59c05b69be73da9df 95d9032d0a0f43a1a94621873e1e6122 - - default default] Method 'is_advsvc' is deprecated since 2023.2 release (neutron-lib 3.8.0) and will be removed once support for the old RBAC API policies will be removed from Neutron. Please use method 'is_service_role' instead.
2026-05-10 02:03:48.077 10 INFO neutron.wsgi [None req-18d98d62-5c0e-42dd-a69e-9b615df1a733 348f32ae17fb4c2baedfea2209d2e94e 04ba2da5ad544abd9ada4c5333134e34 - - default default] 10.0.0.160 "POST /v2.0/security-group-rules HTTP/1.1" status: 201 len: 805 time: 0.3419197
2026-05-10 02:03:48.081 10 INFO neutron.db.ovn_revision_numbers_db [None req-c6cca3ea-d37e-4ed7-bc3f-f88954d427a4 - - - - - -] Successfully bumped revision number for resource 86db5f75-5518-4c03-8637-3f534b9ab4fb (type: router_ports) to 3
2026-05-10 02:03:48.314 9 WARNING neutron.scheduler.dhcp_agent_scheduler [None req-33be5ef1-6f93-40a7-bca6-bfdfd10ba109 fff2e1c14d7e40c481920dce29819ab8 e2d58855d9ed4c0bb920e686a7020501 - - default default] No more DHCP agents
2026-05-10 02:03:48.319 9 WARNING neutron.api.rpc.agentnotifiers.dhcp_rpc_agent_api [None req-33be5ef1-6f93-40a7-bca6-bfdfd10ba109 fff2e1c14d7e40c481920dce29819ab8 e2d58855d9ed4c0bb920e686a7020501 - - default default] Unable to schedule network 9582b5c1-e48d-403a-abbd-3df60266f13a: no agents available; will retry on subsequent port and subnet creation events.
2026-05-10 02:03:48.339 10 WARNING neutron.scheduler.dhcp_agent_scheduler [None req-fcf4e54c-6017-43e0-b533-d5e0083f06b4 2eadc069badd4dd59c05b69be73da9df 95d9032d0a0f43a1a94621873e1e6122 - - default default] No more DHCP agents
2026-05-10 02:03:48.342 10 WARNING neutron.api.rpc.agentnotifiers.dhcp_rpc_agent_api [None req-fcf4e54c-6017-43e0-b533-d5e0083f06b4 2eadc069badd4dd59c05b69be73da9df 95d9032d0a0f43a1a94621873e1e6122 - - default default] Unable to schedule network 552544b5-662b-4f44-bd0d-9927660cef75: no agents available; will retry on subsequent port and subnet creation events.
2026-05-10 02:03:48.365 10 INFO neutron.services.segments.plugin [-] Segment de45edbc-7fcb-4b16-a911-03c42d8b9e3c resource provider aggregate not found
2026-05-10 02:03:48.370 10 INFO neutron.services.segments.plugin [-] Segment de45edbc-7fcb-4b16-a911-03c42d8b9e3c resource provider aggregate not found
2026-05-10 02:03:48.374 10 INFO neutron.db.ovn_revision_numbers_db [None req-c6cca3ea-d37e-4ed7-bc3f-f88954d427a4 - - - - - -] Successfully bumped revision number for resource 86db5f75-5518-4c03-8637-3f534b9ab4fb (type: ports) to 2
2026-05-10 02:03:48.380 10 INFO neutron.services.segments.plugin [-] Segment de45edbc-7fcb-4b16-a911-03c42d8b9e3c resource provider not found; error: Placement Client Error (4xx): {"errors": [{"status": 404, "title": "Not Found", "detail": "The resource could not be found.\n\n No resource provider with uuid de45edbc-7fcb-4b16-a911-03c42d8b9e3c found for delete ", "request_id": "req-f01d1b0c-6d29-4ecb-b780-5e8eb23dd436"}]}
2026-05-10 02:03:48.383 10 INFO neutron.services.segments.plugin [-] Segment de45edbc-7fcb-4b16-a911-03c42d8b9e3c resource provider not found; error: Placement Client Error (4xx): {"errors": [{"status": 404, "title": "Not Found", "detail": "The resource could not be found.\n\n No resource provider with uuid de45edbc-7fcb-4b16-a911-03c42d8b9e3c found for delete ", "request_id": "req-3ef27362-93e2-4f8d-8b5f-3887a908178b"}]}
2026-05-10 02:03:48.388 10 INFO neutron.db.ovn_revision_numbers_db [None req-fcf4e54c-6017-43e0-b533-d5e0083f06b4 2eadc069badd4dd59c05b69be73da9df 95d9032d0a0f43a1a94621873e1e6122 - - default default] Successfully bumped revision number for resource a0b2531c-9134-4300-a261-b945e4b55627 (type: subnets) to 0
2026-05-10 02:03:48.403 10 INFO neutron.wsgi [None req-fcf4e54c-6017-43e0-b533-d5e0083f06b4 2eadc069badd4dd59c05b69be73da9df 95d9032d0a0f43a1a94621873e1e6122 - - default default] 10.0.0.160 "POST /v2.0/subnets HTTP/1.1" status: 201 len: 821 time: 0.3893461
