2026-05-10 02:03:35.824 9 ERROR neutron_lib.callbacks.manager [None req-00b380e4-d3db-4965-99c1-d2053942b9e7 2eadc069badd4dd59c05b69be73da9df 95d9032d0a0f43a1a94621873e1e6122 - - default default] Error during notification for neutron.services.ovn_l3.plugin.OVNL3RouterPlugin._port_update-8745738097391 port, after_update: ovsdbapp.backend.ovs_idl.idlutils.RowNotFound: Cannot find Logical_Router_Port with name=lrp-729a2af3-e9b0-49ef-a174-d87cf9d9e110
2026-05-10 02:03:35.824 9 ERROR neutron_lib.callbacks.manager
Traceback (most recent call last):
2026-05-10 02:03:35.824 9 ERROR neutron_lib.callbacks.manager
File "/var/lib/openstack/lib/python3.10/site-packages/neutron_lib/callbacks/manager.py", line 189, in _notify_loop
2026-05-10 02:03:35.824 9 ERROR neutron_lib.callbacks.manager callback.method(resource, event, trigger, payload=payload)
2026-05-10 02:03:35.824 9 ERROR neutron_lib.callbacks.manager
File "/var/lib/openstack/lib/python3.10/site-packages/neutron/services/ovn_l3/plugin.py", line 391, in _port_update
2026-05-10 02:03:35.824 9 ERROR neutron_lib.callbacks.manager l3plugin._ovn_client.update_router_port(context,
2026-05-10 02:03:35.824 9 ERROR neutron_lib.callbacks.manager
File "/var/lib/openstack/lib/python3.10/site-packages/neutron/plugins/ml2/drivers/ovn/mech_driver/ovsdb/ovn_client.py", line 1878, in update_router_port
2026-05-10 02:03:35.824 9 ERROR neutron_lib.callbacks.manager self._update_lrouter_port(context, port, if_exists=if_exists,
2026-05-10 02:03:35.824 9 ERROR neutron_lib.callbacks.manager
File "/var/lib/openstack/lib/python3.10/site-packages/neutron/plugins/ml2/drivers/ovn/mech_driver/ovsdb/ovn_client.py", line 1855, in _update_lrouter_port
2026-05-10 02:03:35.824 9 ERROR neutron_lib.callbacks.manager external_ids = self._nb_idl.db_get(
2026-05-10 02:03:35.824 9 ERROR neutron_lib.callbacks.manager
File "/var/lib/openstack/lib/python3.10/site-packages/ovsdbapp/backend/ovs_idl/command.py", line 47, in execute
2026-05-10 02:03:35.824 9 ERROR neutron_lib.callbacks.manager self.run_idl(None)
2026-05-10 02:03:35.824 9 ERROR neutron_lib.callbacks.manager
File "/var/lib/openstack/lib/python3.10/site-packages/ovsdbapp/backend/ovs_idl/command.py", line 235, in run_idl
2026-05-10 02:03:35.824 9 ERROR neutron_lib.callbacks.manager record = self.api.lookup(self.table, self.record)
2026-05-10 02:03:35.824 9 ERROR neutron_lib.callbacks.manager
File "/var/lib/openstack/lib/python3.10/site-packages/ovsdbapp/backend/ovs_idl/__init__.py", line 184, in lookup
2026-05-10 02:03:35.824 9 ERROR neutron_lib.callbacks.manager return self._lookup(table, record)
2026-05-10 02:03:35.824 9 ERROR neutron_lib.callbacks.manager
File "/var/lib/openstack/lib/python3.10/site-packages/ovsdbapp/backend/ovs_idl/__init__.py", line 235, in _lookup
2026-05-10 02:03:35.824 9 ERROR neutron_lib.callbacks.manager row = idlutils.row_by_value(self, rl.table, rl.column, record)
2026-05-10 02:03:35.824 9 ERROR neutron_lib.callbacks.manager
File "/var/lib/openstack/lib/python3.10/site-packages/ovsdbapp/backend/ovs_idl/idlutils.py", line 114, in row_by_value
2026-05-10 02:03:35.824 9 ERROR neutron_lib.callbacks.manager raise RowNotFound(table=table, col=column, match=match)
2026-05-10 02:03:35.824 9 ERROR neutron_lib.callbacks.manager ovsdbapp.backend.ovs_idl.idlutils.RowNotFound: Cannot find Logical_Router_Port with name=lrp-729a2af3-e9b0-49ef-a174-d87cf9d9e110
2026-05-10 02:03:35.824 9 ERROR neutron_lib.callbacks.manager 
2026-05-10 02:03:35.827 10 INFO neutron.wsgi [None req-a0594f0d-213b-453b-a795-5d7febb20b3d adfe2bbdd64c46d38104bef038d4810c dbac429499814596a338bd613a69e670 - - default default] 10.0.0.160 "POST /v2.0/subnets HTTP/1.1" status: 201 len: 801 time: 0.8481524
2026-05-10 02:03:35.982 9 INFO neutron.plugins.ml2.drivers.ovn.mech_driver.mech_driver [None req-19072341-a9ee-4646-9c5a-7059975f3612 - - - - - -] OVN reports status up for port: 729a2af3-e9b0-49ef-a174-d87cf9d9e110
2026-05-10 02:03:35.999 9 INFO neutron.plugins.ml2.plugin [None req-19072341-a9ee-4646-9c5a-7059975f3612 - - - - - -] Attempt 1 to provision port 729a2af3-e9b0-49ef-a174-d87cf9d9e110
2026-05-10 02:03:36.024 9 INFO neutron.db.ovn_revision_numbers_db [None req-00b380e4-d3db-4965-99c1-d2053942b9e7 2eadc069badd4dd59c05b69be73da9df 95d9032d0a0f43a1a94621873e1e6122 - - default default] Successfully bumped revision number for resource 729a2af3-e9b0-49ef-a174-d87cf9d9e110 (type: ports) to 1
2026-05-10 02:03:36.100 9 WARNING neutron.scheduler.dhcp_agent_scheduler [None req-00b380e4-d3db-4965-99c1-d2053942b9e7 2eadc069badd4dd59c05b69be73da9df 95d9032d0a0f43a1a94621873e1e6122 - - default default] No more DHCP agents
2026-05-10 02:03:36.104 9 WARNING neutron.api.rpc.agentnotifiers.dhcp_rpc_agent_api [None req-00b380e4-d3db-4965-99c1-d2053942b9e7 2eadc069badd4dd59c05b69be73da9df 95d9032d0a0f43a1a94621873e1e6122 - - default default] Unable to schedule network 15a767f6-369c-42c9-be12-72caf8d2b74a: no agents available; will retry on subsequent port and subnet creation events.
2026-05-10 02:03:36.190 10 INFO neutron.db.ovn_revision_numbers_db [None req-42989172-ec18-49b9-a040-b327dc0cb147 adfe2bbdd64c46d38104bef038d4810c dbac429499814596a338bd613a69e670 - - default default] Successfully bumped revision number for resource ef1c2ee5-fb41-4333-a451-d89d9496fe57 (type: subnets) to 1
2026-05-10 02:03:36.194 10 INFO neutron.wsgi [None req-42989172-ec18-49b9-a040-b327dc0cb147 adfe2bbdd64c46d38104bef038d4810c dbac429499814596a338bd613a69e670 - - default default] 10.0.0.160 "PUT /v2.0/subnets/ef1c2ee5-fb41-4333-a451-d89d9496fe57 HTTP/1.1" status: 200 len: 806 time: 0.3624392
2026-05-10 02:03:36.292 9 INFO neutron.db.ovn_revision_numbers_db [None req-00b380e4-d3db-4965-99c1-d2053942b9e7 2eadc069badd4dd59c05b69be73da9df 95d9032d0a0f43a1a94621873e1e6122 - - default default] Successfully bumped revision number for resource 729a2af3-e9b0-49ef-a174-d87cf9d9e110 (type: router_ports) to 1
2026-05-10 02:03:36.297 9 INFO neutron.wsgi [None req-00b380e4-d3db-4965-99c1-d2053942b9e7 2eadc069badd4dd59c05b69be73da9df 95d9032d0a0f43a1a94621873e1e6122 - - default default] 10.0.0.160 "PUT /v2.0/routers/d2c03fef-9f7a-426b-a537-30ad42ff8253/add_router_interface HTTP/1.1" status: 200 len: 503 time: 1.8529651
2026-05-10 02:03:36.424 9 INFO neutron.wsgi [None req-676588db-3bcf-4101-8ba6-449dd898d4b6 2eadc069badd4dd59c05b69be73da9df 95d9032d0a0f43a1a94621873e1e6122 - - default default] 10.0.0.160 "GET /v2.0/ports/729a2af3-e9b0-49ef-a174-d87cf9d9e110 HTTP/1.1" status: 200 len: 1149 time: 0.1208534
2026-05-10 02:03:36.470 9 INFO neutron.wsgi [None req-71409a24-2eac-4891-9105-1e7807ee2daa 2eadc069badd4dd59c05b69be73da9df 95d9032d0a0f43a1a94621873e1e6122 - - default default] 10.0.0.160 "GET /v2.0/ports/729a2af3-e9b0-49ef-a174-d87cf9d9e110 HTTP/1.1" status: 200 len: 1149 time: 0.0414596
2026-05-10 02:03:36.515 9 INFO neutron.db.ovn_revision_numbers_db [None req-19072341-a9ee-4646-9c5a-7059975f3612 - - - - - -] Successfully bumped revision number for resource 729a2af3-e9b0-49ef-a174-d87cf9d9e110 (type: ports) to 2
2026-05-10 02:03:36.735 10 INFO neutron.services.segments.plugin [-] Segment 412684ac-be23-435c-a421-a269d54eccb5 resource provider aggregate not found
2026-05-10 02:03:36.742 10 INFO neutron.services.segments.plugin [-] Segment 412684ac-be23-435c-a421-a269d54eccb5 resource provider aggregate not found
2026-05-10 02:03:36.752 10 INFO neutron.services.segments.plugin [-] Segment 412684ac-be23-435c-a421-a269d54eccb5 resource provider not found; error: Placement Client Error (4xx): {"errors": [{"status": 404, "title": "Not Found", "detail": "The resource could not be found.\n\n No resource provider with uuid 412684ac-be23-435c-a421-a269d54eccb5 found for delete ", "request_id": "req-daedc74c-885d-4ffe-b154-03985348c4f7"}]}
2026-05-10 02:03:36.761 10 INFO neutron.services.segments.plugin [-] Segment 412684ac-be23-435c-a421-a269d54eccb5 resource provider not found; error: Placement Client Error (4xx): {"errors": [{"status": 404, "title": "Not Found", "detail": "The resource could not be found.\n\n No resource provider with uuid 412684ac-be23-435c-a421-a269d54eccb5 found for delete ", "request_id": "req-b7844a32-a4b5-44bb-b866-6467d08d370a"}]}
2026-05-10 02:03:36.770 10 INFO neutron.wsgi [None req-28887b4e-b02a-4a8a-85af-118cf160a250 adfe2bbdd64c46d38104bef038d4810c dbac429499814596a338bd613a69e670 - - default default] 10.0.0.160 "DELETE /v2.0/networks/113bd76c-d248-41e3-8345-03008cf839a5 HTTP/1.1" status: 204 len: 168 time: 0.5709598
2026-05-10 02:03:36.788 10 INFO neutron.pecan_wsgi.hooks.translation [None req-d48399dc-d076-45e6-8000-38a83775ecad adfe2bbdd64c46d38104bef038d4810c dbac429499814596a338bd613a69e670 - - default default] DELETE failed (client error): The resource could not be found.
2026-05-10 02:03:36.790 10 INFO neutron.wsgi [None req-d48399dc-d076-45e6-8000-38a83775ecad adfe2bbdd64c46d38104bef038d4810c dbac429499814596a338bd613a69e670 - - default default] 10.0.0.160 "DELETE /v2.0/networks/113bd76c-d248-41e3-8345-03008cf839a5 HTTP/1.1" status: 404 len: 339 time: 0.0145426
2026-05-10 02:03:36.893 10 INFO neutron.wsgi [None req-19862541-d522-4013-b059-a299ee3d60e7 adfe2bbdd64c46d38104bef038d4810c dbac429499814596a338bd613a69e670 - - default default] 10.0.0.160 "GET /v2.0/networks?router%3Aexternal=True HTTP/1.1" status: 200 len: 845 time: 0.0948346
2026-05-10 02:03:36.899 9 INFO neutron.db.ovn_revision_numbers_db [None req-19072341-a9ee-4646-9c5a-7059975f3612 - - - - - -] Successfully bumped revision number for resource 729a2af3-e9b0-49ef-a174-d87cf9d9e110 (type: router_ports) to 2
2026-05-10 02:03:36.943 10 INFO neutron.wsgi [None req-aa5ea2c0-6ab4-4635-b3fb-52f6d992a383 adfe2bbdd64c46d38104bef038d4810c dbac429499814596a338bd613a69e670 - - default default] 10.0.0.160 "GET /v2.0/subnets?network_id=b246701a-2479-4ffc-8add-3b81c9f5633e HTTP/1.1" status: 200 len: 820 time: 0.0440686
2026-05-10 02:03:36.955 10 INFO neutron.wsgi [None req-d341fedb-178d-4125-8e48-ff7e5fd5d4be adfe2bbdd64c46d38104bef038d4810c dbac429499814596a338bd613a69e670 - - default default] 10.0.0.160 "GET /v2.0/extensions HTTP/1.1" status: 200 len: 18678 time: 0.0052865
2026-05-10 02:03:37.044 9 INFO neutron.wsgi [None req-13c54ce1-b15f-4aaa-a94c-2aabd80799cd adfe2bbdd64c46d38104bef038d4810c dbac429499814596a338bd613a69e670 - - default default] 10.0.0.160 "GET /v2.0/networks HTTP/1.1" status: 200 len: 1503 time: 0.0833311
2026-05-10 02:03:37.090 10 INFO neutron.wsgi [None req-fd25152f-178e-4c51-9565-7c8f356a8b1a adfe2bbdd64c46d38104bef038d4810c dbac429499814596a338bd613a69e670 - - default default] 10.0.0.160 "GET /v2.0/subnets HTTP/1.1" status: 200 len: 1428 time: 0.0385039
2026-05-10 02:03:37.175 9 INFO neutron.wsgi [None req-08320331-6a08-43ef-8740-c6dbb41c367d adfe2bbdd64c46d38104bef038d4810c dbac429499814596a338bd613a69e670 - - default default] 10.0.0.160 "GET /v2.0/networks/91375200-eaba-4936-8fe8-776d3eaf1130 HTTP/1.1" status: 200 len: 862 time: 0.0765622
2026-05-10 02:03:37.221 10 INFO neutron.wsgi [None req-74ed749a-bf49-4c22-acc8-74553fffffa7 adfe2bbdd64c46d38104bef038d4810c dbac429499814596a338bd613a69e670 - - default default] 10.0.0.160 "GET /v2.0/subnets/c9183b64-5205-454d-8eda-5ea45851eaf9 HTTP/1.1" status: 200 len: 811 time: 0.0379281
2026-05-10 02:03:37.242 10 INFO neutron.pecan_wsgi.hooks.translation [None req-d4565c1c-ff59-4fd5-a81e-fe49349d47ce adfe2bbdd64c46d38104bef038d4810c dbac429499814596a338bd613a69e670 - - default default] DELETE failed (client error): The resource could not be found.
2026-05-10 02:03:37.244 10 INFO neutron.wsgi [None req-d4565c1c-ff59-4fd5-a81e-fe49349d47ce adfe2bbdd64c46d38104bef038d4810c dbac429499814596a338bd613a69e670 - - default default] 10.0.0.160 "DELETE /v2.0/subnets/ef1c2ee5-fb41-4333-a451-d89d9496fe57 HTTP/1.1" status: 404 len: 337 time: 0.0167935
2026-05-10 02:03:37.262 10 INFO neutron.pecan_wsgi.hooks.translation [None req-003e180a-ccb6-44ae-b4f3-a62e3de5523a adfe2bbdd64c46d38104bef038d4810c dbac429499814596a338bd613a69e670 - - default default] DELETE failed (client error): The resource could not be found.
2026-05-10 02:03:37.265 10 INFO neutron.wsgi [None req-003e180a-ccb6-44ae-b4f3-a62e3de5523a adfe2bbdd64c46d38104bef038d4810c dbac429499814596a338bd613a69e670 - - default default] 10.0.0.160 "DELETE /v2.0/networks/113bd76c-d248-41e3-8345-03008cf839a5 HTTP/1.1" status: 404 len: 339 time: 0.0174813
2026-05-10 02:03:37.480 10 INFO neutron.wsgi [None req-cba076f2-cda4-4e23-b2ac-15a41b3e117f adfe2bbdd64c46d38104bef038d4810c dbac429499814596a338bd613a69e670 - - default default] 10.0.0.160 "DELETE /v2.0/subnets/c9183b64-5205-454d-8eda-5ea45851eaf9 HTTP/1.1" status: 204 len: 168 time: 0.2103360
2026-05-10 02:03:37.483 9 INFO neutron.wsgi [None req-e5a1762b-25b5-4951-9ac9-6aad7ff537e5 2eadc069badd4dd59c05b69be73da9df 95d9032d0a0f43a1a94621873e1e6122 - - default default] 10.0.0.160 "PUT /v2.0/routers/d2c03fef-9f7a-426b-a537-30ad42ff8253/remove_router_interface HTTP/1.1" status: 200 len: 503 time: 1.0070362 /var/lib/openstack/lib/python3.10/site-packages/pycadf/identifier.py:71: UserWarning: Invalid uuid: neutron. To ensure interoperability, identifiers should be a valid uuid. warnings.warn(('Invalid uuid: %s. To ensure interoperability, '
2026-05-10 02:03:37.524 9 INFO neutron.wsgi [None req-1eced0fe-6ee3-47ce-adde-bbab29204e23 2eadc069badd4dd59c05b69be73da9df 95d9032d0a0f43a1a94621873e1e6122 - - default default] 10.0.0.160 "GET /v2.0/ports/f7688698-1060-4e47-b890-0749060bd699 HTTP/1.1" status: 200 len: 1141 time: 0.0387232
2026-05-10 02:03:37.906 10 INFO neutron.wsgi [None req-a8fd0660-7f42-48d6-a9d1-d06f8fcf9fee adfe2bbdd64c46d38104bef038d4810c dbac429499814596a338bd613a69e670 - - default default] 10.0.0.160 "DELETE /v2.0/networks/91375200-eaba-4936-8fe8-776d3eaf1130 HTTP/1.1" status: 204 len: 168 time: 0.4207456
2026-05-10 02:03:38.246 9 INFO neutron.wsgi [None req-1458f378-b546-4d9f-96ed-e45750c5285e 2eadc069badd4dd59c05b69be73da9df 95d9032d0a0f43a1a94621873e1e6122 - - default default] 10.0.0.160 "PUT /v2.0/routers/d2c03fef-9f7a-426b-a537-30ad42ff8253/remove_router_interface HTTP/1.1" status: 200 len: 503 time: 0.7173171 /var/lib/openstack/lib/python3.10/site-packages/pycadf/identifier.py:71: UserWarning: Invalid uuid: neutron. To ensure interoperability, identifiers should be a valid uuid. warnings.warn(('Invalid uuid: %s. To ensure interoperability, '
2026-05-10 02:03:38.284 9 INFO neutron.wsgi [None req-7fadd5f2-8356-4d24-a5f9-dacbf295e711 2eadc069badd4dd59c05b69be73da9df 95d9032d0a0f43a1a94621873e1e6122 - - default default] 10.0.0.160 "GET /v2.0/ports?device_id=d2c03fef-9f7a-426b-a537-30ad42ff8253 HTTP/1.1" status: 200 len: 205 time: 0.0311725
2026-05-10 02:03:38.534 10 INFO neutron.wsgi [None req-5abf60e1-bc83-4b9f-8949-a7694e9b8a92 868280d2e70c4f0ea9ff15eeaa097b35 487411658de8464f9606419cad3de3f7 - - default default] 10.0.0.160 "GET /v2.0/security-groups?tenant_id=dbac429499814596a338bd613a69e670&name=default HTTP/1.1" status: 200 len: 3120 time: 0.1330721
2026-05-10 02:03:38.541 9 INFO neutron.wsgi [None req-f12dc165-a9ed-4b2c-8627-8e4e1197a2f0 2eadc069badd4dd59c05b69be73da9df 95d9032d0a0f43a1a94621873e1e6122 - - default default] 10.0.0.160 "DELETE /v2.0/routers/d2c03fef-9f7a-426b-a537-30ad42ff8253 HTTP/1.1" status: 204 len: 168 time: 0.2507658
2026-05-10 02:03:38.776 10 INFO neutron.services.segments.plugin [-] Segment 838944ee-55d3-4a5e-8bfe-6509bb8197f3 resource provider aggregate not found
2026-05-10 02:03:38.782 10 INFO neutron.services.segments.plugin [-] Segment 838944ee-55d3-4a5e-8bfe-6509bb8197f3 resource provider aggregate not found
2026-05-10 02:03:38.803 10 INFO neutron.services.segments.plugin [-] Segment 838944ee-55d3-4a5e-8bfe-6509bb8197f3 resource provider not found; error: Placement Client Error (4xx): {"errors": [{"status": 404, "title": "Not Found", "detail": "The resource could not be found.\n\n No resource provider with uuid 838944ee-55d3-4a5e-8bfe-6509bb8197f3 found for delete ", "request_id": "req-1a14c2b2-2b1a-498b-9840-5833fb8bb0ec"}]}
2026-05-10 02:03:38.808 10 INFO neutron.wsgi [None req-bf2af4b9-8722-471e-81cb-331d7460ea41 2eadc069badd4dd59c05b69be73da9df 95d9032d0a0f43a1a94621873e1e6122 - - default default] 10.0.0.160 "DELETE /v2.0/subnets/10ff5cb4-b8e2-4998-9a52-d04165cd175b HTTP/1.1" status: 204 len: 168 time: 0.2635090
2026-05-10 02:03:38.813 10 INFO neutron.services.segments.plugin [-] Segment 838944ee-55d3-4a5e-8bfe-6509bb8197f3 resource provider not found; error: Placement Client Error (4xx): {"errors": [{"status": 404, "title": "Not Found", "detail": "The resource could not be found.\n\n No resource provider with uuid 838944ee-55d3-4a5e-8bfe-6509bb8197f3 found for delete ", "request_id": "req-05091d2c-cfae-45da-bb62-5f06b46d35b1"}]}
2026-05-10 02:03:38.899 10 INFO neutron.wsgi [None req-3414e5f2-2721-47f8-b055-41a7882cd721 868280d2e70c4f0ea9ff15eeaa097b35 487411658de8464f9606419cad3de3f7 - - default default] 10.0.0.160 "DELETE /v2.0/security-groups/f2c4a611-f068-411a-819d-f355f5e787a6 HTTP/1.1" status: 204 len: 168 time: 0.3609476
2026-05-10 02:03:38.993 10 INFO neutron.wsgi [None req-06235d35-2c49-4eae-8a8d-755cfe118aa5 2eadc069badd4dd59c05b69be73da9df 95d9032d0a0f43a1a94621873e1e6122 - - default default] 10.0.0.160 "DELETE /v2.0/subnets/b8a18bc5-30ea-4374-a654-a65bd7fbc26c HTTP/1.1" status: 204 len: 168 time: 0.1781368
2026-05-10 02:03:39.526 9 INFO neutron.db.ovn_revision_numbers_db [None req-e2268099-0f99-4a20-bca7-01a1a2e93512 868280d2e70c4f0ea9ff15eeaa097b35 487411658de8464f9606419cad3de3f7 - - default default] Successfully bumped revision number for resource 681e6339-3b09-47de-bf71-da031c964941 (type: security_groups) to 1
2026-05-10 02:03:39.539 9 INFO neutron.db.ovn_revision_numbers_db [None req-e2268099-0f99-4a20-bca7-01a1a2e93512 868280d2e70c4f0ea9ff15eeaa097b35 487411658de8464f9606419cad3de3f7 - - default default] Successfully bumped revision number for resource 49abed56-2e09-4140-b143-858335124bdb (type: security_group_rules) to 0
2026-05-10 02:03:39.557 9 INFO neutron.db.ovn_revision_numbers_db [None req-e2268099-0f99-4a20-bca7-01a1a2e93512 868280d2e70c4f0ea9ff15eeaa097b35 487411658de8464f9606419cad3de3f7 - - default default] Successfully bumped revision number for resource 69cadc4c-ec57-4905-bd83-9706654858bf (type: security_group_rules) to 0
2026-05-10 02:03:39.570 9 INFO neutron.db.ovn_revision_numbers_db [None req-e2268099-0f99-4a20-bca7-01a1a2e93512 868280d2e70c4f0ea9ff15eeaa097b35 487411658de8464f9606419cad3de3f7 - - default default] Successfully bumped revision number for resource 70b3d7b3-b76d-4640-9efa-2a9ae6ac4af8 (type: security_group_rules) to 0
2026-05-10 02:03:39.589 9 INFO neutron.db.ovn_revision_numbers_db [None req-e2268099-0f99-4a20-bca7-01a1a2e93512 868280d2e70c4f0ea9ff15eeaa097b35 487411658de8464f9606419cad3de3f7 - - default default] Successfully bumped revision number for resource a9de7521-eaab-438b-b67b-dfdf857e5ec4 (type: security_group_rules) to 0
2026-05-10 02:03:39.612 9 INFO neutron.wsgi [None req-e2268099-0f99-4a20-bca7-01a1a2e93512 868280d2e70c4f0ea9ff15eeaa097b35 487411658de8464f9606419cad3de3f7 - - default default] 10.0.0.160 "GET /v2.0/security-groups?tenant_id=f03c111a2a5a4dcf8847b3d926e76679&name=default HTTP/1.1" status: 200 len: 3120 time: 0.4283147
2026-05-10 02:03:39.684 10 INFO neutron.wsgi [None req-670f8d08-0f37-4fe7-b101-c103caf91020 2eadc069badd4dd59c05b69be73da9df 95d9032d0a0f43a1a94621873e1e6122 - - default default] 10.0.0.160 "DELETE /v2.0/networks/15a767f6-369c-42c9-be12-72caf8d2b74a HTTP/1.1" status: 204 len: 168 time: 0.6859031
2026-05-10 02:03:39.719 10 WARNING neutron.plugins.ml2.drivers.ovn.mech_driver.ovsdb.ovn_client [None req-03cd97d3-af92-482b-a084-515d42e34b97 - - - - - -] No port found with ID f7688698-1060-4e47-b890-0749060bd699: RuntimeError: No port found with ID f7688698-1060-4e47-b890-0749060bd699
2026-05-10 02:03:39.849 9 INFO neutron.wsgi [None req-26ded8a8-3b63-422e-a758-abac056119fb 868280d2e70c4f0ea9ff15eeaa097b35 487411658de8464f9606419cad3de3f7 - - default default] 10.0.0.160 "DELETE /v2.0/security-groups/681e6339-3b09-47de-bf71-da031c964941 HTTP/1.1" status: 204 len: 168 time: 0.2317481
2026-05-10 02:03:39.873 10 INFO neutron.wsgi [req-7dbf74ef-e81c-4f48-a43a-75834423ff71 req-8be0ff7b-ae88-4ad0-8ba9-1d67eeb87872 08135a990aec41cf92b88df9c00186d7 848f65fb002d4f7f9bec149e2ec0be33 - - 908a0eee66af4cfd9cfd2a7ebc985eb7 908a0eee66af4cfd9cfd2a7ebc985eb7] 10.0.0.247 "GET /v2.0/ports?device_id=9b88a9e1-9e34-467e-bf55-de37ee3350e1 HTTP/1.1" status: 200 len: 1409 time: 0.0392129
2026-05-10 02:03:39.956 10 INFO neutron.wsgi [req-7dbf74ef-e81c-4f48-a43a-75834423ff71 req-6eae54e6-6ebd-4ce4-bff7-d7f20eda8f76 08135a990aec41cf92b88df9c00186d7 848f65fb002d4f7f9bec149e2ec0be33 - - 908a0eee66af4cfd9cfd2a7ebc985eb7 908a0eee66af4cfd9cfd2a7ebc985eb7] 10.0.0.247 "GET /v2.0/security-groups?id=a2bdc5a4-8db5-421f-9ff0-9f9ffcb49d5e&fields=id&fields=name HTTP/1.1" status: 200 len: 312 time: 0.0757148
2026-05-10 02:03:40.236 10 INFO neutron.wsgi [None req-600a59aa-7199-4cb5-b7db-a9fe0f8784a5 2eadc069badd4dd59c05b69be73da9df 95d9032d0a0f43a1a94621873e1e6122 - - default default] 10.0.0.160 "DELETE /v2.0/networks/fcdb9088-cf52-400e-bb27-44dbaa2286c0 HTTP/1.1" status: 204 len: 168 time: 0.5403748
2026-05-10 02:03:40.253 9 WARNING neutron_lib.context [None req-758e59d9-2429-42ec-9368-52a4b02d4b39 2eadc069badd4dd59c05b69be73da9df 95d9032d0a0f43a1a94621873e1e6122 - - default default] Method 'is_advsvc' is deprecated since 2023.2 release (neutron-lib 3.8.0) and will be removed once support for the old RBAC API policies will be removed from Neutron. Please use method 'is_service_role' instead.
2026-05-10 02:03:40.358 9 INFO neutron.db.segments_db [None req-758e59d9-2429-42ec-9368-52a4b02d4b39 2eadc069badd4dd59c05b69be73da9df 95d9032d0a0f43a1a94621873e1e6122 - - default default] Added segment de45edbc-7fcb-4b16-a911-03c42d8b9e3c of type geneve for network e874dd79-c54b-4a74-b96b-41a37dd5114c
2026-05-10 02:03:40.520 9 INFO neutron.db.ovn_revision_numbers_db [None req-758e59d9-2429-42ec-9368-52a4b02d4b39 2eadc069badd4dd59c05b69be73da9df 95d9032d0a0f43a1a94621873e1e6122 - - default default] Successfully bumped revision number for resource e874dd79-c54b-4a74-b96b-41a37dd5114c (type: networks) to 1
2026-05-10 02:03:40.724 9 WARNING neutron.scheduler.dhcp_agent_scheduler [None req-758e59d9-2429-42ec-9368-52a4b02d4b39 2eadc069badd4dd59c05b69be73da9df 95d9032d0a0f43a1a94621873e1e6122 - - default default] No more DHCP agents
2026-05-10 02:03:40.727 9 WARNING neutron.api.rpc.agentnotifiers.dhcp_rpc_agent_api [None req-758e59d9-2429-42ec-9368-52a4b02d4b39 2eadc069badd4dd59c05b69be73da9df 95d9032d0a0f43a1a94621873e1e6122 - - default default] Unable to schedule network e874dd79-c54b-4a74-b96b-41a37dd5114c: no agents available; will retry on subsequent port and subnet creation events.
2026-05-10 02:03:40.822 9 INFO neutron.db.ovn_revision_numbers_db [None req-758e59d9-2429-42ec-9368-52a4b02d4b39 2eadc069badd4dd59c05b69be73da9df 95d9032d0a0f43a1a94621873e1e6122 - - default default] Successfully bumped revision number for resource fcd4e588-28df-4dfd-9908-4a8190a43f72 (type: ports) to 1
2026-05-10 02:03:40.824 10 INFO neutron.services.segments.plugin [-] Segment 253924fb-37b0-4b24-ac75-6d6b8a44743f resource provider aggregate not found
2026-05-10 02:03:40.828 10 INFO neutron.services.segments.plugin [-] Segment 253924fb-37b0-4b24-ac75-6d6b8a44743f resource provider aggregate not found
2026-05-10 02:03:40.838 10 INFO neutron.services.segments.plugin [-] Segment 253924fb-37b0-4b24-ac75-6d6b8a44743f resource provider not found; error: Placement Client Error (4xx): {"errors": [{"status": 404, "title": "Not Found", "detail": "The resource could not be found.\n\n No resource provider with uuid 253924fb-37b0-4b24-ac75-6d6b8a44743f found for delete ", "request_id": "req-7fb490b1-83d1-4ce5-a783-4affe240bbe8"}]}
2026-05-10 02:03:40.841 10 INFO neutron.services.segments.plugin [-] Segment 253924fb-37b0-4b24-ac75-6d6b8a44743f resource provider not found; error: Placement Client Error (4xx): {"errors": [{"status": 404, "title": "Not Found", "detail": "The resource could not be found.\n\n No resource provider with uuid 253924fb-37b0-4b24-ac75-6d6b8a44743f found for delete ", "request_id": "req-21f9af2b-aaa4-4c7e-902a-ed5493a2c48b"}]}
2026-05-10 02:03:40.848 9 INFO neutron.wsgi [None req-758e59d9-2429-42ec-9368-52a4b02d4b39 2eadc069badd4dd59c05b69be73da9df 95d9032d0a0f43a1a94621873e1e6122 - - default default] 10.0.0.160 "POST /v2.0/networks HTTP/1.1" status: 201 len: 833 time: 0.6022587
2026-05-10 02:03:40.850 10 INFO neutron.services.segments.plugin [-] Segment 23e6402a-64b1-47e1-883f-84903e9e40dc resource provider aggregate not found
2026-05-10 02:03:40.853 10 INFO neutron.services.segments.plugin [-] Segment 23e6402a-64b1-47e1-883f-84903e9e40dc resource provider aggregate not found
2026-05-10 02:03:40.861 9 WARNING neutron_lib.context [None req-e26e8c63-80cb-40a0-8768-9da897e9f2e9 2eadc069badd4dd59c05b69be73da9df 95d9032d0a0f43a1a94621873e1e6122 - - default default] Method 'is_advsvc' is deprecated since 2023.2 release (neutron-lib 3.8.0) and will be removed once support for the old RBAC API policies will be removed from Neutron. Please use method 'is_service_role' instead.
2026-05-10 02:03:40.864 10 INFO neutron.services.segments.plugin [-] Segment 23e6402a-64b1-47e1-883f-84903e9e40dc resource provider not found; error: Placement Client Error (4xx): {"errors": [{"status": 404, "title": "Not Found", "detail": "The resource could not be found.\n\n No resource provider with uuid 23e6402a-64b1-47e1-883f-84903e9e40dc found for delete ", "request_id": "req-d5891d98-5b62-4f5a-a110-0b60217a3e90"}]}
2026-05-10 02:03:40.867 10 INFO neutron.services.segments.plugin [-] Segment 23e6402a-64b1-47e1-883f-84903e9e40dc resource provider not found; error: Placement Client Error (4xx): {"errors": [{"status": 404, "title": "Not Found", "detail": "The resource could not be found.\n\n No resource provider with uuid 23e6402a-64b1-47e1-883f-84903e9e40dc found for delete ", "request_id": "req-281ff711-91f6-49fb-990a-278e96304cb3"}]}
2026-05-10 02:03:40.967 10 WARNING neutron_lib.context [None req-c1cd8bef-670a-466b-be8e-a3b428b471a4 fff2e1c14d7e40c481920dce29819ab8 e2d58855d9ed4c0bb920e686a7020501 - - default default] Method 'is_advsvc' is deprecated since 2023.2 release (neutron-lib 3.8.0) and will be removed once support for the old RBAC API policies will be removed from Neutron. Please use method 'is_service_role' instead.
2026-05-10 02:03:41.127 10 INFO neutron.db.ovn_revision_numbers_db [None req-c1cd8bef-670a-466b-be8e-a3b428b471a4 fff2e1c14d7e40c481920dce29819ab8 e2d58855d9ed4c0bb920e686a7020501 - - default default] Successfully bumped revision number for resource f023cc5f-132c-4ca1-9845-1ae668d8c7bb (type: security_groups) to 1
2026-05-10 02:03:41.139 10 INFO neutron.db.ovn_revision_numbers_db [None req-c1cd8bef-670a-466b-be8e-a3b428b471a4 fff2e1c14d7e40c481920dce29819ab8 e2d58855d9ed4c0bb920e686a7020501 - - default default] Successfully bumped revision number for resource 40167acf-dea6-46a1-989e-585f7fd7dde0 (type: security_group_rules) to 0
2026-05-10 02:03:41.149 10 INFO neutron.db.ovn_revision_numbers_db [None req-c1cd8bef-670a-466b-be8e-a3b428b471a4 fff2e1c14d7e40c481920dce29819ab8 e2d58855d9ed4c0bb920e686a7020501 - - default default] Successfully bumped revision number for resource 42a11fb9-666e-4509-8b54-ce0eec227ef8 (type: security_group_rules) to 0
2026-05-10 02:03:41.164 10 INFO neutron.db.ovn_revision_numbers_db [None req-c1cd8bef-670a-466b-be8e-a3b428b471a4 fff2e1c14d7e40c481920dce29819ab8 e2d58855d9ed4c0bb920e686a7020501 - - default default] Successfully bumped revision number for resource 7d7d500f-1c72-46c0-aa19-3b11f476d060 (type: security_group_rules) to 0
2026-05-10 02:03:41.180 10 INFO neutron.db.ovn_revision_numbers_db [None req-c1cd8bef-670a-466b-be8e-a3b428b471a4 fff2e1c14d7e40c481920dce29819ab8 e2d58855d9ed4c0bb920e686a7020501 - - default default] Successfully bumped revision number for resource e5e8034d-ad37-4bf0-8ade-f7cd4edf13fc (type: security_group_rules) to 0
2026-05-10 02:03:41.238 10 INFO neutron.db.segments_db [None req-c1cd8bef-670a-466b-be8e-a3b428b471a4 fff2e1c14d7e40c481920dce29819ab8 e2d58855d9ed4c0bb920e686a7020501 - - default default] Added segment 86557504-78d6-4975-9b1c-333a276345ed of type geneve for network a52c5307-d805-4b7c-9036-379e2edcf29f
2026-05-10 02:03:41.342 9 WARNING neutron.scheduler.dhcp_agent_scheduler [None req-e26e8c63-80cb-40a0-8768-9da897e9f2e9 2eadc069badd4dd59c05b69be73da9df 95d9032d0a0f43a1a94621873e1e6122 - - default default] No more DHCP agents
2026-05-10 02:03:41.344 9 WARNING neutron.api.rpc.agentnotifiers.dhcp_rpc_agent_api [None req-e26e8c63-80cb-40a0-8768-9da897e9f2e9 2eadc069badd4dd59c05b69be73da9df 95d9032d0a0f43a1a94621873e1e6122 - - default default] Unable to schedule network e874dd79-c54b-4a74-b96b-41a37dd5114c: no agents available; will retry on subsequent port and subnet creation events.
2026-05-10 02:03:41.383 10 INFO neutron.db.ovn_revision_numbers_db [None req-c1cd8bef-670a-466b-be8e-a3b428b471a4 fff2e1c14d7e40c481920dce29819ab8 e2d58855d9ed4c0bb920e686a7020501 - - default default] Successfully bumped revision number for resource a52c5307-d805-4b7c-9036-379e2edcf29f (type: networks) to 1
2026-05-10 02:03:41.385 9 INFO neutron.db.ovn_revision_numbers_db [None req-e26e8c63-80cb-40a0-8768-9da897e9f2e9 2eadc069badd4dd59c05b69be73da9df 95d9032d0a0f43a1a94621873e1e6122 - - default default] Successfully bumped revision number for resource 9aeb3eea-d071-4ead-b4cd-41e3e2191351 (type: subnets) to 0
2026-05-10 02:03:41.401 9 INFO neutron.wsgi [None req-e26e8c63-80cb-40a0-8768-9da897e9f2e9 2eadc069badd4dd59c05b69be73da9df 95d9032d0a0f43a1a94621873e1e6122 - - default default] 10.0.0.160 "POST /v2.0/subnets HTTP/1.1" status: 201 len: 821 time: 0.5490761
2026-05-10 02:03:41.411 9 WARNING neutron_lib.context [None req-57706a05-d3aa-45a7-8a6e-028b377bd835 2eadc069badd4dd59c05b69be73da9df 95d9032d0a0f43a1a94621873e1e6122 - - default default] Method 'is_advsvc' is deprecated since 2023.2 release (neutron-lib 3.8.0) and will be removed once support for the old RBAC API policies will be removed from Neutron. Please use method 'is_service_role' instead.
2026-05-10 02:03:41.564 10 WARNING neutron.scheduler.dhcp_agent_scheduler [None req-c1cd8bef-670a-466b-be8e-a3b428b471a4 fff2e1c14d7e40c481920dce29819ab8 e2d58855d9ed4c0bb920e686a7020501 - - default default] No more DHCP agents
2026-05-10 02:03:41.566 10 WARNING neutron.api.rpc.agentnotifiers.dhcp_rpc_agent_api [None req-c1cd8bef-670a-466b-be8e-a3b428b471a4 fff2e1c14d7e40c481920dce29819ab8 e2d58855d9ed4c0bb920e686a7020501 - - default default] Unable to schedule network a52c5307-d805-4b7c-9036-379e2edcf29f: no agents available; will retry on subsequent port and subnet creation events.
2026-05-10 02:03:41.567 9 INFO neutron.db.ovn_revision_numbers_db [None req-57706a05-d3aa-45a7-8a6e-028b377bd835 2eadc069badd4dd59c05b69be73da9df 95d9032d0a0f43a1a94621873e1e6122 - - default default] Successfully bumped revision number for resource 64517fad-ea27-4a77-a2eb-96c54b3c5448 (type: routers) to 1
2026-05-10 02:03:41.583 9 INFO neutron.wsgi [None req-57706a05-d3aa-45a7-8a6e-028b377bd835 2eadc069badd4dd59c05b69be73da9df 95d9032d0a0f43a1a94621873e1e6122 - - default default] 10.0.0.160 "POST /v2.0/routers HTTP/1.1" status: 201 len: 805 time: 0.1766167
2026-05-10 02:03:41.594 9 WARNING neutron_lib.context [None req-234a24e1-bd2f-466e-9862-dd7aa31255da 2eadc069badd4dd59c05b69be73da9df 95d9032d0a0f43a1a94621873e1e6122 - - default default] Method 'is_advsvc' is deprecated since 2023.2 release (neutron-lib 3.8.0) and will be removed once support for the old RBAC API policies will be removed from Neutron. Please use method 'is_service_role' instead.
2026-05-10 02:03:41.649 10 INFO neutron.db.ovn_revision_numbers_db [None req-c1cd8bef-670a-466b-be8e-a3b428b471a4 fff2e1c14d7e40c481920dce29819ab8 e2d58855d9ed4c0bb920e686a7020501 - - default default] Successfully bumped revision number for resource 30788dff-1e55-44b6-9d41-e0cf9c1f5b6c (type: ports) to 1
2026-05-10 02:03:41.676 10 INFO neutron.wsgi [None req-c1cd8bef-670a-466b-be8e-a3b428b471a4 fff2e1c14d7e40c481920dce29819ab8 e2d58855d9ed4c0bb920e686a7020501 - - default default] 10.0.0.160 "POST /v2.0/networks HTTP/1.1" status: 201 len: 847 time: 0.9471178
2026-05-10 02:03:41.690 9 WARNING neutron_lib.context [None req-d9086a4b-af07-4bda-b79d-02fb0eb614da fff2e1c14d7e40c481920dce29819ab8 e2d58855d9ed4c0bb920e686a7020501 - - default default] Method 'is_advsvc' is deprecated since 2023.2 release (neutron-lib 3.8.0) and will be removed once support for the old RBAC API policies will be removed from Neutron. Please use method 'is_service_role' instead.
2026-05-10 02:03:41.719 9 WARNING neutron.plugins.ml2.drivers.ovn.mech_driver.ovsdb.ovn_client [None req-19072341-a9ee-4646-9c5a-7059975f3612 - - - - - -] No port found with ID 729a2af3-e9b0-49ef-a174-d87cf9d9e110: RuntimeError: No port found with ID 729a2af3-e9b0-49ef-a174-d87cf9d9e110
2026-05-10 02:03:41.928 9 INFO neutron.db.ovn_revision_numbers_db [None req-654b21cd-2433-403b-9907-ffa8d0fc68bb 868280d2e70c4f0ea9ff15eeaa097b35 487411658de8464f9606419cad3de3f7 - - default default] Successfully bumped revision number for resource 25260a6f-00e3-4326-b19a-5a361d7086a8 (type: security_groups) to 1
2026-05-10 02:03:41.962 9 INFO neutron.db.ovn_revision_numbers_db [None req-654b21cd-2433-403b-9907-ffa8d0fc68bb 868280d2e70c4f0ea9ff15eeaa097b35 487411658de8464f9606419cad3de3f7 - - default default] Successfully bumped revision number for resource 1b03342e-018d-4dc7-be65-0b51aff7d0ac (type: security_group_rules) to 0
2026-05-10 02:03:41.986 9 INFO neutron.db.ovn_revision_numbers_db [None req-654b21cd-2433-403b-9907-ffa8d0fc68bb 868280d2e70c4f0ea9ff15eeaa097b35 487411658de8464f9606419cad3de3f7 - - default default] Successfully bumped revision number for resource a856e381-941e-4e73-808b-8fb8966f6d99 (type: security_group_rules) to 0
2026-05-10 02:03:42.024 9 INFO neutron.db.ovn_revision_numbers_db [None req-654b21cd-2433-403b-9907-ffa8d0fc68bb 868280d2e70c4f0ea9ff15eeaa097b35 487411658de8464f9606419cad3de3f7 - - default default] Successfully bumped revision number for resource add1dabb-c2fd-4826-9db7-ba5cde5bfe34 (type: security_group_rules) to 0
2026-05-10 02:03:42.041 9 INFO neutron.db.ovn_revision_numbers_db [None req-654b21cd-2433-403b-9907-ffa8d0fc68bb 868280d2e70c4f0ea9ff15eeaa097b35 487411658de8464f9606419cad3de3f7 - - default default] Successfully bumped revision number for resource d1d07e77-5890-4bfe-8ad2-b941cc335676 (type: security_group_rules) to 0
2026-05-10 02:03:42.095 9 WARNING neutron.scheduler.dhcp_agent_scheduler [None req-d9086a4b-af07-4bda-b79d-02fb0eb614da fff2e1c14d7e40c481920dce29819ab8 e2d58855d9ed4c0bb920e686a7020501 - - default default] No more DHCP agents
2026-05-10 02:03:42.097 9 WARNING neutron.scheduler.dhcp_agent_scheduler [None req-234a24e1-bd2f-466e-9862-dd7aa31255da 2eadc069badd4dd59c05b69be73da9df 95d9032d0a0f43a1a94621873e1e6122 - - default default] No more DHCP agents
2026-05-10 02:03:42.099 9 WARNING neutron.api.rpc.agentnotifiers.dhcp_rpc_agent_api [None req-d9086a4b-af07-4bda-b79d-02fb0eb614da fff2e1c14d7e40c481920dce29819ab8 e2d58855d9ed4c0bb920e686a7020501 - - default default] Unable to schedule network a52c5307-d805-4b7c-9036-379e2edcf29f: no agents available; will retry on subsequent port and subnet creation events.
2026-05-10 02:03:42.101 9 INFO neutron.db.segments_db [None req-654b21cd-2433-403b-9907-ffa8d0fc68bb 868280d2e70c4f0ea9ff15eeaa097b35 487411658de8464f9606419cad3de3f7 - - default default] Added segment bf4ad286-a5f8-4cca-a78e-e143415991be of type geneve for network 802e2e40-99c3-4cf4-9397-77dff4295048
2026-05-10 02:03:42.102 9 WARNING neutron.api.rpc.agentnotifiers.dhcp_rpc_agent_api [None req-234a24e1-bd2f-466e-9862-dd7aa31255da 2eadc069badd4dd59c05b69be73da9df 95d9032d0a0f43a1a94621873e1e6122 - - default default] Unable to schedule network e874dd79-c54b-4a74-b96b-41a37dd5114c: no agents available; will retry on subsequent port and subnet creation events.
2026-05-10 02:03:42.293 9 INFO neutron.db.ovn_revision_numbers_db [None req-d9086a4b-af07-4bda-b79d-02fb0eb614da fff2e1c14d7e40c481920dce29819ab8 e2d58855d9ed4c0bb920e686a7020501 - - default default] Successfully bumped revision number for resource beebe709-2adb-41c5-895f-973cef9a3584 (type: ports) to 1
2026-05-10 02:03:42.349 9 INFO neutron.wsgi [None req-d9086a4b-af07-4bda-b79d-02fb0eb614da fff2e1c14d7e40c481920dce29819ab8 e2d58855d9ed4c0bb920e686a7020501 - - default default] 10.0.0.160 "POST /v2.0/ports HTTP/1.1" status: 201 len: 977 time: 0.6676648
2026-05-10 02:03:42.356 9 INFO neutron.db.ovn_revision_numbers_db [None req-234a24e1-bd2f-466e-9862-dd7aa31255da 2eadc069badd4dd59c05b69be73da9df 95d9032d0a0f43a1a94621873e1e6122 - - default default] Successfully bumped revision number for resource 72662fdc-19b4-442d-8276-5b171a05fc8c (type: ports) to 1 /var/lib/openstack/lib/python3.10/site-packages/pycadf/identifier.py:71: UserWarning: Invalid uuid: neutron. To ensure interoperability, identifiers should be a valid uuid. warnings.warn(('Invalid uuid: %s. To ensure interoperability, '
2026-05-10 02:03:42.360 9 WARNING neutron_lib.context [None req-f1dcdf09-de66-4748-8721-9de841fac88e fff2e1c14d7e40c481920dce29819ab8 e2d58855d9ed4c0bb920e686a7020501 - - default default] Method 'is_advsvc' is deprecated since 2023.2 release (neutron-lib 3.8.0) and will be removed once support for the old RBAC API policies will be removed from Neutron. Please use method 'is_service_role' instead.
2026-05-10 02:03:42.362 9 INFO neutron.db.ovn_revision_numbers_db [None req-654b21cd-2433-403b-9907-ffa8d0fc68bb 868280d2e70c4f0ea9ff15eeaa097b35 487411658de8464f9606419cad3de3f7 - - default default] Successfully bumped revision number for resource 802e2e40-99c3-4cf4-9397-77dff4295048 (type: networks) to 1
2026-05-10 02:03:42.398 9 INFO neutron.wsgi [None req-234a24e1-bd2f-466e-9862-dd7aa31255da 2eadc069badd4dd59c05b69be73da9df 95d9032d0a0f43a1a94621873e1e6122 - - default default] 10.0.0.160 "POST /v2.0/ports HTTP/1.1" status: 201 len: 1162 time: 0.8088014
2026-05-10 02:03:42.481 9 INFO neutron.db.segments_db [None req-f1dcdf09-de66-4748-8721-9de841fac88e fff2e1c14d7e40c481920dce29819ab8 e2d58855d9ed4c0bb920e686a7020501 - - default default] Added segment a41e492b-3560-478b-822d-8013cbdc6c6d of type geneve for network e0269d08-4ea1-491e-a78b-cd9f28dbc6fc
2026-05-10 02:03:42.591 9 WARNING neutron.scheduler.dhcp_agent_scheduler [None req-654b21cd-2433-403b-9907-ffa8d0fc68bb 868280d2e70c4f0ea9ff15eeaa097b35 487411658de8464f9606419cad3de3f7 - - default default] No more DHCP agents
2026-05-10 02:03:42.598 9 WARNING neutron.api.rpc.agentnotifiers.dhcp_rpc_agent_api [None req-654b21cd-2433-403b-9907-ffa8d0fc68bb 868280d2e70c4f0ea9ff15eeaa097b35 487411658de8464f9606419cad3de3f7 - - default default] Unable to schedule network 802e2e40-99c3-4cf4-9397-77dff4295048: no agents available; will retry on subsequent port and subnet creation events.
2026-05-10 02:03:42.682 9 INFO neutron.db.ovn_revision_numbers_db [None req-f1dcdf09-de66-4748-8721-9de841fac88e fff2e1c14d7e40c481920dce29819ab8 e2d58855d9ed4c0bb920e686a7020501 - - default default] Successfully bumped revision number for resource e0269d08-4ea1-491e-a78b-cd9f28dbc6fc (type: networks) to 1
2026-05-10 02:03:42.744 9 INFO neutron.db.ovn_revision_numbers_db [None req-654b21cd-2433-403b-9907-ffa8d0fc68bb 868280d2e70c4f0ea9ff15eeaa097b35 487411658de8464f9606419cad3de3f7 - - default default] Successfully bumped revision number for resource fd90dd93-2d3a-49e6-9c2c-706eb1c55326 (type: ports) to 1
2026-05-10 02:03:42.783 9 INFO neutron.wsgi [None req-654b21cd-2433-403b-9907-ffa8d0fc68bb 868280d2e70c4f0ea9ff15eeaa097b35 487411658de8464f9606419cad3de3f7 - - default default] 10.0.0.160 "POST /v2.0/networks HTTP/1.1" status: 201 len: 943 time: 1.2290320
2026-05-10 02:03:42.888 9 WARNING neutron.scheduler.dhcp_agent_scheduler [None req-f1dcdf09-de66-4748-8721-9de841fac88e fff2e1c14d7e40c481920dce29819ab8 e2d58855d9ed4c0bb920e686a7020501 - - default default] No more DHCP agents
2026-05-10 02:03:42.889 9 WARNING neutron.api.rpc.agentnotifiers.dhcp_rpc_agent_api [None req-f1dcdf09-de66-4748-8721-9de841fac88e fff2e1c14d7e40c481920dce29819ab8 e2d58855d9ed4c0bb920e686a7020501 - - default default] Unable to schedule network e0269d08-4ea1-491e-a78b-cd9f28dbc6fc: no agents available; will retry on subsequent port and subnet creation events.
2026-05-10 02:03:42.931 10 ERROR ovsdbapp.backend.ovs_idl.command [None req-d4759586-b836-4c63-a63a-0f4248f65f52 2eadc069badd4dd59c05b69be73da9df 95d9032d0a0f43a1a94621873e1e6122 - - default default] Error executing command (DbGetCommand): ovsdbapp.backend.ovs_idl.idlutils.RowNotFound: Cannot find Logical_Router_Port with name=lrp-72662fdc-19b4-442d-8276-5b171a05fc8c
2026-05-10 02:03:42.931 10 ERROR ovsdbapp.backend.ovs_idl.command
Traceback (most recent call last):
2026-05-10 02:03:42.931 10 ERROR ovsdbapp.backend.ovs_idl.command
File "/var/lib/openstack/lib/python3.10/site-packages/ovsdbapp/backend/ovs_idl/command.py", line 47, in execute
2026-05-10 02:03:42.931 10 ERROR ovsdbapp.backend.ovs_idl.command self.run_idl(None)
2026-05-10 02:03:42.931 10 ERROR ovsdbapp.backend.ovs_idl.command
File "/var/lib/openstack/lib/python3.10/site-packages/ovsdbapp/backend/ovs_idl/command.py", line 235, in run_idl
2026-05-10 02:03:42.931 10 ERROR ovsdbapp.backend.ovs_idl.command record = self.api.lookup(self.table, self.record)
2026-05-10 02:03:42.931 10 ERROR ovsdbapp.backend.ovs_idl.command
File "/var/lib/openstack/lib/python3.10/site-packages/ovsdbapp/backend/ovs_idl/__init__.py", line 184, in lookup
2026-05-10 02:03:42.931 10 ERROR ovsdbapp.backend.ovs_idl.command return self._lookup(table, record)
2026-05-10 02:03:42.931 10 ERROR ovsdbapp.backend.ovs_idl.command
File "/var/lib/openstack/lib/python3.10/site-packages/ovsdbapp/backend/ovs_idl/__init__.py", line 235, in _lookup
2026-05-10 02:03:42.931 10 ERROR ovsdbapp.backend.ovs_idl.command row = idlutils.row_by_value(self, rl.table, rl.column, record)
2026-05-10 02:03:42.931 10 ERROR ovsdbapp.backend.ovs_idl.command
File "/var/lib/openstack/lib/python3.10/site-packages/ovsdbapp/backend/ovs_idl/idlutils.py", line 114, in row_by_value
2026-05-10 02:03:42.931 10 ERROR ovsdbapp.backend.ovs_idl.command raise RowNotFound(table=table, col=column, match=match)
2026-05-10 02:03:42.931 10 ERROR ovsdbapp.backend.ovs_idl.command ovsdbapp.backend.ovs_idl.idlutils.RowNotFound: Cannot find Logical_Router_Port with name=lrp-72662fdc-19b4-442d-8276-5b171a05fc8c
2026-05-10 02:03:42.931 10 ERROR ovsdbapp.backend.ovs_idl.command 
2026-05-10 02:03:42.932 10 ERROR neutron_lib.callbacks.manager [None req-d4759586-b836-4c63-a63a-0f4248f65f52 2eadc069badd4dd59c05b69be73da9df 95d9032d0a0f43a1a94621873e1e6122 - - default default] Error during notification for neutron.services.ovn_l3.plugin.OVNL3RouterPlugin._port_update-8745738097391 port, after_update: ovsdbapp.backend.ovs_idl.idlutils.RowNotFound: Cannot find Logical_Router_Port with name=lrp-72662fdc-19b4-442d-8276-5b171a05fc8c
2026-05-10 02:03:42.932 10 ERROR neutron_lib.callbacks.manager
Traceback (most recent call last):
2026-05-10 02:03:42.932 10 ERROR neutron_lib.callbacks.manager
File "/var/lib/openstack/lib/python3.10/site-packages/neutron_lib/callbacks/manager.py", line 189, in _notify_loop
2026-05-10 02:03:42.932 10 ERROR neutron_lib.callbacks.manager callback.method(resource, event, trigger, payload=payload)
2026-05-10 02:03:42.932 10 ERROR neutron_lib.callbacks.manager
File "/var/lib/openstack/lib/python3.10/site-packages/neutron/services/ovn_l3/plugin.py", line 391, in _port_update
2026-05-10 02:03:42.932 10 ERROR neutron_lib.callbacks.manager l3plugin._ovn_client.update_router_port(context,
2026-05-10 02:03:42.932 10 ERROR neutron_lib.callbacks.manager
File "/var/lib/openstack/lib/python3.10/site-packages/neutron/plugins/ml2/drivers/ovn/mech_driver/ovsdb/ovn_client.py", line 1878, in update_router_port
2026-05-10 02:03:42.932 10 ERROR neutron_lib.callbacks.manager self._update_lrouter_port(context, port, if_exists=if_exists,
2026-05-10 02:03:42.932 10 ERROR neutron_lib.callbacks.manager
File "/var/lib/openstack/lib/python3.10/site-packages/neutron/plugins/ml2/drivers/ovn/mech_driver/ovsdb/ovn_client.py", line 1855, in _update_lrouter_port
2026-05-10 02:03:42.932 10 ERROR neutron_lib.callbacks.manager external_ids = self._nb_idl.db_get(
2026-05-10 02:03:42.932 10 ERROR neutron_lib.callbacks.manager
File "/var/lib/openstack/lib/python3.10/site-packages/ovsdbapp/backend/ovs_idl/command.py", line 47, in execute
2026-05-10 02:03:42.932 10 ERROR neutron_lib.callbacks.manager self.run_idl(None)
2026-05-10 02:03:42.932 10 ERROR neutron_lib.callbacks.manager
File "/var/lib/openstack/lib/python3.10/site-packages/ovsdbapp/backend/ovs_idl/command.py", line 235, in run_idl
2026-05-10 02:03:42.932 10 ERROR neutron_lib.callbacks.manager record = self.api.lookup(self.table, self.record)
2026-05-10 02:03:42.932 10 ERROR neutron_lib.callbacks.manager
File "/var/lib/openstack/lib/python3.10/site-packages/ovsdbapp/backend/ovs_idl/__init__.py", line 184, in lookup
2026-05-10 02:03:42.932 10 ERROR neutron_lib.callbacks.manager return self._lookup(table, record)
2026-05-10 02:03:42.932 10 ERROR neutron_lib.callbacks.manager
File "/var/lib/openstack/lib/python3.10/site-packages/ovsdbapp/backend/ovs_idl/__init__.py", line 235, in _lookup
2026-05-10 02:03:42.932 10 ERROR neutron_lib.callbacks.manager row = idlutils.row_by_value(self, rl.table, rl.column, record)
2026-05-10 02:03:42.932 10 ERROR neutron_lib.callbacks.manager
File "/var/lib/openstack/lib/python3.10/site-packages/ovsdbapp/backend/ovs_idl/idlutils.py", line 114, in row_by_value
2026-05-10 02:03:42.932 10 ERROR neutron_lib.callbacks.manager raise RowNotFound(table=table, col=column, match=match)
2026-05-10 02:03:42.932 10 ERROR neutron_lib.callbacks.manager ovsdbapp.backend.ovs_idl.idlutils.RowNotFound: Cannot find Logical_Router_Port with name=lrp-72662fdc-19b4-442d-8276-5b171a05fc8c
2026-05-10 02:03:42.932 10 ERROR neutron_lib.callbacks.manager 
2026-05-10 02:03:42.989 9 INFO neutron.db.ovn_revision_numbers_db [None req-f1dcdf09-de66-4748-8721-9de841fac88e fff2e1c14d7e40c481920dce29819ab8 e2d58855d9ed4c0bb920e686a7020501 - - default default] Successfully bumped revision number for resource da0859aa-e192-4c4c-9e19-823af78b244b (type: ports) to 1
2026-05-10 02:03:43.011 9 INFO neutron.wsgi [None req-f1dcdf09-de66-4748-8721-9de841fac88e fff2e1c14d7e40c481920dce29819ab8 e2d58855d9ed4c0bb920e686a7020501 - - default default] 10.0.0.160 "POST /v2.0/networks HTTP/1.1" status: 201 len: 834 time: 0.6559348
2026-05-10 02:03:43.022 9 WARNING neutron_lib.context [None req-438c1309-4648-4e5e-b5cc-babab4d76350 fff2e1c14d7e40c481920dce29819ab8 e2d58855d9ed4c0bb920e686a7020501 - - default default] Method 'is_advsvc' is deprecated since 2023.2 release (neutron-lib 3.8.0) and will be removed once support for the old RBAC API policies will be removed from Neutron. Please use method 'is_service_role' instead.
2026-05-10 02:03:43.071 10 WARNING neutron.scheduler.dhcp_agent_scheduler [None req-373b1994-d49c-4f2e-822f-05dbb9bc310a 868280d2e70c4f0ea9ff15eeaa097b35 487411658de8464f9606419cad3de3f7 - - default default] No more DHCP agents
2026-05-10 02:03:43.074 10 WARNING neutron.api.rpc.agentnotifiers.dhcp_rpc_agent_api [None req-373b1994-d49c-4f2e-822f-05dbb9bc310a 868280d2e70c4f0ea9ff15eeaa097b35 487411658de8464f9606419cad3de3f7 - - default default] Unable to schedule network 802e2e40-99c3-4cf4-9397-77dff4295048: no agents available; will retry on subsequent port and subnet creation events.
2026-05-10 02:03:43.089 9 INFO neutron.plugins.ml2.drivers.ovn.mech_driver.mech_driver [None req-19072341-a9ee-4646-9c5a-7059975f3612 - - - - - -] OVN reports status up for port: 72662fdc-19b4-442d-8276-5b171a05fc8c
2026-05-10 02:03:43.100 9 INFO neutron.plugins.ml2.plugin [None req-19072341-a9ee-4646-9c5a-7059975f3612 - - - - - -] Attempt 1 to provision port 72662fdc-19b4-442d-8276-5b171a05fc8c
2026-05-10 02:03:43.131 10 INFO neutron.db.ovn_revision_numbers_db [None req-d4759586-b836-4c63-a63a-0f4248f65f52 2eadc069badd4dd59c05b69be73da9df 95d9032d0a0f43a1a94621873e1e6122 - - default default] Successfully bumped revision number for resource 72662fdc-19b4-442d-8276-5b171a05fc8c (type: ports) to 2
2026-05-10 02:03:43.211 9 INFO neutron.wsgi [None req-923ebff8-1058-4628-a6f8-cc93c7a43787 707616395c9240c0a38e7c87e767f4e2 84c05a93c2e14707b07b4e1cf7d3b985 - - default default] 10.0.0.160 "GET /v2.0/ports?project_id=04ba2da5ad544abd9ada4c5333134e34&network_id=8b554284-6069-4d4b-862f-4cd7caec6455 HTTP/1.1" status: 200 len: 3510 time: 0.0942624
2026-05-10 02:03:43.367 9 WARNING neutron.scheduler.dhcp_agent_scheduler [None req-438c1309-4648-4e5e-b5cc-babab4d76350 fff2e1c14d7e40c481920dce29819ab8 e2d58855d9ed4c0bb920e686a7020501 - - default default] No more DHCP agents
2026-05-10 02:03:43.369 9 WARNING neutron.api.rpc.agentnotifiers.dhcp_rpc_agent_api [None req-438c1309-4648-4e5e-b5cc-babab4d76350 fff2e1c14d7e40c481920dce29819ab8 e2d58855d9ed4c0bb920e686a7020501 - - default default] Unable to schedule network e0269d08-4ea1-491e-a78b-cd9f28dbc6fc: no agents available; will retry on subsequent port and subnet creation events.
2026-05-10 02:03:43.416 9 INFO neutron.db.ovn_revision_numbers_db [None req-438c1309-4648-4e5e-b5cc-babab4d76350 fff2e1c14d7e40c481920dce29819ab8 e2d58855d9ed4c0bb920e686a7020501 - - default default] Successfully bumped revision number for resource a8ef64c6-7b3f-4682-903d-de445bd79cca (type: subnets) to 0 /var/lib/openstack/lib/python3.10/site-packages/pycadf/identifier.py:71: UserWarning: Invalid uuid: neutron. To ensure interoperability, identifiers should be a valid uuid. warnings.warn(('Invalid uuid: %s. To ensure interoperability, '
