2026-05-10 02:05:24.579 9 INFO neutron.db.ovn_revision_numbers_db [None req-7d3937cf-d21d-44f7-a5e4-2c45d2d02284 f30a7f491ed448049513a9f5e2a5f4c9 b4fe9a810875435089c40872aed73f7b - - default default] Successfully bumped revision number for resource e3c46f3a-a47c-48b6-b0ee-d60a363ec6e4 (type: floatingips) to -1
2026-05-10 02:05:24.631 10 INFO neutron.db.ovn_revision_numbers_db [None req-e8afa17f-9cb7-4847-a70f-4c88ef808f14 c11cfbe3b6164ba6adb10d84bb2a1060 7c9a15d9638a4754b132ab2d92588dfe - - default default] Successfully bumped revision number for resource 12fc2923-6394-41b4-8489-53f8792fde21 (type: networks) to 1
2026-05-10 02:05:24.768 9 INFO neutron.db.ovn_revision_numbers_db [None req-7d3937cf-d21d-44f7-a5e4-2c45d2d02284 f30a7f491ed448049513a9f5e2a5f4c9 b4fe9a810875435089c40872aed73f7b - - default default] Successfully bumped revision number for resource e3c46f3a-a47c-48b6-b0ee-d60a363ec6e4 (type: floatingips) to 1
2026-05-10 02:05:24.768 9 INFO neutron.db.l3_db [None req-7d3937cf-d21d-44f7-a5e4-2c45d2d02284 f30a7f491ed448049513a9f5e2a5f4c9 b4fe9a810875435089c40872aed73f7b - - default default] Floating IP e3c46f3a-a47c-48b6-b0ee-d60a363ec6e4 associated. External IP: 10.96.250.212, port: 8f7757d0-ae22-432e-84eb-18a713a7b8bb.
2026-05-10 02:05:24.815 10 WARNING neutron.scheduler.dhcp_agent_scheduler [None req-e8afa17f-9cb7-4847-a70f-4c88ef808f14 c11cfbe3b6164ba6adb10d84bb2a1060 7c9a15d9638a4754b132ab2d92588dfe - - default default] No more DHCP agents
2026-05-10 02:05:24.816 10 WARNING neutron.api.rpc.agentnotifiers.dhcp_rpc_agent_api [None req-e8afa17f-9cb7-4847-a70f-4c88ef808f14 c11cfbe3b6164ba6adb10d84bb2a1060 7c9a15d9638a4754b132ab2d92588dfe - - default default] Unable to schedule network 12fc2923-6394-41b4-8489-53f8792fde21: no agents available; will retry on subsequent port and subnet creation events.
2026-05-10 02:05:24.823 9 INFO neutron.wsgi [None req-7d3937cf-d21d-44f7-a5e4-2c45d2d02284 f30a7f491ed448049513a9f5e2a5f4c9 b4fe9a810875435089c40872aed73f7b - - default default] 10.0.0.160 "POST /v2.0/floatingips HTTP/1.1" status: 201 len: 1053 time: 1.9420455
2026-05-10 02:05:24.881 9 INFO neutron.notifiers.nova [-] Nova event matching ['req-c8402ee5-9fd8-48e3-8596-8f2d63be5d82'] response: {'name': 'network-changed', 'server_uuid': 'ea35d512-2863-46a7-9945-53db9617edff', 'tag': '8f7757d0-ae22-432e-84eb-18a713a7b8bb', 'status': 'completed', 'code': 200} /var/lib/openstack/lib/python3.10/site-packages/pycadf/identifier.py:71: UserWarning: Invalid uuid: neutron. To ensure interoperability, identifiers should be a valid uuid. warnings.warn(('Invalid uuid: %s. To ensure interoperability, '
2026-05-10 02:05:24.939 10 INFO neutron.wsgi [req-3900e008-0560-46b6-b430-8cac42fe3132 req-1f274c49-a60a-4e71-bf6b-f1b2fe8e90af 08135a990aec41cf92b88df9c00186d7 848f65fb002d4f7f9bec149e2ec0be33 - - 908a0eee66af4cfd9cfd2a7ebc985eb7 908a0eee66af4cfd9cfd2a7ebc985eb7] 199.204.45.250 "GET /v2.0/ports?tenant_id=b4fe9a810875435089c40872aed73f7b&device_id=ea35d512-2863-46a7-9945-53db9617edff HTTP/1.1" status: 200 len: 1634 time: 0.0441282
2026-05-10 02:05:24.944 10 INFO neutron.db.ovn_revision_numbers_db [None req-e8afa17f-9cb7-4847-a70f-4c88ef808f14 c11cfbe3b6164ba6adb10d84bb2a1060 7c9a15d9638a4754b132ab2d92588dfe - - default default] Successfully bumped revision number for resource e2cc19b1-e0ae-4e9a-a404-4e428a3f094b (type: ports) to 1
2026-05-10 02:05:24.974 9 INFO neutron.wsgi [req-f39c93ca-a5f1-4122-938e-470d928c1e8d req-f6820e23-9d90-47b6-ae83-cf0fe6cc1b2d f30a7f491ed448049513a9f5e2a5f4c9 b4fe9a810875435089c40872aed73f7b - - default default] 10.0.0.38 "GET /v2.0/security-groups?name=tempest-lb_member_SG-2020850147&fields=id&tenant_id=b4fe9a810875435089c40872aed73f7b HTTP/1.1" status: 200 len: 267 time: 0.0714145
2026-05-10 02:05:25.001 10 INFO neutron.wsgi [None req-e8afa17f-9cb7-4847-a70f-4c88ef808f14 c11cfbe3b6164ba6adb10d84bb2a1060 7c9a15d9638a4754b132ab2d92588dfe - - default default] 10.0.0.160 "POST /v2.0/networks HTTP/1.1" status: 201 len: 830 time: 0.5851541
2026-05-10 02:05:25.010 10 WARNING neutron_lib.context [None req-e31fb827-d0dc-4f44-a62f-abc4f2d77249 c11cfbe3b6164ba6adb10d84bb2a1060 7c9a15d9638a4754b132ab2d92588dfe - - default default] Method 'is_advsvc' is deprecated since 2023.2 release (neutron-lib 3.8.0) and will be removed once support for the old RBAC API policies will be removed from Neutron. Please use method 'is_service_role' instead.
2026-05-10 02:05:25.053 10 INFO neutron.wsgi [req-3900e008-0560-46b6-b430-8cac42fe3132 req-9f0ec1fa-68e9-4b1e-8550-cc91c437f8da 08135a990aec41cf92b88df9c00186d7 848f65fb002d4f7f9bec149e2ec0be33 - - 908a0eee66af4cfd9cfd2a7ebc985eb7 908a0eee66af4cfd9cfd2a7ebc985eb7] 199.204.45.250 "GET /v2.0/networks?id=d31e7e8e-99a4-4b6d-97e3-bc943727ff19 HTTP/1.1" status: 200 len: 1002 time: 0.1076620
2026-05-10 02:05:25.070 9 INFO neutron.wsgi [req-f39c93ca-a5f1-4122-938e-470d928c1e8d req-d08c35ab-6b8b-4713-8ea7-57f5ae6d63fa f30a7f491ed448049513a9f5e2a5f4c9 b4fe9a810875435089c40872aed73f7b - - default default] 10.0.0.38 "GET /v2.0/networks?id=9daedc44-1cf1-4337-8126-a93e510d6fcc HTTP/1.1" status: 200 len: 903 time: 0.0850320
2026-05-10 02:05:25.089 9 INFO neutron.wsgi [req-f39c93ca-a5f1-4122-938e-470d928c1e8d req-dbd20376-b2dd-42f5-9306-8ef45e72004b f30a7f491ed448049513a9f5e2a5f4c9 b4fe9a810875435089c40872aed73f7b - - default default] 10.0.0.38 "GET /v2.0/quotas/b4fe9a810875435089c40872aed73f7b HTTP/1.1" status: 200 len: 491 time: 0.0118275
2026-05-10 02:05:25.143 10 INFO neutron.wsgi [req-3900e008-0560-46b6-b430-8cac42fe3132 req-ab2e8518-7d95-4c73-a6fb-b5d281d45df6 08135a990aec41cf92b88df9c00186d7 848f65fb002d4f7f9bec149e2ec0be33 - - 908a0eee66af4cfd9cfd2a7ebc985eb7 908a0eee66af4cfd9cfd2a7ebc985eb7] 199.204.45.250 "GET /v2.0/floatingips?fixed_ip_address=10.2.1.11&port_id=8f7757d0-ae22-432e-84eb-18a713a7b8bb HTTP/1.1" status: 200 len: 1058 time: 0.0787313
2026-05-10 02:05:25.183 10 INFO neutron.wsgi [req-3900e008-0560-46b6-b430-8cac42fe3132 req-c1694671-8248-40e4-ac25-e5ec91299821 08135a990aec41cf92b88df9c00186d7 848f65fb002d4f7f9bec149e2ec0be33 - - 908a0eee66af4cfd9cfd2a7ebc985eb7 908a0eee66af4cfd9cfd2a7ebc985eb7] 199.204.45.250 "GET /v2.0/floatingips?fixed_ip_address=fd7b%3Af9f7%3Afff%3A4eca%3A%3A14c&port_id=8f7757d0-ae22-432e-84eb-18a713a7b8bb HTTP/1.1" status: 200 len: 217 time: 0.0332000
2026-05-10 02:05:25.237 9 INFO neutron.db.ovn_revision_numbers_db [None req-48055e25-d986-4c2c-8814-5e9ca338c905 f5cd989c04c747149d181a76c0ac805e 1ed58dbfa4c34322a78e6ee691c93d9d - - default default] Successfully bumped revision number for resource c0fc7ad1-ce37-4264-a168-160909f4c11a (type: ports) to 2
2026-05-10 02:05:25.296 9 INFO neutron.wsgi [req-4b7354cf-7a8e-4058-bbbb-60b72276d037 req-c9b2db1b-1d7f-453c-a8a5-bf6d0eab223e 08135a990aec41cf92b88df9c00186d7 848f65fb002d4f7f9bec149e2ec0be33 - - 908a0eee66af4cfd9cfd2a7ebc985eb7 908a0eee66af4cfd9cfd2a7ebc985eb7] 199.204.45.250 "GET /v2.0/ports?device_id=ea35d512-2863-46a7-9945-53db9617edff&fields=binding%3Ahost_id&fields=binding%3Avif_type HTTP/1.1" status: 200 len: 265 time: 0.0779896
2026-05-10 02:05:25.315 9 INFO neutron.db.ovn_revision_numbers_db [None req-48055e25-d986-4c2c-8814-5e9ca338c905 f5cd989c04c747149d181a76c0ac805e 1ed58dbfa4c34322a78e6ee691c93d9d - - default default] Successfully bumped revision number for resource c610ba7e-70f8-46ba-8133-298f1fb5965f (type: subnets) to 0
2026-05-10 02:05:25.333 9 INFO neutron.wsgi [None req-48055e25-d986-4c2c-8814-5e9ca338c905 f5cd989c04c747149d181a76c0ac805e 1ed58dbfa4c34322a78e6ee691c93d9d - - default default] 10.0.0.160 "POST /v2.0/subnets HTTP/1.1" status: 201 len: 801 time: 1.5345581
2026-05-10 02:05:25.349 9 WARNING neutron_lib.context [None req-f8876c96-37f5-40e8-ae2a-9739328dbca8 f5cd989c04c747149d181a76c0ac805e 1ed58dbfa4c34322a78e6ee691c93d9d - - default default] Method 'is_advsvc' is deprecated since 2023.2 release (neutron-lib 3.8.0) and will be removed once support for the old RBAC API policies will be removed from Neutron. Please use method 'is_service_role' instead.
2026-05-10 02:05:25.389 9 INFO neutron.wsgi [req-f39c93ca-a5f1-4122-938e-470d928c1e8d req-1c84d14f-1d19-45b4-a050-48a9e144c174 f30a7f491ed448049513a9f5e2a5f4c9 b4fe9a810875435089c40872aed73f7b - - default default] 10.0.0.38 "GET /v2.0/ports?tenant_id=b4fe9a810875435089c40872aed73f7b&fields=id HTTP/1.1" status: 200 len: 532 time: 0.2921667
2026-05-10 02:05:25.441 10 INFO neutron.wsgi [req-3900e008-0560-46b6-b430-8cac42fe3132 req-a610819c-0c65-4f1d-b7d1-5e424c583833 08135a990aec41cf92b88df9c00186d7 848f65fb002d4f7f9bec149e2ec0be33 - - 908a0eee66af4cfd9cfd2a7ebc985eb7 908a0eee66af4cfd9cfd2a7ebc985eb7] 199.204.45.250 "GET /v2.0/subnets?id=25bdd8b6-7c25-476e-8112-5727c7222bbd&id=0dc68d61-93f4-488c-9a1e-dd74201ff3fc HTTP/1.1" status: 200 len: 1562 time: 0.2514248
2026-05-10 02:05:25.480 10 INFO neutron.wsgi [req-3900e008-0560-46b6-b430-8cac42fe3132 req-f74fbbd3-96bd-46da-8508-4ec75cfae8db 08135a990aec41cf92b88df9c00186d7 848f65fb002d4f7f9bec149e2ec0be33 - - 908a0eee66af4cfd9cfd2a7ebc985eb7 908a0eee66af4cfd9cfd2a7ebc985eb7] 199.204.45.250 "GET /v2.0/ports?network_id=d31e7e8e-99a4-4b6d-97e3-bc943727ff19&device_owner=network%3Adhcp HTTP/1.1" status: 200 len: 210 time: 0.0311623
2026-05-10 02:05:25.507 10 INFO neutron.wsgi [req-3900e008-0560-46b6-b430-8cac42fe3132 req-3cd9ee57-c65d-4bb3-a4c2-4d89de458389 08135a990aec41cf92b88df9c00186d7 848f65fb002d4f7f9bec149e2ec0be33 - - 908a0eee66af4cfd9cfd2a7ebc985eb7 908a0eee66af4cfd9cfd2a7ebc985eb7] 199.204.45.250 "GET /v2.0/ports?network_id=d31e7e8e-99a4-4b6d-97e3-bc943727ff19&device_owner=network%3Adhcp HTTP/1.1" status: 200 len: 210 time: 0.0208826
2026-05-10 02:05:25.519 9 INFO neutron.wsgi [req-f39c93ca-a5f1-4122-938e-470d928c1e8d req-42387bdf-1e59-466e-94ba-ff8471506504 08135a990aec41cf92b88df9c00186d7 848f65fb002d4f7f9bec149e2ec0be33 - - 908a0eee66af4cfd9cfd2a7ebc985eb7 908a0eee66af4cfd9cfd2a7ebc985eb7] 10.0.0.38 "GET /v2.0/networks/9daedc44-1cf1-4337-8126-a93e510d6fcc?fields=segments HTTP/1.1" status: 200 len: 212 time: 0.1181421
2026-05-10 02:05:25.598 10 WARNING neutron.scheduler.dhcp_agent_scheduler [None req-e31fb827-d0dc-4f44-a62f-abc4f2d77249 c11cfbe3b6164ba6adb10d84bb2a1060 7c9a15d9638a4754b132ab2d92588dfe - - default default] No more DHCP agents
2026-05-10 02:05:25.604 10 WARNING neutron.api.rpc.agentnotifiers.dhcp_rpc_agent_api [None req-e31fb827-d0dc-4f44-a62f-abc4f2d77249 c11cfbe3b6164ba6adb10d84bb2a1060 7c9a15d9638a4754b132ab2d92588dfe - - default default] Unable to schedule network 12fc2923-6394-41b4-8489-53f8792fde21: no agents available; will retry on subsequent port and subnet creation events.
2026-05-10 02:05:25.618 10 INFO neutron.wsgi [req-3900e008-0560-46b6-b430-8cac42fe3132 req-108e3ed7-7784-4c18-ad2e-312191a87145 08135a990aec41cf92b88df9c00186d7 848f65fb002d4f7f9bec149e2ec0be33 - - 908a0eee66af4cfd9cfd2a7ebc985eb7 908a0eee66af4cfd9cfd2a7ebc985eb7] 199.204.45.250 "GET /v2.0/networks/d31e7e8e-99a4-4b6d-97e3-bc943727ff19?fields=segments HTTP/1.1" status: 200 len: 212 time: 0.0936503
2026-05-10 02:05:25.619 9 INFO neutron.wsgi [req-f39c93ca-a5f1-4122-938e-470d928c1e8d req-73144735-c4b1-47df-a17b-f9410939e083 08135a990aec41cf92b88df9c00186d7 848f65fb002d4f7f9bec149e2ec0be33 - - 908a0eee66af4cfd9cfd2a7ebc985eb7 908a0eee66af4cfd9cfd2a7ebc985eb7] 10.0.0.38 "GET /v2.0/networks/9daedc44-1cf1-4337-8126-a93e510d6fcc?fields=provider%3Aphysical_network&fields=provider%3Anetwork_type HTTP/1.1" status: 200 len: 277 time: 0.0923989 /var/lib/openstack/lib/python3.10/site-packages/pycadf/identifier.py:71: UserWarning: Invalid uuid: neutron. To ensure interoperability, identifiers should be a valid uuid. warnings.warn(('Invalid uuid: %s. To ensure interoperability, '
2026-05-10 02:05:25.709 10 INFO neutron.wsgi [req-3900e008-0560-46b6-b430-8cac42fe3132 req-ef85d21b-55be-450f-9acb-054abe780557 08135a990aec41cf92b88df9c00186d7 848f65fb002d4f7f9bec149e2ec0be33 - - 908a0eee66af4cfd9cfd2a7ebc985eb7 908a0eee66af4cfd9cfd2a7ebc985eb7] 199.204.45.250 "GET /v2.0/networks/d31e7e8e-99a4-4b6d-97e3-bc943727ff19?fields=provider%3Aphysical_network&fields=provider%3Anetwork_type HTTP/1.1" status: 200 len: 277 time: 0.0769622
2026-05-10 02:05:25.724 10 INFO neutron.db.ovn_revision_numbers_db [None req-e31fb827-d0dc-4f44-a62f-abc4f2d77249 c11cfbe3b6164ba6adb10d84bb2a1060 7c9a15d9638a4754b132ab2d92588dfe - - default default] Successfully bumped revision number for resource a7dfe989-1e78-4ffc-9ac0-1d02094cf697 (type: ports) to 1
2026-05-10 02:05:25.747 10 INFO neutron.wsgi [None req-e31fb827-d0dc-4f44-a62f-abc4f2d77249 c11cfbe3b6164ba6adb10d84bb2a1060 7c9a15d9638a4754b132ab2d92588dfe - - default default] 10.0.0.160 "POST /v2.0/ports HTTP/1.1" status: 201 len: 942 time: 0.7422314
2026-05-10 02:05:25.756 10 WARNING neutron_lib.context [None req-06cdd2c5-782f-47b9-b4d4-5b7e82210735 c11cfbe3b6164ba6adb10d84bb2a1060 7c9a15d9638a4754b132ab2d92588dfe - - default default] Method 'is_advsvc' is deprecated since 2023.2 release (neutron-lib 3.8.0) and will be removed once support for the old RBAC API policies will be removed from Neutron. Please use method 'is_service_role' instead.
2026-05-10 02:05:25.787 10 INFO neutron.wsgi [req-a572f48f-40aa-45e6-b42f-948980725298 req-0db2144c-b7c1-46e8-ab58-cfbb77ad2943 f30a7f491ed448049513a9f5e2a5f4c9 b4fe9a810875435089c40872aed73f7b - - default default] 10.0.0.38 "GET /v2.0/ports?device_id=99e9822b-4ce3-4df3-97f5-88ebd45f6ea8 HTTP/1.1" status: 200 len: 210 time: 0.0269258
2026-05-10 02:05:25.819 10 INFO neutron.wsgi [req-4b7354cf-7a8e-4058-bbbb-60b72276d037 req-af99ac17-50ef-470a-a29c-f388c57af165 08135a990aec41cf92b88df9c00186d7 848f65fb002d4f7f9bec149e2ec0be33 - - 908a0eee66af4cfd9cfd2a7ebc985eb7 908a0eee66af4cfd9cfd2a7ebc985eb7] 199.204.45.250 "GET /v2.0/ports?tenant_id=b4fe9a810875435089c40872aed73f7b&device_id=ea35d512-2863-46a7-9945-53db9617edff HTTP/1.1" status: 200 len: 1634 time: 0.0485404
2026-05-10 02:05:25.877 10 INFO neutron.db.segments_db [None req-06cdd2c5-782f-47b9-b4d4-5b7e82210735 c11cfbe3b6164ba6adb10d84bb2a1060 7c9a15d9638a4754b132ab2d92588dfe - - default default] Added segment 6421f5cb-4a66-474a-bc83-cdbc849b9d46 of type geneve for network b67f62be-32e1-4149-8193-53cdd1f41162
2026-05-10 02:05:25.910 10 INFO neutron.wsgi [req-4b7354cf-7a8e-4058-bbbb-60b72276d037 req-1916996c-9a7d-4bb7-994b-be5099edffbf 08135a990aec41cf92b88df9c00186d7 848f65fb002d4f7f9bec149e2ec0be33 - - 908a0eee66af4cfd9cfd2a7ebc985eb7 908a0eee66af4cfd9cfd2a7ebc985eb7] 199.204.45.250 "GET /v2.0/networks?id=d31e7e8e-99a4-4b6d-97e3-bc943727ff19 HTTP/1.1" status: 200 len: 1002 time: 0.0734317
2026-05-10 02:05:25.929 9 WARNING neutron.scheduler.dhcp_agent_scheduler [None req-f8876c96-37f5-40e8-ae2a-9739328dbca8 f5cd989c04c747149d181a76c0ac805e 1ed58dbfa4c34322a78e6ee691c93d9d - - default default] No more DHCP agents
2026-05-10 02:05:25.931 9 WARNING neutron.api.rpc.agentnotifiers.dhcp_rpc_agent_api [None req-f8876c96-37f5-40e8-ae2a-9739328dbca8 f5cd989c04c747149d181a76c0ac805e 1ed58dbfa4c34322a78e6ee691c93d9d - - default default] Unable to schedule network b246701a-2479-4ffc-8add-3b81c9f5633e: no agents available; will retry on subsequent port and subnet creation events.
2026-05-10 02:05:25.973 10 INFO neutron.wsgi [req-4b7354cf-7a8e-4058-bbbb-60b72276d037 req-f1e95590-7c35-44ba-931f-29253b557529 08135a990aec41cf92b88df9c00186d7 848f65fb002d4f7f9bec149e2ec0be33 - - 908a0eee66af4cfd9cfd2a7ebc985eb7 908a0eee66af4cfd9cfd2a7ebc985eb7] 199.204.45.250 "GET /v2.0/floatingips?fixed_ip_address=10.2.1.11&port_id=8f7757d0-ae22-432e-84eb-18a713a7b8bb HTTP/1.1" status: 200 len: 1058 time: 0.0561249
2026-05-10 02:05:26.012 10 INFO neutron.wsgi [req-4b7354cf-7a8e-4058-bbbb-60b72276d037 req-fb942116-ed9f-4e96-aa5a-36113b1040b1 08135a990aec41cf92b88df9c00186d7 848f65fb002d4f7f9bec149e2ec0be33 - - 908a0eee66af4cfd9cfd2a7ebc985eb7 908a0eee66af4cfd9cfd2a7ebc985eb7] 199.204.45.250 "GET /v2.0/floatingips?fixed_ip_address=fd7b%3Af9f7%3Afff%3A4eca%3A%3A14c&port_id=8f7757d0-ae22-432e-84eb-18a713a7b8bb HTTP/1.1" status: 200 len: 217 time: 0.0350327
2026-05-10 02:05:26.076 10 INFO neutron.wsgi [req-4b7354cf-7a8e-4058-bbbb-60b72276d037 req-e5fdc5d9-30c4-4890-9323-29c97d93689d 08135a990aec41cf92b88df9c00186d7 848f65fb002d4f7f9bec149e2ec0be33 - - 908a0eee66af4cfd9cfd2a7ebc985eb7 908a0eee66af4cfd9cfd2a7ebc985eb7] 199.204.45.250 "GET /v2.0/subnets?id=25bdd8b6-7c25-476e-8112-5727c7222bbd&id=0dc68d61-93f4-488c-9a1e-dd74201ff3fc HTTP/1.1" status: 200 len: 1562 time: 0.0554435
2026-05-10 02:05:26.077 10 INFO neutron.db.ovn_revision_numbers_db [None req-06cdd2c5-782f-47b9-b4d4-5b7e82210735 c11cfbe3b6164ba6adb10d84bb2a1060 7c9a15d9638a4754b132ab2d92588dfe - - default default] Successfully bumped revision number for resource b67f62be-32e1-4149-8193-53cdd1f41162 (type: networks) to 1
2026-05-10 02:05:26.115 10 INFO neutron.wsgi [req-4b7354cf-7a8e-4058-bbbb-60b72276d037 req-4c41946f-e019-4ff3-881c-8a5f6e5baf2f 08135a990aec41cf92b88df9c00186d7 848f65fb002d4f7f9bec149e2ec0be33 - - 908a0eee66af4cfd9cfd2a7ebc985eb7 908a0eee66af4cfd9cfd2a7ebc985eb7] 199.204.45.250 "GET /v2.0/ports?network_id=d31e7e8e-99a4-4b6d-97e3-bc943727ff19&device_owner=network%3Adhcp HTTP/1.1" status: 200 len: 210 time: 0.0342007
2026-05-10 02:05:26.122 9 INFO neutron.db.ovn_revision_numbers_db [None req-f8876c96-37f5-40e8-ae2a-9739328dbca8 f5cd989c04c747149d181a76c0ac805e 1ed58dbfa4c34322a78e6ee691c93d9d - - default default] Successfully bumped revision number for resource 37d725f1-baeb-442c-a6e5-07d73c94896e (type: ports) to 1
2026-05-10 02:05:26.147 10 INFO neutron.wsgi [req-4b7354cf-7a8e-4058-bbbb-60b72276d037 req-ae0b4345-531f-453f-b9a0-7695c51062f3 08135a990aec41cf92b88df9c00186d7 848f65fb002d4f7f9bec149e2ec0be33 - - 908a0eee66af4cfd9cfd2a7ebc985eb7 908a0eee66af4cfd9cfd2a7ebc985eb7] 199.204.45.250 "GET /v2.0/ports?network_id=d31e7e8e-99a4-4b6d-97e3-bc943727ff19&device_owner=network%3Adhcp HTTP/1.1" status: 200 len: 210 time: 0.0228970
2026-05-10 02:05:26.267 10 INFO neutron.wsgi [req-4b7354cf-7a8e-4058-bbbb-60b72276d037 req-f377444a-a6f6-470e-9d77-db75d9043c18 08135a990aec41cf92b88df9c00186d7 848f65fb002d4f7f9bec149e2ec0be33 - - 908a0eee66af4cfd9cfd2a7ebc985eb7 908a0eee66af4cfd9cfd2a7ebc985eb7] 199.204.45.250 "GET /v2.0/networks/d31e7e8e-99a4-4b6d-97e3-bc943727ff19?fields=segments HTTP/1.1" status: 200 len: 212 time: 0.1067967
2026-05-10 02:05:26.332 10 WARNING neutron.scheduler.dhcp_agent_scheduler [None req-06cdd2c5-782f-47b9-b4d4-5b7e82210735 c11cfbe3b6164ba6adb10d84bb2a1060 7c9a15d9638a4754b132ab2d92588dfe - - default default] No more DHCP agents
2026-05-10 02:05:26.335 10 WARNING neutron.api.rpc.agentnotifiers.dhcp_rpc_agent_api [None req-06cdd2c5-782f-47b9-b4d4-5b7e82210735 c11cfbe3b6164ba6adb10d84bb2a1060 7c9a15d9638a4754b132ab2d92588dfe - - default default] Unable to schedule network b67f62be-32e1-4149-8193-53cdd1f41162: no agents available; will retry on subsequent port and subnet creation events.
2026-05-10 02:05:26.358 10 INFO neutron.wsgi [req-4b7354cf-7a8e-4058-bbbb-60b72276d037 req-b4c2b58d-b7c8-4103-ae10-475df9e1a5e8 08135a990aec41cf92b88df9c00186d7 848f65fb002d4f7f9bec149e2ec0be33 - - 908a0eee66af4cfd9cfd2a7ebc985eb7 908a0eee66af4cfd9cfd2a7ebc985eb7] 199.204.45.250 "GET /v2.0/networks/d31e7e8e-99a4-4b6d-97e3-bc943727ff19?fields=provider%3Aphysical_network&fields=provider%3Anetwork_type HTTP/1.1" status: 200 len: 277 time: 0.0838127
2026-05-10 02:05:26.424 10 INFO neutron.db.ovn_revision_numbers_db [None req-06cdd2c5-782f-47b9-b4d4-5b7e82210735 c11cfbe3b6164ba6adb10d84bb2a1060 7c9a15d9638a4754b132ab2d92588dfe - - default default] Successfully bumped revision number for resource a1054b7e-0a45-4c23-8e64-cfb26bf0722b (type: ports) to 1
2026-05-10 02:05:26.461 10 INFO neutron.wsgi [None req-06cdd2c5-782f-47b9-b4d4-5b7e82210735 c11cfbe3b6164ba6adb10d84bb2a1060 7c9a15d9638a4754b132ab2d92588dfe - - default default] 10.0.0.160 "POST /v2.0/networks HTTP/1.1" status: 201 len: 830 time: 0.7102139
2026-05-10 02:05:26.471 10 WARNING neutron_lib.context [None req-214e4853-031a-4bdc-87c4-da727fc17af8 c11cfbe3b6164ba6adb10d84bb2a1060 7c9a15d9638a4754b132ab2d92588dfe - - default default] Method 'is_advsvc' is deprecated since 2023.2 release (neutron-lib 3.8.0) and will be removed once support for the old RBAC API policies will be removed from Neutron. Please use method 'is_service_role' instead.
2026-05-10 02:05:26.516 10 INFO neutron.wsgi [req-f39c93ca-a5f1-4122-938e-470d928c1e8d req-74765ec1-5617-4c3f-bf4d-70b084a7c796 f30a7f491ed448049513a9f5e2a5f4c9 b4fe9a810875435089c40872aed73f7b - - default default] 199.204.45.250 "GET /v2.0/networks?id=9daedc44-1cf1-4337-8126-a93e510d6fcc HTTP/1.1" status: 200 len: 903 time: 0.0900187
2026-05-10 02:05:26.581 10 INFO neutron.wsgi [req-f39c93ca-a5f1-4122-938e-470d928c1e8d req-22f6ad3c-2d74-4bb7-93c5-0486c6ace142 f30a7f491ed448049513a9f5e2a5f4c9 b4fe9a810875435089c40872aed73f7b - - default default] 199.204.45.250 "GET /v2.0/security-groups?fields=id&fields=name&tenant_id=b4fe9a810875435089c40872aed73f7b HTTP/1.1" status: 200 len: 378 time: 0.0581014
2026-05-10 02:05:26.598 10 WARNING neutron_lib.context [req-f39c93ca-a5f1-4122-938e-470d928c1e8d req-bd835e5c-0432-47c5-9586-b95b063ad1d2 f30a7f491ed448049513a9f5e2a5f4c9 b4fe9a810875435089c40872aed73f7b - - default default] Method 'is_advsvc' is deprecated since 2023.2 release (neutron-lib 3.8.0) and will be removed once support for the old RBAC API policies will be removed from Neutron. Please use method 'is_service_role' instead.
2026-05-10 02:05:26.760 10 WARNING neutron.scheduler.dhcp_agent_scheduler [None req-214e4853-031a-4bdc-87c4-da727fc17af8 c11cfbe3b6164ba6adb10d84bb2a1060 7c9a15d9638a4754b132ab2d92588dfe - - default default] No more DHCP agents
2026-05-10 02:05:26.764 10 WARNING neutron.api.rpc.agentnotifiers.dhcp_rpc_agent_api [None req-214e4853-031a-4bdc-87c4-da727fc17af8 c11cfbe3b6164ba6adb10d84bb2a1060 7c9a15d9638a4754b132ab2d92588dfe - - default default] Unable to schedule network b67f62be-32e1-4149-8193-53cdd1f41162: no agents available; will retry on subsequent port and subnet creation events.
2026-05-10 02:05:26.878 10 INFO neutron.db.ovn_revision_numbers_db [None req-214e4853-031a-4bdc-87c4-da727fc17af8 c11cfbe3b6164ba6adb10d84bb2a1060 7c9a15d9638a4754b132ab2d92588dfe - - default default] Successfully bumped revision number for resource 4dfb8981-5139-4cc4-8df9-f478d6370a95 (type: ports) to 1
2026-05-10 02:05:26.905 10 INFO neutron.wsgi [None req-214e4853-031a-4bdc-87c4-da727fc17af8 c11cfbe3b6164ba6adb10d84bb2a1060 7c9a15d9638a4754b132ab2d92588dfe - - default default] 10.0.0.160 "POST /v2.0/ports HTTP/1.1" status: 201 len: 942 time: 0.4385977
2026-05-10 02:05:26.916 9 WARNING neutron_lib.context [None req-760080c3-a3ad-4266-a621-9ac39cdda7b2 c11cfbe3b6164ba6adb10d84bb2a1060 7c9a15d9638a4754b132ab2d92588dfe - - default default] Method 'is_advsvc' is deprecated since 2023.2 release (neutron-lib 3.8.0) and will be removed once support for the old RBAC API policies will be removed from Neutron. Please use method 'is_service_role' instead.
2026-05-10 02:05:27.014 9 INFO neutron.db.segments_db [None req-760080c3-a3ad-4266-a621-9ac39cdda7b2 c11cfbe3b6164ba6adb10d84bb2a1060 7c9a15d9638a4754b132ab2d92588dfe - - default default] Added segment 8b08abbb-20b0-4828-8310-321f9ec7dcec of type geneve for network df47e428-01a1-4640-996e-79bc100b2143
2026-05-10 02:05:27.044 10 WARNING neutron.scheduler.dhcp_agent_scheduler [req-f39c93ca-a5f1-4122-938e-470d928c1e8d req-bd835e5c-0432-47c5-9586-b95b063ad1d2 f30a7f491ed448049513a9f5e2a5f4c9 b4fe9a810875435089c40872aed73f7b - - default default] No more DHCP agents
2026-05-10 02:05:27.045 10 WARNING neutron.api.rpc.agentnotifiers.dhcp_rpc_agent_api [req-f39c93ca-a5f1-4122-938e-470d928c1e8d req-bd835e5c-0432-47c5-9586-b95b063ad1d2 f30a7f491ed448049513a9f5e2a5f4c9 b4fe9a810875435089c40872aed73f7b - - default default] Unable to schedule network 9daedc44-1cf1-4337-8126-a93e510d6fcc: no agents available; will retry on subsequent port and subnet creation events. /var/lib/openstack/lib/python3.10/site-packages/pycadf/identifier.py:71: UserWarning: Invalid uuid: neutron. To ensure interoperability, identifiers should be a valid uuid. warnings.warn(('Invalid uuid: %s. To ensure interoperability, '
2026-05-10 02:05:27.078 10 WARNING neutron_lib.context [None req-c9430efa-51b4-4f66-a65c-8837a3e29235 c367a2482d7042d684d041dea8d256a0 7e82036c52f140ffae2fc9d63352170e - - default default] Method 'is_advsvc' is deprecated since 2023.2 release (neutron-lib 3.8.0) and will be removed once support for the old RBAC API policies will be removed from Neutron. Please use method 'is_service_role' instead.
2026-05-10 02:05:27.109 9 INFO neutron.plugins.ml2.drivers.ovn.mech_driver.ovsdb.commands [None req-0944408f-4692-41b4-9704-6295407afb7d - - - - - -] Schedule LRP lrp-37d725f1-baeb-442c-a6e5-07d73c94896e on gateway 8ccc48a2-88d2-4fc0-b159-4a9ed9f1bd8d with priority 1
2026-05-10 02:05:27.120 10 INFO neutron.plugins.ml2.drivers.ovn.mech_driver.mech_driver [None req-03cd97d3-af92-482b-a084-515d42e34b97 - - - - - -] OVN reports status up for port: 37d725f1-baeb-442c-a6e5-07d73c94896e
2026-05-10 02:05:27.134 10 INFO neutron.plugins.ml2.plugin [None req-03cd97d3-af92-482b-a084-515d42e34b97 - - - - - -] Attempt 1 to provision port 37d725f1-baeb-442c-a6e5-07d73c94896e
2026-05-10 02:05:27.176 9 INFO neutron.db.ovn_revision_numbers_db [None req-f8876c96-37f5-40e8-ae2a-9739328dbca8 f5cd989c04c747149d181a76c0ac805e 1ed58dbfa4c34322a78e6ee691c93d9d - - default default] Successfully bumped revision number for resource 37d725f1-baeb-442c-a6e5-07d73c94896e (type: router_ports) to 1
2026-05-10 02:05:27.204 9 INFO neutron.db.ovn_revision_numbers_db [None req-760080c3-a3ad-4266-a621-9ac39cdda7b2 c11cfbe3b6164ba6adb10d84bb2a1060 7c9a15d9638a4754b132ab2d92588dfe - - default default] Successfully bumped revision number for resource df47e428-01a1-4640-996e-79bc100b2143 (type: networks) to 1
2026-05-10 02:05:27.260 10 INFO neutron.db.ovn_revision_numbers_db [req-f39c93ca-a5f1-4122-938e-470d928c1e8d req-bd835e5c-0432-47c5-9586-b95b063ad1d2 f30a7f491ed448049513a9f5e2a5f4c9 b4fe9a810875435089c40872aed73f7b - - default default] Successfully bumped revision number for resource 70755985-13a3-4454-b6fb-3d0d00d4220f (type: ports) to 1
2026-05-10 02:05:27.263 9 INFO neutron.db.ovn_revision_numbers_db [None req-f8876c96-37f5-40e8-ae2a-9739328dbca8 f5cd989c04c747149d181a76c0ac805e 1ed58dbfa4c34322a78e6ee691c93d9d - - default default] Successfully bumped revision number for resource 29f9b378-8ed2-4cbc-9119-1e99736d2e93 (type: routers) to 2
2026-05-10 02:05:27.287 10 INFO neutron.wsgi [req-f39c93ca-a5f1-4122-938e-470d928c1e8d req-bd835e5c-0432-47c5-9586-b95b063ad1d2 f30a7f491ed448049513a9f5e2a5f4c9 b4fe9a810875435089c40872aed73f7b - - default default] 199.204.45.250 "POST /v2.0/ports HTTP/1.1" status: 201 len: 1388 time: 0.6935012
2026-05-10 02:05:27.298 9 INFO neutron.wsgi [None req-f8876c96-37f5-40e8-ae2a-9739328dbca8 f5cd989c04c747149d181a76c0ac805e 1ed58dbfa4c34322a78e6ee691c93d9d - - default default] 10.0.0.160 "POST /v2.0/routers HTTP/1.1" status: 201 len: 1135 time: 1.9526792
2026-05-10 02:05:27.331 10 INFO neutron.db.ovn_revision_numbers_db [None req-c9430efa-51b4-4f66-a65c-8837a3e29235 c367a2482d7042d684d041dea8d256a0 7e82036c52f140ffae2fc9d63352170e - - default default] Successfully bumped revision number for resource 5e1f36ec-9d63-4cd0-b461-ca621bb963bd (type: security_groups) to 1
2026-05-10 02:05:27.350 10 INFO neutron.db.ovn_revision_numbers_db [None req-c9430efa-51b4-4f66-a65c-8837a3e29235 c367a2482d7042d684d041dea8d256a0 7e82036c52f140ffae2fc9d63352170e - - default default] Successfully bumped revision number for resource 050b32a0-7ca2-40eb-9b20-dfbe29ffe278 (type: security_group_rules) to 0
2026-05-10 02:05:27.365 10 INFO neutron.db.ovn_revision_numbers_db [None req-c9430efa-51b4-4f66-a65c-8837a3e29235 c367a2482d7042d684d041dea8d256a0 7e82036c52f140ffae2fc9d63352170e - - default default] Successfully bumped revision number for resource 75965167-78b4-4bae-a360-dd54c66f208d (type: security_group_rules) to 0
2026-05-10 02:05:27.383 10 INFO neutron.db.ovn_revision_numbers_db [None req-c9430efa-51b4-4f66-a65c-8837a3e29235 c367a2482d7042d684d041dea8d256a0 7e82036c52f140ffae2fc9d63352170e - - default default] Successfully bumped revision number for resource 884188cf-6bd0-4968-a01d-46a4f3a19544 (type: security_group_rules) to 0
2026-05-10 02:05:27.401 10 INFO neutron.db.ovn_revision_numbers_db [None req-c9430efa-51b4-4f66-a65c-8837a3e29235 c367a2482d7042d684d041dea8d256a0 7e82036c52f140ffae2fc9d63352170e - - default default] Successfully bumped revision number for resource c5f85a45-0d96-40be-ad84-a9f613fb3d7d (type: security_group_rules) to 0
2026-05-10 02:05:27.465 9 WARNING neutron.scheduler.dhcp_agent_scheduler [None req-760080c3-a3ad-4266-a621-9ac39cdda7b2 c11cfbe3b6164ba6adb10d84bb2a1060 7c9a15d9638a4754b132ab2d92588dfe - - default default] No more DHCP agents
2026-05-10 02:05:27.469 9 WARNING neutron.api.rpc.agentnotifiers.dhcp_rpc_agent_api [None req-760080c3-a3ad-4266-a621-9ac39cdda7b2 c11cfbe3b6164ba6adb10d84bb2a1060 7c9a15d9638a4754b132ab2d92588dfe - - default default] Unable to schedule network df47e428-01a1-4640-996e-79bc100b2143: no agents available; will retry on subsequent port and subnet creation events.
2026-05-10 02:05:27.521 10 INFO neutron.db.ovn_revision_numbers_db [None req-c9430efa-51b4-4f66-a65c-8837a3e29235 c367a2482d7042d684d041dea8d256a0 7e82036c52f140ffae2fc9d63352170e - - default default] Successfully bumped revision number for resource f9a9ec49-3c73-45aa-beca-ea6191543ca2 (type: security_groups) to 1
2026-05-10 02:05:27.549 10 INFO neutron.db.ovn_revision_numbers_db [None req-c9430efa-51b4-4f66-a65c-8837a3e29235 c367a2482d7042d684d041dea8d256a0 7e82036c52f140ffae2fc9d63352170e - - default default] Successfully bumped revision number for resource befe3111-dd65-42ae-af06-4667c2eb5a83 (type: security_group_rules) to 0
2026-05-10 02:05:27.567 10 INFO neutron.db.ovn_revision_numbers_db [None req-c9430efa-51b4-4f66-a65c-8837a3e29235 c367a2482d7042d684d041dea8d256a0 7e82036c52f140ffae2fc9d63352170e - - default default] Successfully bumped revision number for resource c8cdaf0e-74f4-46bd-ab5d-a25a10551621 (type: security_group_rules) to 0
2026-05-10 02:05:27.578 9 INFO neutron.db.ovn_revision_numbers_db [None req-760080c3-a3ad-4266-a621-9ac39cdda7b2 c11cfbe3b6164ba6adb10d84bb2a1060 7c9a15d9638a4754b132ab2d92588dfe - - default default] Successfully bumped revision number for resource bc25d4f1-056f-4370-8263-c61b1bdc08dc (type: ports) to 1
2026-05-10 02:05:27.604 10 INFO neutron.wsgi [None req-c9430efa-51b4-4f66-a65c-8837a3e29235 c367a2482d7042d684d041dea8d256a0 7e82036c52f140ffae2fc9d63352170e - - default default] 10.0.0.160 "POST /v2.0/security-groups HTTP/1.1" status: 201 len: 1803 time: 0.6884372
2026-05-10 02:05:27.606 9 INFO neutron.wsgi [None req-760080c3-a3ad-4266-a621-9ac39cdda7b2 c11cfbe3b6164ba6adb10d84bb2a1060 7c9a15d9638a4754b132ab2d92588dfe - - default default] 10.0.0.160 "POST /v2.0/networks HTTP/1.1" status: 201 len: 831 time: 0.6963804
2026-05-10 02:05:27.615 9 WARNING neutron_lib.context [None req-819a026e-8aa1-40a9-a252-424775ecabd3 c367a2482d7042d684d041dea8d256a0 7e82036c52f140ffae2fc9d63352170e - - default default] Method 'is_advsvc' is deprecated since 2023.2 release (neutron-lib 3.8.0) and will be removed once support for the old RBAC API policies will be removed from Neutron. Please use method 'is_service_role' instead. /var/lib/openstack/lib/python3.10/site-packages/pycadf/identifier.py:71: UserWarning: Invalid uuid: neutron. To ensure interoperability, identifiers should be a valid uuid. warnings.warn(('Invalid uuid: %s. To ensure interoperability, '
2026-05-10 02:05:27.629 10 WARNING neutron_lib.context [None req-e31f0644-152d-4bc7-b2b7-9445a331a7ce c11cfbe3b6164ba6adb10d84bb2a1060 7c9a15d9638a4754b132ab2d92588dfe - - default default] Method 'is_advsvc' is deprecated since 2023.2 release (neutron-lib 3.8.0) and will be removed once support for the old RBAC API policies will be removed from Neutron. Please use method 'is_service_role' instead.
2026-05-10 02:05:27.801 10 INFO neutron.db.ovn_revision_numbers_db [req-f39c93ca-a5f1-4122-938e-470d928c1e8d req-b05b46d3-ee6c-4f55-a2b5-c524bef29695 08135a990aec41cf92b88df9c00186d7 848f65fb002d4f7f9bec149e2ec0be33 - - 908a0eee66af4cfd9cfd2a7ebc985eb7 908a0eee66af4cfd9cfd2a7ebc985eb7] Successfully bumped revision number for resource 70755985-13a3-4454-b6fb-3d0d00d4220f (type: ports) to 2
2026-05-10 02:05:27.817 9 INFO neutron.db.ovn_revision_numbers_db [None req-819a026e-8aa1-40a9-a252-424775ecabd3 c367a2482d7042d684d041dea8d256a0 7e82036c52f140ffae2fc9d63352170e - - default default] Successfully bumped revision number for resource dca8564f-a80d-46ff-9d4d-5fd9d3abede8 (type: security_groups) to 1
2026-05-10 02:05:27.839 9 INFO neutron.db.ovn_revision_numbers_db [None req-819a026e-8aa1-40a9-a252-424775ecabd3 c367a2482d7042d684d041dea8d256a0 7e82036c52f140ffae2fc9d63352170e - - default default] Successfully bumped revision number for resource b48dfd03-9e6a-4dd4-9a42-e71bb277cc1c (type: security_group_rules) to 0
2026-05-10 02:05:27.854 9 INFO neutron.db.ovn_revision_numbers_db [None req-819a026e-8aa1-40a9-a252-424775ecabd3 c367a2482d7042d684d041dea8d256a0 7e82036c52f140ffae2fc9d63352170e - - default default] Successfully bumped revision number for resource f6ab94b1-7355-42ee-847c-684cf8579fc1 (type: security_group_rules) to 0
2026-05-10 02:05:27.877 9 INFO neutron.wsgi [None req-819a026e-8aa1-40a9-a252-424775ecabd3 c367a2482d7042d684d041dea8d256a0 7e82036c52f140ffae2fc9d63352170e - - default default] 10.0.0.160 "POST /v2.0/security-groups HTTP/1.1" status: 201 len: 1803 time: 0.2657132 /var/lib/openstack/lib/python3.10/site-packages/pycadf/identifier.py:71: UserWarning: Invalid uuid: neutron. To ensure interoperability, identifiers should be a valid uuid. warnings.warn(('Invalid uuid: %s. To ensure interoperability, '
2026-05-10 02:05:27.886 10 WARNING neutron_lib.context [None req-0579206d-e201-442f-b698-4cc58b297bdd c367a2482d7042d684d041dea8d256a0 7e82036c52f140ffae2fc9d63352170e - - default default] Method 'is_advsvc' is deprecated since 2023.2 release (neutron-lib 3.8.0) and will be removed once support for the old RBAC API policies will be removed from Neutron. Please use method 'is_service_role' instead.
2026-05-10 02:05:27.927 10 WARNING neutron.scheduler.dhcp_agent_scheduler [None req-e31f0644-152d-4bc7-b2b7-9445a331a7ce c11cfbe3b6164ba6adb10d84bb2a1060 7c9a15d9638a4754b132ab2d92588dfe - - default default] No more DHCP agents
2026-05-10 02:05:27.933 10 WARNING neutron.api.rpc.agentnotifiers.dhcp_rpc_agent_api [None req-e31f0644-152d-4bc7-b2b7-9445a331a7ce c11cfbe3b6164ba6adb10d84bb2a1060 7c9a15d9638a4754b132ab2d92588dfe - - default default] Unable to schedule network df47e428-01a1-4640-996e-79bc100b2143: no agents available; will retry on subsequent port and subnet creation events.
2026-05-10 02:05:28.018 9 WARNING neutron.scheduler.dhcp_agent_scheduler [None req-ba150b39-78be-41db-84b3-ccc31df18c9b f5cd989c04c747149d181a76c0ac805e 1ed58dbfa4c34322a78e6ee691c93d9d - - default default] No more DHCP agents
2026-05-10 02:05:28.022 9 WARNING neutron.api.rpc.agentnotifiers.dhcp_rpc_agent_api [None req-ba150b39-78be-41db-84b3-ccc31df18c9b f5cd989c04c747149d181a76c0ac805e 1ed58dbfa4c34322a78e6ee691c93d9d - - default default] Unable to schedule network 76b01b24-269a-4318-9126-38a15e96e9b3: no agents available; will retry on subsequent port and subnet creation events. /var/lib/openstack/lib/python3.10/site-packages/pycadf/identifier.py:71: UserWarning: Invalid uuid: neutron. To ensure interoperability, identifiers should be a valid uuid. warnings.warn(('Invalid uuid: %s. To ensure interoperability, '
2026-05-10 02:05:28.114 10 INFO neutron.db.ovn_revision_numbers_db [None req-e31f0644-152d-4bc7-b2b7-9445a331a7ce c11cfbe3b6164ba6adb10d84bb2a1060 7c9a15d9638a4754b132ab2d92588dfe - - default default] Successfully bumped revision number for resource 9a2ee744-9eeb-4a89-8c75-bec1122d06e0 (type: ports) to 1
2026-05-10 02:05:28.169 10 INFO neutron.wsgi [req-145b502d-9e6f-4613-99bd-875fdb4ca5fe req-587bcc6c-c6e1-424d-8fdb-0ae5c5a3f52e 08135a990aec41cf92b88df9c00186d7 848f65fb002d4f7f9bec149e2ec0be33 - - 908a0eee66af4cfd9cfd2a7ebc985eb7 908a0eee66af4cfd9cfd2a7ebc985eb7] 10.0.0.247 "GET /v2.0/ports?device_id=ea35d512-2863-46a7-9945-53db9617edff HTTP/1.1" status: 200 len: 1634 time: 0.0741801
2026-05-10 02:05:28.172 10 INFO neutron.wsgi [None req-e31f0644-152d-4bc7-b2b7-9445a331a7ce c11cfbe3b6164ba6adb10d84bb2a1060 7c9a15d9638a4754b132ab2d92588dfe - - default default] 10.0.0.160 "POST /v2.0/ports HTTP/1.1" status: 201 len: 942 time: 0.5492020
2026-05-10 02:05:28.173 10 INFO neutron.db.ovn_revision_numbers_db [req-f39c93ca-a5f1-4122-938e-470d928c1e8d req-b05b46d3-ee6c-4f55-a2b5-c524bef29695 08135a990aec41cf92b88df9c00186d7 848f65fb002d4f7f9bec149e2ec0be33 - - 908a0eee66af4cfd9cfd2a7ebc985eb7 908a0eee66af4cfd9cfd2a7ebc985eb7] Successfully bumped revision number for resource 70755985-13a3-4454-b6fb-3d0d00d4220f (type: ports) to 2
2026-05-10 02:05:28.182 10 WARNING neutron_lib.context [None req-78d6f6cc-548e-48d0-b566-e3d4ad3d6e84 c11cfbe3b6164ba6adb10d84bb2a1060 7c9a15d9638a4754b132ab2d92588dfe - - default default] Method 'is_advsvc' is deprecated since 2023.2 release (neutron-lib 3.8.0) and will be removed once support for the old RBAC API policies will be removed from Neutron. Please use method 'is_service_role' instead.
2026-05-10 02:05:28.187 10 INFO neutron.db.ovn_revision_numbers_db [None req-0579206d-e201-442f-b698-4cc58b297bdd c367a2482d7042d684d041dea8d256a0 7e82036c52f140ffae2fc9d63352170e - - default default] Successfully bumped revision number for resource a3915ece-20f2-44b4-9fb7-e693aadc75e0 (type: security_groups) to 1
2026-05-10 02:05:28.215 10 INFO neutron.wsgi [req-f39c93ca-a5f1-4122-938e-470d928c1e8d req-b05b46d3-ee6c-4f55-a2b5-c524bef29695 08135a990aec41cf92b88df9c00186d7 848f65fb002d4f7f9bec149e2ec0be33 - - 908a0eee66af4cfd9cfd2a7ebc985eb7 908a0eee66af4cfd9cfd2a7ebc985eb7] 199.204.45.250 "PUT /v2.0/ports/70755985-13a3-4454-b6fb-3d0d00d4220f HTTP/1.1" status: 200 len: 1605 time: 0.9191997
2026-05-10 02:05:28.225 10 INFO neutron.db.ovn_revision_numbers_db [None req-0579206d-e201-442f-b698-4cc58b297bdd c367a2482d7042d684d041dea8d256a0 7e82036c52f140ffae2fc9d63352170e - - default default] Successfully bumped revision number for resource 7c3bc6b2-0b95-4f88-baac-dde8d2afdccc (type: security_group_rules) to 0
2026-05-10 02:05:28.396 9 INFO neutron.db.ovn_revision_numbers_db [None req-ba150b39-78be-41db-84b3-ccc31df18c9b f5cd989c04c747149d181a76c0ac805e 1ed58dbfa4c34322a78e6ee691c93d9d - - default default] Successfully bumped revision number for resource c3845d95-2cc3-4cfd-80c7-63578aeb22bd (type: ports) to 1
2026-05-10 02:05:28.475 10 INFO neutron.wsgi [req-145b502d-9e6f-4613-99bd-875fdb4ca5fe req-47eb39b7-a836-4758-94bf-5bcac843632b 08135a990aec41cf92b88df9c00186d7 848f65fb002d4f7f9bec149e2ec0be33 - - 908a0eee66af4cfd9cfd2a7ebc985eb7 908a0eee66af4cfd9cfd2a7ebc985eb7] 10.0.0.247 "GET /v2.0/security-groups?id=e94ef85c-b74f-46b0-8958-e9f00c8f110c&fields=id&fields=name HTTP/1.1" status: 200 len: 311 time: 0.2991016
2026-05-10 02:05:28.477 10 INFO neutron.notifiers.nova [-] Nova event matching ['req-a30da8b3-4fa8-4713-bb88-59c6b98a3082'] response: {'name': 'network-changed', 'server_uuid': '99e9822b-4ce3-4df3-97f5-88ebd45f6ea8', 'tag': '70755985-13a3-4454-b6fb-3d0d00d4220f', 'status': 'completed', 'code': 200}
2026-05-10 02:05:28.482 10 INFO neutron.db.ovn_revision_numbers_db [None req-0579206d-e201-442f-b698-4cc58b297bdd c367a2482d7042d684d041dea8d256a0 7e82036c52f140ffae2fc9d63352170e - - default default] Successfully bumped revision number for resource b1ba0861-aae3-4afe-bebc-de3f54ef14c0 (type: security_group_rules) to 0
2026-05-10 02:05:28.505 10 INFO neutron.wsgi [None req-0579206d-e201-442f-b698-4cc58b297bdd c367a2482d7042d684d041dea8d256a0 7e82036c52f140ffae2fc9d63352170e - - default default] 10.0.0.160 "POST /v2.0/security-groups HTTP/1.1" status: 201 len: 1803 time: 0.6235011
2026-05-10 02:05:28.516 10 INFO neutron.wsgi [req-f39c93ca-a5f1-4122-938e-470d928c1e8d req-0f3c3ab1-d077-4125-8011-a7ac5cfdd721 08135a990aec41cf92b88df9c00186d7 848f65fb002d4f7f9bec149e2ec0be33 - - 908a0eee66af4cfd9cfd2a7ebc985eb7 908a0eee66af4cfd9cfd2a7ebc985eb7] 199.204.45.250 "GET /v2.0/ports?tenant_id=b4fe9a810875435089c40872aed73f7b&device_id=99e9822b-4ce3-4df3-97f5-88ebd45f6ea8 HTTP/1.1" status: 200 len: 1636 time: 0.2713611
2026-05-10 02:05:28.518 9 WARNING neutron_lib.context [None req-85e75e03-2ca5-4eb6-abad-c65d85a42f23 c367a2482d7042d684d041dea8d256a0 7e82036c52f140ffae2fc9d63352170e - - default default] Method 'is_advsvc' is deprecated since 2023.2 release (neutron-lib 3.8.0) and will be removed once support for the old RBAC API policies will be removed from Neutron. Please use method 'is_service_role' instead.
2026-05-10 02:05:28.528 10 INFO neutron.db.segments_db [None req-78d6f6cc-548e-48d0-b566-e3d4ad3d6e84 c11cfbe3b6164ba6adb10d84bb2a1060 7c9a15d9638a4754b132ab2d92588dfe - - default default] Added segment 87c60c0a-b71f-4d24-a538-f73487ad0cec of type geneve for network 0503b7e8-e664-4932-9104-b73e0ba8234a
2026-05-10 02:05:28.544 10 INFO neutron.wsgi [req-f39c93ca-a5f1-4122-938e-470d928c1e8d req-19f24f1d-4f97-4655-b688-fa0f9a750a39 08135a990aec41cf92b88df9c00186d7 848f65fb002d4f7f9bec149e2ec0be33 - - 908a0eee66af4cfd9cfd2a7ebc985eb7 908a0eee66af4cfd9cfd2a7ebc985eb7] 199.204.45.250 "GET /v2.0/floatingips?fixed_ip_address=10.2.2.86&port_id=70755985-13a3-4454-b6fb-3d0d00d4220f HTTP/1.1" status: 200 len: 217 time: 0.0230851
2026-05-10 02:05:28.579 10 INFO neutron.wsgi [req-f39c93ca-a5f1-4122-938e-470d928c1e8d req-9dc2ff9e-521c-45d2-ba2c-8d82a77f62f7 08135a990aec41cf92b88df9c00186d7 848f65fb002d4f7f9bec149e2ec0be33 - - 908a0eee66af4cfd9cfd2a7ebc985eb7 908a0eee66af4cfd9cfd2a7ebc985eb7] 199.204.45.250 "GET /v2.0/floatingips?fixed_ip_address=fd77%3A1457%3A4cf0%3A26a8%3A%3A1d9&port_id=70755985-13a3-4454-b6fb-3d0d00d4220f HTTP/1.1" status: 200 len: 217 time: 0.0281734
2026-05-10 02:05:28.632 10 INFO neutron.wsgi [req-f39c93ca-a5f1-4122-938e-470d928c1e8d req-e18c1be0-5d95-4b25-8cd8-67122bc53e59 08135a990aec41cf92b88df9c00186d7 848f65fb002d4f7f9bec149e2ec0be33 - - 908a0eee66af4cfd9cfd2a7ebc985eb7 908a0eee66af4cfd9cfd2a7ebc985eb7] 199.204.45.250 "GET /v2.0/subnets?id=236997c6-4df8-4f9c-a2ea-48822cdf1d54&id=19a01e4f-553b-4189-b2ed-ec2452619c4f HTTP/1.1" status: 200 len: 1567 time: 0.0488141
2026-05-10 02:05:28.670 9 INFO neutron.db.ovn_revision_numbers_db [None req-85e75e03-2ca5-4eb6-abad-c65d85a42f23 c367a2482d7042d684d041dea8d256a0 7e82036c52f140ffae2fc9d63352170e - - default default] Successfully bumped revision number for resource 21ac8f58-fa4a-4dc8-ba8f-a712ec2ecda4 (type: security_groups) to 1
2026-05-10 02:05:28.680 10 INFO neutron.wsgi [req-f39c93ca-a5f1-4122-938e-470d928c1e8d req-475fe5e6-93aa-4c3e-9c73-7de18b20f406 08135a990aec41cf92b88df9c00186d7 848f65fb002d4f7f9bec149e2ec0be33 - - 908a0eee66af4cfd9cfd2a7ebc985eb7 908a0eee66af4cfd9cfd2a7ebc985eb7] 199.204.45.250 "GET /v2.0/ports?network_id=9daedc44-1cf1-4337-8126-a93e510d6fcc&device_owner=network%3Adhcp HTTP/1.1" status: 200 len: 210 time: 0.0398653
2026-05-10 02:05:28.722 10 INFO neutron.wsgi [req-f39c93ca-a5f1-4122-938e-470d928c1e8d req-ca51aa5a-7f8e-4e09-8863-4c90408c073d 08135a990aec41cf92b88df9c00186d7 848f65fb002d4f7f9bec149e2ec0be33 - - 908a0eee66af4cfd9cfd2a7ebc985eb7 908a0eee66af4cfd9cfd2a7ebc985eb7] 199.204.45.250 "GET /v2.0/ports?network_id=9daedc44-1cf1-4337-8126-a93e510d6fcc&device_owner=network%3Adhcp HTTP/1.1" status: 200 len: 210 time: 0.0335622
2026-05-10 02:05:28.725 9 INFO neutron.db.ovn_revision_numbers_db [None req-85e75e03-2ca5-4eb6-abad-c65d85a42f23 c367a2482d7042d684d041dea8d256a0 7e82036c52f140ffae2fc9d63352170e - - default default] Successfully bumped revision number for resource 19b5eec7-55e8-4e29-a411-62793f478359 (type: security_group_rules) to 0
2026-05-10 02:05:28.746 10 INFO neutron.db.ovn_revision_numbers_db [None req-78d6f6cc-548e-48d0-b566-e3d4ad3d6e84 c11cfbe3b6164ba6adb10d84bb2a1060 7c9a15d9638a4754b132ab2d92588dfe - - default default] Successfully bumped revision number for resource 0503b7e8-e664-4932-9104-b73e0ba8234a (type: networks) to 1
2026-05-10 02:05:28.750 9 INFO neutron.db.ovn_revision_numbers_db [None req-85e75e03-2ca5-4eb6-abad-c65d85a42f23 c367a2482d7042d684d041dea8d256a0 7e82036c52f140ffae2fc9d63352170e - - default default] Successfully bumped revision number for resource 4a992b4d-4d2c-488f-a0e1-93fe49cbd36f (type: security_group_rules) to 0
2026-05-10 02:05:28.774 9 INFO neutron.wsgi [None req-85e75e03-2ca5-4eb6-abad-c65d85a42f23 c367a2482d7042d684d041dea8d256a0 7e82036c52f140ffae2fc9d63352170e - - default default] 10.0.0.160 "POST /v2.0/security-groups HTTP/1.1" status: 201 len: 1803 time: 0.2624054
2026-05-10 02:05:28.792 9 WARNING neutron_lib.context [None req-eb63b26f-fdb5-4e61-88ce-0b0a534ea9dc c367a2482d7042d684d041dea8d256a0 7e82036c52f140ffae2fc9d63352170e - - default default] Method 'is_advsvc' is deprecated since 2023.2 release (neutron-lib 3.8.0) and will be removed once support for the old RBAC API policies will be removed from Neutron. Please use method 'is_service_role' instead.
2026-05-10 02:05:28.809 10 INFO neutron.wsgi [req-f39c93ca-a5f1-4122-938e-470d928c1e8d req-1091728d-6eda-4e88-a992-a09cf1187dd8 08135a990aec41cf92b88df9c00186d7 848f65fb002d4f7f9bec149e2ec0be33 - - 908a0eee66af4cfd9cfd2a7ebc985eb7 908a0eee66af4cfd9cfd2a7ebc985eb7] 199.204.45.250 "GET /v2.0/networks/9daedc44-1cf1-4337-8126-a93e510d6fcc?fields=segments HTTP/1.1" status: 200 len: 212 time: 0.0684066
2026-05-10 02:05:28.894 10 INFO neutron.wsgi [req-f39c93ca-a5f1-4122-938e-470d928c1e8d req-38b87a92-fb71-4279-9b8c-3d589b3e11e2 08135a990aec41cf92b88df9c00186d7 848f65fb002d4f7f9bec149e2ec0be33 - - 908a0eee66af4cfd9cfd2a7ebc985eb7 908a0eee66af4cfd9cfd2a7ebc985eb7] 199.204.45.250 "GET /v2.0/networks/9daedc44-1cf1-4337-8126-a93e510d6fcc?fields=provider%3Aphysical_network&fields=provider%3Anetwork_type HTTP/1.1" status: 200 len: 277 time: 0.0748637
2026-05-10 02:05:28.955 10 WARNING neutron.scheduler.dhcp_agent_scheduler [None req-78d6f6cc-548e-48d0-b566-e3d4ad3d6e84 c11cfbe3b6164ba6adb10d84bb2a1060 7c9a15d9638a4754b132ab2d92588dfe - - default default] No more DHCP agents
2026-05-10 02:05:28.966 10 WARNING neutron.api.rpc.agentnotifiers.dhcp_rpc_agent_api [None req-78d6f6cc-548e-48d0-b566-e3d4ad3d6e84 c11cfbe3b6164ba6adb10d84bb2a1060 7c9a15d9638a4754b132ab2d92588dfe - - default default] Unable to schedule network 0503b7e8-e664-4932-9104-b73e0ba8234a: no agents available; will retry on subsequent port and subnet creation events.
2026-05-10 02:05:29.004 10 INFO neutron.wsgi [req-4999980d-27f9-494c-b69a-92551721bafe req-947f40ee-bf09-474e-a73c-87c016f3bef5 08135a990aec41cf92b88df9c00186d7 848f65fb002d4f7f9bec149e2ec0be33 - - 908a0eee66af4cfd9cfd2a7ebc985eb7 908a0eee66af4cfd9cfd2a7ebc985eb7] 199.204.45.250 "GET /v2.0/ports?tenant_id=b4fe9a810875435089c40872aed73f7b&device_id=99e9822b-4ce3-4df3-97f5-88ebd45f6ea8 HTTP/1.1" status: 200 len: 1636 time: 0.0664518
2026-05-10 02:05:29.050 9 INFO neutron.db.ovn_revision_numbers_db [None req-eb63b26f-fdb5-4e61-88ce-0b0a534ea9dc c367a2482d7042d684d041dea8d256a0 7e82036c52f140ffae2fc9d63352170e - - default default] Successfully bumped revision number for resource 345eda8f-ec8c-4200-8a3a-35aa0837e621 (type: security_groups) to 1
2026-05-10 02:05:29.080 9 INFO neutron.db.ovn_revision_numbers_db [None req-eb63b26f-fdb5-4e61-88ce-0b0a534ea9dc c367a2482d7042d684d041dea8d256a0 7e82036c52f140ffae2fc9d63352170e - - default default] Successfully bumped revision number for resource a1c2e330-4d14-47ee-a02a-290d0f26a308 (type: security_group_rules) to 0
2026-05-10 02:05:29.089 9 ERROR ovsdbapp.backend.ovs_idl.command [None req-ba150b39-78be-41db-84b3-ccc31df18c9b f5cd989c04c747149d181a76c0ac805e 1ed58dbfa4c34322a78e6ee691c93d9d - - default default] Error executing command (DbGetCommand): ovsdbapp.backend.ovs_idl.idlutils.RowNotFound: Cannot find Logical_Router_Port with name=lrp-c3845d95-2cc3-4cfd-80c7-63578aeb22bd
2026-05-10 02:05:29.089 9 ERROR ovsdbapp.backend.ovs_idl.command
Traceback (most recent call last):
2026-05-10 02:05:29.089 9 ERROR ovsdbapp.backend.ovs_idl.command
File "/var/lib/openstack/lib/python3.10/site-packages/ovsdbapp/backend/ovs_idl/command.py", line 47, in execute
2026-05-10 02:05:29.089 9 ERROR ovsdbapp.backend.ovs_idl.command self.run_idl(None)
2026-05-10 02:05:29.089 9 ERROR ovsdbapp.backend.ovs_idl.command
File "/var/lib/openstack/lib/python3.10/site-packages/ovsdbapp/backend/ovs_idl/command.py", line 235, in run_idl
2026-05-10 02:05:29.089 9 ERROR ovsdbapp.backend.ovs_idl.command record = self.api.lookup(self.table, self.record)
2026-05-10 02:05:29.089 9 ERROR ovsdbapp.backend.ovs_idl.command
File "/var/lib/openstack/lib/python3.10/site-packages/ovsdbapp/backend/ovs_idl/__init__.py", line 184, in lookup
2026-05-10 02:05:29.089 9 ERROR ovsdbapp.backend.ovs_idl.command return self._lookup(table, record)
2026-05-10 02:05:29.089 9 ERROR ovsdbapp.backend.ovs_idl.command
File "/var/lib/openstack/lib/python3.10/site-packages/ovsdbapp/backend/ovs_idl/__init__.py", line 235, in _lookup
2026-05-10 02:05:29.089 9 ERROR ovsdbapp.backend.ovs_idl.command row = idlutils.row_by_value(self, rl.table, rl.column, record)
2026-05-10 02:05:29.089 9 ERROR ovsdbapp.backend.ovs_idl.command
File "/var/lib/openstack/lib/python3.10/site-packages/ovsdbapp/backend/ovs_idl/idlutils.py", line 114, in row_by_value
2026-05-10 02:05:29.089 9 ERROR ovsdbapp.backend.ovs_idl.command raise RowNotFound(table=table, col=column, match=match)
2026-05-10 02:05:29.089 9 ERROR ovsdbapp.backend.ovs_idl.command ovsdbapp.backend.ovs_idl.idlutils.RowNotFound: Cannot find Logical_Router_Port with name=lrp-c3845d95-2cc3-4cfd-80c7-63578aeb22bd
