2026-05-10 02:05:03.302 10 INFO neutron.db.ovn_revision_numbers_db [None req-92ad33a8-7e9a-4f5a-8ab4-34dc4a8d0870 a2d01c363a244a539a1b10874d5dbc1d 24a690272e5d4e13bb6e94d2ed252c66 - - default default] Successfully bumped revision number for resource d34d9495-2a19-424f-9cd0-b64ae5a9e7a4 (type: subnets) to 0
2026-05-10 02:05:03.318 10 INFO neutron.wsgi [None req-92ad33a8-7e9a-4f5a-8ab4-34dc4a8d0870 a2d01c363a244a539a1b10874d5dbc1d 24a690272e5d4e13bb6e94d2ed252c66 - - default default] 10.0.0.160 "POST /v2.0/subnets HTTP/1.1" status: 201 len: 822 time: 1.0988038
2026-05-10 02:05:03.641 10 INFO neutron.wsgi [None req-ea5399eb-fd91-4f9b-96a3-28952c4d2af2 a2d01c363a244a539a1b10874d5dbc1d 24a690272e5d4e13bb6e94d2ed252c66 - - default default] 10.0.0.160 "POST /v2.0/rbac-policies HTTP/1.1" status: 201 len: 523 time: 0.3143566
2026-05-10 02:05:03.774 9 WARNING neutron.scheduler.dhcp_agent_scheduler [None req-c3968390-a294-4f37-9bc4-ef05c334989d f30a7f491ed448049513a9f5e2a5f4c9 b4fe9a810875435089c40872aed73f7b - - default default] No more DHCP agents
2026-05-10 02:05:03.776 9 WARNING neutron.api.rpc.agentnotifiers.dhcp_rpc_agent_api [None req-c3968390-a294-4f37-9bc4-ef05c334989d f30a7f491ed448049513a9f5e2a5f4c9 b4fe9a810875435089c40872aed73f7b - - default default] Unable to schedule network d31e7e8e-99a4-4b6d-97e3-bc943727ff19: no agents available; will retry on subsequent port and subnet creation events.
2026-05-10 02:05:03.966 9 INFO neutron.db.ovn_revision_numbers_db [None req-c3968390-a294-4f37-9bc4-ef05c334989d f30a7f491ed448049513a9f5e2a5f4c9 b4fe9a810875435089c40872aed73f7b - - default default] Successfully bumped revision number for resource fdd55a96-2fb6-4bd1-8f71-145c51120192 (type: ports) to 1
2026-05-10 02:05:03.973 10 WARNING neutron_lib.context [None req-18d91bc2-810b-4680-9a55-3dd7aedfe6a0 f968f78c225b4286adb488be3aa31bc3 c3fb815d0b934504b10fc5165aeddead - - default default] Method 'is_advsvc' is deprecated since 2023.2 release (neutron-lib 3.8.0) and will be removed once support for the old RBAC API policies will be removed from Neutron. Please use method 'is_service_role' instead.
2026-05-10 02:05:04.138 10 INFO neutron.wsgi [None req-55a3cc83-5e26-476c-a872-7f2a99960b1a e045c4c0308c44ca8a1ebe9420772c94 76cac2e8b7c6481185cd8bdfdff3c0be - - default default] 10.0.0.160 "GET /v2.0/networks/849abbf4-03ee-43c1-b7b3-3c3bb5c4b618 HTTP/1.1" status: 200 len: 847 time: 0.1293137
2026-05-10 02:05:04.168 10 INFO neutron.db.ovn_revision_numbers_db [None req-18d91bc2-810b-4680-9a55-3dd7aedfe6a0 f968f78c225b4286adb488be3aa31bc3 c3fb815d0b934504b10fc5165aeddead - - default default] Successfully bumped revision number for resource bbfd0f56-2e28-4c80-8676-b967527bf241 (type: security_groups) to 1
2026-05-10 02:05:04.183 10 INFO neutron.db.ovn_revision_numbers_db [None req-18d91bc2-810b-4680-9a55-3dd7aedfe6a0 f968f78c225b4286adb488be3aa31bc3 c3fb815d0b934504b10fc5165aeddead - - default default] Successfully bumped revision number for resource 098eee84-8429-47a0-a429-61a568c435c6 (type: security_group_rules) to 0
2026-05-10 02:05:04.196 10 INFO neutron.db.ovn_revision_numbers_db [None req-18d91bc2-810b-4680-9a55-3dd7aedfe6a0 f968f78c225b4286adb488be3aa31bc3 c3fb815d0b934504b10fc5165aeddead - - default default] Successfully bumped revision number for resource 25d885bf-7298-4cd0-9083-edc9f29f6a9e (type: security_group_rules) to 0
2026-05-10 02:05:04.210 10 INFO neutron.db.ovn_revision_numbers_db [None req-18d91bc2-810b-4680-9a55-3dd7aedfe6a0 f968f78c225b4286adb488be3aa31bc3 c3fb815d0b934504b10fc5165aeddead - - default default] Successfully bumped revision number for resource 9363caff-a875-4d99-8c9a-61f724373169 (type: security_group_rules) to 0
2026-05-10 02:05:04.239 10 INFO neutron.db.ovn_revision_numbers_db [None req-18d91bc2-810b-4680-9a55-3dd7aedfe6a0 f968f78c225b4286adb488be3aa31bc3 c3fb815d0b934504b10fc5165aeddead - - default default] Successfully bumped revision number for resource f9fadcb1-c5a8-4d20-8e83-5fd7993d8b1e (type: security_group_rules) to 0
2026-05-10 02:05:04.299 10 INFO neutron.db.segments_db [None req-18d91bc2-810b-4680-9a55-3dd7aedfe6a0 f968f78c225b4286adb488be3aa31bc3 c3fb815d0b934504b10fc5165aeddead - - default default] Added segment 39419f9d-9ed4-44ad-95cb-1a7b4387d562 of type geneve for network 895e22b7-7fee-47be-9358-98acd238d635
2026-05-10 02:05:04.455 10 INFO neutron.db.ovn_revision_numbers_db [None req-18d91bc2-810b-4680-9a55-3dd7aedfe6a0 f968f78c225b4286adb488be3aa31bc3 c3fb815d0b934504b10fc5165aeddead - - default default] Successfully bumped revision number for resource 895e22b7-7fee-47be-9358-98acd238d635 (type: networks) to 1
2026-05-10 02:05:04.625 10 WARNING neutron.scheduler.dhcp_agent_scheduler [None req-18d91bc2-810b-4680-9a55-3dd7aedfe6a0 f968f78c225b4286adb488be3aa31bc3 c3fb815d0b934504b10fc5165aeddead - - default default] No more DHCP agents
2026-05-10 02:05:04.629 10 WARNING neutron.api.rpc.agentnotifiers.dhcp_rpc_agent_api [None req-18d91bc2-810b-4680-9a55-3dd7aedfe6a0 f968f78c225b4286adb488be3aa31bc3 c3fb815d0b934504b10fc5165aeddead - - default default] Unable to schedule network 895e22b7-7fee-47be-9358-98acd238d635: no agents available; will retry on subsequent port and subnet creation events.
2026-05-10 02:05:04.648 9 ERROR ovsdbapp.backend.ovs_idl.command [None req-c3968390-a294-4f37-9bc4-ef05c334989d f30a7f491ed448049513a9f5e2a5f4c9 b4fe9a810875435089c40872aed73f7b - - default default] Error executing command (DbGetCommand): ovsdbapp.backend.ovs_idl.idlutils.RowNotFound: Cannot find Logical_Router_Port with name=lrp-fdd55a96-2fb6-4bd1-8f71-145c51120192
2026-05-10 02:05:04.648 9 ERROR ovsdbapp.backend.ovs_idl.command
Traceback (most recent call last):
2026-05-10 02:05:04.648 9 ERROR ovsdbapp.backend.ovs_idl.command
File "/var/lib/openstack/lib/python3.10/site-packages/ovsdbapp/backend/ovs_idl/command.py", line 47, in execute
2026-05-10 02:05:04.648 9 ERROR ovsdbapp.backend.ovs_idl.command self.run_idl(None)
2026-05-10 02:05:04.648 9 ERROR ovsdbapp.backend.ovs_idl.command
File "/var/lib/openstack/lib/python3.10/site-packages/ovsdbapp/backend/ovs_idl/command.py", line 235, in run_idl
2026-05-10 02:05:04.648 9 ERROR ovsdbapp.backend.ovs_idl.command record = self.api.lookup(self.table, self.record)
2026-05-10 02:05:04.648 9 ERROR ovsdbapp.backend.ovs_idl.command
File "/var/lib/openstack/lib/python3.10/site-packages/ovsdbapp/backend/ovs_idl/__init__.py", line 184, in lookup
2026-05-10 02:05:04.648 9 ERROR ovsdbapp.backend.ovs_idl.command return self._lookup(table, record)
2026-05-10 02:05:04.648 9 ERROR ovsdbapp.backend.ovs_idl.command
File "/var/lib/openstack/lib/python3.10/site-packages/ovsdbapp/backend/ovs_idl/__init__.py", line 235, in _lookup
2026-05-10 02:05:04.648 9 ERROR ovsdbapp.backend.ovs_idl.command row = idlutils.row_by_value(self, rl.table, rl.column, record)
2026-05-10 02:05:04.648 9 ERROR ovsdbapp.backend.ovs_idl.command
File "/var/lib/openstack/lib/python3.10/site-packages/ovsdbapp/backend/ovs_idl/idlutils.py", line 114, in row_by_value
2026-05-10 02:05:04.648 9 ERROR ovsdbapp.backend.ovs_idl.command raise RowNotFound(table=table, col=column, match=match)
2026-05-10 02:05:04.648 9 ERROR ovsdbapp.backend.ovs_idl.command ovsdbapp.backend.ovs_idl.idlutils.RowNotFound: Cannot find Logical_Router_Port with name=lrp-fdd55a96-2fb6-4bd1-8f71-145c51120192
2026-05-10 02:05:04.648 9 ERROR ovsdbapp.backend.ovs_idl.command 
2026-05-10 02:05:04.648 9 ERROR neutron_lib.callbacks.manager [None req-c3968390-a294-4f37-9bc4-ef05c334989d f30a7f491ed448049513a9f5e2a5f4c9 b4fe9a810875435089c40872aed73f7b - - default default] Error during notification for neutron.services.ovn_l3.plugin.OVNL3RouterPlugin._port_update-8745738097391 port, after_update: ovsdbapp.backend.ovs_idl.idlutils.RowNotFound: Cannot find Logical_Router_Port with name=lrp-fdd55a96-2fb6-4bd1-8f71-145c51120192
2026-05-10 02:05:04.648 9 ERROR neutron_lib.callbacks.manager
Traceback (most recent call last):
2026-05-10 02:05:04.648 9 ERROR neutron_lib.callbacks.manager
File "/var/lib/openstack/lib/python3.10/site-packages/neutron_lib/callbacks/manager.py", line 189, in _notify_loop
2026-05-10 02:05:04.648 9 ERROR neutron_lib.callbacks.manager callback.method(resource, event, trigger, payload=payload)
2026-05-10 02:05:04.648 9 ERROR neutron_lib.callbacks.manager
File "/var/lib/openstack/lib/python3.10/site-packages/neutron/services/ovn_l3/plugin.py", line 391, in _port_update
2026-05-10 02:05:04.648 9 ERROR neutron_lib.callbacks.manager l3plugin._ovn_client.update_router_port(context,
2026-05-10 02:05:04.648 9 ERROR neutron_lib.callbacks.manager
File "/var/lib/openstack/lib/python3.10/site-packages/neutron/plugins/ml2/drivers/ovn/mech_driver/ovsdb/ovn_client.py", line 1878, in update_router_port
2026-05-10 02:05:04.648 9 ERROR neutron_lib.callbacks.manager self._update_lrouter_port(context, port, if_exists=if_exists,
2026-05-10 02:05:04.648 9 ERROR neutron_lib.callbacks.manager
File "/var/lib/openstack/lib/python3.10/site-packages/neutron/plugins/ml2/drivers/ovn/mech_driver/ovsdb/ovn_client.py", line 1855, in _update_lrouter_port
2026-05-10 02:05:04.648 9 ERROR neutron_lib.callbacks.manager external_ids = self._nb_idl.db_get(
2026-05-10 02:05:04.648 9 ERROR neutron_lib.callbacks.manager
File "/var/lib/openstack/lib/python3.10/site-packages/ovsdbapp/backend/ovs_idl/command.py", line 47, in execute
2026-05-10 02:05:04.648 9 ERROR neutron_lib.callbacks.manager self.run_idl(None)
2026-05-10 02:05:04.648 9 ERROR neutron_lib.callbacks.manager
File "/var/lib/openstack/lib/python3.10/site-packages/ovsdbapp/backend/ovs_idl/command.py", line 235, in run_idl
2026-05-10 02:05:04.648 9 ERROR neutron_lib.callbacks.manager record = self.api.lookup(self.table, self.record)
2026-05-10 02:05:04.648 9 ERROR neutron_lib.callbacks.manager
File "/var/lib/openstack/lib/python3.10/site-packages/ovsdbapp/backend/ovs_idl/__init__.py", line 184, in lookup
2026-05-10 02:05:04.648 9 ERROR neutron_lib.callbacks.manager return self._lookup(table, record)
2026-05-10 02:05:04.648 9 ERROR neutron_lib.callbacks.manager
File "/var/lib/openstack/lib/python3.10/site-packages/ovsdbapp/backend/ovs_idl/__init__.py", line 235, in _lookup
2026-05-10 02:05:04.648 9 ERROR neutron_lib.callbacks.manager row = idlutils.row_by_value(self, rl.table, rl.column, record)
2026-05-10 02:05:04.648 9 ERROR neutron_lib.callbacks.manager
File "/var/lib/openstack/lib/python3.10/site-packages/ovsdbapp/backend/ovs_idl/idlutils.py", line 114, in row_by_value
2026-05-10 02:05:04.648 9 ERROR neutron_lib.callbacks.manager raise RowNotFound(table=table, col=column, match=match)
2026-05-10 02:05:04.648 9 ERROR neutron_lib.callbacks.manager ovsdbapp.backend.ovs_idl.idlutils.RowNotFound: Cannot find Logical_Router_Port with name=lrp-fdd55a96-2fb6-4bd1-8f71-145c51120192
2026-05-10 02:05:04.648 9 ERROR neutron_lib.callbacks.manager 
2026-05-10 02:05:04.700 10 INFO neutron.pecan_wsgi.hooks.translation [None req-794b9d35-f1b9-4593-bbc6-ff7a94ab5ba6 3037eeb8d35243e7ad564c283fd77dbb 8eb66d1135f241dc867a84d74475fce7 - - default default] GET failed (client error): The resource could not be found.
2026-05-10 02:05:04.703 10 INFO neutron.wsgi [None req-794b9d35-f1b9-4593-bbc6-ff7a94ab5ba6 3037eeb8d35243e7ad564c283fd77dbb 8eb66d1135f241dc867a84d74475fce7 - - default default] 10.0.0.160 "GET /v2.0/networks/849abbf4-03ee-43c1-b7b3-3c3bb5c4b618 HTTP/1.1" status: 404 len: 339 time: 0.1786828
2026-05-10 02:05:04.755 10 INFO neutron.db.ovn_revision_numbers_db [None req-18d91bc2-810b-4680-9a55-3dd7aedfe6a0 f968f78c225b4286adb488be3aa31bc3 c3fb815d0b934504b10fc5165aeddead - - default default] Successfully bumped revision number for resource fbf79404-28e6-4325-91d4-eae7b9c89b07 (type: ports) to 1
2026-05-10 02:05:04.794 10 INFO neutron.wsgi [None req-18d91bc2-810b-4680-9a55-3dd7aedfe6a0 f968f78c225b4286adb488be3aa31bc3 c3fb815d0b934504b10fc5165aeddead - - default default] 10.0.0.160 "POST /v2.0/networks HTTP/1.1" status: 201 len: 830 time: 0.9615908
2026-05-10 02:05:04.804 9 WARNING neutron_lib.context [None req-42c25257-04f2-4bfc-812f-e9d1c82124fa f968f78c225b4286adb488be3aa31bc3 c3fb815d0b934504b10fc5165aeddead - - default default] Method 'is_advsvc' is deprecated since 2023.2 release (neutron-lib 3.8.0) and will be removed once support for the old RBAC API policies will be removed from Neutron. Please use method 'is_service_role' instead.
2026-05-10 02:05:04.892 10 INFO neutron.plugins.ml2.drivers.ovn.mech_driver.mech_driver [None req-03cd97d3-af92-482b-a084-515d42e34b97 - - - - - -] OVN reports status up for port: fdd55a96-2fb6-4bd1-8f71-145c51120192
2026-05-10 02:05:04.902 10 INFO neutron.plugins.ml2.plugin [None req-03cd97d3-af92-482b-a084-515d42e34b97 - - - - - -] Attempt 1 to provision port fdd55a96-2fb6-4bd1-8f71-145c51120192
2026-05-10 02:05:04.929 9 INFO neutron.db.ovn_revision_numbers_db [None req-c3968390-a294-4f37-9bc4-ef05c334989d f30a7f491ed448049513a9f5e2a5f4c9 b4fe9a810875435089c40872aed73f7b - - default default] Successfully bumped revision number for resource fdd55a96-2fb6-4bd1-8f71-145c51120192 (type: ports) to 1
2026-05-10 02:05:05.026 9 WARNING neutron.scheduler.dhcp_agent_scheduler [None req-c3968390-a294-4f37-9bc4-ef05c334989d f30a7f491ed448049513a9f5e2a5f4c9 b4fe9a810875435089c40872aed73f7b - - default default] No more DHCP agents
2026-05-10 02:05:05.028 9 WARNING neutron.api.rpc.agentnotifiers.dhcp_rpc_agent_api [None req-c3968390-a294-4f37-9bc4-ef05c334989d f30a7f491ed448049513a9f5e2a5f4c9 b4fe9a810875435089c40872aed73f7b - - default default] Unable to schedule network d31e7e8e-99a4-4b6d-97e3-bc943727ff19: no agents available; will retry on subsequent port and subnet creation events.
2026-05-10 02:05:05.183 9 WARNING neutron.scheduler.dhcp_agent_scheduler [None req-42c25257-04f2-4bfc-812f-e9d1c82124fa f968f78c225b4286adb488be3aa31bc3 c3fb815d0b934504b10fc5165aeddead - - default default] No more DHCP agents
2026-05-10 02:05:05.188 9 WARNING neutron.api.rpc.agentnotifiers.dhcp_rpc_agent_api [None req-42c25257-04f2-4bfc-812f-e9d1c82124fa f968f78c225b4286adb488be3aa31bc3 c3fb815d0b934504b10fc5165aeddead - - default default] Unable to schedule network 895e22b7-7fee-47be-9358-98acd238d635: no agents available; will retry on subsequent port and subnet creation events.
2026-05-10 02:05:05.302 9 INFO neutron.db.ovn_revision_numbers_db [None req-42c25257-04f2-4bfc-812f-e9d1c82124fa f968f78c225b4286adb488be3aa31bc3 c3fb815d0b934504b10fc5165aeddead - - default default] Successfully bumped revision number for resource 27182e36-d98f-4178-bda6-80310b6375cf (type: ports) to 1
2026-05-10 02:05:05.349 9 INFO neutron.wsgi [None req-42c25257-04f2-4bfc-812f-e9d1c82124fa f968f78c225b4286adb488be3aa31bc3 c3fb815d0b934504b10fc5165aeddead - - default default] 10.0.0.160 "POST /v2.0/ports HTTP/1.1" status: 201 len: 942 time: 0.5482857 /var/lib/openstack/lib/python3.10/site-packages/pycadf/identifier.py:71: UserWarning: Invalid uuid: neutron. To ensure interoperability, identifiers should be a valid uuid. warnings.warn(('Invalid uuid: %s. To ensure interoperability, '
2026-05-10 02:05:05.416 9 INFO neutron.wsgi [None req-60076bca-6c5a-4ec3-8540-c1ca5e6ca523 f968f78c225b4286adb488be3aa31bc3 c3fb815d0b934504b10fc5165aeddead - - default default] 10.0.0.160 "PUT /v2.0/ports/27182e36-d98f-4178-bda6-80310b6375cf/tags HTTP/1.1" status: 200 len: 218 time: 0.0601094
2026-05-10 02:05:05.473 9 INFO neutron.wsgi [None req-85bc30c5-abc3-4061-8709-cf07169a45b2 f968f78c225b4286adb488be3aa31bc3 c3fb815d0b934504b10fc5165aeddead - - default default] 10.0.0.160 "GET /v2.0/ports/27182e36-d98f-4178-bda6-80310b6375cf/tags HTTP/1.1" status: 200 len: 218 time: 0.0495369
2026-05-10 02:05:05.511 9 INFO neutron.db.ovn_revision_numbers_db [None req-c3968390-a294-4f37-9bc4-ef05c334989d f30a7f491ed448049513a9f5e2a5f4c9 b4fe9a810875435089c40872aed73f7b - - default default] Successfully bumped revision number for resource fdd55a96-2fb6-4bd1-8f71-145c51120192 (type: router_ports) to 1
2026-05-10 02:05:05.516 9 INFO neutron.wsgi [None req-c3968390-a294-4f37-9bc4-ef05c334989d f30a7f491ed448049513a9f5e2a5f4c9 b4fe9a810875435089c40872aed73f7b - - default default] 10.0.0.160 "PUT /v2.0/routers/acad68fa-d24b-4cc5-aa36-ebf02853bff4/add_router_interface HTTP/1.1" status: 200 len: 503 time: 2.6420667
2026-05-10 02:05:05.546 9 INFO neutron.wsgi [None req-99554f51-b97f-4046-94e5-b5fc73a8a139 f968f78c225b4286adb488be3aa31bc3 c3fb815d0b934504b10fc5165aeddead - - default default] 10.0.0.160 "PUT /v2.0/ports/27182e36-d98f-4178-bda6-80310b6375cf/tags/green HTTP/1.1" status: 201 len: 201 time: 0.0676491
2026-05-10 02:05:05.640 9 INFO neutron.wsgi [None req-f29d84d2-4e7a-416c-8b2a-33d47970d5b8 f968f78c225b4286adb488be3aa31bc3 c3fb815d0b934504b10fc5165aeddead - - default default] 10.0.0.160 "GET /v2.0/ports/27182e36-d98f-4178-bda6-80310b6375cf/tags HTTP/1.1" status: 200 len: 227 time: 0.0880523
2026-05-10 02:05:05.699 10 INFO neutron.services.segments.plugin [-] Segment 2e784848-a67f-4314-8031-9de3487b51d3 resource provider aggregate not found
2026-05-10 02:05:05.710 10 INFO neutron.services.segments.plugin [-] Segment 2e784848-a67f-4314-8031-9de3487b51d3 resource provider aggregate not found
2026-05-10 02:05:05.729 10 INFO neutron.services.segments.plugin [-] Segment 2e784848-a67f-4314-8031-9de3487b51d3 resource provider not found; error: Placement Client Error (4xx): {"errors": [{"status": 404, "title": "Not Found", "detail": "The resource could not be found.\n\n No resource provider with uuid 2e784848-a67f-4314-8031-9de3487b51d3 found for delete ", "request_id": "req-4dadc5b2-d84b-42cb-a30a-1c7dc1ef583a"}]}
2026-05-10 02:05:05.755 10 INFO neutron.services.segments.plugin [-] Segment 2e784848-a67f-4314-8031-9de3487b51d3 resource provider not found; error: Placement Client Error (4xx): {"errors": [{"status": 404, "title": "Not Found", "detail": "The resource could not be found.\n\n No resource provider with uuid 2e784848-a67f-4314-8031-9de3487b51d3 found for delete ", "request_id": "req-70835d15-eaee-46df-9c4f-42ff18390dac"}]}
2026-05-10 02:05:05.766 10 INFO neutron.wsgi [None req-d3431fb5-34d6-4a5a-8b77-9932a6f9eda6 f968f78c225b4286adb488be3aa31bc3 c3fb815d0b934504b10fc5165aeddead - - default default] 10.0.0.160 "PUT /v2.0/ports/27182e36-d98f-4178-bda6-80310b6375cf/tags/red HTTP/1.1" status: 201 len: 201 time: 0.1034338
2026-05-10 02:05:05.791 10 INFO neutron.wsgi [None req-e45d3727-d66a-463d-a73b-e671398b0310 a2d01c363a244a539a1b10874d5dbc1d 24a690272e5d4e13bb6e94d2ed252c66 - - default default] 10.0.0.160 "DELETE /v2.0/networks/849abbf4-03ee-43c1-b7b3-3c3bb5c4b618 HTTP/1.1" status: 204 len: 168 time: 1.0759342
2026-05-10 02:05:05.827 10 INFO neutron.pecan_wsgi.hooks.translation [None req-affb6d95-b116-47bd-97ed-e80027c707e0 a2d01c363a244a539a1b10874d5dbc1d 24a690272e5d4e13bb6e94d2ed252c66 - - default default] DELETE failed (client error): The resource could not be found.
2026-05-10 02:05:05.830 10 INFO neutron.wsgi [None req-affb6d95-b116-47bd-97ed-e80027c707e0 a2d01c363a244a539a1b10874d5dbc1d 24a690272e5d4e13bb6e94d2ed252c66 - - default default] 10.0.0.160 "DELETE /v2.0/subnets/2b3b0b11-2a05-465c-b3f7-8ac0e84352c3 HTTP/1.1" status: 404 len: 337 time: 0.0325494
2026-05-10 02:05:05.833 10 INFO neutron.db.ovn_revision_numbers_db [None req-03cd97d3-af92-482b-a084-515d42e34b97 - - - - - -] Successfully bumped revision number for resource fdd55a96-2fb6-4bd1-8f71-145c51120192 (type: ports) to 2
2026-05-10 02:05:05.874 10 INFO neutron.wsgi [None req-2221ff5f-0974-4eaa-805e-6669813c84c8 f968f78c225b4286adb488be3aa31bc3 c3fb815d0b934504b10fc5165aeddead - - default default] 10.0.0.160 "GET /v2.0/ports/27182e36-d98f-4178-bda6-80310b6375cf/tags HTTP/1.1" status: 200 len: 227 time: 0.1030989
2026-05-10 02:05:05.894 10 INFO neutron.pecan_wsgi.hooks.translation [None req-04f09883-9285-4f08-948e-6018e0cae6c8 a2d01c363a244a539a1b10874d5dbc1d 24a690272e5d4e13bb6e94d2ed252c66 - - default default] DELETE failed (client error): The resource could not be found.
2026-05-10 02:05:05.898 10 INFO neutron.wsgi [None req-04f09883-9285-4f08-948e-6018e0cae6c8 a2d01c363a244a539a1b10874d5dbc1d 24a690272e5d4e13bb6e94d2ed252c66 - - default default] 10.0.0.160 "DELETE /v2.0/subnets/44ddff96-9b23-443b-bb48-4d4b41a61a19 HTTP/1.1" status: 404 len: 337 time: 0.0609388
2026-05-10 02:05:05.930 10 INFO neutron.pecan_wsgi.hooks.translation [None req-1892e453-a534-412e-9d41-6d5b1497526f a2d01c363a244a539a1b10874d5dbc1d 24a690272e5d4e13bb6e94d2ed252c66 - - default default] DELETE failed (client error): The resource could not be found.
2026-05-10 02:05:05.934 10 INFO neutron.wsgi [None req-1892e453-a534-412e-9d41-6d5b1497526f a2d01c363a244a539a1b10874d5dbc1d 24a690272e5d4e13bb6e94d2ed252c66 - - default default] 10.0.0.160 "DELETE /v2.0/subnets/d34d9495-2a19-424f-9cd0-b64ae5a9e7a4 HTTP/1.1" status: 404 len: 337 time: 0.0257087
2026-05-10 02:05:05.956 9 INFO neutron.wsgi [None req-fb1fb2b2-d804-47d8-86c5-61599dd30841 f968f78c225b4286adb488be3aa31bc3 c3fb815d0b934504b10fc5165aeddead - - default default] 10.0.0.160 "PUT /v2.0/ports/27182e36-d98f-4178-bda6-80310b6375cf/tags/black.or.white HTTP/1.1" status: 201 len: 201 time: 0.0716391
2026-05-10 02:05:06.016 10 INFO neutron.wsgi [None req-330c2914-a9fc-4a39-8424-7f4c348e19a0 f968f78c225b4286adb488be3aa31bc3 c3fb815d0b934504b10fc5165aeddead - - default default] 10.0.0.160 "GET /v2.0/ports/27182e36-d98f-4178-bda6-80310b6375cf/tags HTTP/1.1" status: 200 len: 245 time: 0.0479429
2026-05-10 02:05:06.082 10 INFO neutron.db.ovn_revision_numbers_db [None req-03cd97d3-af92-482b-a084-515d42e34b97 - - - - - -] Successfully bumped revision number for resource fdd55a96-2fb6-4bd1-8f71-145c51120192 (type: router_ports) to 2
2026-05-10 02:05:06.100 9 INFO neutron.wsgi [None req-9b64a8f1-7932-423b-ad24-e130288a55a0 f968f78c225b4286adb488be3aa31bc3 c3fb815d0b934504b10fc5165aeddead - - default default] 10.0.0.160 "PUT /v2.0/ports/27182e36-d98f-4178-bda6-80310b6375cf/tags HTTP/1.1" status: 200 len: 230 time: 0.0795615
2026-05-10 02:05:06.159 9 INFO neutron.wsgi [None req-160d4209-189d-47be-aacd-b15e3593ffb9 f968f78c225b4286adb488be3aa31bc3 c3fb815d0b934504b10fc5165aeddead - - default default] 10.0.0.160 "GET /v2.0/ports/27182e36-d98f-4178-bda6-80310b6375cf/tags HTTP/1.1" status: 200 len: 230 time: 0.0529497
2026-05-10 02:05:06.205 10 INFO neutron.wsgi [None req-32287009-168d-42ff-9cb3-b41991cef03b f968f78c225b4286adb488be3aa31bc3 c3fb815d0b934504b10fc5165aeddead - - default default] 10.0.0.160 "GET /v2.0/ports/27182e36-d98f-4178-bda6-80310b6375cf/tags/red HTTP/1.1" status: 204 len: 168 time: 0.0392818
2026-05-10 02:05:06.254 9 INFO neutron.api.v2.resource [None req-77534be1-c0b2-4879-9f67-6f8fc822551c f968f78c225b4286adb488be3aa31bc3 c3fb815d0b934504b10fc5165aeddead - - default default] show failed (client error): The resource could not be found.
2026-05-10 02:05:06.256 9 INFO neutron.wsgi [None req-77534be1-c0b2-4879-9f67-6f8fc822551c f968f78c225b4286adb488be3aa31bc3 c3fb815d0b934504b10fc5165aeddead - - default default] 10.0.0.160 "GET /v2.0/ports/27182e36-d98f-4178-bda6-80310b6375cf/tags/green HTTP/1.1" status: 404 len: 299 time: 0.0449893
2026-05-10 02:05:06.312 10 INFO neutron.wsgi [None req-fffb3649-f0b9-4070-9245-693c007d539f f968f78c225b4286adb488be3aa31bc3 c3fb815d0b934504b10fc5165aeddead - - default default] 10.0.0.160 "DELETE /v2.0/ports/27182e36-d98f-4178-bda6-80310b6375cf/tags/red HTTP/1.1" status: 204 len: 168 time: 0.0523500
2026-05-10 02:05:06.358 10 INFO neutron.wsgi [None req-29b7e522-c490-43a1-88e7-d1c385c5e65c f968f78c225b4286adb488be3aa31bc3 c3fb815d0b934504b10fc5165aeddead - - default default] 10.0.0.160 "GET /v2.0/ports/27182e36-d98f-4178-bda6-80310b6375cf/tags HTTP/1.1" status: 200 len: 223 time: 0.0370636
2026-05-10 02:05:06.410 10 WARNING neutron_lib.context [None req-4b54df72-8571-4d83-b442-ad7fc69fe156 cc3bedc6bd684b7da53b4e04768603e2 f5672f288c5e4fd086e83157edf3bd93 - - default default] Method 'is_advsvc' is deprecated since 2023.2 release (neutron-lib 3.8.0) and will be removed once support for the old RBAC API policies will be removed from Neutron. Please use method 'is_service_role' instead.
2026-05-10 02:05:06.424 10 INFO neutron.api.v2.resource [None req-ffe7a5ef-231e-48a6-b565-1789bcde0e19 f968f78c225b4286adb488be3aa31bc3 c3fb815d0b934504b10fc5165aeddead - - default default] delete failed (client error): The resource could not be found.
2026-05-10 02:05:06.426 10 INFO neutron.wsgi [None req-ffe7a5ef-231e-48a6-b565-1789bcde0e19 f968f78c225b4286adb488be3aa31bc3 c3fb815d0b934504b10fc5165aeddead - - default default] 10.0.0.160 "DELETE /v2.0/ports/27182e36-d98f-4178-bda6-80310b6375cf/tags/green HTTP/1.1" status: 404 len: 299 time: 0.0618546
2026-05-10 02:05:06.472 9 WARNING neutron.scheduler.dhcp_agent_scheduler [None req-9397630c-b3dc-42b7-b0b3-42365c37e364 f30a7f491ed448049513a9f5e2a5f4c9 b4fe9a810875435089c40872aed73f7b - - default default] No more DHCP agents
2026-05-10 02:05:06.476 9 WARNING neutron.api.rpc.agentnotifiers.dhcp_rpc_agent_api [None req-9397630c-b3dc-42b7-b0b3-42365c37e364 f30a7f491ed448049513a9f5e2a5f4c9 b4fe9a810875435089c40872aed73f7b - - default default] Unable to schedule network 9daedc44-1cf1-4337-8126-a93e510d6fcc: no agents available; will retry on subsequent port and subnet creation events.
2026-05-10 02:05:06.488 10 INFO neutron.wsgi [None req-8c37c07d-18aa-4540-b9f1-cd7cc54962d2 f968f78c225b4286adb488be3aa31bc3 c3fb815d0b934504b10fc5165aeddead - - default default] 10.0.0.160 "DELETE /v2.0/ports/27182e36-d98f-4178-bda6-80310b6375cf/tags HTTP/1.1" status: 204 len: 168 time: 0.0577247
2026-05-10 02:05:06.541 10 INFO neutron.wsgi [None req-d187d8d4-89dd-4668-b8ba-8e06eefd293d f968f78c225b4286adb488be3aa31bc3 c3fb815d0b934504b10fc5165aeddead - - default default] 10.0.0.160 "GET /v2.0/ports/27182e36-d98f-4178-bda6-80310b6375cf/tags HTTP/1.1" status: 200 len: 205 time: 0.0469747
2026-05-10 02:05:06.610 10 INFO neutron.db.ovn_revision_numbers_db [None req-4b54df72-8571-4d83-b442-ad7fc69fe156 cc3bedc6bd684b7da53b4e04768603e2 f5672f288c5e4fd086e83157edf3bd93 - - default default] Successfully bumped revision number for resource 1802bc23-7fac-441d-8e65-e58885d96d77 (type: security_groups) to 1
2026-05-10 02:05:06.629 10 INFO neutron.db.ovn_revision_numbers_db [None req-4b54df72-8571-4d83-b442-ad7fc69fe156 cc3bedc6bd684b7da53b4e04768603e2 f5672f288c5e4fd086e83157edf3bd93 - - default default] Successfully bumped revision number for resource 083fdacb-d2a1-4a10-a2bd-663235907982 (type: security_group_rules) to 0
2026-05-10 02:05:06.647 10 INFO neutron.db.ovn_revision_numbers_db [None req-4b54df72-8571-4d83-b442-ad7fc69fe156 cc3bedc6bd684b7da53b4e04768603e2 f5672f288c5e4fd086e83157edf3bd93 - - default default] Successfully bumped revision number for resource 2169b3e0-1144-47ff-8506-ebc04cd49a5f (type: security_group_rules) to 0
2026-05-10 02:05:06.670 10 INFO neutron.db.ovn_revision_numbers_db [None req-4b54df72-8571-4d83-b442-ad7fc69fe156 cc3bedc6bd684b7da53b4e04768603e2 f5672f288c5e4fd086e83157edf3bd93 - - default default] Successfully bumped revision number for resource 2bf40f1e-9b33-4d6e-9dab-ea91e6af8892 (type: security_group_rules) to 0
2026-05-10 02:05:06.682 9 INFO neutron.db.ovn_revision_numbers_db [None req-9397630c-b3dc-42b7-b0b3-42365c37e364 f30a7f491ed448049513a9f5e2a5f4c9 b4fe9a810875435089c40872aed73f7b - - default default] Successfully bumped revision number for resource 18970160-f660-4aa3-b958-b0214887975a (type: ports) to 1
2026-05-10 02:05:06.685 10 INFO neutron.db.ovn_revision_numbers_db [None req-4b54df72-8571-4d83-b442-ad7fc69fe156 cc3bedc6bd684b7da53b4e04768603e2 f5672f288c5e4fd086e83157edf3bd93 - - default default] Successfully bumped revision number for resource 5a7644e3-cfbf-4c36-ba85-513b057dd423 (type: security_group_rules) to 0
2026-05-10 02:05:06.749 10 INFO neutron.db.segments_db [None req-4b54df72-8571-4d83-b442-ad7fc69fe156 cc3bedc6bd684b7da53b4e04768603e2 f5672f288c5e4fd086e83157edf3bd93 - - default default] Added segment 8b9d9e47-a928-400c-9554-6fbc8617512a of type geneve for network 30a820e1-448a-4613-adb4-df71b0f4eb97
2026-05-10 02:05:06.934 10 INFO neutron.wsgi [None req-ca5da4f0-4829-4d7a-a7b7-01472984465b f968f78c225b4286adb488be3aa31bc3 c3fb815d0b934504b10fc5165aeddead - - default default] 10.0.0.160 "DELETE /v2.0/ports/27182e36-d98f-4178-bda6-80310b6375cf HTTP/1.1" status: 204 len: 168 time: 0.3864763
2026-05-10 02:05:06.934 10 INFO neutron.db.ovn_revision_numbers_db [None req-4b54df72-8571-4d83-b442-ad7fc69fe156 cc3bedc6bd684b7da53b4e04768603e2 f5672f288c5e4fd086e83157edf3bd93 - - default default] Successfully bumped revision number for resource 30a820e1-448a-4613-adb4-df71b0f4eb97 (type: networks) to 1
2026-05-10 02:05:07.110 10 INFO neutron.wsgi [None req-da2f0bde-f920-4c66-9bd7-3a8d608bb2f6 868280d2e70c4f0ea9ff15eeaa097b35 487411658de8464f9606419cad3de3f7 - - default default] 10.0.0.160 "GET /v2.0/security-groups?tenant_id=24a690272e5d4e13bb6e94d2ed252c66&name=default HTTP/1.1" status: 200 len: 3120 time: 0.2232933
2026-05-10 02:05:07.192 10 WARNING neutron.scheduler.dhcp_agent_scheduler [None req-4b54df72-8571-4d83-b442-ad7fc69fe156 cc3bedc6bd684b7da53b4e04768603e2 f5672f288c5e4fd086e83157edf3bd93 - - default default] No more DHCP agents
2026-05-10 02:05:07.199 10 WARNING neutron.api.rpc.agentnotifiers.dhcp_rpc_agent_api [None req-4b54df72-8571-4d83-b442-ad7fc69fe156 cc3bedc6bd684b7da53b4e04768603e2 f5672f288c5e4fd086e83157edf3bd93 - - default default] Unable to schedule network 30a820e1-448a-4613-adb4-df71b0f4eb97: no agents available; will retry on subsequent port and subnet creation events.
2026-05-10 02:05:07.345 9 ERROR ovsdbapp.backend.ovs_idl.command [None req-9397630c-b3dc-42b7-b0b3-42365c37e364 f30a7f491ed448049513a9f5e2a5f4c9 b4fe9a810875435089c40872aed73f7b - - default default] Error executing command (DbGetCommand): ovsdbapp.backend.ovs_idl.idlutils.RowNotFound: Cannot find Logical_Router_Port with name=lrp-18970160-f660-4aa3-b958-b0214887975a
2026-05-10 02:05:07.345 9 ERROR ovsdbapp.backend.ovs_idl.command
Traceback (most recent call last):
2026-05-10 02:05:07.345 9 ERROR ovsdbapp.backend.ovs_idl.command
File "/var/lib/openstack/lib/python3.10/site-packages/ovsdbapp/backend/ovs_idl/command.py", line 47, in execute
2026-05-10 02:05:07.345 9 ERROR ovsdbapp.backend.ovs_idl.command self.run_idl(None)
2026-05-10 02:05:07.345 9 ERROR ovsdbapp.backend.ovs_idl.command
File "/var/lib/openstack/lib/python3.10/site-packages/ovsdbapp/backend/ovs_idl/command.py", line 235, in run_idl
2026-05-10 02:05:07.345 9 ERROR ovsdbapp.backend.ovs_idl.command record = self.api.lookup(self.table, self.record)
2026-05-10 02:05:07.345 9 ERROR ovsdbapp.backend.ovs_idl.command
File "/var/lib/openstack/lib/python3.10/site-packages/ovsdbapp/backend/ovs_idl/__init__.py", line 184, in lookup
2026-05-10 02:05:07.345 9 ERROR ovsdbapp.backend.ovs_idl.command return self._lookup(table, record)
2026-05-10 02:05:07.345 9 ERROR ovsdbapp.backend.ovs_idl.command
File "/var/lib/openstack/lib/python3.10/site-packages/ovsdbapp/backend/ovs_idl/__init__.py", line 235, in _lookup
2026-05-10 02:05:07.345 9 ERROR ovsdbapp.backend.ovs_idl.command row = idlutils.row_by_value(self, rl.table, rl.column, record)
2026-05-10 02:05:07.345 9 ERROR ovsdbapp.backend.ovs_idl.command
File "/var/lib/openstack/lib/python3.10/site-packages/ovsdbapp/backend/ovs_idl/idlutils.py", line 114, in row_by_value
2026-05-10 02:05:07.345 9 ERROR ovsdbapp.backend.ovs_idl.command raise RowNotFound(table=table, col=column, match=match)
2026-05-10 02:05:07.345 9 ERROR ovsdbapp.backend.ovs_idl.command ovsdbapp.backend.ovs_idl.idlutils.RowNotFound: Cannot find Logical_Router_Port with name=lrp-18970160-f660-4aa3-b958-b0214887975a
2026-05-10 02:05:07.345 9 ERROR ovsdbapp.backend.ovs_idl.command 
2026-05-10 02:05:07.346 10 INFO neutron.db.ovn_revision_numbers_db [None req-4b54df72-8571-4d83-b442-ad7fc69fe156 cc3bedc6bd684b7da53b4e04768603e2 f5672f288c5e4fd086e83157edf3bd93 - - default default] Successfully bumped revision number for resource a64151b0-fe8a-4758-8753-1f8040b422ff (type: ports) to 1
2026-05-10 02:05:07.346 9 ERROR neutron_lib.callbacks.manager [None req-9397630c-b3dc-42b7-b0b3-42365c37e364 f30a7f491ed448049513a9f5e2a5f4c9 b4fe9a810875435089c40872aed73f7b - - default default] Error during notification for neutron.services.ovn_l3.plugin.OVNL3RouterPlugin._port_update-8745738097391 port, after_update: ovsdbapp.backend.ovs_idl.idlutils.RowNotFound: Cannot find Logical_Router_Port with name=lrp-18970160-f660-4aa3-b958-b0214887975a
2026-05-10 02:05:07.346 9 ERROR neutron_lib.callbacks.manager
Traceback (most recent call last):
2026-05-10 02:05:07.346 9 ERROR neutron_lib.callbacks.manager
File "/var/lib/openstack/lib/python3.10/site-packages/neutron_lib/callbacks/manager.py", line 189, in _notify_loop
2026-05-10 02:05:07.346 9 ERROR neutron_lib.callbacks.manager callback.method(resource, event, trigger, payload=payload)
2026-05-10 02:05:07.346 9 ERROR neutron_lib.callbacks.manager
File "/var/lib/openstack/lib/python3.10/site-packages/neutron/services/ovn_l3/plugin.py", line 391, in _port_update
2026-05-10 02:05:07.346 9 ERROR neutron_lib.callbacks.manager l3plugin._ovn_client.update_router_port(context,
2026-05-10 02:05:07.346 9 ERROR neutron_lib.callbacks.manager
File "/var/lib/openstack/lib/python3.10/site-packages/neutron/plugins/ml2/drivers/ovn/mech_driver/ovsdb/ovn_client.py", line 1878, in update_router_port
2026-05-10 02:05:07.346 9 ERROR neutron_lib.callbacks.manager self._update_lrouter_port(context, port, if_exists=if_exists,
2026-05-10 02:05:07.346 9 ERROR neutron_lib.callbacks.manager
File "/var/lib/openstack/lib/python3.10/site-packages/neutron/plugins/ml2/drivers/ovn/mech_driver/ovsdb/ovn_client.py", line 1855, in _update_lrouter_port
2026-05-10 02:05:07.346 9 ERROR neutron_lib.callbacks.manager external_ids = self._nb_idl.db_get(
2026-05-10 02:05:07.346 9 ERROR neutron_lib.callbacks.manager
File "/var/lib/openstack/lib/python3.10/site-packages/ovsdbapp/backend/ovs_idl/command.py", line 47, in execute
2026-05-10 02:05:07.346 9 ERROR neutron_lib.callbacks.manager self.run_idl(None)
2026-05-10 02:05:07.346 9 ERROR neutron_lib.callbacks.manager
File "/var/lib/openstack/lib/python3.10/site-packages/ovsdbapp/backend/ovs_idl/command.py", line 235, in run_idl
2026-05-10 02:05:07.346 9 ERROR neutron_lib.callbacks.manager record = self.api.lookup(self.table, self.record)
2026-05-10 02:05:07.346 9 ERROR neutron_lib.callbacks.manager
File "/var/lib/openstack/lib/python3.10/site-packages/ovsdbapp/backend/ovs_idl/__init__.py", line 184, in lookup
2026-05-10 02:05:07.346 9 ERROR neutron_lib.callbacks.manager return self._lookup(table, record)
2026-05-10 02:05:07.346 9 ERROR neutron_lib.callbacks.manager
File "/var/lib/openstack/lib/python3.10/site-packages/ovsdbapp/backend/ovs_idl/__init__.py", line 235, in _lookup
2026-05-10 02:05:07.346 9 ERROR neutron_lib.callbacks.manager row = idlutils.row_by_value(self, rl.table, rl.column, record)
2026-05-10 02:05:07.346 9 ERROR neutron_lib.callbacks.manager
File "/var/lib/openstack/lib/python3.10/site-packages/ovsdbapp/backend/ovs_idl/idlutils.py", line 114, in row_by_value
2026-05-10 02:05:07.346 9 ERROR neutron_lib.callbacks.manager raise RowNotFound(table=table, col=column, match=match)
2026-05-10 02:05:07.346 9 ERROR neutron_lib.callbacks.manager ovsdbapp.backend.ovs_idl.idlutils.RowNotFound: Cannot find Logical_Router_Port with name=lrp-18970160-f660-4aa3-b958-b0214887975a
2026-05-10 02:05:07.346 9 ERROR neutron_lib.callbacks.manager 
2026-05-10 02:05:07.376 10 INFO neutron.wsgi [None req-4b54df72-8571-4d83-b442-ad7fc69fe156 cc3bedc6bd684b7da53b4e04768603e2 f5672f288c5e4fd086e83157edf3bd93 - - default default] 10.0.0.160 "POST /v2.0/networks HTTP/1.1" status: 201 len: 831 time: 1.2021289
2026-05-10 02:05:07.385 9 WARNING neutron_lib.context [None req-5a27f624-296b-416c-b6c9-e380ae4419ff cc3bedc6bd684b7da53b4e04768603e2 f5672f288c5e4fd086e83157edf3bd93 - - default default] Method 'is_advsvc' is deprecated since 2023.2 release (neutron-lib 3.8.0) and will be removed once support for the old RBAC API policies will be removed from Neutron. Please use method 'is_service_role' instead.
2026-05-10 02:05:07.479 10 INFO neutron.wsgi [None req-e67cd3d4-b1fa-49d1-9445-05bf6d8d2421 868280d2e70c4f0ea9ff15eeaa097b35 487411658de8464f9606419cad3de3f7 - - default default] 10.0.0.160 "DELETE /v2.0/security-groups/e5aa1fd8-13b7-43d6-934b-c51a61fca183 HTTP/1.1" status: 204 len: 168 time: 0.3630548
2026-05-10 02:05:07.494 9 INFO neutron.db.segments_db [None req-5a27f624-296b-416c-b6c9-e380ae4419ff cc3bedc6bd684b7da53b4e04768603e2 f5672f288c5e4fd086e83157edf3bd93 - - default default] Added segment d7256295-4687-41b0-99f3-728e23755450 of type geneve for network 80f4cae2-3b1b-4e40-bf1c-443d794f308a
2026-05-10 02:05:07.510 10 INFO neutron.wsgi [None req-2fda0485-d300-458f-97ef-e8bd5b5dd012 f968f78c225b4286adb488be3aa31bc3 c3fb815d0b934504b10fc5165aeddead - - default default] 10.0.0.160 "DELETE /v2.0/networks/895e22b7-7fee-47be-9358-98acd238d635 HTTP/1.1" status: 204 len: 168 time: 0.5726752
2026-05-10 02:05:07.672 9 INFO neutron.db.ovn_revision_numbers_db [None req-9397630c-b3dc-42b7-b0b3-42365c37e364 f30a7f491ed448049513a9f5e2a5f4c9 b4fe9a810875435089c40872aed73f7b - - default default] Successfully bumped revision number for resource 18970160-f660-4aa3-b958-b0214887975a (type: ports) to 1
2026-05-10 02:05:07.703 10 INFO neutron.db.ovn_revision_numbers_db [None req-916c6ad4-5f77-462e-b7b4-eb170da89140 868280d2e70c4f0ea9ff15eeaa097b35 487411658de8464f9606419cad3de3f7 - - default default] Successfully bumped revision number for resource 1fe6b0ea-a187-497d-ab53-ab90583ec366 (type: security_groups) to 1
2026-05-10 02:05:07.724 10 INFO neutron.db.ovn_revision_numbers_db [None req-916c6ad4-5f77-462e-b7b4-eb170da89140 868280d2e70c4f0ea9ff15eeaa097b35 487411658de8464f9606419cad3de3f7 - - default default] Successfully bumped revision number for resource 54563c8a-b552-423e-8724-715ac2c2d228 (type: security_group_rules) to 0
2026-05-10 02:05:07.750 10 INFO neutron.db.ovn_revision_numbers_db [None req-916c6ad4-5f77-462e-b7b4-eb170da89140 868280d2e70c4f0ea9ff15eeaa097b35 487411658de8464f9606419cad3de3f7 - - default default] Successfully bumped revision number for resource 7fc0acdc-1dd8-49e0-9f20-7c759cfa724b (type: security_group_rules) to 0
2026-05-10 02:05:07.763 10 INFO neutron.services.segments.plugin [-] Segment 39419f9d-9ed4-44ad-95cb-1a7b4387d562 resource provider aggregate not found
2026-05-10 02:05:07.770 9 INFO neutron.db.ovn_revision_numbers_db [None req-5a27f624-296b-416c-b6c9-e380ae4419ff cc3bedc6bd684b7da53b4e04768603e2 f5672f288c5e4fd086e83157edf3bd93 - - default default] Successfully bumped revision number for resource 80f4cae2-3b1b-4e40-bf1c-443d794f308a (type: networks) to 1
2026-05-10 02:05:07.775 10 INFO neutron.services.segments.plugin [-] Segment 39419f9d-9ed4-44ad-95cb-1a7b4387d562 resource provider aggregate not found
2026-05-10 02:05:07.782 10 INFO neutron.db.ovn_revision_numbers_db [None req-916c6ad4-5f77-462e-b7b4-eb170da89140 868280d2e70c4f0ea9ff15eeaa097b35 487411658de8464f9606419cad3de3f7 - - default default] Successfully bumped revision number for resource 8fc6ae99-c887-404b-8bdd-7dc2f6238797 (type: security_group_rules) to 0
2026-05-10 02:05:07.792 10 INFO neutron.services.segments.plugin [-] Segment 39419f9d-9ed4-44ad-95cb-1a7b4387d562 resource provider not found; error: Placement Client Error (4xx): {"errors": [{"status": 404, "title": "Not Found", "detail": "The resource could not be found.\n\n No resource provider with uuid 39419f9d-9ed4-44ad-95cb-1a7b4387d562 found for delete ", "request_id": "req-c71611ba-2595-4b6c-8870-77e16f5a01c7"}]}
2026-05-10 02:05:07.797 10 INFO neutron.services.segments.plugin [-] Segment 39419f9d-9ed4-44ad-95cb-1a7b4387d562 resource provider not found; error: Placement Client Error (4xx): {"errors": [{"status": 404, "title": "Not Found", "detail": "The resource could not be found.\n\n No resource provider with uuid 39419f9d-9ed4-44ad-95cb-1a7b4387d562 found for delete ", "request_id": "req-3e3377bc-6f32-4a30-b8fd-90cdba4cb3b5"}]}
2026-05-10 02:05:07.801 10 INFO neutron.db.ovn_revision_numbers_db [None req-916c6ad4-5f77-462e-b7b4-eb170da89140 868280d2e70c4f0ea9ff15eeaa097b35 487411658de8464f9606419cad3de3f7 - - default default] Successfully bumped revision number for resource c9022172-04a9-4e01-8fb0-d98931ccfb3b (type: security_group_rules) to 0
2026-05-10 02:05:07.827 10 INFO neutron.wsgi [None req-916c6ad4-5f77-462e-b7b4-eb170da89140 868280d2e70c4f0ea9ff15eeaa097b35 487411658de8464f9606419cad3de3f7 - - default default] 10.0.0.160 "GET /v2.0/security-groups?tenant_id=76cac2e8b7c6481185cd8bdfdff3c0be&name=default HTTP/1.1" status: 200 len: 3120 time: 0.2342415
2026-05-10 02:05:07.877 9 WARNING neutron.scheduler.dhcp_agent_scheduler [None req-9397630c-b3dc-42b7-b0b3-42365c37e364 f30a7f491ed448049513a9f5e2a5f4c9 b4fe9a810875435089c40872aed73f7b - - default default] No more DHCP agents
2026-05-10 02:05:07.883 9 WARNING neutron.api.rpc.agentnotifiers.dhcp_rpc_agent_api [None req-9397630c-b3dc-42b7-b0b3-42365c37e364 f30a7f491ed448049513a9f5e2a5f4c9 b4fe9a810875435089c40872aed73f7b - - default default] Unable to schedule network 9daedc44-1cf1-4337-8126-a93e510d6fcc: no agents available; will retry on subsequent port and subnet creation events.
2026-05-10 02:05:08.064 9 WARNING neutron.scheduler.dhcp_agent_scheduler [None req-5a27f624-296b-416c-b6c9-e380ae4419ff cc3bedc6bd684b7da53b4e04768603e2 f5672f288c5e4fd086e83157edf3bd93 - - default default] No more DHCP agents
2026-05-10 02:05:08.066 9 WARNING neutron.api.rpc.agentnotifiers.dhcp_rpc_agent_api [None req-5a27f624-296b-416c-b6c9-e380ae4419ff cc3bedc6bd684b7da53b4e04768603e2 f5672f288c5e4fd086e83157edf3bd93 - - default default] Unable to schedule network 80f4cae2-3b1b-4e40-bf1c-443d794f308a: no agents available; will retry on subsequent port and subnet creation events.
2026-05-10 02:05:08.151 10 INFO neutron.wsgi [None req-6f682542-6e0f-4ea2-967d-9e80353b6f91 868280d2e70c4f0ea9ff15eeaa097b35 487411658de8464f9606419cad3de3f7 - - default default] 10.0.0.160 "DELETE /v2.0/security-groups/1fe6b0ea-a187-497d-ab53-ab90583ec366 HTTP/1.1" status: 204 len: 168 time: 0.3075194
2026-05-10 02:05:08.457 9 INFO neutron.db.ovn_revision_numbers_db [None req-5a27f624-296b-416c-b6c9-e380ae4419ff cc3bedc6bd684b7da53b4e04768603e2 f5672f288c5e4fd086e83157edf3bd93 - - default default] Successfully bumped revision number for resource 6563a42b-9ca2-464e-baac-bb8f37d4b5c3 (type: ports) to 1
2026-05-10 02:05:08.492 10 INFO neutron.db.ovn_revision_numbers_db [None req-6e1b121f-ea9f-4d5e-af14-47a71a773591 868280d2e70c4f0ea9ff15eeaa097b35 487411658de8464f9606419cad3de3f7 - - default default] Successfully bumped revision number for resource ddbaa881-1e19-471d-97d9-d2159043e955 (type: security_groups) to 1
2026-05-10 02:05:08.498 9 INFO neutron.wsgi [None req-5a27f624-296b-416c-b6c9-e380ae4419ff cc3bedc6bd684b7da53b4e04768603e2 f5672f288c5e4fd086e83157edf3bd93 - - default default] 10.0.0.160 "POST /v2.0/networks HTTP/1.1" status: 201 len: 831 time: 1.1178730
2026-05-10 02:05:08.507 10 INFO neutron.db.ovn_revision_numbers_db [None req-6e1b121f-ea9f-4d5e-af14-47a71a773591 868280d2e70c4f0ea9ff15eeaa097b35 487411658de8464f9606419cad3de3f7 - - default default] Successfully bumped revision number for resource 1ed4b16d-93da-4a1c-9cc5-1c1385d5b81b (type: security_group_rules) to 0
2026-05-10 02:05:08.513 9 WARNING neutron_lib.context [None req-b3fc841d-82c9-4933-87bf-0a32b212a571 cc3bedc6bd684b7da53b4e04768603e2 f5672f288c5e4fd086e83157edf3bd93 - - default default] Method 'is_advsvc' is deprecated since 2023.2 release (neutron-lib 3.8.0) and will be removed once support for the old RBAC API policies will be removed from Neutron. Please use method 'is_service_role' instead.
2026-05-10 02:05:08.519 10 INFO neutron.db.ovn_revision_numbers_db [None req-6e1b121f-ea9f-4d5e-af14-47a71a773591 868280d2e70c4f0ea9ff15eeaa097b35 487411658de8464f9606419cad3de3f7 - - default default] Successfully bumped revision number for resource 75350256-554d-4309-ba4e-be0c71cfa141 (type: security_group_rules) to 0
2026-05-10 02:05:08.534 10 INFO neutron.db.ovn_revision_numbers_db [None req-6e1b121f-ea9f-4d5e-af14-47a71a773591 868280d2e70c4f0ea9ff15eeaa097b35 487411658de8464f9606419cad3de3f7 - - default default] Successfully bumped revision number for resource d4e3c6d7-35c5-46ff-a1c2-1d973e204875 (type: security_group_rules) to 0
2026-05-10 02:05:08.547 10 INFO neutron.db.ovn_revision_numbers_db [None req-6e1b121f-ea9f-4d5e-af14-47a71a773591 868280d2e70c4f0ea9ff15eeaa097b35 487411658de8464f9606419cad3de3f7 - - default default] Successfully bumped revision number for resource edc6351a-1da8-442d-ba42-e3d153dbae89 (type: security_group_rules) to 0
2026-05-10 02:05:08.572 10 INFO neutron.wsgi [None req-6e1b121f-ea9f-4d5e-af14-47a71a773591 868280d2e70c4f0ea9ff15eeaa097b35 487411658de8464f9606419cad3de3f7 - - default default] 10.0.0.160 "GET /v2.0/security-groups?tenant_id=8eb66d1135f241dc867a84d74475fce7&name=default HTTP/1.1" status: 200 len: 3120 time: 0.2243624
2026-05-10 02:05:08.613 9 INFO neutron.db.ovn_revision_numbers_db [None req-9397630c-b3dc-42b7-b0b3-42365c37e364 f30a7f491ed448049513a9f5e2a5f4c9 b4fe9a810875435089c40872aed73f7b - - default default] Successfully bumped revision number for resource 18970160-f660-4aa3-b958-b0214887975a (type: router_ports) to 1
2026-05-10 02:05:08.620 9 INFO neutron.wsgi [None req-9397630c-b3dc-42b7-b0b3-42365c37e364 f30a7f491ed448049513a9f5e2a5f4c9 b4fe9a810875435089c40872aed73f7b - - default default] 10.0.0.160 "PUT /v2.0/routers/acad68fa-d24b-4cc5-aa36-ebf02853bff4/add_router_interface HTTP/1.1" status: 200 len: 503 time: 3.0983832
2026-05-10 02:05:08.630 9 INFO neutron.db.segments_db [None req-b3fc841d-82c9-4933-87bf-0a32b212a571 cc3bedc6bd684b7da53b4e04768603e2 f5672f288c5e4fd086e83157edf3bd93 - - default default] Added segment 4f85e03a-dca5-437c-aef3-0bebe0069178 of type geneve for network ebafe1bd-018c-4024-af4b-ed00ea0b32a0
2026-05-10 02:05:08.679 10 WARNING neutron_lib.context [None req-7deace20-dd9e-4e22-b8d4-1fe91786b41e f30a7f491ed448049513a9f5e2a5f4c9 b4fe9a810875435089c40872aed73f7b - - default default] Method 'is_advsvc' is deprecated since 2023.2 release (neutron-lib 3.8.0) and will be removed once support for the old RBAC API policies will be removed from Neutron. Please use method 'is_service_role' instead.
2026-05-10 02:05:08.716 9 WARNING neutron.plugins.ml2.drivers.ovn.mech_driver.ovsdb.ovn_client [None req-19072341-a9ee-4646-9c5a-7059975f3612 - - - - - -] No hosting information found for port 173dcdb3-66c0-49bd-b32d-8feb9e54812d: RuntimeError: No hosting information found for port 173dcdb3-66c0-49bd-b32d-8feb9e54812d
2026-05-10 02:05:08.716 9 INFO neutron.plugins.ml2.drivers.ovn.mech_driver.mech_driver [None req-19072341-a9ee-4646-9c5a-7059975f3612 - - - - - -] OVN reports status up for port: 18970160-f660-4aa3-b958-b0214887975a
2026-05-10 02:05:08.743 9 INFO neutron.wsgi [None req-eaab0e2d-d81a-4627-920a-1392c56b8f6a 868280d2e70c4f0ea9ff15eeaa097b35 487411658de8464f9606419cad3de3f7 - - default default] 10.0.0.160 "GET /v2.0/security-groups?tenant_id=c3fb815d0b934504b10fc5165aeddead&name=default HTTP/1.1" status: 200 len: 3120 time: 0.5833585
2026-05-10 02:05:08.744 9 INFO neutron.plugins.ml2.plugin [None req-19072341-a9ee-4646-9c5a-7059975f3612 - - - - - -] Attempt 1 to provision port 18970160-f660-4aa3-b958-b0214887975a
2026-05-10 02:05:08.795 10 INFO neutron.db.ovn_revision_numbers_db [None req-7deace20-dd9e-4e22-b8d4-1fe91786b41e f30a7f491ed448049513a9f5e2a5f4c9 b4fe9a810875435089c40872aed73f7b - - default default] Successfully bumped revision number for resource e94ef85c-b74f-46b0-8958-e9f00c8f110c (type: security_groups) to 1
2026-05-10 02:05:08.818 10 INFO neutron.db.ovn_revision_numbers_db [None req-7deace20-dd9e-4e22-b8d4-1fe91786b41e f30a7f491ed448049513a9f5e2a5f4c9 b4fe9a810875435089c40872aed73f7b - - default default] Successfully bumped revision number for resource 6b18c48b-38c0-452b-969b-67a8691b3a79 (type: security_group_rules) to 0
2026-05-10 02:05:08.831 10 INFO neutron.db.ovn_revision_numbers_db [None req-7deace20-dd9e-4e22-b8d4-1fe91786b41e f30a7f491ed448049513a9f5e2a5f4c9 b4fe9a810875435089c40872aed73f7b - - default default] Successfully bumped revision number for resource bfba9859-04db-4844-82ce-cb2e3ca936f9 (type: security_group_rules) to 0
2026-05-10 02:05:08.848 10 INFO neutron.wsgi [None req-7deace20-dd9e-4e22-b8d4-1fe91786b41e f30a7f491ed448049513a9f5e2a5f4c9 b4fe9a810875435089c40872aed73f7b - - default default] 10.0.0.160 "POST /v2.0/security-groups HTTP/1.1" status: 201 len: 1828 time: 0.1744952
2026-05-10 02:05:08.858 10 WARNING neutron_lib.context [None req-bdd22e48-8e6b-4707-8113-a6df42b8acc2 f30a7f491ed448049513a9f5e2a5f4c9 b4fe9a810875435089c40872aed73f7b - - default default] Method 'is_advsvc' is deprecated since 2023.2 release (neutron-lib 3.8.0) and will be removed once support for the old RBAC API policies will be removed from Neutron. Please use method 'is_service_role' instead.
2026-05-10 02:05:08.904 9 INFO neutron.db.ovn_revision_numbers_db [None req-b3fc841d-82c9-4933-87bf-0a32b212a571 cc3bedc6bd684b7da53b4e04768603e2 f5672f288c5e4fd086e83157edf3bd93 - - default default] Successfully bumped revision number for resource ebafe1bd-018c-4024-af4b-ed00ea0b32a0 (type: networks) to 1
2026-05-10 02:05:08.997 10 INFO neutron.db.ovn_revision_numbers_db [None req-bdd22e48-8e6b-4707-8113-a6df42b8acc2 f30a7f491ed448049513a9f5e2a5f4c9 b4fe9a810875435089c40872aed73f7b - - default default] Successfully bumped revision number for resource 6021e403-7b7f-4eac-865d-e950ee0dfc4d (type: security_group_rules) to 0
