May 09 07:24:57.679674 np0000172982 neutron-periodic-workers[105204]: DEBUG cotyledon.oslo_config_glue [-] network_log.rate_limit = 100 {{(pid=105204) log_opt_values /opt/stack/data/venv/lib/python3.12/site-packages/oslo_config/cfg.py:3006}}
May 09 07:24:57.679674 np0000172982 neutron-periodic-workers[105204]: DEBUG cotyledon.oslo_config_glue [-] database.asyncio_connection = **** {{(pid=105204) log_opt_values /opt/stack/data/venv/lib/python3.12/site-packages/oslo_config/cfg.py:3006}}
May 09 07:24:57.679674 np0000172982 neutron-periodic-workers[105204]: DEBUG cotyledon.oslo_config_glue [-] database.asyncio_slave_connection = **** {{(pid=105204) log_opt_values /opt/stack/data/venv/lib/python3.12/site-packages/oslo_config/cfg.py:3006}}
May 09 07:24:57.679674 np0000172982 neutron-periodic-workers[105204]: DEBUG cotyledon.oslo_config_glue [-] database.backend = sqlalchemy {{(pid=105204) log_opt_values /opt/stack/data/venv/lib/python3.12/site-packages/oslo_config/cfg.py:3006}}
May 09 07:24:57.679674 np0000172982 neutron-periodic-workers[105204]: DEBUG cotyledon.oslo_config_glue [-] database.connection = **** {{(pid=105204) log_opt_values /opt/stack/data/venv/lib/python3.12/site-packages/oslo_config/cfg.py:3006}}
May 09 07:24:57.679896 np0000172982 neutron-periodic-workers[105204]: DEBUG cotyledon.oslo_config_glue [-] database.connection_debug = 0 {{(pid=105204) log_opt_values /opt/stack/data/venv/lib/python3.12/site-packages/oslo_config/cfg.py:3006}}
May 09 07:24:57.679896 np0000172982 neutron-periodic-workers[105204]: DEBUG cotyledon.oslo_config_glue [-] database.connection_parameters = {{(pid=105204) log_opt_values /opt/stack/data/venv/lib/python3.12/site-packages/oslo_config/cfg.py:3006}}
May 09 07:24:57.679896 np0000172982 neutron-periodic-workers[105204]: DEBUG cotyledon.oslo_config_glue [-] database.connection_recycle_time = 3600 {{(pid=105204) log_opt_values /opt/stack/data/venv/lib/python3.12/site-packages/oslo_config/cfg.py:3006}}
May 09 07:24:57.679896 np0000172982 neutron-periodic-workers[105204]: DEBUG cotyledon.oslo_config_glue [-] database.connection_trace = False {{(pid=105204) log_opt_values /opt/stack/data/venv/lib/python3.12/site-packages/oslo_config/cfg.py:3006}}
May 09 07:24:57.679896 np0000172982 neutron-periodic-workers[105204]: DEBUG cotyledon.oslo_config_glue [-] database.db_inc_retry_interval = True {{(pid=105204) log_opt_values /opt/stack/data/venv/lib/python3.12/site-packages/oslo_config/cfg.py:3006}}
May 09 07:24:57.679896 np0000172982 neutron-periodic-workers[105204]: DEBUG cotyledon.oslo_config_glue [-] database.db_max_retries = 20 {{(pid=105204) log_opt_values /opt/stack/data/venv/lib/python3.12/site-packages/oslo_config/cfg.py:3006}}
May 09 07:24:57.679896 np0000172982 neutron-periodic-workers[105204]: DEBUG cotyledon.oslo_config_glue [-] database.db_max_retry_interval = 10 {{(pid=105204) log_opt_values /opt/stack/data/venv/lib/python3.12/site-packages/oslo_config/cfg.py:3006}}
May 09 07:24:57.679896 np0000172982 neutron-periodic-workers[105204]: DEBUG cotyledon.oslo_config_glue [-] database.db_retry_interval = 1 {{(pid=105204) log_opt_values /opt/stack/data/venv/lib/python3.12/site-packages/oslo_config/cfg.py:3006}}
May 09 07:24:57.679896 np0000172982 neutron-periodic-workers[105204]: DEBUG cotyledon.oslo_config_glue [-] database.max_overflow = 50 {{(pid=105204) log_opt_values /opt/stack/data/venv/lib/python3.12/site-packages/oslo_config/cfg.py:3006}}
May 09 07:24:57.680106 np0000172982 neutron-periodic-workers[105204]: DEBUG cotyledon.oslo_config_glue [-] database.max_pool_size = 5 {{(pid=105204) log_opt_values /opt/stack/data/venv/lib/python3.12/site-packages/oslo_config/cfg.py:3006}}
May 09 07:24:57.680106 np0000172982 neutron-periodic-workers[105204]: DEBUG cotyledon.oslo_config_glue [-] database.max_retries = 10 {{(pid=105204) log_opt_values /opt/stack/data/venv/lib/python3.12/site-packages/oslo_config/cfg.py:3006}}
May 09 07:24:57.680106 np0000172982 neutron-periodic-workers[105204]: DEBUG cotyledon.oslo_config_glue [-] database.mysql_sql_mode = TRADITIONAL {{(pid=105204) log_opt_values /opt/stack/data/venv/lib/python3.12/site-packages/oslo_config/cfg.py:3006}}
May 09 07:24:57.680106 np0000172982 neutron-periodic-workers[105204]: DEBUG cotyledon.oslo_config_glue [-] database.mysql_wsrep_sync_wait = None {{(pid=105204) log_opt_values /opt/stack/data/venv/lib/python3.12/site-packages/oslo_config/cfg.py:3006}}
May 09 07:24:57.680106 np0000172982 neutron-periodic-workers[105204]: DEBUG cotyledon.oslo_config_glue [-] database.pool_timeout = None {{(pid=105204) log_opt_values /opt/stack/data/venv/lib/python3.12/site-packages/oslo_config/cfg.py:3006}}
May 09 07:24:57.680106 np0000172982 neutron-periodic-workers[105204]: DEBUG cotyledon.oslo_config_glue [-] database.retry_interval = 10 {{(pid=105204) log_opt_values /opt/stack/data/venv/lib/python3.12/site-packages/oslo_config/cfg.py:3006}}
May 09 07:24:57.680106 np0000172982 neutron-periodic-workers[105204]: DEBUG cotyledon.oslo_config_glue [-] database.slave_connection = **** {{(pid=105204) log_opt_values /opt/stack/data/venv/lib/python3.12/site-packages/oslo_config/cfg.py:3006}}
May 09 07:24:57.680106 np0000172982 neutron-periodic-workers[105204]: DEBUG cotyledon.oslo_config_glue [-] database.sqlite_synchronous = True {{(pid=105204) log_opt_values /opt/stack/data/venv/lib/python3.12/site-packages/oslo_config/cfg.py:3006}}
May 09 07:24:57.680341 np0000172982 neutron-periodic-workers[105204]: DEBUG cotyledon.oslo_config_glue [-] database.synchronous_reader = True {{(pid=105204) log_opt_values /opt/stack/data/venv/lib/python3.12/site-packages/oslo_config/cfg.py:3006}}
May 09 07:24:57.680341 np0000172982 neutron-periodic-workers[105204]: DEBUG cotyledon.oslo_config_glue [-] database.use_db_reconnect = False {{(pid=105204) log_opt_values /opt/stack/data/venv/lib/python3.12/site-packages/oslo_config/cfg.py:3006}}
May 09 07:24:57.680341 np0000172982 neutron-periodic-workers[105204]: DEBUG cotyledon.oslo_config_glue [-] ovn.bfd_min_rx = 1000 {{(pid=105204) log_opt_values /opt/stack/data/venv/lib/python3.12/site-packages/oslo_config/cfg.py:3006}}
May 09 07:24:57.680341 np0000172982 neutron-periodic-workers[105204]: DEBUG cotyledon.oslo_config_glue [-] ovn.bfd_min_tx = 100 {{(pid=105204) log_opt_values /opt/stack/data/venv/lib/python3.12/site-packages/oslo_config/cfg.py:3006}}
May 09 07:24:57.680456 np0000172982 neutron-periodic-workers[105204]: DEBUG cotyledon.oslo_config_glue [-] ovn.bfd_mult = 3 {{(pid=105204) log_opt_values /opt/stack/data/venv/lib/python3.12/site-packages/oslo_config/cfg.py:3006}}
May 09 07:24:57.680456 np0000172982 neutron-periodic-workers[105204]: DEBUG cotyledon.oslo_config_glue [-] ovn.broadcast_arps_to_all_routers = True {{(pid=105204) log_opt_values /opt/stack/data/venv/lib/python3.12/site-packages/oslo_config/cfg.py:3006}}
May 09 07:24:57.680456 np0000172982 neutron-periodic-workers[105204]: DEBUG cotyledon.oslo_config_glue [-] ovn.dhcp_default_lease_time = 43200 {{(pid=105204) log_opt_values /opt/stack/data/venv/lib/python3.12/site-packages/oslo_config/cfg.py:3006}}
May 09 07:24:57.680527 np0000172982 neutron-periodic-workers[105204]: DEBUG cotyledon.oslo_config_glue [-] ovn.disable_ovn_dhcp_for_baremetal_ports = False {{(pid=105204) log_opt_values /opt/stack/data/venv/lib/python3.12/site-packages/oslo_config/cfg.py:3006}}
May 09 07:24:57.680527 np0000172982 neutron-periodic-workers[105204]: DEBUG cotyledon.oslo_config_glue [-] ovn.dns_records_ovn_owned = False {{(pid=105204) log_opt_values /opt/stack/data/venv/lib/python3.12/site-packages/oslo_config/cfg.py:3006}}
May 09 07:24:57.680580 np0000172982 neutron-periodic-workers[105204]: DEBUG cotyledon.oslo_config_glue [-] ovn.dns_servers = [] {{(pid=105204) log_opt_values /opt/stack/data/venv/lib/python3.12/site-packages/oslo_config/cfg.py:3006}}
May 09 07:24:57.680614 np0000172982 neutron-periodic-workers[105204]: DEBUG cotyledon.oslo_config_glue [-] ovn.enable_distributed_floating_ip = False {{(pid=105204) log_opt_values /opt/stack/data/venv/lib/python3.12/site-packages/oslo_config/cfg.py:3006}}
May 09 07:24:57.680679 np0000172982 neutron-periodic-workers[105204]: DEBUG cotyledon.oslo_config_glue [-] ovn.fdb_age_threshold = 300 {{(pid=105204) log_opt_values /opt/stack/data/venv/lib/python3.12/site-packages/oslo_config/cfg.py:3006}}
May 09 07:24:57.680711 np0000172982 neutron-periodic-workers[105204]: DEBUG cotyledon.oslo_config_glue [-] ovn.ha_failover_strategy = normal {{(pid=105204) log_opt_values /opt/stack/data/venv/lib/python3.12/site-packages/oslo_config/cfg.py:3006}}
May 09 07:24:57.680746 np0000172982 neutron-periodic-workers[105204]: DEBUG cotyledon.oslo_config_glue [-] ovn.live_migration_activation_strategy = rarp {{(pid=105204) log_opt_values /opt/stack/data/venv/lib/python3.12/site-packages/oslo_config/cfg.py:3006}}
May 09 07:24:57.680791 np0000172982 neutron-periodic-workers[105204]: DEBUG cotyledon.oslo_config_glue [-] ovn.localnet_learn_fdb = False {{(pid=105204) log_opt_values /opt/stack/data/venv/lib/python3.12/site-packages/oslo_config/cfg.py:3006}}
May 09 07:24:57.680833 np0000172982 neutron-periodic-workers[105204]: DEBUG cotyledon.oslo_config_glue [-] ovn.mac_binding_age_threshold = 300 {{(pid=105204) log_opt_values /opt/stack/data/venv/lib/python3.12/site-packages/oslo_config/cfg.py:3006}}
May 09 07:24:57.680897 np0000172982 neutron-periodic-workers[105204]: DEBUG cotyledon.oslo_config_glue [-] ovn.neutron_sync_mode = log {{(pid=105204) log_opt_values /opt/stack/data/venv/lib/python3.12/site-packages/oslo_config/cfg.py:3006}}
May 09 07:24:57.680928 np0000172982 neutron-periodic-workers[105204]: DEBUG cotyledon.oslo_config_glue [-] ovn.ovn_dhcp4_global_options = {} {{(pid=105204) log_opt_values /opt/stack/data/venv/lib/python3.12/site-packages/oslo_config/cfg.py:3006}}
May 09 07:24:57.680973 np0000172982 neutron-periodic-workers[105204]: DEBUG cotyledon.oslo_config_glue [-] ovn.ovn_dhcp6_global_options = {} {{(pid=105204) log_opt_values /opt/stack/data/venv/lib/python3.12/site-packages/oslo_config/cfg.py:3006}}
May 09 07:24:57.681023 np0000172982 neutron-periodic-workers[105204]: DEBUG cotyledon.oslo_config_glue [-] ovn.ovn_l3_scheduler = leastloaded {{(pid=105204) log_opt_values /opt/stack/data/venv/lib/python3.12/site-packages/oslo_config/cfg.py:3006}}
May 09 07:24:57.681066 np0000172982 neutron-periodic-workers[105204]: DEBUG cotyledon.oslo_config_glue [-] ovn.ovn_metadata_enabled = True {{(pid=105204) log_opt_values /opt/stack/data/venv/lib/python3.12/site-packages/oslo_config/cfg.py:3006}}
May 09 07:24:57.681117 np0000172982 neutron-periodic-workers[105204]: DEBUG cotyledon.oslo_config_glue [-] ovn.ovn_nb_ca_cert = /opt/stack/data/CA/int-ca/ca-chain.pem {{(pid=105204) log_opt_values /opt/stack/data/venv/lib/python3.12/site-packages/oslo_config/cfg.py:3006}}
May 09 07:24:57.681192 np0000172982 neutron-periodic-workers[105204]: DEBUG cotyledon.oslo_config_glue [-] ovn.ovn_nb_certificate = /opt/stack/data/CA/int-ca/devstack-cert.crt {{(pid=105204) log_opt_values /opt/stack/data/venv/lib/python3.12/site-packages/oslo_config/cfg.py:3006}}
May 09 07:24:57.681229 np0000172982 neutron-periodic-workers[105204]: DEBUG cotyledon.oslo_config_glue [-] ovn.ovn_nb_connection = ['ssl:199.204.45.116:6641'] {{(pid=105204) log_opt_values /opt/stack/data/venv/lib/python3.12/site-packages/oslo_config/cfg.py:3006}}
May 09 07:24:57.681279 np0000172982 neutron-periodic-workers[105204]: DEBUG cotyledon.oslo_config_glue [-] ovn.ovn_nb_private_key = /opt/stack/data/CA/int-ca/private/devstack-cert.key {{(pid=105204) log_opt_values /opt/stack/data/venv/lib/python3.12/site-packages/oslo_config/cfg.py:3006}}
May 09 07:24:57.681320 np0000172982 neutron-periodic-workers[105204]: DEBUG cotyledon.oslo_config_glue [-] ovn.ovn_router_indirect_snat = False {{(pid=105204) log_opt_values /opt/stack/data/venv/lib/python3.12/site-packages/oslo_config/cfg.py:3006}}
May 09 07:24:57.681366 np0000172982 neutron-periodic-workers[105204]: DEBUG cotyledon.oslo_config_glue [-] ovn.ovn_sb_ca_cert = /opt/stack/data/CA/int-ca/ca-chain.pem {{(pid=105204) log_opt_values /opt/stack/data/venv/lib/python3.12/site-packages/oslo_config/cfg.py:3006}}
May 09 07:24:57.681416 np0000172982 neutron-periodic-workers[105204]: DEBUG cotyledon.oslo_config_glue [-] ovn.ovn_sb_certificate = /opt/stack/data/CA/int-ca/devstack-cert.crt {{(pid=105204) log_opt_values /opt/stack/data/venv/lib/python3.12/site-packages/oslo_config/cfg.py:3006}}
May 09 07:24:57.681453 np0000172982 neutron-periodic-workers[105204]: DEBUG cotyledon.oslo_config_glue [-] ovn.ovn_sb_connection = ['ssl:199.204.45.116:6642'] {{(pid=105204) log_opt_values /opt/stack/data/venv/lib/python3.12/site-packages/oslo_config/cfg.py:3006}}
May 09 07:24:57.681501 np0000172982 neutron-periodic-workers[105204]: DEBUG cotyledon.oslo_config_glue [-] ovn.ovn_sb_private_key = /opt/stack/data/CA/int-ca/private/devstack-cert.key {{(pid=105204) log_opt_values /opt/stack/data/venv/lib/python3.12/site-packages/oslo_config/cfg.py:3006}}
May 09 07:24:57.681540 np0000172982 neutron-periodic-workers[105204]: DEBUG cotyledon.oslo_config_glue [-] ovn.ovs_create_tap = False {{(pid=105204) log_opt_values /opt/stack/data/venv/lib/python3.12/site-packages/oslo_config/cfg.py:3006}}
May 09 07:24:57.681581 np0000172982 neutron-periodic-workers[105204]: DEBUG cotyledon.oslo_config_glue [-] ovn.ovsdb_connection_timeout = 180 {{(pid=105204) log_opt_values /opt/stack/data/venv/lib/python3.12/site-packages/oslo_config/cfg.py:3006}}
May 09 07:24:57.681653 np0000172982 neutron-periodic-workers[105204]: DEBUG cotyledon.oslo_config_glue [-] ovn.ovsdb_log_level = INFO {{(pid=105204) log_opt_values /opt/stack/data/venv/lib/python3.12/site-packages/oslo_config/cfg.py:3006}}
May 09 07:24:57.681706 np0000172982 neutron-periodic-workers[105204]: DEBUG cotyledon.oslo_config_glue [-] ovn.ovsdb_probe_interval = 60000 {{(pid=105204) log_opt_values /opt/stack/data/venv/lib/python3.12/site-packages/oslo_config/cfg.py:3006}}
May 09 07:24:57.681752 np0000172982 neutron-periodic-workers[105204]: DEBUG cotyledon.oslo_config_glue [-] ovn.ovsdb_retry_max_interval = 180 {{(pid=105204) log_opt_values /opt/stack/data/venv/lib/python3.12/site-packages/oslo_config/cfg.py:3006}}
May 09 07:24:57.681795 np0000172982 neutron-periodic-workers[105204]: DEBUG cotyledon.oslo_config_glue [-] ovn.stateless_nat_enabled = False {{(pid=105204) log_opt_values /opt/stack/data/venv/lib/python3.12/site-packages/oslo_config/cfg.py:3006}}
May 09 07:24:57.681847 np0000172982 neutron-periodic-workers[105204]: DEBUG cotyledon.oslo_config_glue [-] ovn.vhost_sock_dir = /var/run/openvswitch {{(pid=105204) log_opt_values /opt/stack/data/venv/lib/python3.12/site-packages/oslo_config/cfg.py:3006}}
May 09 07:24:57.681906 np0000172982 neutron-periodic-workers[105204]: DEBUG cotyledon.oslo_config_glue [-] OVS.bridge_mac_table_size = 50000 {{(pid=105204) log_opt_values /opt/stack/data/venv/lib/python3.12/site-packages/oslo_config/cfg.py:3006}}
May 09 07:24:57.681959 np0000172982 neutron-periodic-workers[105204]: DEBUG cotyledon.oslo_config_glue [-] OVS.igmp_flood = False {{(pid=105204) log_opt_values /opt/stack/data/venv/lib/python3.12/site-packages/oslo_config/cfg.py:3006}}
May 09 07:24:57.682002 np0000172982 neutron-periodic-workers[105204]: DEBUG cotyledon.oslo_config_glue [-] OVS.igmp_flood_reports = True {{(pid=105204) log_opt_values /opt/stack/data/venv/lib/python3.12/site-packages/oslo_config/cfg.py:3006}}
May 09 07:24:57.682045 np0000172982 neutron-periodic-workers[105204]: DEBUG cotyledon.oslo_config_glue [-] OVS.igmp_flood_unregistered = False {{(pid=105204) log_opt_values /opt/stack/data/venv/lib/python3.12/site-packages/oslo_config/cfg.py:3006}}
May 09 07:24:57.682094 np0000172982 neutron-periodic-workers[105204]: DEBUG cotyledon.oslo_config_glue [-] OVS.igmp_snooping_enable = False {{(pid=105204) log_opt_values /opt/stack/data/venv/lib/python3.12/site-packages/oslo_config/cfg.py:3006}}
May 09 07:24:57.682138 np0000172982 neutron-periodic-workers[105204]: DEBUG cotyledon.oslo_config_glue [-] OVS.ovsdb_timeout = 10 {{(pid=105204) log_opt_values /opt/stack/data/venv/lib/python3.12/site-packages/oslo_config/cfg.py:3006}}
May 09 07:24:57.682216 np0000172982 neutron-periodic-workers[105204]: DEBUG cotyledon.oslo_config_glue [-] ovn_nb_global.fdb_removal_limit = 0 {{(pid=105204) log_opt_values /opt/stack/data/venv/lib/python3.12/site-packages/oslo_config/cfg.py:3006}}
May 09 07:24:57.682270 np0000172982 neutron-periodic-workers[105204]: DEBUG cotyledon.oslo_config_glue [-] ovn_nb_global.ignore_lsp_down = False {{(pid=105204) log_opt_values /opt/stack/data/venv/lib/python3.12/site-packages/oslo_config/cfg.py:3006}}
May 09 07:24:57.682300 np0000172982 neutron-periodic-workers[105204]: DEBUG cotyledon.oslo_config_glue [-] ovn_nb_global.mac_binding_removal_limit = 0 {{(pid=105204) log_opt_values /opt/stack/data/venv/lib/python3.12/site-packages/oslo_config/cfg.py:3006}}
May 09 07:24:57.682346 np0000172982 neutron-periodic-workers[105204]: DEBUG cotyledon.oslo_config_glue [-] ******************************************************************************** {{(pid=105204) log_opt_values /opt/stack/data/venv/lib/python3.12/site-packages/oslo_config/cfg.py:3013}}
May 09 07:24:57.682539 np0000172982 neutron-periodic-workers[105204]: DEBUG cotyledon._service_worker [-] Run service ServiceWrapper(0) [105204] {{(pid=105204) wait_forever /opt/stack/data/venv/lib/python3.12/site-packages/cotyledon/_service_worker.py:218}}
May 09 07:25:07.334918 np0000172982 neutron-periodic-workers[104383]: DEBUG dbcounter [-] [104383] Writing DB stats neutron:SELECT=4 {{(pid=104383) stat_writer /opt/stack/data/venv/lib/python3.12/site-packages/dbcounter.py:115}}
May 09 07:25:47.675169 np0000172982 neutron-periodic-workers[105200]: DEBUG oslo_db.sqlalchemy.engines [None req-b42b9228-6823-42be-84b0-11b627ea0e85 None None] Parent process 104383 forked (105200) with an open database connection, which is being discarded and recreated. {{(pid=105200) checkout /opt/stack/data/venv/lib/python3.12/site-packages/oslo_db/sqlalchemy/engines.py:402}}
May 09 07:25:47.686863 np0000172982 neutron-periodic-workers[105200]: DEBUG dbcounter [-] [105200] Writer thread running {{(pid=105200) stat_writer /opt/stack/data/venv/lib/python3.12/site-packages/dbcounter.py:102}}
May 09 07:25:47.692465 np0000172982 neutron-periodic-workers[105200]: DEBUG neutron.db.agents_db [None req-b42b9228-6823-42be-84b0-11b627ea0e85 None None] Agent healthcheck: found 0 active agents {{(pid=105200) agent_health_check /opt/stack/neutron/neutron/db/agents_db.py:322}}
May 09 07:25:47.692707 np0000172982 neutron-periodic-workers[105200]: DEBUG oslo.service.backend._threading.loopingcall [None req-b42b9228-6823-42be-84b0-11b627ea0e85 None None] Fixed interval looping call 'neutron.plugins.ml2.plugin.AgentDbMixin.agent_health_check' sleeping for 36.98 seconds {{(pid=105200) _run_loop /opt/stack/data/venv/lib/python3.12/site-packages/oslo_service/backend/_threading/loopingcall.py:125}}
May 09 07:25:57.687427 np0000172982 neutron-periodic-workers[105200]: DEBUG dbcounter [-] [105200] Writing DB stats neutron:SELECT=1 {{(pid=105200) stat_writer /opt/stack/data/venv/lib/python3.12/site-packages/dbcounter.py:115}}
May 09 07:26:06.667339 np0000172982 neutron-periodic-workers[105194]: DEBUG dbcounter [-] [105194] Writer thread running {{(pid=105194) stat_writer /opt/stack/data/venv/lib/python3.12/site-packages/dbcounter.py:102}}
May 09 07:26:06.676051 np0000172982 neutron-periodic-workers[105194]: DEBUG oslo.service.backend._threading.loopingcall [None req-734c04ec-2d86-49aa-8f34-5711a4dae263 None None] Fixed interval looping call 'neutron.plugins.ml2.plugin.DhcpAgentSchedulerDbMixin.remove_networks_from_down_agents' sleeping for 36.98 seconds {{(pid=105194) _run_loop /opt/stack/data/venv/lib/python3.12/site-packages/oslo_service/backend/_threading/loopingcall.py:125}}
May 09 07:26:16.675590 np0000172982 neutron-periodic-workers[105194]: DEBUG dbcounter [-] [105194] Writing DB stats neutron:SELECT=3 {{(pid=105194) stat_writer /opt/stack/data/venv/lib/python3.12/site-packages/dbcounter.py:115}}
May 09 07:26:25.079145 np0000172982 neutron-periodic-workers[105200]: DEBUG neutron.db.agents_db [None req-b42b9228-6823-42be-84b0-11b627ea0e85 None None] Agent healthcheck: found 0 active agents {{(pid=105200) agent_health_check /opt/stack/neutron/neutron/db/agents_db.py:322}}
May 09 07:26:25.079704 np0000172982 neutron-periodic-workers[105200]: DEBUG oslo.service.backend._threading.loopingcall [None req-b42b9228-6823-42be-84b0-11b627ea0e85 None None] Fixed interval looping call 'neutron.plugins.ml2.plugin.AgentDbMixin.agent_health_check' sleeping for 36.59 seconds {{(pid=105200) _run_loop /opt/stack/data/venv/lib/python3.12/site-packages/oslo_service/backend/_threading/loopingcall.py:125}}
May 09 07:26:34.677563 np0000172982 neutron-periodic-workers[105200]: DEBUG dbcounter [-] [105200] Writing DB stats neutron:SELECT=1 {{(pid=105200) stat_writer /opt/stack/data/venv/lib/python3.12/site-packages/dbcounter.py:115}}
May 09 07:26:43.665463 np0000172982 neutron-periodic-workers[105194]: DEBUG oslo.service.backend._threading.loopingcall [None req-734c04ec-2d86-49aa-8f34-5711a4dae263 None None] Fixed interval looping call 'neutron.plugins.ml2.plugin.DhcpAgentSchedulerDbMixin.remove_networks_from_down_agents' sleeping for 36.99 seconds {{(pid=105194) _run_loop /opt/stack/data/venv/lib/python3.12/site-packages/oslo_service/backend/_threading/loopingcall.py:125}}
May 09 07:26:53.663581 np0000172982 neutron-periodic-workers[105194]: DEBUG dbcounter [-] [105194] Writing DB stats neutron:SELECT=3 {{(pid=105194) stat_writer /opt/stack/data/venv/lib/python3.12/site-packages/dbcounter.py:115}}
May 09 07:26:57.701372 np0000172982 neutron-periodic-workers[105204]: DEBUG dbcounter [-] [105204] Writer thread running {{(pid=105204) stat_writer /opt/stack/data/venv/lib/python3.12/site-packages/dbcounter.py:102}}
May 09 07:26:57.702843 np0000172982 neutron-periodic-workers[105204]: DEBUG oslo.service.backend._threading.loopingcall [None req-73fe6f19-2fe5-4efe-8bf5-bb0671e5cee2 None None] Fixed interval looping call 'neutron.db.quota.driver_nolock.DbQuotaNoLockDriver._remove_expired_reservations' sleeping for 119.98 seconds {{(pid=105204) _run_loop /opt/stack/data/venv/lib/python3.12/site-packages/oslo_service/backend/_threading/loopingcall.py:125}}
May 09 07:27:01.674274 np0000172982 neutron-periodic-workers[105200]: DEBUG neutron.db.agents_db [None req-b42b9228-6823-42be-84b0-11b627ea0e85 None None] Agent healthcheck: found 0 active agents {{(pid=105200) agent_health_check /opt/stack/neutron/neutron/db/agents_db.py:322}}
May 09 07:27:01.674835 np0000172982 neutron-periodic-workers[105200]: DEBUG oslo.service.backend._threading.loopingcall [None req-b42b9228-6823-42be-84b0-11b627ea0e85 None None] Fixed interval looping call 'neutron.plugins.ml2.plugin.AgentDbMixin.agent_health_check' sleeping for 37.00 seconds {{(pid=105200) _run_loop /opt/stack/data/venv/lib/python3.12/site-packages/oslo_service/backend/_threading/loopingcall.py:125}}
May 09 07:27:07.702136 np0000172982 neutron-periodic-workers[105204]: DEBUG dbcounter [-] [105204] Writing DB stats neutron:DELETE=1 {{(pid=105204) stat_writer /opt/stack/data/venv/lib/python3.12/site-packages/dbcounter.py:115}}
May 09 07:27:11.673093 np0000172982 neutron-periodic-workers[105200]: DEBUG dbcounter [-] [105200] Writing DB stats neutron:SELECT=1 {{(pid=105200) stat_writer /opt/stack/data/venv/lib/python3.12/site-packages/dbcounter.py:115}}
May 09 07:27:20.664307 np0000172982 neutron-periodic-workers[105194]: DEBUG oslo.service.backend._threading.loopingcall [None req-734c04ec-2d86-49aa-8f34-5711a4dae263 None None] Fixed interval looping call 'neutron.plugins.ml2.plugin.DhcpAgentSchedulerDbMixin.remove_networks_from_down_agents' sleeping for 36.99 seconds {{(pid=105194) _run_loop /opt/stack/data/venv/lib/python3.12/site-packages/oslo_service/backend/_threading/loopingcall.py:125}}
May 09 07:27:30.663766 np0000172982 neutron-periodic-workers[105194]: DEBUG dbcounter [-] [105194] Writing DB stats neutron:SELECT=3 {{(pid=105194) stat_writer /opt/stack/data/venv/lib/python3.12/site-packages/dbcounter.py:115}}
May 09 07:27:38.679314 np0000172982 neutron-periodic-workers[105200]: DEBUG neutron.db.agents_db [None req-b42b9228-6823-42be-84b0-11b627ea0e85 None None] Agent healthcheck: found 0 active agents {{(pid=105200) agent_health_check /opt/stack/neutron/neutron/db/agents_db.py:322}}
May 09 07:27:38.680021 np0000172982 neutron-periodic-workers[105200]: DEBUG oslo.service.backend._threading.loopingcall [None req-b42b9228-6823-42be-84b0-11b627ea0e85 None None] Fixed interval looping call 'neutron.plugins.ml2.plugin.AgentDbMixin.agent_health_check' sleeping for 37.00 seconds {{(pid=105200) _run_loop /opt/stack/data/venv/lib/python3.12/site-packages/oslo_service/backend/_threading/loopingcall.py:125}}
May 09 07:27:48.677955 np0000172982 neutron-periodic-workers[105200]: DEBUG dbcounter [-] [105200] Writing DB stats neutron:SELECT=1 {{(pid=105200) stat_writer /opt/stack/data/venv/lib/python3.12/site-packages/dbcounter.py:115}}
May 09 07:27:57.665369 np0000172982 neutron-periodic-workers[105194]: DEBUG oslo.service.backend._threading.loopingcall [None req-734c04ec-2d86-49aa-8f34-5711a4dae263 None None] Fixed interval looping call 'neutron.plugins.ml2.plugin.DhcpAgentSchedulerDbMixin.remove_networks_from_down_agents' sleeping for 36.99 seconds {{(pid=105194) _run_loop /opt/stack/data/venv/lib/python3.12/site-packages/oslo_service/backend/_threading/loopingcall.py:125}}
May 09 07:28:07.663620 np0000172982 neutron-periodic-workers[105194]: DEBUG dbcounter [-] [105194] Writing DB stats neutron:SELECT=3 {{(pid=105194) stat_writer /opt/stack/data/venv/lib/python3.12/site-packages/dbcounter.py:115}}
May 09 07:28:15.685574 np0000172982 neutron-periodic-workers[105200]: DEBUG neutron.db.agents_db [None req-b42b9228-6823-42be-84b0-11b627ea0e85 None None] Agent healthcheck: found 0 active agents {{(pid=105200) agent_health_check /opt/stack/neutron/neutron/db/agents_db.py:322}}
May 09 07:28:15.685574 np0000172982 neutron-periodic-workers[105200]: DEBUG oslo.service.backend._threading.loopingcall [None req-b42b9228-6823-42be-84b0-11b627ea0e85 None None] Fixed interval looping call 'neutron.plugins.ml2.plugin.AgentDbMixin.agent_health_check' sleeping for 36.99 seconds {{(pid=105200) _run_loop /opt/stack/data/venv/lib/python3.12/site-packages/oslo_service/backend/_threading/loopingcall.py:125}}
May 09 07:28:25.683363 np0000172982 neutron-periodic-workers[105200]: DEBUG dbcounter [-] [105200] Writing DB stats neutron:SELECT=1 {{(pid=105200) stat_writer /opt/stack/data/venv/lib/python3.12/site-packages/dbcounter.py:115}}
May 09 07:28:34.665016 np0000172982 neutron-periodic-workers[105194]: DEBUG oslo.service.backend._threading.loopingcall [None req-734c04ec-2d86-49aa-8f34-5711a4dae263 None None] Fixed interval looping call 'neutron.plugins.ml2.plugin.DhcpAgentSchedulerDbMixin.remove_networks_from_down_agents' sleeping for 36.99 seconds {{(pid=105194) _run_loop /opt/stack/data/venv/lib/python3.12/site-packages/oslo_service/backend/_threading/loopingcall.py:125}}
May 09 07:28:44.664247 np0000172982 neutron-periodic-workers[105194]: DEBUG dbcounter [-] [105194] Writing DB stats neutron:SELECT=3 {{(pid=105194) stat_writer /opt/stack/data/venv/lib/python3.12/site-packages/dbcounter.py:115}}
May 09 07:28:52.681415 np0000172982 neutron-periodic-workers[105200]: DEBUG neutron.db.agents_db [None req-b42b9228-6823-42be-84b0-11b627ea0e85 None None] Agent healthcheck: found 0 active agents {{(pid=105200) agent_health_check /opt/stack/neutron/neutron/db/agents_db.py:322}}
May 09 07:28:52.681988 np0000172982 neutron-periodic-workers[105200]: DEBUG oslo.service.backend._threading.loopingcall [None req-b42b9228-6823-42be-84b0-11b627ea0e85 None None] Fixed interval looping call 'neutron.plugins.ml2.plugin.AgentDbMixin.agent_health_check' sleeping for 36.99 seconds {{(pid=105200) _run_loop /opt/stack/data/venv/lib/python3.12/site-packages/oslo_service/backend/_threading/loopingcall.py:125}}
May 09 07:28:57.687915 np0000172982 neutron-periodic-workers[105204]: DEBUG oslo.service.backend._threading.loopingcall [None req-73fe6f19-2fe5-4efe-8bf5-bb0671e5cee2 None None] Fixed interval looping call 'neutron.db.quota.driver_nolock.DbQuotaNoLockDriver._remove_expired_reservations' sleeping for 120.00 seconds {{(pid=105204) _run_loop /opt/stack/data/venv/lib/python3.12/site-packages/oslo_service/backend/_threading/loopingcall.py:125}}
May 09 07:29:02.679818 np0000172982 neutron-periodic-workers[105200]: DEBUG dbcounter [-] [105200] Writing DB stats neutron:SELECT=1 {{(pid=105200) stat_writer /opt/stack/data/venv/lib/python3.12/site-packages/dbcounter.py:115}}
May 09 07:29:07.687142 np0000172982 neutron-periodic-workers[105204]: DEBUG dbcounter [-] [105204] Writing DB stats neutron:DELETE=1 {{(pid=105204) stat_writer /opt/stack/data/venv/lib/python3.12/site-packages/dbcounter.py:115}}
May 09 07:29:11.666177 np0000172982 neutron-periodic-workers[105194]: DEBUG oslo.service.backend._threading.loopingcall [None req-734c04ec-2d86-49aa-8f34-5711a4dae263 None None] Fixed interval looping call 'neutron.plugins.ml2.plugin.DhcpAgentSchedulerDbMixin.remove_networks_from_down_agents' sleeping for 36.99 seconds {{(pid=105194) _run_loop /opt/stack/data/venv/lib/python3.12/site-packages/oslo_service/backend/_threading/loopingcall.py:125}}
May 09 07:29:21.664552 np0000172982 neutron-periodic-workers[105194]: DEBUG dbcounter [-] [105194] Writing DB stats neutron:SELECT=3 {{(pid=105194) stat_writer /opt/stack/data/venv/lib/python3.12/site-packages/dbcounter.py:115}}
May 09 07:29:29.658634 np0000172982 neutron-periodic-workers[105188]: DEBUG dbcounter [-] [105188] Writer thread running {{(pid=105188) stat_writer /opt/stack/data/venv/lib/python3.12/site-packages/dbcounter.py:102}}
May 09 07:29:29.671285 np0000172982 neutron-periodic-workers[105188]: DEBUG oslo.service.backend._threading.loopingcall [None req-c28dfd3a-7193-45fb-953c-59b2ee712347 None None] Fixed interval looping call 'neutron.services.ovn_l3.plugin.L3_NAT_dbonly_mixin._clean_garbage' sleeping for 299.96 seconds {{(pid=105188) _run_loop /opt/stack/data/venv/lib/python3.12/site-packages/oslo_service/backend/_threading/loopingcall.py:125}}
May 09 07:29:29.676772 np0000172982 neutron-periodic-workers[105200]: DEBUG neutron.db.agents_db [None req-b42b9228-6823-42be-84b0-11b627ea0e85 None None] Agent healthcheck: found 0 active agents {{(pid=105200) agent_health_check /opt/stack/neutron/neutron/db/agents_db.py:322}}
May 09 07:29:29.677275 np0000172982 neutron-periodic-workers[105200]: DEBUG oslo.service.backend._threading.loopingcall [None req-b42b9228-6823-42be-84b0-11b627ea0e85 None None] Fixed interval looping call 'neutron.plugins.ml2.plugin.AgentDbMixin.agent_health_check' sleeping for 37.00 seconds {{(pid=105200) _run_loop /opt/stack/data/venv/lib/python3.12/site-packages/oslo_service/backend/_threading/loopingcall.py:125}}
May 09 07:29:39.659329 np0000172982 neutron-periodic-workers[105188]: DEBUG dbcounter [-] [105188] Writing DB stats neutron:SELECT=1 {{(pid=105188) stat_writer /opt/stack/data/venv/lib/python3.12/site-packages/dbcounter.py:115}}
May 09 07:29:39.675944 np0000172982 neutron-periodic-workers[105200]: DEBUG dbcounter [-] [105200] Writing DB stats neutron:SELECT=1 {{(pid=105200) stat_writer /opt/stack/data/venv/lib/python3.12/site-packages/dbcounter.py:115}}
May 09 07:29:48.666111 np0000172982 neutron-periodic-workers[105194]: DEBUG oslo.service.backend._threading.loopingcall [None req-734c04ec-2d86-49aa-8f34-5711a4dae263 None None] Fixed interval looping call 'neutron.plugins.ml2.plugin.DhcpAgentSchedulerDbMixin.remove_networks_from_down_agents' sleeping for 36.99 seconds {{(pid=105194) _run_loop /opt/stack/data/venv/lib/python3.12/site-packages/oslo_service/backend/_threading/loopingcall.py:125}}
May 09 07:29:58.664546 np0000172982 neutron-periodic-workers[105194]: DEBUG dbcounter [-] [105194] Writing DB stats neutron:SELECT=3 {{(pid=105194) stat_writer /opt/stack/data/venv/lib/python3.12/site-packages/dbcounter.py:115}}
May 09 07:30:06.683214 np0000172982 neutron-periodic-workers[105200]: DEBUG neutron.db.agents_db [None req-b42b9228-6823-42be-84b0-11b627ea0e85 None None] Agent healthcheck: found 0 active agents {{(pid=105200) agent_health_check /opt/stack/neutron/neutron/db/agents_db.py:322}}
May 09 07:30:06.683804 np0000172982 neutron-periodic-workers[105200]: DEBUG oslo.service.backend._threading.loopingcall [None req-b42b9228-6823-42be-84b0-11b627ea0e85 None None] Fixed interval looping call 'neutron.plugins.ml2.plugin.AgentDbMixin.agent_health_check' sleeping for 36.99 seconds {{(pid=105200) _run_loop /opt/stack/data/venv/lib/python3.12/site-packages/oslo_service/backend/_threading/loopingcall.py:125}}
May 09 07:30:16.680629 np0000172982 neutron-periodic-workers[105200]: DEBUG dbcounter [-] [105200] Writing DB stats neutron:SELECT=1 {{(pid=105200) stat_writer /opt/stack/data/venv/lib/python3.12/site-packages/dbcounter.py:115}}
May 09 07:30:25.664261 np0000172982 neutron-periodic-workers[105194]: DEBUG oslo.service.backend._threading.loopingcall [None req-734c04ec-2d86-49aa-8f34-5711a4dae263 None None] Fixed interval looping call 'neutron.plugins.ml2.plugin.DhcpAgentSchedulerDbMixin.remove_networks_from_down_agents' sleeping for 36.99 seconds {{(pid=105194) _run_loop /opt/stack/data/venv/lib/python3.12/site-packages/oslo_service/backend/_threading/loopingcall.py:125}}
May 09 07:30:35.663479 np0000172982 neutron-periodic-workers[105194]: DEBUG dbcounter [-] [105194] Writing DB stats neutron:SELECT=3 {{(pid=105194) stat_writer /opt/stack/data/venv/lib/python3.12/site-packages/dbcounter.py:115}}
May 09 07:30:43.678417 np0000172982 neutron-periodic-workers[105200]: DEBUG neutron.db.agents_db [None req-b42b9228-6823-42be-84b0-11b627ea0e85 None None] Agent healthcheck: found 0 active agents {{(pid=105200) agent_health_check /opt/stack/neutron/neutron/db/agents_db.py:322}}
May 09 07:30:43.679088 np0000172982 neutron-periodic-workers[105200]: DEBUG oslo.service.backend._threading.loopingcall [None req-b42b9228-6823-42be-84b0-11b627ea0e85 None None] Fixed interval looping call 'neutron.plugins.ml2.plugin.AgentDbMixin.agent_health_check' sleeping for 37.00 seconds {{(pid=105200) _run_loop /opt/stack/data/venv/lib/python3.12/site-packages/oslo_service/backend/_threading/loopingcall.py:125}}
May 09 07:30:53.677092 np0000172982 neutron-periodic-workers[105200]: DEBUG dbcounter [-] [105200] Writing DB stats neutron:SELECT=1 {{(pid=105200) stat_writer /opt/stack/data/venv/lib/python3.12/site-packages/dbcounter.py:115}}
May 09 07:30:57.695014 np0000172982 neutron-periodic-workers[105204]: DEBUG oslo.service.backend._threading.loopingcall [None req-73fe6f19-2fe5-4efe-8bf5-bb0671e5cee2 None None] Fixed interval looping call 'neutron.db.quota.driver_nolock.DbQuotaNoLockDriver._remove_expired_reservations' sleeping for 120.00 seconds {{(pid=105204) _run_loop /opt/stack/data/venv/lib/python3.12/site-packages/oslo_service/backend/_threading/loopingcall.py:125}}
May 09 07:31:02.661375 np0000172982 neutron-periodic-workers[105194]: DEBUG oslo.service.backend._threading.loopingcall [None req-734c04ec-2d86-49aa-8f34-5711a4dae263 None None] Fixed interval looping call 'neutron.plugins.ml2.plugin.DhcpAgentSchedulerDbMixin.remove_networks_from_down_agents' sleeping for 36.99 seconds {{(pid=105194) _run_loop /opt/stack/data/venv/lib/python3.12/site-packages/oslo_service/backend/_threading/loopingcall.py:125}}
May 09 07:31:07.691121 np0000172982 neutron-periodic-workers[105204]: DEBUG dbcounter [-] [105204] Writing DB stats neutron:DELETE=1 {{(pid=105204) stat_writer /opt/stack/data/venv/lib/python3.12/site-packages/dbcounter.py:115}}
May 09 07:31:12.660727 np0000172982 neutron-periodic-workers[105194]: DEBUG dbcounter [-] [105194] Writing DB stats neutron:SELECT=3 {{(pid=105194) stat_writer /opt/stack/data/venv/lib/python3.12/site-packages/dbcounter.py:115}}
May 09 07:31:20.684661 np0000172982 neutron-periodic-workers[105200]: DEBUG neutron.db.agents_db [None req-b42b9228-6823-42be-84b0-11b627ea0e85 None None] Agent healthcheck: found 0 active agents {{(pid=105200) agent_health_check /opt/stack/neutron/neutron/db/agents_db.py:322}}
May 09 07:31:20.685084 np0000172982 neutron-periodic-workers[105200]: DEBUG oslo.service.backend._threading.loopingcall [None req-b42b9228-6823-42be-84b0-11b627ea0e85 None None] Fixed interval looping call 'neutron.plugins.ml2.plugin.AgentDbMixin.agent_health_check' sleeping for 36.99 seconds {{(pid=105200) _run_loop /opt/stack/data/venv/lib/python3.12/site-packages/oslo_service/backend/_threading/loopingcall.py:125}}
May 09 07:31:30.682459 np0000172982 neutron-periodic-workers[105200]: DEBUG dbcounter [-] [105200] Writing DB stats neutron:SELECT=1 {{(pid=105200) stat_writer /opt/stack/data/venv/lib/python3.12/site-packages/dbcounter.py:115}}
May 09 07:31:39.658352 np0000172982 neutron-periodic-workers[105194]: DEBUG oslo.service.backend._threading.loopingcall [None req-734c04ec-2d86-49aa-8f34-5711a4dae263 None None] Fixed interval looping call 'neutron.plugins.ml2.plugin.DhcpAgentSchedulerDbMixin.remove_networks_from_down_agents' sleeping for 36.99 seconds {{(pid=105194) _run_loop /opt/stack/data/venv/lib/python3.12/site-packages/oslo_service/backend/_threading/loopingcall.py:125}}
May 09 07:31:49.657809 np0000172982 neutron-periodic-workers[105194]: DEBUG dbcounter [-] [105194] Writing DB stats neutron:SELECT=3 {{(pid=105194) stat_writer /opt/stack/data/venv/lib/python3.12/site-packages/dbcounter.py:115}}
May 09 07:31:57.681779 np0000172982 neutron-periodic-workers[105200]: DEBUG neutron.db.agents_db [None req-b42b9228-6823-42be-84b0-11b627ea0e85 None None] Agent healthcheck: found 0 active agents {{(pid=105200) agent_health_check /opt/stack/neutron/neutron/db/agents_db.py:322}}
May 09 07:31:57.682510 np0000172982 neutron-periodic-workers[105200]: DEBUG oslo.service.backend._threading.loopingcall [None req-b42b9228-6823-42be-84b0-11b627ea0e85 None None] Fixed interval looping call 'neutron.plugins.ml2.plugin.AgentDbMixin.agent_health_check' sleeping for 36.99 seconds {{(pid=105200) _run_loop /opt/stack/data/venv/lib/python3.12/site-packages/oslo_service/backend/_threading/loopingcall.py:125}}
May 09 07:32:07.679318 np0000172982 neutron-periodic-workers[105200]: DEBUG dbcounter [-] [105200] Writing DB stats neutron:SELECT=1 {{(pid=105200) stat_writer /opt/stack/data/venv/lib/python3.12/site-packages/dbcounter.py:115}}
May 09 07:32:16.656852 np0000172982 neutron-periodic-workers[105194]: DEBUG oslo.service.backend._threading.loopingcall [None req-734c04ec-2d86-49aa-8f34-5711a4dae263 None None] Fixed interval looping call 'neutron.plugins.ml2.plugin.DhcpAgentSchedulerDbMixin.remove_networks_from_down_agents' sleeping for 36.99 seconds {{(pid=105194) _run_loop /opt/stack/data/venv/lib/python3.12/site-packages/oslo_service/backend/_threading/loopingcall.py:125}}
May 09 07:32:26.656510 np0000172982 neutron-periodic-workers[105194]: DEBUG dbcounter [-] [105194] Writing DB stats neutron:SELECT=3 {{(pid=105194) stat_writer /opt/stack/data/venv/lib/python3.12/site-packages/dbcounter.py:115}}
May 09 07:32:34.676056 np0000172982 neutron-periodic-workers[105200]: DEBUG neutron.db.agents_db [None req-b42b9228-6823-42be-84b0-11b627ea0e85 None None] Agent healthcheck: found 0 active agents {{(pid=105200) agent_health_check /opt/stack/neutron/neutron/db/agents_db.py:322}}
May 09 07:32:34.676732 np0000172982 neutron-periodic-workers[105200]: DEBUG oslo.service.backend._threading.loopingcall [None req-b42b9228-6823-42be-84b0-11b627ea0e85 None None] Fixed interval looping call 'neutron.plugins.ml2.plugin.AgentDbMixin.agent_health_check' sleeping for 37.00 seconds {{(pid=105200) _run_loop /opt/stack/data/venv/lib/python3.12/site-packages/oslo_service/backend/_threading/loopingcall.py:125}}
May 09 07:32:44.675007 np0000172982 neutron-periodic-workers[105200]: DEBUG dbcounter [-] [105200] Writing DB stats neutron:SELECT=1 {{(pid=105200) stat_writer /opt/stack/data/venv/lib/python3.12/site-packages/dbcounter.py:115}}
May 09 07:32:53.655694 np0000172982 neutron-periodic-workers[105194]: DEBUG oslo.service.backend._threading.loopingcall [None req-734c04ec-2d86-49aa-8f34-5711a4dae263 None None] Fixed interval looping call 'neutron.plugins.ml2.plugin.DhcpAgentSchedulerDbMixin.remove_networks_from_down_agents' sleeping for 36.99 seconds {{(pid=105194) _run_loop /opt/stack/data/venv/lib/python3.12/site-packages/oslo_service/backend/_threading/loopingcall.py:125}}
May 09 07:32:57.697365 np0000172982 neutron-periodic-workers[105204]: DEBUG oslo.service.backend._threading.loopingcall [None req-73fe6f19-2fe5-4efe-8bf5-bb0671e5cee2 None None] Fixed interval looping call 'neutron.db.quota.driver_nolock.DbQuotaNoLockDriver._remove_expired_reservations' sleeping for 119.99 seconds {{(pid=105204) _run_loop /opt/stack/data/venv/lib/python3.12/site-packages/oslo_service/backend/_threading/loopingcall.py:125}}
May 09 07:33:03.654703 np0000172982 neutron-periodic-workers[105194]: DEBUG dbcounter [-] [105194] Writing DB stats neutron:SELECT=3 {{(pid=105194) stat_writer /opt/stack/data/venv/lib/python3.12/site-packages/dbcounter.py:115}}
May 09 07:33:07.695720 np0000172982 neutron-periodic-workers[105204]: DEBUG dbcounter [-] [105204] Writing DB stats neutron:DELETE=1 {{(pid=105204) stat_writer /opt/stack/data/venv/lib/python3.12/site-packages/dbcounter.py:115}}
May 09 07:33:11.680403 np0000172982 neutron-periodic-workers[105200]: DEBUG neutron.db.agents_db [None req-b42b9228-6823-42be-84b0-11b627ea0e85 None None] Agent healthcheck: found 0 active agents {{(pid=105200) agent_health_check /opt/stack/neutron/neutron/db/agents_db.py:322}}
May 09 07:33:11.681067 np0000172982 neutron-periodic-workers[105200]: DEBUG oslo.service.backend._threading.loopingcall [None req-b42b9228-6823-42be-84b0-11b627ea0e85 None None] Fixed interval looping call 'neutron.plugins.ml2.plugin.AgentDbMixin.agent_health_check' sleeping for 37.00 seconds {{(pid=105200) _run_loop /opt/stack/data/venv/lib/python3.12/site-packages/oslo_service/backend/_threading/loopingcall.py:125}}
May 09 07:33:21.679476 np0000172982 neutron-periodic-workers[105200]: DEBUG dbcounter [-] [105200] Writing DB stats neutron:SELECT=1 {{(pid=105200) stat_writer /opt/stack/data/venv/lib/python3.12/site-packages/dbcounter.py:115}}
May 09 07:33:30.654545 np0000172982 neutron-periodic-workers[105194]: DEBUG oslo.service.backend._threading.loopingcall [None req-734c04ec-2d86-49aa-8f34-5711a4dae263 None None] Fixed interval looping call 'neutron.plugins.ml2.plugin.DhcpAgentSchedulerDbMixin.remove_networks_from_down_agents' sleeping for 36.99 seconds {{(pid=105194) _run_loop /opt/stack/data/venv/lib/python3.12/site-packages/oslo_service/backend/_threading/loopingcall.py:125}}
May 09 07:33:40.653499 np0000172982 neutron-periodic-workers[105194]: DEBUG dbcounter [-] [105194] Writing DB stats neutron:SELECT=3 {{(pid=105194) stat_writer /opt/stack/data/venv/lib/python3.12/site-packages/dbcounter.py:115}}
May 09 07:33:48.686266 np0000172982 neutron-periodic-workers[105200]: DEBUG neutron.db.agents_db [None req-b42b9228-6823-42be-84b0-11b627ea0e85 None None] Agent healthcheck: found 0 active agents {{(pid=105200) agent_health_check /opt/stack/neutron/neutron/db/agents_db.py:322}}
May 09 07:33:48.686882 np0000172982 neutron-periodic-workers[105200]: DEBUG oslo.service.backend._threading.loopingcall [None req-b42b9228-6823-42be-84b0-11b627ea0e85 None None] Fixed interval looping call 'neutron.plugins.ml2.plugin.AgentDbMixin.agent_health_check' sleeping for 36.99 seconds {{(pid=105200) _run_loop /opt/stack/data/venv/lib/python3.12/site-packages/oslo_service/backend/_threading/loopingcall.py:125}}
May 09 07:33:58.684544 np0000172982 neutron-periodic-workers[105200]: DEBUG dbcounter [-] [105200] Writing DB stats neutron:SELECT=1 {{(pid=105200) stat_writer /opt/stack/data/venv/lib/python3.12/site-packages/dbcounter.py:115}}
May 09 07:34:07.656068 np0000172982 neutron-periodic-workers[105194]: DEBUG oslo.service.backend._threading.loopingcall [None req-734c04ec-2d86-49aa-8f34-5711a4dae263 None None] Fixed interval looping call 'neutron.plugins.ml2.plugin.DhcpAgentSchedulerDbMixin.remove_networks_from_down_agents' sleeping for 36.99 seconds {{(pid=105194) _run_loop /opt/stack/data/venv/lib/python3.12/site-packages/oslo_service/backend/_threading/loopingcall.py:125}}
May 09 07:34:17.654243 np0000172982 neutron-periodic-workers[105194]: DEBUG dbcounter [-] [105194] Writing DB stats neutron:SELECT=3 {{(pid=105194) stat_writer /opt/stack/data/venv/lib/python3.12/site-packages/dbcounter.py:115}}
May 09 07:34:25.682320 np0000172982 neutron-periodic-workers[105200]: DEBUG neutron.db.agents_db [None req-b42b9228-6823-42be-84b0-11b627ea0e85 None None] Agent healthcheck: found 0 active agents {{(pid=105200) agent_health_check /opt/stack/neutron/neutron/db/agents_db.py:322}}
May 09 07:34:25.683113 np0000172982 neutron-periodic-workers[105200]: DEBUG oslo.service.backend._threading.loopingcall [None req-b42b9228-6823-42be-84b0-11b627ea0e85 None None] Fixed interval looping call 'neutron.plugins.ml2.plugin.AgentDbMixin.agent_health_check' sleeping for 36.99 seconds {{(pid=105200) _run_loop /opt/stack/data/venv/lib/python3.12/site-packages/oslo_service/backend/_threading/loopingcall.py:125}}
May 09 07:34:29.642934 np0000172982 neutron-periodic-workers[105188]: DEBUG oslo.service.backend._threading.loopingcall [None req-c28dfd3a-7193-45fb-953c-59b2ee712347 None None] Fixed interval looping call 'neutron.services.ovn_l3.plugin.L3_NAT_dbonly_mixin._clean_garbage' sleeping for 299.99 seconds {{(pid=105188) _run_loop /opt/stack/data/venv/lib/python3.12/site-packages/oslo_service/backend/_threading/loopingcall.py:125}}
May 09 07:34:35.680139 np0000172982 neutron-periodic-workers[105200]: DEBUG dbcounter [-] [105200] Writing DB stats neutron:SELECT=1 {{(pid=105200) stat_writer /opt/stack/data/venv/lib/python3.12/site-packages/dbcounter.py:115}}
May 09 07:34:39.636293 np0000172982 neutron-periodic-workers[105188]: DEBUG dbcounter [-] [105188] Writing DB stats neutron:SELECT=1 {{(pid=105188) stat_writer /opt/stack/data/venv/lib/python3.12/site-packages/dbcounter.py:115}}
May 09 07:34:44.656735 np0000172982 neutron-periodic-workers[105194]: DEBUG oslo.service.backend._threading.loopingcall [None req-734c04ec-2d86-49aa-8f34-5711a4dae263 None None] Fixed interval looping call 'neutron.plugins.ml2.plugin.DhcpAgentSchedulerDbMixin.remove_networks_from_down_agents' sleeping for 36.99 seconds {{(pid=105194) _run_loop /opt/stack/data/venv/lib/python3.12/site-packages/oslo_service/backend/_threading/loopingcall.py:125}}
May 09 07:34:54.655085 np0000172982 neutron-periodic-workers[105194]: DEBUG dbcounter [-] [105194] Writing DB stats neutron:SELECT=3 {{(pid=105194) stat_writer /opt/stack/data/venv/lib/python3.12/site-packages/dbcounter.py:115}}
May 09 07:34:57.692831 np0000172982 neutron-periodic-workers[105204]: DEBUG oslo.service.backend._threading.loopingcall [None req-73fe6f19-2fe5-4efe-8bf5-bb0671e5cee2 None None] Fixed interval looping call 'neutron.db.quota.driver_nolock.DbQuotaNoLockDriver._remove_expired_reservations' sleeping for 120.00 seconds {{(pid=105204) _run_loop /opt/stack/data/venv/lib/python3.12/site-packages/oslo_service/backend/_threading/loopingcall.py:125}}
May 09 07:35:02.678302 np0000172982 neutron-periodic-workers[105200]: DEBUG neutron.db.agents_db [None req-b42b9228-6823-42be-84b0-11b627ea0e85 None None] Agent healthcheck: found 0 active agents {{(pid=105200) agent_health_check /opt/stack/neutron/neutron/db/agents_db.py:322}}
May 09 07:35:02.679295 np0000172982 neutron-periodic-workers[105200]: DEBUG oslo.service.backend._threading.loopingcall [None req-b42b9228-6823-42be-84b0-11b627ea0e85 None None] Fixed interval looping call 'neutron.plugins.ml2.plugin.AgentDbMixin.agent_health_check' sleeping for 36.99 seconds {{(pid=105200) _run_loop /opt/stack/data/venv/lib/python3.12/site-packages/oslo_service/backend/_threading/loopingcall.py:125}}
May 09 07:35:07.691371 np0000172982 neutron-periodic-workers[105204]: DEBUG dbcounter [-] [105204] Writing DB stats neutron:DELETE=1 {{(pid=105204) stat_writer /opt/stack/data/venv/lib/python3.12/site-packages/dbcounter.py:115}}
May 09 07:35:12.676992 np0000172982 neutron-periodic-workers[105200]: DEBUG dbcounter [-] [105200] Writing DB stats neutron:SELECT=1 {{(pid=105200) stat_writer /opt/stack/data/venv/lib/python3.12/site-packages/dbcounter.py:115}}
May 09 07:35:21.656381 np0000172982 neutron-periodic-workers[105194]: DEBUG oslo.service.backend._threading.loopingcall [None req-734c04ec-2d86-49aa-8f34-5711a4dae263 None None] Fixed interval looping call 'neutron.plugins.ml2.plugin.DhcpAgentSchedulerDbMixin.remove_networks_from_down_agents' sleeping for 36.99 seconds {{(pid=105194) _run_loop /opt/stack/data/venv/lib/python3.12/site-packages/oslo_service/backend/_threading/loopingcall.py:125}}
May 09 07:35:31.655141 np0000172982 neutron-periodic-workers[105194]: DEBUG dbcounter [-] [105194] Writing DB stats neutron:SELECT=3 {{(pid=105194) stat_writer /opt/stack/data/venv/lib/python3.12/site-packages/dbcounter.py:115}}
May 09 07:35:39.673969 np0000172982 neutron-periodic-workers[105200]: DEBUG neutron.db.agents_db [None req-b42b9228-6823-42be-84b0-11b627ea0e85 None None] Agent healthcheck: found 0 active agents {{(pid=105200) agent_health_check /opt/stack/neutron/neutron/db/agents_db.py:322}}
