Mar 09 15:48:34.065119 np0000158225 systemd[1]: Starting devstack@n-api.service - Devstack devstack@n-api.service...
Mar 09 15:48:34.073063 np0000158225 devstack@n-api.service[100109]: [uWSGI] getting INI configuration from /etc/nova/nova-api-uwsgi.ini
Mar 09 15:48:34.073063 np0000158225 devstack@n-api.service[100109]: open("./http_plugin.so"): No such file or directory [core/utils.c line 3709]
Mar 09 15:48:34.073063 np0000158225 devstack@n-api.service[100109]: !!! UNABLE to load uWSGI plugin: ./http_plugin.so: cannot open shared object file: No such file or directory !!!
Mar 09 15:48:34.073063 np0000158225 devstack@n-api.service[100109]: open("./python3_plugin.so"): No such file or directory [core/utils.c line 3709]
Mar 09 15:48:34.073063 np0000158225 devstack@n-api.service[100109]: !!! UNABLE to load uWSGI plugin: ./python3_plugin.so: cannot open shared object file: No such file or directory !!!
Mar 09 15:48:34.073063 np0000158225 devstack@n-api.service[100109]: *** Starting uWSGI 2.0.31 (64bit) on [Mon Mar 9 15:48:34 2026] ***
Mar 09 15:48:34.073063 np0000158225 devstack@n-api.service[100109]: compiled with version: 13.3.0 on 09 March 2026 15:39:22
Mar 09 15:48:34.073063 np0000158225 devstack@n-api.service[100109]: os: Linux-6.8.0-101-generic #101-Ubuntu SMP PREEMPT_DYNAMIC Mon Feb 9 10:15:05 UTC 2026
Mar 09 15:48:34.073063 np0000158225 devstack@n-api.service[100109]: nodename: np0000158225
Mar 09 15:48:34.073063 np0000158225 devstack@n-api.service[100109]: machine: x86_64
Mar 09 15:48:34.073063 np0000158225 devstack@n-api.service[100109]: clock source: unix
Mar 09 15:48:34.073063 np0000158225 devstack@n-api.service[100109]: pcre jit disabled
Mar 09 15:48:34.073063 np0000158225 devstack@n-api.service[100109]: detected number of CPU cores: 16
Mar 09 15:48:34.073063 np0000158225 devstack@n-api.service[100109]: current working directory: /
Mar 09 15:48:34.073063 np0000158225 devstack@n-api.service[100109]: detected binary path: /opt/stack/data/venv/bin/uwsgi
Mar 09 15:48:34.073063 np0000158225 devstack@n-api.service[100109]: your processes number limit is 256917
Mar 09 15:48:34.073063 np0000158225 devstack@n-api.service[100109]: your memory page size is 4096 bytes
Mar 09 15:48:34.073063 np0000158225 devstack@n-api.service[100109]: detected max file descriptor number: 2048
Mar 09 15:48:34.074574 np0000158225 devstack@n-api.service[100109]: lock engine: pthread robust mutexes
Mar 09 15:48:34.074574 np0000158225 devstack@n-api.service[100109]: thunder lock: enabled
Mar 09 15:48:34.074574 np0000158225 devstack@n-api.service[100109]: uwsgi socket 0 bound to UNIX address /var/run/uwsgi/nova-api.socket fd 4
Mar 09 15:48:34.074574 np0000158225 devstack@n-api.service[100109]: Python version: 3.12.3 (main, Mar 3 2026, 12:15:18) [GCC 13.3.0]
Mar 09 15:48:34.074574 np0000158225 devstack@n-api.service[100109]: PEP 405 virtualenv detected: /opt/stack/data/venv
Mar 09 15:48:34.074574 np0000158225 devstack@n-api.service[100109]: Set PythonHome to /opt/stack/data/venv
Mar 09 15:48:34.109994 np0000158225 devstack@n-api.service[100109]: Python main interpreter initialized at 0x7817e94a3668
Mar 09 15:48:34.109994 np0000158225 devstack@n-api.service[100109]: python threads support enabled
Mar 09 15:48:34.109994 np0000158225 devstack@n-api.service[100109]: your server socket listen backlog is limited to 100 connections
Mar 09 15:48:34.109994 np0000158225 devstack@n-api.service[100109]: your mercy for graceful operations on workers is 80 seconds
Mar 09 15:48:34.110581 np0000158225 devstack@n-api.service[100109]: mapped 671795 bytes (656 KB) for 4 cores
Mar 09 15:48:34.110797 np0000158225 devstack@n-api.service[100109]: *** Operational MODE: preforking ***
Mar 09 15:48:34.111122 np0000158225 devstack@n-api.service[100109]: *** uWSGI is running in multiple interpreter mode ***
Mar 09 15:48:34.111122 np0000158225 devstack@n-api.service[100109]: spawned uWSGI master process (pid: 100109)
Mar 09 15:48:34.111751 np0000158225 systemd[1]: Started devstack@n-api.service - Devstack devstack@n-api.service.
Mar 09 15:48:34.112268 np0000158225 devstack@n-api.service[100109]: spawned uWSGI worker 1 (pid: 100110, cores: 1)
Mar 09 15:48:34.112828 np0000158225 devstack@n-api.service[100109]: spawned uWSGI worker 2 (pid: 100111, cores: 1)
Mar 09 15:48:34.113357 np0000158225 devstack@n-api.service[100109]: spawned uWSGI worker 3 (pid: 100112, cores: 1)
Mar 09 15:48:34.113899 np0000158225 devstack@n-api.service[100109]: spawned uWSGI worker 4 (pid: 100113, cores: 1)
Mar 09 15:48:34.114039 np0000158225 devstack@n-api.service[100109]: running "unix_signal:15 gracefully_kill_them_all" (master-start)...
Mar 09 15:48:34.450202 np0000158225 devstack@n-api.service[100111]: Service is starting with native threading. This is currently experimental. Do not use it in production without first testing it in pre-production.
Mar 09 15:48:34.450920 np0000158225 devstack@n-api.service[100113]: Service is starting with native threading. This is currently experimental. Do not use it in production without first testing it in pre-production.
Mar 09 15:48:34.472431 np0000158225 devstack@n-api.service[100110]: Service is starting with native threading. This is currently experimental. Do not use it in production without first testing it in pre-production.
Mar 09 15:48:34.473166 np0000158225 devstack@n-api.service[100112]: Service is starting with native threading. This is currently experimental. Do not use it in production without first testing it in pre-production.
Mar 09 15:48:36.485756 np0000158225 devstack@n-api.service[100113]: INFO dbcounter [None req-f521814c-7822-40a7-bc42-7ad11f088d35 None None] Registered counter for database nova_api
Mar 09 15:48:36.495699 np0000158225 devstack@n-api.service[100111]: INFO dbcounter [None req-3939c192-c368-475a-a1d6-cadfa025a9ef None None] Registered counter for database nova_api
Mar 09 15:48:36.502254 np0000158225 devstack@n-api.service[100113]: DEBUG oslo_db.sqlalchemy.engines [None req-f521814c-7822-40a7-bc42-7ad11f088d35 None None] MySQL server mode set to STRICT_TRANS_TABLES,STRICT_ALL_TABLES,NO_ZERO_IN_DATE,NO_ZERO_DATE,ERROR_FOR_DIVISION_BY_ZERO,TRADITIONAL,NO_ENGINE_SUBSTITUTION {{(pid=100113) _check_effective_sql_mode /opt/stack/data/venv/lib/python3.12/site-packages/oslo_db/sqlalchemy/engines.py:325}}
Mar 09 15:48:36.508142 np0000158225 devstack@n-api.service[100111]: DEBUG oslo_db.sqlalchemy.engines [None req-3939c192-c368-475a-a1d6-cadfa025a9ef None None] MySQL server mode set to STRICT_TRANS_TABLES,STRICT_ALL_TABLES,NO_ZERO_IN_DATE,NO_ZERO_DATE,ERROR_FOR_DIVISION_BY_ZERO,TRADITIONAL,NO_ENGINE_SUBSTITUTION {{(pid=100111) _check_effective_sql_mode /opt/stack/data/venv/lib/python3.12/site-packages/oslo_db/sqlalchemy/engines.py:325}}
Mar 09 15:48:36.528514 np0000158225 devstack@n-api.service[100110]: INFO dbcounter [None req-fee22355-c4d3-46c8-b966-fc06a9cc5f35 None None] Registered counter for database nova_api
Mar 09 15:48:36.538780 np0000158225 devstack@n-api.service[100113]: DEBUG dbcounter [-] [100113] Writer thread running {{(pid=100113) stat_writer /opt/stack/data/venv/lib/python3.12/site-packages/dbcounter.py:102}}
Mar 09 15:48:36.541175 np0000158225 devstack@n-api.service[100113]: DEBUG nova.context [None req-f521814c-7822-40a7-bc42-7ad11f088d35 None None] Found 2 cells: 00000000-0000-0000-0000-000000000000(cell0),bfd95f40-6e62-4b88-947d-ccb5c4b28a0c(cell1) {{(pid=100113) load_cells /opt/stack/nova/nova/context.py:509}}
Mar 09 15:48:36.541442 np0000158225 devstack@n-api.service[100113]: INFO nova.utils [None req-f521814c-7822-40a7-bc42-7ad11f088d35 None None] The cell worker thread pool MainProcess.cell_worker is initialized
Mar 09 15:48:36.541783 np0000158225 devstack@n-api.service[100110]: DEBUG oslo_db.sqlalchemy.engines [None req-fee22355-c4d3-46c8-b966-fc06a9cc5f35 None None] MySQL server mode set to STRICT_TRANS_TABLES,STRICT_ALL_TABLES,NO_ZERO_IN_DATE,NO_ZERO_DATE,ERROR_FOR_DIVISION_BY_ZERO,TRADITIONAL,NO_ENGINE_SUBSTITUTION {{(pid=100110) _check_effective_sql_mode /opt/stack/data/venv/lib/python3.12/site-packages/oslo_db/sqlalchemy/engines.py:325}}
Mar 09 15:48:36.542443 np0000158225 devstack@n-api.service[100111]: DEBUG dbcounter [-] [100111] Writer thread running {{(pid=100111) stat_writer /opt/stack/data/venv/lib/python3.12/site-packages/dbcounter.py:102}}
Mar 09 15:48:36.543366 np0000158225 devstack@n-api.service[100113]: DEBUG oslo_concurrency.lockutils [None req-f521814c-7822-40a7-bc42-7ad11f088d35 None None] Acquiring lock "00000000-0000-0000-0000-000000000000" by "nova.context.set_target_cell..get_or_set_cached_cell_and_set_connections" {{(pid=100113) inner /opt/stack/data/venv/lib/python3.12/site-packages/oslo_concurrency/lockutils.py:506}}
Mar 09 15:48:36.543581 np0000158225 devstack@n-api.service[100113]: DEBUG oslo_concurrency.lockutils [None req-f521814c-7822-40a7-bc42-7ad11f088d35 None None] Lock "00000000-0000-0000-0000-000000000000" acquired by "nova.context.set_target_cell..get_or_set_cached_cell_and_set_connections" :: waited 0.000s {{(pid=100113) inner /opt/stack/data/venv/lib/python3.12/site-packages/oslo_concurrency/lockutils.py:519}}
Mar 09 15:48:36.544004 np0000158225 devstack@n-api.service[100113]: DEBUG oslo_concurrency.lockutils [None req-f521814c-7822-40a7-bc42-7ad11f088d35 None None] Lock "00000000-0000-0000-0000-000000000000" "released" by "nova.context.set_target_cell..get_or_set_cached_cell_and_set_connections" :: held 0.000s {{(pid=100113) inner /opt/stack/data/venv/lib/python3.12/site-packages/oslo_concurrency/lockutils.py:538}}
Mar 09 15:48:36.544788 np0000158225 devstack@n-api.service[100111]: DEBUG nova.context [None req-3939c192-c368-475a-a1d6-cadfa025a9ef None None] Found 2 cells: 00000000-0000-0000-0000-000000000000(cell0),bfd95f40-6e62-4b88-947d-ccb5c4b28a0c(cell1) {{(pid=100111) load_cells /opt/stack/nova/nova/context.py:509}}
Mar 09 15:48:36.544864 np0000158225 devstack@n-api.service[100113]: DEBUG oslo_concurrency.lockutils [None req-f521814c-7822-40a7-bc42-7ad11f088d35 None None] Acquiring lock "bfd95f40-6e62-4b88-947d-ccb5c4b28a0c" by "nova.context.set_target_cell..get_or_set_cached_cell_and_set_connections" {{(pid=100113) inner /opt/stack/data/venv/lib/python3.12/site-packages/oslo_concurrency/lockutils.py:506}}
Mar 09 15:48:36.544983 np0000158225 devstack@n-api.service[100113]: DEBUG oslo_concurrency.lockutils [None req-f521814c-7822-40a7-bc42-7ad11f088d35 None None] Lock "bfd95f40-6e62-4b88-947d-ccb5c4b28a0c" acquired by "nova.context.set_target_cell..get_or_set_cached_cell_and_set_connections" :: waited 0.000s {{(pid=100113) inner /opt/stack/data/venv/lib/python3.12/site-packages/oslo_concurrency/lockutils.py:519}}
Mar 09 15:48:36.545048 np0000158225 devstack@n-api.service[100111]: INFO nova.utils [None req-3939c192-c368-475a-a1d6-cadfa025a9ef None None] The cell worker thread pool MainProcess.cell_worker is initialized
Mar 09 15:48:36.545933 np0000158225 devstack@n-api.service[100113]: DEBUG oslo_concurrency.lockutils [None req-f521814c-7822-40a7-bc42-7ad11f088d35 None None] Lock "bfd95f40-6e62-4b88-947d-ccb5c4b28a0c" "released" by "nova.context.set_target_cell..get_or_set_cached_cell_and_set_connections" :: held 0.001s {{(pid=100113) inner /opt/stack/data/venv/lib/python3.12/site-packages/oslo_concurrency/lockutils.py:538}}
Mar 09 15:48:36.547001 np0000158225 devstack@n-api.service[100111]: DEBUG oslo_concurrency.lockutils [None req-3939c192-c368-475a-a1d6-cadfa025a9ef None None] Acquiring lock "00000000-0000-0000-0000-000000000000" by "nova.context.set_target_cell..get_or_set_cached_cell_and_set_connections" {{(pid=100111) inner /opt/stack/data/venv/lib/python3.12/site-packages/oslo_concurrency/lockutils.py:506}}
Mar 09 15:48:36.547161 np0000158225 devstack@n-api.service[100111]: DEBUG oslo_concurrency.lockutils [None req-3939c192-c368-475a-a1d6-cadfa025a9ef None None] Lock "00000000-0000-0000-0000-000000000000" acquired by "nova.context.set_target_cell..get_or_set_cached_cell_and_set_connections" :: waited 0.000s {{(pid=100111) inner /opt/stack/data/venv/lib/python3.12/site-packages/oslo_concurrency/lockutils.py:519}}
Mar 09 15:48:36.547515 np0000158225 devstack@n-api.service[100111]: DEBUG oslo_concurrency.lockutils [None req-3939c192-c368-475a-a1d6-cadfa025a9ef None None] Lock "00000000-0000-0000-0000-000000000000" "released" by "nova.context.set_target_cell..get_or_set_cached_cell_and_set_connections" :: held 0.000s {{(pid=100111) inner /opt/stack/data/venv/lib/python3.12/site-packages/oslo_concurrency/lockutils.py:538}}
Mar 09 15:48:36.548362 np0000158225 devstack@n-api.service[100111]: DEBUG oslo_concurrency.lockutils [None req-3939c192-c368-475a-a1d6-cadfa025a9ef None None] Acquiring lock "bfd95f40-6e62-4b88-947d-ccb5c4b28a0c" by "nova.context.set_target_cell..get_or_set_cached_cell_and_set_connections" {{(pid=100111) inner /opt/stack/data/venv/lib/python3.12/site-packages/oslo_concurrency/lockutils.py:506}}
Mar 09 15:48:36.548520 np0000158225 devstack@n-api.service[100111]: DEBUG oslo_concurrency.lockutils [None req-3939c192-c368-475a-a1d6-cadfa025a9ef None None] Lock "bfd95f40-6e62-4b88-947d-ccb5c4b28a0c" acquired by "nova.context.set_target_cell..get_or_set_cached_cell_and_set_connections" :: waited 0.000s {{(pid=100111) inner /opt/stack/data/venv/lib/python3.12/site-packages/oslo_concurrency/lockutils.py:519}}
Mar 09 15:48:36.549378 np0000158225 devstack@n-api.service[100111]: DEBUG oslo_concurrency.lockutils [None req-3939c192-c368-475a-a1d6-cadfa025a9ef None None] Lock "bfd95f40-6e62-4b88-947d-ccb5c4b28a0c" "released" by "nova.context.set_target_cell..get_or_set_cached_cell_and_set_connections" :: held 0.001s {{(pid=100111) inner /opt/stack/data/venv/lib/python3.12/site-packages/oslo_concurrency/lockutils.py:538}}
Mar 09 15:48:36.549423 np0000158225 devstack@n-api.service[100113]: INFO dbcounter [None req-f521814c-7822-40a7-bc42-7ad11f088d35 None None] Registered counter for database nova_cell0
Mar 09 15:48:36.553349 np0000158225 devstack@n-api.service[100111]: INFO dbcounter [None req-3939c192-c368-475a-a1d6-cadfa025a9ef None None] Registered counter for database nova_cell0
Mar 09 15:48:36.556611 np0000158225 devstack@n-api.service[100113]: INFO dbcounter [None req-f521814c-7822-40a7-bc42-7ad11f088d35 None None] Registered counter for database nova_cell1
Mar 09 15:48:36.559153 np0000158225 devstack@n-api.service[100111]: INFO dbcounter [None req-3939c192-c368-475a-a1d6-cadfa025a9ef None None] Registered counter for database nova_cell1
Mar 09 15:48:36.566452 np0000158225 devstack@n-api.service[100113]: DEBUG oslo_db.sqlalchemy.engines [None req-f521814c-7822-40a7-bc42-7ad11f088d35 None None] MySQL server mode set to STRICT_TRANS_TABLES,STRICT_ALL_TABLES,NO_ZERO_IN_DATE,NO_ZERO_DATE,ERROR_FOR_DIVISION_BY_ZERO,TRADITIONAL,NO_ENGINE_SUBSTITUTION {{(pid=100113) _check_effective_sql_mode /opt/stack/data/venv/lib/python3.12/site-packages/oslo_db/sqlalchemy/engines.py:325}}
Mar 09 15:48:36.576102 np0000158225 devstack@n-api.service[100111]: DEBUG oslo_db.sqlalchemy.engines [None req-3939c192-c368-475a-a1d6-cadfa025a9ef None None] MySQL server mode set to STRICT_TRANS_TABLES,STRICT_ALL_TABLES,NO_ZERO_IN_DATE,NO_ZERO_DATE,ERROR_FOR_DIVISION_BY_ZERO,TRADITIONAL,NO_ENGINE_SUBSTITUTION {{(pid=100111) _check_effective_sql_mode /opt/stack/data/venv/lib/python3.12/site-packages/oslo_db/sqlalchemy/engines.py:325}}
Mar 09 15:48:36.576606 np0000158225 devstack@n-api.service[100113]: DEBUG oslo_db.sqlalchemy.engines [None req-f521814c-7822-40a7-bc42-7ad11f088d35 None None] MySQL server mode set to STRICT_TRANS_TABLES,STRICT_ALL_TABLES,NO_ZERO_IN_DATE,NO_ZERO_DATE,ERROR_FOR_DIVISION_BY_ZERO,TRADITIONAL,NO_ENGINE_SUBSTITUTION {{(pid=100113) _check_effective_sql_mode /opt/stack/data/venv/lib/python3.12/site-packages/oslo_db/sqlalchemy/engines.py:325}}
Mar 09 15:48:36.579564 np0000158225 devstack@n-api.service[100110]: DEBUG dbcounter [-] [100110] Writer thread running {{(pid=100110) stat_writer /opt/stack/data/venv/lib/python3.12/site-packages/dbcounter.py:102}}
Mar 09 15:48:36.582480 np0000158225 devstack@n-api.service[100110]: DEBUG nova.context [None req-fee22355-c4d3-46c8-b966-fc06a9cc5f35 None None] Found 2 cells: 00000000-0000-0000-0000-000000000000(cell0),bfd95f40-6e62-4b88-947d-ccb5c4b28a0c(cell1) {{(pid=100110) load_cells /opt/stack/nova/nova/context.py:509}}
Mar 09 15:48:36.582885 np0000158225 devstack@n-api.service[100110]: INFO nova.utils [None req-fee22355-c4d3-46c8-b966-fc06a9cc5f35 None None] The cell worker thread pool MainProcess.cell_worker is initialized
Mar 09 15:48:36.585430 np0000158225 devstack@n-api.service[100110]: DEBUG oslo_concurrency.lockutils [None req-fee22355-c4d3-46c8-b966-fc06a9cc5f35 None None] Acquiring lock "00000000-0000-0000-0000-000000000000" by "nova.context.set_target_cell..get_or_set_cached_cell_and_set_connections" {{(pid=100110) inner /opt/stack/data/venv/lib/python3.12/site-packages/oslo_concurrency/lockutils.py:506}}
Mar 09 15:48:36.585788 np0000158225 devstack@n-api.service[100110]: DEBUG oslo_concurrency.lockutils [None req-fee22355-c4d3-46c8-b966-fc06a9cc5f35 None None] Lock "00000000-0000-0000-0000-000000000000" acquired by "nova.context.set_target_cell..get_or_set_cached_cell_and_set_connections" :: waited 0.000s {{(pid=100110) inner /opt/stack/data/venv/lib/python3.12/site-packages/oslo_concurrency/lockutils.py:519}}
Mar 09 15:48:36.586340 np0000158225 devstack@n-api.service[100110]: DEBUG oslo_concurrency.lockutils [None req-fee22355-c4d3-46c8-b966-fc06a9cc5f35 None None] Lock "00000000-0000-0000-0000-000000000000" "released" by "nova.context.set_target_cell..get_or_set_cached_cell_and_set_connections" :: held 0.001s {{(pid=100110) inner /opt/stack/data/venv/lib/python3.12/site-packages/oslo_concurrency/lockutils.py:538}}
Mar 09 15:48:36.587162 np0000158225 devstack@n-api.service[100110]: DEBUG oslo_concurrency.lockutils [None req-fee22355-c4d3-46c8-b966-fc06a9cc5f35 None None] Acquiring lock "bfd95f40-6e62-4b88-947d-ccb5c4b28a0c" by "nova.context.set_target_cell..get_or_set_cached_cell_and_set_connections" {{(pid=100110) inner /opt/stack/data/venv/lib/python3.12/site-packages/oslo_concurrency/lockutils.py:506}}
Mar 09 15:48:36.587347 np0000158225 devstack@n-api.service[100110]: DEBUG oslo_concurrency.lockutils [None req-fee22355-c4d3-46c8-b966-fc06a9cc5f35 None None] Lock "bfd95f40-6e62-4b88-947d-ccb5c4b28a0c" acquired by "nova.context.set_target_cell..get_or_set_cached_cell_and_set_connections" :: waited 0.000s {{(pid=100110) inner /opt/stack/data/venv/lib/python3.12/site-packages/oslo_concurrency/lockutils.py:519}}
Mar 09 15:48:36.587406 np0000158225 devstack@n-api.service[100111]: DEBUG oslo_db.sqlalchemy.engines [None req-3939c192-c368-475a-a1d6-cadfa025a9ef None None] MySQL server mode set to STRICT_TRANS_TABLES,STRICT_ALL_TABLES,NO_ZERO_IN_DATE,NO_ZERO_DATE,ERROR_FOR_DIVISION_BY_ZERO,TRADITIONAL,NO_ENGINE_SUBSTITUTION {{(pid=100111) _check_effective_sql_mode /opt/stack/data/venv/lib/python3.12/site-packages/oslo_db/sqlalchemy/engines.py:325}}
Mar 09 15:48:36.588232 np0000158225 devstack@n-api.service[100110]: DEBUG oslo_concurrency.lockutils [None req-fee22355-c4d3-46c8-b966-fc06a9cc5f35 None None] Lock "bfd95f40-6e62-4b88-947d-ccb5c4b28a0c" "released" by "nova.context.set_target_cell..get_or_set_cached_cell_and_set_connections" :: held 0.001s {{(pid=100110) inner /opt/stack/data/venv/lib/python3.12/site-packages/oslo_concurrency/lockutils.py:538}}
Mar 09 15:48:36.590435 np0000158225 devstack@n-api.service[100110]: INFO dbcounter [None req-fee22355-c4d3-46c8-b966-fc06a9cc5f35 None None] Registered counter for database nova_cell0
Mar 09 15:48:36.594856 np0000158225 devstack@n-api.service[100110]: INFO dbcounter [None req-fee22355-c4d3-46c8-b966-fc06a9cc5f35 None None] Registered counter for database nova_cell1
Mar 09 15:48:36.604952 np0000158225 devstack@n-api.service[100110]: DEBUG oslo_db.sqlalchemy.engines [None req-fee22355-c4d3-46c8-b966-fc06a9cc5f35 None None] MySQL server mode set to STRICT_TRANS_TABLES,STRICT_ALL_TABLES,NO_ZERO_IN_DATE,NO_ZERO_DATE,ERROR_FOR_DIVISION_BY_ZERO,TRADITIONAL,NO_ENGINE_SUBSTITUTION {{(pid=100110) _check_effective_sql_mode /opt/stack/data/venv/lib/python3.12/site-packages/oslo_db/sqlalchemy/engines.py:325}}
Mar 09 15:48:36.611441 np0000158225 devstack@n-api.service[100110]: DEBUG oslo_db.sqlalchemy.engines [None req-fee22355-c4d3-46c8-b966-fc06a9cc5f35 None None] MySQL server mode set to STRICT_TRANS_TABLES,STRICT_ALL_TABLES,NO_ZERO_IN_DATE,NO_ZERO_DATE,ERROR_FOR_DIVISION_BY_ZERO,TRADITIONAL,NO_ENGINE_SUBSTITUTION {{(pid=100110) _check_effective_sql_mode /opt/stack/data/venv/lib/python3.12/site-packages/oslo_db/sqlalchemy/engines.py:325}}
Mar 09 15:48:36.667900 np0000158225 devstack@n-api.service[100113]: DEBUG dbcounter [-] [100113] Writer thread running {{(pid=100113) stat_writer /opt/stack/data/venv/lib/python3.12/site-packages/dbcounter.py:102}}
Mar 09 15:48:36.673002 np0000158225 devstack@n-api.service[100113]: DEBUG dbcounter [-] [100113] Writer thread running {{(pid=100113) stat_writer /opt/stack/data/venv/lib/python3.12/site-packages/dbcounter.py:102}}
Mar 09 15:48:36.676726 np0000158225 devstack@n-api.service[100111]: DEBUG dbcounter [-] [100111] Writer thread running {{(pid=100111) stat_writer /opt/stack/data/venv/lib/python3.12/site-packages/dbcounter.py:102}}
Mar 09 15:48:36.677952 np0000158225 devstack@n-api.service[100113]: INFO dbcounter [None req-f521814c-7822-40a7-bc42-7ad11f088d35 None None] Registered counter for database nova_cell0
Mar 09 15:48:36.679583 np0000158225 devstack@n-api.service[100112]: INFO dbcounter [None req-d5560702-bab8-4fdb-9928-94b9c4a25b32 None None] Registered counter for database nova_api
Mar 09 15:48:36.683631 np0000158225 devstack@n-api.service[100111]: DEBUG dbcounter [-] [100111] Writer thread running {{(pid=100111) stat_writer /opt/stack/data/venv/lib/python3.12/site-packages/dbcounter.py:102}}
Mar 09 15:48:36.688247 np0000158225 devstack@n-api.service[100113]: DEBUG oslo_db.sqlalchemy.engines [None req-f521814c-7822-40a7-bc42-7ad11f088d35 None None] MySQL server mode set to STRICT_TRANS_TABLES,STRICT_ALL_TABLES,NO_ZERO_IN_DATE,NO_ZERO_DATE,ERROR_FOR_DIVISION_BY_ZERO,TRADITIONAL,NO_ENGINE_SUBSTITUTION {{(pid=100113) _check_effective_sql_mode /opt/stack/data/venv/lib/python3.12/site-packages/oslo_db/sqlalchemy/engines.py:325}}
Mar 09 15:48:36.689108 np0000158225 devstack@n-api.service[100111]: INFO dbcounter [None req-3939c192-c368-475a-a1d6-cadfa025a9ef None None] Registered counter for database nova_cell0
Mar 09 15:48:36.696154 np0000158225 devstack@n-api.service[100113]: DEBUG dbcounter [-] [100113] Writer thread running {{(pid=100113) stat_writer /opt/stack/data/venv/lib/python3.12/site-packages/dbcounter.py:102}}
Mar 09 15:48:36.696694 np0000158225 devstack@n-api.service[100112]: DEBUG oslo_db.sqlalchemy.engines [None req-d5560702-bab8-4fdb-9928-94b9c4a25b32 None None] MySQL server mode set to STRICT_TRANS_TABLES,STRICT_ALL_TABLES,NO_ZERO_IN_DATE,NO_ZERO_DATE,ERROR_FOR_DIVISION_BY_ZERO,TRADITIONAL,NO_ENGINE_SUBSTITUTION {{(pid=100112) _check_effective_sql_mode /opt/stack/data/venv/lib/python3.12/site-packages/oslo_db/sqlalchemy/engines.py:325}}
Mar 09 15:48:36.699641 np0000158225 devstack@n-api.service[100110]: DEBUG dbcounter [-] [100110] Writer thread running {{(pid=100110) stat_writer /opt/stack/data/venv/lib/python3.12/site-packages/dbcounter.py:102}}
Mar 09 15:48:36.700307 np0000158225 devstack@n-api.service[100111]: DEBUG oslo_db.sqlalchemy.engines [None req-3939c192-c368-475a-a1d6-cadfa025a9ef None None] MySQL server mode set to STRICT_TRANS_TABLES,STRICT_ALL_TABLES,NO_ZERO_IN_DATE,NO_ZERO_DATE,ERROR_FOR_DIVISION_BY_ZERO,TRADITIONAL,NO_ENGINE_SUBSTITUTION {{(pid=100111) _check_effective_sql_mode /opt/stack/data/venv/lib/python3.12/site-packages/oslo_db/sqlalchemy/engines.py:325}}
Mar 09 15:48:36.704617 np0000158225 devstack@n-api.service[100110]: DEBUG dbcounter [-] [100110] Writer thread running {{(pid=100110) stat_writer /opt/stack/data/venv/lib/python3.12/site-packages/dbcounter.py:102}}
Mar 09 15:48:36.708683 np0000158225 devstack@n-api.service[100111]: DEBUG dbcounter [-] [100111] Writer thread running {{(pid=100111) stat_writer /opt/stack/data/venv/lib/python3.12/site-packages/dbcounter.py:102}}
Mar 09 15:48:36.740776 np0000158225 devstack@n-api.service[100112]: DEBUG dbcounter [-] [100112] Writer thread running {{(pid=100112) stat_writer /opt/stack/data/venv/lib/python3.12/site-packages/dbcounter.py:102}}
Mar 09 15:48:36.755008 np0000158225 devstack@n-api.service[100112]: DEBUG nova.context [None req-d5560702-bab8-4fdb-9928-94b9c4a25b32 None None] Found 2 cells: 00000000-0000-0000-0000-000000000000(cell0),bfd95f40-6e62-4b88-947d-ccb5c4b28a0c(cell1) {{(pid=100112) load_cells /opt/stack/nova/nova/context.py:509}}
Mar 09 15:48:36.755239 np0000158225 devstack@n-api.service[100112]: INFO nova.utils [None req-d5560702-bab8-4fdb-9928-94b9c4a25b32 None None] The cell worker thread pool MainProcess.cell_worker is initialized
Mar 09 15:48:36.757201 np0000158225 devstack@n-api.service[100112]: DEBUG oslo_concurrency.lockutils [None req-d5560702-bab8-4fdb-9928-94b9c4a25b32 None None] Acquiring lock "00000000-0000-0000-0000-000000000000" by "nova.context.set_target_cell..get_or_set_cached_cell_and_set_connections" {{(pid=100112) inner /opt/stack/data/venv/lib/python3.12/site-packages/oslo_concurrency/lockutils.py:506}}
Mar 09 15:48:36.757373 np0000158225 devstack@n-api.service[100112]: DEBUG oslo_concurrency.lockutils [None req-d5560702-bab8-4fdb-9928-94b9c4a25b32 None None] Lock "00000000-0000-0000-0000-000000000000" acquired by "nova.context.set_target_cell..get_or_set_cached_cell_and_set_connections" :: waited 0.000s {{(pid=100112) inner /opt/stack/data/venv/lib/python3.12/site-packages/oslo_concurrency/lockutils.py:519}}
Mar 09 15:48:36.757731 np0000158225 devstack@n-api.service[100112]: DEBUG oslo_concurrency.lockutils [None req-d5560702-bab8-4fdb-9928-94b9c4a25b32 None None] Lock "00000000-0000-0000-0000-000000000000" "released" by "nova.context.set_target_cell..get_or_set_cached_cell_and_set_connections" :: held 0.000s {{(pid=100112) inner /opt/stack/data/venv/lib/python3.12/site-packages/oslo_concurrency/lockutils.py:538}}
Mar 09 15:48:36.758527 np0000158225 devstack@n-api.service[100112]: DEBUG oslo_concurrency.lockutils [None req-d5560702-bab8-4fdb-9928-94b9c4a25b32 None None] Acquiring lock "bfd95f40-6e62-4b88-947d-ccb5c4b28a0c" by "nova.context.set_target_cell..get_or_set_cached_cell_and_set_connections" {{(pid=100112) inner /opt/stack/data/venv/lib/python3.12/site-packages/oslo_concurrency/lockutils.py:506}}
Mar 09 15:48:36.758659 np0000158225 devstack@n-api.service[100112]: DEBUG oslo_concurrency.lockutils [None req-d5560702-bab8-4fdb-9928-94b9c4a25b32 None None] Lock "bfd95f40-6e62-4b88-947d-ccb5c4b28a0c" acquired by "nova.context.set_target_cell..get_or_set_cached_cell_and_set_connections" :: waited 0.000s {{(pid=100112) inner /opt/stack/data/venv/lib/python3.12/site-packages/oslo_concurrency/lockutils.py:519}}
Mar 09 15:48:36.758725 np0000158225 devstack@n-api.service[100110]: INFO dbcounter [None req-fee22355-c4d3-46c8-b966-fc06a9cc5f35 None None] Registered counter for database nova_cell0
Mar 09 15:48:36.760138 np0000158225 devstack@n-api.service[100112]: DEBUG oslo_concurrency.lockutils [None req-d5560702-bab8-4fdb-9928-94b9c4a25b32 None None] Lock "bfd95f40-6e62-4b88-947d-ccb5c4b28a0c" "released" by "nova.context.set_target_cell..get_or_set_cached_cell_and_set_connections" :: held 0.001s {{(pid=100112) inner /opt/stack/data/venv/lib/python3.12/site-packages/oslo_concurrency/lockutils.py:538}}
Mar 09 15:48:36.763258 np0000158225 devstack@n-api.service[100112]: INFO dbcounter [None req-d5560702-bab8-4fdb-9928-94b9c4a25b32 None None] Registered counter for database nova_cell0
Mar 09 15:48:36.767651 np0000158225 devstack@n-api.service[100110]: DEBUG oslo_db.sqlalchemy.engines [None req-fee22355-c4d3-46c8-b966-fc06a9cc5f35 None None] MySQL server mode set to STRICT_TRANS_TABLES,STRICT_ALL_TABLES,NO_ZERO_IN_DATE,NO_ZERO_DATE,ERROR_FOR_DIVISION_BY_ZERO,TRADITIONAL,NO_ENGINE_SUBSTITUTION {{(pid=100110) _check_effective_sql_mode /opt/stack/data/venv/lib/python3.12/site-packages/oslo_db/sqlalchemy/engines.py:325}}
Mar 09 15:48:36.768813 np0000158225 devstack@n-api.service[100112]: INFO dbcounter [None req-d5560702-bab8-4fdb-9928-94b9c4a25b32 None None] Registered counter for database nova_cell1
Mar 09 15:48:36.774617 np0000158225 devstack@n-api.service[100110]: DEBUG dbcounter [-] [100110] Writer thread running {{(pid=100110) stat_writer /opt/stack/data/venv/lib/python3.12/site-packages/dbcounter.py:102}}
Mar 09 15:48:36.780325 np0000158225 devstack@n-api.service[100112]: DEBUG oslo_db.sqlalchemy.engines [None req-d5560702-bab8-4fdb-9928-94b9c4a25b32 None None] MySQL server mode set to STRICT_TRANS_TABLES,STRICT_ALL_TABLES,NO_ZERO_IN_DATE,NO_ZERO_DATE,ERROR_FOR_DIVISION_BY_ZERO,TRADITIONAL,NO_ENGINE_SUBSTITUTION {{(pid=100112) _check_effective_sql_mode /opt/stack/data/venv/lib/python3.12/site-packages/oslo_db/sqlalchemy/engines.py:325}}
Mar 09 15:48:36.783586 np0000158225 devstack@n-api.service[100112]: DEBUG oslo_db.sqlalchemy.engines [None req-d5560702-bab8-4fdb-9928-94b9c4a25b32 None None] MySQL server mode set to STRICT_TRANS_TABLES,STRICT_ALL_TABLES,NO_ZERO_IN_DATE,NO_ZERO_DATE,ERROR_FOR_DIVISION_BY_ZERO,TRADITIONAL,NO_ENGINE_SUBSTITUTION {{(pid=100112) _check_effective_sql_mode /opt/stack/data/venv/lib/python3.12/site-packages/oslo_db/sqlalchemy/engines.py:325}}
Mar 09 15:48:36.880564 np0000158225 devstack@n-api.service[100112]: DEBUG dbcounter [-] [100112] Writer thread running {{(pid=100112) stat_writer /opt/stack/data/venv/lib/python3.12/site-packages/dbcounter.py:102}}
Mar 09 15:48:36.881538 np0000158225 devstack@n-api.service[100112]: DEBUG dbcounter [-] [100112] Writer thread running {{(pid=100112) stat_writer /opt/stack/data/venv/lib/python3.12/site-packages/dbcounter.py:102}}
Mar 09 15:48:36.886910 np0000158225 devstack@n-api.service[100112]: INFO dbcounter [None req-d5560702-bab8-4fdb-9928-94b9c4a25b32 None None] Registered counter for database nova_cell0
Mar 09 15:48:36.895702 np0000158225 devstack@n-api.service[100112]: DEBUG oslo_db.sqlalchemy.engines [None req-d5560702-bab8-4fdb-9928-94b9c4a25b32 None None] MySQL server mode set to STRICT_TRANS_TABLES,STRICT_ALL_TABLES,NO_ZERO_IN_DATE,NO_ZERO_DATE,ERROR_FOR_DIVISION_BY_ZERO,TRADITIONAL,NO_ENGINE_SUBSTITUTION {{(pid=100112) _check_effective_sql_mode /opt/stack/data/venv/lib/python3.12/site-packages/oslo_db/sqlalchemy/engines.py:325}}
Mar 09 15:48:36.904487 np0000158225 devstack@n-api.service[100112]: DEBUG dbcounter [-] [100112] Writer thread running {{(pid=100112) stat_writer /opt/stack/data/venv/lib/python3.12/site-packages/dbcounter.py:102}}
Mar 09 15:48:37.133461 np0000158225 devstack@n-api.service[100110]: DEBUG oslo_concurrency.processutils [None req-fee22355-c4d3-46c8-b966-fc06a9cc5f35 None None] Running cmd (subprocess): grep -F node.session.scan /sbin/iscsiadm {{(pid=100110) execute /opt/stack/data/venv/lib/python3.12/site-packages/oslo_concurrency/processutils.py:440}}
Mar 09 15:48:37.144632 np0000158225 devstack@n-api.service[100113]: DEBUG oslo_concurrency.processutils [None req-f521814c-7822-40a7-bc42-7ad11f088d35 None None] Running cmd (subprocess): grep -F node.session.scan /sbin/iscsiadm {{(pid=100113) execute /opt/stack/data/venv/lib/python3.12/site-packages/oslo_concurrency/processutils.py:440}}
Mar 09 15:48:37.146297 np0000158225 devstack@n-api.service[100110]: DEBUG oslo_concurrency.processutils [None req-fee22355-c4d3-46c8-b966-fc06a9cc5f35 None None] CMD "grep -F node.session.scan /sbin/iscsiadm" returned: 0 in 0.013s {{(pid=100110) execute /opt/stack/data/venv/lib/python3.12/site-packages/oslo_concurrency/processutils.py:468}}
Mar 09 15:48:37.161682 np0000158225 devstack@n-api.service[100113]: DEBUG oslo_concurrency.processutils [None req-f521814c-7822-40a7-bc42-7ad11f088d35 None None] CMD "grep -F node.session.scan /sbin/iscsiadm" returned: 0 in 0.017s {{(pid=100113) execute /opt/stack/data/venv/lib/python3.12/site-packages/oslo_concurrency/processutils.py:468}}
Mar 09 15:48:37.182723 np0000158225 devstack@n-api.service[100111]: DEBUG oslo_concurrency.processutils [None req-3939c192-c368-475a-a1d6-cadfa025a9ef None None] Running cmd (subprocess): grep -F node.session.scan /sbin/iscsiadm {{(pid=100111) execute /opt/stack/data/venv/lib/python3.12/site-packages/oslo_concurrency/processutils.py:440}}
Mar 09 15:48:37.200311 np0000158225 devstack@n-api.service[100111]: DEBUG oslo_concurrency.processutils [None req-3939c192-c368-475a-a1d6-cadfa025a9ef None None] CMD "grep -F node.session.scan /sbin/iscsiadm" returned: 0 in 0.018s {{(pid=100111) execute /opt/stack/data/venv/lib/python3.12/site-packages/oslo_concurrency/processutils.py:468}}
Mar 09 15:48:37.275920 np0000158225 devstack@n-api.service[100112]: DEBUG oslo_concurrency.processutils [None req-d5560702-bab8-4fdb-9928-94b9c4a25b32 None None] Running cmd (subprocess): grep -F node.session.scan /sbin/iscsiadm {{(pid=100112) execute /opt/stack/data/venv/lib/python3.12/site-packages/oslo_concurrency/processutils.py:440}}
Mar 09 15:48:37.292830 np0000158225 devstack@n-api.service[100112]: DEBUG oslo_concurrency.processutils [None req-d5560702-bab8-4fdb-9928-94b9c4a25b32 None None] CMD "grep -F node.session.scan /sbin/iscsiadm" returned: 0 in 0.017s {{(pid=100112) execute /opt/stack/data/venv/lib/python3.12/site-packages/oslo_concurrency/processutils.py:468}}
Mar 09 15:48:37.677898 np0000158225 devstack@n-api.service[100113]: WARNING keystonemiddleware.auth_token [None req-f521814c-7822-40a7-bc42-7ad11f088d35 None None] AuthToken middleware is set with keystone_authtoken.service_token_roles_required set to False. This is backwards compatible but deprecated behaviour. Please set this to True.
Mar 09 15:48:37.678683 np0000158225 devstack@n-api.service[100110]: WARNING keystonemiddleware.auth_token [None req-fee22355-c4d3-46c8-b966-fc06a9cc5f35 None None] AuthToken middleware is set with keystone_authtoken.service_token_roles_required set to False. This is backwards compatible but deprecated behaviour. Please set this to True.
Mar 09 15:48:37.692077 np0000158225 devstack@n-api.service[100112]: WARNING keystonemiddleware.auth_token [None req-d5560702-bab8-4fdb-9928-94b9c4a25b32 None None] AuthToken middleware is set with keystone_authtoken.service_token_roles_required set to False. This is backwards compatible but deprecated behaviour. Please set this to True.
Mar 09 15:48:37.696349 np0000158225 devstack@n-api.service[100111]: WARNING keystonemiddleware.auth_token [None req-3939c192-c368-475a-a1d6-cadfa025a9ef None None] AuthToken middleware is set with keystone_authtoken.service_token_roles_required set to False. This is backwards compatible but deprecated behaviour. Please set this to True.
Mar 09 15:48:37.746567 np0000158225 devstack@n-api.service[100110]: WARNING keystonemiddleware.auth_token [None req-fee22355-c4d3-46c8-b966-fc06a9cc5f35 None None] AuthToken middleware is set with keystone_authtoken.service_token_roles_required set to False. This is backwards compatible but deprecated behaviour. Please set this to True.
Mar 09 15:48:37.747624 np0000158225 devstack@n-api.service[100113]: WARNING keystonemiddleware.auth_token [None req-f521814c-7822-40a7-bc42-7ad11f088d35 None None] AuthToken middleware is set with keystone_authtoken.service_token_roles_required set to False. This is backwards compatible but deprecated behaviour. Please set this to True.
Mar 09 15:48:37.751564 np0000158225 devstack@n-api.service[100110]: DEBUG nova.api.openstack.wsgi_app [None req-fee22355-c4d3-46c8-b966-fc06a9cc5f35 None None] ******************************************************************************** {{(pid=100110) log_opt_values /opt/stack/data/venv/lib/python3.12/site-packages/oslo_config/cfg.py:2979}}
Mar 09 15:48:37.751716 np0000158225 devstack@n-api.service[100110]: DEBUG nova.api.openstack.wsgi_app [None req-fee22355-c4d3-46c8-b966-fc06a9cc5f35 None None] Configuration options gathered from: {{(pid=100110) log_opt_values /opt/stack/data/venv/lib/python3.12/site-packages/oslo_config/cfg.py:2980}}
Mar 09 15:48:37.752865 np0000158225 devstack@n-api.service[100113]: DEBUG nova.api.openstack.wsgi_app [None req-f521814c-7822-40a7-bc42-7ad11f088d35 None None] ******************************************************************************** {{(pid=100113) log_opt_values /opt/stack/data/venv/lib/python3.12/site-packages/oslo_config/cfg.py:2979}}
Mar 09 15:48:37.752994 np0000158225 devstack@n-api.service[100113]: DEBUG nova.api.openstack.wsgi_app [None req-f521814c-7822-40a7-bc42-7ad11f088d35 None None] Configuration options gathered from: {{(pid=100113) log_opt_values /opt/stack/data/venv/lib/python3.12/site-packages/oslo_config/cfg.py:2980}}
Mar 09 15:48:37.758201 np0000158225 devstack@n-api.service[100112]: WARNING keystonemiddleware.auth_token [None req-d5560702-bab8-4fdb-9928-94b9c4a25b32 None None] AuthToken middleware is set with keystone_authtoken.service_token_roles_required set to False. This is backwards compatible but deprecated behaviour. Please set this to True.
Mar 09 15:48:37.763237 np0000158225 devstack@n-api.service[100112]: DEBUG nova.api.openstack.wsgi_app [None req-d5560702-bab8-4fdb-9928-94b9c4a25b32 None None] ******************************************************************************** {{(pid=100112) log_opt_values /opt/stack/data/venv/lib/python3.12/site-packages/oslo_config/cfg.py:2979}}
Mar 09 15:48:37.763375 np0000158225 devstack@n-api.service[100112]: DEBUG nova.api.openstack.wsgi_app [None req-d5560702-bab8-4fdb-9928-94b9c4a25b32 None None] Configuration options gathered from: {{(pid=100112) log_opt_values /opt/stack/data/venv/lib/python3.12/site-packages/oslo_config/cfg.py:2980}}
Mar 09 15:48:37.767951 np0000158225 devstack@n-api.service[100111]: WARNING keystonemiddleware.auth_token [None req-3939c192-c368-475a-a1d6-cadfa025a9ef None None] AuthToken middleware is set with keystone_authtoken.service_token_roles_required set to False. This is backwards compatible but deprecated behaviour. Please set this to True.
Mar 09 15:48:37.773153 np0000158225 devstack@n-api.service[100111]: DEBUG nova.api.openstack.wsgi_app [None req-3939c192-c368-475a-a1d6-cadfa025a9ef None None] ******************************************************************************** {{(pid=100111) log_opt_values /opt/stack/data/venv/lib/python3.12/site-packages/oslo_config/cfg.py:2979}}
Mar 09 15:48:37.773275 np0000158225 devstack@n-api.service[100111]: DEBUG nova.api.openstack.wsgi_app [None req-3939c192-c368-475a-a1d6-cadfa025a9ef None None] Configuration options gathered from: {{(pid=100111) log_opt_values /opt/stack/data/venv/lib/python3.12/site-packages/oslo_config/cfg.py:2980}}
Mar 09 15:48:37.858019 np0000158225 devstack@n-api.service[100110]: DEBUG nova.api.openstack.wsgi_app [None req-fee22355-c4d3-46c8-b966-fc06a9cc5f35 None None] command line args: [] {{(pid=100110) log_opt_values /opt/stack/data/venv/lib/python3.12/site-packages/oslo_config/cfg.py:2981}}
Mar 09 15:48:37.858169 np0000158225 devstack@n-api.service[100110]: DEBUG nova.api.openstack.wsgi_app [None req-fee22355-c4d3-46c8-b966-fc06a9cc5f35 None None] config files: ['/etc/nova/api-paste.ini', '/etc/nova/nova.conf'] {{(pid=100110) log_opt_values /opt/stack/data/venv/lib/python3.12/site-packages/oslo_config/cfg.py:2982}}
Mar 09 15:48:37.858268 np0000158225 devstack@n-api.service[100110]: DEBUG nova.api.openstack.wsgi_app [None req-fee22355-c4d3-46c8-b966-fc06a9cc5f35 None None] ================================================================================ {{(pid=100110) log_opt_values /opt/stack/data/venv/lib/python3.12/site-packages/oslo_config/cfg.py:2987}}
Mar 09 15:48:37.858455 np0000158225 devstack@n-api.service[100110]: DEBUG nova.api.openstack.wsgi_app [None req-fee22355-c4d3-46c8-b966-fc06a9cc5f35 None None] allow_resize_to_same_host = True {{(pid=100110) log_opt_values /opt/stack/data/venv/lib/python3.12/site-packages/oslo_config/cfg.py:2995}}
Mar 09 15:48:37.858616 np0000158225 devstack@n-api.service[100110]: DEBUG nova.api.openstack.wsgi_app [None req-fee22355-c4d3-46c8-b966-fc06a9cc5f35 None None] arq_binding_timeout = 300 {{(pid=100110) log_opt_values /opt/stack/data/venv/lib/python3.12/site-packages/oslo_config/cfg.py:2995}}
Mar 09 15:48:37.858767 np0000158225 devstack@n-api.service[100110]: DEBUG nova.api.openstack.wsgi_app [None req-fee22355-c4d3-46c8-b966-fc06a9cc5f35 None None] block_device_allocate_retries = 60 {{(pid=100110) log_opt_values /opt/stack/data/venv/lib/python3.12/site-packages/oslo_config/cfg.py:2995}}
Mar 09 15:48:37.858898 np0000158225 devstack@n-api.service[100110]: DEBUG nova.api.openstack.wsgi_app [None req-fee22355-c4d3-46c8-b966-fc06a9cc5f35 None None] block_device_allocate_retries_interval = 3 {{(pid=100110) log_opt_values /opt/stack/data/venv/lib/python3.12/site-packages/oslo_config/cfg.py:2995}}
Mar 09 15:48:37.859020 np0000158225 devstack@n-api.service[100110]: DEBUG nova.api.openstack.wsgi_app [None req-fee22355-c4d3-46c8-b966-fc06a9cc5f35 None None] cell_worker_thread_pool_size = 5 {{(pid=100110) log_opt_values /opt/stack/data/venv/lib/python3.12/site-packages/oslo_config/cfg.py:2995}}
Mar 09 15:48:37.859158 np0000158225 devstack@n-api.service[100110]: DEBUG nova.api.openstack.wsgi_app [None req-fee22355-c4d3-46c8-b966-fc06a9cc5f35 None None] cert = self.pem {{(pid=100110) log_opt_values /opt/stack/data/venv/lib/python3.12/site-packages/oslo_config/cfg.py:2995}}
Mar 09 15:48:37.859289 np0000158225 devstack@n-api.service[100110]: DEBUG nova.api.openstack.wsgi_app [None req-fee22355-c4d3-46c8-b966-fc06a9cc5f35 None None] compute_driver = libvirt.LibvirtDriver {{(pid=100110) log_opt_values /opt/stack/data/venv/lib/python3.12/site-packages/oslo_config/cfg.py:2995}}
Mar 09 15:48:37.859426 np0000158225 devstack@n-api.service[100110]: DEBUG nova.api.openstack.wsgi_app [None req-fee22355-c4d3-46c8-b966-fc06a9cc5f35 None None] compute_monitors = [] {{(pid=100110) log_opt_values /opt/stack/data/venv/lib/python3.12/site-packages/oslo_config/cfg.py:2995}}
Mar 09 15:48:37.859657 np0000158225 devstack@n-api.service[100110]: DEBUG nova.api.openstack.wsgi_app [None req-fee22355-c4d3-46c8-b966-fc06a9cc5f35 None None] config_dir = [] {{(pid=100110) log_opt_values /opt/stack/data/venv/lib/python3.12/site-packages/oslo_config/cfg.py:2995}}
Mar 09 15:48:37.859731 np0000158225 devstack@n-api.service[100110]: DEBUG nova.api.openstack.wsgi_app [None req-fee22355-c4d3-46c8-b966-fc06a9cc5f35 None None] config_drive_format = iso9660 {{(pid=100110) log_opt_values /opt/stack/data/venv/lib/python3.12/site-packages/oslo_config/cfg.py:2995}}
Mar 09 15:48:37.859825 np0000158225 devstack@n-api.service[100110]: DEBUG nova.api.openstack.wsgi_app [None req-fee22355-c4d3-46c8-b966-fc06a9cc5f35 None None] config_file = ['/etc/nova/api-paste.ini', '/etc/nova/nova.conf'] {{(pid=100110) log_opt_values /opt/stack/data/venv/lib/python3.12/site-packages/oslo_config/cfg.py:2995}}
Mar 09 15:48:37.859966 np0000158225 devstack@n-api.service[100110]: DEBUG nova.api.openstack.wsgi_app [None req-fee22355-c4d3-46c8-b966-fc06a9cc5f35 None None] config_source = [] {{(pid=100110) log_opt_values /opt/stack/data/venv/lib/python3.12/site-packages/oslo_config/cfg.py:2995}}
Mar 09 15:48:37.860103 np0000158225 devstack@n-api.service[100110]: DEBUG nova.api.openstack.wsgi_app [None req-fee22355-c4d3-46c8-b966-fc06a9cc5f35 None None] console_host = np0000158225 {{(pid=100110) log_opt_values /opt/stack/data/venv/lib/python3.12/site-packages/oslo_config/cfg.py:2995}}
Mar 09 15:48:37.860260 np0000158225 devstack@n-api.service[100110]: DEBUG nova.api.openstack.wsgi_app [None req-fee22355-c4d3-46c8-b966-fc06a9cc5f35 None None] control_exchange = nova {{(pid=100110) log_opt_values /opt/stack/data/venv/lib/python3.12/site-packages/oslo_config/cfg.py:2995}}
Mar 09 15:48:37.860364 np0000158225 devstack@n-api.service[100110]: DEBUG nova.api.openstack.wsgi_app [None req-fee22355-c4d3-46c8-b966-fc06a9cc5f35 None None] cpu_allocation_ratio = None {{(pid=100110) log_opt_values /opt/stack/data/venv/lib/python3.12/site-packages/oslo_config/cfg.py:2995}}
Mar 09 15:48:37.860492 np0000158225 devstack@n-api.service[100110]: DEBUG nova.api.openstack.wsgi_app [None req-fee22355-c4d3-46c8-b966-fc06a9cc5f35 None None] daemon = False {{(pid=100110) log_opt_values /opt/stack/data/venv/lib/python3.12/site-packages/oslo_config/cfg.py:2995}}
Mar 09 15:48:37.860636 np0000158225 devstack@n-api.service[100110]: DEBUG nova.api.openstack.wsgi_app [None req-fee22355-c4d3-46c8-b966-fc06a9cc5f35 None None] debug = True {{(pid=100110) log_opt_values /opt/stack/data/venv/lib/python3.12/site-packages/oslo_config/cfg.py:2995}}
Mar 09 15:48:37.860763 np0000158225 devstack@n-api.service[100110]: DEBUG nova.api.openstack.wsgi_app [None req-fee22355-c4d3-46c8-b966-fc06a9cc5f35 None None] default_access_ip_network_name = None {{(pid=100110) log_opt_values /opt/stack/data/venv/lib/python3.12/site-packages/oslo_config/cfg.py:2995}}
Mar 09 15:48:37.860905 np0000158225 devstack@n-api.service[100110]: DEBUG nova.api.openstack.wsgi_app [None req-fee22355-c4d3-46c8-b966-fc06a9cc5f35 None None] default_availability_zone = nova {{(pid=100110) log_opt_values /opt/stack/data/venv/lib/python3.12/site-packages/oslo_config/cfg.py:2995}}
Mar 09 15:48:37.861024 np0000158225 devstack@n-api.service[100110]: DEBUG nova.api.openstack.wsgi_app [None req-fee22355-c4d3-46c8-b966-fc06a9cc5f35 None None] default_ephemeral_format = ext4 {{(pid=100110) log_opt_values /opt/stack/data/venv/lib/python3.12/site-packages/oslo_config/cfg.py:2995}}
Mar 09 15:48:37.861157 np0000158225 devstack@n-api.service[100110]: DEBUG nova.api.openstack.wsgi_app [None req-fee22355-c4d3-46c8-b966-fc06a9cc5f35 None None] default_green_pool_size = 1000 {{(pid=100110) log_opt_values /opt/stack/data/venv/lib/python3.12/site-packages/oslo_config/cfg.py:2995}}
Mar 09 15:48:37.861371 np0000158225 devstack@n-api.service[100110]: DEBUG nova.api.openstack.wsgi_app [None req-fee22355-c4d3-46c8-b966-fc06a9cc5f35 None None] default_log_levels = ['amqp=WARN', 'boto=WARN', 'sqlalchemy=WARN', 'suds=INFO', 'oslo.messaging=INFO', 'oslo_messaging=INFO', 'iso8601=WARN', 'requests.packages.urllib3.connectionpool=WARN', 'urllib3.connectionpool=WARN', 'websocket=WARN', 'requests.packages.urllib3.util.retry=WARN', 'urllib3.util.retry=WARN', 'keystonemiddleware=WARN', 'routes.middleware=WARN', 'stevedore=WARN', 'taskflow=WARN', 'keystoneauth=WARN', 'oslo.cache=INFO', 'oslo_policy=INFO', 'dogpile.core.dogpile=INFO', 'glanceclient=WARN', 'oslo.privsep.daemon=INFO'] {{(pid=100110) log_opt_values /opt/stack/data/venv/lib/python3.12/site-packages/oslo_config/cfg.py:2995}}
Mar 09 15:48:37.861474 np0000158225 devstack@n-api.service[100110]: DEBUG nova.api.openstack.wsgi_app [None req-fee22355-c4d3-46c8-b966-fc06a9cc5f35 None None] default_schedule_zone = None {{(pid=100110) log_opt_values /opt/stack/data/venv/lib/python3.12/site-packages/oslo_config/cfg.py:2995}}
Mar 09 15:48:37.861628 np0000158225 devstack@n-api.service[100110]: DEBUG nova.api.openstack.wsgi_app [None req-fee22355-c4d3-46c8-b966-fc06a9cc5f35 None None] default_thread_pool_size = 10 {{(pid=100110) log_opt_values /opt/stack/data/venv/lib/python3.12/site-packages/oslo_config/cfg.py:2995}}
Mar 09 15:48:37.861755 np0000158225 devstack@n-api.service[100110]: DEBUG nova.api.openstack.wsgi_app [None req-fee22355-c4d3-46c8-b966-fc06a9cc5f35 None None] disk_allocation_ratio = None {{(pid=100110) log_opt_values /opt/stack/data/venv/lib/python3.12/site-packages/oslo_config/cfg.py:2995}}
Mar 09 15:48:37.861919 np0000158225 devstack@n-api.service[100110]: DEBUG nova.api.openstack.wsgi_app [None req-fee22355-c4d3-46c8-b966-fc06a9cc5f35 None None] enable_new_services = True {{(pid=100110) log_opt_values /opt/stack/data/venv/lib/python3.12/site-packages/oslo_config/cfg.py:2995}}
Mar 09 15:48:37.862043 np0000158225 devstack@n-api.service[100110]: DEBUG nova.api.openstack.wsgi_app [None req-fee22355-c4d3-46c8-b966-fc06a9cc5f35 None None] flat_injected = False {{(pid=100110) log_opt_values /opt/stack/data/venv/lib/python3.12/site-packages/oslo_config/cfg.py:2995}}
Mar 09 15:48:37.862170 np0000158225 devstack@n-api.service[100110]: DEBUG nova.api.openstack.wsgi_app [None req-fee22355-c4d3-46c8-b966-fc06a9cc5f35 None None] force_config_drive = False {{(pid=100110) log_opt_values /opt/stack/data/venv/lib/python3.12/site-packages/oslo_config/cfg.py:2995}}
Mar 09 15:48:37.862297 np0000158225 devstack@n-api.service[100110]: DEBUG nova.api.openstack.wsgi_app [None req-fee22355-c4d3-46c8-b966-fc06a9cc5f35 None None] force_raw_images = True {{(pid=100110) log_opt_values /opt/stack/data/venv/lib/python3.12/site-packages/oslo_config/cfg.py:2995}}
Mar 09 15:48:37.862438 np0000158225 devstack@n-api.service[100110]: DEBUG nova.api.openstack.wsgi_app [None req-fee22355-c4d3-46c8-b966-fc06a9cc5f35 None None] graceful_shutdown_timeout = 5 {{(pid=100110) log_opt_values /opt/stack/data/venv/lib/python3.12/site-packages/oslo_config/cfg.py:2995}}
Mar 09 15:48:37.862569 np0000158225 devstack@n-api.service[100113]: DEBUG nova.api.openstack.wsgi_app [None req-f521814c-7822-40a7-bc42-7ad11f088d35 None None] command line args: [] {{(pid=100113) log_opt_values /opt/stack/data/venv/lib/python3.12/site-packages/oslo_config/cfg.py:2981}}
Mar 09 15:48:37.862654 np0000158225 devstack@n-api.service[100110]: DEBUG nova.api.openstack.wsgi_app [None req-fee22355-c4d3-46c8-b966-fc06a9cc5f35 None None] heal_instance_info_cache_interval = -1 {{(pid=100110) log_opt_values /opt/stack/data/venv/lib/python3.12/site-packages/oslo_config/cfg.py:2995}}
