Aug 08 05:26:55.297624 np0000188239 devstack@neutron-api.service[102460]: DEBUG ovsdbapp.backend.ovs_idl.transaction [None req-d1a6a55a-a3f0-453e-ad7c-291d595f97c8 None None] Running txn n=1 command(idx=0): CheckRevisionNumberCommand(_result=None, name=0f7ee674-1371-4b9c-b8eb-f99b81c45253, resource={'id': '0f7ee674-1371-4b9c-b8eb-f99b81c45253', 'name': '', 'network_id': 'cb3398c8-8179-4ddc-8097-0765b05c8a96', 'project_id': '9859bfeafeab44a28940bfc045931a8c', 'mac_address': 'fa:16:3e:8b:c5:99', 'admin_state_up': True, 'status': 'ACTIVE', 'device_id': 'manila-admin-share', 'device_owner': 'manila:share', 'standard_attr_id': 46, 'fixed_ips': [{'subnet_id': 'bd238434-3234-4867-b1a5-18ea26914ca0', 'ip_address': '10.2.5.233'}], 'allowed_address_pairs': [], 'extra_dhcp_opts': [], 'security_groups': [], 'description': '', 'binding:vnic_type': 'normal', 'binding:profile': {}, 'binding:host_id': 'np0000188239', 'binding:vif_type': 'ovs', 'binding:vif_details': {'port_filter': True, 'connectivity': 'l2', 'ovs_create_tap': True, 'bridge_name': 'br-int', 'datapath_type': 'system', 'bound_drivers': {'0': 'ovn'}}, 'port_security_enabled': False, 'tags': [], 'created_at': '2026-08-08T05:26:54Z', 'updated_at': '2026-08-08T05:26:55Z', 'revision_number': 4, 'tenant_id': '9859bfeafeab44a28940bfc045931a8c', 'network': {'id': 'cb3398c8-8179-4ddc-8097-0765b05c8a96', 'name': 'admin_net', 'tenant_id': '9859bfeafeab44a28940bfc045931a8c', 'project_id': '9859bfeafeab44a28940bfc045931a8c', 'admin_state_up': True, 'mtu': 1372, 'status': 'ACTIVE', 'subnets': ['bd238434-3234-4867-b1a5-18ea26914ca0'], 'standard_attr_id': 42, 'shared': False, 'availability_zone_hints': [], 'availability_zones': [], 'ipv4_address_scope': None, 'ipv6_address_scope': None, 'router:external': False, 'qinq': False, 'vlan_transparent': False, 'description': '', 'port_security_enabled': True, 'tags': [], 'created_at': '2026-08-08T05:26:47Z', 'updated_at': '2026-08-08T05:26:48Z', 'revision_number': 2, 'provider:network_type': 'geneve', 'provider:physical_network': None, 'provider:segmentation_id': 50786}}, resource_type=ports, if_exists=True) {{(pid=102460) do_commit /opt/stack/data/venv/lib/python3.12/site-packages/ovsdbapp/backend/ovs_idl/transaction.py:89}}
Aug 08 05:26:55.298446 np0000188239 devstack@neutron-api.service[102460]: DEBUG ovsdbapp.backend.ovs_idl.transaction [None req-d1a6a55a-a3f0-453e-ad7c-291d595f97c8 None None] Running txn n=1 command(idx=1): SetLSwitchPortCommand(_result=None, lport=0f7ee674-1371-4b9c-b8eb-f99b81c45253, external_ids_update=None, columns={'external_ids': {'neutron:port_name': '', 'neutron:device_id': 'manila-admin-share', 'neutron:project_id': '9859bfeafeab44a28940bfc045931a8c', 'neutron:cidrs': '10.2.5.233/24', 'neutron:device_owner': 'manila:share', 'neutron:subnet_pool_addr_scope4': '', 'neutron:subnet_pool_addr_scope6': '', 'neutron:network_name': 'neutron-cb3398c8-8179-4ddc-8097-0765b05c8a96', 'neutron:security_group_ids': '', 'neutron:revision_number': '4', 'neutron:vnic_type': 'normal', 'neutron:port_capabilities': '', 'neutron:mtu': ''}, 'parent_name': [], 'options': {'requested-chassis': 'np0000188239'}, 'enabled': True, 'port_security': [], 'dhcpv4_options': [UUID('4f11ada4-8995-4961-8dec-6e07a7345e9b')], 'dhcpv6_options': [], 'type': '', 'addresses': ['fa:16:3e:8b:c5:99 10.2.5.233', 'unknown'], 'ha_chassis_group': [], 'tag_request': []}, if_exists=False) {{(pid=102460) do_commit /opt/stack/data/venv/lib/python3.12/site-packages/ovsdbapp/backend/ovs_idl/transaction.py:89}}
Aug 08 05:26:55.299996 np0000188239 devstack@neutron-api.service[102460]: DEBUG ovsdbapp.backend.ovs_idl.transaction [None req-d1a6a55a-a3f0-453e-ad7c-291d595f97c8 None None] Running txn n=1 command(idx=2): PgDelPortCommand(_result=None, port_group=neutron_pg_drop, lsp=['0f7ee674-1371-4b9c-b8eb-f99b81c45253'], if_exists=False) {{(pid=102460) do_commit /opt/stack/data/venv/lib/python3.12/site-packages/ovsdbapp/backend/ovs_idl/transaction.py:89}}
Aug 08 05:26:55.304368 np0000188239 devstack@neutron-api.service[102460]: DEBUG neutron.plugins.ml2.drivers.ovn.mech_driver.ovsdb.ovsdb_monitor [None req-d1a6a55a-a3f0-453e-ad7c-291d595f97c8 None None] Touching Hash Ring node "a4096e2380b35a45bc97a9eaf0668b04" from IDL notify handler {{(pid=102460) notify /opt/stack/neutron/neutron/plugins/ml2/drivers/ovn/mech_driver/ovsdb/ovsdb_monitor.py:1091}}
Aug 08 05:26:55.311030 np0000188239 devstack@neutron-api.service[102460]: DEBUG neutron.plugins.ml2.drivers.ovn.mech_driver.ovsdb.ovsdb_monitor [None req-d1a6a55a-a3f0-453e-ad7c-291d595f97c8 None None] Hash Ring: Node a4096e2380b35a45bc97a9eaf0668b04 (host: np0000188239) handling event "update" for row dc5b89c5-7ea4-4743-8ae3-e824be0b56ee (table: Logical_Switch_Port) {{(pid=102460) notify /opt/stack/neutron/neutron/plugins/ml2/drivers/ovn/mech_driver/ovsdb/ovsdb_monitor.py:1099}}
Aug 08 05:26:55.313951 np0000188239 devstack@neutron-api.service[102459]: DEBUG neutron.plugins.ml2.drivers.ovn.mech_driver.ovsdb.ovsdb_monitor [None req-67b32636-7982-4296-8f71-e47dc7d23a36 None None] Touching Hash Ring node "805dc09ec73458a197adf91bf456f550" from IDL notify handler {{(pid=102459) notify /opt/stack/neutron/neutron/plugins/ml2/drivers/ovn/mech_driver/ovsdb/ovsdb_monitor.py:1091}}
Aug 08 05:26:55.318723 np0000188239 devstack@neutron-api.service[102459]: DEBUG neutron.plugins.ml2.drivers.ovn.mech_driver.ovsdb.ovsdb_monitor [None req-67b32636-7982-4296-8f71-e47dc7d23a36 None None] Hash Ring: Node 805dc09ec73458a197adf91bf456f550 (host: np0000188239) handling event "update" for row 92a2f488-6fc1-4f92-8404-1a83f7d00555 (table: Port_Binding) {{(pid=102459) notify /opt/stack/neutron/neutron/plugins/ml2/drivers/ovn/mech_driver/ovsdb/ovsdb_monitor.py:1099}}
Aug 08 05:26:55.341481 np0000188239 devstack@neutron-api.service[102460]: INFO neutron.db.ovn_revision_numbers_db [None req-5763e6f6-44f8-4bb8-b1f8-852bfbcbf35f None None] Successfully bumped revision number for resource 0f7ee674-1371-4b9c-b8eb-f99b81c45253 (type: ports) to 4
Aug 08 05:26:55.345926 np0000188239 devstack@neutron-api.service[102460]: DEBUG neutron_lib.callbacks.manager [None req-5763e6f6-44f8-4bb8-b1f8-852bfbcbf35f None None] Publish callbacks ['neutron.plugins.ml2.ovo_rpc._ObjectChangeHandler.handle_event-2573110', 'neutron.services.ovn_l3.plugin.OVNL3RouterPlugin._port_update-8739705764364'] for port (0f7ee674-1371-4b9c-b8eb-f99b81c45253), after_update {{(pid=102460) _notify_loop /opt/stack/data/venv/lib/python3.12/site-packages/neutron_lib/callbacks/manager.py:184}}
Aug 08 05:26:55.370812 np0000188239 devstack@neutron-api.service[102460]: DEBUG neutron.api.rpc.handlers.resources_rpc [None req-8d01eed7-233c-4351-b2ad-14220a33d05f None None] Pushing event updated for resources: {'Port': ['ID=0f7ee674-1371-4b9c-b8eb-f99b81c45253,revision_number=4']} {{(pid=102460) push /opt/stack/neutron/neutron/api/rpc/handlers/resources_rpc.py:237}}
Aug 08 05:26:55.376511 np0000188239 devstack@neutron-api.service[102460]: DEBUG neutron.api.rpc.callbacks.version_manager [None req-8d01eed7-233c-4351-b2ad-14220a33d05f None None] Tracked resource versions report:
Aug 08 05:26:55.376511 np0000188239 devstack@neutron-api.service[102460]: pushed versions:
Aug 08 05:26:55.376511 np0000188239 devstack@neutron-api.service[102460]: { 'AddressGroup': {'1.2'},
Aug 08 05:26:55.376511 np0000188239 devstack@neutron-api.service[102460]: 'Agent': {'1.1'},
Aug 08 05:26:55.376511 np0000188239 devstack@neutron-api.service[102460]: 'ConntrackHelper': {'1.0'},
Aug 08 05:26:55.376511 np0000188239 devstack@neutron-api.service[102460]: 'LocalIPAssociation': {'1.0'},
Aug 08 05:26:55.376511 np0000188239 devstack@neutron-api.service[102460]: 'Log': {'1.0'},
Aug 08 05:26:55.376511 np0000188239 devstack@neutron-api.service[102460]: 'NDPProxy': {'1.0'},
Aug 08 05:26:55.376511 np0000188239 devstack@neutron-api.service[102460]: 'Network': {'1.3'},
Aug 08 05:26:55.376511 np0000188239 devstack@neutron-api.service[102460]: 'Port': {'1.11'},
Aug 08 05:26:55.376511 np0000188239 devstack@neutron-api.service[102460]: 'PortForwarding': {'1.3'},
Aug 08 05:26:55.376511 np0000188239 devstack@neutron-api.service[102460]: 'QosPolicy': {'1.10'},
Aug 08 05:26:55.376511 np0000188239 devstack@neutron-api.service[102460]: 'SecurityGroup': {'1.6'},
Aug 08 05:26:55.376511 np0000188239 devstack@neutron-api.service[102460]: 'SecurityGroupRule': {'1.3'},
Aug 08 05:26:55.376511 np0000188239 devstack@neutron-api.service[102460]: 'SubPort': {'1.0'},
Aug 08 05:26:55.376511 np0000188239 devstack@neutron-api.service[102460]: 'Subnet': {'1.2'},
Aug 08 05:26:55.376511 np0000188239 devstack@neutron-api.service[102460]: 'Trunk': {'1.1'}}
Aug 08 05:26:55.376511 np0000188239 devstack@neutron-api.service[102460]: consumer versions:
Aug 08 05:26:55.376511 np0000188239 devstack@neutron-api.service[102460]: { OVN Neutron agent@np0000188239: {},
Aug 08 05:26:55.376511 np0000188239 devstack@neutron-api.service[102460]: OVN Controller Gateway agent@np0000188239: {}}
Aug 08 05:26:55.376511 np0000188239 devstack@neutron-api.service[102460]: {{(pid=102460) report /opt/stack/neutron/neutron/api/rpc/callbacks/version_manager.py:183}}
Aug 08 05:26:55.397670 np0000188239 devstack@neutron-api.service[102460]: DEBUG ovsdbapp.backend.ovs_idl.transaction [None req-d1a6a55a-a3f0-453e-ad7c-291d595f97c8 None None] Running txn n=1 command(idx=0): DbSetCommand(_result=None, table=Logical_Switch_Port, record=0f7ee674-1371-4b9c-b8eb-f99b81c45253, col_values=(('external_ids', {'neutron:host_id': 'np0000188239'}),), if_exists=True) {{(pid=102460) do_commit /opt/stack/data/venv/lib/python3.12/site-packages/ovsdbapp/backend/ovs_idl/transaction.py:89}}
Aug 08 05:26:55.403223 np0000188239 devstack@neutron-api.service[102460]: DEBUG neutron.plugins.ml2.drivers.ovn.mech_driver.ovsdb.ovsdb_monitor [None req-d1a6a55a-a3f0-453e-ad7c-291d595f97c8 None None] Touching Hash Ring node "a4096e2380b35a45bc97a9eaf0668b04" from IDL notify handler {{(pid=102460) notify /opt/stack/neutron/neutron/plugins/ml2/drivers/ovn/mech_driver/ovsdb/ovsdb_monitor.py:1091}}
Aug 08 05:26:55.409470 np0000188239 devstack@neutron-api.service[102459]: DEBUG neutron.plugins.ml2.drivers.ovn.mech_driver.ovsdb.ovsdb_monitor [None req-67b32636-7982-4296-8f71-e47dc7d23a36 None None] Touching Hash Ring node "805dc09ec73458a197adf91bf456f550" from IDL notify handler {{(pid=102459) notify /opt/stack/neutron/neutron/plugins/ml2/drivers/ovn/mech_driver/ovsdb/ovsdb_monitor.py:1091}}
Aug 08 05:26:55.411607 np0000188239 devstack@neutron-api.service[102460]: DEBUG neutron.plugins.ml2.drivers.ovn.mech_driver.ovsdb.ovsdb_monitor [None req-d1a6a55a-a3f0-453e-ad7c-291d595f97c8 None None] Hash Ring: Node a4096e2380b35a45bc97a9eaf0668b04 (host: np0000188239) handling event "update" for row dc5b89c5-7ea4-4743-8ae3-e824be0b56ee (table: Logical_Switch_Port) {{(pid=102460) notify /opt/stack/neutron/neutron/plugins/ml2/drivers/ovn/mech_driver/ovsdb/ovsdb_monitor.py:1099}}
Aug 08 05:26:55.413536 np0000188239 devstack@neutron-api.service[102459]: DEBUG neutron.plugins.ml2.drivers.ovn.mech_driver.ovsdb.ovsdb_monitor [None req-67b32636-7982-4296-8f71-e47dc7d23a36 None None] Hash Ring: Node 805dc09ec73458a197adf91bf456f550 (host: np0000188239) handling event "update" for row 92a2f488-6fc1-4f92-8404-1a83f7d00555 (table: Port_Binding) {{(pid=102459) notify /opt/stack/neutron/neutron/plugins/ml2/drivers/ovn/mech_driver/ovsdb/ovsdb_monitor.py:1099}}
Aug 08 05:26:55.465620 np0000188239 devstack@neutron-api.service[102461]: DEBUG neutron.pecan_wsgi.hooks.policy_enforcement [None req-bd9243ec-203d-480a-99d7-b10d64459f9e service manila] Attributes excluded by policy engine: ['standard_attr_id', 'shared'] {{(pid=102461) _exclude_attributes_by_policy /opt/stack/neutron/neutron/pecan_wsgi/hooks/policy_enforcement.py:259}}
Aug 08 05:26:55.466991 np0000188239 devstack@neutron-api.service[102461]: [pid: 102461|app: 0|req: 26/105] 199.204.45.65 () {64 vars in 1360 bytes} [Sat Aug 8 05:26:55 2026] GET /networking/v2.0/subnets/bd238434-3234-4867-b1a5-18ea26914ca0 => generated 625 bytes in 29 msecs (HTTP/1.1 200) 4 headers in 157 bytes (1 switches on core 0)
Aug 08 05:26:55.951754 np0000188239 devstack@neutron-api.service[102460]: DEBUG neutron.pecan_wsgi.hooks.policy_enforcement [None req-87b63e7a-1bbc-46b6-ae2c-83588cb6a661 service manila] Attributes excluded by policy engine: ['standard_attr_id'] {{(pid=102460) _exclude_attributes_by_policy /opt/stack/neutron/neutron/pecan_wsgi/hooks/policy_enforcement.py:259}}
Aug 08 05:26:55.953009 np0000188239 devstack@neutron-api.service[102460]: [pid: 102460|app: 0|req: 28/106] 199.204.45.65 () {64 vars in 1362 bytes} [Sat Aug 8 05:26:55 2026] GET /networking/v2.0/ports?device_id=manila-admin-share&binding%3Ahost_id=np0000188239 => generated 931 bytes in 41 msecs (HTTP/1.1 200) 4 headers in 157 bytes (1 switches on core 0)
Aug 08 05:26:56.219095 np0000188239 devstack@neutron-api.service[102459]: DEBUG neutron.pecan_wsgi.hooks.policy_enforcement [None req-fe965aeb-d0e8-4644-b8a6-03782aff3adf service manila] Attributes excluded by policy engine: ['standard_attr_id', 'shared'] {{(pid=102459) _exclude_attributes_by_policy /opt/stack/neutron/neutron/pecan_wsgi/hooks/policy_enforcement.py:259}}
Aug 08 05:26:56.220172 np0000188239 devstack@neutron-api.service[102459]: [pid: 102459|app: 0|req: 27/107] 199.204.45.65 () {64 vars in 1360 bytes} [Sat Aug 8 05:26:56 2026] GET /networking/v2.0/subnets/bd238434-3234-4867-b1a5-18ea26914ca0 => generated 625 bytes in 24 msecs (HTTP/1.1 200) 4 headers in 157 bytes (1 switches on core 0)
Aug 08 05:27:04.340831 np0000188239 devstack@neutron-api.service[102460]: DEBUG futurist.periodics [-] Submitting periodic callback 'neutron.plugins.ml2.drivers.ovn.mech_driver.ovsdb.maintenance.HashRingHealthCheckPeriodics.touch_hash_ring_node' {{(pid=102460) _process_scheduled /opt/stack/data/venv/lib/python3.12/site-packages/futurist/periodics.py:784}}
Aug 08 05:27:04.341620 np0000188239 devstack@neutron-api.service[102460]: DEBUG neutron.plugins.ml2.drivers.ovn.mech_driver.ovsdb.maintenance [-] Touching Hash Ring node "a4096e2380b35a45bc97a9eaf0668b04" from periodic health check thread {{(pid=102460) touch_hash_ring_node /opt/stack/neutron/neutron/plugins/ml2/drivers/ovn/mech_driver/ovsdb/maintenance.py:1453}}
Aug 08 05:27:04.810130 np0000188239 devstack@neutron-api.service[102462]: DEBUG dbcounter [-] [102462] Writing DB stats neutron:SELECT=184,neutron:UPDATE=11,neutron:INSERT=11,neutron:DELETE=2 {{(pid=102462) stat_writer /opt/stack/data/venv/lib/python3.12/site-packages/dbcounter.py:115}}
Aug 08 05:27:05.254674 np0000188239 devstack@neutron-api.service[102459]: DEBUG futurist.periodics [-] Submitting periodic callback 'neutron.plugins.ml2.drivers.ovn.mech_driver.ovsdb.maintenance.HashRingHealthCheckPeriodics.touch_hash_ring_node' {{(pid=102459) _process_scheduled /opt/stack/data/venv/lib/python3.12/site-packages/futurist/periodics.py:784}}
Aug 08 05:27:05.255368 np0000188239 devstack@neutron-api.service[102459]: DEBUG neutron.plugins.ml2.drivers.ovn.mech_driver.ovsdb.maintenance [-] Touching Hash Ring node "805dc09ec73458a197adf91bf456f550" from periodic health check thread {{(pid=102459) touch_hash_ring_node /opt/stack/neutron/neutron/plugins/ml2/drivers/ovn/mech_driver/ovsdb/maintenance.py:1453}}
Aug 08 05:27:05.303091 np0000188239 devstack@neutron-api.service[102462]: DEBUG futurist.periodics [-] Submitting periodic callback 'neutron.plugins.ml2.drivers.ovn.mech_driver.ovsdb.maintenance.HashRingHealthCheckPeriodics.touch_hash_ring_node' {{(pid=102462) _process_scheduled /opt/stack/data/venv/lib/python3.12/site-packages/futurist/periodics.py:784}}
Aug 08 05:27:05.304414 np0000188239 devstack@neutron-api.service[102462]: DEBUG neutron.plugins.ml2.drivers.ovn.mech_driver.ovsdb.maintenance [-] Touching Hash Ring node "63ae9141d0325d27842d635ed3483877" from periodic health check thread {{(pid=102462) touch_hash_ring_node /opt/stack/neutron/neutron/plugins/ml2/drivers/ovn/mech_driver/ovsdb/maintenance.py:1453}}
Aug 08 05:27:05.427301 np0000188239 devstack@neutron-api.service[102461]: DEBUG futurist.periodics [-] Submitting periodic callback 'neutron.plugins.ml2.drivers.ovn.mech_driver.ovsdb.maintenance.HashRingHealthCheckPeriodics.touch_hash_ring_node' {{(pid=102461) _process_scheduled /opt/stack/data/venv/lib/python3.12/site-packages/futurist/periodics.py:784}}
Aug 08 05:27:05.427973 np0000188239 devstack@neutron-api.service[102461]: DEBUG neutron.plugins.ml2.drivers.ovn.mech_driver.ovsdb.maintenance [-] Touching Hash Ring node "0ad499078d7c5cd5be84f533399e5c50" from periodic health check thread {{(pid=102461) touch_hash_ring_node /opt/stack/neutron/neutron/plugins/ml2/drivers/ovn/mech_driver/ovsdb/maintenance.py:1453}}
Aug 08 05:27:10.206451 np0000188239 devstack@neutron-api.service[102462]: [pid: 102462|app: 0|req: 27/108] 199.204.45.65 () {62 vars in 1052 bytes} [Sat Aug 8 05:27:10 2026] GET /networking => generated 129 bytes in 3 msecs (HTTP/1.1 200) 3 headers in 91 bytes (1 switches on core 0)
Aug 08 05:27:10.307840 np0000188239 devstack@neutron-api.service[102461]: DEBUG neutron.pecan_wsgi.hooks.policy_enforcement [None req-93a8d5ad-2292-4f76-8f7f-3fe028e4071d demo demo] Attributes excluded by policy engine: ['standard_attr_id', 'provider:network_type', 'provider:physical_network', 'provider:segmentation_id'] {{(pid=102461) _exclude_attributes_by_policy /opt/stack/neutron/neutron/pecan_wsgi/hooks/policy_enforcement.py:259}}
Aug 08 05:27:10.310073 np0000188239 devstack@neutron-api.service[102461]: [pid: 102461|app: 0|req: 27/109] 199.204.45.65 () {64 vars in 1341 bytes} [Sat Aug 8 05:27:10 2026] GET /networking/v2.0/networks?router%3Aexternal=True => generated 659 bytes in 60 msecs (HTTP/1.1 200) 4 headers in 157 bytes (1 switches on core 0)
Aug 08 05:27:14.353012 np0000188239 devstack@neutron-api.service[102460]: DEBUG dbcounter [-] [102460] Writing DB stats neutron:SELECT=176,neutron:INSERT=1,neutron:UPDATE=12,neutron:DELETE=1 {{(pid=102460) stat_writer /opt/stack/data/venv/lib/python3.12/site-packages/dbcounter.py:115}}
Aug 08 05:27:15.235347 np0000188239 devstack@neutron-api.service[102460]: [pid: 102460|app: 0|req: 29/110] 199.204.45.65 () {62 vars in 1052 bytes} [Sat Aug 8 05:27:15 2026] GET /networking => generated 129 bytes in 3 msecs (HTTP/1.1 200) 3 headers in 91 bytes (1 switches on core 0)
Aug 08 05:27:15.266777 np0000188239 devstack@neutron-api.service[102459]: DEBUG dbcounter [-] [102459] Writing DB stats neutron:SELECT=258,neutron:INSERT=11,neutron:UPDATE=14,neutron:DELETE=2 {{(pid=102459) stat_writer /opt/stack/data/venv/lib/python3.12/site-packages/dbcounter.py:115}}
Aug 08 05:27:15.330041 np0000188239 devstack@neutron-api.service[102459]: DEBUG neutron.pecan_wsgi.hooks.policy_enforcement [None req-78ced81f-74c7-4ff3-9c68-fdc759c48174 demo demo] Attributes excluded by policy engine: ['standard_attr_id', 'provider:network_type', 'provider:physical_network', 'provider:segmentation_id'] {{(pid=102459) _exclude_attributes_by_policy /opt/stack/neutron/neutron/pecan_wsgi/hooks/policy_enforcement.py:259}}
Aug 08 05:27:15.330455 np0000188239 devstack@neutron-api.service[102462]: DEBUG dbcounter [-] [102462] Writing DB stats neutron:UPDATE=1,neutron:SELECT=1 {{(pid=102462) stat_writer /opt/stack/data/venv/lib/python3.12/site-packages/dbcounter.py:115}}
Aug 08 05:27:15.331560 np0000188239 devstack@neutron-api.service[102459]: [pid: 102459|app: 0|req: 28/111] 199.204.45.65 () {64 vars in 1341 bytes} [Sat Aug 8 05:27:15 2026] GET /networking/v2.0/networks?router%3Aexternal=True => generated 659 bytes in 61 msecs (HTTP/1.1 200) 4 headers in 157 bytes (1 switches on core 0)
Aug 08 05:27:19.341760 np0000188239 devstack@neutron-api.service[102460]: DEBUG futurist.periodics [-] Submitting periodic callback 'neutron.plugins.ml2.drivers.ovn.mech_driver.ovsdb.maintenance.HashRingHealthCheckPeriodics.touch_hash_ring_node' {{(pid=102460) _process_scheduled /opt/stack/data/venv/lib/python3.12/site-packages/futurist/periodics.py:784}}
Aug 08 05:27:19.342538 np0000188239 devstack@neutron-api.service[102460]: DEBUG neutron.plugins.ml2.drivers.ovn.mech_driver.ovsdb.maintenance [-] Touching Hash Ring node "a4096e2380b35a45bc97a9eaf0668b04" from periodic health check thread {{(pid=102460) touch_hash_ring_node /opt/stack/neutron/neutron/plugins/ml2/drivers/ovn/mech_driver/ovsdb/maintenance.py:1453}}
Aug 08 05:27:20.256976 np0000188239 devstack@neutron-api.service[102459]: DEBUG futurist.periodics [-] Submitting periodic callback 'neutron.plugins.ml2.drivers.ovn.mech_driver.ovsdb.maintenance.HashRingHealthCheckPeriodics.touch_hash_ring_node' {{(pid=102459) _process_scheduled /opt/stack/data/venv/lib/python3.12/site-packages/futurist/periodics.py:784}}
Aug 08 05:27:20.257526 np0000188239 devstack@neutron-api.service[102459]: DEBUG neutron.plugins.ml2.drivers.ovn.mech_driver.ovsdb.maintenance [-] Touching Hash Ring node "805dc09ec73458a197adf91bf456f550" from periodic health check thread {{(pid=102459) touch_hash_ring_node /opt/stack/neutron/neutron/plugins/ml2/drivers/ovn/mech_driver/ovsdb/maintenance.py:1453}}
Aug 08 05:27:20.303003 np0000188239 devstack@neutron-api.service[102461]: DEBUG dbcounter [-] [102461] Writing DB stats neutron:SELECT=221,neutron:INSERT=29,neutron:UPDATE=17,neutron:DELETE=2 {{(pid=102461) stat_writer /opt/stack/data/venv/lib/python3.12/site-packages/dbcounter.py:115}}
Aug 08 05:27:20.304084 np0000188239 devstack@neutron-api.service[102462]: DEBUG futurist.periodics [-] Submitting periodic callback 'neutron.plugins.ml2.drivers.ovn.mech_driver.ovsdb.maintenance.HashRingHealthCheckPeriodics.touch_hash_ring_node' {{(pid=102462) _process_scheduled /opt/stack/data/venv/lib/python3.12/site-packages/futurist/periodics.py:784}}
Aug 08 05:27:20.304756 np0000188239 devstack@neutron-api.service[102462]: DEBUG neutron.plugins.ml2.drivers.ovn.mech_driver.ovsdb.maintenance [-] Touching Hash Ring node "63ae9141d0325d27842d635ed3483877" from periodic health check thread {{(pid=102462) touch_hash_ring_node /opt/stack/neutron/neutron/plugins/ml2/drivers/ovn/mech_driver/ovsdb/maintenance.py:1453}}
Aug 08 05:27:20.428360 np0000188239 devstack@neutron-api.service[102461]: DEBUG futurist.periodics [-] Submitting periodic callback 'neutron.plugins.ml2.drivers.ovn.mech_driver.ovsdb.maintenance.HashRingHealthCheckPeriodics.touch_hash_ring_node' {{(pid=102461) _process_scheduled /opt/stack/data/venv/lib/python3.12/site-packages/futurist/periodics.py:784}}
Aug 08 05:27:20.429218 np0000188239 devstack@neutron-api.service[102461]: DEBUG neutron.plugins.ml2.drivers.ovn.mech_driver.ovsdb.maintenance [-] Touching Hash Ring node "0ad499078d7c5cd5be84f533399e5c50" from periodic health check thread {{(pid=102461) touch_hash_ring_node /opt/stack/neutron/neutron/plugins/ml2/drivers/ovn/mech_driver/ovsdb/maintenance.py:1453}}
Aug 08 05:27:23.583118 np0000188239 devstack@neutron-api.service[102462]: [pid: 102462|app: 0|req: 28/112] 199.204.45.65 () {62 vars in 1063 bytes} [Sat Aug 8 05:27:23 2026] GET /networking => generated 129 bytes in 2 msecs (HTTP/1.1 200) 3 headers in 91 bytes (1 switches on core 0)
Aug 08 05:27:23.664638 np0000188239 devstack@neutron-api.service[102461]: DEBUG neutron.pecan_wsgi.hooks.policy_enforcement [None req-87a2c642-bfcf-47da-a0ce-aa86736881bc demo demo] Attributes excluded by policy engine: ['standard_attr_id', 'provider:network_type', 'provider:physical_network', 'provider:segmentation_id'] {{(pid=102461) _exclude_attributes_by_policy /opt/stack/neutron/neutron/pecan_wsgi/hooks/policy_enforcement.py:259}}
Aug 08 05:27:23.666025 np0000188239 devstack@neutron-api.service[102461]: [pid: 102461|app: 0|req: 28/113] 199.204.45.65 () {64 vars in 1376 bytes} [Sat Aug 8 05:27:23 2026] GET /networking/v2.0/networks?name=public&router%3Aexternal=True => generated 659 bytes in 49 msecs (HTTP/1.1 200) 4 headers in 157 bytes (1 switches on core 0)
Aug 08 05:27:25.882395 np0000188239 devstack@neutron-api.service[102460]: [pid: 102460|app: 0|req: 30/114] 199.204.45.65 () {64 vars in 1261 bytes} [Sat Aug 8 05:27:25 2026] GET /networking/ => generated 129 bytes in 1 msecs (HTTP/1.1 200) 3 headers in 91 bytes (1 switches on core 0)
Aug 08 05:27:26.061094 np0000188239 devstack@neutron-api.service[102459]: DEBUG neutron.pecan_wsgi.hooks.policy_enforcement [None req-cc0384d3-2c93-4829-9e95-443c9c4a6fa7 demo demo] Attributes excluded by policy engine: ['standard_attr_id', 'provider:network_type', 'provider:physical_network', 'provider:segmentation_id'] {{(pid=102459) _exclude_attributes_by_policy /opt/stack/neutron/neutron/pecan_wsgi/hooks/policy_enforcement.py:259}}
Aug 08 05:27:26.063129 np0000188239 devstack@neutron-api.service[102459]: [pid: 102459|app: 0|req: 29/115] 199.204.45.65 () {64 vars in 1410 bytes} [Sat Aug 8 05:27:25 2026] GET /networking/v2.0/networks/9d2ba72c-afa6-4d16-8434-bf5bddd3799a => generated 656 bytes in 175 msecs (HTTP/1.1 200) 4 headers in 157 bytes (1 switches on core 0)
Aug 08 05:27:26.092566 np0000188239 devstack@neutron-api.service[102462]: [pid: 102462|app: 0|req: 29/116] 199.204.45.65 () {64 vars in 1404 bytes} [Sat Aug 8 05:27:26 2026] GET /networking/v2.0/networks?name=k8s-clusterapi-cluster-magnum-system-kube-ywr8m => generated 15 bytes in 22 msecs (HTTP/1.1 200) 4 headers in 156 bytes (2 switches on core 0)
Aug 08 05:27:26.106788 np0000188239 devstack@neutron-api.service[102461]: DEBUG neutron.api.v2.base [None req-ea41e47a-7cc2-4dd1-8ead-43d5146ddecd demo demo] Request body: {'network': {'admin_state_up': True, 'name': 'k8s-clusterapi-cluster-magnum-system-kube-ywr8m'}} {{(pid=102461) prepare_request_body /opt/stack/neutron/neutron/api/v2/base.py:727}}
Aug 08 05:27:26.128916 np0000188239 devstack@neutron-api.service[102461]: DEBUG neutron.pecan_wsgi.hooks.quota_enforcement [None req-ea41e47a-7cc2-4dd1-8ead-43d5146ddecd demo demo] Made reservation on behalf of 31d94983e14d4c4db5a3854a3c93a5cb for: {'network': 1} {{(pid=102461) before /opt/stack/neutron/neutron/pecan_wsgi/hooks/quota_enforcement.py:66}}
Aug 08 05:27:26.134921 np0000188239 devstack@neutron-api.service[102461]: DEBUG neutron_lib.callbacks.manager [None req-ea41e47a-7cc2-4dd1-8ead-43d5146ddecd demo demo] Publish callbacks ['neutron.plugins.ml2.plugin.SecurityGroupDbMixin._ensure_default_security_group_handler-1526709'] for network (None), before_create {{(pid=102461) _notify_loop /opt/stack/data/venv/lib/python3.12/site-packages/neutron_lib/callbacks/manager.py:184}}
Aug 08 05:27:26.140075 np0000188239 devstack@neutron-api.service[102461]: DEBUG neutron_lib.callbacks.manager [None req-ea41e47a-7cc2-4dd1-8ead-43d5146ddecd demo demo] Publish callbacks [] for security_group (None), before_create {{(pid=102461) _notify_loop /opt/stack/data/venv/lib/python3.12/site-packages/neutron_lib/callbacks/manager.py:184}}
Aug 08 05:27:26.207032 np0000188239 devstack@neutron-api.service[102461]: DEBUG neutron_lib.callbacks.manager [None req-ea41e47a-7cc2-4dd1-8ead-43d5146ddecd demo demo] Publish callbacks ['neutron.plugins.ml2.drivers.ovn.mech_driver.mech_driver.OVNMechanismDriver._create_security_group_precommit-461075'] for security_group (88b84c45-f7f0-4818-9a26-800e1165faf4), precommit_create {{(pid=102461) _notify_loop /opt/stack/data/venv/lib/python3.12/site-packages/neutron_lib/callbacks/manager.py:184}}
Aug 08 05:27:26.207417 np0000188239 devstack@neutron-api.service[102461]: DEBUG neutron.db.ovn_revision_numbers_db [None req-ea41e47a-7cc2-4dd1-8ead-43d5146ddecd demo demo] create_initial_revision uuid=88b84c45-f7f0-4818-9a26-800e1165faf4, type=security_groups, rev=-1 {{(pid=102461) create_initial_revision /opt/stack/neutron/neutron/db/ovn_revision_numbers_db.py:98}}
Aug 08 05:27:26.208684 np0000188239 devstack@neutron-api.service[102461]: DEBUG neutron.db.ovn_revision_numbers_db [None req-ea41e47a-7cc2-4dd1-8ead-43d5146ddecd demo demo] create_initial_revision uuid=2bb878d4-6855-427a-8af6-1a7411b3a9e4, type=security_group_rules, rev=-1 {{(pid=102461) create_initial_revision /opt/stack/neutron/neutron/db/ovn_revision_numbers_db.py:98}}
Aug 08 05:27:26.209997 np0000188239 devstack@neutron-api.service[102461]: DEBUG neutron.db.ovn_revision_numbers_db [None req-ea41e47a-7cc2-4dd1-8ead-43d5146ddecd demo demo] create_initial_revision uuid=b6edc7d0-c7e1-4c2e-b071-957219b28504, type=security_group_rules, rev=-1 {{(pid=102461) create_initial_revision /opt/stack/neutron/neutron/db/ovn_revision_numbers_db.py:98}}
Aug 08 05:27:26.211265 np0000188239 devstack@neutron-api.service[102461]: DEBUG neutron.db.ovn_revision_numbers_db [None req-ea41e47a-7cc2-4dd1-8ead-43d5146ddecd demo demo] create_initial_revision uuid=f820ef04-bb7f-4669-a84b-be49a706b616, type=security_group_rules, rev=-1 {{(pid=102461) create_initial_revision /opt/stack/neutron/neutron/db/ovn_revision_numbers_db.py:98}}
Aug 08 05:27:26.212528 np0000188239 devstack@neutron-api.service[102461]: DEBUG neutron.db.ovn_revision_numbers_db [None req-ea41e47a-7cc2-4dd1-8ead-43d5146ddecd demo demo] create_initial_revision uuid=f9b0fc3d-403c-425f-b854-4252280ad8ad, type=security_group_rules, rev=-1 {{(pid=102461) create_initial_revision /opt/stack/neutron/neutron/db/ovn_revision_numbers_db.py:98}}
Aug 08 05:27:26.220463 np0000188239 devstack@neutron-api.service[102461]: DEBUG neutron_lib.callbacks.manager [None req-ea41e47a-7cc2-4dd1-8ead-43d5146ddecd demo demo] Publish callbacks ['neutron.plugins.ml2.drivers.ovn.mech_driver.mech_driver.OVNMechanismDriver._create_security_group-461065', 'neutron.plugins.ml2.ovo_rpc._ObjectChangeHandler.handle_event-4169398'] for security_group (88b84c45-f7f0-4818-9a26-800e1165faf4), after_create {{(pid=102461) _notify_loop /opt/stack/data/venv/lib/python3.12/site-packages/neutron_lib/callbacks/manager.py:184}}
Aug 08 05:27:26.221675 np0000188239 devstack@neutron-api.service[102461]: DEBUG ovsdbapp.backend.ovs_idl.transaction [None req-51451313-1fe0-4baa-a443-4b0ca0bee1af None None] Running txn n=1 command(idx=0): PgAddCommand(_result=None, name=pg_88b84c45_f7f0_4818_9a26_800e1165faf4, may_exist=False, columns={'acls': [], 'external_ids': {'neutron:security_group_id': '88b84c45-f7f0-4818-9a26-800e1165faf4'}}) {{(pid=102461) do_commit /opt/stack/data/venv/lib/python3.12/site-packages/ovsdbapp/backend/ovs_idl/transaction.py:89}}
Aug 08 05:27:26.222271 np0000188239 devstack@neutron-api.service[102461]: DEBUG ovsdbapp.backend.ovs_idl.transaction [None req-51451313-1fe0-4baa-a443-4b0ca0bee1af None None] Running txn n=1 command(idx=1): PgAclAddCommand(_result=None, entity=pg_88b84c45_f7f0_4818_9a26_800e1165faf4, direction=to-lport, priority=1002, match=outport == @pg_88b84c45_f7f0_4818_9a26_800e1165faf4 && ip6 && ip6.src == $pg_88b84c45_f7f0_4818_9a26_800e1165faf4_ip6, action=allow-related, log=False, may_exist=True, severity=[], name=[], meter=[], external_ids={'neutron:security_group_rule_id': '2bb878d4-6855-427a-8af6-1a7411b3a9e4'}) {{(pid=102461) do_commit /opt/stack/data/venv/lib/python3.12/site-packages/ovsdbapp/backend/ovs_idl/transaction.py:89}}
Aug 08 05:27:26.222813 np0000188239 devstack@neutron-api.service[102461]: DEBUG ovsdbapp.backend.ovs_idl.transaction [None req-51451313-1fe0-4baa-a443-4b0ca0bee1af None None] Running txn n=1 command(idx=2): PgAclAddCommand(_result=None, entity=pg_88b84c45_f7f0_4818_9a26_800e1165faf4, direction=to-lport, priority=1002, match=outport == @pg_88b84c45_f7f0_4818_9a26_800e1165faf4 && ip4 && ip4.src == $pg_88b84c45_f7f0_4818_9a26_800e1165faf4_ip4, action=allow-related, log=False, may_exist=True, severity=[], name=[], meter=[], external_ids={'neutron:security_group_rule_id': 'b6edc7d0-c7e1-4c2e-b071-957219b28504'}) {{(pid=102461) do_commit /opt/stack/data/venv/lib/python3.12/site-packages/ovsdbapp/backend/ovs_idl/transaction.py:89}}
Aug 08 05:27:26.223285 np0000188239 devstack@neutron-api.service[102461]: DEBUG ovsdbapp.backend.ovs_idl.transaction [None req-51451313-1fe0-4baa-a443-4b0ca0bee1af None None] Running txn n=1 command(idx=3): PgAclAddCommand(_result=None, entity=pg_88b84c45_f7f0_4818_9a26_800e1165faf4, direction=from-lport, priority=1002, match=inport == @pg_88b84c45_f7f0_4818_9a26_800e1165faf4 && ip6, action=allow-related, log=False, may_exist=True, severity=[], name=[], meter=[], external_ids={'neutron:security_group_rule_id': 'f820ef04-bb7f-4669-a84b-be49a706b616'}) {{(pid=102461) do_commit /opt/stack/data/venv/lib/python3.12/site-packages/ovsdbapp/backend/ovs_idl/transaction.py:89}}
Aug 08 05:27:26.223698 np0000188239 devstack@neutron-api.service[102461]: DEBUG ovsdbapp.backend.ovs_idl.transaction [None req-51451313-1fe0-4baa-a443-4b0ca0bee1af None None] Running txn n=1 command(idx=4): PgAclAddCommand(_result=None, entity=pg_88b84c45_f7f0_4818_9a26_800e1165faf4, direction=from-lport, priority=1002, match=inport == @pg_88b84c45_f7f0_4818_9a26_800e1165faf4 && ip4, action=allow-related, log=False, may_exist=True, severity=[], name=[], meter=[], external_ids={'neutron:security_group_rule_id': 'f9b0fc3d-403c-425f-b854-4252280ad8ad'}) {{(pid=102461) do_commit /opt/stack/data/venv/lib/python3.12/site-packages/ovsdbapp/backend/ovs_idl/transaction.py:89}}
Aug 08 05:27:26.234322 np0000188239 devstack@neutron-api.service[102461]: DEBUG neutron.plugins.ml2.drivers.ovn.mech_driver.ovsdb.ovsdb_monitor [None req-51451313-1fe0-4baa-a443-4b0ca0bee1af None None] Touching Hash Ring node "0ad499078d7c5cd5be84f533399e5c50" from IDL notify handler {{(pid=102461) notify /opt/stack/neutron/neutron/plugins/ml2/drivers/ovn/mech_driver/ovsdb/ovsdb_monitor.py:1091}}
Aug 08 05:27:26.236655 np0000188239 devstack@neutron-api.service[102459]: DEBUG neutron.plugins.ml2.drivers.ovn.mech_driver.ovsdb.ovsdb_monitor [None req-91666cfe-b636-41c5-96b9-280091ac3a6f None None] Touching Hash Ring node "805dc09ec73458a197adf91bf456f550" from IDL notify handler {{(pid=102459) notify /opt/stack/neutron/neutron/plugins/ml2/drivers/ovn/mech_driver/ovsdb/ovsdb_monitor.py:1091}}
Aug 08 05:27:26.251352 np0000188239 devstack@neutron-api.service[102461]: DEBUG neutron.plugins.ml2.drivers.ovn.mech_driver.ovsdb.ovsdb_monitor [None req-51451313-1fe0-4baa-a443-4b0ca0bee1af None None] Hash Ring: Node 0ad499078d7c5cd5be84f533399e5c50 (host: np0000188239) handling event "create" for row 0e97b14f-ac08-447b-96e2-2b3946783e44 (table: ACL) {{(pid=102461) notify /opt/stack/neutron/neutron/plugins/ml2/drivers/ovn/mech_driver/ovsdb/ovsdb_monitor.py:1099}}
Aug 08 05:27:26.252500 np0000188239 devstack@neutron-api.service[102459]: DEBUG neutron.plugins.ml2.drivers.ovn.mech_driver.ovsdb.ovsdb_monitor [None req-91666cfe-b636-41c5-96b9-280091ac3a6f None None] Hash Ring: Node 805dc09ec73458a197adf91bf456f550 (host: np0000188239) handling event "create" for row 32eed9d5-9f46-4162-a1df-653f23e6279e (table: ACL) {{(pid=102459) notify /opt/stack/neutron/neutron/plugins/ml2/drivers/ovn/mech_driver/ovsdb/ovsdb_monitor.py:1099}}
Aug 08 05:27:26.253060 np0000188239 devstack@neutron-api.service[102461]: DEBUG neutron.plugins.ml2.drivers.ovn.mech_driver.ovsdb.ovsdb_monitor [None req-51451313-1fe0-4baa-a443-4b0ca0bee1af None None] Touching Hash Ring node "0ad499078d7c5cd5be84f533399e5c50" from IDL notify handler {{(pid=102461) notify /opt/stack/neutron/neutron/plugins/ml2/drivers/ovn/mech_driver/ovsdb/ovsdb_monitor.py:1091}}
Aug 08 05:27:26.256120 np0000188239 devstack@neutron-api.service[102459]: DEBUG neutron.plugins.ml2.drivers.ovn.mech_driver.ovsdb.ovsdb_monitor [None req-91666cfe-b636-41c5-96b9-280091ac3a6f None None] Touching Hash Ring node "805dc09ec73458a197adf91bf456f550" from IDL notify handler {{(pid=102459) notify /opt/stack/neutron/neutron/plugins/ml2/drivers/ovn/mech_driver/ovsdb/ovsdb_monitor.py:1091}}
Aug 08 05:27:26.256315 np0000188239 devstack@neutron-api.service[102461]: DEBUG neutron.plugins.ml2.drivers.ovn.mech_driver.ovsdb.ovsdb_monitor [None req-51451313-1fe0-4baa-a443-4b0ca0bee1af None None] Hash Ring: Node 0ad499078d7c5cd5be84f533399e5c50 (host: np0000188239) handling event "create" for row d472ffa1-3ffc-4f18-809d-48345089f423 (table: ACL) {{(pid=102461) notify /opt/stack/neutron/neutron/plugins/ml2/drivers/ovn/mech_driver/ovsdb/ovsdb_monitor.py:1099}}
Aug 08 05:27:26.258616 np0000188239 devstack@neutron-api.service[102459]: DEBUG neutron.plugins.ml2.drivers.ovn.mech_driver.ovsdb.ovsdb_monitor [None req-91666cfe-b636-41c5-96b9-280091ac3a6f None None] Hash Ring: Node 805dc09ec73458a197adf91bf456f550 (host: np0000188239) handling event "create" for row 9ef8c9e6-e61b-4cca-966b-2897e8f7ed5d (table: ACL) {{(pid=102459) notify /opt/stack/neutron/neutron/plugins/ml2/drivers/ovn/mech_driver/ovsdb/ovsdb_monitor.py:1099}}
Aug 08 05:27:26.259848 np0000188239 devstack@neutron-api.service[102459]: DEBUG neutron.plugins.ml2.drivers.ovn.mech_driver.ovsdb.ovsdb_monitor [None req-91666cfe-b636-41c5-96b9-280091ac3a6f None None] Touching Hash Ring node "805dc09ec73458a197adf91bf456f550" from IDL notify handler {{(pid=102459) notify /opt/stack/neutron/neutron/plugins/ml2/drivers/ovn/mech_driver/ovsdb/ovsdb_monitor.py:1091}}
Aug 08 05:27:26.262863 np0000188239 devstack@neutron-api.service[102459]: DEBUG neutron.plugins.ml2.drivers.ovn.mech_driver.ovsdb.ovsdb_monitor [None req-91666cfe-b636-41c5-96b9-280091ac3a6f None None] Hash Ring: Node 805dc09ec73458a197adf91bf456f550 (host: np0000188239) handling event "create" for row 97d15708-efd7-4edf-b7b9-cb27f742fe15 (table: Port_Group) {{(pid=102459) notify /opt/stack/neutron/neutron/plugins/ml2/drivers/ovn/mech_driver/ovsdb/ovsdb_monitor.py:1099}}
Aug 08 05:27:26.281401 np0000188239 devstack@neutron-api.service[102461]: INFO neutron.db.ovn_revision_numbers_db [None req-ea41e47a-7cc2-4dd1-8ead-43d5146ddecd demo demo] Successfully bumped revision number for resource 88b84c45-f7f0-4818-9a26-800e1165faf4 (type: security_groups) to 1
Aug 08 05:27:26.296977 np0000188239 devstack@neutron-api.service[102461]: INFO neutron.db.ovn_revision_numbers_db [None req-ea41e47a-7cc2-4dd1-8ead-43d5146ddecd demo demo] Successfully bumped revision number for resource 2bb878d4-6855-427a-8af6-1a7411b3a9e4 (type: security_group_rules) to 0
Aug 08 05:27:26.311742 np0000188239 devstack@neutron-api.service[102461]: INFO neutron.db.ovn_revision_numbers_db [None req-ea41e47a-7cc2-4dd1-8ead-43d5146ddecd demo demo] Successfully bumped revision number for resource b6edc7d0-c7e1-4c2e-b071-957219b28504 (type: security_group_rules) to 0
Aug 08 05:27:26.325907 np0000188239 devstack@neutron-api.service[102461]: INFO neutron.db.ovn_revision_numbers_db [None req-ea41e47a-7cc2-4dd1-8ead-43d5146ddecd demo demo] Successfully bumped revision number for resource f820ef04-bb7f-4669-a84b-be49a706b616 (type: security_group_rules) to 0
Aug 08 05:27:26.339791 np0000188239 devstack@neutron-api.service[102461]: INFO neutron.db.ovn_revision_numbers_db [None req-ea41e47a-7cc2-4dd1-8ead-43d5146ddecd demo demo] Successfully bumped revision number for resource f9b0fc3d-403c-425f-b854-4252280ad8ad (type: security_group_rules) to 0
Aug 08 05:27:26.377280 np0000188239 devstack@neutron-api.service[102461]: DEBUG neutron.api.rpc.handlers.resources_rpc [None req-ea41e47a-7cc2-4dd1-8ead-43d5146ddecd demo demo] Pushing event updated for resources: {'SecurityGroup': ['ID=88b84c45-f7f0-4818-9a26-800e1165faf4,revision_number=1']} {{(pid=102461) push /opt/stack/neutron/neutron/api/rpc/handlers/resources_rpc.py:237}}
Aug 08 05:27:26.413424 np0000188239 devstack@neutron-api.service[102461]: DEBUG neutron.plugins.ml2.drivers.helpers [None req-ea41e47a-7cc2-4dd1-8ead-43d5146ddecd demo demo] geneve segment allocate from pool success with {'geneve_vni': 4492} {{(pid=102461) allocate_partially_specified_segment /opt/stack/neutron/neutron/plugins/ml2/drivers/helpers.py:142}}
Aug 08 05:27:26.420119 np0000188239 devstack@neutron-api.service[102461]: DEBUG neutron_lib.callbacks.manager [None req-ea41e47a-7cc2-4dd1-8ead-43d5146ddecd demo demo] Publish callbacks ['neutron.services.segments.db._add_segment_host_mapping_for_segment-8739707438664', 'neutron.plugins.ml2.plugin.Ml2Plugin._handle_segment_change-1802825'] for segment (54cf8383-7761-44cc-95e7-d91075ee3fd4), precommit_create {{(pid=102461) _notify_loop /opt/stack/data/venv/lib/python3.12/site-packages/neutron_lib/callbacks/manager.py:184}}
Aug 08 05:27:26.420337 np0000188239 devstack@neutron-api.service[102461]: INFO neutron.db.segments_db [None req-ea41e47a-7cc2-4dd1-8ead-43d5146ddecd demo demo] Added segment 54cf8383-7761-44cc-95e7-d91075ee3fd4 of type geneve for network 0d8d7141-9bb0-4948-909a-f02a0e45f332
Aug 08 05:27:26.433984 np0000188239 devstack@neutron-api.service[102461]: DEBUG neutron_lib.callbacks.manager [None req-ea41e47a-7cc2-4dd1-8ead-43d5146ddecd demo demo] Publish callbacks ['neutron.services.auto_allocate.db._ensure_external_network_default_value_callback-8739706291544'] for network (0d8d7141-9bb0-4948-909a-f02a0e45f332), precommit_create {{(pid=102461) _notify_loop /opt/stack/data/venv/lib/python3.12/site-packages/neutron_lib/callbacks/manager.py:184}}
Aug 08 05:27:26.446156 np0000188239 devstack@neutron-api.service[102461]: DEBUG neutron.plugins.ml2.drivers.ovn.mech_driver.mech_driver [None req-ea41e47a-7cc2-4dd1-8ead-43d5146ddecd demo demo] Validating network segment with type geneve, segmentation ID 4492, physical network None {{(pid=102461) _validate_network_segments /opt/stack/neutron/neutron/plugins/ml2/drivers/ovn/mech_driver/mech_driver.py:646}}
Aug 08 05:27:26.446412 np0000188239 devstack@neutron-api.service[102461]: DEBUG neutron.db.ovn_revision_numbers_db [None req-ea41e47a-7cc2-4dd1-8ead-43d5146ddecd demo demo] create_initial_revision uuid=0d8d7141-9bb0-4948-909a-f02a0e45f332, type=networks, rev=-1 {{(pid=102461) create_initial_revision /opt/stack/neutron/neutron/db/ovn_revision_numbers_db.py:98}}
Aug 08 05:27:26.455075 np0000188239 devstack@neutron-api.service[102461]: DEBUG neutron_lib.callbacks.manager [None req-ea41e47a-7cc2-4dd1-8ead-43d5146ddecd demo demo] Publish callbacks ['neutron.plugins.ml2.ovo_rpc._ObjectChangeHandler.handle_event-4169677'] for network (0d8d7141-9bb0-4948-909a-f02a0e45f332), after_create {{(pid=102461) _notify_loop /opt/stack/data/venv/lib/python3.12/site-packages/neutron_lib/callbacks/manager.py:184}}
Aug 08 05:27:26.489132 np0000188239 devstack@neutron-api.service[102461]: DEBUG neutron.api.rpc.handlers.resources_rpc [None req-ea41e47a-7cc2-4dd1-8ead-43d5146ddecd demo demo] Pushing event updated for resources: {'Network': ['ID=0d8d7141-9bb0-4948-909a-f02a0e45f332,revision_number=1']} {{(pid=102461) push /opt/stack/neutron/neutron/api/rpc/handlers/resources_rpc.py:237}}
Aug 08 05:27:26.497479 np0000188239 devstack@neutron-api.service[102461]: DEBUG ovsdbapp.backend.ovs_idl.transaction [None req-51451313-1fe0-4baa-a443-4b0ca0bee1af None None] Running txn n=1 command(idx=0): AddNetworkCommand(_result=None, network_uuid=0d8d7141-9bb0-4948-909a-f02a0e45f332, may_exist=True, columns={'external_ids': {'neutron:network_name': 'k8s-clusterapi-cluster-magnum-system-kube-ywr8m', 'neutron:mtu': '1372', 'neutron:revision_number': '1', 'neutron:availability_zone_hints': '', 'neutron:provnet-network-type': 'geneve'}, 'other_config': {'mcast_snoop': 'false', 'mcast_flood_unregistered': 'false', 'vlan-passthru': 'false'}}) {{(pid=102461) do_commit /opt/stack/data/venv/lib/python3.12/site-packages/ovsdbapp/backend/ovs_idl/transaction.py:89}}
Aug 08 05:27:26.501534 np0000188239 devstack@neutron-api.service[102461]: DEBUG neutron.plugins.ml2.drivers.ovn.mech_driver.ovsdb.ovsdb_monitor [None req-51451313-1fe0-4baa-a443-4b0ca0bee1af None None] Touching Hash Ring node "0ad499078d7c5cd5be84f533399e5c50" from IDL notify handler {{(pid=102461) notify /opt/stack/neutron/neutron/plugins/ml2/drivers/ovn/mech_driver/ovsdb/ovsdb_monitor.py:1091}}
Aug 08 05:27:26.510807 np0000188239 devstack@neutron-api.service[102462]: DEBUG neutron.plugins.ml2.drivers.ovn.mech_driver.ovsdb.ovsdb_monitor [None req-a22a98b6-37f8-4daf-bf2b-0d37ffca60e4 None None] Touching Hash Ring node "63ae9141d0325d27842d635ed3483877" from IDL notify handler {{(pid=102462) notify /opt/stack/neutron/neutron/plugins/ml2/drivers/ovn/mech_driver/ovsdb/ovsdb_monitor.py:1091}}
Aug 08 05:27:26.514170 np0000188239 devstack@neutron-api.service[102461]: DEBUG neutron.plugins.ml2.drivers.ovn.mech_driver.ovsdb.ovsdb_monitor [None req-51451313-1fe0-4baa-a443-4b0ca0bee1af None None] Hash Ring: Node 0ad499078d7c5cd5be84f533399e5c50 (host: np0000188239) handling event "create" for row 0d8d7141-9bb0-4948-909a-f02a0e45f332 (table: Logical_Switch) {{(pid=102461) notify /opt/stack/neutron/neutron/plugins/ml2/drivers/ovn/mech_driver/ovsdb/ovsdb_monitor.py:1099}}
Aug 08 05:27:26.518125 np0000188239 devstack@neutron-api.service[102462]: DEBUG neutron.plugins.ml2.drivers.ovn.mech_driver.ovsdb.ovsdb_monitor [None req-a22a98b6-37f8-4daf-bf2b-0d37ffca60e4 None None] Hash Ring: Node 63ae9141d0325d27842d635ed3483877 (host: np0000188239) handling event "create" for row cb2be3f7-ed4e-4a21-b9ac-2dc638dd4502 (table: Datapath_Binding) {{(pid=102462) notify /opt/stack/neutron/neutron/plugins/ml2/drivers/ovn/mech_driver/ovsdb/ovsdb_monitor.py:1099}}
Aug 08 05:27:26.537062 np0000188239 devstack@neutron-api.service[102461]: INFO neutron.db.ovn_revision_numbers_db [None req-ea41e47a-7cc2-4dd1-8ead-43d5146ddecd demo demo] Successfully bumped revision number for resource 0d8d7141-9bb0-4948-909a-f02a0e45f332 (type: networks) to 1
Aug 08 05:27:26.595072 np0000188239 devstack@neutron-api.service[102461]: DEBUG neutron_lib.callbacks.manager [None req-ea41e47a-7cc2-4dd1-8ead-43d5146ddecd demo demo] Publish callbacks ['neutron.plugins.ml2.plugin.SecurityGroupDbMixin._ensure_default_security_group_handler-1526709'] for port (None), before_create {{(pid=102461) _notify_loop /opt/stack/data/venv/lib/python3.12/site-packages/neutron_lib/callbacks/manager.py:184}}
Aug 08 05:27:26.697531 np0000188239 devstack@neutron-api.service[102461]: DEBUG neutron_lib.callbacks.manager [None req-ea41e47a-7cc2-4dd1-8ead-43d5146ddecd demo demo] Publish callbacks ['neutron.plugins.ml2.drivers.ovn.mech_driver.mech_driver.OVNMechanismDriver._validate_allowed_address_pairs-460955'] for allowed_address_pair (f617306a-3d90-40d8-b8ce-6f6e7fe5090a), before_create {{(pid=102461) _notify_loop /opt/stack/data/venv/lib/python3.12/site-packages/neutron_lib/callbacks/manager.py:184}}
Aug 08 05:27:26.697948 np0000188239 devstack@neutron-api.service[102461]: DEBUG neutron_lib.callbacks.manager [None req-ea41e47a-7cc2-4dd1-8ead-43d5146ddecd demo demo] Publish callbacks [] for port (f617306a-3d90-40d8-b8ce-6f6e7fe5090a), precommit_create {{(pid=102461) _notify_loop /opt/stack/data/venv/lib/python3.12/site-packages/neutron_lib/callbacks/manager.py:184}}
Aug 08 05:27:26.698099 np0000188239 devstack@neutron-api.service[102461]: DEBUG neutron.plugins.ml2.drivers.ovn.mech_driver.mech_driver [None req-ea41e47a-7cc2-4dd1-8ead-43d5146ddecd demo demo] No provisioning block for port f617306a-3d90-40d8-b8ce-6f6e7fe5090a since it does not have a host {{(pid=102461) _is_port_provisioning_required /opt/stack/neutron/neutron/plugins/ml2/drivers/ovn/mech_driver/mech_driver.py:899}}
Aug 08 05:27:26.698301 np0000188239 devstack@neutron-api.service[102461]: DEBUG neutron.db.ovn_revision_numbers_db [None req-ea41e47a-7cc2-4dd1-8ead-43d5146ddecd demo demo] create_initial_revision uuid=f617306a-3d90-40d8-b8ce-6f6e7fe5090a, type=ports, rev=-1 {{(pid=102461) create_initial_revision /opt/stack/neutron/neutron/db/ovn_revision_numbers_db.py:98}}
Aug 08 05:27:26.742701 np0000188239 devstack@neutron-api.service[102461]: DEBUG neutron_lib.callbacks.manager [None req-ea41e47a-7cc2-4dd1-8ead-43d5146ddecd demo demo] Publish callbacks ['neutron.plugins.ml2.ovo_rpc._ObjectChangeHandler.handle_event-4169407'] for port (f617306a-3d90-40d8-b8ce-6f6e7fe5090a), after_create {{(pid=102461) _notify_loop /opt/stack/data/venv/lib/python3.12/site-packages/neutron_lib/callbacks/manager.py:184}}
Aug 08 05:27:26.804415 np0000188239 devstack@neutron-api.service[102461]: DEBUG neutron.api.rpc.handlers.resources_rpc [None req-ea41e47a-7cc2-4dd1-8ead-43d5146ddecd demo demo] Pushing event updated for resources: {'Port': ['ID=f617306a-3d90-40d8-b8ce-6f6e7fe5090a,revision_number=1']} {{(pid=102461) push /opt/stack/neutron/neutron/api/rpc/handlers/resources_rpc.py:237}}
Aug 08 05:27:26.812844 np0000188239 devstack@neutron-api.service[102461]: DEBUG neutron.plugins.ml2.drivers.ovn.mech_driver.ovsdb.commands [None req-ea41e47a-7cc2-4dd1-8ead-43d5146ddecd demo demo] Converting tag [] to a tag_request {{(pid=102461) _tag_column_to_tag_request /opt/stack/neutron/neutron/plugins/ml2/drivers/ovn/mech_driver/ovsdb/commands.py:227}}
Aug 08 05:27:26.813844 np0000188239 devstack@neutron-api.service[102461]: DEBUG ovsdbapp.backend.ovs_idl.transaction [None req-51451313-1fe0-4baa-a443-4b0ca0bee1af None None] Running txn n=1 command(idx=0): AddLSwitchPortCommand(_result=None, lport=f617306a-3d90-40d8-b8ce-6f6e7fe5090a, lswitch=neutron-0d8d7141-9bb0-4948-909a-f02a0e45f332, may_exist=True, network_uuid=0d8d7141-9bb0-4948-909a-f02a0e45f332, columns={'addresses': ['fa:16:3e:a1:df:40'], 'external_ids': {'neutron:port_name': '', 'neutron:device_id': 'ovnmeta-0d8d7141-9bb0-4948-909a-f02a0e45f332', 'neutron:project_id': '31d94983e14d4c4db5a3854a3c93a5cb', 'neutron:cidrs': '', 'neutron:device_owner': 'network:distributed', 'neutron:subnet_pool_addr_scope4': '', 'neutron:subnet_pool_addr_scope6': '', 'neutron:network_name': 'neutron-0d8d7141-9bb0-4948-909a-f02a0e45f332', 'neutron:security_group_ids': '', 'neutron:revision_number': '1', 'neutron:vnic_type': 'normal', 'neutron:port_capabilities': '', 'neutron:mtu': '1372'}, 'parent_name': [], 'enabled': True, 'options': {}, 'type': 'localport', 'port_security': [], 'dhcpv4_options': [], 'dhcpv6_options': [], 'tag_request': []}) {{(pid=102461) do_commit /opt/stack/data/venv/lib/python3.12/site-packages/ovsdbapp/backend/ovs_idl/transaction.py:89}}
