2026-08-11 16:50:45.642 8 INFO placement.requestlog [None req-ff22d3e0-f226-4396-b10b-cab3dba843b9 b96ecceba5484a68ab7beb783d3507e5 db8b96d4cd52493e8597a8661ee73ed4 - - 47b8a65d524d473f93966d5ab3f87abc 47b8a65d524d473f93966d5ab3f87abc] 10.0.0.19 "GET /resource_providers/96373ad0-a17e-40c6-8d79-b0845e615ddf/aggregates" status: 404 len: 235 microversion: 1.1 [pid: 7|app: 0|req: 343/682] 10.0.0.19 () {32 vars in 815 bytes} [Tue Aug 11 16:50:45 2026] GET /resource_providers/96373ad0-a17e-40c6-8d79-b0845e615ddf/aggregates => generated 235 bytes in 11 msecs (HTTP/1.1 404) 5 headers in 202 bytes (1 switches on core 0) [pid: 8|app: 0|req: 340/683] 10.0.0.19 () {32 vars in 815 bytes} [Tue Aug 11 16:50:45 2026] GET /resource_providers/96373ad0-a17e-40c6-8d79-b0845e615ddf/aggregates => generated 235 bytes in 11 msecs (HTTP/1.1 404) 5 headers in 202 bytes (1 switches on core 0)
2026-08-11 16:50:45.667 7 INFO placement.requestlog [None req-9ac0c131-f215-470e-8898-5563fab7a53d b96ecceba5484a68ab7beb783d3507e5 db8b96d4cd52493e8597a8661ee73ed4 - - 47b8a65d524d473f93966d5ab3f87abc 47b8a65d524d473f93966d5ab3f87abc] 10.0.0.19 "DELETE /resource_providers/96373ad0-a17e-40c6-8d79-b0845e615ddf" status: 404 len: 246 microversion: 1.1 [pid: 7|app: 0|req: 344/684] 10.0.0.19 () {34 vars in 815 bytes} [Tue Aug 11 16:50:45 2026] DELETE /resource_providers/96373ad0-a17e-40c6-8d79-b0845e615ddf => generated 246 bytes in 8 msecs (HTTP/1.1 404) 6 headers in 231 bytes (1 switches on core 0)
2026-08-11 16:50:45.675 8 INFO placement.requestlog [None req-80492322-3d4d-4be9-99fc-458e6eb5cf77 b96ecceba5484a68ab7beb783d3507e5 db8b96d4cd52493e8597a8661ee73ed4 - - 47b8a65d524d473f93966d5ab3f87abc 47b8a65d524d473f93966d5ab3f87abc] 10.0.0.19 "DELETE /resource_providers/96373ad0-a17e-40c6-8d79-b0845e615ddf" status: 404 len: 246 microversion: 1.1 [pid: 8|app: 0|req: 341/685] 10.0.0.19 () {34 vars in 815 bytes} [Tue Aug 11 16:50:45 2026] DELETE /resource_providers/96373ad0-a17e-40c6-8d79-b0845e615ddf => generated 246 bytes in 13 msecs (HTTP/1.1 404) 6 headers in 231 bytes (1 switches on core 0)
2026-08-11 16:50:46.210 8 INFO placement.requestlog [None req-ac3ea64f-1199-4d76-ae9f-a90646eec6a3 b96ecceba5484a68ab7beb783d3507e5 db8b96d4cd52493e8597a8661ee73ed4 - - 47b8a65d524d473f93966d5ab3f87abc 47b8a65d524d473f93966d5ab3f87abc] 10.0.0.19 "GET /resource_providers/b31dd430-c597-4c42-814c-470d8bd2ea37/aggregates" status: 404 len: 235 microversion: 1.1 [pid: 8|app: 0|req: 342/686] 10.0.0.19 () {32 vars in 815 bytes} [Tue Aug 11 16:50:46 2026] GET /resource_providers/b31dd430-c597-4c42-814c-470d8bd2ea37/aggregates => generated 235 bytes in 9 msecs (HTTP/1.1 404) 5 headers in 202 bytes (1 switches on core 0)
2026-08-11 16:50:46.212 7 INFO placement.requestlog [None req-36634d28-9102-41f0-8b40-87758b3a3d6b b96ecceba5484a68ab7beb783d3507e5 db8b96d4cd52493e8597a8661ee73ed4 - - 47b8a65d524d473f93966d5ab3f87abc 47b8a65d524d473f93966d5ab3f87abc] 10.0.0.19 "GET /resource_providers/b31dd430-c597-4c42-814c-470d8bd2ea37/aggregates" status: 404 len: 235 microversion: 1.1 [pid: 7|app: 0|req: 345/687] 10.0.0.19 () {32 vars in 815 bytes} [Tue Aug 11 16:50:46 2026] GET /resource_providers/b31dd430-c597-4c42-814c-470d8bd2ea37/aggregates => generated 235 bytes in 13 msecs (HTTP/1.1 404) 5 headers in 202 bytes (1 switches on core 0)
2026-08-11 16:50:46.229 7 INFO placement.requestlog [None req-4bbaab6a-443e-4a17-8de2-7753d75d703c b96ecceba5484a68ab7beb783d3507e5 db8b96d4cd52493e8597a8661ee73ed4 - - 47b8a65d524d473f93966d5ab3f87abc 47b8a65d524d473f93966d5ab3f87abc] 10.0.0.19 "DELETE /resource_providers/b31dd430-c597-4c42-814c-470d8bd2ea37" status: 404 len: 246 microversion: 1.1
2026-08-11 16:50:46.230 8 INFO placement.requestlog [None req-33d4b7e0-f6bb-4253-be19-25242c38343f b96ecceba5484a68ab7beb783d3507e5 db8b96d4cd52493e8597a8661ee73ed4 - - 47b8a65d524d473f93966d5ab3f87abc 47b8a65d524d473f93966d5ab3f87abc] 10.0.0.19 "DELETE /resource_providers/b31dd430-c597-4c42-814c-470d8bd2ea37" status: 404 len: 246 microversion: 1.1 [pid: 7|app: 0|req: 346/688] 10.0.0.19 () {34 vars in 815 bytes} [Tue Aug 11 16:50:46 2026] DELETE /resource_providers/b31dd430-c597-4c42-814c-470d8bd2ea37 => generated 246 bytes in 9 msecs (HTTP/1.1 404) 6 headers in 231 bytes (1 switches on core 0) [pid: 8|app: 0|req: 343/689] 10.0.0.19 () {34 vars in 815 bytes} [Tue Aug 11 16:50:46 2026] DELETE /resource_providers/b31dd430-c597-4c42-814c-470d8bd2ea37 => generated 246 bytes in 10 msecs (HTTP/1.1 404) 6 headers in 231 bytes (1 switches on core 0)
2026-08-11 16:50:46.523 7 INFO placement.requestlog [req-d0fa7eaa-4ad5-4119-ad53-af2cfb8e68f5 req-00e96c4b-4cd8-44f0-bdb6-f2267bb89912 51b55f77149049b89830e85721014ed4 db8b96d4cd52493e8597a8661ee73ed4 - - 47b8a65d524d473f93966d5ab3f87abc 47b8a65d524d473f93966d5ab3f87abc] 199.204.45.205 "GET /resource_providers/081c1bcf-7024-40cf-a26a-2ed895a8fd80/allocations" status: 200 len: 252 microversion: 1.0 [pid: 7|app: 0|req: 347/690] 199.204.45.205 () {32 vars in 857 bytes} [Tue Aug 11 16:50:46 2026] GET /resource_providers/081c1bcf-7024-40cf-a26a-2ed895a8fd80/allocations => generated 252 bytes in 14 msecs (HTTP/1.1 200) 6 headers in 224 bytes (1 switches on core 0)
2026-08-11 16:50:46.552 8 INFO placement.requestlog [req-d0fa7eaa-4ad5-4119-ad53-af2cfb8e68f5 req-88a41d64-104c-4a03-a7ab-12061c561a7a 51b55f77149049b89830e85721014ed4 db8b96d4cd52493e8597a8661ee73ed4 - - 47b8a65d524d473f93966d5ab3f87abc 47b8a65d524d473f93966d5ab3f87abc] 199.204.45.205 "GET /allocations/be979a2d-d354-4c9b-ae11-d16bd8707ed2" status: 200 len: 257 microversion: 1.28 [pid: 8|app: 0|req: 344/691] 199.204.45.205 () {34 vars in 863 bytes} [Tue Aug 11 16:50:46 2026] GET /allocations/be979a2d-d354-4c9b-ae11-d16bd8707ed2 => generated 257 bytes in 24 msecs (HTTP/1.1 200) 8 headers in 296 bytes (1 switches on core 0)
2026-08-11 16:50:46.572 7 INFO placement.requestlog [req-d0fa7eaa-4ad5-4119-ad53-af2cfb8e68f5 req-a3e00605-0bb9-4f53-a02e-92d2000ec5a7 51b55f77149049b89830e85721014ed4 db8b96d4cd52493e8597a8661ee73ed4 - - 47b8a65d524d473f93966d5ab3f87abc 47b8a65d524d473f93966d5ab3f87abc] 199.204.45.205 "GET /allocations/f1b5da14-4115-4dad-bed5-9f7ff3a26438" status: 200 len: 257 microversion: 1.28 [pid: 7|app: 0|req: 348/692] 199.204.45.205 () {34 vars in 863 bytes} [Tue Aug 11 16:50:46 2026] GET /allocations/f1b5da14-4115-4dad-bed5-9f7ff3a26438 => generated 257 bytes in 15 msecs (HTTP/1.1 200) 8 headers in 296 bytes (1 switches on core 0)
2026-08-11 16:50:47.626 8 INFO placement.requestlog [req-d0fa7eaa-4ad5-4119-ad53-af2cfb8e68f5 req-21396ee9-dd5a-40e4-9973-9074053e97a9 51b55f77149049b89830e85721014ed4 db8b96d4cd52493e8597a8661ee73ed4 - - 47b8a65d524d473f93966d5ab3f87abc 47b8a65d524d473f93966d5ab3f87abc] 199.204.45.205 "DELETE /allocations/be979a2d-d354-4c9b-ae11-d16bd8707ed2" status: 204 len: 0 microversion: 1.0 [pid: 8|app: 0|req: 345/693] 199.204.45.205 () {34 vars in 841 bytes} [Tue Aug 11 16:50:47 2026] DELETE /allocations/be979a2d-d354-4c9b-ae11-d16bd8707ed2 => generated 0 bytes in 33 msecs (HTTP/1.1 204) 5 headers in 198 bytes (1 switches on core 0)
2026-08-11 16:50:48.082 7 INFO placement.requestlog [None req-80953c06-bdad-4b00-b34a-3a993054b572 b96ecceba5484a68ab7beb783d3507e5 db8b96d4cd52493e8597a8661ee73ed4 - - 47b8a65d524d473f93966d5ab3f87abc 47b8a65d524d473f93966d5ab3f87abc] 10.0.0.19 "GET /resource_providers/f25c0346-44f2-4352-80fd-210ea6fb2815/aggregates" status: 404 len: 235 microversion: 1.1 [pid: 7|app: 0|req: 349/694] 10.0.0.19 () {32 vars in 815 bytes} [Tue Aug 11 16:50:48 2026] GET /resource_providers/f25c0346-44f2-4352-80fd-210ea6fb2815/aggregates => generated 235 bytes in 8 msecs (HTTP/1.1 404) 5 headers in 202 bytes (1 switches on core 0)
2026-08-11 16:50:48.083 8 INFO placement.requestlog [None req-2dec4e35-4860-420a-b4f7-1a1c5c267883 b96ecceba5484a68ab7beb783d3507e5 db8b96d4cd52493e8597a8661ee73ed4 - - 47b8a65d524d473f93966d5ab3f87abc 47b8a65d524d473f93966d5ab3f87abc] 10.0.0.19 "GET /resource_providers/f25c0346-44f2-4352-80fd-210ea6fb2815/aggregates" status: 404 len: 235 microversion: 1.1 [pid: 8|app: 0|req: 346/695] 10.0.0.19 () {32 vars in 815 bytes} [Tue Aug 11 16:50:48 2026] GET /resource_providers/f25c0346-44f2-4352-80fd-210ea6fb2815/aggregates => generated 235 bytes in 8 msecs (HTTP/1.1 404) 5 headers in 202 bytes (1 switches on core 0)
2026-08-11 16:50:48.109 8 INFO placement.requestlog [None req-c77c1e52-2ba9-4a9f-b887-f85c243846b4 b96ecceba5484a68ab7beb783d3507e5 db8b96d4cd52493e8597a8661ee73ed4 - - 47b8a65d524d473f93966d5ab3f87abc 47b8a65d524d473f93966d5ab3f87abc] 10.0.0.19 "DELETE /resource_providers/f25c0346-44f2-4352-80fd-210ea6fb2815" status: 404 len: 246 microversion: 1.1 [pid: 8|app: 0|req: 347/696] 10.0.0.19 () {34 vars in 815 bytes} [Tue Aug 11 16:50:48 2026] DELETE /resource_providers/f25c0346-44f2-4352-80fd-210ea6fb2815 => generated 246 bytes in 8 msecs (HTTP/1.1 404) 6 headers in 231 bytes (1 switches on core 0)
2026-08-11 16:50:48.109 7 INFO placement.requestlog [None req-81764d1a-7689-447f-bb02-a196b3cf7e08 b96ecceba5484a68ab7beb783d3507e5 db8b96d4cd52493e8597a8661ee73ed4 - - 47b8a65d524d473f93966d5ab3f87abc 47b8a65d524d473f93966d5ab3f87abc] 10.0.0.19 "DELETE /resource_providers/f25c0346-44f2-4352-80fd-210ea6fb2815" status: 404 len: 246 microversion: 1.1 [pid: 7|app: 0|req: 350/697] 10.0.0.19 () {34 vars in 815 bytes} [Tue Aug 11 16:50:48 2026] DELETE /resource_providers/f25c0346-44f2-4352-80fd-210ea6fb2815 => generated 246 bytes in 11 msecs (HTTP/1.1 404) 6 headers in 231 bytes (1 switches on core 0)
2026-08-11 16:50:50.139 7 INFO placement.requestlog [None req-a943721d-8f5b-4c79-a501-cd983ab33606 b96ecceba5484a68ab7beb783d3507e5 db8b96d4cd52493e8597a8661ee73ed4 - - 47b8a65d524d473f93966d5ab3f87abc 47b8a65d524d473f93966d5ab3f87abc] 10.0.0.19 "GET /resource_providers/0c793cc8-414f-4fa4-b1f5-9cbfdce4c390/aggregates" status: 404 len: 235 microversion: 1.1 [pid: 7|app: 0|req: 351/698] 10.0.0.19 () {32 vars in 815 bytes} [Tue Aug 11 16:50:50 2026] GET /resource_providers/0c793cc8-414f-4fa4-b1f5-9cbfdce4c390/aggregates => generated 235 bytes in 11 msecs (HTTP/1.1 404) 5 headers in 202 bytes (1 switches on core 0)
2026-08-11 16:50:50.140 8 INFO placement.requestlog [None req-19a3b604-6aa5-4219-b982-778889625d8f b96ecceba5484a68ab7beb783d3507e5 db8b96d4cd52493e8597a8661ee73ed4 - - 47b8a65d524d473f93966d5ab3f87abc 47b8a65d524d473f93966d5ab3f87abc] 10.0.0.19 "GET /resource_providers/0c793cc8-414f-4fa4-b1f5-9cbfdce4c390/aggregates" status: 404 len: 235 microversion: 1.1 [pid: 8|app: 0|req: 348/699] 10.0.0.19 () {32 vars in 815 bytes} [Tue Aug 11 16:50:50 2026] GET /resource_providers/0c793cc8-414f-4fa4-b1f5-9cbfdce4c390/aggregates => generated 235 bytes in 16 msecs (HTTP/1.1 404) 5 headers in 202 bytes (1 switches on core 0)
2026-08-11 16:50:50.160 7 INFO placement.requestlog [None req-41de41af-d28e-4838-9049-ab5400ff032e b96ecceba5484a68ab7beb783d3507e5 db8b96d4cd52493e8597a8661ee73ed4 - - 47b8a65d524d473f93966d5ab3f87abc 47b8a65d524d473f93966d5ab3f87abc] 10.0.0.19 "DELETE /resource_providers/0c793cc8-414f-4fa4-b1f5-9cbfdce4c390" status: 404 len: 246 microversion: 1.1 [pid: 7|app: 0|req: 352/700] 10.0.0.19 () {34 vars in 815 bytes} [Tue Aug 11 16:50:50 2026] DELETE /resource_providers/0c793cc8-414f-4fa4-b1f5-9cbfdce4c390 => generated 246 bytes in 10 msecs (HTTP/1.1 404) 6 headers in 231 bytes (1 switches on core 0)
2026-08-11 16:50:50.162 8 INFO placement.requestlog [None req-3f9853cf-ee90-40c5-accc-65743725352d b96ecceba5484a68ab7beb783d3507e5 db8b96d4cd52493e8597a8661ee73ed4 - - 47b8a65d524d473f93966d5ab3f87abc 47b8a65d524d473f93966d5ab3f87abc] 10.0.0.19 "DELETE /resource_providers/0c793cc8-414f-4fa4-b1f5-9cbfdce4c390" status: 404 len: 246 microversion: 1.1 [pid: 8|app: 0|req: 349/701] 10.0.0.19 () {34 vars in 815 bytes} [Tue Aug 11 16:50:50 2026] DELETE /resource_providers/0c793cc8-414f-4fa4-b1f5-9cbfdce4c390 => generated 246 bytes in 9 msecs (HTTP/1.1 404) 6 headers in 231 bytes (1 switches on core 0)
2026-08-11 16:50:50.665 7 INFO placement.requestlog [req-035fff79-fdf2-4625-91cf-284f6a559a37 req-be26e14d-6f18-422f-93f2-537d1a3b8781 51b55f77149049b89830e85721014ed4 db8b96d4cd52493e8597a8661ee73ed4 - - 47b8a65d524d473f93966d5ab3f87abc 47b8a65d524d473f93966d5ab3f87abc] 199.204.45.205 "GET /resource_providers/081c1bcf-7024-40cf-a26a-2ed895a8fd80/allocations" status: 200 len: 152 microversion: 1.0 [pid: 7|app: 0|req: 353/702] 199.204.45.205 () {32 vars in 857 bytes} [Tue Aug 11 16:50:50 2026] GET /resource_providers/081c1bcf-7024-40cf-a26a-2ed895a8fd80/allocations => generated 152 bytes in 15 msecs (HTTP/1.1 200) 6 headers in 224 bytes (1 switches on core 0)
2026-08-11 16:50:50.691 8 INFO placement.requestlog [req-035fff79-fdf2-4625-91cf-284f6a559a37 req-36659181-1ada-4fef-a94d-38a359ac1799 51b55f77149049b89830e85721014ed4 db8b96d4cd52493e8597a8661ee73ed4 - - 47b8a65d524d473f93966d5ab3f87abc 47b8a65d524d473f93966d5ab3f87abc] 199.204.45.205 "GET /resource_providers/081c1bcf-7024-40cf-a26a-2ed895a8fd80/allocations" status: 200 len: 152 microversion: 1.0 [pid: 8|app: 0|req: 350/703] 199.204.45.205 () {32 vars in 857 bytes} [Tue Aug 11 16:50:50 2026] GET /resource_providers/081c1bcf-7024-40cf-a26a-2ed895a8fd80/allocations => generated 152 bytes in 15 msecs (HTTP/1.1 200) 6 headers in 224 bytes (1 switches on core 0)
2026-08-11 16:50:50.714 7 INFO placement.requestlog [req-035fff79-fdf2-4625-91cf-284f6a559a37 req-9869399d-251a-4ecd-ac50-88cb73d50077 51b55f77149049b89830e85721014ed4 db8b96d4cd52493e8597a8661ee73ed4 - - 47b8a65d524d473f93966d5ab3f87abc 47b8a65d524d473f93966d5ab3f87abc] 199.204.45.205 "GET /allocations/f1b5da14-4115-4dad-bed5-9f7ff3a26438" status: 200 len: 257 microversion: 1.28 [pid: 7|app: 0|req: 354/704] 199.204.45.205 () {34 vars in 863 bytes} [Tue Aug 11 16:50:50 2026] GET /allocations/f1b5da14-4115-4dad-bed5-9f7ff3a26438 => generated 257 bytes in 17 msecs (HTTP/1.1 200) 8 headers in 296 bytes (1 switches on core 0)
2026-08-11 16:50:52.180 7 INFO placement.requestlog [None req-39f428f0-4212-4184-b4e3-43357d051ebe b96ecceba5484a68ab7beb783d3507e5 db8b96d4cd52493e8597a8661ee73ed4 - - 47b8a65d524d473f93966d5ab3f87abc 47b8a65d524d473f93966d5ab3f87abc] 10.0.0.19 "GET /resource_providers/29b48d5e-0c7f-4523-b346-6bed1dd36c90/aggregates" status: 404 len: 235 microversion: 1.1 [pid: 7|app: 0|req: 355/705] 10.0.0.19 () {32 vars in 815 bytes} [Tue Aug 11 16:50:52 2026] GET /resource_providers/29b48d5e-0c7f-4523-b346-6bed1dd36c90/aggregates => generated 235 bytes in 10 msecs (HTTP/1.1 404) 5 headers in 202 bytes (1 switches on core 0)
2026-08-11 16:50:52.180 8 INFO placement.requestlog [None req-7a9b0be5-564f-44ea-9bfd-ebdac6addd06 b96ecceba5484a68ab7beb783d3507e5 db8b96d4cd52493e8597a8661ee73ed4 - - 47b8a65d524d473f93966d5ab3f87abc 47b8a65d524d473f93966d5ab3f87abc] 10.0.0.19 "GET /resource_providers/29b48d5e-0c7f-4523-b346-6bed1dd36c90/aggregates" status: 404 len: 235 microversion: 1.1 [pid: 8|app: 0|req: 351/706] 10.0.0.19 () {32 vars in 815 bytes} [Tue Aug 11 16:50:52 2026] GET /resource_providers/29b48d5e-0c7f-4523-b346-6bed1dd36c90/aggregates => generated 235 bytes in 12 msecs (HTTP/1.1 404) 5 headers in 202 bytes (1 switches on core 0)
2026-08-11 16:50:52.196 7 INFO placement.requestlog [None req-48c95fe9-9b00-4e81-aaa2-c392d9327297 b96ecceba5484a68ab7beb783d3507e5 db8b96d4cd52493e8597a8661ee73ed4 - - 47b8a65d524d473f93966d5ab3f87abc 47b8a65d524d473f93966d5ab3f87abc] 10.0.0.19 "DELETE /resource_providers/29b48d5e-0c7f-4523-b346-6bed1dd36c90" status: 404 len: 246 microversion: 1.1 [pid: 7|app: 0|req: 356/707] 10.0.0.19 () {34 vars in 815 bytes} [Tue Aug 11 16:50:52 2026] DELETE /resource_providers/29b48d5e-0c7f-4523-b346-6bed1dd36c90 => generated 246 bytes in 7 msecs (HTTP/1.1 404) 6 headers in 231 bytes (1 switches on core 0)
2026-08-11 16:50:52.201 8 INFO placement.requestlog [None req-1ecb111e-44fa-4928-b98d-c9a7c057ac5a b96ecceba5484a68ab7beb783d3507e5 db8b96d4cd52493e8597a8661ee73ed4 - - 47b8a65d524d473f93966d5ab3f87abc 47b8a65d524d473f93966d5ab3f87abc] 10.0.0.19 "DELETE /resource_providers/29b48d5e-0c7f-4523-b346-6bed1dd36c90" status: 404 len: 246 microversion: 1.1 [pid: 8|app: 0|req: 352/708] 10.0.0.19 () {34 vars in 815 bytes} [Tue Aug 11 16:50:52 2026] DELETE /resource_providers/29b48d5e-0c7f-4523-b346-6bed1dd36c90 => generated 246 bytes in 11 msecs (HTTP/1.1 404) 6 headers in 231 bytes (1 switches on core 0)
2026-08-11 16:50:52.210 7 INFO placement.requestlog [None req-92f20de4-f364-4fd2-b4df-99c31a495ccd b96ecceba5484a68ab7beb783d3507e5 db8b96d4cd52493e8597a8661ee73ed4 - - 47b8a65d524d473f93966d5ab3f87abc 47b8a65d524d473f93966d5ab3f87abc] 10.0.0.19 "GET /resource_providers/0603aa02-38bd-4b78-9f09-aae1dd76ee38/aggregates" status: 404 len: 235 microversion: 1.1 [pid: 7|app: 0|req: 357/709] 10.0.0.19 () {32 vars in 815 bytes} [Tue Aug 11 16:50:52 2026] GET /resource_providers/0603aa02-38bd-4b78-9f09-aae1dd76ee38/aggregates => generated 235 bytes in 6 msecs (HTTP/1.1 404) 5 headers in 202 bytes (1 switches on core 0)
2026-08-11 16:50:52.218 8 INFO placement.requestlog [None req-bdac2a90-497e-4e8b-ac8e-97104a664885 b96ecceba5484a68ab7beb783d3507e5 db8b96d4cd52493e8597a8661ee73ed4 - - 47b8a65d524d473f93966d5ab3f87abc 47b8a65d524d473f93966d5ab3f87abc] 10.0.0.19 "GET /resource_providers/0603aa02-38bd-4b78-9f09-aae1dd76ee38/aggregates" status: 404 len: 235 microversion: 1.1 [pid: 8|app: 0|req: 353/710] 10.0.0.19 () {32 vars in 815 bytes} [Tue Aug 11 16:50:52 2026] GET /resource_providers/0603aa02-38bd-4b78-9f09-aae1dd76ee38/aggregates => generated 235 bytes in 10 msecs (HTTP/1.1 404) 5 headers in 202 bytes (1 switches on core 0)
2026-08-11 16:50:52.236 7 INFO placement.requestlog [None req-524411b3-b749-460b-b38b-4fd12dfd6d02 b96ecceba5484a68ab7beb783d3507e5 db8b96d4cd52493e8597a8661ee73ed4 - - 47b8a65d524d473f93966d5ab3f87abc 47b8a65d524d473f93966d5ab3f87abc] 10.0.0.19 "DELETE /resource_providers/0603aa02-38bd-4b78-9f09-aae1dd76ee38" status: 404 len: 246 microversion: 1.1 [pid: 7|app: 0|req: 358/711] 10.0.0.19 () {34 vars in 815 bytes} [Tue Aug 11 16:50:52 2026] DELETE /resource_providers/0603aa02-38bd-4b78-9f09-aae1dd76ee38 => generated 246 bytes in 11 msecs (HTTP/1.1 404) 6 headers in 231 bytes (1 switches on core 0)
2026-08-11 16:50:52.238 8 INFO placement.requestlog [None req-653bb465-bf56-448d-aa02-d27444a2d81c b96ecceba5484a68ab7beb783d3507e5 db8b96d4cd52493e8597a8661ee73ed4 - - 47b8a65d524d473f93966d5ab3f87abc 47b8a65d524d473f93966d5ab3f87abc] 10.0.0.19 "DELETE /resource_providers/0603aa02-38bd-4b78-9f09-aae1dd76ee38" status: 404 len: 246 microversion: 1.1 [pid: 8|app: 0|req: 354/712] 10.0.0.19 () {34 vars in 815 bytes} [Tue Aug 11 16:50:52 2026] DELETE /resource_providers/0603aa02-38bd-4b78-9f09-aae1dd76ee38 => generated 246 bytes in 10 msecs (HTTP/1.1 404) 6 headers in 231 bytes (1 switches on core 0)
2026-08-11 16:50:53.216 7 INFO placement.requestlog [None req-788f6c9d-7d45-4753-8689-cd2ba35b32fe - - - - - -] 10.0.0.56 "GET /" status: 200 len: 136 microversion: 1.0
2026-08-11 16:50:53.216 8 INFO placement.requestlog [None req-cb79b83a-a07f-4a0f-a3c4-507ae0819933 - - - - - -] 10.0.0.56 "GET /" status: 200 len: 136 microversion: 1.0
2026-08-11 16:50:55.609 8 INFO placement.requestlog [req-92ed449a-63e7-49da-95ee-be4df4201e60 req-7e83fa81-d1d7-4c97-a5c0-47e73fdb8f68 51b55f77149049b89830e85721014ed4 db8b96d4cd52493e8597a8661ee73ed4 - - 47b8a65d524d473f93966d5ab3f87abc 47b8a65d524d473f93966d5ab3f87abc] 10.0.0.65 "GET /allocation_candidates?limit=1000&resources=DISK_GB%3A1%2CMEMORY_MB%3A512%2CVCPU%3A1&root_required=%21COMPUTE_STATUS_DISABLED" status: 200 len: 2783 microversion: 1.36 [pid: 8|app: 0|req: 356/715] 10.0.0.65 () {34 vars in 1011 bytes} [Tue Aug 11 16:50:55 2026] GET /allocation_candidates?limit=1000&resources=DISK_GB%3A1%2CMEMORY_MB%3A512%2CVCPU%3A1&root_required=%21COMPUTE_STATUS_DISABLED => generated 2783 bytes in 41 msecs (HTTP/1.1 200) 8 headers in 297 bytes (1 switches on core 0)
2026-08-11 16:50:55.652 7 INFO placement.requestlog [req-92ed449a-63e7-49da-95ee-be4df4201e60 req-996b50c6-b285-4f29-97a1-2e7d677d2416 51b55f77149049b89830e85721014ed4 db8b96d4cd52493e8597a8661ee73ed4 - - 47b8a65d524d473f93966d5ab3f87abc 47b8a65d524d473f93966d5ab3f87abc] 10.0.0.65 "GET /allocations/bc41adb6-633c-4c3a-82f9-2221ec5b4309" status: 200 len: 19 microversion: 1.28 [pid: 7|app: 0|req: 360/716] 10.0.0.65 () {34 vars in 860 bytes} [Tue Aug 11 16:50:55 2026] GET /allocations/bc41adb6-633c-4c3a-82f9-2221ec5b4309 => generated 19 bytes in 19 msecs (HTTP/1.1 200) 8 headers in 295 bytes (1 switches on core 0)
2026-08-11 16:50:55.715 8 INFO placement.requestlog [req-92ed449a-63e7-49da-95ee-be4df4201e60 req-66410df2-3644-4df5-b338-9cb2f6f23038 51b55f77149049b89830e85721014ed4 db8b96d4cd52493e8597a8661ee73ed4 - - 47b8a65d524d473f93966d5ab3f87abc 47b8a65d524d473f93966d5ab3f87abc] 10.0.0.65 "PUT /allocations/bc41adb6-633c-4c3a-82f9-2221ec5b4309" status: 204 len: 0 microversion: 1.36 [pid: 8|app: 0|req: 357/717] 10.0.0.65 () {38 vars in 913 bytes} [Tue Aug 11 16:50:55 2026] PUT /allocations/bc41adb6-633c-4c3a-82f9-2221ec5b4309 => generated 0 bytes in 57 msecs (HTTP/1.1 204) 5 headers in 199 bytes (1 switches on core 0)
2026-08-11 16:50:57.227 7 INFO placement.requestlog [req-92ed449a-63e7-49da-95ee-be4df4201e60 req-deb9c38b-47a4-4888-995b-763f50704556 51b55f77149049b89830e85721014ed4 db8b96d4cd52493e8597a8661ee73ed4 - - 47b8a65d524d473f93966d5ab3f87abc 47b8a65d524d473f93966d5ab3f87abc] 199.204.45.205 "GET /allocations/bc41adb6-633c-4c3a-82f9-2221ec5b4309" status: 200 len: 257 microversion: 1.28 [pid: 7|app: 0|req: 361/718] 199.204.45.205 () {34 vars in 863 bytes} [Tue Aug 11 16:50:57 2026] GET /allocations/bc41adb6-633c-4c3a-82f9-2221ec5b4309 => generated 257 bytes in 14 msecs (HTTP/1.1 200) 8 headers in 296 bytes (1 switches on core 0)
2026-08-11 16:50:58.291 8 INFO placement.requestlog [req-92ed449a-63e7-49da-95ee-be4df4201e60 req-c535e9bb-dbf6-4c31-a96f-98f5858c840a 51b55f77149049b89830e85721014ed4 db8b96d4cd52493e8597a8661ee73ed4 - - 47b8a65d524d473f93966d5ab3f87abc 47b8a65d524d473f93966d5ab3f87abc] 199.204.45.205 "GET /resource_providers/081c1bcf-7024-40cf-a26a-2ed895a8fd80/allocations" status: 200 len: 252 microversion: 1.0 [pid: 8|app: 0|req: 358/719] 199.204.45.205 () {32 vars in 857 bytes} [Tue Aug 11 16:50:58 2026] GET /resource_providers/081c1bcf-7024-40cf-a26a-2ed895a8fd80/allocations => generated 252 bytes in 25 msecs (HTTP/1.1 200) 6 headers in 224 bytes (1 switches on core 0)
2026-08-11 16:50:58.320 7 INFO placement.requestlog [req-92ed449a-63e7-49da-95ee-be4df4201e60 req-cd6fd71a-eefb-42b8-8a05-911116f3c8ce 51b55f77149049b89830e85721014ed4 db8b96d4cd52493e8597a8661ee73ed4 - - 47b8a65d524d473f93966d5ab3f87abc 47b8a65d524d473f93966d5ab3f87abc] 199.204.45.205 "GET /allocations/bc41adb6-633c-4c3a-82f9-2221ec5b4309" status: 200 len: 257 microversion: 1.28 [pid: 7|app: 0|req: 362/720] 199.204.45.205 () {34 vars in 863 bytes} [Tue Aug 11 16:50:58 2026] GET /allocations/bc41adb6-633c-4c3a-82f9-2221ec5b4309 => generated 257 bytes in 21 msecs (HTTP/1.1 200) 8 headers in 296 bytes (1 switches on core 0)
2026-08-11 16:50:58.336 8 INFO placement.requestlog [req-92ed449a-63e7-49da-95ee-be4df4201e60 req-bf9172ac-c1ca-4599-b452-df508067a377 51b55f77149049b89830e85721014ed4 db8b96d4cd52493e8597a8661ee73ed4 - - 47b8a65d524d473f93966d5ab3f87abc 47b8a65d524d473f93966d5ab3f87abc] 199.204.45.205 "GET /allocations/f1b5da14-4115-4dad-bed5-9f7ff3a26438" status: 200 len: 257 microversion: 1.28 [pid: 8|app: 0|req: 359/721] 199.204.45.205 () {34 vars in 863 bytes} [Tue Aug 11 16:50:58 2026] GET /allocations/f1b5da14-4115-4dad-bed5-9f7ff3a26438 => generated 257 bytes in 11 msecs (HTTP/1.1 200) 8 headers in 296 bytes (1 switches on core 0)
2026-08-11 16:51:03.216 7 INFO placement.requestlog [None req-38fcccb4-e969-462a-a75e-1298c47e6121 - - - - - -] 10.0.0.56 "GET /" status: 200 len: 136 microversion: 1.0
2026-08-11 16:51:03.217 8 INFO placement.requestlog [None req-43912db9-909d-4651-92a1-753d927c291c - - - - - -] 10.0.0.56 "GET /" status: 200 len: 136 microversion: 1.0
2026-08-11 16:51:04.574 7 INFO placement.requestlog [None req-2261b880-6890-4070-9796-610aa6c3c8d9 b96ecceba5484a68ab7beb783d3507e5 db8b96d4cd52493e8597a8661ee73ed4 - - 47b8a65d524d473f93966d5ab3f87abc 47b8a65d524d473f93966d5ab3f87abc] 10.0.0.19 "GET /resource_providers/b51d0803-460e-465a-92c7-dde9aa432ac2/aggregates" status: 404 len: 235 microversion: 1.1 [pid: 7|app: 0|req: 364/724] 10.0.0.19 () {32 vars in 815 bytes} [Tue Aug 11 16:51:04 2026] GET /resource_providers/b51d0803-460e-465a-92c7-dde9aa432ac2/aggregates => generated 235 bytes in 8 msecs (HTTP/1.1 404) 5 headers in 202 bytes (1 switches on core 0)
2026-08-11 16:51:04.576 8 INFO placement.requestlog [None req-e2d7a0ad-a738-45b7-ac13-06d21bc9155b b96ecceba5484a68ab7beb783d3507e5 db8b96d4cd52493e8597a8661ee73ed4 - - 47b8a65d524d473f93966d5ab3f87abc 47b8a65d524d473f93966d5ab3f87abc] 10.0.0.19 "GET /resource_providers/b51d0803-460e-465a-92c7-dde9aa432ac2/aggregates" status: 404 len: 235 microversion: 1.1 [pid: 8|app: 0|req: 361/725] 10.0.0.19 () {32 vars in 815 bytes} [Tue Aug 11 16:51:04 2026] GET /resource_providers/b51d0803-460e-465a-92c7-dde9aa432ac2/aggregates => generated 235 bytes in 10 msecs (HTTP/1.1 404) 5 headers in 202 bytes (1 switches on core 0)
2026-08-11 16:51:04.592 7 INFO placement.requestlog [None req-ad124a99-b452-43e8-8330-e40204c6b081 b96ecceba5484a68ab7beb783d3507e5 db8b96d4cd52493e8597a8661ee73ed4 - - 47b8a65d524d473f93966d5ab3f87abc 47b8a65d524d473f93966d5ab3f87abc] 10.0.0.19 "DELETE /resource_providers/b51d0803-460e-465a-92c7-dde9aa432ac2" status: 404 len: 246 microversion: 1.1 [pid: 7|app: 0|req: 365/726] 10.0.0.19 () {34 vars in 815 bytes} [Tue Aug 11 16:51:04 2026] DELETE /resource_providers/b51d0803-460e-465a-92c7-dde9aa432ac2 => generated 246 bytes in 7 msecs (HTTP/1.1 404) 6 headers in 231 bytes (1 switches on core 0)
2026-08-11 16:51:04.603 8 INFO placement.requestlog [None req-baedca7c-af96-4d40-97c2-7bd9fba9c03e b96ecceba5484a68ab7beb783d3507e5 db8b96d4cd52493e8597a8661ee73ed4 - - 47b8a65d524d473f93966d5ab3f87abc 47b8a65d524d473f93966d5ab3f87abc] 10.0.0.19 "DELETE /resource_providers/b51d0803-460e-465a-92c7-dde9aa432ac2" status: 404 len: 246 microversion: 1.1 [pid: 8|app: 0|req: 362/727] 10.0.0.19 () {34 vars in 815 bytes} [Tue Aug 11 16:51:04 2026] DELETE /resource_providers/b51d0803-460e-465a-92c7-dde9aa432ac2 => generated 246 bytes in 11 msecs (HTTP/1.1 404) 6 headers in 231 bytes (1 switches on core 0)
2026-08-11 16:51:06.629 8 INFO placement.requestlog [None req-dc17a6bd-21a1-49f6-94f1-747355837047 b96ecceba5484a68ab7beb783d3507e5 db8b96d4cd52493e8597a8661ee73ed4 - - 47b8a65d524d473f93966d5ab3f87abc 47b8a65d524d473f93966d5ab3f87abc] 10.0.0.19 "GET /resource_providers/b18fdddb-c7a5-44dc-bfba-b0b7f6d2e37f/aggregates" status: 404 len: 235 microversion: 1.1 [pid: 8|app: 0|req: 363/728] 10.0.0.19 () {32 vars in 815 bytes} [Tue Aug 11 16:51:06 2026] GET /resource_providers/b18fdddb-c7a5-44dc-bfba-b0b7f6d2e37f/aggregates => generated 235 bytes in 18 msecs (HTTP/1.1 404) 5 headers in 202 bytes (1 switches on core 0)
2026-08-11 16:51:06.638 7 INFO placement.requestlog [None req-90d39e6f-50f3-4c9e-9cef-df6abb9f3573 b96ecceba5484a68ab7beb783d3507e5 db8b96d4cd52493e8597a8661ee73ed4 - - 47b8a65d524d473f93966d5ab3f87abc 47b8a65d524d473f93966d5ab3f87abc] 10.0.0.19 "GET /resource_providers/b18fdddb-c7a5-44dc-bfba-b0b7f6d2e37f/aggregates" status: 404 len: 235 microversion: 1.1 [pid: 7|app: 0|req: 366/729] 10.0.0.19 () {32 vars in 815 bytes} [Tue Aug 11 16:51:06 2026] GET /resource_providers/b18fdddb-c7a5-44dc-bfba-b0b7f6d2e37f/aggregates => generated 235 bytes in 29 msecs (HTTP/1.1 404) 5 headers in 202 bytes (1 switches on core 0)
2026-08-11 16:51:06.645 8 INFO placement.requestlog [None req-2dc5eacc-efe4-4df3-8d52-948e25b91c59 b96ecceba5484a68ab7beb783d3507e5 db8b96d4cd52493e8597a8661ee73ed4 - - 47b8a65d524d473f93966d5ab3f87abc 47b8a65d524d473f93966d5ab3f87abc] 10.0.0.19 "DELETE /resource_providers/b18fdddb-c7a5-44dc-bfba-b0b7f6d2e37f" status: 404 len: 246 microversion: 1.1 [pid: 8|app: 0|req: 364/730] 10.0.0.19 () {34 vars in 815 bytes} [Tue Aug 11 16:51:06 2026] DELETE /resource_providers/b18fdddb-c7a5-44dc-bfba-b0b7f6d2e37f => generated 246 bytes in 7 msecs (HTTP/1.1 404) 6 headers in 231 bytes (1 switches on core 0)
2026-08-11 16:51:06.664 7 INFO placement.requestlog [None req-ef5ee6e0-f1a4-4524-ad3d-0d267b3dedba b96ecceba5484a68ab7beb783d3507e5 db8b96d4cd52493e8597a8661ee73ed4 - - 47b8a65d524d473f93966d5ab3f87abc 47b8a65d524d473f93966d5ab3f87abc] 10.0.0.19 "DELETE /resource_providers/b18fdddb-c7a5-44dc-bfba-b0b7f6d2e37f" status: 404 len: 246 microversion: 1.1 [pid: 7|app: 0|req: 367/731] 10.0.0.19 () {34 vars in 815 bytes} [Tue Aug 11 16:51:06 2026] DELETE /resource_providers/b18fdddb-c7a5-44dc-bfba-b0b7f6d2e37f => generated 246 bytes in 16 msecs (HTTP/1.1 404) 6 headers in 231 bytes (1 switches on core 0)
2026-08-11 16:51:08.421 8 INFO placement.requestlog [None req-406dcb15-70c6-4f3f-87a9-73caa95d5164 b96ecceba5484a68ab7beb783d3507e5 db8b96d4cd52493e8597a8661ee73ed4 - - 47b8a65d524d473f93966d5ab3f87abc 47b8a65d524d473f93966d5ab3f87abc] 10.0.0.19 "GET /resource_providers/0262bdc3-d6c5-44e0-9096-1a3626cb651d/aggregates" status: 404 len: 235 microversion: 1.1 [pid: 8|app: 0|req: 365/732] 10.0.0.19 () {32 vars in 815 bytes} [Tue Aug 11 16:51:08 2026] GET /resource_providers/0262bdc3-d6c5-44e0-9096-1a3626cb651d/aggregates => generated 235 bytes in 10 msecs (HTTP/1.1 404) 5 headers in 202 bytes (1 switches on core 0)
2026-08-11 16:51:08.425 7 INFO placement.requestlog [None req-25a0e28c-b852-46d2-9010-c1b958b8e0cc b96ecceba5484a68ab7beb783d3507e5 db8b96d4cd52493e8597a8661ee73ed4 - - 47b8a65d524d473f93966d5ab3f87abc 47b8a65d524d473f93966d5ab3f87abc] 10.0.0.19 "GET /resource_providers/0262bdc3-d6c5-44e0-9096-1a3626cb651d/aggregates" status: 404 len: 235 microversion: 1.1 [pid: 7|app: 0|req: 368/733] 10.0.0.19 () {32 vars in 815 bytes} [Tue Aug 11 16:51:08 2026] GET /resource_providers/0262bdc3-d6c5-44e0-9096-1a3626cb651d/aggregates => generated 235 bytes in 10 msecs (HTTP/1.1 404) 5 headers in 202 bytes (1 switches on core 0)
2026-08-11 16:51:08.445 8 INFO placement.requestlog [None req-0689f46b-6268-4e67-aef6-8f34c09fba08 b96ecceba5484a68ab7beb783d3507e5 db8b96d4cd52493e8597a8661ee73ed4 - - 47b8a65d524d473f93966d5ab3f87abc 47b8a65d524d473f93966d5ab3f87abc] 10.0.0.19 "DELETE /resource_providers/0262bdc3-d6c5-44e0-9096-1a3626cb651d" status: 404 len: 246 microversion: 1.1 [pid: 8|app: 0|req: 366/734] 10.0.0.19 () {34 vars in 815 bytes} [Tue Aug 11 16:51:08 2026] DELETE /resource_providers/0262bdc3-d6c5-44e0-9096-1a3626cb651d => generated 246 bytes in 8 msecs (HTTP/1.1 404) 6 headers in 231 bytes (1 switches on core 0)
2026-08-11 16:51:08.449 7 INFO placement.requestlog [None req-e84f51b2-6f92-4786-bafb-21c1e44205b4 b96ecceba5484a68ab7beb783d3507e5 db8b96d4cd52493e8597a8661ee73ed4 - - 47b8a65d524d473f93966d5ab3f87abc 47b8a65d524d473f93966d5ab3f87abc] 10.0.0.19 "DELETE /resource_providers/0262bdc3-d6c5-44e0-9096-1a3626cb651d" status: 404 len: 246 microversion: 1.1 [pid: 7|app: 0|req: 369/735] 10.0.0.19 () {34 vars in 815 bytes} [Tue Aug 11 16:51:08 2026] DELETE /resource_providers/0262bdc3-d6c5-44e0-9096-1a3626cb651d => generated 246 bytes in 8 msecs (HTTP/1.1 404) 6 headers in 231 bytes (1 switches on core 0)
2026-08-11 16:51:08.903 7 INFO placement.requestlog [None req-70d55439-c437-4d59-ac7a-68e512edcfe7 b96ecceba5484a68ab7beb783d3507e5 db8b96d4cd52493e8597a8661ee73ed4 - - 47b8a65d524d473f93966d5ab3f87abc 47b8a65d524d473f93966d5ab3f87abc] 10.0.0.19 "GET /resource_providers/3ffa2a19-2071-4913-8a70-eaf376c29930/aggregates" status: 404 len: 235 microversion: 1.1 [pid: 7|app: 0|req: 370/736] 10.0.0.19 () {32 vars in 815 bytes} [Tue Aug 11 16:51:08 2026] GET /resource_providers/3ffa2a19-2071-4913-8a70-eaf376c29930/aggregates => generated 235 bytes in 13 msecs (HTTP/1.1 404) 5 headers in 202 bytes (1 switches on core 0)
2026-08-11 16:51:08.905 8 INFO placement.requestlog [None req-7d93128d-f519-4bab-a54c-9af4badfe6cc b96ecceba5484a68ab7beb783d3507e5 db8b96d4cd52493e8597a8661ee73ed4 - - 47b8a65d524d473f93966d5ab3f87abc 47b8a65d524d473f93966d5ab3f87abc] 10.0.0.19 "GET /resource_providers/3ffa2a19-2071-4913-8a70-eaf376c29930/aggregates" status: 404 len: 235 microversion: 1.1 [pid: 8|app: 0|req: 367/737] 10.0.0.19 () {32 vars in 815 bytes} [Tue Aug 11 16:51:08 2026] GET /resource_providers/3ffa2a19-2071-4913-8a70-eaf376c29930/aggregates => generated 235 bytes in 15 msecs (HTTP/1.1 404) 5 headers in 202 bytes (1 switches on core 0)
2026-08-11 16:51:08.937 8 INFO placement.requestlog [None req-cd35e908-7477-4c1b-af4b-4333fc0b5f66 b96ecceba5484a68ab7beb783d3507e5 db8b96d4cd52493e8597a8661ee73ed4 - - 47b8a65d524d473f93966d5ab3f87abc 47b8a65d524d473f93966d5ab3f87abc] 10.0.0.19 "DELETE /resource_providers/3ffa2a19-2071-4913-8a70-eaf376c29930" status: 404 len: 246 microversion: 1.1 [pid: 8|app: 0|req: 368/738] 10.0.0.19 () {34 vars in 815 bytes} [Tue Aug 11 16:51:08 2026] DELETE /resource_providers/3ffa2a19-2071-4913-8a70-eaf376c29930 => generated 246 bytes in 11 msecs (HTTP/1.1 404) 6 headers in 231 bytes (1 switches on core 0)
2026-08-11 16:51:08.938 7 INFO placement.requestlog [None req-97c8d8ac-fd05-479f-a5f7-a9415dae3e75 b96ecceba5484a68ab7beb783d3507e5 db8b96d4cd52493e8597a8661ee73ed4 - - 47b8a65d524d473f93966d5ab3f87abc 47b8a65d524d473f93966d5ab3f87abc] 10.0.0.19 "DELETE /resource_providers/3ffa2a19-2071-4913-8a70-eaf376c29930" status: 404 len: 246 microversion: 1.1 [pid: 7|app: 0|req: 371/739] 10.0.0.19 () {34 vars in 815 bytes} [Tue Aug 11 16:51:08 2026] DELETE /resource_providers/3ffa2a19-2071-4913-8a70-eaf376c29930 => generated 246 bytes in 14 msecs (HTTP/1.1 404) 6 headers in 231 bytes (1 switches on core 0)
2026-08-11 16:51:10.961 7 INFO placement.requestlog [None req-ffbd2cc8-f0b0-44f8-b645-5c8718ba1b36 b96ecceba5484a68ab7beb783d3507e5 db8b96d4cd52493e8597a8661ee73ed4 - - 47b8a65d524d473f93966d5ab3f87abc 47b8a65d524d473f93966d5ab3f87abc] 10.0.0.19 "GET /resource_providers/7b97ebce-025e-4feb-b839-6d8a69c887d4/aggregates" status: 404 len: 235 microversion: 1.1 [pid: 7|app: 0|req: 372/740] 10.0.0.19 () {32 vars in 815 bytes} [Tue Aug 11 16:51:10 2026] GET /resource_providers/7b97ebce-025e-4feb-b839-6d8a69c887d4/aggregates => generated 235 bytes in 9 msecs (HTTP/1.1 404) 5 headers in 202 bytes (1 switches on core 0)
2026-08-11 16:51:10.973 8 INFO placement.requestlog [None req-e08056d0-32fe-4c24-aaa7-9617c7bce580 b96ecceba5484a68ab7beb783d3507e5 db8b96d4cd52493e8597a8661ee73ed4 - - 47b8a65d524d473f93966d5ab3f87abc 47b8a65d524d473f93966d5ab3f87abc] 10.0.0.19 "GET /resource_providers/7b97ebce-025e-4feb-b839-6d8a69c887d4/aggregates" status: 404 len: 235 microversion: 1.1 [pid: 8|app: 0|req: 369/741] 10.0.0.19 () {32 vars in 815 bytes} [Tue Aug 11 16:51:10 2026] GET /resource_providers/7b97ebce-025e-4feb-b839-6d8a69c887d4/aggregates => generated 235 bytes in 21 msecs (HTTP/1.1 404) 5 headers in 202 bytes (1 switches on core 0)
2026-08-11 16:51:10.992 7 INFO placement.requestlog [None req-583f9a9a-bd23-4887-a5cb-1e71874841a4 b96ecceba5484a68ab7beb783d3507e5 db8b96d4cd52493e8597a8661ee73ed4 - - 47b8a65d524d473f93966d5ab3f87abc 47b8a65d524d473f93966d5ab3f87abc] 10.0.0.19 "DELETE /resource_providers/7b97ebce-025e-4feb-b839-6d8a69c887d4" status: 404 len: 246 microversion: 1.1 [pid: 7|app: 0|req: 373/742] 10.0.0.19 () {34 vars in 815 bytes} [Tue Aug 11 16:51:10 2026] DELETE /resource_providers/7b97ebce-025e-4feb-b839-6d8a69c887d4 => generated 246 bytes in 8 msecs (HTTP/1.1 404) 6 headers in 231 bytes (1 switches on core 0)
2026-08-11 16:51:11.000 8 INFO placement.requestlog [None req-6c4bec5b-c82f-46c0-9e94-9d4f4eafdfe9 b96ecceba5484a68ab7beb783d3507e5 db8b96d4cd52493e8597a8661ee73ed4 - - 47b8a65d524d473f93966d5ab3f87abc 47b8a65d524d473f93966d5ab3f87abc] 10.0.0.19 "DELETE /resource_providers/7b97ebce-025e-4feb-b839-6d8a69c887d4" status: 404 len: 246 microversion: 1.1 [pid: 8|app: 0|req: 370/743] 10.0.0.19 () {34 vars in 815 bytes} [Tue Aug 11 16:51:10 2026] DELETE /resource_providers/7b97ebce-025e-4feb-b839-6d8a69c887d4 => generated 246 bytes in 15 msecs (HTTP/1.1 404) 6 headers in 231 bytes (1 switches on core 0)
2026-08-11 16:51:11.018 8 INFO placement.requestlog [None req-bc314190-f4a6-441c-ac00-fd8f976be392 b96ecceba5484a68ab7beb783d3507e5 db8b96d4cd52493e8597a8661ee73ed4 - - 47b8a65d524d473f93966d5ab3f87abc 47b8a65d524d473f93966d5ab3f87abc] 10.0.0.19 "GET /resource_providers/f859f2d2-de74-4991-b17c-7fd42f723288/aggregates" status: 404 len: 235 microversion: 1.1 [pid: 8|app: 0|req: 371/744] 10.0.0.19 () {32 vars in 815 bytes} [Tue Aug 11 16:51:11 2026] GET /resource_providers/f859f2d2-de74-4991-b17c-7fd42f723288/aggregates => generated 235 bytes in 9 msecs (HTTP/1.1 404) 5 headers in 202 bytes (1 switches on core 0)
2026-08-11 16:51:11.018 7 INFO placement.requestlog [None req-56033955-7e2f-46db-9e4a-cfd47ce6c657 b96ecceba5484a68ab7beb783d3507e5 db8b96d4cd52493e8597a8661ee73ed4 - - 47b8a65d524d473f93966d5ab3f87abc 47b8a65d524d473f93966d5ab3f87abc] 10.0.0.19 "GET /resource_providers/f859f2d2-de74-4991-b17c-7fd42f723288/aggregates" status: 404 len: 235 microversion: 1.1 [pid: 7|app: 0|req: 374/745] 10.0.0.19 () {32 vars in 815 bytes} [Tue Aug 11 16:51:11 2026] GET /resource_providers/f859f2d2-de74-4991-b17c-7fd42f723288/aggregates => generated 235 bytes in 12 msecs (HTTP/1.1 404) 5 headers in 202 bytes (1 switches on core 0)
2026-08-11 16:51:11.047 8 INFO placement.requestlog [None req-026bd6f0-c37f-4265-b76b-716025e585a8 b96ecceba5484a68ab7beb783d3507e5 db8b96d4cd52493e8597a8661ee73ed4 - - 47b8a65d524d473f93966d5ab3f87abc 47b8a65d524d473f93966d5ab3f87abc] 10.0.0.19 "DELETE /resource_providers/f859f2d2-de74-4991-b17c-7fd42f723288" status: 404 len: 246 microversion: 1.1 [pid: 8|app: 0|req: 372/746] 10.0.0.19 () {34 vars in 815 bytes} [Tue Aug 11 16:51:11 2026] DELETE /resource_providers/f859f2d2-de74-4991-b17c-7fd42f723288 => generated 246 bytes in 13 msecs (HTTP/1.1 404) 6 headers in 231 bytes (1 switches on core 0)
2026-08-11 16:51:11.049 7 INFO placement.requestlog [None req-fb7c7262-6226-400f-8ae7-0d469075de6d b96ecceba5484a68ab7beb783d3507e5 db8b96d4cd52493e8597a8661ee73ed4 - - 47b8a65d524d473f93966d5ab3f87abc 47b8a65d524d473f93966d5ab3f87abc] 10.0.0.19 "DELETE /resource_providers/f859f2d2-de74-4991-b17c-7fd42f723288" status: 404 len: 246 microversion: 1.1 [pid: 7|app: 0|req: 375/747] 10.0.0.19 () {34 vars in 815 bytes} [Tue Aug 11 16:51:11 2026] DELETE /resource_providers/f859f2d2-de74-4991-b17c-7fd42f723288 => generated 246 bytes in 12 msecs (HTTP/1.1 404) 6 headers in 231 bytes (1 switches on core 0)
2026-08-11 16:51:13.216 8 INFO placement.requestlog [None req-fc290dfc-b0b7-4e72-aa22-c9ecb8603cfd - - - - - -] 10.0.0.56 "GET /" status: 200 len: 136 microversion: 1.0
2026-08-11 16:51:13.216 7 INFO placement.requestlog [None req-c95b0606-bbb4-4260-a3ab-c9b4cde59af3 - - - - - -] 10.0.0.56 "GET /" status: 200 len: 136 microversion: 1.0
2026-08-11 16:51:14.581 8 INFO placement.requestlog [None req-75f4f557-1177-421f-96d0-d9df8593c2f4 b96ecceba5484a68ab7beb783d3507e5 db8b96d4cd52493e8597a8661ee73ed4 - - 47b8a65d524d473f93966d5ab3f87abc 47b8a65d524d473f93966d5ab3f87abc] 10.0.0.19 "GET /resource_providers/ea16a9cf-4c8f-49ff-9261-3d585af7216f/aggregates" status: 404 len: 235 microversion: 1.1 [pid: 8|app: 0|req: 374/750] 10.0.0.19 () {32 vars in 815 bytes} [Tue Aug 11 16:51:14 2026] GET /resource_providers/ea16a9cf-4c8f-49ff-9261-3d585af7216f/aggregates => generated 235 bytes in 8 msecs (HTTP/1.1 404) 5 headers in 202 bytes (1 switches on core 0)
2026-08-11 16:51:14.586 7 INFO placement.requestlog [None req-bbe34bf1-afb8-4bce-a8b1-db1df5fa9c9e b96ecceba5484a68ab7beb783d3507e5 db8b96d4cd52493e8597a8661ee73ed4 - - 47b8a65d524d473f93966d5ab3f87abc 47b8a65d524d473f93966d5ab3f87abc] 10.0.0.19 "GET /resource_providers/ea16a9cf-4c8f-49ff-9261-3d585af7216f/aggregates" status: 404 len: 235 microversion: 1.1 [pid: 7|app: 0|req: 377/751] 10.0.0.19 () {32 vars in 815 bytes} [Tue Aug 11 16:51:14 2026] GET /resource_providers/ea16a9cf-4c8f-49ff-9261-3d585af7216f/aggregates => generated 235 bytes in 12 msecs (HTTP/1.1 404) 5 headers in 202 bytes (1 switches on core 0)
2026-08-11 16:51:14.608 8 INFO placement.requestlog [None req-539eaf1e-5650-4faa-857b-6fb2d16098b7 b96ecceba5484a68ab7beb783d3507e5 db8b96d4cd52493e8597a8661ee73ed4 - - 47b8a65d524d473f93966d5ab3f87abc 47b8a65d524d473f93966d5ab3f87abc] 10.0.0.19 "DELETE /resource_providers/ea16a9cf-4c8f-49ff-9261-3d585af7216f" status: 404 len: 246 microversion: 1.1 [pid: 8|app: 0|req: 375/752] 10.0.0.19 () {34 vars in 815 bytes} [Tue Aug 11 16:51:14 2026] DELETE /resource_providers/ea16a9cf-4c8f-49ff-9261-3d585af7216f => generated 246 bytes in 12 msecs (HTTP/1.1 404) 6 headers in 231 bytes (1 switches on core 0)
2026-08-11 16:51:14.613 7 INFO placement.requestlog [None req-ecfaae94-0163-4330-9232-f67e95aa5c29 b96ecceba5484a68ab7beb783d3507e5 db8b96d4cd52493e8597a8661ee73ed4 - - 47b8a65d524d473f93966d5ab3f87abc 47b8a65d524d473f93966d5ab3f87abc] 10.0.0.19 "DELETE /resource_providers/ea16a9cf-4c8f-49ff-9261-3d585af7216f" status: 404 len: 246 microversion: 1.1 [pid: 7|app: 0|req: 378/753] 10.0.0.19 () {34 vars in 815 bytes} [Tue Aug 11 16:51:14 2026] DELETE /resource_providers/ea16a9cf-4c8f-49ff-9261-3d585af7216f => generated 246 bytes in 9 msecs (HTTP/1.1 404) 6 headers in 231 bytes (1 switches on core 0)
2026-08-11 16:51:14.697 8 INFO placement.requestlog [req-fe708391-6c0e-47bf-866c-a87de21da7d5 req-192849c4-c877-4669-926a-eb40147c7c24 51b55f77149049b89830e85721014ed4 db8b96d4cd52493e8597a8661ee73ed4 - - 47b8a65d524d473f93966d5ab3f87abc 47b8a65d524d473f93966d5ab3f87abc] 199.204.45.205 "GET /resource_providers/081c1bcf-7024-40cf-a26a-2ed895a8fd80/allocations" status: 200 len: 252 microversion: 1.0 [pid: 8|app: 0|req: 376/754] 199.204.45.205 () {32 vars in 857 bytes} [Tue Aug 11 16:51:14 2026] GET /resource_providers/081c1bcf-7024-40cf-a26a-2ed895a8fd80/allocations => generated 252 bytes in 16 msecs (HTTP/1.1 200) 6 headers in 224 bytes (1 switches on core 0)
2026-08-11 16:51:14.717 7 INFO placement.requestlog [req-fe708391-6c0e-47bf-866c-a87de21da7d5 req-96d71e5a-a3d6-44d3-8033-a7523c6a78ef 51b55f77149049b89830e85721014ed4 db8b96d4cd52493e8597a8661ee73ed4 - - 47b8a65d524d473f93966d5ab3f87abc 47b8a65d524d473f93966d5ab3f87abc] 199.204.45.205 "GET /allocations/bc41adb6-633c-4c3a-82f9-2221ec5b4309" status: 200 len: 257 microversion: 1.28 [pid: 7|app: 0|req: 379/755] 199.204.45.205 () {34 vars in 863 bytes} [Tue Aug 11 16:51:14 2026] GET /allocations/bc41adb6-633c-4c3a-82f9-2221ec5b4309 => generated 257 bytes in 15 msecs (HTTP/1.1 200) 8 headers in 296 bytes (1 switches on core 0)
2026-08-11 16:51:14.735 8 INFO placement.requestlog [req-fe708391-6c0e-47bf-866c-a87de21da7d5 req-b5592558-4d87-4c1d-9df6-494fd1fcb6f4 51b55f77149049b89830e85721014ed4 db8b96d4cd52493e8597a8661ee73ed4 - - 47b8a65d524d473f93966d5ab3f87abc 47b8a65d524d473f93966d5ab3f87abc] 199.204.45.205 "GET /allocations/f1b5da14-4115-4dad-bed5-9f7ff3a26438" status: 200 len: 257 microversion: 1.28 [pid: 8|app: 0|req: 377/756] 199.204.45.205 () {34 vars in 863 bytes} [Tue Aug 11 16:51:14 2026] GET /allocations/f1b5da14-4115-4dad-bed5-9f7ff3a26438 => generated 257 bytes in 13 msecs (HTTP/1.1 200) 8 headers in 296 bytes (1 switches on core 0)
2026-08-11 16:51:15.783 7 INFO placement.requestlog [req-fe708391-6c0e-47bf-866c-a87de21da7d5 req-f489ef9b-e1be-4b95-a8da-012f116a598c 51b55f77149049b89830e85721014ed4 db8b96d4cd52493e8597a8661ee73ed4 - - 47b8a65d524d473f93966d5ab3f87abc 47b8a65d524d473f93966d5ab3f87abc] 199.204.45.205 "DELETE /allocations/bc41adb6-633c-4c3a-82f9-2221ec5b4309" status: 204 len: 0 microversion: 1.0 [pid: 7|app: 0|req: 380/757] 199.204.45.205 () {34 vars in 841 bytes} [Tue Aug 11 16:51:15 2026] DELETE /allocations/bc41adb6-633c-4c3a-82f9-2221ec5b4309 => generated 0 bytes in 22 msecs (HTTP/1.1 204) 5 headers in 198 bytes (1 switches on core 0)
2026-08-11 16:51:16.031 8 INFO placement.requestlog [None req-0d469506-92d3-45b4-b3a5-3af2aea657c9 b96ecceba5484a68ab7beb783d3507e5 db8b96d4cd52493e8597a8661ee73ed4 - - 47b8a65d524d473f93966d5ab3f87abc 47b8a65d524d473f93966d5ab3f87abc] 10.0.0.19 "GET /resource_providers/12210706-2050-4d7a-9820-e833e7f5bced/aggregates" status: 404 len: 235 microversion: 1.1 [pid: 8|app: 0|req: 378/758] 10.0.0.19 () {32 vars in 815 bytes} [Tue Aug 11 16:51:16 2026] GET /resource_providers/12210706-2050-4d7a-9820-e833e7f5bced/aggregates => generated 235 bytes in 9 msecs (HTTP/1.1 404) 5 headers in 202 bytes (1 switches on core 0)
2026-08-11 16:51:16.038 7 INFO placement.requestlog [None req-e26a8fcc-c5ae-41ee-ac21-63be7c98a6e8 b96ecceba5484a68ab7beb783d3507e5 db8b96d4cd52493e8597a8661ee73ed4 - - 47b8a65d524d473f93966d5ab3f87abc 47b8a65d524d473f93966d5ab3f87abc] 10.0.0.19 "GET /resource_providers/12210706-2050-4d7a-9820-e833e7f5bced/aggregates" status: 404 len: 235 microversion: 1.1 [pid: 7|app: 0|req: 381/759] 10.0.0.19 () {32 vars in 815 bytes} [Tue Aug 11 16:51:16 2026] GET /resource_providers/12210706-2050-4d7a-9820-e833e7f5bced/aggregates => generated 235 bytes in 10 msecs (HTTP/1.1 404) 5 headers in 202 bytes (1 switches on core 0)
2026-08-11 16:51:16.054 8 INFO placement.requestlog [None req-0b51eabf-1ac5-4297-bcec-d93bb9a7343b b96ecceba5484a68ab7beb783d3507e5 db8b96d4cd52493e8597a8661ee73ed4 - - 47b8a65d524d473f93966d5ab3f87abc 47b8a65d524d473f93966d5ab3f87abc] 10.0.0.19 "DELETE /resource_providers/12210706-2050-4d7a-9820-e833e7f5bced" status: 404 len: 246 microversion: 1.1 [pid: 8|app: 0|req: 379/760] 10.0.0.19 () {34 vars in 815 bytes} [Tue Aug 11 16:51:16 2026] DELETE /resource_providers/12210706-2050-4d7a-9820-e833e7f5bced => generated 246 bytes in 10 msecs (HTTP/1.1 404) 6 headers in 231 bytes (1 switches on core 0)
2026-08-11 16:51:16.060 7 INFO placement.requestlog [None req-b89ebfcc-0611-4da6-9149-919f3851f5cd b96ecceba5484a68ab7beb783d3507e5 db8b96d4cd52493e8597a8661ee73ed4 - - 47b8a65d524d473f93966d5ab3f87abc 47b8a65d524d473f93966d5ab3f87abc] 10.0.0.19 "DELETE /resource_providers/12210706-2050-4d7a-9820-e833e7f5bced" status: 404 len: 246 microversion: 1.1 [pid: 7|app: 0|req: 382/761] 10.0.0.19 () {34 vars in 815 bytes} [Tue Aug 11 16:51:16 2026] DELETE /resource_providers/12210706-2050-4d7a-9820-e833e7f5bced => generated 246 bytes in 9 msecs (HTTP/1.1 404) 6 headers in 231 bytes (1 switches on core 0)
2026-08-11 16:51:17.354 8 INFO placement.requestlog [None req-62e2133d-fdbc-468a-9c9c-eb7a2b420aaf b96ecceba5484a68ab7beb783d3507e5 db8b96d4cd52493e8597a8661ee73ed4 - - 47b8a65d524d473f93966d5ab3f87abc 47b8a65d524d473f93966d5ab3f87abc] 10.0.0.19 "GET /resource_providers/8d685f64-b851-440d-8ee2-cd15b0e94c73/aggregates" status: 404 len: 235 microversion: 1.1 [pid: 8|app: 0|req: 380/762] 10.0.0.19 () {32 vars in 815 bytes} [Tue Aug 11 16:51:17 2026] GET /resource_providers/8d685f64-b851-440d-8ee2-cd15b0e94c73/aggregates => generated 235 bytes in 8 msecs (HTTP/1.1 404) 5 headers in 202 bytes (1 switches on core 0)
2026-08-11 16:51:17.359 7 INFO placement.requestlog [None req-80f36398-541e-429f-b59a-aabcba3e5a3a b96ecceba5484a68ab7beb783d3507e5 db8b96d4cd52493e8597a8661ee73ed4 - - 47b8a65d524d473f93966d5ab3f87abc 47b8a65d524d473f93966d5ab3f87abc] 10.0.0.19 "GET /resource_providers/8d685f64-b851-440d-8ee2-cd15b0e94c73/aggregates" status: 404 len: 235 microversion: 1.1 [pid: 7|app: 0|req: 383/763] 10.0.0.19 () {32 vars in 815 bytes} [Tue Aug 11 16:51:17 2026] GET /resource_providers/8d685f64-b851-440d-8ee2-cd15b0e94c73/aggregates => generated 235 bytes in 9 msecs (HTTP/1.1 404) 5 headers in 202 bytes (1 switches on core 0)
2026-08-11 16:51:17.377 8 INFO placement.requestlog [None req-59eb2f58-7555-4419-ba8d-cdbf3f904579 b96ecceba5484a68ab7beb783d3507e5 db8b96d4cd52493e8597a8661ee73ed4 - - 47b8a65d524d473f93966d5ab3f87abc 47b8a65d524d473f93966d5ab3f87abc] 10.0.0.19 "DELETE /resource_providers/8d685f64-b851-440d-8ee2-cd15b0e94c73" status: 404 len: 246 microversion: 1.1 [pid: 8|app: 0|req: 381/764] 10.0.0.19 () {34 vars in 815 bytes} [Tue Aug 11 16:51:17 2026] DELETE /resource_providers/8d685f64-b851-440d-8ee2-cd15b0e94c73 => generated 246 bytes in 9 msecs (HTTP/1.1 404) 6 headers in 231 bytes (1 switches on core 0)
2026-08-11 16:51:17.384 7 INFO placement.requestlog [None req-03ed9d0e-9757-4489-be3f-f47fcc480abf b96ecceba5484a68ab7beb783d3507e5 db8b96d4cd52493e8597a8661ee73ed4 - - 47b8a65d524d473f93966d5ab3f87abc 47b8a65d524d473f93966d5ab3f87abc] 10.0.0.19 "DELETE /resource_providers/8d685f64-b851-440d-8ee2-cd15b0e94c73" status: 404 len: 246 microversion: 1.1 [pid: 7|app: 0|req: 384/765] 10.0.0.19 () {34 vars in 815 bytes} [Tue Aug 11 16:51:17 2026] DELETE /resource_providers/8d685f64-b851-440d-8ee2-cd15b0e94c73 => generated 246 bytes in 10 msecs (HTTP/1.1 404) 6 headers in 231 bytes (1 switches on core 0)
2026-08-11 16:51:18.971 8 INFO placement.requestlog [req-eabc633e-7941-44bd-b2c6-bf6ca1ce0a2b req-6e02dbc5-d4f3-4956-adad-97369b856de2 51b55f77149049b89830e85721014ed4 db8b96d4cd52493e8597a8661ee73ed4 - - 47b8a65d524d473f93966d5ab3f87abc 47b8a65d524d473f93966d5ab3f87abc] 199.204.45.205 "GET /resource_providers/081c1bcf-7024-40cf-a26a-2ed895a8fd80/allocations" status: 200 len: 152 microversion: 1.0 [pid: 8|app: 0|req: 382/766] 199.204.45.205 () {32 vars in 857 bytes} [Tue Aug 11 16:51:18 2026] GET /resource_providers/081c1bcf-7024-40cf-a26a-2ed895a8fd80/allocations => generated 152 bytes in 24 msecs (HTTP/1.1 200) 6 headers in 224 bytes (1 switches on core 0)
