Apr 27 12:10:14.671414 np0000170464 devstack@neutron-api.service[104394]: DEBUG neutron.pecan_wsgi.hooks.policy_enforcement [None req-f695443c-3bab-4eba-8f34-7d0684bab964 service neutron] Attributes excluded by policy engine: ['standard_attr_id'] {{(pid=104394) _exclude_attributes_by_policy /opt/stack/neutron/neutron/pecan_wsgi/hooks/policy_enforcement.py:256}}
Apr 27 12:10:14.672371 np0000170464 devstack@neutron-api.service[104394]: [pid: 104394|app: 0|req: 28/106] 199.19.213.233 () {64 vars in 1369 bytes} [Mon Apr 27 12:10:14 2026] GET /networking/v2.0/ports?device_id=manila-admin-share&binding%3Ahost_id=np0000170464 => generated 932 bytes in 47 msecs (HTTP/1.1 200) 4 headers in 157 bytes (1 switches on core 0)
Apr 27 12:10:15.203764 np0000170464 devstack@neutron-api.service[104395]: DEBUG neutron.pecan_wsgi.hooks.policy_enforcement [None req-c6f2b22a-6e50-49cc-88ad-9d7db5ed554b service neutron] Attributes excluded by policy engine: ['standard_attr_id', 'shared'] {{(pid=104395) _exclude_attributes_by_policy /opt/stack/neutron/neutron/pecan_wsgi/hooks/policy_enforcement.py:256}}
Apr 27 12:10:15.204483 np0000170464 devstack@neutron-api.service[104395]: [pid: 104395|app: 0|req: 27/107] 199.19.213.233 () {64 vars in 1367 bytes} [Mon Apr 27 12:10:15 2026] GET /networking/v2.0/subnets/a2078b67-4f85-4833-a39d-8a7fdc47c7ac => generated 625 bytes in 23 msecs (HTTP/1.1 200) 4 headers in 157 bytes (1 switches on core 0)
Apr 27 12:10:21.620295 np0000170464 devstack@neutron-api.service[104394]: DEBUG futurist.periodics [-] Submitting periodic callback 'neutron.plugins.ml2.drivers.ovn.mech_driver.ovsdb.maintenance.HashRingHealthCheckPeriodics.touch_hash_ring_node' {{(pid=104394) _process_scheduled /opt/stack/data/venv/lib/python3.12/site-packages/futurist/periodics.py:784}}
Apr 27 12:10:21.621213 np0000170464 devstack@neutron-api.service[104394]: DEBUG neutron.plugins.ml2.drivers.ovn.mech_driver.ovsdb.maintenance [-] Touching Hash Ring node "433a111c40895bd6b6d530eab80ea397" from periodic health check thread {{(pid=104394) touch_hash_ring_node /opt/stack/neutron/neutron/plugins/ml2/drivers/ovn/mech_driver/ovsdb/maintenance.py:1449}}
Apr 27 12:10:22.599096 np0000170464 devstack@neutron-api.service[104393]: DEBUG futurist.periodics [-] Submitting periodic callback 'neutron.plugins.ml2.drivers.ovn.mech_driver.ovsdb.maintenance.HashRingHealthCheckPeriodics.touch_hash_ring_node' {{(pid=104393) _process_scheduled /opt/stack/data/venv/lib/python3.12/site-packages/futurist/periodics.py:784}}
Apr 27 12:10:22.600013 np0000170464 devstack@neutron-api.service[104393]: DEBUG neutron.plugins.ml2.drivers.ovn.mech_driver.ovsdb.maintenance [-] Touching Hash Ring node "2b022cf12d3352d397e366f19c17c926" from periodic health check thread {{(pid=104393) touch_hash_ring_node /opt/stack/neutron/neutron/plugins/ml2/drivers/ovn/mech_driver/ovsdb/maintenance.py:1449}}
Apr 27 12:10:22.644678 np0000170464 devstack@neutron-api.service[104395]: DEBUG futurist.periodics [-] Submitting periodic callback 'neutron.plugins.ml2.drivers.ovn.mech_driver.ovsdb.maintenance.HashRingHealthCheckPeriodics.touch_hash_ring_node' {{(pid=104395) _process_scheduled /opt/stack/data/venv/lib/python3.12/site-packages/futurist/periodics.py:784}}
Apr 27 12:10:22.645370 np0000170464 devstack@neutron-api.service[104395]: DEBUG neutron.plugins.ml2.drivers.ovn.mech_driver.ovsdb.maintenance [-] Touching Hash Ring node "bbeeb54924e75dfbb643ebe953dd099e" from periodic health check thread {{(pid=104395) touch_hash_ring_node /opt/stack/neutron/neutron/plugins/ml2/drivers/ovn/mech_driver/ovsdb/maintenance.py:1449}}
Apr 27 12:10:22.754036 np0000170464 devstack@neutron-api.service[104392]: DEBUG futurist.periodics [-] Submitting periodic callback 'neutron.plugins.ml2.drivers.ovn.mech_driver.ovsdb.maintenance.HashRingHealthCheckPeriodics.touch_hash_ring_node' {{(pid=104392) _process_scheduled /opt/stack/data/venv/lib/python3.12/site-packages/futurist/periodics.py:784}}
Apr 27 12:10:22.754808 np0000170464 devstack@neutron-api.service[104392]: DEBUG neutron.plugins.ml2.drivers.ovn.mech_driver.ovsdb.maintenance [-] Touching Hash Ring node "a982fd86a9af56d1b71fd8b18acef453" from periodic health check thread {{(pid=104392) touch_hash_ring_node /opt/stack/neutron/neutron/plugins/ml2/drivers/ovn/mech_driver/ovsdb/maintenance.py:1449}}
Apr 27 12:10:28.726335 np0000170464 devstack@neutron-api.service[104392]: DEBUG neutron.pecan_wsgi.hooks.policy_enforcement [None req-aa298200-a802-4c81-a9b8-eaba6b7d5d57 demo demo] Attributes excluded by policy engine: ['standard_attr_id', 'provider:network_type', 'provider:physical_network', 'provider:segmentation_id'] {{(pid=104392) _exclude_attributes_by_policy /opt/stack/neutron/neutron/pecan_wsgi/hooks/policy_enforcement.py:256}}
Apr 27 12:10:28.727316 np0000170464 devstack@neutron-api.service[104392]: [pid: 104392|app: 0|req: 27/108] 199.19.213.233 () {64 vars in 1304 bytes} [Mon Apr 27 12:10:28 2026] GET /networking/v2.0/networks?router%3Aexternal=True => generated 659 bytes in 58 msecs (HTTP/1.1 200) 4 headers in 157 bytes (1 switches on core 0)
Apr 27 12:10:31.634688 np0000170464 devstack@neutron-api.service[104394]: DEBUG dbcounter [-] [104394] Writing DB stats neutron:SELECT=27,neutron:UPDATE=2 {{(pid=104394) stat_writer /opt/stack/data/venv/lib/python3.12/site-packages/dbcounter.py:115}}
Apr 27 12:10:32.613696 np0000170464 devstack@neutron-api.service[104393]: DEBUG dbcounter [-] [104393] Writing DB stats neutron:SELECT=199,neutron:INSERT=29,neutron:UPDATE=18,neutron:DELETE=2 {{(pid=104393) stat_writer /opt/stack/data/venv/lib/python3.12/site-packages/dbcounter.py:115}}
Apr 27 12:10:32.674881 np0000170464 devstack@neutron-api.service[104395]: DEBUG dbcounter [-] [104395] Writing DB stats neutron:SELECT=258,neutron:INSERT=11,neutron:UPDATE=8,neutron:DELETE=2 {{(pid=104395) stat_writer /opt/stack/data/venv/lib/python3.12/site-packages/dbcounter.py:115}}
Apr 27 12:10:33.930278 np0000170464 devstack@neutron-api.service[104393]: DEBUG neutron.pecan_wsgi.hooks.policy_enforcement [None req-683bf79c-1092-4dc0-985c-1948238608be demo demo] Attributes excluded by policy engine: ['standard_attr_id', 'provider:network_type', 'provider:physical_network', 'provider:segmentation_id'] {{(pid=104393) _exclude_attributes_by_policy /opt/stack/neutron/neutron/pecan_wsgi/hooks/policy_enforcement.py:256}}
Apr 27 12:10:33.931710 np0000170464 devstack@neutron-api.service[104393]: [pid: 104393|app: 0|req: 27/109] 199.19.213.233 () {64 vars in 1304 bytes} [Mon Apr 27 12:10:33 2026] GET /networking/v2.0/networks?router%3Aexternal=True => generated 659 bytes in 58 msecs (HTTP/1.1 200) 4 headers in 157 bytes (1 switches on core 0)
Apr 27 12:10:36.621087 np0000170464 devstack@neutron-api.service[104394]: DEBUG futurist.periodics [-] Submitting periodic callback 'neutron.plugins.ml2.drivers.ovn.mech_driver.ovsdb.maintenance.HashRingHealthCheckPeriodics.touch_hash_ring_node' {{(pid=104394) _process_scheduled /opt/stack/data/venv/lib/python3.12/site-packages/futurist/periodics.py:784}}
Apr 27 12:10:36.622623 np0000170464 devstack@neutron-api.service[104394]: DEBUG neutron.plugins.ml2.drivers.ovn.mech_driver.ovsdb.maintenance [-] Touching Hash Ring node "433a111c40895bd6b6d530eab80ea397" from periodic health check thread {{(pid=104394) touch_hash_ring_node /opt/stack/neutron/neutron/plugins/ml2/drivers/ovn/mech_driver/ovsdb/maintenance.py:1449}}
Apr 27 12:10:37.599821 np0000170464 devstack@neutron-api.service[104393]: DEBUG futurist.periodics [-] Submitting periodic callback 'neutron.plugins.ml2.drivers.ovn.mech_driver.ovsdb.maintenance.HashRingHealthCheckPeriodics.touch_hash_ring_node' {{(pid=104393) _process_scheduled /opt/stack/data/venv/lib/python3.12/site-packages/futurist/periodics.py:784}}
Apr 27 12:10:37.600680 np0000170464 devstack@neutron-api.service[104393]: DEBUG neutron.plugins.ml2.drivers.ovn.mech_driver.ovsdb.maintenance [-] Touching Hash Ring node "2b022cf12d3352d397e366f19c17c926" from periodic health check thread {{(pid=104393) touch_hash_ring_node /opt/stack/neutron/neutron/plugins/ml2/drivers/ovn/mech_driver/ovsdb/maintenance.py:1449}}
Apr 27 12:10:37.645220 np0000170464 devstack@neutron-api.service[104395]: DEBUG futurist.periodics [-] Submitting periodic callback 'neutron.plugins.ml2.drivers.ovn.mech_driver.ovsdb.maintenance.HashRingHealthCheckPeriodics.touch_hash_ring_node' {{(pid=104395) _process_scheduled /opt/stack/data/venv/lib/python3.12/site-packages/futurist/periodics.py:784}}
Apr 27 12:10:37.646128 np0000170464 devstack@neutron-api.service[104395]: DEBUG neutron.plugins.ml2.drivers.ovn.mech_driver.ovsdb.maintenance [-] Touching Hash Ring node "bbeeb54924e75dfbb643ebe953dd099e" from periodic health check thread {{(pid=104395) touch_hash_ring_node /opt/stack/neutron/neutron/plugins/ml2/drivers/ovn/mech_driver/ovsdb/maintenance.py:1449}}
Apr 27 12:10:37.754882 np0000170464 devstack@neutron-api.service[104392]: DEBUG futurist.periodics [-] Submitting periodic callback 'neutron.plugins.ml2.drivers.ovn.mech_driver.ovsdb.maintenance.HashRingHealthCheckPeriodics.touch_hash_ring_node' {{(pid=104392) _process_scheduled /opt/stack/data/venv/lib/python3.12/site-packages/futurist/periodics.py:784}}
Apr 27 12:10:37.755718 np0000170464 devstack@neutron-api.service[104392]: DEBUG neutron.plugins.ml2.drivers.ovn.mech_driver.ovsdb.maintenance [-] Touching Hash Ring node "a982fd86a9af56d1b71fd8b18acef453" from periodic health check thread {{(pid=104392) touch_hash_ring_node /opt/stack/neutron/neutron/plugins/ml2/drivers/ovn/mech_driver/ovsdb/maintenance.py:1449}}
Apr 27 12:10:41.411446 np0000170464 devstack@neutron-api.service[104394]: DEBUG neutron.pecan_wsgi.hooks.policy_enforcement [None req-699a89d0-89ff-47af-97f1-4a59bcd32db8 demo demo] Attributes excluded by policy engine: ['standard_attr_id', 'provider:network_type', 'provider:physical_network', 'provider:segmentation_id'] {{(pid=104394) _exclude_attributes_by_policy /opt/stack/neutron/neutron/pecan_wsgi/hooks/policy_enforcement.py:256}}
Apr 27 12:10:41.412504 np0000170464 devstack@neutron-api.service[104394]: [pid: 104394|app: 0|req: 29/110] 199.19.213.233 () {64 vars in 1328 bytes} [Mon Apr 27 12:10:41 2026] GET /networking/v2.0/networks?name=public&router%3Aexternal=True => generated 659 bytes in 59 msecs (HTTP/1.1 200) 4 headers in 157 bytes (1 switches on core 0)
Apr 27 12:10:42.103146 np0000170464 devstack@neutron-api.service[104395]: [pid: 104395|app: 0|req: 28/111] 199.19.213.233 () {64 vars in 1267 bytes} [Mon Apr 27 12:10:42 2026] GET /networking/ => generated 130 bytes in 2 msecs (HTTP/1.1 200) 3 headers in 91 bytes (1 switches on core 0)
Apr 27 12:10:42.264486 np0000170464 devstack@neutron-api.service[104392]: DEBUG neutron.pecan_wsgi.hooks.policy_enforcement [None req-1c7c9cea-6e62-413f-b7b1-d1f3c50dc32c demo demo] Attributes excluded by policy engine: ['standard_attr_id', 'provider:network_type', 'provider:physical_network', 'provider:segmentation_id'] {{(pid=104392) _exclude_attributes_by_policy /opt/stack/neutron/neutron/pecan_wsgi/hooks/policy_enforcement.py:256}}
Apr 27 12:10:42.265458 np0000170464 devstack@neutron-api.service[104392]: [pid: 104392|app: 0|req: 28/112] 199.19.213.233 () {64 vars in 1416 bytes} [Mon Apr 27 12:10:42 2026] GET /networking/v2.0/networks/b87b01c8-819e-469c-8292-ad0928e1cfae => generated 656 bytes in 155 msecs (HTTP/1.1 200) 4 headers in 157 bytes (1 switches on core 0)
Apr 27 12:10:42.302742 np0000170464 devstack@neutron-api.service[104393]: [pid: 104393|app: 0|req: 28/113] 199.19.213.233 () {64 vars in 1410 bytes} [Mon Apr 27 12:10:42 2026] GET /networking/v2.0/networks?name=k8s-clusterapi-cluster-magnum-system-kube-pro5d => generated 15 bytes in 26 msecs (HTTP/1.1 200) 4 headers in 156 bytes (1 switches on core 0)
Apr 27 12:10:42.315482 np0000170464 devstack@neutron-api.service[104394]: DEBUG neutron.api.v2.base [None req-83ea95df-4746-420f-94df-2037fb545a37 demo demo] Request body: {'network': {'admin_state_up': True, 'name': 'k8s-clusterapi-cluster-magnum-system-kube-pro5d'}} {{(pid=104394) prepare_request_body /opt/stack/neutron/neutron/api/v2/base.py:727}}
Apr 27 12:10:42.345593 np0000170464 devstack@neutron-api.service[104394]: DEBUG neutron.pecan_wsgi.hooks.quota_enforcement [None req-83ea95df-4746-420f-94df-2037fb545a37 demo demo] Made reservation on behalf of 9221432cc03f4937a4e54abe96b7fbae for: {'network': 1} {{(pid=104394) before /opt/stack/neutron/neutron/pecan_wsgi/hooks/quota_enforcement.py:66}}
Apr 27 12:10:42.352299 np0000170464 devstack@neutron-api.service[104394]: DEBUG neutron_lib.callbacks.manager [None req-83ea95df-4746-420f-94df-2037fb545a37 demo demo] Publish callbacks ['neutron.plugins.ml2.plugin.SecurityGroupDbMixin._ensure_default_security_group_handler-126829'] for network (None), before_create {{(pid=104394) _notify_loop /opt/stack/data/venv/lib/python3.12/site-packages/neutron_lib/callbacks/manager.py:184}}
Apr 27 12:10:42.361410 np0000170464 devstack@neutron-api.service[104394]: DEBUG neutron_lib.callbacks.manager [None req-83ea95df-4746-420f-94df-2037fb545a37 demo demo] Publish callbacks [] for security_group (None), before_create {{(pid=104394) _notify_loop /opt/stack/data/venv/lib/python3.12/site-packages/neutron_lib/callbacks/manager.py:184}}
Apr 27 12:10:42.450877 np0000170464 devstack@neutron-api.service[104394]: DEBUG neutron_lib.callbacks.manager [None req-83ea95df-4746-420f-94df-2037fb545a37 demo demo] Publish callbacks ['neutron.plugins.ml2.drivers.ovn.mech_driver.mech_driver.OVNMechanismDriver._create_security_group_precommit-218494'] for security_group (01787d43-4b4f-495d-b44a-e7fecf3a391b), precommit_create {{(pid=104394) _notify_loop /opt/stack/data/venv/lib/python3.12/site-packages/neutron_lib/callbacks/manager.py:184}}
Apr 27 12:10:42.451684 np0000170464 devstack@neutron-api.service[104394]: DEBUG neutron.db.ovn_revision_numbers_db [None req-83ea95df-4746-420f-94df-2037fb545a37 demo demo] create_initial_revision uuid=01787d43-4b4f-495d-b44a-e7fecf3a391b, type=security_groups, rev=-1 {{(pid=104394) create_initial_revision /opt/stack/neutron/neutron/db/ovn_revision_numbers_db.py:98}}
Apr 27 12:10:42.452318 np0000170464 devstack@neutron-api.service[104394]: DEBUG neutron.db.ovn_revision_numbers_db [None req-83ea95df-4746-420f-94df-2037fb545a37 demo demo] create_initial_revision uuid=09cde19a-c1d5-4f9b-8902-f5c3c4b4c284, type=security_group_rules, rev=-1 {{(pid=104394) create_initial_revision /opt/stack/neutron/neutron/db/ovn_revision_numbers_db.py:98}}
Apr 27 12:10:42.453275 np0000170464 devstack@neutron-api.service[104394]: DEBUG neutron.db.ovn_revision_numbers_db [None req-83ea95df-4746-420f-94df-2037fb545a37 demo demo] create_initial_revision uuid=0ca9648e-aa11-42a6-a6b1-21bfe5b5b949, type=security_group_rules, rev=-1 {{(pid=104394) create_initial_revision /opt/stack/neutron/neutron/db/ovn_revision_numbers_db.py:98}}
Apr 27 12:10:42.454326 np0000170464 devstack@neutron-api.service[104394]: DEBUG neutron.db.ovn_revision_numbers_db [None req-83ea95df-4746-420f-94df-2037fb545a37 demo demo] create_initial_revision uuid=9f3f2dbe-c17b-44d8-996b-50bfd7ec1ab8, type=security_group_rules, rev=-1 {{(pid=104394) create_initial_revision /opt/stack/neutron/neutron/db/ovn_revision_numbers_db.py:98}}
Apr 27 12:10:42.455482 np0000170464 devstack@neutron-api.service[104394]: DEBUG neutron.db.ovn_revision_numbers_db [None req-83ea95df-4746-420f-94df-2037fb545a37 demo demo] create_initial_revision uuid=d27cd037-5a2b-45f1-8a56-55e77ce7ae9e, type=security_group_rules, rev=-1 {{(pid=104394) create_initial_revision /opt/stack/neutron/neutron/db/ovn_revision_numbers_db.py:98}}
Apr 27 12:10:42.468641 np0000170464 devstack@neutron-api.service[104394]: DEBUG neutron_lib.callbacks.manager [None req-83ea95df-4746-420f-94df-2037fb545a37 demo demo] Publish callbacks ['neutron.plugins.ml2.drivers.ovn.mech_driver.mech_driver.OVNMechanismDriver._create_security_group-218464', 'neutron.plugins.ml2.ovo_rpc._ObjectChangeHandler.handle_event-2679076'] for security_group (01787d43-4b4f-495d-b44a-e7fecf3a391b), after_create {{(pid=104394) _notify_loop /opt/stack/data/venv/lib/python3.12/site-packages/neutron_lib/callbacks/manager.py:184}}
Apr 27 12:10:42.469331 np0000170464 devstack@neutron-api.service[104394]: DEBUG ovsdbapp.backend.ovs_idl.transaction [None req-2b7f7ba5-dd26-41b8-bfda-43a7a9472bd4 None None] Running txn n=1 command(idx=0): PgAddCommand(_result=None, name=pg_01787d43_4b4f_495d_b44a_e7fecf3a391b, may_exist=False, columns={'acls': [], 'external_ids': {'neutron:security_group_id': '01787d43-4b4f-495d-b44a-e7fecf3a391b'}}) {{(pid=104394) do_commit /opt/stack/data/venv/lib/python3.12/site-packages/ovsdbapp/backend/ovs_idl/transaction.py:89}}
Apr 27 12:10:42.470337 np0000170464 devstack@neutron-api.service[104394]: DEBUG ovsdbapp.backend.ovs_idl.transaction [None req-2b7f7ba5-dd26-41b8-bfda-43a7a9472bd4 None None] Running txn n=1 command(idx=1): PgAclAddCommand(_result=None, entity=pg_01787d43_4b4f_495d_b44a_e7fecf3a391b, direction=from-lport, priority=1002, match=inport == @pg_01787d43_4b4f_495d_b44a_e7fecf3a391b && ip4, action=allow-related, log=False, may_exist=True, severity=[], name=[], meter=[], external_ids={'neutron:security_group_rule_id': '09cde19a-c1d5-4f9b-8902-f5c3c4b4c284'}) {{(pid=104394) do_commit /opt/stack/data/venv/lib/python3.12/site-packages/ovsdbapp/backend/ovs_idl/transaction.py:89}}
Apr 27 12:10:42.470684 np0000170464 devstack@neutron-api.service[104394]: DEBUG ovsdbapp.backend.ovs_idl.transaction [None req-2b7f7ba5-dd26-41b8-bfda-43a7a9472bd4 None None] Running txn n=1 command(idx=2): PgAclAddCommand(_result=None, entity=pg_01787d43_4b4f_495d_b44a_e7fecf3a391b, direction=to-lport, priority=1002, match=outport == @pg_01787d43_4b4f_495d_b44a_e7fecf3a391b && ip6 && ip6.src == $pg_01787d43_4b4f_495d_b44a_e7fecf3a391b_ip6, action=allow-related, log=False, may_exist=True, severity=[], name=[], meter=[], external_ids={'neutron:security_group_rule_id': '0ca9648e-aa11-42a6-a6b1-21bfe5b5b949'}) {{(pid=104394) do_commit /opt/stack/data/venv/lib/python3.12/site-packages/ovsdbapp/backend/ovs_idl/transaction.py:89}}
Apr 27 12:10:42.471000 np0000170464 devstack@neutron-api.service[104394]: DEBUG ovsdbapp.backend.ovs_idl.transaction [None req-2b7f7ba5-dd26-41b8-bfda-43a7a9472bd4 None None] Running txn n=1 command(idx=3): PgAclAddCommand(_result=None, entity=pg_01787d43_4b4f_495d_b44a_e7fecf3a391b, direction=from-lport, priority=1002, match=inport == @pg_01787d43_4b4f_495d_b44a_e7fecf3a391b && ip6, action=allow-related, log=False, may_exist=True, severity=[], name=[], meter=[], external_ids={'neutron:security_group_rule_id': '9f3f2dbe-c17b-44d8-996b-50bfd7ec1ab8'}) {{(pid=104394) do_commit /opt/stack/data/venv/lib/python3.12/site-packages/ovsdbapp/backend/ovs_idl/transaction.py:89}}
Apr 27 12:10:42.471326 np0000170464 devstack@neutron-api.service[104394]: DEBUG ovsdbapp.backend.ovs_idl.transaction [None req-2b7f7ba5-dd26-41b8-bfda-43a7a9472bd4 None None] Running txn n=1 command(idx=4): PgAclAddCommand(_result=None, entity=pg_01787d43_4b4f_495d_b44a_e7fecf3a391b, direction=to-lport, priority=1002, match=outport == @pg_01787d43_4b4f_495d_b44a_e7fecf3a391b && ip4 && ip4.src == $pg_01787d43_4b4f_495d_b44a_e7fecf3a391b_ip4, action=allow-related, log=False, may_exist=True, severity=[], name=[], meter=[], external_ids={'neutron:security_group_rule_id': 'd27cd037-5a2b-45f1-8a56-55e77ce7ae9e'}) {{(pid=104394) do_commit /opt/stack/data/venv/lib/python3.12/site-packages/ovsdbapp/backend/ovs_idl/transaction.py:89}}
Apr 27 12:10:42.482167 np0000170464 devstack@neutron-api.service[104395]: DEBUG neutron.plugins.ml2.drivers.ovn.mech_driver.ovsdb.ovsdb_monitor [None req-6c380609-c354-4948-9572-15b2464117b1 None None] Touching Hash Ring node "bbeeb54924e75dfbb643ebe953dd099e" from IDL notify handler {{(pid=104395) notify /opt/stack/neutron/neutron/plugins/ml2/drivers/ovn/mech_driver/ovsdb/ovsdb_monitor.py:906}}
Apr 27 12:10:42.482623 np0000170464 devstack@neutron-api.service[104393]: DEBUG neutron.plugins.ml2.drivers.ovn.mech_driver.ovsdb.ovsdb_monitor [None req-8740cac6-0dfa-4b6f-9b73-1468b9ec6be0 None None] Touching Hash Ring node "2b022cf12d3352d397e366f19c17c926" from IDL notify handler {{(pid=104393) notify /opt/stack/neutron/neutron/plugins/ml2/drivers/ovn/mech_driver/ovsdb/ovsdb_monitor.py:906}}
Apr 27 12:10:42.492569 np0000170464 devstack@neutron-api.service[104393]: DEBUG neutron.plugins.ml2.drivers.ovn.mech_driver.ovsdb.ovsdb_monitor [None req-8740cac6-0dfa-4b6f-9b73-1468b9ec6be0 None None] Hash Ring: Node 2b022cf12d3352d397e366f19c17c926 (host: np0000170464) handling event "create" for row 16da0ed4-a8f3-4021-bc74-04c7b98a0b4c (table: ACL) {{(pid=104393) notify /opt/stack/neutron/neutron/plugins/ml2/drivers/ovn/mech_driver/ovsdb/ovsdb_monitor.py:914}}
Apr 27 12:10:42.493332 np0000170464 devstack@neutron-api.service[104393]: DEBUG neutron.plugins.ml2.drivers.ovn.mech_driver.ovsdb.ovsdb_monitor [None req-8740cac6-0dfa-4b6f-9b73-1468b9ec6be0 None None] Touching Hash Ring node "2b022cf12d3352d397e366f19c17c926" from IDL notify handler {{(pid=104393) notify /opt/stack/neutron/neutron/plugins/ml2/drivers/ovn/mech_driver/ovsdb/ovsdb_monitor.py:906}}
Apr 27 12:10:42.495057 np0000170464 devstack@neutron-api.service[104395]: DEBUG neutron.plugins.ml2.drivers.ovn.mech_driver.ovsdb.ovsdb_monitor [None req-6c380609-c354-4948-9572-15b2464117b1 None None] Hash Ring: Node bbeeb54924e75dfbb643ebe953dd099e (host: np0000170464) handling event "create" for row a07174ea-8037-43f1-bcbf-987c24287c9d (table: ACL) {{(pid=104395) notify /opt/stack/neutron/neutron/plugins/ml2/drivers/ovn/mech_driver/ovsdb/ovsdb_monitor.py:914}}
Apr 27 12:10:42.495864 np0000170464 devstack@neutron-api.service[104395]: DEBUG neutron.plugins.ml2.drivers.ovn.mech_driver.ovsdb.ovsdb_monitor [None req-6c380609-c354-4948-9572-15b2464117b1 None None] Touching Hash Ring node "bbeeb54924e75dfbb643ebe953dd099e" from IDL notify handler {{(pid=104395) notify /opt/stack/neutron/neutron/plugins/ml2/drivers/ovn/mech_driver/ovsdb/ovsdb_monitor.py:906}}
Apr 27 12:10:42.495938 np0000170464 devstack@neutron-api.service[104393]: DEBUG neutron.plugins.ml2.drivers.ovn.mech_driver.ovsdb.ovsdb_monitor [None req-8740cac6-0dfa-4b6f-9b73-1468b9ec6be0 None None] Hash Ring: Node 2b022cf12d3352d397e366f19c17c926 (host: np0000170464) handling event "create" for row 8063da7d-aacc-4422-b846-a37525c90cee (table: ACL) {{(pid=104393) notify /opt/stack/neutron/neutron/plugins/ml2/drivers/ovn/mech_driver/ovsdb/ovsdb_monitor.py:914}}
Apr 27 12:10:42.496635 np0000170464 devstack@neutron-api.service[104393]: DEBUG neutron.plugins.ml2.drivers.ovn.mech_driver.ovsdb.ovsdb_monitor [None req-8740cac6-0dfa-4b6f-9b73-1468b9ec6be0 None None] Touching Hash Ring node "2b022cf12d3352d397e366f19c17c926" from IDL notify handler {{(pid=104393) notify /opt/stack/neutron/neutron/plugins/ml2/drivers/ovn/mech_driver/ovsdb/ovsdb_monitor.py:906}}
Apr 27 12:10:42.498609 np0000170464 devstack@neutron-api.service[104393]: DEBUG neutron.plugins.ml2.drivers.ovn.mech_driver.ovsdb.ovsdb_monitor [None req-8740cac6-0dfa-4b6f-9b73-1468b9ec6be0 None None] Hash Ring: Node 2b022cf12d3352d397e366f19c17c926 (host: np0000170464) handling event "create" for row 771ad7ae-134b-4a3a-bd32-1cc07d2edb7b (table: Port_Group) {{(pid=104393) notify /opt/stack/neutron/neutron/plugins/ml2/drivers/ovn/mech_driver/ovsdb/ovsdb_monitor.py:914}}
Apr 27 12:10:42.499359 np0000170464 devstack@neutron-api.service[104394]: INFO neutron.db.ovn_revision_numbers_db [None req-83ea95df-4746-420f-94df-2037fb545a37 demo demo] Successfully bumped revision number for resource 01787d43-4b4f-495d-b44a-e7fecf3a391b (type: security_groups) to 1
Apr 27 12:10:42.500004 np0000170464 devstack@neutron-api.service[104395]: DEBUG neutron.plugins.ml2.drivers.ovn.mech_driver.ovsdb.ovsdb_monitor [None req-6c380609-c354-4948-9572-15b2464117b1 None None] Hash Ring: Node bbeeb54924e75dfbb643ebe953dd099e (host: np0000170464) handling event "create" for row b26a40c1-714c-495a-9372-e02cb42b440c (table: ACL) {{(pid=104395) notify /opt/stack/neutron/neutron/plugins/ml2/drivers/ovn/mech_driver/ovsdb/ovsdb_monitor.py:914}}
Apr 27 12:10:42.514698 np0000170464 devstack@neutron-api.service[104394]: INFO neutron.db.ovn_revision_numbers_db [None req-83ea95df-4746-420f-94df-2037fb545a37 demo demo] Successfully bumped revision number for resource 09cde19a-c1d5-4f9b-8902-f5c3c4b4c284 (type: security_group_rules) to 0
Apr 27 12:10:42.530536 np0000170464 devstack@neutron-api.service[104394]: INFO neutron.db.ovn_revision_numbers_db [None req-83ea95df-4746-420f-94df-2037fb545a37 demo demo] Successfully bumped revision number for resource 0ca9648e-aa11-42a6-a6b1-21bfe5b5b949 (type: security_group_rules) to 0
Apr 27 12:10:42.544648 np0000170464 devstack@neutron-api.service[104394]: INFO neutron.db.ovn_revision_numbers_db [None req-83ea95df-4746-420f-94df-2037fb545a37 demo demo] Successfully bumped revision number for resource 9f3f2dbe-c17b-44d8-996b-50bfd7ec1ab8 (type: security_group_rules) to 0
Apr 27 12:10:42.562489 np0000170464 devstack@neutron-api.service[104394]: INFO neutron.db.ovn_revision_numbers_db [None req-83ea95df-4746-420f-94df-2037fb545a37 demo demo] Successfully bumped revision number for resource d27cd037-5a2b-45f1-8a56-55e77ce7ae9e (type: security_group_rules) to 0
Apr 27 12:10:42.602572 np0000170464 devstack@neutron-api.service[104394]: DEBUG neutron.api.rpc.handlers.resources_rpc [None req-83ea95df-4746-420f-94df-2037fb545a37 demo demo] Pushing event updated for resources: {'SecurityGroup': ['ID=01787d43-4b4f-495d-b44a-e7fecf3a391b,revision_number=1']} {{(pid=104394) push /opt/stack/neutron/neutron/api/rpc/handlers/resources_rpc.py:237}}
Apr 27 12:10:42.607812 np0000170464 devstack@neutron-api.service[104394]: DEBUG ovsdbapp.backend.ovs_idl.transaction [None req-2b7f7ba5-dd26-41b8-bfda-43a7a9472bd4 None None] Running txn n=1 command(idx=0): CheckLivenessCommand(_result=None) {{(pid=104394) do_commit /opt/stack/data/venv/lib/python3.12/site-packages/ovsdbapp/backend/ovs_idl/transaction.py:89}}
Apr 27 12:10:42.633945 np0000170464 devstack@neutron-api.service[104392]: DEBUG neutron.plugins.ml2.drivers.ovn.mech_driver.ovsdb.ovsdb_monitor [None req-99eae0c1-7e4e-490e-9e88-a3d0ca331860 None None] Touching Hash Ring node "a982fd86a9af56d1b71fd8b18acef453" from IDL notify handler {{(pid=104392) notify /opt/stack/neutron/neutron/plugins/ml2/drivers/ovn/mech_driver/ovsdb/ovsdb_monitor.py:906}}
Apr 27 12:10:42.635519 np0000170464 devstack@neutron-api.service[104393]: DEBUG neutron.plugins.ml2.drivers.ovn.mech_driver.ovsdb.ovsdb_monitor [None req-4c28dafe-b605-463f-804e-327bd8c4947b None None] ChassisAgentWriteEvent : Matched Chassis_Private, update, None None {{(pid=104393) matches /opt/stack/neutron/neutron/plugins/ml2/drivers/ovn/mech_driver/ovsdb/ovsdb_monitor.py:64}}
Apr 27 12:10:42.637192 np0000170464 devstack@neutron-api.service[104395]: DEBUG neutron.plugins.ml2.drivers.ovn.mech_driver.ovsdb.ovsdb_monitor [None req-78f1be40-f973-4dad-8624-634f3bc3d3c0 None None] ChassisAgentWriteEvent : Matched Chassis_Private, update, None None {{(pid=104395) matches /opt/stack/neutron/neutron/plugins/ml2/drivers/ovn/mech_driver/ovsdb/ovsdb_monitor.py:64}}
Apr 27 12:10:42.637492 np0000170464 devstack@neutron-api.service[104394]: DEBUG neutron.plugins.ml2.drivers.ovn.mech_driver.ovsdb.ovsdb_monitor [None req-9612c019-6efd-4c51-933f-2259b2975835 None None] ChassisAgentWriteEvent : Matched Chassis_Private, update, None None {{(pid=104394) matches /opt/stack/neutron/neutron/plugins/ml2/drivers/ovn/mech_driver/ovsdb/ovsdb_monitor.py:64}}
Apr 27 12:10:42.637700 np0000170464 devstack@neutron-api.service[104393]: DEBUG neutron.plugins.ml2.drivers.ovn.mech_driver.ovsdb.ovsdb_monitor [None req-4c28dafe-b605-463f-804e-327bd8c4947b None None] Touching Hash Ring node "2b022cf12d3352d397e366f19c17c926" from IDL notify handler {{(pid=104393) notify /opt/stack/neutron/neutron/plugins/ml2/drivers/ovn/mech_driver/ovsdb/ovsdb_monitor.py:906}}
Apr 27 12:10:42.638609 np0000170464 devstack@neutron-api.service[104392]: DEBUG neutron.plugins.ml2.drivers.ovn.mech_driver.ovsdb.ovsdb_monitor [None req-50458e7f-8e7f-489b-a173-ee4eebaab991 None None] ChassisAgentWriteEvent : Matched Chassis_Private, update, None None {{(pid=104392) matches /opt/stack/neutron/neutron/plugins/ml2/drivers/ovn/mech_driver/ovsdb/ovsdb_monitor.py:64}}
Apr 27 12:10:42.642959 np0000170464 devstack@neutron-api.service[104392]: DEBUG neutron.plugins.ml2.drivers.ovn.mech_driver.ovsdb.ovsdb_monitor [None req-99eae0c1-7e4e-490e-9e88-a3d0ca331860 None None] Hash Ring: Node a982fd86a9af56d1b71fd8b18acef453 (host: np0000170464) handling event "update" for row 8cc3e325-6aca-4c76-9222-3aa1c448f939 (table: NB_Global) {{(pid=104392) notify /opt/stack/neutron/neutron/plugins/ml2/drivers/ovn/mech_driver/ovsdb/ovsdb_monitor.py:914}}
Apr 27 12:10:42.644486 np0000170464 devstack@neutron-api.service[104392]: DEBUG neutron.plugins.ml2.drivers.ovn.mech_driver.ovsdb.ovsdb_monitor [None req-99eae0c1-7e4e-490e-9e88-a3d0ca331860 None None] Touching Hash Ring node "a982fd86a9af56d1b71fd8b18acef453" from IDL notify handler {{(pid=104392) notify /opt/stack/neutron/neutron/plugins/ml2/drivers/ovn/mech_driver/ovsdb/ovsdb_monitor.py:906}}
Apr 27 12:10:42.646535 np0000170464 devstack@neutron-api.service[104394]: DEBUG neutron.api.rpc.callbacks.version_manager [None req-83ea95df-4746-420f-94df-2037fb545a37 demo demo] Tracked resource versions report:
Apr 27 12:10:42.646535 np0000170464 devstack@neutron-api.service[104394]: pushed versions:
Apr 27 12:10:42.646535 np0000170464 devstack@neutron-api.service[104394]: { 'AddressGroup': {'1.2'},
Apr 27 12:10:42.646535 np0000170464 devstack@neutron-api.service[104394]: 'Agent': {'1.1'},
Apr 27 12:10:42.646535 np0000170464 devstack@neutron-api.service[104394]: 'ConntrackHelper': {'1.0'},
Apr 27 12:10:42.646535 np0000170464 devstack@neutron-api.service[104394]: 'LocalIPAssociation': {'1.0'},
Apr 27 12:10:42.646535 np0000170464 devstack@neutron-api.service[104394]: 'Log': {'1.0'},
Apr 27 12:10:42.646535 np0000170464 devstack@neutron-api.service[104394]: 'NDPProxy': {'1.0'},
Apr 27 12:10:42.646535 np0000170464 devstack@neutron-api.service[104394]: 'Network': {'1.2'},
Apr 27 12:10:42.646535 np0000170464 devstack@neutron-api.service[104394]: 'Port': {'1.10'},
Apr 27 12:10:42.646535 np0000170464 devstack@neutron-api.service[104394]: 'PortForwarding': {'1.3'},
Apr 27 12:10:42.646535 np0000170464 devstack@neutron-api.service[104394]: 'QosPolicy': {'1.10'},
Apr 27 12:10:42.646535 np0000170464 devstack@neutron-api.service[104394]: 'SecurityGroup': {'1.6'},
Apr 27 12:10:42.646535 np0000170464 devstack@neutron-api.service[104394]: 'SecurityGroupRule': {'1.3'},
Apr 27 12:10:42.646535 np0000170464 devstack@neutron-api.service[104394]: 'SubPort': {'1.0'},
Apr 27 12:10:42.646535 np0000170464 devstack@neutron-api.service[104394]: 'Subnet': {'1.2'},
Apr 27 12:10:42.646535 np0000170464 devstack@neutron-api.service[104394]: 'Trunk': {'1.1'}}
Apr 27 12:10:42.646535 np0000170464 devstack@neutron-api.service[104394]: consumer versions:
Apr 27 12:10:42.646535 np0000170464 devstack@neutron-api.service[104394]: { OVN Neutron agent@np0000170464: {},
Apr 27 12:10:42.646535 np0000170464 devstack@neutron-api.service[104394]: OVN Controller Gateway agent@np0000170464: {}}
Apr 27 12:10:42.646535 np0000170464 devstack@neutron-api.service[104394]: {{(pid=104394) report /opt/stack/neutron/neutron/api/rpc/callbacks/version_manager.py:183}}
Apr 27 12:10:42.646973 np0000170464 devstack@neutron-api.service[104393]: DEBUG neutron.plugins.ml2.drivers.ovn.mech_driver.ovsdb.ovsdb_monitor [None req-4c28dafe-b605-463f-804e-327bd8c4947b None None] Hash Ring: Node 2b022cf12d3352d397e366f19c17c926 (host: np0000170464) handling event "update" for row 5a5191c9-b855-43d5-af4d-73f47a7fd256 (table: Chassis_Private) {{(pid=104393) notify /opt/stack/neutron/neutron/plugins/ml2/drivers/ovn/mech_driver/ovsdb/ovsdb_monitor.py:914}}
Apr 27 12:10:42.649773 np0000170464 devstack@neutron-api.service[104392]: DEBUG neutron.plugins.ml2.drivers.ovn.mech_driver.ovsdb.ovsdb_monitor [None req-99eae0c1-7e4e-490e-9e88-a3d0ca331860 None None] Hash Ring: Node a982fd86a9af56d1b71fd8b18acef453 (host: np0000170464) handling event "update" for row 8cc3e325-6aca-4c76-9222-3aa1c448f939 (table: NB_Global) {{(pid=104392) notify /opt/stack/neutron/neutron/plugins/ml2/drivers/ovn/mech_driver/ovsdb/ovsdb_monitor.py:914}}
Apr 27 12:10:42.651141 np0000170464 devstack@neutron-api.service[104392]: DEBUG neutron.plugins.ml2.drivers.ovn.mech_driver.ovsdb.ovsdb_monitor [None req-99eae0c1-7e4e-490e-9e88-a3d0ca331860 None None] Touching Hash Ring node "a982fd86a9af56d1b71fd8b18acef453" from IDL notify handler {{(pid=104392) notify /opt/stack/neutron/neutron/plugins/ml2/drivers/ovn/mech_driver/ovsdb/ovsdb_monitor.py:906}}
Apr 27 12:10:42.653811 np0000170464 devstack@neutron-api.service[104392]: DEBUG neutron.plugins.ml2.drivers.ovn.mech_driver.ovsdb.ovsdb_monitor [None req-99eae0c1-7e4e-490e-9e88-a3d0ca331860 None None] Hash Ring: Node a982fd86a9af56d1b71fd8b18acef453 (host: np0000170464) handling event "update" for row 8cc3e325-6aca-4c76-9222-3aa1c448f939 (table: NB_Global) {{(pid=104392) notify /opt/stack/neutron/neutron/plugins/ml2/drivers/ovn/mech_driver/ovsdb/ovsdb_monitor.py:914}}
Apr 27 12:10:42.656015 np0000170464 devstack@neutron-api.service[104392]: DEBUG neutron.plugins.ml2.drivers.ovn.mech_driver.ovsdb.ovsdb_monitor [None req-99eae0c1-7e4e-490e-9e88-a3d0ca331860 None None] Touching Hash Ring node "a982fd86a9af56d1b71fd8b18acef453" from IDL notify handler {{(pid=104392) notify /opt/stack/neutron/neutron/plugins/ml2/drivers/ovn/mech_driver/ovsdb/ovsdb_monitor.py:906}}
Apr 27 12:10:42.661805 np0000170464 devstack@neutron-api.service[104392]: DEBUG neutron.plugins.ml2.drivers.ovn.mech_driver.ovsdb.ovsdb_monitor [None req-99eae0c1-7e4e-490e-9e88-a3d0ca331860 None None] Hash Ring: Node a982fd86a9af56d1b71fd8b18acef453 (host: np0000170464) handling event "update" for row 8cc3e325-6aca-4c76-9222-3aa1c448f939 (table: NB_Global) {{(pid=104392) notify /opt/stack/neutron/neutron/plugins/ml2/drivers/ovn/mech_driver/ovsdb/ovsdb_monitor.py:914}}
Apr 27 12:10:42.693622 np0000170464 devstack@neutron-api.service[104394]: DEBUG neutron.plugins.ml2.drivers.helpers [None req-83ea95df-4746-420f-94df-2037fb545a37 demo demo] geneve segment allocate from pool success with {'geneve_vni': 56642} {{(pid=104394) allocate_partially_specified_segment /opt/stack/neutron/neutron/plugins/ml2/drivers/helpers.py:142}}
Apr 27 12:10:42.707084 np0000170464 devstack@neutron-api.service[104394]: DEBUG neutron_lib.callbacks.manager [None req-83ea95df-4746-420f-94df-2037fb545a37 demo demo] Publish callbacks ['neutron.services.segments.db._add_segment_host_mapping_for_segment-8583357000504', 'neutron.plugins.ml2.plugin.Ml2Plugin._handle_segment_change-1857061'] for segment (9a081bbc-63e9-4d6c-b602-73494183fa27), precommit_create {{(pid=104394) _notify_loop /opt/stack/data/venv/lib/python3.12/site-packages/neutron_lib/callbacks/manager.py:184}}
Apr 27 12:10:42.707261 np0000170464 devstack@neutron-api.service[104394]: INFO neutron.db.segments_db [None req-83ea95df-4746-420f-94df-2037fb545a37 demo demo] Added segment 9a081bbc-63e9-4d6c-b602-73494183fa27 of type geneve for network 63a3c8c5-6d87-4cd8-a618-14dd1d7b4930
Apr 27 12:10:42.742295 np0000170464 devstack@neutron-api.service[104394]: DEBUG neutron_lib.callbacks.manager [None req-83ea95df-4746-420f-94df-2037fb545a37 demo demo] Publish callbacks ['neutron.services.auto_allocate.db._ensure_external_network_default_value_callback-8583355293276'] for network (63a3c8c5-6d87-4cd8-a618-14dd1d7b4930), precommit_create {{(pid=104394) _notify_loop /opt/stack/data/venv/lib/python3.12/site-packages/neutron_lib/callbacks/manager.py:184}}
Apr 27 12:10:42.759215 np0000170464 devstack@neutron-api.service[104394]: DEBUG neutron.plugins.ml2.drivers.ovn.mech_driver.mech_driver [None req-83ea95df-4746-420f-94df-2037fb545a37 demo demo] Validating network segment with type geneve, segmentation ID 56642, physical network None {{(pid=104394) _validate_network_segments /opt/stack/neutron/neutron/plugins/ml2/drivers/ovn/mech_driver/mech_driver.py:641}}
Apr 27 12:10:42.759215 np0000170464 devstack@neutron-api.service[104394]: DEBUG neutron.db.ovn_revision_numbers_db [None req-83ea95df-4746-420f-94df-2037fb545a37 demo demo] create_initial_revision uuid=63a3c8c5-6d87-4cd8-a618-14dd1d7b4930, type=networks, rev=-1 {{(pid=104394) create_initial_revision /opt/stack/neutron/neutron/db/ovn_revision_numbers_db.py:98}}
Apr 27 12:10:42.774663 np0000170464 devstack@neutron-api.service[104394]: DEBUG neutron_lib.callbacks.manager [None req-83ea95df-4746-420f-94df-2037fb545a37 demo demo] Publish callbacks ['neutron.plugins.ml2.ovo_rpc._ObjectChangeHandler.handle_event-2679086'] for network (63a3c8c5-6d87-4cd8-a618-14dd1d7b4930), after_create {{(pid=104394) _notify_loop /opt/stack/data/venv/lib/python3.12/site-packages/neutron_lib/callbacks/manager.py:184}}
Apr 27 12:10:43.072076 np0000170464 devstack@neutron-api.service[104394]: DEBUG neutron.api.rpc.handlers.resources_rpc [None req-83ea95df-4746-420f-94df-2037fb545a37 demo demo] Pushing event updated for resources: {'Network': ['ID=63a3c8c5-6d87-4cd8-a618-14dd1d7b4930,revision_number=1']} {{(pid=104394) push /opt/stack/neutron/neutron/api/rpc/handlers/resources_rpc.py:237}}
Apr 27 12:10:43.082550 np0000170464 devstack@neutron-api.service[104394]: DEBUG ovsdbapp.backend.ovs_idl.transaction [None req-2b7f7ba5-dd26-41b8-bfda-43a7a9472bd4 None None] Running txn n=1 command(idx=0): AddNetworkCommand(_result=None, network_uuid=63a3c8c5-6d87-4cd8-a618-14dd1d7b4930, may_exist=True, columns={'external_ids': {'neutron:network_name': 'k8s-clusterapi-cluster-magnum-system-kube-pro5d', 'neutron:mtu': '1372', 'neutron:revision_number': '1', 'neutron:availability_zone_hints': '', 'neutron:provnet-network-type': 'geneve'}, 'other_config': {'mcast_snoop': 'false', 'mcast_flood_unregistered': 'false', 'vlan-passthru': 'false'}}) {{(pid=104394) do_commit /opt/stack/data/venv/lib/python3.12/site-packages/ovsdbapp/backend/ovs_idl/transaction.py:89}}
Apr 27 12:10:43.083056 np0000170464 devstack@neutron-api.service[104394]: DEBUG neutron.common.ovn.utils [None req-2b7f7ba5-dd26-41b8-bfda-43a7a9472bd4 None None] OVS persist_uuid supported=True {{(pid=104394) ovs_persist_uuid_supported /opt/stack/neutron/neutron/common/ovn/utils.py:1537}}
Apr 27 12:10:43.091706 np0000170464 devstack@neutron-api.service[104394]: DEBUG neutron.plugins.ml2.drivers.ovn.mech_driver.ovsdb.ovsdb_monitor [None req-2b7f7ba5-dd26-41b8-bfda-43a7a9472bd4 None None] Touching Hash Ring node "433a111c40895bd6b6d530eab80ea397" from IDL notify handler {{(pid=104394) notify /opt/stack/neutron/neutron/plugins/ml2/drivers/ovn/mech_driver/ovsdb/ovsdb_monitor.py:906}}
Apr 27 12:10:43.098094 np0000170464 devstack@neutron-api.service[104393]: DEBUG neutron.plugins.ml2.drivers.ovn.mech_driver.ovsdb.ovsdb_monitor [None req-4c28dafe-b605-463f-804e-327bd8c4947b None None] Touching Hash Ring node "2b022cf12d3352d397e366f19c17c926" from IDL notify handler {{(pid=104393) notify /opt/stack/neutron/neutron/plugins/ml2/drivers/ovn/mech_driver/ovsdb/ovsdb_monitor.py:906}}
Apr 27 12:10:43.100936 np0000170464 devstack@neutron-api.service[104394]: DEBUG neutron.plugins.ml2.drivers.ovn.mech_driver.ovsdb.ovsdb_monitor [None req-2b7f7ba5-dd26-41b8-bfda-43a7a9472bd4 None None] Hash Ring: Node 433a111c40895bd6b6d530eab80ea397 (host: np0000170464) handling event "create" for row 63a3c8c5-6d87-4cd8-a618-14dd1d7b4930 (table: Logical_Switch) {{(pid=104394) notify /opt/stack/neutron/neutron/plugins/ml2/drivers/ovn/mech_driver/ovsdb/ovsdb_monitor.py:914}}
Apr 27 12:10:43.104494 np0000170464 devstack@neutron-api.service[104393]: DEBUG neutron.plugins.ml2.drivers.ovn.mech_driver.ovsdb.ovsdb_monitor [None req-4c28dafe-b605-463f-804e-327bd8c4947b None None] Hash Ring: Node 2b022cf12d3352d397e366f19c17c926 (host: np0000170464) handling event "create" for row d4a2c89a-c7be-4c6d-a92f-211026746aeb (table: Datapath_Binding) {{(pid=104393) notify /opt/stack/neutron/neutron/plugins/ml2/drivers/ovn/mech_driver/ovsdb/ovsdb_monitor.py:914}}
Apr 27 12:10:43.129147 np0000170464 devstack@neutron-api.service[104394]: INFO neutron.db.ovn_revision_numbers_db [None req-83ea95df-4746-420f-94df-2037fb545a37 demo demo] Successfully bumped revision number for resource 63a3c8c5-6d87-4cd8-a618-14dd1d7b4930 (type: networks) to 1
Apr 27 12:10:43.180557 np0000170464 devstack@neutron-api.service[104394]: DEBUG neutron_lib.callbacks.manager [None req-83ea95df-4746-420f-94df-2037fb545a37 demo demo] Publish callbacks ['neutron.plugins.ml2.plugin.SecurityGroupDbMixin._ensure_default_security_group_handler-126829'] for port (None), before_create {{(pid=104394) _notify_loop /opt/stack/data/venv/lib/python3.12/site-packages/neutron_lib/callbacks/manager.py:184}}
Apr 27 12:10:43.296712 np0000170464 devstack@neutron-api.service[104394]: DEBUG neutron_lib.callbacks.manager [None req-83ea95df-4746-420f-94df-2037fb545a37 demo demo] Publish callbacks ['neutron.plugins.ml2.drivers.ovn.mech_driver.mech_driver.OVNMechanismDriver._validate_allowed_address_pairs-218614'] for allowed_address_pair (6f9de24c-ca4c-482a-a7b8-04c4dd823761), before_create {{(pid=104394) _notify_loop /opt/stack/data/venv/lib/python3.12/site-packages/neutron_lib/callbacks/manager.py:184}}
Apr 27 12:10:43.297477 np0000170464 devstack@neutron-api.service[104394]: DEBUG neutron_lib.callbacks.manager [None req-83ea95df-4746-420f-94df-2037fb545a37 demo demo] Publish callbacks [] for port (6f9de24c-ca4c-482a-a7b8-04c4dd823761), precommit_create {{(pid=104394) _notify_loop /opt/stack/data/venv/lib/python3.12/site-packages/neutron_lib/callbacks/manager.py:184}}
Apr 27 12:10:43.297760 np0000170464 devstack@neutron-api.service[104394]: DEBUG neutron.plugins.ml2.drivers.ovn.mech_driver.mech_driver [None req-83ea95df-4746-420f-94df-2037fb545a37 demo demo] No provisioning block for port 6f9de24c-ca4c-482a-a7b8-04c4dd823761 since it does not have a host {{(pid=104394) _is_port_provisioning_required /opt/stack/neutron/neutron/plugins/ml2/drivers/ovn/mech_driver/mech_driver.py:894}}
Apr 27 12:10:43.297932 np0000170464 devstack@neutron-api.service[104394]: DEBUG neutron.db.ovn_revision_numbers_db [None req-83ea95df-4746-420f-94df-2037fb545a37 demo demo] create_initial_revision uuid=6f9de24c-ca4c-482a-a7b8-04c4dd823761, type=ports, rev=-1 {{(pid=104394) create_initial_revision /opt/stack/neutron/neutron/db/ovn_revision_numbers_db.py:98}}
Apr 27 12:10:43.341475 np0000170464 devstack@neutron-api.service[104394]: DEBUG neutron_lib.callbacks.manager [None req-83ea95df-4746-420f-94df-2037fb545a37 demo demo] Publish callbacks ['neutron.plugins.ml2.ovo_rpc._ObjectChangeHandler.handle_event-2679111'] for port (6f9de24c-ca4c-482a-a7b8-04c4dd823761), after_create {{(pid=104394) _notify_loop /opt/stack/data/venv/lib/python3.12/site-packages/neutron_lib/callbacks/manager.py:184}}
Apr 27 12:10:43.397318 np0000170464 devstack@neutron-api.service[104394]: DEBUG neutron.api.rpc.handlers.resources_rpc [None req-83ea95df-4746-420f-94df-2037fb545a37 demo demo] Pushing event updated for resources: {'Port': ['ID=6f9de24c-ca4c-482a-a7b8-04c4dd823761,revision_number=1']} {{(pid=104394) push /opt/stack/neutron/neutron/api/rpc/handlers/resources_rpc.py:237}}
Apr 27 12:10:43.413121 np0000170464 devstack@neutron-api.service[104394]: DEBUG ovsdbapp.backend.ovs_idl.transaction [None req-2b7f7ba5-dd26-41b8-bfda-43a7a9472bd4 None None] Running txn n=1 command(idx=0): AddLSwitchPortCommand(_result=None, lport=6f9de24c-ca4c-482a-a7b8-04c4dd823761, lswitch=neutron-63a3c8c5-6d87-4cd8-a618-14dd1d7b4930, may_exist=True, network_uuid=63a3c8c5-6d87-4cd8-a618-14dd1d7b4930, columns={'addresses': ['fa:16:3e:15:dc:4d'], 'external_ids': {'neutron:port_name': '', 'neutron:device_id': 'ovnmeta-63a3c8c5-6d87-4cd8-a618-14dd1d7b4930', 'neutron:project_id': '9221432cc03f4937a4e54abe96b7fbae', 'neutron:cidrs': '', 'neutron:device_owner': 'network:distributed', 'neutron:subnet_pool_addr_scope4': '', 'neutron:subnet_pool_addr_scope6': '', 'neutron:network_name': 'neutron-63a3c8c5-6d87-4cd8-a618-14dd1d7b4930', 'neutron:security_group_ids': '', 'neutron:revision_number': '1', 'neutron:vnic_type': 'normal', 'neutron:port_capabilities': '', 'neutron:mtu': ''}, 'parent_name': [], 'tag': [], 'enabled': True, 'options': {}, 'type': 'localport', 'port_security': [], 'dhcpv4_options': [], 'dhcpv6_options': []}) {{(pid=104394) do_commit /opt/stack/data/venv/lib/python3.12/site-packages/ovsdbapp/backend/ovs_idl/transaction.py:89}}
Apr 27 12:10:43.414144 np0000170464 devstack@neutron-api.service[104394]: DEBUG ovsdbapp.backend.ovs_idl.transaction [None req-2b7f7ba5-dd26-41b8-bfda-43a7a9472bd4 None None] Running txn n=1 command(idx=1): QoSDelCommand(_result=None, switch=neutron-63a3c8c5-6d87-4cd8-a618-14dd1d7b4930, conditions=[('direction', '=', 'to-lport'), ('priority', '=', 2002), ('match', '=', 'outport == "6f9de24c-ca4c-482a-a7b8-04c4dd823761"')], if_exists=True) {{(pid=104394) do_commit /opt/stack/data/venv/lib/python3.12/site-packages/ovsdbapp/backend/ovs_idl/transaction.py:89}}
Apr 27 12:10:43.414544 np0000170464 devstack@neutron-api.service[104394]: DEBUG ovsdbapp.backend.ovs_idl.transaction [None req-2b7f7ba5-dd26-41b8-bfda-43a7a9472bd4 None None] Running txn n=1 command(idx=2): QoSDelCommand(_result=None, switch=neutron-63a3c8c5-6d87-4cd8-a618-14dd1d7b4930, conditions=[('direction', '=', 'from-lport'), ('priority', '=', 2002), ('match', '=', 'inport == "6f9de24c-ca4c-482a-a7b8-04c4dd823761"')], if_exists=True) {{(pid=104394) do_commit /opt/stack/data/venv/lib/python3.12/site-packages/ovsdbapp/backend/ovs_idl/transaction.py:89}}
Apr 27 12:10:43.425141 np0000170464 devstack@neutron-api.service[104394]: DEBUG neutron.plugins.ml2.drivers.ovn.mech_driver.ovsdb.ovsdb_monitor [None req-2b7f7ba5-dd26-41b8-bfda-43a7a9472bd4 None None] Touching Hash Ring node "433a111c40895bd6b6d530eab80ea397" from IDL notify handler {{(pid=104394) notify /opt/stack/neutron/neutron/plugins/ml2/drivers/ovn/mech_driver/ovsdb/ovsdb_monitor.py:906}}
Apr 27 12:10:43.431665 np0000170464 devstack@neutron-api.service[104395]: DEBUG neutron.plugins.ml2.drivers.ovn.mech_driver.ovsdb.ovsdb_monitor [None req-78f1be40-f973-4dad-8624-634f3bc3d3c0 None None] Touching Hash Ring node "bbeeb54924e75dfbb643ebe953dd099e" from IDL notify handler {{(pid=104395) notify /opt/stack/neutron/neutron/plugins/ml2/drivers/ovn/mech_driver/ovsdb/ovsdb_monitor.py:906}}
Apr 27 12:10:43.431963 np0000170464 devstack@neutron-api.service[104394]: DEBUG neutron.plugins.ml2.drivers.ovn.mech_driver.ovsdb.ovsdb_monitor [None req-2b7f7ba5-dd26-41b8-bfda-43a7a9472bd4 None None] Hash Ring: Node 433a111c40895bd6b6d530eab80ea397 (host: np0000170464) handling event "update" for row 63a3c8c5-6d87-4cd8-a618-14dd1d7b4930 (table: Logical_Switch) {{(pid=104394) notify /opt/stack/neutron/neutron/plugins/ml2/drivers/ovn/mech_driver/ovsdb/ovsdb_monitor.py:914}}
Apr 27 12:10:43.432400 np0000170464 devstack@neutron-api.service[104394]: DEBUG neutron.plugins.ml2.drivers.ovn.mech_driver.ovsdb.ovsdb_monitor [None req-2b7f7ba5-dd26-41b8-bfda-43a7a9472bd4 None None] Touching Hash Ring node "433a111c40895bd6b6d530eab80ea397" from IDL notify handler {{(pid=104394) notify /opt/stack/neutron/neutron/plugins/ml2/drivers/ovn/mech_driver/ovsdb/ovsdb_monitor.py:906}}
Apr 27 12:10:43.434266 np0000170464 devstack@neutron-api.service[104394]: DEBUG neutron.plugins.ml2.drivers.ovn.mech_driver.ovsdb.ovsdb_monitor [None req-2b7f7ba5-dd26-41b8-bfda-43a7a9472bd4 None None] Hash Ring: Node 433a111c40895bd6b6d530eab80ea397 (host: np0000170464) handling event "create" for row 09057273-5da5-4a28-bdc2-ad965dc13bbc (table: Logical_Switch_Port) {{(pid=104394) notify /opt/stack/neutron/neutron/plugins/ml2/drivers/ovn/mech_driver/ovsdb/ovsdb_monitor.py:914}}
Apr 27 12:10:43.435438 np0000170464 devstack@neutron-api.service[104394]: DEBUG ovsdbapp.backend.ovs_idl.event [None req-2b7f7ba5-dd26-41b8-bfda-43a7a9472bd4 None None] Matched CREATE: LogicalSwitchPortCreateEvent(events=('create',), table='Logical_Switch_Port', conditions=[], old_conditions=None), priority=20 to row=Logical_Switch_Port(uuid=09057273-5da5-4a28-bdc2-ad965dc13bbc, addresses=['fa:16:3e:15:dc:4d'], dhcpv4_options=[], dhcpv6_options=[], dynamic_addresses=[], enabled=True, external_ids={'neutron:cidrs': '', 'neutron:device_id': 'ovnmeta-63a3c8c5-6d87-4cd8-a618-14dd1d7b4930', 'neutron:device_owner': 'network:distributed', 'neutron:mtu': '', 'neutron:network_name': 'neutron-63a3c8c5-6d87-4cd8-a618-14dd1d7b4930', 'neutron:port_capabilities': '', 'neutron:port_name': '', 'neutron:project_id': '9221432cc03f4937a4e54abe96b7fbae', 'neutron:revision_number': '1', 'neutron:security_group_ids': '', 'neutron:subnet_pool_addr_scope4': '', 'neutron:subnet_pool_addr_scope6': '', 'neutron:vnic_type': 'normal'}, ha_chassis_group=[], mirror_rules=[], name='6f9de24c-ca4c-482a-a7b8-04c4dd823761', options={}, parent_name=[], port_security=[], tag=[], tag_request=[], type='localport', up=[]) old= {{(pid=104394) matches /opt/stack/data/venv/lib/python3.12/site-packages/ovsdbapp/backend/ovs_idl/event.py:55}}
Apr 27 12:10:43.436581 np0000170464 devstack@neutron-api.service[104394]: INFO neutron.plugins.ml2.drivers.ovn.mech_driver.mech_driver [None req-aacc1f36-1c0c-480f-aea0-051cf81e5581 None None] OVN reports status down for port: 6f9de24c-ca4c-482a-a7b8-04c4dd823761
Apr 27 12:10:43.438136 np0000170464 devstack@neutron-api.service[104394]: DEBUG neutron.plugins.ml2.drivers.ovn.mech_driver.ovsdb.ovsdb_monitor [None req-2b7f7ba5-dd26-41b8-bfda-43a7a9472bd4 None None] Touching Hash Ring node "433a111c40895bd6b6d530eab80ea397" from IDL notify handler {{(pid=104394) notify /opt/stack/neutron/neutron/plugins/ml2/drivers/ovn/mech_driver/ovsdb/ovsdb_monitor.py:906}}
