Apr 27 12:06:07.800231 np0000170464 devstack@neutron-api.service[104395]: INFO ovsdbapp.backend.ovs_idl.vlog [None req-3d7ffa83-95d1-411a-8a8f-f7a710066ec0 None None] ssl:199.19.213.233:6642: connected
Apr 27 12:06:07.802864 np0000170464 devstack@neutron-api.service[104392]: DEBUG ovsdbapp.backend.ovs_idl [None req-b567a7ea-bf6b-4efc-a787-d29e7cf5b723 None None] Created lookup_table index Logical_Switch.name {{(pid=104392) autocreate_indices /opt/stack/data/venv/lib/python3.12/site-packages/ovsdbapp/backend/ovs_idl/__init__.py:87}}
Apr 27 12:06:07.803207 np0000170464 devstack@neutron-api.service[104392]: DEBUG ovsdbapp.backend.ovs_idl [None req-b567a7ea-bf6b-4efc-a787-d29e7cf5b723 None None] Created lookup_table index Logical_Router.name {{(pid=104392) autocreate_indices /opt/stack/data/venv/lib/python3.12/site-packages/ovsdbapp/backend/ovs_idl/__init__.py:87}}
Apr 27 12:06:07.803207 np0000170464 devstack@neutron-api.service[104392]: DEBUG ovsdbapp.backend.ovs_idl [None req-b567a7ea-bf6b-4efc-a787-d29e7cf5b723 None None] Created lookup_table index Load_Balancer.name {{(pid=104392) autocreate_indices /opt/stack/data/venv/lib/python3.12/site-packages/ovsdbapp/backend/ovs_idl/__init__.py:87}}
Apr 27 12:06:07.803207 np0000170464 devstack@neutron-api.service[104392]: DEBUG ovsdbapp.backend.ovs_idl [None req-b567a7ea-bf6b-4efc-a787-d29e7cf5b723 None None] Created schema index Copp.name {{(pid=104392) autocreate_indices /opt/stack/data/venv/lib/python3.12/site-packages/ovsdbapp/backend/ovs_idl/__init__.py:106}}
Apr 27 12:06:07.803207 np0000170464 devstack@neutron-api.service[104392]: DEBUG ovsdbapp.backend.ovs_idl [None req-b567a7ea-bf6b-4efc-a787-d29e7cf5b723 None None] Created schema index Meter.name {{(pid=104392) autocreate_indices /opt/stack/data/venv/lib/python3.12/site-packages/ovsdbapp/backend/ovs_idl/__init__.py:106}}
Apr 27 12:06:07.803513 np0000170464 devstack@neutron-api.service[104392]: DEBUG ovsdbapp.backend.ovs_idl [None req-b567a7ea-bf6b-4efc-a787-d29e7cf5b723 None None] Created schema index Load_Balancer_Group.name {{(pid=104392) autocreate_indices /opt/stack/data/venv/lib/python3.12/site-packages/ovsdbapp/backend/ovs_idl/__init__.py:106}}
Apr 27 12:06:07.803513 np0000170464 devstack@neutron-api.service[104392]: DEBUG ovsdbapp.backend.ovs_idl [None req-b567a7ea-bf6b-4efc-a787-d29e7cf5b723 None None] Created schema index HA_Chassis_Group.name {{(pid=104392) autocreate_indices /opt/stack/data/venv/lib/python3.12/site-packages/ovsdbapp/backend/ovs_idl/__init__.py:106}}
Apr 27 12:06:07.803513 np0000170464 devstack@neutron-api.service[104392]: DEBUG ovsdbapp.backend.ovs_idl [None req-b567a7ea-bf6b-4efc-a787-d29e7cf5b723 None None] Created schema index Address_Set.name {{(pid=104392) autocreate_indices /opt/stack/data/venv/lib/python3.12/site-packages/ovsdbapp/backend/ovs_idl/__init__.py:106}}
Apr 27 12:06:07.803716 np0000170464 devstack@neutron-api.service[104392]: DEBUG ovsdbapp.backend.ovs_idl [None req-b567a7ea-bf6b-4efc-a787-d29e7cf5b723 None None] Created schema index Connection.target {{(pid=104392) autocreate_indices /opt/stack/data/venv/lib/python3.12/site-packages/ovsdbapp/backend/ovs_idl/__init__.py:106}}
Apr 27 12:06:07.803716 np0000170464 devstack@neutron-api.service[104392]: DEBUG ovsdbapp.backend.ovs_idl [None req-b567a7ea-bf6b-4efc-a787-d29e7cf5b723 None None] Created schema index Gateway_Chassis.name {{(pid=104392) autocreate_indices /opt/stack/data/venv/lib/python3.12/site-packages/ovsdbapp/backend/ovs_idl/__init__.py:106}}
Apr 27 12:06:07.803716 np0000170464 devstack@neutron-api.service[104392]: DEBUG ovsdbapp.backend.ovs_idl [None req-b567a7ea-bf6b-4efc-a787-d29e7cf5b723 None None] Created schema index Mirror.name {{(pid=104392) autocreate_indices /opt/stack/data/venv/lib/python3.12/site-packages/ovsdbapp/backend/ovs_idl/__init__.py:106}}
Apr 27 12:06:07.803984 np0000170464 devstack@neutron-api.service[104392]: DEBUG ovsdbapp.backend.ovs_idl [None req-b567a7ea-bf6b-4efc-a787-d29e7cf5b723 None None] Created schema index Chassis_Template_Var.chassis {{(pid=104392) autocreate_indices /opt/stack/data/venv/lib/python3.12/site-packages/ovsdbapp/backend/ovs_idl/__init__.py:106}}
Apr 27 12:06:07.803984 np0000170464 devstack@neutron-api.service[104392]: DEBUG ovsdbapp.backend.ovs_idl [None req-b567a7ea-bf6b-4efc-a787-d29e7cf5b723 None None] Created schema index Logical_Router_Port.name {{(pid=104392) autocreate_indices /opt/stack/data/venv/lib/python3.12/site-packages/ovsdbapp/backend/ovs_idl/__init__.py:106}}
Apr 27 12:06:07.804169 np0000170464 devstack@neutron-api.service[104392]: DEBUG ovsdbapp.backend.ovs_idl [None req-b567a7ea-bf6b-4efc-a787-d29e7cf5b723 None None] Created schema index Port_Group.name {{(pid=104392) autocreate_indices /opt/stack/data/venv/lib/python3.12/site-packages/ovsdbapp/backend/ovs_idl/__init__.py:106}}
Apr 27 12:06:07.804169 np0000170464 devstack@neutron-api.service[104392]: DEBUG ovsdbapp.backend.ovs_idl [None req-b567a7ea-bf6b-4efc-a787-d29e7cf5b723 None None] Created schema index Logical_Switch_Port.name {{(pid=104392) autocreate_indices /opt/stack/data/venv/lib/python3.12/site-packages/ovsdbapp/backend/ovs_idl/__init__.py:106}}
Apr 27 12:06:07.807016 np0000170464 devstack@neutron-api.service[104392]: INFO ovsdbapp.backend.ovs_idl.vlog [None req-b567a7ea-bf6b-4efc-a787-d29e7cf5b723 None None] ssl:199.19.213.233:6641: connecting...
Apr 27 12:06:07.813828 np0000170464 devstack@neutron-api.service[104392]: INFO ovsdbapp.backend.ovs_idl.vlog [None req-b567a7ea-bf6b-4efc-a787-d29e7cf5b723 None None] ssl:199.19.213.233:6641: connected
Apr 27 12:06:07.859746 np0000170464 devstack@neutron-api.service[104393]: DEBUG neutron.common.ovn.hash_ring_manager [None req-214cf495-92c0-44a0-850b-5a019a4e1576 None None] Allow caching, nodes 4>=4 {{(pid=104393) _wait_startup_before_caching /opt/stack/neutron/neutron/common/ovn/hash_ring_manager.py:65}}
Apr 27 12:06:07.859951 np0000170464 devstack@neutron-api.service[104395]: DEBUG neutron.common.ovn.hash_ring_manager [None req-3d7ffa83-95d1-411a-8a8f-f7a710066ec0 None None] Allow caching, nodes 4>=4 {{(pid=104395) _wait_startup_before_caching /opt/stack/neutron/neutron/common/ovn/hash_ring_manager.py:65}}
Apr 27 12:06:07.859951 np0000170464 devstack@neutron-api.service[104395]: DEBUG neutron.common.ovn.hash_ring_manager [None req-3d7ffa83-95d1-411a-8a8f-f7a710066ec0 None None] Hash Ring loaded. 4 active nodes. 0 offline nodes {{(pid=104395) _load_hash_ring /opt/stack/neutron/neutron/common/ovn/hash_ring_manager.py:102}}
Apr 27 12:06:07.859951 np0000170464 devstack@neutron-api.service[104395]: DEBUG neutron.plugins.ml2.drivers.ovn.mech_driver.ovsdb.ovsdb_monitor [None req-3d7ffa83-95d1-411a-8a8f-f7a710066ec0 None None] ChassisOVNAgentWriteEvent : Matched Chassis_Private, create, None None {{(pid=104395) matches /opt/stack/neutron/neutron/plugins/ml2/drivers/ovn/mech_driver/ovsdb/ovsdb_monitor.py:64}}
Apr 27 12:06:07.859951 np0000170464 devstack@neutron-api.service[104395]: DEBUG neutron.plugins.ml2.drivers.ovn.mech_driver.ovsdb.ovsdb_monitor [None req-3d7ffa83-95d1-411a-8a8f-f7a710066ec0 None None] ChassisAgentWriteEvent : Matched Chassis_Private, create, None None {{(pid=104395) matches /opt/stack/neutron/neutron/plugins/ml2/drivers/ovn/mech_driver/ovsdb/ovsdb_monitor.py:64}}
Apr 27 12:06:07.860342 np0000170464 devstack@neutron-api.service[104393]: DEBUG neutron.common.ovn.hash_ring_manager [None req-214cf495-92c0-44a0-850b-5a019a4e1576 None None] Hash Ring loaded. 4 active nodes. 0 offline nodes {{(pid=104393) _load_hash_ring /opt/stack/neutron/neutron/common/ovn/hash_ring_manager.py:102}}
Apr 27 12:06:07.860342 np0000170464 devstack@neutron-api.service[104393]: DEBUG neutron.plugins.ml2.drivers.ovn.mech_driver.ovsdb.ovsdb_monitor [None req-214cf495-92c0-44a0-850b-5a019a4e1576 None None] ChassisOVNAgentWriteEvent : Matched Chassis_Private, create, None None {{(pid=104393) matches /opt/stack/neutron/neutron/plugins/ml2/drivers/ovn/mech_driver/ovsdb/ovsdb_monitor.py:64}}
Apr 27 12:06:07.860342 np0000170464 devstack@neutron-api.service[104393]: DEBUG neutron.plugins.ml2.drivers.ovn.mech_driver.ovsdb.ovsdb_monitor [None req-214cf495-92c0-44a0-850b-5a019a4e1576 None None] ChassisAgentWriteEvent : Matched Chassis_Private, create, None None {{(pid=104393) matches /opt/stack/neutron/neutron/plugins/ml2/drivers/ovn/mech_driver/ovsdb/ovsdb_monitor.py:64}}
Apr 27 12:06:07.860342 np0000170464 devstack@neutron-api.service[104393]: DEBUG neutron.plugins.ml2.drivers.ovn.mech_driver.ovsdb.ovsdb_monitor [None req-214cf495-92c0-44a0-850b-5a019a4e1576 None None] Hash Ring: Node 2b022cf12d3352d397e366f19c17c926 (host: np0000170464) handling event "create" for row 5a5191c9-b855-43d5-af4d-73f47a7fd256 (table: Chassis_Private) {{(pid=104393) notify /opt/stack/neutron/neutron/plugins/ml2/drivers/ovn/mech_driver/ovsdb/ovsdb_monitor.py:914}}
Apr 27 12:06:07.860807 np0000170464 devstack@neutron-api.service[104395]: INFO neutron.plugins.ml2.drivers.ovn.mech_driver.mech_driver [None req-3d7ffa83-95d1-411a-8a8f-f7a710066ec0 None None] WorkerService process has finished the post initialization
Apr 27 12:06:07.861157 np0000170464 devstack@neutron-api.service[104393]: DEBUG neutron.plugins.ml2.drivers.ovn.mech_driver.ovsdb.ovsdb_monitor [None req-214cf495-92c0-44a0-850b-5a019a4e1576 None None] Hash Ring: Node 2b022cf12d3352d397e366f19c17c926 (host: np0000170464) handling event "create" for row 4fc915a3-88b3-4314-b308-378458c26a2e (table: Encap) {{(pid=104393) notify /opt/stack/neutron/neutron/plugins/ml2/drivers/ovn/mech_driver/ovsdb/ovsdb_monitor.py:914}}
Apr 27 12:06:07.861510 np0000170464 devstack@neutron-api.service[104395]: WSGI app 0 (mountpoint='') ready in 8 seconds on interpreter 0x7ce785ca3668 pid: 104395 (default app)
Apr 27 12:06:07.861708 np0000170464 devstack@neutron-api.service[104393]: INFO neutron.plugins.ml2.drivers.ovn.mech_driver.mech_driver [None req-214cf495-92c0-44a0-850b-5a019a4e1576 None None] WorkerService process has finished the post initialization
Apr 27 12:06:07.861708 np0000170464 devstack@neutron-api.service[104393]: WSGI app 0 (mountpoint='') ready in 8 seconds on interpreter 0x7ce785ca3668 pid: 104393 (default app)
Apr 27 12:06:07.869722 np0000170464 devstack@neutron-api.service[104392]: DEBUG neutron.common.ovn.hash_ring_manager [None req-b567a7ea-bf6b-4efc-a787-d29e7cf5b723 None None] Allow caching, nodes 4>=4 {{(pid=104392) _wait_startup_before_caching /opt/stack/neutron/neutron/common/ovn/hash_ring_manager.py:65}}
Apr 27 12:06:07.875365 np0000170464 devstack@neutron-api.service[104392]: DEBUG neutron.common.ovn.hash_ring_manager [None req-b567a7ea-bf6b-4efc-a787-d29e7cf5b723 None None] Hash Ring loaded. 4 active nodes. 0 offline nodes {{(pid=104392) _load_hash_ring /opt/stack/neutron/neutron/common/ovn/hash_ring_manager.py:102}}
Apr 27 12:06:07.875555 np0000170464 devstack@neutron-api.service[104392]: DEBUG neutron.plugins.ml2.drivers.ovn.mech_driver.ovsdb.ovsdb_monitor [None req-b567a7ea-bf6b-4efc-a787-d29e7cf5b723 None None] Hash Ring: Node a982fd86a9af56d1b71fd8b18acef453 (host: np0000170464) handling event "create" for row 0f7cc1a6-fe1f-4bba-967b-359ce83137ba (table: ACL) {{(pid=104392) notify /opt/stack/neutron/neutron/plugins/ml2/drivers/ovn/mech_driver/ovsdb/ovsdb_monitor.py:914}}
Apr 27 12:06:07.875787 np0000170464 devstack@neutron-api.service[104392]: DEBUG neutron.plugins.ml2.drivers.ovn.mech_driver.ovsdb.ovsdb_monitor [None req-b567a7ea-bf6b-4efc-a787-d29e7cf5b723 None None] Hash Ring: Node a982fd86a9af56d1b71fd8b18acef453 (host: np0000170464) handling event "create" for row 8cc3e325-6aca-4c76-9222-3aa1c448f939 (table: NB_Global) {{(pid=104392) notify /opt/stack/neutron/neutron/plugins/ml2/drivers/ovn/mech_driver/ovsdb/ovsdb_monitor.py:914}}
Apr 27 12:06:07.877118 np0000170464 devstack@neutron-api.service[104392]: INFO neutron.plugins.ml2.drivers.ovn.mech_driver.ovsdb.impl_idl_ovn [None req-b567a7ea-bf6b-4efc-a787-d29e7cf5b723 None None] Getting OvsdbSbOvnIdl for WorkerService with retry
Apr 27 12:06:07.919667 np0000170464 devstack@neutron-api.service[104392]: DEBUG ovsdbapp.backend.ovs_idl [None req-b567a7ea-bf6b-4efc-a787-d29e7cf5b723 None None] Created lookup_table index Chassis.name {{(pid=104392) autocreate_indices /opt/stack/data/venv/lib/python3.12/site-packages/ovsdbapp/backend/ovs_idl/__init__.py:87}}
Apr 27 12:06:07.919827 np0000170464 devstack@neutron-api.service[104392]: DEBUG ovsdbapp.backend.ovs_idl [None req-b567a7ea-bf6b-4efc-a787-d29e7cf5b723 None None] Created lookup_table index Port_Binding.logical_port {{(pid=104392) autocreate_indices /opt/stack/data/venv/lib/python3.12/site-packages/ovsdbapp/backend/ovs_idl/__init__.py:87}}
Apr 27 12:06:07.919827 np0000170464 devstack@neutron-api.service[104392]: DEBUG ovsdbapp.backend.ovs_idl [None req-b567a7ea-bf6b-4efc-a787-d29e7cf5b723 None None] Created schema index Chassis_Private.name {{(pid=104392) autocreate_indices /opt/stack/data/venv/lib/python3.12/site-packages/ovsdbapp/backend/ovs_idl/__init__.py:106}}
Apr 27 12:06:07.919942 np0000170464 devstack@neutron-api.service[104392]: DEBUG ovsdbapp.backend.ovs_idl [None req-b567a7ea-bf6b-4efc-a787-d29e7cf5b723 None None] Created schema index Datapath_Binding.tunnel_key {{(pid=104392) autocreate_indices /opt/stack/data/venv/lib/python3.12/site-packages/ovsdbapp/backend/ovs_idl/__init__.py:106}}
Apr 27 12:06:07.922563 np0000170464 devstack@neutron-api.service[104392]: INFO ovsdbapp.backend.ovs_idl.vlog [None req-b567a7ea-bf6b-4efc-a787-d29e7cf5b723 None None] ssl:199.19.213.233:6642: connecting...
Apr 27 12:06:07.928019 np0000170464 devstack@neutron-api.service[104392]: INFO ovsdbapp.backend.ovs_idl.vlog [None req-b567a7ea-bf6b-4efc-a787-d29e7cf5b723 None None] ssl:199.19.213.233:6642: connected
Apr 27 12:06:07.959680 np0000170464 devstack@neutron-api.service[104392]: DEBUG neutron.common.ovn.hash_ring_manager [None req-b567a7ea-bf6b-4efc-a787-d29e7cf5b723 None None] Allow caching, nodes 4>=4 {{(pid=104392) _wait_startup_before_caching /opt/stack/neutron/neutron/common/ovn/hash_ring_manager.py:65}}
Apr 27 12:06:07.964687 np0000170464 devstack@neutron-api.service[104392]: DEBUG neutron.common.ovn.hash_ring_manager [None req-b567a7ea-bf6b-4efc-a787-d29e7cf5b723 None None] Hash Ring loaded. 4 active nodes. 0 offline nodes {{(pid=104392) _load_hash_ring /opt/stack/neutron/neutron/common/ovn/hash_ring_manager.py:102}}
Apr 27 12:06:07.964950 np0000170464 devstack@neutron-api.service[104392]: DEBUG neutron.plugins.ml2.drivers.ovn.mech_driver.ovsdb.ovsdb_monitor [None req-b567a7ea-bf6b-4efc-a787-d29e7cf5b723 None None] ChassisAgentWriteEvent : Matched Chassis_Private, create, None None {{(pid=104392) matches /opt/stack/neutron/neutron/plugins/ml2/drivers/ovn/mech_driver/ovsdb/ovsdb_monitor.py:64}}
Apr 27 12:06:07.965257 np0000170464 devstack@neutron-api.service[104392]: DEBUG neutron.plugins.ml2.drivers.ovn.mech_driver.ovsdb.ovsdb_monitor [None req-b567a7ea-bf6b-4efc-a787-d29e7cf5b723 None None] ChassisOVNAgentWriteEvent : Matched Chassis_Private, create, None None {{(pid=104392) matches /opt/stack/neutron/neutron/plugins/ml2/drivers/ovn/mech_driver/ovsdb/ovsdb_monitor.py:64}}
Apr 27 12:06:07.968405 np0000170464 devstack@neutron-api.service[104392]: INFO neutron.plugins.ml2.drivers.ovn.mech_driver.mech_driver [None req-b567a7ea-bf6b-4efc-a787-d29e7cf5b723 None None] WorkerService process has finished the post initialization
Apr 27 12:06:07.970305 np0000170464 devstack@neutron-api.service[104392]: WSGI app 0 (mountpoint='') ready in 8 seconds on interpreter 0x7ce785ca3668 pid: 104392 (default app)
Apr 27 12:06:10.204810 np0000170464 devstack@neutron-api.service[104393]: DEBUG neutron.plugins.ml2.drivers.ovn.mech_driver.ovsdb.ovsdb_monitor [-] Hash Ring: Node 2b022cf12d3352d397e366f19c17c926 (host: np0000170464) handling event "update" for row fda4c129-0d33-4c9d-a0e2-f254f2e39c6d (table: Connection) {{(pid=104393) notify /opt/stack/neutron/neutron/plugins/ml2/drivers/ovn/mech_driver/ovsdb/ovsdb_monitor.py:914}}
Apr 27 12:06:10.216076 np0000170464 devstack@neutron-api.service[104394]: DEBUG neutron.common.ovn.hash_ring_manager [-] Allow caching, nodes 4>=4 {{(pid=104394) _wait_startup_before_caching /opt/stack/neutron/neutron/common/ovn/hash_ring_manager.py:65}}
Apr 27 12:06:13.875919 np0000170464 devstack@neutron-api.service[104394]: DEBUG neutron.api.wsgi [None req-aeb3b776-b054-4427-9721-6ab287dd836a admin admin] Missing Content-Type {{(pid=104394) get_content_type /opt/stack/neutron/neutron/api/wsgi.py:80}}
Apr 27 12:06:13.876924 np0000170464 devstack@neutron-api.service[104394]: DEBUG neutron.api.wsgi [None req-aeb3b776-b054-4427-9721-6ab287dd836a admin admin] https://199.19.213.233/networking/v2.0/extensions returned with HTTP 200 {{(pid=104394) __call__ /opt/stack/neutron/neutron/api/wsgi.py:540}}
Apr 27 12:06:13.876924 np0000170464 devstack@neutron-api.service[104394]: [pid: 104394|app: 0|req: 2/2] 199.19.213.233 () {64 vars in 1323 bytes} [Mon Apr 27 12:06:13 2026] GET /networking/v2.0/extensions => generated 15209 bytes in 485 msecs (HTTP/1.1 200) 4 headers in 159 bytes (1 switches on core 0)
Apr 27 12:06:14.284836 np0000170464 devstack@neutron-api.service[104395]: DEBUG neutron.api.v2.base [None req-b7fa4673-9865-45c5-814a-df44031c3666 admin admin] Request body: {'subnetpool': {'shared': True, 'name': 'shared-default-subnetpool-v4', 'prefixes': ['10.1.0.0/20'], 'default_prefixlen': 26, 'is_default': True}} {{(pid=104395) prepare_request_body /opt/stack/neutron/neutron/api/v2/base.py:727}}
Apr 27 12:06:14.494654 np0000170464 devstack@neutron-api.service[104395]: DEBUG neutron.policy [None req-b7fa4673-9865-45c5-814a-df44031c3666 admin admin] Loaded default policies from ['neutron'] under neutron.policies entry points {{(pid=104395) register_rules /opt/stack/neutron/neutron/policy.py:65}}
Apr 27 12:06:14.691828 np0000170464 devstack@neutron-api.service[104395]: DEBUG neutron_lib.callbacks.manager [None req-b7fa4673-9865-45c5-814a-df44031c3666 admin admin] Publish callbacks ['neutron.objects.securitygroup.RbacNeutronDbObjectMixin.validate_rbac_policy_change-1984241465736', 'neutron.objects.address_group.RbacNeutronDbObjectMixin.validate_rbac_policy_change-1984241484179', 'neutron.objects.network.RbacNeutronDbObjectMixin.validate_rbac_policy_change-1984241618995', 'neutron.objects.qos.policy.RbacNeutronDbObjectMixin.validate_rbac_policy_change-1984241624407', 'neutron.objects.subnetpool.RbacNeutronDbObjectMixin.validate_rbac_policy_change-1984241612683', 'neutron.objects.address_scope.RbacNeutronDbObjectMixin.validate_rbac_policy_change-1984241624260', 'neutron.plugins.ml2.plugin.External_net_db_mixin._process_ext_policy_create-1974310', 'neutron.plugins.ml2.plugin.NeutronDbPluginV2.validate_network_rbac_policy_change-1953842'] for rbac-policy (None), before_create {{(pid=104395) _notify_loop /opt/stack/data/venv/lib/python3.12/site-packages/neutron_lib/callbacks/manager.py:184}}
Apr 27 12:06:14.786066 np0000170464 devstack@neutron-api.service[104395]: DEBUG neutron_lib.callbacks.manager [None req-b7fa4673-9865-45c5-814a-df44031c3666 admin admin] Publish callbacks [] for subnetpool (None), before_response {{(pid=104395) _notify_loop /opt/stack/data/venv/lib/python3.12/site-packages/neutron_lib/callbacks/manager.py:184}}
Apr 27 12:06:14.786676 np0000170464 devstack@neutron-api.service[104395]: [pid: 104395|app: 0|req: 1/3] 199.19.213.233 () {68 vars in 1367 bytes} [Mon Apr 27 12:06:14 2026] POST /networking/v2.0/subnetpools => generated 533 bytes in 612 msecs (HTTP/1.1 201) 4 headers in 162 bytes (1 switches on core 0)
Apr 27 12:06:15.129651 np0000170464 devstack@neutron-api.service[104393]: DEBUG neutron.api.v2.base [None req-eeedebb3-e9c2-4230-902e-dd584f18e35c admin admin] Request body: {'subnetpool': {'shared': True, 'name': 'shared-default-subnetpool-v6', 'prefixes': ['fdd5:1cb3:cb50::/56'], 'default_prefixlen': 64, 'is_default': True}} {{(pid=104393) prepare_request_body /opt/stack/neutron/neutron/api/v2/base.py:727}}
Apr 27 12:06:15.324904 np0000170464 devstack@neutron-api.service[104393]: DEBUG neutron.policy [None req-eeedebb3-e9c2-4230-902e-dd584f18e35c admin admin] Loaded default policies from ['neutron'] under neutron.policies entry points {{(pid=104393) register_rules /opt/stack/neutron/neutron/policy.py:65}}
Apr 27 12:06:15.474742 np0000170464 devstack@neutron-api.service[104393]: DEBUG neutron_lib.callbacks.manager [None req-eeedebb3-e9c2-4230-902e-dd584f18e35c admin admin] Publish callbacks ['neutron.objects.securitygroup.RbacNeutronDbObjectMixin.validate_rbac_policy_change-1984241547896', 'neutron.objects.address_group.RbacNeutronDbObjectMixin.validate_rbac_policy_change-1984241567579', 'neutron.objects.network.RbacNeutronDbObjectMixin.validate_rbac_policy_change-1984241622530', 'neutron.objects.qos.policy.RbacNeutronDbObjectMixin.validate_rbac_policy_change-1984241615133', 'neutron.objects.subnetpool.RbacNeutronDbObjectMixin.validate_rbac_policy_change-1984241610759', 'neutron.objects.address_scope.RbacNeutronDbObjectMixin.validate_rbac_policy_change-1984241615726', 'neutron.plugins.ml2.plugin.External_net_db_mixin._process_ext_policy_create-61546', 'neutron.plugins.ml2.plugin.NeutronDbPluginV2.validate_network_rbac_policy_change-60810'] for rbac-policy (None), before_create {{(pid=104393) _notify_loop /opt/stack/data/venv/lib/python3.12/site-packages/neutron_lib/callbacks/manager.py:184}}
Apr 27 12:06:15.517859 np0000170464 devstack@neutron-api.service[104393]: DEBUG neutron_lib.callbacks.manager [None req-eeedebb3-e9c2-4230-902e-dd584f18e35c admin admin] Publish callbacks [] for subnetpool (None), before_response {{(pid=104393) _notify_loop /opt/stack/data/venv/lib/python3.12/site-packages/neutron_lib/callbacks/manager.py:184}}
Apr 27 12:06:15.518254 np0000170464 devstack@neutron-api.service[104393]: [pid: 104393|app: 0|req: 1/4] 199.19.213.233 () {68 vars in 1367 bytes} [Mon Apr 27 12:06:15 2026] POST /networking/v2.0/subnetpools => generated 543 bytes in 504 msecs (HTTP/1.1 201) 4 headers in 162 bytes (1 switches on core 0)
Apr 27 12:06:15.973499 np0000170464 devstack@neutron-api.service[104392]: DEBUG neutron.api.v2.base [None req-0830f5ea-fabc-4375-a654-64ac00ab35f7 admin admin] Request body: {'network': {'name': 'private', 'admin_state_up': True}} {{(pid=104392) prepare_request_body /opt/stack/neutron/neutron/api/v2/base.py:727}}
Apr 27 12:06:16.006229 np0000170464 devstack@neutron-api.service[104392]: DEBUG neutron.pecan_wsgi.hooks.quota_enforcement [None req-0830f5ea-fabc-4375-a654-64ac00ab35f7 admin admin] Made reservation on behalf of c68a68bb40aa4794aefa1f0ddd4b48a6 for: {'network': 1} {{(pid=104392) before /opt/stack/neutron/neutron/pecan_wsgi/hooks/quota_enforcement.py:66}}
Apr 27 12:06:16.206441 np0000170464 devstack@neutron-api.service[104392]: DEBUG neutron.policy [None req-0830f5ea-fabc-4375-a654-64ac00ab35f7 admin admin] Loaded default policies from ['neutron'] under neutron.policies entry points {{(pid=104392) register_rules /opt/stack/neutron/neutron/policy.py:65}}
Apr 27 12:06:16.319348 np0000170464 devstack@neutron-api.service[104392]: DEBUG neutron_lib.callbacks.manager [None req-0830f5ea-fabc-4375-a654-64ac00ab35f7 admin admin] Publish callbacks ['neutron.plugins.ml2.plugin.SecurityGroupDbMixin._ensure_default_security_group_handler-267629324'] for network (None), before_create {{(pid=104392) _notify_loop /opt/stack/data/venv/lib/python3.12/site-packages/neutron_lib/callbacks/manager.py:184}}
Apr 27 12:06:16.340783 np0000170464 devstack@neutron-api.service[104392]: DEBUG neutron_lib.callbacks.manager [None req-0830f5ea-fabc-4375-a654-64ac00ab35f7 admin admin] Publish callbacks [] for security_group (None), before_create {{(pid=104392) _notify_loop /opt/stack/data/venv/lib/python3.12/site-packages/neutron_lib/callbacks/manager.py:184}}
Apr 27 12:06:16.443022 np0000170464 devstack@neutron-api.service[104392]: DEBUG neutron_lib.callbacks.manager [None req-0830f5ea-fabc-4375-a654-64ac00ab35f7 admin admin] Publish callbacks ['neutron.plugins.ml2.drivers.ovn.mech_driver.mech_driver.OVNMechanismDriver._create_security_group_precommit-322491'] for security_group (961b688d-4444-41ee-9b91-87212dd776db), precommit_create {{(pid=104392) _notify_loop /opt/stack/data/venv/lib/python3.12/site-packages/neutron_lib/callbacks/manager.py:184}}
Apr 27 12:06:16.443242 np0000170464 devstack@neutron-api.service[104392]: DEBUG neutron.db.ovn_revision_numbers_db [None req-0830f5ea-fabc-4375-a654-64ac00ab35f7 admin admin] create_initial_revision uuid=961b688d-4444-41ee-9b91-87212dd776db, type=security_groups, rev=-1 {{(pid=104392) create_initial_revision /opt/stack/neutron/neutron/db/ovn_revision_numbers_db.py:98}}
Apr 27 12:06:16.445923 np0000170464 devstack@neutron-api.service[104392]: DEBUG neutron.db.ovn_revision_numbers_db [None req-0830f5ea-fabc-4375-a654-64ac00ab35f7 admin admin] create_initial_revision uuid=215b685f-1e45-4936-a281-8f5fb81d37d2, type=security_group_rules, rev=-1 {{(pid=104392) create_initial_revision /opt/stack/neutron/neutron/db/ovn_revision_numbers_db.py:98}}
Apr 27 12:06:16.447042 np0000170464 devstack@neutron-api.service[104392]: DEBUG neutron.db.ovn_revision_numbers_db [None req-0830f5ea-fabc-4375-a654-64ac00ab35f7 admin admin] create_initial_revision uuid=7257be77-5257-433d-8181-1744efb0e517, type=security_group_rules, rev=-1 {{(pid=104392) create_initial_revision /opt/stack/neutron/neutron/db/ovn_revision_numbers_db.py:98}}
Apr 27 12:06:16.448186 np0000170464 devstack@neutron-api.service[104392]: DEBUG neutron.db.ovn_revision_numbers_db [None req-0830f5ea-fabc-4375-a654-64ac00ab35f7 admin admin] create_initial_revision uuid=8a40cb90-d0d7-4496-b650-939fa11258b7, type=security_group_rules, rev=-1 {{(pid=104392) create_initial_revision /opt/stack/neutron/neutron/db/ovn_revision_numbers_db.py:98}}
Apr 27 12:06:16.449711 np0000170464 devstack@neutron-api.service[104392]: DEBUG neutron.db.ovn_revision_numbers_db [None req-0830f5ea-fabc-4375-a654-64ac00ab35f7 admin admin] create_initial_revision uuid=eb2c994b-0219-4518-9b51-1928467ccfce, type=security_group_rules, rev=-1 {{(pid=104392) create_initial_revision /opt/stack/neutron/neutron/db/ovn_revision_numbers_db.py:98}}
Apr 27 12:06:16.458540 np0000170464 devstack@neutron-api.service[104392]: DEBUG neutron_lib.callbacks.manager [None req-0830f5ea-fabc-4375-a654-64ac00ab35f7 admin admin] Publish callbacks ['neutron.plugins.ml2.drivers.ovn.mech_driver.mech_driver.OVNMechanismDriver._create_security_group-322373', 'neutron.plugins.ml2.ovo_rpc._ObjectChangeHandler.handle_event-2684591'] for security_group (961b688d-4444-41ee-9b91-87212dd776db), after_create {{(pid=104392) _notify_loop /opt/stack/data/venv/lib/python3.12/site-packages/neutron_lib/callbacks/manager.py:184}}
Apr 27 12:06:16.458811 np0000170464 devstack@neutron-api.service[104392]: INFO neutron.plugins.ml2.drivers.ovn.mech_driver.ovsdb.extensions.qos [None req-0830f5ea-fabc-4375-a654-64ac00ab35f7 admin admin] Starting OVNClientQosExtension
Apr 27 12:06:16.458811 np0000170464 devstack@neutron-api.service[104392]: INFO neutron.plugins.ml2.drivers.ovn.mech_driver.ovsdb.extensions.placement [None req-0830f5ea-fabc-4375-a654-64ac00ab35f7 admin admin] Starting OVNClientPlacementExtension
Apr 27 12:06:16.461128 np0000170464 devstack@neutron-api.service[104392]: DEBUG ovsdbapp.backend.ovs_idl.transaction [-] Running txn n=1 command(idx=0): PgAddCommand(_result=None, name=pg_961b688d_4444_41ee_9b91_87212dd776db, may_exist=False, columns={'acls': [], 'external_ids': {'neutron:security_group_id': '961b688d-4444-41ee-9b91-87212dd776db'}}) {{(pid=104392) do_commit /opt/stack/data/venv/lib/python3.12/site-packages/ovsdbapp/backend/ovs_idl/transaction.py:89}}
Apr 27 12:06:16.467495 np0000170464 devstack@neutron-api.service[104392]: DEBUG ovsdbapp.backend.ovs_idl.transaction [-] Running txn n=1 command(idx=1): PgAclAddCommand(_result=None, entity=pg_961b688d_4444_41ee_9b91_87212dd776db, direction=from-lport, priority=1002, match=inport == @pg_961b688d_4444_41ee_9b91_87212dd776db && ip6, action=allow-related, log=False, may_exist=True, severity=[], name=[], meter=[], external_ids={'neutron:security_group_rule_id': '215b685f-1e45-4936-a281-8f5fb81d37d2'}) {{(pid=104392) do_commit /opt/stack/data/venv/lib/python3.12/site-packages/ovsdbapp/backend/ovs_idl/transaction.py:89}}
Apr 27 12:06:16.468032 np0000170464 devstack@neutron-api.service[104392]: DEBUG ovsdbapp.backend.ovs_idl.transaction [-] Running txn n=1 command(idx=2): PgAclAddCommand(_result=None, entity=pg_961b688d_4444_41ee_9b91_87212dd776db, direction=to-lport, priority=1002, match=outport == @pg_961b688d_4444_41ee_9b91_87212dd776db && ip6 && ip6.src == $pg_961b688d_4444_41ee_9b91_87212dd776db_ip6, action=allow-related, log=False, may_exist=True, severity=[], name=[], meter=[], external_ids={'neutron:security_group_rule_id': '7257be77-5257-433d-8181-1744efb0e517'}) {{(pid=104392) do_commit /opt/stack/data/venv/lib/python3.12/site-packages/ovsdbapp/backend/ovs_idl/transaction.py:89}}
Apr 27 12:06:16.468332 np0000170464 devstack@neutron-api.service[104392]: DEBUG ovsdbapp.backend.ovs_idl.transaction [-] Running txn n=1 command(idx=3): PgAclAddCommand(_result=None, entity=pg_961b688d_4444_41ee_9b91_87212dd776db, direction=to-lport, priority=1002, match=outport == @pg_961b688d_4444_41ee_9b91_87212dd776db && ip4 && ip4.src == $pg_961b688d_4444_41ee_9b91_87212dd776db_ip4, action=allow-related, log=False, may_exist=True, severity=[], name=[], meter=[], external_ids={'neutron:security_group_rule_id': '8a40cb90-d0d7-4496-b650-939fa11258b7'}) {{(pid=104392) do_commit /opt/stack/data/venv/lib/python3.12/site-packages/ovsdbapp/backend/ovs_idl/transaction.py:89}}
Apr 27 12:06:16.468628 np0000170464 devstack@neutron-api.service[104392]: DEBUG ovsdbapp.backend.ovs_idl.transaction [-] Running txn n=1 command(idx=4): PgAclAddCommand(_result=None, entity=pg_961b688d_4444_41ee_9b91_87212dd776db, direction=from-lport, priority=1002, match=inport == @pg_961b688d_4444_41ee_9b91_87212dd776db && ip4, action=allow-related, log=False, may_exist=True, severity=[], name=[], meter=[], external_ids={'neutron:security_group_rule_id': 'eb2c994b-0219-4518-9b51-1928467ccfce'}) {{(pid=104392) do_commit /opt/stack/data/venv/lib/python3.12/site-packages/ovsdbapp/backend/ovs_idl/transaction.py:89}}
Apr 27 12:06:16.519279 np0000170464 devstack@neutron-api.service[104392]: DEBUG neutron.plugins.ml2.drivers.ovn.mech_driver.ovsdb.ovsdb_monitor [-] Hash Ring: Node a982fd86a9af56d1b71fd8b18acef453 (host: np0000170464) handling event "create" for row 2bfbffe2-b21f-4a9d-93da-10113eaf0193 (table: ACL) {{(pid=104392) notify /opt/stack/neutron/neutron/plugins/ml2/drivers/ovn/mech_driver/ovsdb/ovsdb_monitor.py:914}}
Apr 27 12:06:16.522839 np0000170464 devstack@neutron-api.service[104395]: DEBUG neutron.plugins.ml2.drivers.ovn.mech_driver.ovsdb.ovsdb_monitor [-] Hash Ring: Node bbeeb54924e75dfbb643ebe953dd099e (host: np0000170464) handling event "create" for row 8ae4c2e1-dbd6-43a2-9107-5ee0cc4450dd (table: ACL) {{(pid=104395) notify /opt/stack/neutron/neutron/plugins/ml2/drivers/ovn/mech_driver/ovsdb/ovsdb_monitor.py:914}}
Apr 27 12:06:16.524445 np0000170464 devstack@neutron-api.service[104393]: DEBUG neutron.plugins.ml2.drivers.ovn.mech_driver.ovsdb.ovsdb_monitor [-] Hash Ring: Node 2b022cf12d3352d397e366f19c17c926 (host: np0000170464) handling event "create" for row 55a7fe97-fe47-429a-97e7-a9719cc9d0cf (table: ACL) {{(pid=104393) notify /opt/stack/neutron/neutron/plugins/ml2/drivers/ovn/mech_driver/ovsdb/ovsdb_monitor.py:914}}
Apr 27 12:06:16.524738 np0000170464 devstack@neutron-api.service[104393]: DEBUG neutron.plugins.ml2.drivers.ovn.mech_driver.ovsdb.ovsdb_monitor [-] Hash Ring: Node 2b022cf12d3352d397e366f19c17c926 (host: np0000170464) handling event "create" for row 7ea07d5c-fe7e-4f8b-8e0e-3e5273cb8dc9 (table: ACL) {{(pid=104393) notify /opt/stack/neutron/neutron/plugins/ml2/drivers/ovn/mech_driver/ovsdb/ovsdb_monitor.py:914}}
Apr 27 12:06:16.524874 np0000170464 devstack@neutron-api.service[104394]: DEBUG neutron.plugins.ml2.drivers.ovn.mech_driver.ovsdb.ovsdb_monitor [-] Hash Ring: Node 433a111c40895bd6b6d530eab80ea397 (host: np0000170464) handling event "create" for row 2bfbffe2-b21f-4a9d-93da-10113eaf0193 (table: ACL) {{(pid=104394) notify /opt/stack/neutron/neutron/plugins/ml2/drivers/ovn/mech_driver/ovsdb/ovsdb_monitor.py:914}}
Apr 27 12:06:16.525120 np0000170464 devstack@neutron-api.service[104394]: DEBUG neutron.plugins.ml2.drivers.ovn.mech_driver.ovsdb.ovsdb_monitor [-] Hash Ring: Node 433a111c40895bd6b6d530eab80ea397 (host: np0000170464) handling event "create" for row 4724dac3-f26c-428f-a431-1e6af9579251 (table: Port_Group) {{(pid=104394) notify /opt/stack/neutron/neutron/plugins/ml2/drivers/ovn/mech_driver/ovsdb/ovsdb_monitor.py:914}}
Apr 27 12:06:16.550119 np0000170464 devstack@neutron-api.service[104392]: INFO neutron.db.ovn_revision_numbers_db [None req-0830f5ea-fabc-4375-a654-64ac00ab35f7 admin admin] Successfully bumped revision number for resource 961b688d-4444-41ee-9b91-87212dd776db (type: security_groups) to 1
Apr 27 12:06:16.569420 np0000170464 devstack@neutron-api.service[104392]: INFO neutron.db.ovn_revision_numbers_db [None req-0830f5ea-fabc-4375-a654-64ac00ab35f7 admin admin] Successfully bumped revision number for resource 215b685f-1e45-4936-a281-8f5fb81d37d2 (type: security_group_rules) to 0
Apr 27 12:06:16.584574 np0000170464 devstack@neutron-api.service[104392]: INFO neutron.db.ovn_revision_numbers_db [None req-0830f5ea-fabc-4375-a654-64ac00ab35f7 admin admin] Successfully bumped revision number for resource 7257be77-5257-433d-8181-1744efb0e517 (type: security_group_rules) to 0
Apr 27 12:06:16.601614 np0000170464 devstack@neutron-api.service[104392]: INFO neutron.db.ovn_revision_numbers_db [None req-0830f5ea-fabc-4375-a654-64ac00ab35f7 admin admin] Successfully bumped revision number for resource 8a40cb90-d0d7-4496-b650-939fa11258b7 (type: security_group_rules) to 0
Apr 27 12:06:16.620316 np0000170464 devstack@neutron-api.service[104392]: INFO neutron.db.ovn_revision_numbers_db [None req-0830f5ea-fabc-4375-a654-64ac00ab35f7 admin admin] Successfully bumped revision number for resource eb2c994b-0219-4518-9b51-1928467ccfce (type: security_group_rules) to 0
Apr 27 12:06:16.648072 np0000170464 devstack@neutron-api.service[104392]: DEBUG neutron.api.rpc.handlers.resources_rpc [None req-0830f5ea-fabc-4375-a654-64ac00ab35f7 admin admin] Pushing event updated for resources: {'SecurityGroup': ['ID=961b688d-4444-41ee-9b91-87212dd776db,revision_number=1']} {{(pid=104392) push /opt/stack/neutron/neutron/api/rpc/handlers/resources_rpc.py:237}}
Apr 27 12:06:16.655033 np0000170464 devstack@neutron-api.service[104392]: DEBUG ovsdbapp.backend.ovs_idl.transaction [-] Running txn n=1 command(idx=0): CheckLivenessCommand(_result=None) {{(pid=104392) do_commit /opt/stack/data/venv/lib/python3.12/site-packages/ovsdbapp/backend/ovs_idl/transaction.py:89}}
Apr 27 12:06:16.658165 np0000170464 devstack@neutron-api.service[104392]: DEBUG neutron.plugins.ml2.drivers.ovn.mech_driver.ovsdb.ovsdb_monitor [-] Hash Ring: Node a982fd86a9af56d1b71fd8b18acef453 (host: np0000170464) handling event "update" for row 8cc3e325-6aca-4c76-9222-3aa1c448f939 (table: NB_Global) {{(pid=104392) notify /opt/stack/neutron/neutron/plugins/ml2/drivers/ovn/mech_driver/ovsdb/ovsdb_monitor.py:914}}
Apr 27 12:06:16.660504 np0000170464 devstack@neutron-api.service[104395]: DEBUG neutron.plugins.ml2.drivers.ovn.mech_driver.ovsdb.ovsdb_monitor [-] Hash Ring: Node bbeeb54924e75dfbb643ebe953dd099e (host: np0000170464) handling event "update" for row 8cc3e325-6aca-4c76-9222-3aa1c448f939 (table: NB_Global) {{(pid=104395) notify /opt/stack/neutron/neutron/plugins/ml2/drivers/ovn/mech_driver/ovsdb/ovsdb_monitor.py:914}}
Apr 27 12:06:16.661518 np0000170464 devstack@neutron-api.service[104392]: DEBUG neutron.api.rpc.callbacks.version_manager [None req-0830f5ea-fabc-4375-a654-64ac00ab35f7 admin admin] Tracked resource versions report:
Apr 27 12:06:16.661518 np0000170464 devstack@neutron-api.service[104392]: pushed versions:
Apr 27 12:06:16.661518 np0000170464 devstack@neutron-api.service[104392]: { 'AddressGroup': {'1.2'},
Apr 27 12:06:16.661518 np0000170464 devstack@neutron-api.service[104392]: 'Agent': {'1.1'},
Apr 27 12:06:16.661518 np0000170464 devstack@neutron-api.service[104392]: 'ConntrackHelper': {'1.0'},
Apr 27 12:06:16.661518 np0000170464 devstack@neutron-api.service[104392]: 'LocalIPAssociation': {'1.0'},
Apr 27 12:06:16.661518 np0000170464 devstack@neutron-api.service[104392]: 'Log': {'1.0'},
Apr 27 12:06:16.661518 np0000170464 devstack@neutron-api.service[104392]: 'NDPProxy': {'1.0'},
Apr 27 12:06:16.661518 np0000170464 devstack@neutron-api.service[104392]: 'Network': {'1.2'},
Apr 27 12:06:16.661518 np0000170464 devstack@neutron-api.service[104392]: 'Port': {'1.10'},
Apr 27 12:06:16.661518 np0000170464 devstack@neutron-api.service[104392]: 'PortForwarding': {'1.3'},
Apr 27 12:06:16.661518 np0000170464 devstack@neutron-api.service[104392]: 'QosPolicy': {'1.10'},
Apr 27 12:06:16.661518 np0000170464 devstack@neutron-api.service[104392]: 'SecurityGroup': {'1.6'},
Apr 27 12:06:16.661518 np0000170464 devstack@neutron-api.service[104392]: 'SecurityGroupRule': {'1.3'},
Apr 27 12:06:16.661518 np0000170464 devstack@neutron-api.service[104392]: 'SubPort': {'1.0'},
Apr 27 12:06:16.661518 np0000170464 devstack@neutron-api.service[104392]: 'Subnet': {'1.2'},
Apr 27 12:06:16.661518 np0000170464 devstack@neutron-api.service[104392]: 'Trunk': {'1.1'}}
Apr 27 12:06:16.661518 np0000170464 devstack@neutron-api.service[104392]: consumer versions:
Apr 27 12:06:16.661518 np0000170464 devstack@neutron-api.service[104392]: {}
Apr 27 12:06:16.661518 np0000170464 devstack@neutron-api.service[104392]: {{(pid=104392) report /opt/stack/neutron/neutron/api/rpc/callbacks/version_manager.py:183}}
Apr 27 12:06:16.662679 np0000170464 devstack@neutron-api.service[104395]: DEBUG neutron.plugins.ml2.drivers.ovn.mech_driver.ovsdb.ovsdb_monitor [-] Hash Ring: Node bbeeb54924e75dfbb643ebe953dd099e (host: np0000170464) handling event "update" for row 8cc3e325-6aca-4c76-9222-3aa1c448f939 (table: NB_Global) {{(pid=104395) notify /opt/stack/neutron/neutron/plugins/ml2/drivers/ovn/mech_driver/ovsdb/ovsdb_monitor.py:914}}
Apr 27 12:06:16.662870 np0000170464 devstack@neutron-api.service[104395]: DEBUG neutron.plugins.ml2.drivers.ovn.mech_driver.ovsdb.ovsdb_monitor [-] Hash Ring: Node bbeeb54924e75dfbb643ebe953dd099e (host: np0000170464) handling event "update" for row 8cc3e325-6aca-4c76-9222-3aa1c448f939 (table: NB_Global) {{(pid=104395) notify /opt/stack/neutron/neutron/plugins/ml2/drivers/ovn/mech_driver/ovsdb/ovsdb_monitor.py:914}}
Apr 27 12:06:16.665865 np0000170464 devstack@neutron-api.service[104395]: DEBUG neutron.plugins.ml2.drivers.ovn.mech_driver.ovsdb.ovsdb_monitor [-] ChassisAgentWriteEvent : Matched Chassis_Private, update, None None {{(pid=104395) matches /opt/stack/neutron/neutron/plugins/ml2/drivers/ovn/mech_driver/ovsdb/ovsdb_monitor.py:64}}
Apr 27 12:06:16.666741 np0000170464 devstack@neutron-api.service[104393]: DEBUG neutron.plugins.ml2.drivers.ovn.mech_driver.ovsdb.ovsdb_monitor [-] ChassisAgentWriteEvent : Matched Chassis_Private, update, None None {{(pid=104393) matches /opt/stack/neutron/neutron/plugins/ml2/drivers/ovn/mech_driver/ovsdb/ovsdb_monitor.py:64}}
Apr 27 12:06:16.666887 np0000170464 devstack@neutron-api.service[104394]: DEBUG neutron.plugins.ml2.drivers.ovn.mech_driver.ovsdb.ovsdb_monitor [-] ChassisAgentWriteEvent : Matched Chassis_Private, update, None None {{(pid=104394) matches /opt/stack/neutron/neutron/plugins/ml2/drivers/ovn/mech_driver/ovsdb/ovsdb_monitor.py:64}}
Apr 27 12:06:16.666992 np0000170464 devstack@neutron-api.service[104393]: DEBUG neutron.plugins.ml2.drivers.ovn.mech_driver.ovsdb.ovsdb_monitor [-] Hash Ring: Node 2b022cf12d3352d397e366f19c17c926 (host: np0000170464) handling event "update" for row 5a5191c9-b855-43d5-af4d-73f47a7fd256 (table: Chassis_Private) {{(pid=104393) notify /opt/stack/neutron/neutron/plugins/ml2/drivers/ovn/mech_driver/ovsdb/ovsdb_monitor.py:914}}
Apr 27 12:06:16.668361 np0000170464 devstack@neutron-api.service[104395]: DEBUG neutron.plugins.ml2.drivers.ovn.mech_driver.ovsdb.ovsdb_monitor [-] Hash Ring: Node bbeeb54924e75dfbb643ebe953dd099e (host: np0000170464) handling event "update" for row 8cc3e325-6aca-4c76-9222-3aa1c448f939 (table: NB_Global) {{(pid=104395) notify /opt/stack/neutron/neutron/plugins/ml2/drivers/ovn/mech_driver/ovsdb/ovsdb_monitor.py:914}}
Apr 27 12:06:16.670985 np0000170464 devstack@neutron-api.service[104392]: DEBUG neutron.plugins.ml2.drivers.ovn.mech_driver.ovsdb.ovsdb_monitor [-] ChassisAgentWriteEvent : Matched Chassis_Private, update, None None {{(pid=104392) matches /opt/stack/neutron/neutron/plugins/ml2/drivers/ovn/mech_driver/ovsdb/ovsdb_monitor.py:64}}
Apr 27 12:06:16.672774 np0000170464 devstack@neutron-api.service[104393]: DEBUG neutron.plugins.ml2.drivers.ovn.mech_driver.ovsdb.ovsdb_monitor [-] ChassisOVNAgentWriteEvent : Matched Chassis_Private, update, None None {{(pid=104393) matches /opt/stack/neutron/neutron/plugins/ml2/drivers/ovn/mech_driver/ovsdb/ovsdb_monitor.py:64}}
Apr 27 12:06:16.673254 np0000170464 devstack@neutron-api.service[104395]: DEBUG neutron.plugins.ml2.drivers.ovn.mech_driver.ovsdb.ovsdb_monitor [-] ChassisOVNAgentWriteEvent : Matched Chassis_Private, update, None None {{(pid=104395) matches /opt/stack/neutron/neutron/plugins/ml2/drivers/ovn/mech_driver/ovsdb/ovsdb_monitor.py:64}}
Apr 27 12:06:16.673301 np0000170464 devstack@neutron-api.service[104393]: DEBUG neutron.plugins.ml2.drivers.ovn.mech_driver.ovsdb.ovsdb_monitor [-] Hash Ring: Node 2b022cf12d3352d397e366f19c17c926 (host: np0000170464) handling event "update" for row 5a5191c9-b855-43d5-af4d-73f47a7fd256 (table: Chassis_Private) {{(pid=104393) notify /opt/stack/neutron/neutron/plugins/ml2/drivers/ovn/mech_driver/ovsdb/ovsdb_monitor.py:914}}
Apr 27 12:06:16.676011 np0000170464 devstack@neutron-api.service[104394]: DEBUG neutron.common.ovn.hash_ring_manager [-] Allow caching, nodes 4>=4 {{(pid=104394) _wait_startup_before_caching /opt/stack/neutron/neutron/common/ovn/hash_ring_manager.py:65}}
Apr 27 12:06:16.676196 np0000170464 devstack@neutron-api.service[104394]: DEBUG neutron.plugins.ml2.drivers.ovn.mech_driver.ovsdb.ovsdb_monitor [-] Hash Ring: Node 433a111c40895bd6b6d530eab80ea397 (host: np0000170464) handling event "update" for row 5a5191c9-b855-43d5-af4d-73f47a7fd256 (table: Chassis_Private) {{(pid=104394) notify /opt/stack/neutron/neutron/plugins/ml2/drivers/ovn/mech_driver/ovsdb/ovsdb_monitor.py:914}}
Apr 27 12:06:16.677108 np0000170464 devstack@neutron-api.service[104394]: DEBUG neutron.plugins.ml2.drivers.ovn.mech_driver.ovsdb.ovsdb_monitor [-] ChassisOVNAgentWriteEvent : Matched Chassis_Private, update, None None {{(pid=104394) matches /opt/stack/neutron/neutron/plugins/ml2/drivers/ovn/mech_driver/ovsdb/ovsdb_monitor.py:64}}
Apr 27 12:06:16.677358 np0000170464 devstack@neutron-api.service[104394]: DEBUG neutron.plugins.ml2.drivers.ovn.mech_driver.ovsdb.ovsdb_monitor [-] Hash Ring: Node 433a111c40895bd6b6d530eab80ea397 (host: np0000170464) handling event "update" for row 5a5191c9-b855-43d5-af4d-73f47a7fd256 (table: Chassis_Private) {{(pid=104394) notify /opt/stack/neutron/neutron/plugins/ml2/drivers/ovn/mech_driver/ovsdb/ovsdb_monitor.py:914}}
Apr 27 12:06:16.677612 np0000170464 devstack@neutron-api.service[104392]: DEBUG neutron.plugins.ml2.drivers.ovn.mech_driver.ovsdb.ovsdb_monitor [-] Hash Ring: Node a982fd86a9af56d1b71fd8b18acef453 (host: np0000170464) handling event "update" for row 8cc3e325-6aca-4c76-9222-3aa1c448f939 (table: NB_Global) {{(pid=104392) notify /opt/stack/neutron/neutron/plugins/ml2/drivers/ovn/mech_driver/ovsdb/ovsdb_monitor.py:914}}
Apr 27 12:06:16.679454 np0000170464 devstack@neutron-api.service[104392]: DEBUG neutron.plugins.ml2.drivers.ovn.mech_driver.ovsdb.ovsdb_monitor [-] ChassisOVNAgentWriteEvent : Matched Chassis_Private, update, None None {{(pid=104392) matches /opt/stack/neutron/neutron/plugins/ml2/drivers/ovn/mech_driver/ovsdb/ovsdb_monitor.py:64}}
Apr 27 12:06:16.681400 np0000170464 devstack@neutron-api.service[104392]: DEBUG neutron.plugins.ml2.drivers.ovn.mech_driver.ovsdb.ovsdb_monitor [-] Hash Ring: Node a982fd86a9af56d1b71fd8b18acef453 (host: np0000170464) handling event "update" for row 8cc3e325-6aca-4c76-9222-3aa1c448f939 (table: NB_Global) {{(pid=104392) notify /opt/stack/neutron/neutron/plugins/ml2/drivers/ovn/mech_driver/ovsdb/ovsdb_monitor.py:914}}
Apr 27 12:06:16.683159 np0000170464 devstack@neutron-api.service[104392]: DEBUG neutron.plugins.ml2.drivers.ovn.mech_driver.ovsdb.ovsdb_monitor [-] Hash Ring: Node a982fd86a9af56d1b71fd8b18acef453 (host: np0000170464) handling event "update" for row 8cc3e325-6aca-4c76-9222-3aa1c448f939 (table: NB_Global) {{(pid=104392) notify /opt/stack/neutron/neutron/plugins/ml2/drivers/ovn/mech_driver/ovsdb/ovsdb_monitor.py:914}}
Apr 27 12:06:16.732440 np0000170464 devstack@neutron-api.service[104392]: DEBUG neutron.plugins.ml2.drivers.helpers [None req-0830f5ea-fabc-4375-a654-64ac00ab35f7 admin admin] geneve segment allocate from pool success with {'geneve_vni': 29388} {{(pid=104392) allocate_partially_specified_segment /opt/stack/neutron/neutron/plugins/ml2/drivers/helpers.py:142}}
Apr 27 12:06:16.748993 np0000170464 devstack@neutron-api.service[104392]: DEBUG neutron_lib.callbacks.manager [None req-0830f5ea-fabc-4375-a654-64ac00ab35f7 admin admin] Publish callbacks ['neutron.services.segments.db._add_segment_host_mapping_for_segment-8583357012652', 'neutron.plugins.ml2.plugin.Ml2Plugin._handle_segment_change-267376690'] for segment (4be37921-72db-4fc8-82c8-0f20fb2702f2), precommit_create {{(pid=104392) _notify_loop /opt/stack/data/venv/lib/python3.12/site-packages/neutron_lib/callbacks/manager.py:184}}
Apr 27 12:06:16.749271 np0000170464 devstack@neutron-api.service[104392]: INFO neutron.db.segments_db [None req-0830f5ea-fabc-4375-a654-64ac00ab35f7 admin admin] Added segment 4be37921-72db-4fc8-82c8-0f20fb2702f2 of type geneve for network 8e536754-932c-4065-ada2-29c005214ecd
Apr 27 12:06:16.810890 np0000170464 devstack@neutron-api.service[104392]: DEBUG neutron_lib.callbacks.manager [None req-0830f5ea-fabc-4375-a654-64ac00ab35f7 admin admin] Publish callbacks ['neutron.services.auto_allocate.db._ensure_external_network_default_value_callback-8583355833378'] for network (8e536754-932c-4065-ada2-29c005214ecd), precommit_create {{(pid=104392) _notify_loop /opt/stack/data/venv/lib/python3.12/site-packages/neutron_lib/callbacks/manager.py:184}}
Apr 27 12:06:16.837770 np0000170464 devstack@neutron-api.service[104392]: DEBUG neutron.plugins.ml2.drivers.ovn.mech_driver.mech_driver [None req-0830f5ea-fabc-4375-a654-64ac00ab35f7 admin admin] Validating network segment with type geneve, segmentation ID 29388, physical network None {{(pid=104392) _validate_network_segments /opt/stack/neutron/neutron/plugins/ml2/drivers/ovn/mech_driver/mech_driver.py:641}}
Apr 27 12:06:16.837900 np0000170464 devstack@neutron-api.service[104392]: DEBUG neutron.db.ovn_revision_numbers_db [None req-0830f5ea-fabc-4375-a654-64ac00ab35f7 admin admin] create_initial_revision uuid=8e536754-932c-4065-ada2-29c005214ecd, type=networks, rev=-1 {{(pid=104392) create_initial_revision /opt/stack/neutron/neutron/db/ovn_revision_numbers_db.py:98}}
Apr 27 12:06:16.862304 np0000170464 devstack@neutron-api.service[104392]: DEBUG neutron_lib.callbacks.manager [None req-0830f5ea-fabc-4375-a654-64ac00ab35f7 admin admin] Publish callbacks ['neutron.plugins.ml2.ovo_rpc._ObjectChangeHandler.handle_event-2684588'] for network (8e536754-932c-4065-ada2-29c005214ecd), after_create {{(pid=104392) _notify_loop /opt/stack/data/venv/lib/python3.12/site-packages/neutron_lib/callbacks/manager.py:184}}
Apr 27 12:06:16.937151 np0000170464 devstack@neutron-api.service[104392]: DEBUG neutron.api.rpc.handlers.resources_rpc [None req-0830f5ea-fabc-4375-a654-64ac00ab35f7 admin admin] Pushing event updated for resources: {'Network': ['ID=8e536754-932c-4065-ada2-29c005214ecd,revision_number=1']} {{(pid=104392) push /opt/stack/neutron/neutron/api/rpc/handlers/resources_rpc.py:237}}
Apr 27 12:06:16.950620 np0000170464 devstack@neutron-api.service[104392]: DEBUG ovsdbapp.backend.ovs_idl.transaction [-] Running txn n=1 command(idx=0): AddNetworkCommand(_result=None, network_uuid=8e536754-932c-4065-ada2-29c005214ecd, may_exist=True, columns={'external_ids': {'neutron:network_name': 'private', 'neutron:mtu': '1372', 'neutron:revision_number': '1', 'neutron:availability_zone_hints': '', 'neutron:provnet-network-type': 'geneve'}, 'other_config': {'mcast_snoop': 'false', 'mcast_flood_unregistered': 'false', 'vlan-passthru': 'false'}}) {{(pid=104392) do_commit /opt/stack/data/venv/lib/python3.12/site-packages/ovsdbapp/backend/ovs_idl/transaction.py:89}}
Apr 27 12:06:16.951550 np0000170464 devstack@neutron-api.service[104392]: DEBUG neutron.common.ovn.utils [-] OVS persist_uuid supported=True {{(pid=104392) ovs_persist_uuid_supported /opt/stack/neutron/neutron/common/ovn/utils.py:1537}}
Apr 27 12:06:16.956780 np0000170464 devstack@neutron-api.service[104394]: DEBUG neutron.plugins.ml2.drivers.ovn.mech_driver.ovsdb.ovsdb_monitor [-] Hash Ring: Node 433a111c40895bd6b6d530eab80ea397 (host: np0000170464) handling event "create" for row 8e536754-932c-4065-ada2-29c005214ecd (table: Logical_Switch) {{(pid=104394) notify /opt/stack/neutron/neutron/plugins/ml2/drivers/ovn/mech_driver/ovsdb/ovsdb_monitor.py:914}}
