2026-05-12 17:07:48.627 8 INFO neutron.api.extensions [None req-0296b23f-54b3-4a02-91bf-f7afa0cd746e - - - - - -] Extension logging not supported by any of loaded plugins
2026-05-12 17:07:48.628 8 INFO neutron.api.extensions [None req-0296b23f-54b3-4a02-91bf-f7afa0cd746e - - - - - -] Extension metering not supported by any of loaded plugins
2026-05-12 17:07:48.629 8 INFO neutron.api.extensions [None req-0296b23f-54b3-4a02-91bf-f7afa0cd746e - - - - - -] Extension metering_source_and_destination_fields not supported by any of loaded plugins
2026-05-12 17:07:48.629 7 INFO neutron.quota.resource_registry [None req-fedda4b1-e01c-4678-ab2a-c70aafe8c6b9 - - - - - -] Creating instance of TrackedResource for resource:router
2026-05-12 17:07:48.629 8 INFO neutron.api.extensions [None req-0296b23f-54b3-4a02-91bf-f7afa0cd746e - - - - - -] Loaded extension: multi-provider
2026-05-12 17:07:48.629 7 INFO neutron.quota.resource_registry [None req-fedda4b1-e01c-4678-ab2a-c70aafe8c6b9 - - - - - -] Creating instance of TrackedResource for resource:floatingip
2026-05-12 17:07:48.630 8 INFO neutron.api.extensions [None req-0296b23f-54b3-4a02-91bf-f7afa0cd746e - - - - - -] Loaded extension: net-mtu
2026-05-12 17:07:48.630 8 INFO neutron.api.extensions [None req-0296b23f-54b3-4a02-91bf-f7afa0cd746e - - - - - -] Loaded extension: net-mtu-writable
2026-05-12 17:07:48.631 8 INFO neutron.api.extensions [None req-0296b23f-54b3-4a02-91bf-f7afa0cd746e - - - - - -] Loaded extension: network_availability_zone
2026-05-12 17:07:48.631 8 INFO neutron.api.extensions [None req-0296b23f-54b3-4a02-91bf-f7afa0cd746e - - - - - -] Loaded extension: network_ha
2026-05-12 17:07:48.632 8 INFO neutron.api.extensions [None req-0296b23f-54b3-4a02-91bf-f7afa0cd746e - - - - - -] Loaded extension: network-ip-availability
2026-05-12 17:07:48.633 8 INFO neutron.api.extensions [None req-0296b23f-54b3-4a02-91bf-f7afa0cd746e - - - - - -] Extension network-segment-range not supported by any of loaded plugins
2026-05-12 17:07:48.633 8 INFO neutron.api.extensions [None req-0296b23f-54b3-4a02-91bf-f7afa0cd746e - - - - - -] Loaded extension: pagination
2026-05-12 17:07:48.634 7 INFO neutron.quota.resource_registry [None req-fedda4b1-e01c-4678-ab2a-c70aafe8c6b9 - - - - - -] Creating instance of CountableResource for resource:rbac_policy
2026-05-12 17:07:48.634 8 INFO neutron.api.extensions [None req-0296b23f-54b3-4a02-91bf-f7afa0cd746e - - - - - -] Loaded extension: port-device-profile
2026-05-12 17:07:48.634 7 INFO neutron.quota.resource_registry [None req-fedda4b1-e01c-4678-ab2a-c70aafe8c6b9 - - - - - -] Creating instance of TrackedResource for resource:security_group
2026-05-12 17:07:48.635 7 INFO neutron.quota.resource_registry [None req-fedda4b1-e01c-4678-ab2a-c70aafe8c6b9 - - - - - -] Creating instance of TrackedResource for resource:security_group_rule
2026-05-12 17:07:48.635 8 INFO neutron.api.extensions [None req-0296b23f-54b3-4a02-91bf-f7afa0cd746e - - - - - -] Extension port-hardware-offload-type not supported by any of loaded plugins
2026-05-12 17:07:48.636 8 INFO neutron.api.extensions [None req-0296b23f-54b3-4a02-91bf-f7afa0cd746e - - - - - -] Extension port-hint-ovs-tx-steering not supported by any of loaded plugins
2026-05-12 17:07:48.636 7 INFO neutron.quota.resource_registry [None req-fedda4b1-e01c-4678-ab2a-c70aafe8c6b9 - - - - - -] Creating instance of TrackedResource for resource:subnetpool
2026-05-12 17:07:48.636 7 WARNING neutron.quota.resource_registry [None req-fedda4b1-e01c-4678-ab2a-c70aafe8c6b9 - - - - - -] subnetpool is already registered
2026-05-12 17:07:48.636 8 INFO neutron.api.extensions [None req-0296b23f-54b3-4a02-91bf-f7afa0cd746e - - - - - -] Extension port-hints not supported by any of loaded plugins
2026-05-12 17:07:48.636 7 INFO neutron.quota.resource_registry [None req-fedda4b1-e01c-4678-ab2a-c70aafe8c6b9 - - - - - -] Creating instance of TrackedResource for resource:subnetpool
2026-05-12 17:07:48.636 7 WARNING neutron.quota.resource_registry [None req-fedda4b1-e01c-4678-ab2a-c70aafe8c6b9 - - - - - -] subnetpool is already registered
2026-05-12 17:07:48.636 8 INFO neutron.api.extensions [None req-0296b23f-54b3-4a02-91bf-f7afa0cd746e - - - - - -] Loaded extension: port-mac-override
2026-05-12 17:07:48.637 7 INFO neutron.quota.resource_registry [None req-fedda4b1-e01c-4678-ab2a-c70aafe8c6b9 - - - - - -] Creating instance of CountableResource for resource:trunk
2026-05-12 17:07:48.637 8 INFO neutron.api.extensions [None req-0296b23f-54b3-4a02-91bf-f7afa0cd746e - - - - - -] Loaded extension: port-mac-address-regenerate
2026-05-12 17:07:48.637 7 INFO neutron.quota.resource_registry [None req-fedda4b1-e01c-4678-ab2a-c70aafe8c6b9 - - - - - -] Creating instance of CountableResource for resource:ikepolicy
2026-05-12 17:07:48.638 8 INFO neutron.api.extensions [None req-0296b23f-54b3-4a02-91bf-f7afa0cd746e - - - - - -] Loaded extension: port-numa-affinity-policy
2026-05-12 17:07:48.637 7 INFO neutron.quota.resource_registry [None req-fedda4b1-e01c-4678-ab2a-c70aafe8c6b9 - - - - - -] Creating instance of CountableResource for resource:ipsecpolicy
2026-05-12 17:07:48.638 7 INFO neutron.quota.resource_registry [None req-fedda4b1-e01c-4678-ab2a-c70aafe8c6b9 - - - - - -] Creating instance of CountableResource for resource:endpoint_group
2026-05-12 17:07:48.638 8 INFO neutron.api.extensions [None req-0296b23f-54b3-4a02-91bf-f7afa0cd746e - - - - - -] Loaded extension: port-numa-affinity-policy-socket
2026-05-12 17:07:48.638 7 INFO neutron.quota.resource_registry [None req-fedda4b1-e01c-4678-ab2a-c70aafe8c6b9 - - - - - -] Creating instance of CountableResource for resource:vpnservice
2026-05-12 17:07:48.638 8 INFO neutron.api.extensions [None req-0296b23f-54b3-4a02-91bf-f7afa0cd746e - - - - - -] Loaded extension: port-resource-request
2026-05-12 17:07:48.639 7 INFO neutron.quota.resource_registry [None req-fedda4b1-e01c-4678-ab2a-c70aafe8c6b9 - - - - - -] Creating instance of CountableResource for resource:ipsec_site_connection
2026-05-12 17:07:48.639 8 INFO neutron.api.extensions [None req-0296b23f-54b3-4a02-91bf-f7afa0cd746e - - - - - -] Loaded extension: port-resource-request-groups
2026-05-12 17:07:48.639 7 INFO neutron.quota.resource_registry [None req-fedda4b1-e01c-4678-ab2a-c70aafe8c6b9 - - - - - -] Creating instance of CountableResource for resource:ipsecpolicy
2026-05-12 17:07:48.639 7 WARNING neutron.quota.resource_registry [None req-fedda4b1-e01c-4678-ab2a-c70aafe8c6b9 - - - - - -] ipsecpolicy is already registered
2026-05-12 17:07:48.640 8 INFO neutron.api.extensions [None req-0296b23f-54b3-4a02-91bf-f7afa0cd746e - - - - - -] Extension port-trusted-vif not supported by any of loaded plugins
2026-05-12 17:07:48.640 7 INFO neutron.quota.resource_registry [None req-fedda4b1-e01c-4678-ab2a-c70aafe8c6b9 - - - - - -] Creating instance of CountableResource for resource:ikepolicy
2026-05-12 17:07:48.640 7 WARNING neutron.quota.resource_registry [None req-fedda4b1-e01c-4678-ab2a-c70aafe8c6b9 - - - - - -] ikepolicy is already registered
2026-05-12 17:07:48.640 8 INFO neutron.api.extensions [None req-0296b23f-54b3-4a02-91bf-f7afa0cd746e - - - - - -] Loaded extension: binding
2026-05-12 17:07:48.641 8 INFO neutron.api.extensions [None req-0296b23f-54b3-4a02-91bf-f7afa0cd746e - - - - - -] Loaded extension: binding-extended
2026-05-12 17:07:48.641 8 INFO neutron.api.extensions [None req-0296b23f-54b3-4a02-91bf-f7afa0cd746e - - - - - -] Loaded extension: port-security
2026-05-12 17:07:48.642 8 INFO neutron.api.extensions [None req-0296b23f-54b3-4a02-91bf-f7afa0cd746e - - - - - -] Loaded extension: project-id
2026-05-12 17:07:48.642 8 INFO neutron.api.extensions [None req-0296b23f-54b3-4a02-91bf-f7afa0cd746e - - - - - -] Loaded extension: provider
2026-05-12 17:07:48.643 8 INFO neutron.api.extensions [None req-0296b23f-54b3-4a02-91bf-f7afa0cd746e - - - - - -] Extension qinq not supported by any of loaded plugins
2026-05-12 17:07:48.644 7 INFO neutron.quota.resource_registry [None req-fedda4b1-e01c-4678-ab2a-c70aafe8c6b9 - - - - - -] Creating instance of TrackedResource for resource:router
2026-05-12 17:07:48.644 7 WARNING neutron.quota.resource_registry [None req-fedda4b1-e01c-4678-ab2a-c70aafe8c6b9 - - - - - -] router is already registered
2026-05-12 17:07:48.645 7 INFO neutron.quota.resource_registry [None req-fedda4b1-e01c-4678-ab2a-c70aafe8c6b9 - - - - - -] Creating instance of TrackedResource for resource:floatingip
2026-05-12 17:07:48.645 7 WARNING neutron.quota.resource_registry [None req-fedda4b1-e01c-4678-ab2a-c70aafe8c6b9 - - - - - -] floatingip is already registered
2026-05-12 17:07:48.645 8 INFO neutron.api.extensions [None req-0296b23f-54b3-4a02-91bf-f7afa0cd746e - - - - - -] Loaded extension: qos
2026-05-12 17:07:48.646 8 INFO neutron.api.extensions [None req-0296b23f-54b3-4a02-91bf-f7afa0cd746e - - - - - -] Loaded extension: qos-bw-limit-direction
2026-05-12 17:07:48.646 8 INFO neutron.api.extensions [None req-0296b23f-54b3-4a02-91bf-f7afa0cd746e - - - - - -] Loaded extension: qos-bw-minimum-ingress
2026-05-12 17:07:48.647 8 INFO neutron.api.extensions [None req-0296b23f-54b3-4a02-91bf-f7afa0cd746e - - - - - -] Loaded extension: qos-default
2026-05-12 17:07:48.647 8 INFO neutron.api.extensions [None req-0296b23f-54b3-4a02-91bf-f7afa0cd746e - - - - - -] Loaded extension: qos-fip
2026-05-12 17:07:48.648 8 INFO neutron.api.extensions [None req-0296b23f-54b3-4a02-91bf-f7afa0cd746e - - - - - -] Extension qos-fip-network-policy not supported by any of loaded plugins
2026-05-12 17:07:48.648 7 INFO neutron.quota.resource_registry [None req-fedda4b1-e01c-4678-ab2a-c70aafe8c6b9 - - - - - -] Creating instance of CountableResource for resource:rbac_policy
2026-05-12 17:07:48.648 8 INFO neutron.api.extensions [None req-0296b23f-54b3-4a02-91bf-f7afa0cd746e - - - - - -] Loaded extension: qos-gateway-ip
2026-05-12 17:07:48.648 7 WARNING neutron.quota.resource_registry [None req-fedda4b1-e01c-4678-ab2a-c70aafe8c6b9 - - - - - -] rbac_policy is already registered
2026-05-12 17:07:48.649 8 INFO neutron.api.extensions [None req-0296b23f-54b3-4a02-91bf-f7afa0cd746e - - - - - -] Loaded extension: qos-port-network-policy
2026-05-12 17:07:48.649 7 INFO neutron.quota.resource_registry [None req-fedda4b1-e01c-4678-ab2a-c70aafe8c6b9 - - - - - -] Creating instance of TrackedResource for resource:security_group
2026-05-12 17:07:48.649 7 WARNING neutron.quota.resource_registry [None req-fedda4b1-e01c-4678-ab2a-c70aafe8c6b9 - - - - - -] security_group is already registered
2026-05-12 17:07:48.649 8 INFO neutron.api.extensions [None req-0296b23f-54b3-4a02-91bf-f7afa0cd746e - - - - - -] Loaded extension: qos-pps-minimum
2026-05-12 17:07:48.650 7 INFO neutron.quota.resource_registry [None req-fedda4b1-e01c-4678-ab2a-c70aafe8c6b9 - - - - - -] Creating instance of TrackedResource for resource:security_group_rule
2026-05-12 17:07:48.650 7 WARNING neutron.quota.resource_registry [None req-fedda4b1-e01c-4678-ab2a-c70aafe8c6b9 - - - - - -] security_group_rule is already registered
2026-05-12 17:07:48.650 8 INFO neutron.api.extensions [None req-0296b23f-54b3-4a02-91bf-f7afa0cd746e - - - - - -] Loaded extension: qos-pps-minimum-rule-alias
2026-05-12 17:07:48.650 7 INFO neutron.quota.resource_registry [None req-fedda4b1-e01c-4678-ab2a-c70aafe8c6b9 - - - - - -] Creating instance of TrackedResource for resource:subnetpool
2026-05-12 17:07:48.651 7 WARNING neutron.quota.resource_registry [None req-fedda4b1-e01c-4678-ab2a-c70aafe8c6b9 - - - - - -] subnetpool is already registered
2026-05-12 17:07:48.651 8 INFO neutron.api.extensions [None req-0296b23f-54b3-4a02-91bf-f7afa0cd746e - - - - - -] Loaded extension: qos-pps
2026-05-12 17:07:48.651 7 INFO neutron.quota.resource_registry [None req-fedda4b1-e01c-4678-ab2a-c70aafe8c6b9 - - - - - -] Creating instance of TrackedResource for resource:subnetpool
2026-05-12 17:07:48.651 7 WARNING neutron.quota.resource_registry [None req-fedda4b1-e01c-4678-ab2a-c70aafe8c6b9 - - - - - -] subnetpool is already registered
2026-05-12 17:07:48.651 8 INFO neutron.api.extensions [None req-0296b23f-54b3-4a02-91bf-f7afa0cd746e - - - - - -] Loaded extension: qos-rule-type-details
2026-05-12 17:07:48.652 8 INFO neutron.api.extensions [None req-0296b23f-54b3-4a02-91bf-f7afa0cd746e - - - - - -] Loaded extension: qos-rule-type-filter
2026-05-12 17:07:48.652 7 INFO neutron.quota.resource_registry [None req-fedda4b1-e01c-4678-ab2a-c70aafe8c6b9 - - - - - -] Creating instance of CountableResource for resource:trunk
2026-05-12 17:07:48.652 7 WARNING neutron.quota.resource_registry [None req-fedda4b1-e01c-4678-ab2a-c70aafe8c6b9 - - - - - -] trunk is already registered
2026-05-12 17:07:48.652 8 INFO neutron.api.extensions [None req-0296b23f-54b3-4a02-91bf-f7afa0cd746e - - - - - -] Loaded extension: qos-rules-alias
2026-05-12 17:07:48.653 7 INFO neutron.quota.resource_registry [None req-fedda4b1-e01c-4678-ab2a-c70aafe8c6b9 - - - - - -] Creating instance of CountableResource for resource:ikepolicy
2026-05-12 17:07:48.653 7 WARNING neutron.quota.resource_registry [None req-fedda4b1-e01c-4678-ab2a-c70aafe8c6b9 - - - - - -] ikepolicy is already registered
2026-05-12 17:07:48.653 8 INFO neutron.api.extensions [None req-0296b23f-54b3-4a02-91bf-f7afa0cd746e - - - - - -] Loaded extension: quota-check-limit
2026-05-12 17:07:48.653 7 INFO neutron.quota.resource_registry [None req-fedda4b1-e01c-4678-ab2a-c70aafe8c6b9 - - - - - -] Creating instance of CountableResource for resource:ipsecpolicy
2026-05-12 17:07:48.653 7 WARNING neutron.quota.resource_registry [None req-fedda4b1-e01c-4678-ab2a-c70aafe8c6b9 - - - - - -] ipsecpolicy is already registered
2026-05-12 17:07:48.654 8 INFO neutron.api.extensions [None req-0296b23f-54b3-4a02-91bf-f7afa0cd746e - - - - - -] Loaded extension: quota-check-limit-default
2026-05-12 17:07:48.654 7 INFO neutron.quota.resource_registry [None req-fedda4b1-e01c-4678-ab2a-c70aafe8c6b9 - - - - - -] Creating instance of CountableResource for resource:endpoint_group
2026-05-12 17:07:48.654 7 WARNING neutron.quota.resource_registry [None req-fedda4b1-e01c-4678-ab2a-c70aafe8c6b9 - - - - - -] endpoint_group is already registered
2026-05-12 17:07:48.654 7 INFO neutron.quota.resource_registry [None req-fedda4b1-e01c-4678-ab2a-c70aafe8c6b9 - - - - - -] Creating instance of CountableResource for resource:vpnservice
2026-05-12 17:07:48.654 7 WARNING neutron.quota.resource_registry [None req-fedda4b1-e01c-4678-ab2a-c70aafe8c6b9 - - - - - -] vpnservice is already registered
2026-05-12 17:07:48.655 7 INFO neutron.quota.resource_registry [None req-fedda4b1-e01c-4678-ab2a-c70aafe8c6b9 - - - - - -] Creating instance of CountableResource for resource:ipsec_site_connection
2026-05-12 17:07:48.655 7 WARNING neutron.quota.resource_registry [None req-fedda4b1-e01c-4678-ab2a-c70aafe8c6b9 - - - - - -] ipsec_site_connection is already registered
2026-05-12 17:07:48.655 7 INFO neutron.quota.resource_registry [None req-fedda4b1-e01c-4678-ab2a-c70aafe8c6b9 - - - - - -] Creating instance of CountableResource for resource:ipsecpolicy
2026-05-12 17:07:48.655 7 WARNING neutron.quota.resource_registry [None req-fedda4b1-e01c-4678-ab2a-c70aafe8c6b9 - - - - - -] ipsecpolicy is already registered
2026-05-12 17:07:48.655 7 INFO neutron.quota.resource_registry [None req-fedda4b1-e01c-4678-ab2a-c70aafe8c6b9 - - - - - -] Creating instance of CountableResource for resource:ikepolicy
2026-05-12 17:07:48.656 7 WARNING neutron.quota.resource_registry [None req-fedda4b1-e01c-4678-ab2a-c70aafe8c6b9 - - - - - -] ikepolicy is already registered
2026-05-12 17:07:48.656 8 INFO neutron.api.extensions [None req-0296b23f-54b3-4a02-91bf-f7afa0cd746e - - - - - -] Loaded extension: quotas
2026-05-12 17:07:48.657 8 INFO neutron.api.extensions [None req-0296b23f-54b3-4a02-91bf-f7afa0cd746e - - - - - -] Loaded extension: quota_details
2026-05-12 17:07:48.658 8 INFO neutron.api.extensions [None req-0296b23f-54b3-4a02-91bf-f7afa0cd746e - - - - - -] Loaded extension: rbac-policies
2026-05-12 17:07:48.659 8 INFO neutron.api.extensions [None req-0296b23f-54b3-4a02-91bf-f7afa0cd746e - - - - - -] Loaded extension: rbac-address-group
2026-05-12 17:07:48.659 8 INFO neutron.api.extensions [None req-0296b23f-54b3-4a02-91bf-f7afa0cd746e - - - - - -] Loaded extension: rbac-address-scope
2026-05-12 17:07:48.660 8 INFO neutron.api.extensions [None req-0296b23f-54b3-4a02-91bf-f7afa0cd746e - - - - - -] Loaded extension: rbac-security-groups
2026-05-12 17:07:48.660 8 INFO neutron.api.extensions [None req-0296b23f-54b3-4a02-91bf-f7afa0cd746e - - - - - -] Loaded extension: rbac-subnetpool
2026-05-12 17:07:48.661 8 INFO neutron.api.extensions [None req-0296b23f-54b3-4a02-91bf-f7afa0cd746e - - - - - -] Loaded extension: revision-if-match
2026-05-12 17:07:48.661 8 INFO neutron.api.extensions [None req-0296b23f-54b3-4a02-91bf-f7afa0cd746e - - - - - -] Loaded extension: standard-attr-revisions
2026-05-12 17:07:48.662 8 INFO neutron.api.extensions [None req-0296b23f-54b3-4a02-91bf-f7afa0cd746e - - - - - -] Loaded extension: router_availability_zone
2026-05-12 17:07:48.662 8 INFO neutron.api.extensions [None req-0296b23f-54b3-4a02-91bf-f7afa0cd746e - - - - - -] Extension router-service-type not supported by any of loaded plugins
2026-05-12 17:07:48.664 8 INFO neutron.api.extensions [None req-0296b23f-54b3-4a02-91bf-f7afa0cd746e - - - - - -] Loaded extension: security-groups-default-rules
2026-05-12 17:07:48.665 8 INFO neutron.api.extensions [None req-0296b23f-54b3-4a02-91bf-f7afa0cd746e - - - - - -] Loaded extension: security-groups-normalized-cidr
2026-05-12 17:07:48.665 8 INFO neutron.api.extensions [None req-0296b23f-54b3-4a02-91bf-f7afa0cd746e - - - - - -] Loaded extension: port-security-groups-filtering
2026-05-12 17:07:48.666 8 INFO neutron.api.extensions [None req-0296b23f-54b3-4a02-91bf-f7afa0cd746e - - - - - -] Loaded extension: security-groups-remote-address-group
2026-05-12 17:07:48.667 8 INFO neutron.api.extensions [None req-0296b23f-54b3-4a02-91bf-f7afa0cd746e - - - - - -] Loaded extension: security-groups-rules-belongs-to-default-sg
2026-05-12 17:07:48.667 8 INFO neutron.api.extensions [None req-0296b23f-54b3-4a02-91bf-f7afa0cd746e - - - - - -] Loaded extension: security-groups-shared-filtering
2026-05-12 17:07:48.672 8 INFO neutron.api.extensions [None req-0296b23f-54b3-4a02-91bf-f7afa0cd746e - - - - - -] Loaded extension: security-group
2026-05-12 17:07:48.673 8 INFO neutron.api.extensions [None req-0296b23f-54b3-4a02-91bf-f7afa0cd746e - - - - - -] Loaded extension: segment
2026-05-12 17:07:48.673 8 INFO neutron.api.extensions [None req-0296b23f-54b3-4a02-91bf-f7afa0cd746e - - - - - -] Loaded extension: segments-peer-subnet-host-routes
2026-05-12 17:07:48.674 8 INFO neutron.api.extensions [None req-0296b23f-54b3-4a02-91bf-f7afa0cd746e - - - - - -] Loaded extension: service-type
2026-05-12 17:07:48.674 8 INFO neutron.api.extensions [None req-0296b23f-54b3-4a02-91bf-f7afa0cd746e - - - - - -] Loaded extension: sorting
2026-05-12 17:07:48.675 8 INFO neutron.api.extensions [None req-0296b23f-54b3-4a02-91bf-f7afa0cd746e - - - - - -] Loaded extension: standard-attr-segment
2026-05-12 17:07:48.675 8 INFO neutron.api.extensions [None req-0296b23f-54b3-4a02-91bf-f7afa0cd746e - - - - - -] Loaded extension: standard-attr-description
2026-05-12 17:07:48.676 8 INFO neutron.api.extensions [None req-0296b23f-54b3-4a02-91bf-f7afa0cd746e - - - - - -] Loaded extension: stateful-security-group
2026-05-12 17:07:48.677 8 WARNING neutron.api.extensions [None req-0296b23f-54b3-4a02-91bf-f7afa0cd746e - - - - - -] Did not find expected name "Stdattrs_common" in /var/lib/openstack/lib/python3.12/site-packages/neutron/extensions/stdattrs_common.py
2026-05-12 17:07:48.677 8 INFO neutron.api.extensions [None req-0296b23f-54b3-4a02-91bf-f7afa0cd746e - - - - - -] Extension subnet-dns-publish-fixed-ip not supported by any of loaded plugins
2026-05-12 17:07:48.678 8 INFO neutron.api.extensions [None req-0296b23f-54b3-4a02-91bf-f7afa0cd746e - - - - - -] Loaded extension: subnet-external-network
2026-05-12 17:07:48.678 8 INFO neutron.api.extensions [None req-0296b23f-54b3-4a02-91bf-f7afa0cd746e - - - - - -] Loaded extension: subnet_onboard
2026-05-12 17:07:48.679 8 INFO neutron.api.extensions [None req-0296b23f-54b3-4a02-91bf-f7afa0cd746e - - - - - -] Loaded extension: subnet-segmentid-writable
2026-05-12 17:07:48.679 8 INFO neutron.api.extensions [None req-0296b23f-54b3-4a02-91bf-f7afa0cd746e - - - - - -] Loaded extension: subnet-service-types
2026-05-12 17:07:48.680 8 INFO neutron.api.extensions [None req-0296b23f-54b3-4a02-91bf-f7afa0cd746e - - - - - -] Loaded extension: subnet_allocation
2026-05-12 17:07:48.681 8 INFO neutron.api.extensions [None req-0296b23f-54b3-4a02-91bf-f7afa0cd746e - - - - - -] Loaded extension: subnetpool-prefix-ops
2026-05-12 17:07:48.681 8 INFO neutron.api.extensions [None req-0296b23f-54b3-4a02-91bf-f7afa0cd746e - - - - - -] Loaded extension: tag-creation
2026-05-12 17:07:48.682 8 INFO neutron.api.extensions [None req-0296b23f-54b3-4a02-91bf-f7afa0cd746e - - - - - -] Extension tag-ports-during-bulk-creation not supported by any of loaded plugins
2026-05-12 17:07:48.686 8 INFO neutron.api.extensions [None req-0296b23f-54b3-4a02-91bf-f7afa0cd746e - - - - - -] Loaded extension: standard-attr-tag
2026-05-12 17:07:48.686 8 INFO neutron.api.extensions [None req-0296b23f-54b3-4a02-91bf-f7afa0cd746e - - - - - -] Loaded extension: standard-attr-timestamp
2026-05-12 17:07:48.687 8 INFO neutron.api.extensions [None req-0296b23f-54b3-4a02-91bf-f7afa0cd746e - - - - - -] Loaded extension: trunk
2026-05-12 17:07:48.687 8 INFO neutron.api.extensions [None req-0296b23f-54b3-4a02-91bf-f7afa0cd746e - - - - - -] Loaded extension: trunk-details
2026-05-12 17:07:48.688 8 INFO neutron.api.extensions [None req-0296b23f-54b3-4a02-91bf-f7afa0cd746e - - - - - -] Extension uplink-status-propagation not supported by any of loaded plugins
2026-05-12 17:07:48.688 8 INFO neutron.api.extensions [None req-0296b23f-54b3-4a02-91bf-f7afa0cd746e - - - - - -] Extension uplink-status-propagation-updatable not supported by any of loaded plugins
2026-05-12 17:07:48.689 8 INFO neutron.api.extensions [None req-0296b23f-54b3-4a02-91bf-f7afa0cd746e - - - - - -] Extension vlan-transparent not supported by any of loaded plugins
2026-05-12 17:07:48.690 8 INFO neutron.api.extensions [None req-0296b23f-54b3-4a02-91bf-f7afa0cd746e - - - - - -] Loaded extension: vpn-aes-ctr
2026-05-12 17:07:48.691 8 INFO neutron.api.extensions [None req-0296b23f-54b3-4a02-91bf-f7afa0cd746e - - - - - -] Extension vpn-agent-scheduler not supported by any of loaded plugins
2026-05-12 17:07:48.692 8 INFO neutron.api.extensions [None req-0296b23f-54b3-4a02-91bf-f7afa0cd746e - - - - - -] Loaded extension: vpn-endpoint-groups
2026-05-12 17:07:48.693 8 INFO neutron.api.extensions [None req-0296b23f-54b3-4a02-91bf-f7afa0cd746e - - - - - -] Loaded extension: vpn-flavors
2026-05-12 17:07:48.693 7 WARNING keystonemiddleware._common.config [None req-fedda4b1-e01c-4678-ab2a-c70aafe8c6b9 - - - - - -] The option "audit_map_file" is not known to keystonemiddleware
2026-05-12 17:07:48.694 8 INFO neutron.api.extensions [None req-0296b23f-54b3-4a02-91bf-f7afa0cd746e - - - - - -] Loaded extension: vpnaas
2026-05-12 17:07:48.696 8 INFO neutron.api.extensions [None req-0296b23f-54b3-4a02-91bf-f7afa0cd746e - - - - - -] Loaded extension: taas
2026-05-12 17:07:48.697 8 INFO neutron.api.extensions [None req-0296b23f-54b3-4a02-91bf-f7afa0cd746e - - - - - -] Loaded extension: tap-mirror
2026-05-12 17:07:48.697 8 INFO neutron.api.extensions [None req-0296b23f-54b3-4a02-91bf-f7afa0cd746e - - - - - -] Loaded extension: taas-vlan-filter
2026-05-12 17:07:48.699 7 WARNING oslo_config.cfg [None req-fedda4b1-e01c-4678-ab2a-c70aafe8c6b9 - - - - - -] Deprecated: Option "auth_uri" from group "keystone_authtoken" is deprecated. Use option "www_authenticate_uri" from group "keystone_authtoken".
2026-05-12 17:07:48.700 8 INFO neutron.quota.resource_registry [None req-0296b23f-54b3-4a02-91bf-f7afa0cd746e - - - - - -] Creating instance of TrackedResource for resource:network
2026-05-12 17:07:48.700 8 INFO neutron.quota.resource_registry [None req-0296b23f-54b3-4a02-91bf-f7afa0cd746e - - - - - -] Creating instance of TrackedResource for resource:subnet
2026-05-12 17:07:48.700 8 INFO neutron.quota.resource_registry [None req-0296b23f-54b3-4a02-91bf-f7afa0cd746e - - - - - -] Creating instance of TrackedResource for resource:subnetpool
2026-05-12 17:07:48.700 8 INFO neutron.quota.resource_registry [None req-0296b23f-54b3-4a02-91bf-f7afa0cd746e - - - - - -] Creating instance of TrackedResource for resource:port WSGI app 0 (mountpoint='') ready in 8 seconds on interpreter 0x7fe0d0d20668 pid: 7 (default app)
2026-05-12 17:07:48.704 8 INFO neutron.quota.resource_registry [None req-0296b23f-54b3-4a02-91bf-f7afa0cd746e - - - - - -] Creating instance of TrackedResource for resource:router
2026-05-12 17:07:48.704 8 INFO neutron.quota.resource_registry [None req-0296b23f-54b3-4a02-91bf-f7afa0cd746e - - - - - -] Creating instance of TrackedResource for resource:floatingip
2026-05-12 17:07:48.709 8 INFO neutron.quota.resource_registry [None req-0296b23f-54b3-4a02-91bf-f7afa0cd746e - - - - - -] Creating instance of CountableResource for resource:rbac_policy
2026-05-12 17:07:48.710 8 INFO neutron.quota.resource_registry [None req-0296b23f-54b3-4a02-91bf-f7afa0cd746e - - - - - -] Creating instance of TrackedResource for resource:security_group
2026-05-12 17:07:48.710 8 INFO neutron.quota.resource_registry [None req-0296b23f-54b3-4a02-91bf-f7afa0cd746e - - - - - -] Creating instance of TrackedResource for resource:security_group_rule
2026-05-12 17:07:48.711 8 INFO neutron.quota.resource_registry [None req-0296b23f-54b3-4a02-91bf-f7afa0cd746e - - - - - -] Creating instance of TrackedResource for resource:subnetpool
2026-05-12 17:07:48.711 8 WARNING neutron.quota.resource_registry [None req-0296b23f-54b3-4a02-91bf-f7afa0cd746e - - - - - -] subnetpool is already registered
2026-05-12 17:07:48.711 8 INFO neutron.quota.resource_registry [None req-0296b23f-54b3-4a02-91bf-f7afa0cd746e - - - - - -] Creating instance of TrackedResource for resource:subnetpool
2026-05-12 17:07:48.712 8 WARNING neutron.quota.resource_registry [None req-0296b23f-54b3-4a02-91bf-f7afa0cd746e - - - - - -] subnetpool is already registered
2026-05-12 17:07:48.712 8 INFO neutron.quota.resource_registry [None req-0296b23f-54b3-4a02-91bf-f7afa0cd746e - - - - - -] Creating instance of CountableResource for resource:trunk
2026-05-12 17:07:48.712 8 INFO neutron.quota.resource_registry [None req-0296b23f-54b3-4a02-91bf-f7afa0cd746e - - - - - -] Creating instance of CountableResource for resource:ikepolicy
2026-05-12 17:07:48.713 8 INFO neutron.quota.resource_registry [None req-0296b23f-54b3-4a02-91bf-f7afa0cd746e - - - - - -] Creating instance of CountableResource for resource:ipsecpolicy
2026-05-12 17:07:48.713 8 INFO neutron.quota.resource_registry [None req-0296b23f-54b3-4a02-91bf-f7afa0cd746e - - - - - -] Creating instance of CountableResource for resource:endpoint_group
2026-05-12 17:07:48.714 8 INFO neutron.quota.resource_registry [None req-0296b23f-54b3-4a02-91bf-f7afa0cd746e - - - - - -] Creating instance of CountableResource for resource:vpnservice
2026-05-12 17:07:48.714 8 INFO neutron.quota.resource_registry [None req-0296b23f-54b3-4a02-91bf-f7afa0cd746e - - - - - -] Creating instance of CountableResource for resource:ipsec_site_connection
2026-05-12 17:07:48.714 8 INFO neutron.quota.resource_registry [None req-0296b23f-54b3-4a02-91bf-f7afa0cd746e - - - - - -] Creating instance of CountableResource for resource:ipsecpolicy
2026-05-12 17:07:48.715 8 WARNING neutron.quota.resource_registry [None req-0296b23f-54b3-4a02-91bf-f7afa0cd746e - - - - - -] ipsecpolicy is already registered
2026-05-12 17:07:48.715 8 INFO neutron.quota.resource_registry [None req-0296b23f-54b3-4a02-91bf-f7afa0cd746e - - - - - -] Creating instance of CountableResource for resource:ikepolicy
2026-05-12 17:07:48.715 8 WARNING neutron.quota.resource_registry [None req-0296b23f-54b3-4a02-91bf-f7afa0cd746e - - - - - -] ikepolicy is already registered
2026-05-12 17:07:48.720 8 INFO neutron.quota.resource_registry [None req-0296b23f-54b3-4a02-91bf-f7afa0cd746e - - - - - -] Creating instance of TrackedResource for resource:router
2026-05-12 17:07:48.720 8 WARNING neutron.quota.resource_registry [None req-0296b23f-54b3-4a02-91bf-f7afa0cd746e - - - - - -] router is already registered
2026-05-12 17:07:48.720 8 INFO neutron.quota.resource_registry [None req-0296b23f-54b3-4a02-91bf-f7afa0cd746e - - - - - -] Creating instance of TrackedResource for resource:floatingip
2026-05-12 17:07:48.720 8 WARNING neutron.quota.resource_registry [None req-0296b23f-54b3-4a02-91bf-f7afa0cd746e - - - - - -] floatingip is already registered
2026-05-12 17:07:48.724 8 INFO neutron.quota.resource_registry [None req-0296b23f-54b3-4a02-91bf-f7afa0cd746e - - - - - -] Creating instance of CountableResource for resource:rbac_policy
2026-05-12 17:07:48.724 8 WARNING neutron.quota.resource_registry [None req-0296b23f-54b3-4a02-91bf-f7afa0cd746e - - - - - -] rbac_policy is already registered
2026-05-12 17:07:48.725 8 INFO neutron.quota.resource_registry [None req-0296b23f-54b3-4a02-91bf-f7afa0cd746e - - - - - -] Creating instance of TrackedResource for resource:security_group
2026-05-12 17:07:48.725 8 WARNING neutron.quota.resource_registry [None req-0296b23f-54b3-4a02-91bf-f7afa0cd746e - - - - - -] security_group is already registered
2026-05-12 17:07:48.725 8 INFO neutron.quota.resource_registry [None req-0296b23f-54b3-4a02-91bf-f7afa0cd746e - - - - - -] Creating instance of TrackedResource for resource:security_group_rule
2026-05-12 17:07:48.725 8 WARNING neutron.quota.resource_registry [None req-0296b23f-54b3-4a02-91bf-f7afa0cd746e - - - - - -] security_group_rule is already registered
2026-05-12 17:07:48.726 8 INFO neutron.quota.resource_registry [None req-0296b23f-54b3-4a02-91bf-f7afa0cd746e - - - - - -] Creating instance of TrackedResource for resource:subnetpool
2026-05-12 17:07:48.726 8 WARNING neutron.quota.resource_registry [None req-0296b23f-54b3-4a02-91bf-f7afa0cd746e - - - - - -] subnetpool is already registered
2026-05-12 17:07:48.727 8 INFO neutron.quota.resource_registry [None req-0296b23f-54b3-4a02-91bf-f7afa0cd746e - - - - - -] Creating instance of TrackedResource for resource:subnetpool
2026-05-12 17:07:48.727 8 WARNING neutron.quota.resource_registry [None req-0296b23f-54b3-4a02-91bf-f7afa0cd746e - - - - - -] subnetpool is already registered
2026-05-12 17:07:48.728 8 INFO neutron.quota.resource_registry [None req-0296b23f-54b3-4a02-91bf-f7afa0cd746e - - - - - -] Creating instance of CountableResource for resource:trunk
2026-05-12 17:07:48.729 8 WARNING neutron.quota.resource_registry [None req-0296b23f-54b3-4a02-91bf-f7afa0cd746e - - - - - -] trunk is already registered
2026-05-12 17:07:48.729 8 INFO neutron.quota.resource_registry [None req-0296b23f-54b3-4a02-91bf-f7afa0cd746e - - - - - -] Creating instance of CountableResource for resource:ikepolicy
2026-05-12 17:07:48.729 8 WARNING neutron.quota.resource_registry [None req-0296b23f-54b3-4a02-91bf-f7afa0cd746e - - - - - -] ikepolicy is already registered
2026-05-12 17:07:48.730 8 INFO neutron.quota.resource_registry [None req-0296b23f-54b3-4a02-91bf-f7afa0cd746e - - - - - -] Creating instance of CountableResource for resource:ipsecpolicy
2026-05-12 17:07:48.730 8 WARNING neutron.quota.resource_registry [None req-0296b23f-54b3-4a02-91bf-f7afa0cd746e - - - - - -] ipsecpolicy is already registered
2026-05-12 17:07:48.730 8 INFO neutron.quota.resource_registry [None req-0296b23f-54b3-4a02-91bf-f7afa0cd746e - - - - - -] Creating instance of CountableResource for resource:endpoint_group
2026-05-12 17:07:48.730 8 WARNING neutron.quota.resource_registry [None req-0296b23f-54b3-4a02-91bf-f7afa0cd746e - - - - - -] endpoint_group is already registered
2026-05-12 17:07:48.730 8 INFO neutron.quota.resource_registry [None req-0296b23f-54b3-4a02-91bf-f7afa0cd746e - - - - - -] Creating instance of CountableResource for resource:vpnservice
2026-05-12 17:07:48.731 8 WARNING neutron.quota.resource_registry [None req-0296b23f-54b3-4a02-91bf-f7afa0cd746e - - - - - -] vpnservice is already registered
2026-05-12 17:07:48.731 8 INFO neutron.quota.resource_registry [None req-0296b23f-54b3-4a02-91bf-f7afa0cd746e - - - - - -] Creating instance of CountableResource for resource:ipsec_site_connection
2026-05-12 17:07:48.731 8 WARNING neutron.quota.resource_registry [None req-0296b23f-54b3-4a02-91bf-f7afa0cd746e - - - - - -] ipsec_site_connection is already registered
2026-05-12 17:07:48.731 8 INFO neutron.quota.resource_registry [None req-0296b23f-54b3-4a02-91bf-f7afa0cd746e - - - - - -] Creating instance of CountableResource for resource:ipsecpolicy
2026-05-12 17:07:48.732 8 WARNING neutron.quota.resource_registry [None req-0296b23f-54b3-4a02-91bf-f7afa0cd746e - - - - - -] ipsecpolicy is already registered
2026-05-12 17:07:48.732 8 INFO neutron.quota.resource_registry [None req-0296b23f-54b3-4a02-91bf-f7afa0cd746e - - - - - -] Creating instance of CountableResource for resource:ikepolicy
2026-05-12 17:07:48.732 8 WARNING neutron.quota.resource_registry [None req-0296b23f-54b3-4a02-91bf-f7afa0cd746e - - - - - -] ikepolicy is already registered
2026-05-12 17:07:48.769 8 WARNING keystonemiddleware._common.config [None req-0296b23f-54b3-4a02-91bf-f7afa0cd746e - - - - - -] The option "audit_map_file" is not known to keystonemiddleware
2026-05-12 17:07:48.776 8 WARNING oslo_config.cfg [None req-0296b23f-54b3-4a02-91bf-f7afa0cd746e - - - - - -] Deprecated: Option "auth_uri" from group "keystone_authtoken" is deprecated. Use option "www_authenticate_uri" from group "keystone_authtoken". WSGI app 0 (mountpoint='') ready in 8 seconds on interpreter 0x7fe0d0d20668 pid: 8 (default app) /var/lib/openstack/lib/python3.12/site-packages/pycadf/identifier.py:70: UserWarning: Invalid uuid: unknown. To ensure interoperability, identifiers should be a valid uuid. warnings.warn(('Invalid uuid: %s. To ensure interoperability, '
2026-05-12 17:07:54.436 7 INFO neutron.pecan_wsgi.hooks.translation [None req-56899de8-5a01-4728-83de-bdb7e29599b6 b9d8e9ed6ddc4167b46c1fda8c6d5ec9 31ab17947d534fe9b679931cb784b10c - - default default] GET failed (client error): The resource could not be found. [pid: 7|app: 0|req: 3/3] 199.204.45.132 () {44 vars in 927 bytes} [Tue May 12 17:07:53 2026] GET /v2.0/networks/public => generated 108 bytes in 838 msecs (HTTP/1.1 404) 4 headers in 164 bytes (1 switches on core 0) /var/lib/openstack/lib/python3.12/site-packages/pycadf/identifier.py:70: UserWarning: Invalid uuid: unknown. To ensure interoperability, identifiers should be a valid uuid. warnings.warn(('Invalid uuid: %s. To ensure interoperability, ' [pid: 8|app: 0|req: 1/4] 199.204.45.132 () {44 vars in 949 bytes} [Tue May 12 17:07:54 2026] GET /v2.0/networks?name=public => generated 15 bytes in 400 msecs (HTTP/1.1 200) 4 headers in 156 bytes (1 switches on core 0)
2026-05-12 17:07:55.267 7 WARNING neutron.services.revisions.revision_plugin [None req-4cf92e3d-fe96-417a-aa41-f6fe79b5c03c b9d8e9ed6ddc4167b46c1fda8c6d5ec9 31ab17947d534fe9b679931cb784b10c - - default default] Could not find related network for resource to bump revision.
2026-05-12 17:07:55.289 7 INFO neutron.db.segments_db [None req-4cf92e3d-fe96-417a-aa41-f6fe79b5c03c b9d8e9ed6ddc4167b46c1fda8c6d5ec9 31ab17947d534fe9b679931cb784b10c - - default default] Added segment 1262f7f8-7b77-44bc-909c-a61f9f4e7951 of type flat for network ebe146dc-0a38-4470-b99f-c2636b385c8b
2026-05-12 17:07:55.350 7 INFO neutron.pecan_wsgi.hooks.translation [None req-4cf92e3d-fe96-417a-aa41-f6fe79b5c03c b9d8e9ed6ddc4167b46c1fda8c6d5ec9 31ab17947d534fe9b679931cb784b10c - - default default] POST failed (client error): The resource could not be found. [pid: 7|app: 0|req: 4/6] 199.204.45.132 () {48 vars in 967 bytes} [Tue May 12 17:07:54 2026] POST /v2.0/networks => generated 124 bytes in 519 msecs (HTTP/1.1 404) 4 headers in 164 bytes (1 switches on core 0)
2026-05-12 17:08:01.558 8 INFO neutron.pecan_wsgi.hooks.translation [None req-f90c84c9-f891-4f52-817a-5bf0f0181fec b9d8e9ed6ddc4167b46c1fda8c6d5ec9 31ab17947d534fe9b679931cb784b10c - - default default] GET failed (client error): The resource could not be found. [pid: 8|app: 0|req: 3/7] 199.204.45.132 () {44 vars in 927 bytes} [Tue May 12 17:08:01 2026] GET /v2.0/networks/public => generated 108 bytes in 356 msecs (HTTP/1.1 404) 4 headers in 164 bytes (1 switches on core 0) [pid: 7|app: 0|req: 5/8] 199.204.45.132 () {44 vars in 949 bytes} [Tue May 12 17:08:01 2026] GET /v2.0/networks?name=public => generated 15 bytes in 23 msecs (HTTP/1.1 200) 4 headers in 156 bytes (1 switches on core 0)
2026-05-12 17:08:01.813 8 WARNING neutron.services.revisions.revision_plugin [None req-40790504-c199-4b47-a757-a1e802e8079e b9d8e9ed6ddc4167b46c1fda8c6d5ec9 31ab17947d534fe9b679931cb784b10c - - default default] Could not find related network for resource to bump revision.
2026-05-12 17:08:01.839 8 INFO neutron.db.segments_db [None req-40790504-c199-4b47-a757-a1e802e8079e b9d8e9ed6ddc4167b46c1fda8c6d5ec9 31ab17947d534fe9b679931cb784b10c - - default default] Added segment 248635bc-50ff-4621-8958-83438cc5d036 of type flat for network 7ff01226-8936-47c2-a6d8-d2b7cbf223aa
2026-05-12 17:08:01.887 8 INFO neutron.pecan_wsgi.hooks.translation [None req-40790504-c199-4b47-a757-a1e802e8079e b9d8e9ed6ddc4167b46c1fda8c6d5ec9 31ab17947d534fe9b679931cb784b10c - - default default] POST failed (client error): The resource could not be found. [pid: 8|app: 0|req: 4/9] 199.204.45.132 () {48 vars in 967 bytes} [Tue May 12 17:08:01 2026] POST /v2.0/networks => generated 124 bytes in 310 msecs (HTTP/1.1 404) 4 headers in 164 bytes (1 switches on core 0)
2026-05-12 17:08:07.765 7 INFO neutron.pecan_wsgi.hooks.translation [None req-2ca82c2b-1a9a-4083-84e5-4a01b9b0e62f b9d8e9ed6ddc4167b46c1fda8c6d5ec9 31ab17947d534fe9b679931cb784b10c - - default default] GET failed (client error): The resource could not be found. [pid: 7|app: 0|req: 6/10] 199.204.45.132 () {44 vars in 927 bytes} [Tue May 12 17:08:07 2026] GET /v2.0/networks/public => generated 108 bytes in 46 msecs (HTTP/1.1 404) 4 headers in 164 bytes (1 switches on core 0) [pid: 8|app: 0|req: 5/11] 199.204.45.132 () {44 vars in 949 bytes} [Tue May 12 17:08:07 2026] GET /v2.0/networks?name=public => generated 15 bytes in 15 msecs (HTTP/1.1 200) 4 headers in 156 bytes (1 switches on core 0)
2026-05-12 17:08:07.833 7 WARNING neutron.services.revisions.revision_plugin [None req-a7853caf-882d-4c43-8da4-7ee1ce62a722 b9d8e9ed6ddc4167b46c1fda8c6d5ec9 31ab17947d534fe9b679931cb784b10c - - default default] Could not find related network for resource to bump revision.
2026-05-12 17:08:07.845 7 INFO neutron.db.segments_db [None req-a7853caf-882d-4c43-8da4-7ee1ce62a722 b9d8e9ed6ddc4167b46c1fda8c6d5ec9 31ab17947d534fe9b679931cb784b10c - - default default] Added segment 76863e05-3eda-4cfb-be1c-51d37bc5bc59 of type flat for network 7c18acb2-950f-465c-91f9-ef6023621426
2026-05-12 17:08:07.866 7 INFO neutron.pecan_wsgi.hooks.translation [None req-a7853caf-882d-4c43-8da4-7ee1ce62a722 b9d8e9ed6ddc4167b46c1fda8c6d5ec9 31ab17947d534fe9b679931cb784b10c - - default default] POST failed (client error): The resource could not be found. [pid: 7|app: 0|req: 7/12] 199.204.45.132 () {48 vars in 967 bytes} [Tue May 12 17:08:07 2026] POST /v2.0/networks => generated 124 bytes in 87 msecs (HTTP/1.1 404) 4 headers in 164 bytes (1 switches on core 0)
2026-05-12 17:08:13.686 7 INFO neutron.pecan_wsgi.hooks.translation [None req-5585f1a6-41be-4fbd-9a0b-e24ea0cc3c17 b9d8e9ed6ddc4167b46c1fda8c6d5ec9 31ab17947d534fe9b679931cb784b10c - - default default] GET failed (client error): The resource could not be found. [pid: 7|app: 0|req: 8/14] 199.204.45.132 () {44 vars in 927 bytes} [Tue May 12 17:08:13 2026] GET /v2.0/networks/public => generated 108 bytes in 45 msecs (HTTP/1.1 404) 4 headers in 164 bytes (1 switches on core 0) [pid: 8|app: 0|req: 7/15] 199.204.45.132 () {44 vars in 949 bytes} [Tue May 12 17:08:13 2026] GET /v2.0/networks?name=public => generated 15 bytes in 14 msecs (HTTP/1.1 200) 4 headers in 156 bytes (1 switches on core 0)
2026-05-12 17:08:13.751 7 WARNING neutron.services.revisions.revision_plugin [None req-5ac1357a-6df1-4fe9-bbdb-da99f0ecb281 b9d8e9ed6ddc4167b46c1fda8c6d5ec9 31ab17947d534fe9b679931cb784b10c - - default default] Could not find related network for resource to bump revision.
2026-05-12 17:08:13.767 7 INFO neutron.db.segments_db [None req-5ac1357a-6df1-4fe9-bbdb-da99f0ecb281 b9d8e9ed6ddc4167b46c1fda8c6d5ec9 31ab17947d534fe9b679931cb784b10c - - default default] Added segment b8ff11a5-e15c-4533-92ab-e6be2e1635af of type flat for network 416f5c50-347e-45b8-86c3-b4d9a3b067a3
2026-05-12 17:08:13.790 7 INFO neutron.pecan_wsgi.hooks.translation [None req-5ac1357a-6df1-4fe9-bbdb-da99f0ecb281 b9d8e9ed6ddc4167b46c1fda8c6d5ec9 31ab17947d534fe9b679931cb784b10c - - default default] POST failed (client error): The resource could not be found. [pid: 7|app: 0|req: 9/16] 199.204.45.132 () {48 vars in 967 bytes} [Tue May 12 17:08:13 2026] POST /v2.0/networks => generated 124 bytes in 91 msecs (HTTP/1.1 404) 4 headers in 164 bytes (1 switches on core 0)
2026-05-12 17:08:19.702 8 INFO neutron.pecan_wsgi.hooks.translation [None req-c17882c1-04f1-493b-9b06-e1f7e5a3bf42 b9d8e9ed6ddc4167b46c1fda8c6d5ec9 31ab17947d534fe9b679931cb784b10c - - default default] GET failed (client error): The resource could not be found. [pid: 8|app: 0|req: 8/17] 199.204.45.132 () {44 vars in 927 bytes} [Tue May 12 17:08:19 2026] GET /v2.0/networks/public => generated 108 bytes in 56 msecs (HTTP/1.1 404) 4 headers in 164 bytes (1 switches on core 0) [pid: 7|app: 0|req: 10/18] 199.204.45.132 () {44 vars in 949 bytes} [Tue May 12 17:08:19 2026] GET /v2.0/networks?name=public => generated 15 bytes in 15 msecs (HTTP/1.1 200) 4 headers in 156 bytes (1 switches on core 0)
2026-05-12 17:08:19.770 8 WARNING neutron.services.revisions.revision_plugin [None req-272dd9a2-d7b0-49ef-822a-5a255f20263e b9d8e9ed6ddc4167b46c1fda8c6d5ec9 31ab17947d534fe9b679931cb784b10c - - default default] Could not find related network for resource to bump revision.
2026-05-12 17:08:19.791 8 INFO neutron.db.segments_db [None req-272dd9a2-d7b0-49ef-822a-5a255f20263e b9d8e9ed6ddc4167b46c1fda8c6d5ec9 31ab17947d534fe9b679931cb784b10c - - default default] Added segment 7adc669b-34d7-4769-b588-6cd2c058fc61 of type flat for network 1e0c0d60-d615-4db9-9aab-486aa72ab8e4
2026-05-12 17:08:19.813 8 INFO neutron.pecan_wsgi.hooks.translation [None req-272dd9a2-d7b0-49ef-822a-5a255f20263e b9d8e9ed6ddc4167b46c1fda8c6d5ec9 31ab17947d534fe9b679931cb784b10c - - default default] POST failed (client error): The resource could not be found. [pid: 8|app: 0|req: 9/19] 199.204.45.132 () {48 vars in 967 bytes} [Tue May 12 17:08:19 2026] POST /v2.0/networks => generated 124 bytes in 98 msecs (HTTP/1.1 404) 4 headers in 164 bytes (1 switches on core 0)
2026-05-12 17:08:25.689 8 INFO neutron.pecan_wsgi.hooks.translation [None req-db876d38-97dd-428e-b990-c806cd93540d b9d8e9ed6ddc4167b46c1fda8c6d5ec9 31ab17947d534fe9b679931cb784b10c - - default default] GET failed (client error): The resource could not be found. [pid: 8|app: 0|req: 10/21] 199.204.45.132 () {44 vars in 927 bytes} [Tue May 12 17:08:25 2026] GET /v2.0/networks/public => generated 108 bytes in 40 msecs (HTTP/1.1 404) 4 headers in 164 bytes (1 switches on core 0) [pid: 7|app: 0|req: 12/22] 199.204.45.132 () {44 vars in 949 bytes} [Tue May 12 17:08:25 2026] GET /v2.0/networks?name=public => generated 15 bytes in 17 msecs (HTTP/1.1 200) 4 headers in 156 bytes (1 switches on core 0)
2026-05-12 17:08:25.761 8 WARNING neutron.services.revisions.revision_plugin [None req-046a8800-9fe4-4295-999c-e4712eb87dd3 b9d8e9ed6ddc4167b46c1fda8c6d5ec9 31ab17947d534fe9b679931cb784b10c - - default default] Could not find related network for resource to bump revision.
2026-05-12 17:08:25.795 8 INFO neutron.db.segments_db [None req-046a8800-9fe4-4295-999c-e4712eb87dd3 b9d8e9ed6ddc4167b46c1fda8c6d5ec9 31ab17947d534fe9b679931cb784b10c - - default default] Added segment 60b0cf88-1a47-43e6-9f32-09aed5864630 of type flat for network c4d87784-de0c-45fb-94b7-91ee0bb4846f [pid: 8|app: 0|req: 11/23] 199.204.45.132 () {48 vars in 967 bytes} [Tue May 12 17:08:25 2026] POST /v2.0/networks => generated 706 bytes in 257 msecs (HTTP/1.1 201) 4 headers in 162 bytes (1 switches on core 0)
2026-05-12 17:08:27.029 7 INFO neutron.pecan_wsgi.hooks.translation [None req-5202549b-ef63-40d9-a163-d68b0b5d4861 b9d8e9ed6ddc4167b46c1fda8c6d5ec9 31ab17947d534fe9b679931cb784b10c - - default default] GET failed (client error): The resource could not be found. [pid: 7|app: 0|req: 13/24] 199.204.45.132 () {44 vars in 927 bytes} [Tue May 12 17:08:26 2026] GET /v2.0/networks/public => generated 108 bytes in 46 msecs (HTTP/1.1 404) 4 headers in 164 bytes (1 switches on core 0) [pid: 8|app: 0|req: 12/25] 199.204.45.132 () {44 vars in 949 bytes} [Tue May 12 17:08:27 2026] GET /v2.0/networks?name=public => generated 709 bytes in 31 msecs (HTTP/1.1 200) 4 headers in 157 bytes (1 switches on core 0)
2026-05-12 17:08:27.098 7 INFO neutron.pecan_wsgi.hooks.translation [None req-ba083ba9-974b-45a7-b390-69c794021d56 b9d8e9ed6ddc4167b46c1fda8c6d5ec9 31ab17947d534fe9b679931cb784b10c - - default default] GET failed (client error): The resource could not be found. [pid: 7|app: 0|req: 14/26] 199.204.45.132 () {44 vars in 1034 bytes} [Tue May 12 17:08:27 2026] GET /v2.0/subnets/public-subnet?network_id=c4d87784-de0c-45fb-94b7-91ee0bb4846f => generated 113 bytes in 24 msecs (HTTP/1.1 404) 4 headers in 164 bytes (1 switches on core 0) [pid: 8|app: 0|req: 13/27] 199.204.45.132 () {44 vars in 1057 bytes} [Tue May 12 17:08:27 2026] GET /v2.0/subnets?name=public-subnet&network_id=c4d87784-de0c-45fb-94b7-91ee0bb4846f => generated 14 bytes in 27 msecs (HTTP/1.1 200) 4 headers in 156 bytes (1 switches on core 0) [pid: 7|app: 0|req: 15/28] 199.204.45.132 () {48 vars in 965 bytes} [Tue May 12 17:08:27 2026] POST /v2.0/subnets => generated 664 bytes in 310 msecs (HTTP/1.1 201) 4 headers in 162 bytes (1 switches on core 0)
2026-05-12 17:13:19.441 8 INFO neutron.pecan_wsgi.hooks.translation [None req-b222b652-753f-4478-b06d-1c348749f741 b9d8e9ed6ddc4167b46c1fda8c6d5ec9 31ab17947d534fe9b679931cb784b10c - - default default] GET failed (client error): The resource could not be found. [pid: 8|app: 0|req: 33/66] 199.204.45.132 () {44 vars in 937 bytes} [Tue May 12 17:13:19 2026] GET /v2.0/networks/lb-mgmt-net => generated 113 bytes in 114 msecs (HTTP/1.1 404) 4 headers in 164 bytes (1 switches on core 0) [pid: 7|app: 0|req: 34/67] 199.204.45.132 () {44 vars in 959 bytes} [Tue May 12 17:13:19 2026] GET /v2.0/networks?name=lb-mgmt-net => generated 15 bytes in 17 msecs (HTTP/1.1 200) 4 headers in 156 bytes (1 switches on core 0)
2026-05-12 17:13:19.527 8 INFO neutron.db.segments_db [None req-738be92f-ab68-426c-a14b-f2517b286457 b9d8e9ed6ddc4167b46c1fda8c6d5ec9 31ab17947d534fe9b679931cb784b10c - - default default] Added segment 3adad2cf-e490-46f8-b41d-9bfba8cbaef9 of type vxlan for network b08fde85-c481-483b-a2b2-13aeeebb2dba [pid: 8|app: 0|req: 34/68] 199.204.45.132 () {48 vars in 966 bytes} [Tue May 12 17:13:19 2026] POST /v2.0/networks => generated 707 bytes in 143 msecs (HTTP/1.1 201) 4 headers in 162 bytes (1 switches on core 0)
2026-05-12 17:13:20.500 7 INFO neutron.pecan_wsgi.hooks.translation [None req-64eae738-9c48-436a-9215-e724ce53ac78 b9d8e9ed6ddc4167b46c1fda8c6d5ec9 31ab17947d534fe9b679931cb784b10c - - default default] GET failed (client error): The resource could not be found. [pid: 7|app: 0|req: 35/69] 199.204.45.132 () {44 vars in 937 bytes} [Tue May 12 17:13:20 2026] GET /v2.0/networks/lb-mgmt-net => generated 113 bytes in 49 msecs (HTTP/1.1 404) 4 headers in 164 bytes (1 switches on core 0) [pid: 8|app: 0|req: 35/70] 199.204.45.132 () {44 vars in 959 bytes} [Tue May 12 17:13:20 2026] GET /v2.0/networks?name=lb-mgmt-net => generated 691 bytes in 32 msecs (HTTP/1.1 200) 4 headers in 157 bytes (1 switches on core 0)
2026-05-12 17:13:20.562 7 INFO neutron.pecan_wsgi.hooks.translation [None req-9f40b865-3874-407c-bd2c-9dc1f2d33224 b9d8e9ed6ddc4167b46c1fda8c6d5ec9 31ab17947d534fe9b679931cb784b10c - - default default] GET failed (client error): The resource could not be found. [pid: 7|app: 0|req: 36/71] 199.204.45.132 () {44 vars in 1036 bytes} [Tue May 12 17:13:20 2026] GET /v2.0/subnets/lb-mgmt-subnet?network_id=b08fde85-c481-483b-a2b2-13aeeebb2dba => generated 114 bytes in 14 msecs (HTTP/1.1 404) 4 headers in 164 bytes (1 switches on core 0) [pid: 8|app: 0|req: 36/72] 199.204.45.132 () {44 vars in 1059 bytes} [Tue May 12 17:13:20 2026] GET /v2.0/subnets?name=lb-mgmt-subnet&network_id=b08fde85-c481-483b-a2b2-13aeeebb2dba => generated 14 bytes in 15 msecs (HTTP/1.1 200) 4 headers in 156 bytes (1 switches on core 0) [pid: 7|app: 0|req: 37/73] 199.204.45.132 () {48 vars in 965 bytes} [Tue May 12 17:13:20 2026] POST /v2.0/subnets => generated 651 bytes in 181 msecs (HTTP/1.1 201) 4 headers in 162 bytes (1 switches on core 0)
