2026-07-16 03:48:45.770 7 INFO cinder.api.openstack.wsgi [None req-7ee34abc-dab3-4117-80a3-07eae8d931a2 9ecba8be99aa48c198dd6497f46393c3 db35fd214328413aa51c3833272af468 - - default default] http://10.0.0.167:8776/ returned with HTTP 300
2026-07-16 03:48:45.770 8 INFO cinder.api.openstack.wsgi [None req-6ac03bbf-22e2-4f7f-828b-c2a5def16019 9ecba8be99aa48c198dd6497f46393c3 db35fd214328413aa51c3833272af468 - - default default] http://10.0.0.167:8776/ returned with HTTP 300
2026-07-16 03:48:51.597 7 INFO cinder.api.openstack.wsgi [None req-2e89e88c-1638-4c52-9874-6d26c94ceedf 9ecba8be99aa48c198dd6497f46393c3 db35fd214328413aa51c3833272af468 - - default default] GET http://cinder-api.openstack.svc.cluster.local:8776/v3/db35fd214328413aa51c3833272af468/os-services
2026-07-16 03:48:51.604 7 INFO cinder.api.openstack.wsgi [None req-2e89e88c-1638-4c52-9874-6d26c94ceedf 9ecba8be99aa48c198dd6497f46393c3 db35fd214328413aa51c3833272af468 - - default default] http://cinder-api.openstack.svc.cluster.local:8776/v3/db35fd214328413aa51c3833272af468/os-services returned with HTTP 200 [pid: 7|app: 0|req: 346/695] 10.0.0.228 () {28 vars in 645 bytes} [Thu Jul 16 03:48:51 2026] GET /v3/db35fd214328413aa51c3833272af468/os-services => generated 646 bytes in 195 msecs (HTTP/1.1 200) 7 headers in 285 bytes (1 switches on core 0)
2026-07-16 03:48:51.613 8 INFO cinder.api.openstack.wsgi [None req-4559fae0-0516-468a-8f61-0d33b4564ae4 9ecba8be99aa48c198dd6497f46393c3 db35fd214328413aa51c3833272af468 - - default default] GET http://cinder-api.openstack.svc.cluster.local:8776/v3/db35fd214328413aa51c3833272af468/volumes/detail?all_tenants=true
2026-07-16 03:48:51.629 8 INFO cinder.volume.api [None req-4559fae0-0516-468a-8f61-0d33b4564ae4 9ecba8be99aa48c198dd6497f46393c3 db35fd214328413aa51c3833272af468 - - default default] Get all volumes completed successfully.
2026-07-16 03:48:51.631 8 INFO cinder.api.openstack.wsgi [None req-4559fae0-0516-468a-8f61-0d33b4564ae4 9ecba8be99aa48c198dd6497f46393c3 db35fd214328413aa51c3833272af468 - - default default] http://cinder-api.openstack.svc.cluster.local:8776/v3/db35fd214328413aa51c3833272af468/volumes/detail?all_tenants=true returned with HTTP 200 [pid: 8|app: 0|req: 350/696] 10.0.0.228 () {28 vars in 684 bytes} [Thu Jul 16 03:48:51 2026] GET /v3/db35fd214328413aa51c3833272af468/volumes/detail?all_tenants=true => generated 15 bytes in 23 msecs (HTTP/1.1 200) 7 headers in 284 bytes (1 switches on core 0)
2026-07-16 03:48:51.650 7 INFO cinder.api.openstack.wsgi [None req-ba41eba0-d824-437c-aab0-ac5539f4fdcb 9ecba8be99aa48c198dd6497f46393c3 db35fd214328413aa51c3833272af468 - - default default] GET http://cinder-api.openstack.svc.cluster.local:8776/v3/db35fd214328413aa51c3833272af468/volumes/detail?all_tenants=true
2026-07-16 03:48:51.659 7 INFO cinder.volume.api [None req-ba41eba0-d824-437c-aab0-ac5539f4fdcb 9ecba8be99aa48c198dd6497f46393c3 db35fd214328413aa51c3833272af468 - - default default] Get all volumes completed successfully.
2026-07-16 03:48:51.661 7 INFO cinder.api.openstack.wsgi [None req-ba41eba0-d824-437c-aab0-ac5539f4fdcb 9ecba8be99aa48c198dd6497f46393c3 db35fd214328413aa51c3833272af468 - - default default] http://cinder-api.openstack.svc.cluster.local:8776/v3/db35fd214328413aa51c3833272af468/volumes/detail?all_tenants=true returned with HTTP 200 [pid: 7|app: 0|req: 347/697] 10.0.0.228 () {28 vars in 684 bytes} [Thu Jul 16 03:48:51 2026] GET /v3/db35fd214328413aa51c3833272af468/volumes/detail?all_tenants=true => generated 15 bytes in 18 msecs (HTTP/1.1 200) 7 headers in 284 bytes (1 switches on core 0)
2026-07-16 03:48:51.678 8 INFO cinder.api.openstack.wsgi [None req-0b09c3e8-7f03-4e72-ab20-31bf98d9b679 9ecba8be99aa48c198dd6497f46393c3 db35fd214328413aa51c3833272af468 - - default default] GET http://cinder-api.openstack.svc.cluster.local:8776/v3/db35fd214328413aa51c3833272af468/snapshots?all_tenants=true
2026-07-16 03:48:51.689 8 INFO cinder.volume.api [None req-0b09c3e8-7f03-4e72-ab20-31bf98d9b679 9ecba8be99aa48c198dd6497f46393c3 db35fd214328413aa51c3833272af468 - - default default] Get all snapshots completed successfully.
2026-07-16 03:48:51.689 8 INFO cinder.api.openstack.wsgi [None req-0b09c3e8-7f03-4e72-ab20-31bf98d9b679 9ecba8be99aa48c198dd6497f46393c3 db35fd214328413aa51c3833272af468 - - default default] http://cinder-api.openstack.svc.cluster.local:8776/v3/db35fd214328413aa51c3833272af468/snapshots?all_tenants=true returned with HTTP 200 [pid: 8|app: 0|req: 351/698] 10.0.0.228 () {28 vars in 674 bytes} [Thu Jul 16 03:48:51 2026] GET /v3/db35fd214328413aa51c3833272af468/snapshots?all_tenants=true => generated 17 bytes in 18 msecs (HTTP/1.1 200) 7 headers in 284 bytes (1 switches on core 0)
2026-07-16 03:48:51.752 7 INFO cinder.api.openstack.wsgi [None req-2bc7b425-ac5f-4155-849f-20be51106f05 9ecba8be99aa48c198dd6497f46393c3 db35fd214328413aa51c3833272af468 - - default default] GET http://cinder-api.openstack.svc.cluster.local:8776/v3/db35fd214328413aa51c3833272af468/os-quota-sets/39e238ff03104d49b2c32bb19fdc5403?usage=true
2026-07-16 03:48:51.802 7 INFO cinder.api.openstack.wsgi [None req-2bc7b425-ac5f-4155-849f-20be51106f05 9ecba8be99aa48c198dd6497f46393c3 db35fd214328413aa51c3833272af468 - - default default] http://cinder-api.openstack.svc.cluster.local:8776/v3/db35fd214328413aa51c3833272af468/os-quota-sets/39e238ff03104d49b2c32bb19fdc5403?usage=true returned with HTTP 200 [pid: 7|app: 0|req: 348/699] 10.0.0.228 () {28 vars in 736 bytes} [Thu Jul 16 03:48:51 2026] GET /v3/db35fd214328413aa51c3833272af468/os-quota-sets/39e238ff03104d49b2c32bb19fdc5403?usage=true => generated 847 bytes in 62 msecs (HTTP/1.1 200) 7 headers in 285 bytes (1 switches on core 0)
2026-07-16 03:48:51.818 8 INFO cinder.api.openstack.wsgi [None req-21146868-d7ae-42b2-bbd9-9bc13715e35f 9ecba8be99aa48c198dd6497f46393c3 db35fd214328413aa51c3833272af468 - - default default] GET http://cinder-api.openstack.svc.cluster.local:8776/v3/db35fd214328413aa51c3833272af468/os-quota-sets/544d3802251f4fada1db2fffd9fda6e0?usage=true
2026-07-16 03:48:51.891 8 INFO cinder.api.openstack.wsgi [None req-21146868-d7ae-42b2-bbd9-9bc13715e35f 9ecba8be99aa48c198dd6497f46393c3 db35fd214328413aa51c3833272af468 - - default default] http://cinder-api.openstack.svc.cluster.local:8776/v3/db35fd214328413aa51c3833272af468/os-quota-sets/544d3802251f4fada1db2fffd9fda6e0?usage=true returned with HTTP 200 [pid: 8|app: 0|req: 352/700] 10.0.0.228 () {28 vars in 736 bytes} [Thu Jul 16 03:48:51 2026] GET /v3/db35fd214328413aa51c3833272af468/os-quota-sets/544d3802251f4fada1db2fffd9fda6e0?usage=true => generated 847 bytes in 84 msecs (HTTP/1.1 200) 7 headers in 285 bytes (1 switches on core 0)
2026-07-16 03:48:51.905 7 INFO cinder.api.openstack.wsgi [None req-2a325ce8-f1d2-4a09-bcc7-68a0fb3e59c2 9ecba8be99aa48c198dd6497f46393c3 db35fd214328413aa51c3833272af468 - - default default] GET http://cinder-api.openstack.svc.cluster.local:8776/v3/db35fd214328413aa51c3833272af468/os-quota-sets/76fa2ca705084704b82bedda6d8bcea5?usage=true
2026-07-16 03:48:51.963 7 INFO cinder.api.openstack.wsgi [None req-2a325ce8-f1d2-4a09-bcc7-68a0fb3e59c2 9ecba8be99aa48c198dd6497f46393c3 db35fd214328413aa51c3833272af468 - - default default] http://cinder-api.openstack.svc.cluster.local:8776/v3/db35fd214328413aa51c3833272af468/os-quota-sets/76fa2ca705084704b82bedda6d8bcea5?usage=true returned with HTTP 200 [pid: 7|app: 0|req: 349/701] 10.0.0.228 () {28 vars in 736 bytes} [Thu Jul 16 03:48:51 2026] GET /v3/db35fd214328413aa51c3833272af468/os-quota-sets/76fa2ca705084704b82bedda6d8bcea5?usage=true => generated 845 bytes in 67 msecs (HTTP/1.1 200) 7 headers in 285 bytes (1 switches on core 0)
2026-07-16 03:48:51.989 8 INFO cinder.api.openstack.wsgi [None req-13d0e461-72ec-46ea-a7e1-bb51637e19dc 9ecba8be99aa48c198dd6497f46393c3 db35fd214328413aa51c3833272af468 - - default default] GET http://cinder-api.openstack.svc.cluster.local:8776/v3/db35fd214328413aa51c3833272af468/os-quota-sets/db35fd214328413aa51c3833272af468?usage=true
2026-07-16 03:48:52.064 8 INFO cinder.api.openstack.wsgi [None req-13d0e461-72ec-46ea-a7e1-bb51637e19dc 9ecba8be99aa48c198dd6497f46393c3 db35fd214328413aa51c3833272af468 - - default default] http://cinder-api.openstack.svc.cluster.local:8776/v3/db35fd214328413aa51c3833272af468/os-quota-sets/db35fd214328413aa51c3833272af468?usage=true returned with HTTP 200 [pid: 8|app: 0|req: 353/702] 10.0.0.228 () {28 vars in 736 bytes} [Thu Jul 16 03:48:51 2026] GET /v3/db35fd214328413aa51c3833272af468/os-quota-sets/db35fd214328413aa51c3833272af468?usage=true => generated 845 bytes in 91 msecs (HTTP/1.1 200) 7 headers in 285 bytes (1 switches on core 0)
2026-07-16 03:48:52.085 7 INFO cinder.api.openstack.wsgi [None req-027c6e43-b40c-4820-9740-a996ea4bab0b 9ecba8be99aa48c198dd6497f46393c3 db35fd214328413aa51c3833272af468 - - default default] GET http://cinder-api.openstack.svc.cluster.local:8776/v3/db35fd214328413aa51c3833272af468/os-quota-sets/dd31e91ed1e343b6ad94f56b6bcc41c1?usage=true
2026-07-16 03:48:52.127 7 INFO cinder.api.openstack.wsgi [None req-027c6e43-b40c-4820-9740-a996ea4bab0b 9ecba8be99aa48c198dd6497f46393c3 db35fd214328413aa51c3833272af468 - - default default] http://cinder-api.openstack.svc.cluster.local:8776/v3/db35fd214328413aa51c3833272af468/os-quota-sets/dd31e91ed1e343b6ad94f56b6bcc41c1?usage=true returned with HTTP 200 [pid: 7|app: 0|req: 350/703] 10.0.0.228 () {28 vars in 736 bytes} [Thu Jul 16 03:48:52 2026] GET /v3/db35fd214328413aa51c3833272af468/os-quota-sets/dd31e91ed1e343b6ad94f56b6bcc41c1?usage=true => generated 847 bytes in 54 msecs (HTTP/1.1 200) 7 headers in 285 bytes (1 switches on core 0)
2026-07-16 03:48:52.143 8 INFO cinder.api.openstack.wsgi [None req-15bf5280-e13e-4f79-b6b4-008a013b427b 9ecba8be99aa48c198dd6497f46393c3 db35fd214328413aa51c3833272af468 - - default default] GET http://cinder-api.openstack.svc.cluster.local:8776/v3/db35fd214328413aa51c3833272af468/os-quota-sets/ee58383bac8f4eff91a0215731af1e9b?usage=true
2026-07-16 03:48:52.172 8 INFO cinder.api.openstack.wsgi [None req-15bf5280-e13e-4f79-b6b4-008a013b427b 9ecba8be99aa48c198dd6497f46393c3 db35fd214328413aa51c3833272af468 - - default default] http://cinder-api.openstack.svc.cluster.local:8776/v3/db35fd214328413aa51c3833272af468/os-quota-sets/ee58383bac8f4eff91a0215731af1e9b?usage=true returned with HTTP 200 [pid: 8|app: 0|req: 354/704] 10.0.0.228 () {28 vars in 736 bytes} [Thu Jul 16 03:48:52 2026] GET /v3/db35fd214328413aa51c3833272af468/os-quota-sets/ee58383bac8f4eff91a0215731af1e9b?usage=true => generated 847 bytes in 40 msecs (HTTP/1.1 200) 7 headers in 285 bytes (1 switches on core 0)
2026-07-16 03:48:52.185 7 INFO cinder.api.openstack.wsgi [None req-7e170272-4d6b-45e8-a188-d37dd069d000 9ecba8be99aa48c198dd6497f46393c3 db35fd214328413aa51c3833272af468 - - default default] GET http://cinder-api.openstack.svc.cluster.local:8776/v3/db35fd214328413aa51c3833272af468/scheduler-stats/get_pools?detail=true
2026-07-16 03:48:52.205 7 INFO cinder.api.openstack.wsgi [None req-7e170272-4d6b-45e8-a188-d37dd069d000 9ecba8be99aa48c198dd6497f46393c3 db35fd214328413aa51c3833272af468 - - default default] http://cinder-api.openstack.svc.cluster.local:8776/v3/db35fd214328413aa51c3833272af468/scheduler-stats/get_pools?detail=true returned with HTTP 200 [pid: 7|app: 0|req: 351/705] 10.0.0.228 () {28 vars in 696 bytes} [Thu Jul 16 03:48:52 2026] GET /v3/db35fd214328413aa51c3833272af468/scheduler-stats/get_pools?detail=true => generated 670 bytes in 31 msecs (HTTP/1.1 200) 7 headers in 285 bytes (1 switches on core 0)
2026-07-16 03:48:55.771 8 INFO cinder.api.openstack.wsgi [None req-15bf5280-e13e-4f79-b6b4-008a013b427b 9ecba8be99aa48c198dd6497f46393c3 db35fd214328413aa51c3833272af468 - - default default] GET http://10.0.0.167:8776/
2026-07-16 03:48:55.772 7 INFO cinder.api.openstack.wsgi [None req-7e170272-4d6b-45e8-a188-d37dd069d000 9ecba8be99aa48c198dd6497f46393c3 db35fd214328413aa51c3833272af468 - - default default] GET http://10.0.0.167:8776/
2026-07-16 03:48:55.772 8 INFO cinder.api.openstack.wsgi [None req-15bf5280-e13e-4f79-b6b4-008a013b427b 9ecba8be99aa48c198dd6497f46393c3 db35fd214328413aa51c3833272af468 - - default default] http://10.0.0.167:8776/ returned with HTTP 300
2026-07-16 03:48:55.772 7 INFO cinder.api.openstack.wsgi [None req-7e170272-4d6b-45e8-a188-d37dd069d000 9ecba8be99aa48c198dd6497f46393c3 db35fd214328413aa51c3833272af468 - - default default] http://10.0.0.167:8776/ returned with HTTP 300
2026-07-16 03:49:01.029 8 INFO cinder.api.openstack.wsgi [None req-ebc4feda-b22d-4b65-9603-d380ccddd5ad b80d59a2cd5348a8bcf890ea177f0f74 01c87e0345984b9897c2d9bfa239fb77 - - default default] POST http://cinder-api.openstack.svc.cluster.local:8776/v3/01c87e0345984b9897c2d9bfa239fb77/volumes
2026-07-16 03:49:01.829 8 INFO cinder.api.v3.volumes [None req-ebc4feda-b22d-4b65-9603-d380ccddd5ad b80d59a2cd5348a8bcf890ea177f0f74 01c87e0345984b9897c2d9bfa239fb77 - - default default] Create volume of 1 GB
2026-07-16 03:49:01.848 8 INFO cinder.volume.api [None req-ebc4feda-b22d-4b65-9603-d380ccddd5ad b80d59a2cd5348a8bcf890ea177f0f74 01c87e0345984b9897c2d9bfa239fb77 - - default default] Availability Zones retrieved successfully. /var/lib/openstack/lib/python3.10/site-packages/taskflow/engines/action_engine/process_executor.py:17: DeprecationWarning: The asyncore module is deprecated and will be removed in Python 3.12. The recommended replacement is asyncio import asyncore
2026-07-16 03:49:02.157 8 INFO cinder.volume.api [None req-ebc4feda-b22d-4b65-9603-d380ccddd5ad b80d59a2cd5348a8bcf890ea177f0f74 01c87e0345984b9897c2d9bfa239fb77 - - default default] Create volume request issued successfully.
2026-07-16 03:49:02.159 8 INFO cinder.api.openstack.wsgi [None req-ebc4feda-b22d-4b65-9603-d380ccddd5ad b80d59a2cd5348a8bcf890ea177f0f74 01c87e0345984b9897c2d9bfa239fb77 - - default default] http://cinder-api.openstack.svc.cluster.local:8776/v3/01c87e0345984b9897c2d9bfa239fb77/volumes returned with HTTP 202 [pid: 8|app: 0|req: 356/708] 10.0.0.196 () {34 vars in 723 bytes} [Thu Jul 16 03:49:01 2026] POST /v3/01c87e0345984b9897c2d9bfa239fb77/volumes => generated 864 bytes in 1136 msecs (HTTP/1.1 202) 7 headers in 291 bytes (1 switches on core 0)
2026-07-16 03:49:02.178 7 INFO cinder.api.openstack.wsgi [None req-d1f8d75e-5afe-44ae-abed-dd848d41cb59 b80d59a2cd5348a8bcf890ea177f0f74 01c87e0345984b9897c2d9bfa239fb77 - - default default] GET http://cinder-api.openstack.svc.cluster.local:8776/v3/01c87e0345984b9897c2d9bfa239fb77/volumes/01722d57-3671-496f-8210-960eefc4dc4d /var/lib/openstack/lib/python3.10/site-packages/oslo_context/context.py:100: DeprecationWarning: Policy enforcement is depending on the value of is_admin. This key is deprecated. Please update your policy file to use the standard policy values. warnings.warn('Policy enforcement is depending on the value of '
2026-07-16 03:49:02.221 7 INFO cinder.volume.api [None req-d1f8d75e-5afe-44ae-abed-dd848d41cb59 b80d59a2cd5348a8bcf890ea177f0f74 01c87e0345984b9897c2d9bfa239fb77 - - default default] Volume info retrieved successfully.
2026-07-16 03:49:02.229 7 INFO cinder.api.openstack.wsgi [None req-d1f8d75e-5afe-44ae-abed-dd848d41cb59 b80d59a2cd5348a8bcf890ea177f0f74 01c87e0345984b9897c2d9bfa239fb77 - - default default] http://cinder-api.openstack.svc.cluster.local:8776/v3/01c87e0345984b9897c2d9bfa239fb77/volumes/01722d57-3671-496f-8210-960eefc4dc4d returned with HTTP 200 [pid: 7|app: 0|req: 353/709] 10.0.0.196 () {32 vars in 775 bytes} [Thu Jul 16 03:49:02 2026] GET /v3/01c87e0345984b9897c2d9bfa239fb77/volumes/01722d57-3671-496f-8210-960eefc4dc4d => generated 932 bytes in 59 msecs (HTTP/1.1 200) 7 headers in 285 bytes (1 switches on core 0) /var/lib/openstack/lib/python3.10/site-packages/pycadf/identifier.py:71: UserWarning: Invalid uuid: cinderv3. To ensure interoperability, identifiers should be a valid uuid. warnings.warn(('Invalid uuid: %s. To ensure interoperability, '
2026-07-16 03:49:03.260 8 INFO cinder.api.openstack.wsgi [None req-b0e15fcc-5d80-4832-9309-66d4224274e2 b80d59a2cd5348a8bcf890ea177f0f74 01c87e0345984b9897c2d9bfa239fb77 - - default default] GET http://cinder-api.openstack.svc.cluster.local:8776/v3/01c87e0345984b9897c2d9bfa239fb77/volumes/01722d57-3671-496f-8210-960eefc4dc4d /var/lib/openstack/lib/python3.10/site-packages/oslo_context/context.py:100: DeprecationWarning: Policy enforcement is depending on the value of is_admin. This key is deprecated. Please update your policy file to use the standard policy values. warnings.warn('Policy enforcement is depending on the value of '
2026-07-16 03:49:03.297 8 INFO cinder.volume.api [None req-b0e15fcc-5d80-4832-9309-66d4224274e2 b80d59a2cd5348a8bcf890ea177f0f74 01c87e0345984b9897c2d9bfa239fb77 - - default default] Volume info retrieved successfully.
2026-07-16 03:49:03.311 8 INFO cinder.api.openstack.wsgi [None req-b0e15fcc-5d80-4832-9309-66d4224274e2 b80d59a2cd5348a8bcf890ea177f0f74 01c87e0345984b9897c2d9bfa239fb77 - - default default] http://cinder-api.openstack.svc.cluster.local:8776/v3/01c87e0345984b9897c2d9bfa239fb77/volumes/01722d57-3671-496f-8210-960eefc4dc4d returned with HTTP 200 [pid: 8|app: 0|req: 357/710] 10.0.0.196 () {32 vars in 775 bytes} [Thu Jul 16 03:49:03 2026] GET /v3/01c87e0345984b9897c2d9bfa239fb77/volumes/01722d57-3671-496f-8210-960eefc4dc4d => generated 956 bytes in 63 msecs (HTTP/1.1 200) 7 headers in 285 bytes (1 switches on core 0) /var/lib/openstack/lib/python3.10/site-packages/pycadf/identifier.py:71: UserWarning: Invalid uuid: cinderv3. To ensure interoperability, identifiers should be a valid uuid. warnings.warn(('Invalid uuid: %s. To ensure interoperability, '
2026-07-16 03:49:04.348 7 INFO cinder.api.openstack.wsgi [None req-7356f388-abbb-4b32-86f3-7324b9e7e7f2 b80d59a2cd5348a8bcf890ea177f0f74 01c87e0345984b9897c2d9bfa239fb77 - - default default] GET http://cinder-api.openstack.svc.cluster.local:8776/v3/01c87e0345984b9897c2d9bfa239fb77/volumes/01722d57-3671-496f-8210-960eefc4dc4d /var/lib/openstack/lib/python3.10/site-packages/oslo_context/context.py:100: DeprecationWarning: Policy enforcement is depending on the value of is_admin. This key is deprecated. Please update your policy file to use the standard policy values. warnings.warn('Policy enforcement is depending on the value of '
2026-07-16 03:49:04.372 7 INFO cinder.volume.api [None req-7356f388-abbb-4b32-86f3-7324b9e7e7f2 b80d59a2cd5348a8bcf890ea177f0f74 01c87e0345984b9897c2d9bfa239fb77 - - default default] Volume info retrieved successfully.
2026-07-16 03:49:04.384 7 INFO cinder.api.openstack.wsgi [None req-7356f388-abbb-4b32-86f3-7324b9e7e7f2 b80d59a2cd5348a8bcf890ea177f0f74 01c87e0345984b9897c2d9bfa239fb77 - - default default] http://cinder-api.openstack.svc.cluster.local:8776/v3/01c87e0345984b9897c2d9bfa239fb77/volumes/01722d57-3671-496f-8210-960eefc4dc4d returned with HTTP 200 [pid: 7|app: 0|req: 354/711] 10.0.0.196 () {32 vars in 775 bytes} [Thu Jul 16 03:49:04 2026] GET /v3/01c87e0345984b9897c2d9bfa239fb77/volumes/01722d57-3671-496f-8210-960eefc4dc4d => generated 956 bytes in 46 msecs (HTTP/1.1 200) 7 headers in 285 bytes (1 switches on core 0) /var/lib/openstack/lib/python3.10/site-packages/pycadf/identifier.py:71: UserWarning: Invalid uuid: cinderv3. To ensure interoperability, identifiers should be a valid uuid. warnings.warn(('Invalid uuid: %s. To ensure interoperability, '
2026-07-16 03:49:05.410 8 INFO cinder.api.openstack.wsgi [None req-c144de6e-7702-4def-b18f-4eb2541ae315 b80d59a2cd5348a8bcf890ea177f0f74 01c87e0345984b9897c2d9bfa239fb77 - - default default] GET http://cinder-api.openstack.svc.cluster.local:8776/v3/01c87e0345984b9897c2d9bfa239fb77/volumes/01722d57-3671-496f-8210-960eefc4dc4d /var/lib/openstack/lib/python3.10/site-packages/oslo_context/context.py:100: DeprecationWarning: Policy enforcement is depending on the value of is_admin. This key is deprecated. Please update your policy file to use the standard policy values. warnings.warn('Policy enforcement is depending on the value of '
2026-07-16 03:49:05.427 8 INFO cinder.volume.api [None req-c144de6e-7702-4def-b18f-4eb2541ae315 b80d59a2cd5348a8bcf890ea177f0f74 01c87e0345984b9897c2d9bfa239fb77 - - default default] Volume info retrieved successfully.
2026-07-16 03:49:05.434 8 INFO cinder.api.openstack.wsgi [None req-c144de6e-7702-4def-b18f-4eb2541ae315 b80d59a2cd5348a8bcf890ea177f0f74 01c87e0345984b9897c2d9bfa239fb77 - - default default] http://cinder-api.openstack.svc.cluster.local:8776/v3/01c87e0345984b9897c2d9bfa239fb77/volumes/01722d57-3671-496f-8210-960eefc4dc4d returned with HTTP 200 [pid: 8|app: 0|req: 358/712] 10.0.0.196 () {32 vars in 775 bytes} [Thu Jul 16 03:49:05 2026] GET /v3/01c87e0345984b9897c2d9bfa239fb77/volumes/01722d57-3671-496f-8210-960eefc4dc4d => generated 1341 bytes in 36 msecs (HTTP/1.1 200) 7 headers in 286 bytes (1 switches on core 0) /var/lib/openstack/lib/python3.10/site-packages/pycadf/identifier.py:71: UserWarning: Invalid uuid: cinderv3. To ensure interoperability, identifiers should be a valid uuid. warnings.warn(('Invalid uuid: %s. To ensure interoperability, '
2026-07-16 03:49:05.535 7 INFO cinder.api.openstack.wsgi [req-345c8676-e379-4f43-ad44-259cbe4cd001 req-8b2521ca-31ea-4b04-be8a-083013d73f3a b80d59a2cd5348a8bcf890ea177f0f74 01c87e0345984b9897c2d9bfa239fb77 - - default default] GET http://cinder-api.openstack.svc.cluster.local:8776/v3/01c87e0345984b9897c2d9bfa239fb77/volumes/01722d57-3671-496f-8210-960eefc4dc4d /var/lib/openstack/lib/python3.10/site-packages/oslo_context/context.py:100: DeprecationWarning: Policy enforcement is depending on the value of is_admin. This key is deprecated. Please update your policy file to use the standard policy values. warnings.warn('Policy enforcement is depending on the value of '
2026-07-16 03:49:05.556 7 INFO cinder.volume.api [req-345c8676-e379-4f43-ad44-259cbe4cd001 req-8b2521ca-31ea-4b04-be8a-083013d73f3a b80d59a2cd5348a8bcf890ea177f0f74 01c87e0345984b9897c2d9bfa239fb77 - - default default] Volume info retrieved successfully.
2026-07-16 03:49:05.562 7 INFO cinder.api.openstack.wsgi [req-345c8676-e379-4f43-ad44-259cbe4cd001 req-8b2521ca-31ea-4b04-be8a-083013d73f3a b80d59a2cd5348a8bcf890ea177f0f74 01c87e0345984b9897c2d9bfa239fb77 - - default default] http://cinder-api.openstack.svc.cluster.local:8776/v3/01c87e0345984b9897c2d9bfa239fb77/volumes/01722d57-3671-496f-8210-960eefc4dc4d returned with HTTP 200 [pid: 7|app: 0|req: 355/713] 10.0.0.96 () {34 vars in 1027 bytes} [Thu Jul 16 03:49:05 2026] GET /v3/01c87e0345984b9897c2d9bfa239fb77/volumes/01722d57-3671-496f-8210-960eefc4dc4d => generated 1341 bytes in 49 msecs (HTTP/1.1 200) 7 headers in 286 bytes (1 switches on core 0)
2026-07-16 03:49:05.770 7 INFO cinder.api.openstack.wsgi [req-345c8676-e379-4f43-ad44-259cbe4cd001 req-8b2521ca-31ea-4b04-be8a-083013d73f3a b80d59a2cd5348a8bcf890ea177f0f74 01c87e0345984b9897c2d9bfa239fb77 - - default default] GET http://10.0.0.167:8776/
2026-07-16 03:49:05.770 8 INFO cinder.api.openstack.wsgi [None req-c144de6e-7702-4def-b18f-4eb2541ae315 b80d59a2cd5348a8bcf890ea177f0f74 01c87e0345984b9897c2d9bfa239fb77 - - default default] GET http://10.0.0.167:8776/
2026-07-16 03:49:05.771 7 INFO cinder.api.openstack.wsgi [req-345c8676-e379-4f43-ad44-259cbe4cd001 req-8b2521ca-31ea-4b04-be8a-083013d73f3a b80d59a2cd5348a8bcf890ea177f0f74 01c87e0345984b9897c2d9bfa239fb77 - - default default] http://10.0.0.167:8776/ returned with HTTP 300
2026-07-16 03:49:05.771 8 INFO cinder.api.openstack.wsgi [None req-c144de6e-7702-4def-b18f-4eb2541ae315 b80d59a2cd5348a8bcf890ea177f0f74 01c87e0345984b9897c2d9bfa239fb77 - - default default] http://10.0.0.167:8776/ returned with HTTP 300 /var/lib/openstack/lib/python3.10/site-packages/pycadf/identifier.py:71: UserWarning: Invalid uuid: cinderv3. To ensure interoperability, identifiers should be a valid uuid. warnings.warn(('Invalid uuid: %s. To ensure interoperability, '
2026-07-16 03:49:06.184 7 INFO cinder.api.openstack.wsgi [req-345c8676-e379-4f43-ad44-259cbe4cd001 req-63b8cf41-2251-44fa-be48-bd6933acb691 b80d59a2cd5348a8bcf890ea177f0f74 01c87e0345984b9897c2d9bfa239fb77 - - default default] GET http://cinder-api.openstack.svc.cluster.local:8776/v3/01c87e0345984b9897c2d9bfa239fb77/volumes/01722d57-3671-496f-8210-960eefc4dc4d /var/lib/openstack/lib/python3.10/site-packages/oslo_context/context.py:100: DeprecationWarning: Policy enforcement is depending on the value of is_admin. This key is deprecated. Please update your policy file to use the standard policy values. warnings.warn('Policy enforcement is depending on the value of '
2026-07-16 03:49:06.216 7 INFO cinder.volume.api [req-345c8676-e379-4f43-ad44-259cbe4cd001 req-63b8cf41-2251-44fa-be48-bd6933acb691 b80d59a2cd5348a8bcf890ea177f0f74 01c87e0345984b9897c2d9bfa239fb77 - - default default] Volume info retrieved successfully.
2026-07-16 03:49:06.224 7 INFO cinder.api.openstack.wsgi [req-345c8676-e379-4f43-ad44-259cbe4cd001 req-63b8cf41-2251-44fa-be48-bd6933acb691 b80d59a2cd5348a8bcf890ea177f0f74 01c87e0345984b9897c2d9bfa239fb77 - - default default] http://cinder-api.openstack.svc.cluster.local:8776/v3/01c87e0345984b9897c2d9bfa239fb77/volumes/01722d57-3671-496f-8210-960eefc4dc4d returned with HTTP 200 [pid: 7|app: 0|req: 357/716] 10.0.0.96 () {34 vars in 1027 bytes} [Thu Jul 16 03:49:06 2026] GET /v3/01c87e0345984b9897c2d9bfa239fb77/volumes/01722d57-3671-496f-8210-960eefc4dc4d => generated 1341 bytes in 54 msecs (HTTP/1.1 200) 7 headers in 286 bytes (1 switches on core 0)
2026-07-16 03:49:06.236 8 INFO cinder.api.openstack.wsgi [None req-c144de6e-7702-4def-b18f-4eb2541ae315 b80d59a2cd5348a8bcf890ea177f0f74 01c87e0345984b9897c2d9bfa239fb77 - - default default] GET http://cinder-api.openstack.svc.cluster.local:8776/
2026-07-16 03:49:06.237 8 INFO cinder.api.openstack.wsgi [None req-c144de6e-7702-4def-b18f-4eb2541ae315 b80d59a2cd5348a8bcf890ea177f0f74 01c87e0345984b9897c2d9bfa239fb77 - - default default] http://cinder-api.openstack.svc.cluster.local:8776/ returned with HTTP 300 [pid: 8|app: 0|req: 360/717] 10.0.0.96 () {32 vars in 828 bytes} [Thu Jul 16 03:49:06 2026] GET / => generated 411 bytes in 2 msecs (HTTP/1.1 300) 5 headers in 169 bytes (1 switches on core 0) /var/lib/openstack/lib/python3.10/site-packages/pycadf/identifier.py:71: UserWarning: Invalid uuid: cinderv3. To ensure interoperability, identifiers should be a valid uuid. warnings.warn(('Invalid uuid: %s. To ensure interoperability, '
2026-07-16 03:49:06.256 7 INFO cinder.api.openstack.wsgi [req-345c8676-e379-4f43-ad44-259cbe4cd001 req-f35b899a-5986-4c10-8a6b-74255fd9ef97 b80d59a2cd5348a8bcf890ea177f0f74 01c87e0345984b9897c2d9bfa239fb77 - - default default] POST http://cinder-api.openstack.svc.cluster.local:8776/v3/01c87e0345984b9897c2d9bfa239fb77/attachments /var/lib/openstack/lib/python3.10/site-packages/oslo_context/context.py:100: DeprecationWarning: Policy enforcement is depending on the value of is_admin. This key is deprecated. Please update your policy file to use the standard policy values. warnings.warn('Policy enforcement is depending on the value of '
2026-07-16 03:49:06.326 7 INFO cinder.api.openstack.wsgi [req-345c8676-e379-4f43-ad44-259cbe4cd001 req-f35b899a-5986-4c10-8a6b-74255fd9ef97 b80d59a2cd5348a8bcf890ea177f0f74 01c87e0345984b9897c2d9bfa239fb77 - - default default] http://cinder-api.openstack.svc.cluster.local:8776/v3/01c87e0345984b9897c2d9bfa239fb77/attachments returned with HTTP 200 [pid: 7|app: 0|req: 358/718] 10.0.0.96 () {40 vars in 1056 bytes} [Thu Jul 16 03:49:06 2026] POST /v3/01c87e0345984b9897c2d9bfa239fb77/attachments => generated 273 bytes in 82 msecs (HTTP/1.1 200) 7 headers in 286 bytes (1 switches on core 0)
2026-07-16 03:49:07.367 8 INFO cinder.api.openstack.wsgi [None req-c144de6e-7702-4def-b18f-4eb2541ae315 b80d59a2cd5348a8bcf890ea177f0f74 01c87e0345984b9897c2d9bfa239fb77 - - default default] GET http://cinder-api.openstack.svc.cluster.local:8776/
2026-07-16 03:49:07.368 8 INFO cinder.api.openstack.wsgi [None req-c144de6e-7702-4def-b18f-4eb2541ae315 b80d59a2cd5348a8bcf890ea177f0f74 01c87e0345984b9897c2d9bfa239fb77 - - default default] http://cinder-api.openstack.svc.cluster.local:8776/ returned with HTTP 300 [pid: 8|app: 0|req: 361/719] 199.19.213.163 () {32 vars in 840 bytes} [Thu Jul 16 03:49:07 2026] GET / => generated 411 bytes in 2 msecs (HTTP/1.1 300) 5 headers in 169 bytes (1 switches on core 0) /var/lib/openstack/lib/python3.10/site-packages/pycadf/identifier.py:71: UserWarning: Invalid uuid: cinderv3. To ensure interoperability, identifiers should be a valid uuid. warnings.warn(('Invalid uuid: %s. To ensure interoperability, '
2026-07-16 03:49:07.424 7 INFO cinder.api.openstack.wsgi [req-345c8676-e379-4f43-ad44-259cbe4cd001 req-b7a5a280-1574-4dc1-880f-f8bfacd23780 b80d59a2cd5348a8bcf890ea177f0f74 01c87e0345984b9897c2d9bfa239fb77 - - default default] GET http://cinder-api.openstack.svc.cluster.local:8776/v3/01c87e0345984b9897c2d9bfa239fb77/volumes/01722d57-3671-496f-8210-960eefc4dc4d /var/lib/openstack/lib/python3.10/site-packages/oslo_context/context.py:100: DeprecationWarning: Policy enforcement is depending on the value of is_admin. This key is deprecated. Please update your policy file to use the standard policy values. warnings.warn('Policy enforcement is depending on the value of '
2026-07-16 03:49:07.443 7 INFO cinder.volume.api [req-345c8676-e379-4f43-ad44-259cbe4cd001 req-b7a5a280-1574-4dc1-880f-f8bfacd23780 b80d59a2cd5348a8bcf890ea177f0f74 01c87e0345984b9897c2d9bfa239fb77 - - default default] Volume info retrieved successfully.
2026-07-16 03:49:07.450 7 INFO cinder.api.openstack.wsgi [req-345c8676-e379-4f43-ad44-259cbe4cd001 req-b7a5a280-1574-4dc1-880f-f8bfacd23780 b80d59a2cd5348a8bcf890ea177f0f74 01c87e0345984b9897c2d9bfa239fb77 - - default default] http://cinder-api.openstack.svc.cluster.local:8776/v3/01c87e0345984b9897c2d9bfa239fb77/volumes/01722d57-3671-496f-8210-960eefc4dc4d returned with HTTP 200 [pid: 7|app: 0|req: 359/720] 199.19.213.163 () {36 vars in 1073 bytes} [Thu Jul 16 03:49:07 2026] GET /v3/01c87e0345984b9897c2d9bfa239fb77/volumes/01722d57-3671-496f-8210-960eefc4dc4d => generated 1439 bytes in 35 msecs (HTTP/1.1 200) 7 headers in 287 bytes (1 switches on core 0) /var/lib/openstack/lib/python3.10/site-packages/pycadf/identifier.py:71: UserWarning: Invalid uuid: cinderv3. To ensure interoperability, identifiers should be a valid uuid. warnings.warn(('Invalid uuid: %s. To ensure interoperability, '
2026-07-16 03:49:09.551 8 INFO cinder.api.openstack.wsgi [req-345c8676-e379-4f43-ad44-259cbe4cd001 req-823a4835-1074-41da-ab2d-2d980f1ba463 b80d59a2cd5348a8bcf890ea177f0f74 01c87e0345984b9897c2d9bfa239fb77 - - default default] PUT http://cinder-api.openstack.svc.cluster.local:8776/v3/01c87e0345984b9897c2d9bfa239fb77/attachments/b67dd5a0-5f65-4381-b52c-e95958377407 /var/lib/openstack/lib/python3.10/site-packages/oslo_context/context.py:100: DeprecationWarning: Policy enforcement is depending on the value of is_admin. This key is deprecated. Please update your policy file to use the standard policy values. warnings.warn('Policy enforcement is depending on the value of '
2026-07-16 03:49:10.231 8 INFO cinder.api.openstack.wsgi [req-345c8676-e379-4f43-ad44-259cbe4cd001 req-823a4835-1074-41da-ab2d-2d980f1ba463 b80d59a2cd5348a8bcf890ea177f0f74 01c87e0345984b9897c2d9bfa239fb77 - - default default] http://cinder-api.openstack.svc.cluster.local:8776/v3/01c87e0345984b9897c2d9bfa239fb77/attachments/b67dd5a0-5f65-4381-b52c-e95958377407 returned with HTTP 200 [pid: 8|app: 0|req: 362/721] 199.19.213.163 () {40 vars in 1134 bytes} [Thu Jul 16 03:49:09 2026] PUT /v3/01c87e0345984b9897c2d9bfa239fb77/attachments/b67dd5a0-5f65-4381-b52c-e95958377407 => generated 775 bytes in 692 msecs (HTTP/1.1 200) 7 headers in 286 bytes (1 switches on core 0) /var/lib/openstack/lib/python3.10/site-packages/pycadf/identifier.py:71: UserWarning: Invalid uuid: cinderv3. To ensure interoperability, identifiers should be a valid uuid. warnings.warn(('Invalid uuid: %s. To ensure interoperability, '
2026-07-16 03:49:10.274 7 INFO cinder.api.openstack.wsgi [req-345c8676-e379-4f43-ad44-259cbe4cd001 req-7413765c-bfb5-43f6-961d-b6e0ae90943e b80d59a2cd5348a8bcf890ea177f0f74 01c87e0345984b9897c2d9bfa239fb77 - - default default] POST http://cinder-api.openstack.svc.cluster.local:8776/v3/01c87e0345984b9897c2d9bfa239fb77/attachments/b67dd5a0-5f65-4381-b52c-e95958377407/action /var/lib/openstack/lib/python3.10/site-packages/oslo_context/context.py:100: DeprecationWarning: Policy enforcement is depending on the value of is_admin. This key is deprecated. Please update your policy file to use the standard policy values. warnings.warn('Policy enforcement is depending on the value of '
2026-07-16 03:49:10.327 7 INFO cinder.api.openstack.wsgi [req-345c8676-e379-4f43-ad44-259cbe4cd001 req-7413765c-bfb5-43f6-961d-b6e0ae90943e b80d59a2cd5348a8bcf890ea177f0f74 01c87e0345984b9897c2d9bfa239fb77 - - default default] http://cinder-api.openstack.svc.cluster.local:8776/v3/01c87e0345984b9897c2d9bfa239fb77/attachments/b67dd5a0-5f65-4381-b52c-e95958377407/action returned with HTTP 204 [pid: 7|app: 0|req: 360/722] 199.19.213.163 () {40 vars in 1148 bytes} [Thu Jul 16 03:49:10 2026] POST /v3/01c87e0345984b9897c2d9bfa239fb77/attachments/b67dd5a0-5f65-4381-b52c-e95958377407/action => generated 0 bytes in 64 msecs (HTTP/1.1 204) 7 headers in 292 bytes (1 switches on core 0)
2026-07-16 03:49:15.770 7 INFO cinder.api.openstack.wsgi [req-345c8676-e379-4f43-ad44-259cbe4cd001 req-7413765c-bfb5-43f6-961d-b6e0ae90943e b80d59a2cd5348a8bcf890ea177f0f74 01c87e0345984b9897c2d9bfa239fb77 - - default default] GET http://10.0.0.167:8776/
2026-07-16 03:49:15.770 8 INFO cinder.api.openstack.wsgi [req-345c8676-e379-4f43-ad44-259cbe4cd001 req-823a4835-1074-41da-ab2d-2d980f1ba463 b80d59a2cd5348a8bcf890ea177f0f74 01c87e0345984b9897c2d9bfa239fb77 - - default default] GET http://10.0.0.167:8776/
2026-07-16 03:49:15.771 7 INFO cinder.api.openstack.wsgi [req-345c8676-e379-4f43-ad44-259cbe4cd001 req-7413765c-bfb5-43f6-961d-b6e0ae90943e b80d59a2cd5348a8bcf890ea177f0f74 01c87e0345984b9897c2d9bfa239fb77 - - default default] http://10.0.0.167:8776/ returned with HTTP 300
2026-07-16 03:49:15.772 8 INFO cinder.api.openstack.wsgi [req-345c8676-e379-4f43-ad44-259cbe4cd001 req-823a4835-1074-41da-ab2d-2d980f1ba463 b80d59a2cd5348a8bcf890ea177f0f74 01c87e0345984b9897c2d9bfa239fb77 - - default default] http://10.0.0.167:8776/ returned with HTTP 300 /var/lib/openstack/lib/python3.10/site-packages/pycadf/identifier.py:71: UserWarning: Invalid uuid: cinderv3. To ensure interoperability, identifiers should be a valid uuid. warnings.warn(('Invalid uuid: %s. To ensure interoperability, '
2026-07-16 03:49:17.058 7 INFO cinder.api.openstack.wsgi [req-5c46fd09-6654-42e8-ac76-1d3d224ea9c5 req-89acbfc6-66f0-4448-a72d-20973f97ade1 b80d59a2cd5348a8bcf890ea177f0f74 01c87e0345984b9897c2d9bfa239fb77 - - default default] DELETE http://cinder-api.openstack.svc.cluster.local:8776/v3/01c87e0345984b9897c2d9bfa239fb77/attachments/b67dd5a0-5f65-4381-b52c-e95958377407 /var/lib/openstack/lib/python3.10/site-packages/oslo_context/context.py:100: DeprecationWarning: Policy enforcement is depending on the value of is_admin. This key is deprecated. Please update your policy file to use the standard policy values. warnings.warn('Policy enforcement is depending on the value of '
2026-07-16 03:49:17.154 7 INFO cinder.api.openstack.wsgi [req-5c46fd09-6654-42e8-ac76-1d3d224ea9c5 req-89acbfc6-66f0-4448-a72d-20973f97ade1 b80d59a2cd5348a8bcf890ea177f0f74 01c87e0345984b9897c2d9bfa239fb77 - - default default] http://cinder-api.openstack.svc.cluster.local:8776/v3/01c87e0345984b9897c2d9bfa239fb77/attachments/b67dd5a0-5f65-4381-b52c-e95958377407 returned with HTTP 200 [pid: 7|app: 0|req: 362/725] 199.19.213.163 () {38 vars in 1103 bytes} [Thu Jul 16 03:49:17 2026] DELETE /v3/01c87e0345984b9897c2d9bfa239fb77/attachments/b67dd5a0-5f65-4381-b52c-e95958377407 => generated 19 bytes in 107 msecs (HTTP/1.1 200) 7 headers in 285 bytes (1 switches on core 0) /var/lib/openstack/lib/python3.10/site-packages/pycadf/identifier.py:71: UserWarning: Invalid uuid: cinderv3. To ensure interoperability, identifiers should be a valid uuid. warnings.warn(('Invalid uuid: %s. To ensure interoperability, '
2026-07-16 03:49:17.180 8 INFO cinder.api.openstack.wsgi [req-5c46fd09-6654-42e8-ac76-1d3d224ea9c5 req-0cfe87b1-6c91-4dec-8920-e833d3b4e991 b80d59a2cd5348a8bcf890ea177f0f74 01c87e0345984b9897c2d9bfa239fb77 - - default default] DELETE http://cinder-api.openstack.svc.cluster.local:8776/v3/01c87e0345984b9897c2d9bfa239fb77/volumes/01722d57-3671-496f-8210-960eefc4dc4d
2026-07-16 03:49:17.181 8 INFO cinder.api.v3.volumes [req-5c46fd09-6654-42e8-ac76-1d3d224ea9c5 req-0cfe87b1-6c91-4dec-8920-e833d3b4e991 b80d59a2cd5348a8bcf890ea177f0f74 01c87e0345984b9897c2d9bfa239fb77 - - default default] Delete volume with id: 01722d57-3671-496f-8210-960eefc4dc4d  /var/lib/openstack/lib/python3.10/site-packages/oslo_context/context.py:100: DeprecationWarning: Policy enforcement is depending on the value of is_admin. This key is deprecated. Please update your policy file to use the standard policy values. warnings.warn('Policy enforcement is depending on the value of '
2026-07-16 03:49:17.197 8 INFO cinder.volume.api [req-5c46fd09-6654-42e8-ac76-1d3d224ea9c5 req-0cfe87b1-6c91-4dec-8920-e833d3b4e991 b80d59a2cd5348a8bcf890ea177f0f74 01c87e0345984b9897c2d9bfa239fb77 - - default default] Volume info retrieved successfully.
2026-07-16 03:49:17.241 8 INFO cinder.volume.api [req-5c46fd09-6654-42e8-ac76-1d3d224ea9c5 req-0cfe87b1-6c91-4dec-8920-e833d3b4e991 b80d59a2cd5348a8bcf890ea177f0f74 01c87e0345984b9897c2d9bfa239fb77 - - default default] Delete volume request issued successfully.
2026-07-16 03:49:17.241 8 INFO cinder.api.openstack.wsgi [req-5c46fd09-6654-42e8-ac76-1d3d224ea9c5 req-0cfe87b1-6c91-4dec-8920-e833d3b4e991 b80d59a2cd5348a8bcf890ea177f0f74 01c87e0345984b9897c2d9bfa239fb77 - - default default] http://cinder-api.openstack.svc.cluster.local:8776/v3/01c87e0345984b9897c2d9bfa239fb77/volumes/01722d57-3671-496f-8210-960eefc4dc4d returned with HTTP 202 [pid: 8|app: 0|req: 364/726] 199.19.213.163 () {36 vars in 1054 bytes} [Thu Jul 16 03:49:17 2026] DELETE /v3/01c87e0345984b9897c2d9bfa239fb77/volumes/01722d57-3671-496f-8210-960eefc4dc4d => generated 0 bytes in 70 msecs (HTTP/1.1 202) 6 headers in 233 bytes (1 switches on core 0)
2026-07-16 03:49:25.770 8 INFO cinder.api.openstack.wsgi [req-5c46fd09-6654-42e8-ac76-1d3d224ea9c5 req-0cfe87b1-6c91-4dec-8920-e833d3b4e991 b80d59a2cd5348a8bcf890ea177f0f74 01c87e0345984b9897c2d9bfa239fb77 - - default default] GET http://10.0.0.167:8776/
2026-07-16 03:49:25.770 7 INFO cinder.api.openstack.wsgi [req-5c46fd09-6654-42e8-ac76-1d3d224ea9c5 req-89acbfc6-66f0-4448-a72d-20973f97ade1 b80d59a2cd5348a8bcf890ea177f0f74 01c87e0345984b9897c2d9bfa239fb77 - - default default] GET http://10.0.0.167:8776/
2026-07-16 03:49:25.771 8 INFO cinder.api.openstack.wsgi [req-5c46fd09-6654-42e8-ac76-1d3d224ea9c5 req-0cfe87b1-6c91-4dec-8920-e833d3b4e991 b80d59a2cd5348a8bcf890ea177f0f74 01c87e0345984b9897c2d9bfa239fb77 - - default default] http://10.0.0.167:8776/ returned with HTTP 300
2026-07-16 03:49:25.771 7 INFO cinder.api.openstack.wsgi [req-5c46fd09-6654-42e8-ac76-1d3d224ea9c5 req-89acbfc6-66f0-4448-a72d-20973f97ade1 b80d59a2cd5348a8bcf890ea177f0f74 01c87e0345984b9897c2d9bfa239fb77 - - default default] http://10.0.0.167:8776/ returned with HTTP 300
2026-07-16 03:49:35.772 7 INFO cinder.api.openstack.wsgi [req-5c46fd09-6654-42e8-ac76-1d3d224ea9c5 req-89acbfc6-66f0-4448-a72d-20973f97ade1 b80d59a2cd5348a8bcf890ea177f0f74 01c87e0345984b9897c2d9bfa239fb77 - - default default] GET http://10.0.0.167:8776/
2026-07-16 03:49:35.771 8 INFO cinder.api.openstack.wsgi [req-5c46fd09-6654-42e8-ac76-1d3d224ea9c5 req-0cfe87b1-6c91-4dec-8920-e833d3b4e991 b80d59a2cd5348a8bcf890ea177f0f74 01c87e0345984b9897c2d9bfa239fb77 - - default default] GET http://10.0.0.167:8776/
2026-07-16 03:49:35.773 7 INFO cinder.api.openstack.wsgi [req-5c46fd09-6654-42e8-ac76-1d3d224ea9c5 req-89acbfc6-66f0-4448-a72d-20973f97ade1 b80d59a2cd5348a8bcf890ea177f0f74 01c87e0345984b9897c2d9bfa239fb77 - - default default] http://10.0.0.167:8776/ returned with HTTP 300
2026-07-16 03:49:35.775 8 INFO cinder.api.openstack.wsgi [req-5c46fd09-6654-42e8-ac76-1d3d224ea9c5 req-0cfe87b1-6c91-4dec-8920-e833d3b4e991 b80d59a2cd5348a8bcf890ea177f0f74 01c87e0345984b9897c2d9bfa239fb77 - - default default] http://10.0.0.167:8776/ returned with HTTP 300
2026-07-16 03:49:45.770 8 INFO cinder.api.openstack.wsgi [req-5c46fd09-6654-42e8-ac76-1d3d224ea9c5 req-0cfe87b1-6c91-4dec-8920-e833d3b4e991 b80d59a2cd5348a8bcf890ea177f0f74 01c87e0345984b9897c2d9bfa239fb77 - - default default] GET http://10.0.0.167:8776/
2026-07-16 03:49:45.771 7 INFO cinder.api.openstack.wsgi [req-5c46fd09-6654-42e8-ac76-1d3d224ea9c5 req-89acbfc6-66f0-4448-a72d-20973f97ade1 b80d59a2cd5348a8bcf890ea177f0f74 01c87e0345984b9897c2d9bfa239fb77 - - default default] GET http://10.0.0.167:8776/
2026-07-16 03:49:45.771 8 INFO cinder.api.openstack.wsgi [req-5c46fd09-6654-42e8-ac76-1d3d224ea9c5 req-0cfe87b1-6c91-4dec-8920-e833d3b4e991 b80d59a2cd5348a8bcf890ea177f0f74 01c87e0345984b9897c2d9bfa239fb77 - - default default] http://10.0.0.167:8776/ returned with HTTP 300
2026-07-16 03:49:45.772 7 INFO cinder.api.openstack.wsgi [req-5c46fd09-6654-42e8-ac76-1d3d224ea9c5 req-89acbfc6-66f0-4448-a72d-20973f97ade1 b80d59a2cd5348a8bcf890ea177f0f74 01c87e0345984b9897c2d9bfa239fb77 - - default default] http://10.0.0.167:8776/ returned with HTTP 300 /var/lib/openstack/lib/python3.10/site-packages/pycadf/identifier.py:71: UserWarning: Invalid uuid: cinderv3. To ensure interoperability, identifiers should be a valid uuid. warnings.warn(('Invalid uuid: %s. To ensure interoperability, '
2026-07-16 03:49:51.684 8 INFO cinder.api.openstack.wsgi [None req-c2e02bd8-60e8-499e-abc3-a267ed421cb6 9ecba8be99aa48c198dd6497f46393c3 db35fd214328413aa51c3833272af468 - - default default] GET http://cinder-api.openstack.svc.cluster.local:8776/v3/db35fd214328413aa51c3833272af468/os-quota-sets/544d3802251f4fada1db2fffd9fda6e0?usage=true
2026-07-16 03:49:51.712 8 INFO cinder.api.openstack.wsgi [None req-c2e02bd8-60e8-499e-abc3-a267ed421cb6 9ecba8be99aa48c198dd6497f46393c3 db35fd214328413aa51c3833272af468 - - default default] http://cinder-api.openstack.svc.cluster.local:8776/v3/db35fd214328413aa51c3833272af468/os-quota-sets/544d3802251f4fada1db2fffd9fda6e0?usage=true returned with HTTP 200 [pid: 8|app: 0|req: 368/733] 10.0.0.228 () {28 vars in 736 bytes} [Thu Jul 16 03:49:51 2026] GET /v3/db35fd214328413aa51c3833272af468/os-quota-sets/544d3802251f4fada1db2fffd9fda6e0?usage=true => generated 847 bytes in 292 msecs (HTTP/1.1 200) 7 headers in 285 bytes (1 switches on core 0) /var/lib/openstack/lib/python3.10/site-packages/pycadf/identifier.py:71: UserWarning: Invalid uuid: cinderv3. To ensure interoperability, identifiers should be a valid uuid. warnings.warn(('Invalid uuid: %s. To ensure interoperability, '
2026-07-16 03:49:51.728 7 INFO cinder.api.openstack.wsgi [None req-1a1f9b14-9c75-4a0c-93a9-71680aeb3325 9ecba8be99aa48c198dd6497f46393c3 db35fd214328413aa51c3833272af468 - - default default] GET http://cinder-api.openstack.svc.cluster.local:8776/v3/db35fd214328413aa51c3833272af468/os-quota-sets/6a01b2757789489eb27e946e30823943?usage=true /var/lib/openstack/lib/python3.10/site-packages/oslo_context/context.py:100: DeprecationWarning: Policy enforcement is depending on the value of is_admin. This key is deprecated. Please update your policy file to use the standard policy values. warnings.warn('Policy enforcement is depending on the value of '
2026-07-16 03:49:51.752 7 INFO cinder.api.openstack.wsgi [None req-1a1f9b14-9c75-4a0c-93a9-71680aeb3325 9ecba8be99aa48c198dd6497f46393c3 db35fd214328413aa51c3833272af468 - - default default] http://cinder-api.openstack.svc.cluster.local:8776/v3/db35fd214328413aa51c3833272af468/os-quota-sets/6a01b2757789489eb27e946e30823943?usage=true returned with HTTP 200 [pid: 7|app: 0|req: 366/734] 10.0.0.228 () {28 vars in 736 bytes} [Thu Jul 16 03:49:51 2026] GET /v3/db35fd214328413aa51c3833272af468/os-quota-sets/6a01b2757789489eb27e946e30823943?usage=true => generated 847 bytes in 35 msecs (HTTP/1.1 200) 7 headers in 285 bytes (1 switches on core 0)
2026-07-16 03:49:51.765 8 INFO cinder.api.openstack.wsgi [None req-089519ce-45de-4fd2-afb1-a354126a0ab0 9ecba8be99aa48c198dd6497f46393c3 db35fd214328413aa51c3833272af468 - - default default] GET http://cinder-api.openstack.svc.cluster.local:8776/v3/db35fd214328413aa51c3833272af468/os-quota-sets/76fa2ca705084704b82bedda6d8bcea5?usage=true
2026-07-16 03:49:51.793 8 INFO cinder.api.openstack.wsgi [None req-089519ce-45de-4fd2-afb1-a354126a0ab0 9ecba8be99aa48c198dd6497f46393c3 db35fd214328413aa51c3833272af468 - - default default] http://cinder-api.openstack.svc.cluster.local:8776/v3/db35fd214328413aa51c3833272af468/os-quota-sets/76fa2ca705084704b82bedda6d8bcea5?usage=true returned with HTTP 200 [pid: 8|app: 0|req: 369/735] 10.0.0.228 () {28 vars in 736 bytes} [Thu Jul 16 03:49:51 2026] GET /v3/db35fd214328413aa51c3833272af468/os-quota-sets/76fa2ca705084704b82bedda6d8bcea5?usage=true => generated 845 bytes in 37 msecs (HTTP/1.1 200) 7 headers in 285 bytes (1 switches on core 0)
2026-07-16 03:49:51.817 7 INFO cinder.api.openstack.wsgi [None req-75eee5de-c8b4-43d5-9d17-a84af74254f2 9ecba8be99aa48c198dd6497f46393c3 db35fd214328413aa51c3833272af468 - - default default] GET http://cinder-api.openstack.svc.cluster.local:8776/v3/db35fd214328413aa51c3833272af468/os-quota-sets/85331b0ab9ff40488f3500efe481aee6?usage=true
2026-07-16 03:49:51.843 7 INFO cinder.api.openstack.wsgi [None req-75eee5de-c8b4-43d5-9d17-a84af74254f2 9ecba8be99aa48c198dd6497f46393c3 db35fd214328413aa51c3833272af468 - - default default] http://cinder-api.openstack.svc.cluster.local:8776/v3/db35fd214328413aa51c3833272af468/os-quota-sets/85331b0ab9ff40488f3500efe481aee6?usage=true returned with HTTP 200 [pid: 7|app: 0|req: 367/736] 10.0.0.228 () {28 vars in 736 bytes} [Thu Jul 16 03:49:51 2026] GET /v3/db35fd214328413aa51c3833272af468/os-quota-sets/85331b0ab9ff40488f3500efe481aee6?usage=true => generated 847 bytes in 36 msecs (HTTP/1.1 200) 7 headers in 285 bytes (1 switches on core 0)
2026-07-16 03:49:51.856 8 INFO cinder.api.openstack.wsgi [None req-e2ea2b94-6ed3-42db-b8b2-83ad4ed48766 9ecba8be99aa48c198dd6497f46393c3 db35fd214328413aa51c3833272af468 - - default default] GET http://cinder-api.openstack.svc.cluster.local:8776/v3/db35fd214328413aa51c3833272af468/os-quota-sets/db35fd214328413aa51c3833272af468?usage=true
2026-07-16 03:49:51.882 8 INFO cinder.api.openstack.wsgi [None req-e2ea2b94-6ed3-42db-b8b2-83ad4ed48766 9ecba8be99aa48c198dd6497f46393c3 db35fd214328413aa51c3833272af468 - - default default] http://cinder-api.openstack.svc.cluster.local:8776/v3/db35fd214328413aa51c3833272af468/os-quota-sets/db35fd214328413aa51c3833272af468?usage=true returned with HTTP 200 [pid: 8|app: 0|req: 370/737] 10.0.0.228 () {28 vars in 736 bytes} [Thu Jul 16 03:49:51 2026] GET /v3/db35fd214328413aa51c3833272af468/os-quota-sets/db35fd214328413aa51c3833272af468?usage=true => generated 845 bytes in 35 msecs (HTTP/1.1 200) 7 headers in 285 bytes (1 switches on core 0)
2026-07-16 03:49:51.896 7 INFO cinder.api.openstack.wsgi [None req-8ec807e2-537a-4bff-9db8-0c6a9d8701bf 9ecba8be99aa48c198dd6497f46393c3 db35fd214328413aa51c3833272af468 - - default default] GET http://cinder-api.openstack.svc.cluster.local:8776/v3/db35fd214328413aa51c3833272af468/os-quota-sets/dd31e91ed1e343b6ad94f56b6bcc41c1?usage=true
2026-07-16 03:49:51.922 7 INFO cinder.api.openstack.wsgi [None req-8ec807e2-537a-4bff-9db8-0c6a9d8701bf 9ecba8be99aa48c198dd6497f46393c3 db35fd214328413aa51c3833272af468 - - default default] http://cinder-api.openstack.svc.cluster.local:8776/v3/db35fd214328413aa51c3833272af468/os-quota-sets/dd31e91ed1e343b6ad94f56b6bcc41c1?usage=true returned with HTTP 200 [pid: 7|app: 0|req: 368/738] 10.0.0.228 () {28 vars in 736 bytes} [Thu Jul 16 03:49:51 2026] GET /v3/db35fd214328413aa51c3833272af468/os-quota-sets/dd31e91ed1e343b6ad94f56b6bcc41c1?usage=true => generated 847 bytes in 35 msecs (HTTP/1.1 200) 7 headers in 285 bytes (1 switches on core 0)
2026-07-16 03:49:51.933 8 INFO cinder.api.openstack.wsgi [None req-ff3fd887-c882-4227-ae2f-ba48054b06d3 9ecba8be99aa48c198dd6497f46393c3 db35fd214328413aa51c3833272af468 - - default default] GET http://cinder-api.openstack.svc.cluster.local:8776/v3/db35fd214328413aa51c3833272af468/os-quota-sets/f9c0e669a7d348c5b7833dd5ca84a4ad?usage=true
2026-07-16 03:49:51.957 8 INFO cinder.api.openstack.wsgi [None req-ff3fd887-c882-4227-ae2f-ba48054b06d3 9ecba8be99aa48c198dd6497f46393c3 db35fd214328413aa51c3833272af468 - - default default] http://cinder-api.openstack.svc.cluster.local:8776/v3/db35fd214328413aa51c3833272af468/os-quota-sets/f9c0e669a7d348c5b7833dd5ca84a4ad?usage=true returned with HTTP 200 [pid: 8|app: 0|req: 371/739] 10.0.0.228 () {28 vars in 736 bytes} [Thu Jul 16 03:49:51 2026] GET /v3/db35fd214328413aa51c3833272af468/os-quota-sets/f9c0e669a7d348c5b7833dd5ca84a4ad?usage=true => generated 847 bytes in 31 msecs (HTTP/1.1 200) 7 headers in 285 bytes (1 switches on core 0)
2026-07-16 03:49:51.971 7 INFO cinder.api.openstack.wsgi [None req-2cded943-cf79-471d-a731-5b8de93cf266 9ecba8be99aa48c198dd6497f46393c3 db35fd214328413aa51c3833272af468 - - default default] GET http://cinder-api.openstack.svc.cluster.local:8776/v3/db35fd214328413aa51c3833272af468/os-services
