May 20 22:09:06.946572 np0000175530 systemd[1]: Starting devstack@n-api-meta.service - Devstack devstack@n-api-meta.service...
May 20 22:09:06.953637 np0000175530 devstack@n-api-meta.service[108431]: [uWSGI] getting INI configuration from /etc/nova/nova-metadata-uwsgi.ini
May 20 22:09:06.956815 np0000175530 devstack@n-api-meta.service[108431]: *** Starting uWSGI 2.0.24-debian (64bit) on [Wed May 20 22:09:06 2026] ***
May 20 22:09:06.956815 np0000175530 devstack@n-api-meta.service[108431]: compiled with version: 13.2.0 on 17 April 2024 16:23:48
May 20 22:09:06.956815 np0000175530 devstack@n-api-meta.service[108431]: os: Linux-6.8.0-111-generic #111-Ubuntu SMP PREEMPT_DYNAMIC Sat Apr 11 23:16:02 UTC 2026
May 20 22:09:06.956815 np0000175530 devstack@n-api-meta.service[108431]: nodename: np0000175530
May 20 22:09:06.956815 np0000175530 devstack@n-api-meta.service[108431]: machine: x86_64
May 20 22:09:06.956815 np0000175530 devstack@n-api-meta.service[108431]: clock source: unix
May 20 22:09:06.956815 np0000175530 devstack@n-api-meta.service[108431]: pcre jit disabled
May 20 22:09:06.956815 np0000175530 devstack@n-api-meta.service[108431]: detected number of CPU cores: 16
May 20 22:09:06.956815 np0000175530 devstack@n-api-meta.service[108431]: current working directory: /
May 20 22:09:06.956815 np0000175530 devstack@n-api-meta.service[108431]: detected binary path: /usr/bin/uwsgi-core
May 20 22:09:06.956815 np0000175530 devstack@n-api-meta.service[108431]: your processes number limit is 256917
May 20 22:09:06.956815 np0000175530 devstack@n-api-meta.service[108431]: your memory page size is 4096 bytes
May 20 22:09:06.956815 np0000175530 devstack@n-api-meta.service[108431]: detected max file descriptor number: 2048
May 20 22:09:06.956815 np0000175530 devstack@n-api-meta.service[108431]: lock engine: pthread robust mutexes
May 20 22:09:06.958011 np0000175530 devstack@n-api-meta.service[108431]: thunder lock: enabled
May 20 22:09:06.958011 np0000175530 devstack@n-api-meta.service[108431]: uWSGI http bound on 0.0.0.0:8775 fd 5
May 20 22:09:06.958011 np0000175530 devstack@n-api-meta.service[108431]: uwsgi socket 0 bound to TCP address 127.0.0.1:34661 (port auto-assigned) fd 4
May 20 22:09:06.958011 np0000175530 devstack@n-api-meta.service[108431]: Python version: 3.12.3 (main, Mar 23 2026, 19:04:32) [GCC 13.3.0]
May 20 22:09:06.958011 np0000175530 devstack@n-api-meta.service[108431]: PEP 405 virtualenv detected: /opt/stack/data/venv
May 20 22:09:06.958011 np0000175530 devstack@n-api-meta.service[108431]: Set PythonHome to /opt/stack/data/venv
May 20 22:09:06.992023 np0000175530 devstack@n-api-meta.service[108431]: Python main interpreter initialized at 0x761e416a3668
May 20 22:09:06.992023 np0000175530 devstack@n-api-meta.service[108431]: python threads support enabled
May 20 22:09:06.992023 np0000175530 devstack@n-api-meta.service[108431]: your server socket listen backlog is limited to 100 connections
May 20 22:09:06.992023 np0000175530 devstack@n-api-meta.service[108431]: your mercy for graceful operations on workers is 80 seconds
May 20 22:09:06.992556 np0000175530 devstack@n-api-meta.service[108431]: mapped 671795 bytes (656 KB) for 4 cores
May 20 22:09:06.992648 np0000175530 devstack@n-api-meta.service[108431]: *** Operational MODE: preforking ***
May 20 22:09:06.992840 np0000175530 devstack@n-api-meta.service[108431]: *** uWSGI is running in multiple interpreter mode ***
May 20 22:09:06.992840 np0000175530 devstack@n-api-meta.service[108431]: spawned uWSGI master process (pid: 108431)
May 20 22:09:06.992984 np0000175530 systemd[1]: Started devstack@n-api-meta.service - Devstack devstack@n-api-meta.service.
May 20 22:09:06.993504 np0000175530 devstack@n-api-meta.service[108431]: spawned uWSGI worker 1 (pid: 108432, cores: 1)
May 20 22:09:06.994307 np0000175530 devstack@n-api-meta.service[108431]: spawned uWSGI worker 2 (pid: 108433, cores: 1)
May 20 22:09:06.994756 np0000175530 devstack@n-api-meta.service[108431]: spawned uWSGI worker 3 (pid: 108434, cores: 1)
May 20 22:09:06.995269 np0000175530 devstack@n-api-meta.service[108431]: spawned uWSGI worker 4 (pid: 108435, cores: 1)
May 20 22:09:06.995765 np0000175530 devstack@n-api-meta.service[108431]: spawned uWSGI http 1 (pid: 108436)
May 20 22:09:06.995765 np0000175530 devstack@n-api-meta.service[108431]: running "unix_signal:15 gracefully_kill_them_all" (master-start)...
May 20 22:09:09.125790 np0000175530 devstack@n-api-meta.service[108435]: INFO dbcounter [None req-efce928f-8156-4a35-81ec-9a0bd0a99118 None None] Registered counter for database nova_api
May 20 22:09:09.142783 np0000175530 devstack@n-api-meta.service[108435]: DEBUG oslo_db.sqlalchemy.engines [None req-efce928f-8156-4a35-81ec-9a0bd0a99118 None None] MySQL server mode set to STRICT_TRANS_TABLES,STRICT_ALL_TABLES,NO_ZERO_IN_DATE,NO_ZERO_DATE,ERROR_FOR_DIVISION_BY_ZERO,TRADITIONAL,NO_ENGINE_SUBSTITUTION {{(pid=108435) _check_effective_sql_mode /opt/stack/data/venv/lib/python3.12/site-packages/oslo_db/sqlalchemy/engines.py:325}}
May 20 22:09:09.155675 np0000175530 devstack@n-api-meta.service[108433]: INFO dbcounter [None req-d9790000-c5c5-4775-8910-1b12d29c2794 None None] Registered counter for database nova_api
May 20 22:09:09.172891 np0000175530 devstack@n-api-meta.service[108433]: DEBUG oslo_db.sqlalchemy.engines [None req-d9790000-c5c5-4775-8910-1b12d29c2794 None None] MySQL server mode set to STRICT_TRANS_TABLES,STRICT_ALL_TABLES,NO_ZERO_IN_DATE,NO_ZERO_DATE,ERROR_FOR_DIVISION_BY_ZERO,TRADITIONAL,NO_ENGINE_SUBSTITUTION {{(pid=108433) _check_effective_sql_mode /opt/stack/data/venv/lib/python3.12/site-packages/oslo_db/sqlalchemy/engines.py:325}}
May 20 22:09:09.181697 np0000175530 devstack@n-api-meta.service[108435]: DEBUG dbcounter [-] [108435] Writer thread running {{(pid=108435) stat_writer /opt/stack/data/venv/lib/python3.12/site-packages/dbcounter.py:102}}
May 20 22:09:09.184580 np0000175530 devstack@n-api-meta.service[108435]: DEBUG nova.context [None req-efce928f-8156-4a35-81ec-9a0bd0a99118 None None] Found 2 cells: 00000000-0000-0000-0000-000000000000(cell0),644baf64-5199-431c-89d9-c79bfd6d6dd2(cell1) {{(pid=108435) load_cells /opt/stack/nova/nova/context.py:509}}
May 20 22:09:09.184962 np0000175530 devstack@n-api-meta.service[108435]: INFO nova.utils [None req-efce928f-8156-4a35-81ec-9a0bd0a99118 None None] The cell worker thread pool MainProcess.cell_worker is initialized
May 20 22:09:09.187725 np0000175530 devstack@n-api-meta.service[108435]: DEBUG oslo_concurrency.lockutils [None req-efce928f-8156-4a35-81ec-9a0bd0a99118 None None] Acquiring lock "00000000-0000-0000-0000-000000000000" by "nova.context.set_target_cell..get_or_set_cached_cell_and_set_connections" {{(pid=108435) inner /opt/stack/data/venv/lib/python3.12/site-packages/oslo_concurrency/lockutils.py:511}}
May 20 22:09:09.187991 np0000175530 devstack@n-api-meta.service[108435]: DEBUG oslo_concurrency.lockutils [None req-efce928f-8156-4a35-81ec-9a0bd0a99118 None None] Lock "00000000-0000-0000-0000-000000000000" acquired by "nova.context.set_target_cell..get_or_set_cached_cell_and_set_connections" :: waited 0.000s {{(pid=108435) inner /opt/stack/data/venv/lib/python3.12/site-packages/oslo_concurrency/lockutils.py:524}}
May 20 22:09:09.188557 np0000175530 devstack@n-api-meta.service[108435]: DEBUG oslo_concurrency.lockutils [None req-efce928f-8156-4a35-81ec-9a0bd0a99118 None None] Lock "00000000-0000-0000-0000-000000000000" "released" by "nova.context.set_target_cell..get_or_set_cached_cell_and_set_connections" :: held 0.001s {{(pid=108435) inner /opt/stack/data/venv/lib/python3.12/site-packages/oslo_concurrency/lockutils.py:543}}
May 20 22:09:09.189743 np0000175530 devstack@n-api-meta.service[108435]: DEBUG oslo_concurrency.lockutils [None req-efce928f-8156-4a35-81ec-9a0bd0a99118 None None] Acquiring lock "644baf64-5199-431c-89d9-c79bfd6d6dd2" by "nova.context.set_target_cell..get_or_set_cached_cell_and_set_connections" {{(pid=108435) inner /opt/stack/data/venv/lib/python3.12/site-packages/oslo_concurrency/lockutils.py:511}}
May 20 22:09:09.189964 np0000175530 devstack@n-api-meta.service[108435]: DEBUG oslo_concurrency.lockutils [None req-efce928f-8156-4a35-81ec-9a0bd0a99118 None None] Lock "644baf64-5199-431c-89d9-c79bfd6d6dd2" acquired by "nova.context.set_target_cell..get_or_set_cached_cell_and_set_connections" :: waited 0.000s {{(pid=108435) inner /opt/stack/data/venv/lib/python3.12/site-packages/oslo_concurrency/lockutils.py:524}}
May 20 22:09:09.191407 np0000175530 devstack@n-api-meta.service[108435]: DEBUG oslo_concurrency.lockutils [None req-efce928f-8156-4a35-81ec-9a0bd0a99118 None None] Lock "644baf64-5199-431c-89d9-c79bfd6d6dd2" "released" by "nova.context.set_target_cell..get_or_set_cached_cell_and_set_connections" :: held 0.001s {{(pid=108435) inner /opt/stack/data/venv/lib/python3.12/site-packages/oslo_concurrency/lockutils.py:543}}
May 20 22:09:09.194370 np0000175530 devstack@n-api-meta.service[108435]: INFO dbcounter [None req-efce928f-8156-4a35-81ec-9a0bd0a99118 None None] Registered counter for database nova_cell0
May 20 22:09:09.199890 np0000175530 devstack@n-api-meta.service[108435]: INFO dbcounter [None req-efce928f-8156-4a35-81ec-9a0bd0a99118 None None] Registered counter for database nova_cell1
May 20 22:09:09.211968 np0000175530 devstack@n-api-meta.service[108433]: DEBUG dbcounter [-] [108433] Writer thread running {{(pid=108433) stat_writer /opt/stack/data/venv/lib/python3.12/site-packages/dbcounter.py:102}}
May 20 22:09:09.214696 np0000175530 devstack@n-api-meta.service[108433]: DEBUG nova.context [None req-d9790000-c5c5-4775-8910-1b12d29c2794 None None] Found 2 cells: 00000000-0000-0000-0000-000000000000(cell0),644baf64-5199-431c-89d9-c79bfd6d6dd2(cell1) {{(pid=108433) load_cells /opt/stack/nova/nova/context.py:509}}
May 20 22:09:09.214954 np0000175530 devstack@n-api-meta.service[108433]: INFO nova.utils [None req-d9790000-c5c5-4775-8910-1b12d29c2794 None None] The cell worker thread pool MainProcess.cell_worker is initialized
May 20 22:09:09.215128 np0000175530 devstack@n-api-meta.service[108435]: DEBUG oslo_db.sqlalchemy.engines [None req-efce928f-8156-4a35-81ec-9a0bd0a99118 None None] MySQL server mode set to STRICT_TRANS_TABLES,STRICT_ALL_TABLES,NO_ZERO_IN_DATE,NO_ZERO_DATE,ERROR_FOR_DIVISION_BY_ZERO,TRADITIONAL,NO_ENGINE_SUBSTITUTION {{(pid=108435) _check_effective_sql_mode /opt/stack/data/venv/lib/python3.12/site-packages/oslo_db/sqlalchemy/engines.py:325}}
May 20 22:09:09.217002 np0000175530 devstack@n-api-meta.service[108433]: DEBUG oslo_concurrency.lockutils [None req-d9790000-c5c5-4775-8910-1b12d29c2794 None None] Acquiring lock "00000000-0000-0000-0000-000000000000" by "nova.context.set_target_cell..get_or_set_cached_cell_and_set_connections" {{(pid=108433) inner /opt/stack/data/venv/lib/python3.12/site-packages/oslo_concurrency/lockutils.py:511}}
May 20 22:09:09.217194 np0000175530 devstack@n-api-meta.service[108433]: DEBUG oslo_concurrency.lockutils [None req-d9790000-c5c5-4775-8910-1b12d29c2794 None None] Lock "00000000-0000-0000-0000-000000000000" acquired by "nova.context.set_target_cell..get_or_set_cached_cell_and_set_connections" :: waited 0.000s {{(pid=108433) inner /opt/stack/data/venv/lib/python3.12/site-packages/oslo_concurrency/lockutils.py:524}}
May 20 22:09:09.217504 np0000175530 devstack@n-api-meta.service[108432]: INFO dbcounter [None req-47fa8124-c9fd-488c-b932-3fc544d3ebb3 None None] Registered counter for database nova_api
May 20 22:09:09.217882 np0000175530 devstack@n-api-meta.service[108433]: DEBUG oslo_concurrency.lockutils [None req-d9790000-c5c5-4775-8910-1b12d29c2794 None None] Lock "00000000-0000-0000-0000-000000000000" "released" by "nova.context.set_target_cell..get_or_set_cached_cell_and_set_connections" :: held 0.000s {{(pid=108433) inner /opt/stack/data/venv/lib/python3.12/site-packages/oslo_concurrency/lockutils.py:543}}
May 20 22:09:09.224413 np0000175530 devstack@n-api-meta.service[108433]: DEBUG oslo_concurrency.lockutils [None req-d9790000-c5c5-4775-8910-1b12d29c2794 None None] Acquiring lock "644baf64-5199-431c-89d9-c79bfd6d6dd2" by "nova.context.set_target_cell..get_or_set_cached_cell_and_set_connections" {{(pid=108433) inner /opt/stack/data/venv/lib/python3.12/site-packages/oslo_concurrency/lockutils.py:511}}
May 20 22:09:09.224553 np0000175530 devstack@n-api-meta.service[108433]: DEBUG oslo_concurrency.lockutils [None req-d9790000-c5c5-4775-8910-1b12d29c2794 None None] Lock "644baf64-5199-431c-89d9-c79bfd6d6dd2" acquired by "nova.context.set_target_cell..get_or_set_cached_cell_and_set_connections" :: waited 0.000s {{(pid=108433) inner /opt/stack/data/venv/lib/python3.12/site-packages/oslo_concurrency/lockutils.py:524}}
May 20 22:09:09.225558 np0000175530 devstack@n-api-meta.service[108433]: DEBUG oslo_concurrency.lockutils [None req-d9790000-c5c5-4775-8910-1b12d29c2794 None None] Lock "644baf64-5199-431c-89d9-c79bfd6d6dd2" "released" by "nova.context.set_target_cell..get_or_set_cached_cell_and_set_connections" :: held 0.001s {{(pid=108433) inner /opt/stack/data/venv/lib/python3.12/site-packages/oslo_concurrency/lockutils.py:543}}
May 20 22:09:09.229390 np0000175530 devstack@n-api-meta.service[108433]: INFO dbcounter [None req-d9790000-c5c5-4775-8910-1b12d29c2794 None None] Registered counter for database nova_cell0
May 20 22:09:09.234056 np0000175530 devstack@n-api-meta.service[108433]: INFO dbcounter [None req-d9790000-c5c5-4775-8910-1b12d29c2794 None None] Registered counter for database nova_cell1
May 20 22:09:09.238149 np0000175530 devstack@n-api-meta.service[108435]: DEBUG oslo_db.sqlalchemy.engines [None req-efce928f-8156-4a35-81ec-9a0bd0a99118 None None] MySQL server mode set to STRICT_TRANS_TABLES,STRICT_ALL_TABLES,NO_ZERO_IN_DATE,NO_ZERO_DATE,ERROR_FOR_DIVISION_BY_ZERO,TRADITIONAL,NO_ENGINE_SUBSTITUTION {{(pid=108435) _check_effective_sql_mode /opt/stack/data/venv/lib/python3.12/site-packages/oslo_db/sqlalchemy/engines.py:325}}
May 20 22:09:09.250072 np0000175530 devstack@n-api-meta.service[108432]: DEBUG oslo_db.sqlalchemy.engines [None req-47fa8124-c9fd-488c-b932-3fc544d3ebb3 None None] MySQL server mode set to STRICT_TRANS_TABLES,STRICT_ALL_TABLES,NO_ZERO_IN_DATE,NO_ZERO_DATE,ERROR_FOR_DIVISION_BY_ZERO,TRADITIONAL,NO_ENGINE_SUBSTITUTION {{(pid=108432) _check_effective_sql_mode /opt/stack/data/venv/lib/python3.12/site-packages/oslo_db/sqlalchemy/engines.py:325}}
May 20 22:09:09.253655 np0000175530 devstack@n-api-meta.service[108434]: INFO dbcounter [None req-35e96664-d997-4f30-ad3f-b90d5ea8f5d4 None None] Registered counter for database nova_api
May 20 22:09:09.259402 np0000175530 devstack@n-api-meta.service[108433]: DEBUG oslo_db.sqlalchemy.engines [None req-d9790000-c5c5-4775-8910-1b12d29c2794 None None] MySQL server mode set to STRICT_TRANS_TABLES,STRICT_ALL_TABLES,NO_ZERO_IN_DATE,NO_ZERO_DATE,ERROR_FOR_DIVISION_BY_ZERO,TRADITIONAL,NO_ENGINE_SUBSTITUTION {{(pid=108433) _check_effective_sql_mode /opt/stack/data/venv/lib/python3.12/site-packages/oslo_db/sqlalchemy/engines.py:325}}
May 20 22:09:09.266960 np0000175530 devstack@n-api-meta.service[108433]: DEBUG oslo_db.sqlalchemy.engines [None req-d9790000-c5c5-4775-8910-1b12d29c2794 None None] MySQL server mode set to STRICT_TRANS_TABLES,STRICT_ALL_TABLES,NO_ZERO_IN_DATE,NO_ZERO_DATE,ERROR_FOR_DIVISION_BY_ZERO,TRADITIONAL,NO_ENGINE_SUBSTITUTION {{(pid=108433) _check_effective_sql_mode /opt/stack/data/venv/lib/python3.12/site-packages/oslo_db/sqlalchemy/engines.py:325}}
May 20 22:09:09.276266 np0000175530 devstack@n-api-meta.service[108434]: DEBUG oslo_db.sqlalchemy.engines [None req-35e96664-d997-4f30-ad3f-b90d5ea8f5d4 None None] MySQL server mode set to STRICT_TRANS_TABLES,STRICT_ALL_TABLES,NO_ZERO_IN_DATE,NO_ZERO_DATE,ERROR_FOR_DIVISION_BY_ZERO,TRADITIONAL,NO_ENGINE_SUBSTITUTION {{(pid=108434) _check_effective_sql_mode /opt/stack/data/venv/lib/python3.12/site-packages/oslo_db/sqlalchemy/engines.py:325}}
May 20 22:09:09.285063 np0000175530 devstack@n-api-meta.service[108432]: DEBUG dbcounter [-] [108432] Writer thread running {{(pid=108432) stat_writer /opt/stack/data/venv/lib/python3.12/site-packages/dbcounter.py:102}}
May 20 22:09:09.288133 np0000175530 devstack@n-api-meta.service[108432]: DEBUG nova.context [None req-47fa8124-c9fd-488c-b932-3fc544d3ebb3 None None] Found 2 cells: 00000000-0000-0000-0000-000000000000(cell0),644baf64-5199-431c-89d9-c79bfd6d6dd2(cell1) {{(pid=108432) load_cells /opt/stack/nova/nova/context.py:509}}
May 20 22:09:09.288389 np0000175530 devstack@n-api-meta.service[108432]: INFO nova.utils [None req-47fa8124-c9fd-488c-b932-3fc544d3ebb3 None None] The cell worker thread pool MainProcess.cell_worker is initialized
May 20 22:09:09.291053 np0000175530 devstack@n-api-meta.service[108432]: DEBUG oslo_concurrency.lockutils [None req-47fa8124-c9fd-488c-b932-3fc544d3ebb3 None None] Acquiring lock "00000000-0000-0000-0000-000000000000" by "nova.context.set_target_cell..get_or_set_cached_cell_and_set_connections" {{(pid=108432) inner /opt/stack/data/venv/lib/python3.12/site-packages/oslo_concurrency/lockutils.py:511}}
May 20 22:09:09.291301 np0000175530 devstack@n-api-meta.service[108432]: DEBUG oslo_concurrency.lockutils [None req-47fa8124-c9fd-488c-b932-3fc544d3ebb3 None None] Lock "00000000-0000-0000-0000-000000000000" acquired by "nova.context.set_target_cell..get_or_set_cached_cell_and_set_connections" :: waited 0.000s {{(pid=108432) inner /opt/stack/data/venv/lib/python3.12/site-packages/oslo_concurrency/lockutils.py:524}}
May 20 22:09:09.291830 np0000175530 devstack@n-api-meta.service[108432]: DEBUG oslo_concurrency.lockutils [None req-47fa8124-c9fd-488c-b932-3fc544d3ebb3 None None] Lock "00000000-0000-0000-0000-000000000000" "released" by "nova.context.set_target_cell..get_or_set_cached_cell_and_set_connections" :: held 0.001s {{(pid=108432) inner /opt/stack/data/venv/lib/python3.12/site-packages/oslo_concurrency/lockutils.py:543}}
May 20 22:09:09.292953 np0000175530 devstack@n-api-meta.service[108432]: DEBUG oslo_concurrency.lockutils [None req-47fa8124-c9fd-488c-b932-3fc544d3ebb3 None None] Acquiring lock "644baf64-5199-431c-89d9-c79bfd6d6dd2" by "nova.context.set_target_cell..get_or_set_cached_cell_and_set_connections" {{(pid=108432) inner /opt/stack/data/venv/lib/python3.12/site-packages/oslo_concurrency/lockutils.py:511}}
May 20 22:09:09.293180 np0000175530 devstack@n-api-meta.service[108432]: DEBUG oslo_concurrency.lockutils [None req-47fa8124-c9fd-488c-b932-3fc544d3ebb3 None None] Lock "644baf64-5199-431c-89d9-c79bfd6d6dd2" acquired by "nova.context.set_target_cell..get_or_set_cached_cell_and_set_connections" :: waited 0.000s {{(pid=108432) inner /opt/stack/data/venv/lib/python3.12/site-packages/oslo_concurrency/lockutils.py:524}}
May 20 22:09:09.295172 np0000175530 devstack@n-api-meta.service[108432]: DEBUG oslo_concurrency.lockutils [None req-47fa8124-c9fd-488c-b932-3fc544d3ebb3 None None] Lock "644baf64-5199-431c-89d9-c79bfd6d6dd2" "released" by "nova.context.set_target_cell..get_or_set_cached_cell_and_set_connections" :: held 0.001s {{(pid=108432) inner /opt/stack/data/venv/lib/python3.12/site-packages/oslo_concurrency/lockutils.py:543}}
May 20 22:09:09.298156 np0000175530 devstack@n-api-meta.service[108432]: INFO dbcounter [None req-47fa8124-c9fd-488c-b932-3fc544d3ebb3 None None] Registered counter for database nova_cell0
May 20 22:09:09.304457 np0000175530 devstack@n-api-meta.service[108432]: INFO dbcounter [None req-47fa8124-c9fd-488c-b932-3fc544d3ebb3 None None] Registered counter for database nova_cell1
May 20 22:09:09.315926 np0000175530 devstack@n-api-meta.service[108434]: DEBUG dbcounter [-] [108434] Writer thread running {{(pid=108434) stat_writer /opt/stack/data/venv/lib/python3.12/site-packages/dbcounter.py:102}}
May 20 22:09:09.318872 np0000175530 devstack@n-api-meta.service[108432]: DEBUG oslo_db.sqlalchemy.engines [None req-47fa8124-c9fd-488c-b932-3fc544d3ebb3 None None] MySQL server mode set to STRICT_TRANS_TABLES,STRICT_ALL_TABLES,NO_ZERO_IN_DATE,NO_ZERO_DATE,ERROR_FOR_DIVISION_BY_ZERO,TRADITIONAL,NO_ENGINE_SUBSTITUTION {{(pid=108432) _check_effective_sql_mode /opt/stack/data/venv/lib/python3.12/site-packages/oslo_db/sqlalchemy/engines.py:325}}
May 20 22:09:09.319492 np0000175530 devstack@n-api-meta.service[108434]: DEBUG nova.context [None req-35e96664-d997-4f30-ad3f-b90d5ea8f5d4 None None] Found 2 cells: 00000000-0000-0000-0000-000000000000(cell0),644baf64-5199-431c-89d9-c79bfd6d6dd2(cell1) {{(pid=108434) load_cells /opt/stack/nova/nova/context.py:509}}
May 20 22:09:09.319754 np0000175530 devstack@n-api-meta.service[108434]: INFO nova.utils [None req-35e96664-d997-4f30-ad3f-b90d5ea8f5d4 None None] The cell worker thread pool MainProcess.cell_worker is initialized
May 20 22:09:09.322520 np0000175530 devstack@n-api-meta.service[108434]: DEBUG oslo_concurrency.lockutils [None req-35e96664-d997-4f30-ad3f-b90d5ea8f5d4 None None] Acquiring lock "00000000-0000-0000-0000-000000000000" by "nova.context.set_target_cell..get_or_set_cached_cell_and_set_connections" {{(pid=108434) inner /opt/stack/data/venv/lib/python3.12/site-packages/oslo_concurrency/lockutils.py:511}}
May 20 22:09:09.322608 np0000175530 devstack@n-api-meta.service[108434]: DEBUG oslo_concurrency.lockutils [None req-35e96664-d997-4f30-ad3f-b90d5ea8f5d4 None None] Lock "00000000-0000-0000-0000-000000000000" acquired by "nova.context.set_target_cell..get_or_set_cached_cell_and_set_connections" :: waited 0.000s {{(pid=108434) inner /opt/stack/data/venv/lib/python3.12/site-packages/oslo_concurrency/lockutils.py:524}}
May 20 22:09:09.323118 np0000175530 devstack@n-api-meta.service[108434]: DEBUG oslo_concurrency.lockutils [None req-35e96664-d997-4f30-ad3f-b90d5ea8f5d4 None None] Lock "00000000-0000-0000-0000-000000000000" "released" by "nova.context.set_target_cell..get_or_set_cached_cell_and_set_connections" :: held 0.001s {{(pid=108434) inner /opt/stack/data/venv/lib/python3.12/site-packages/oslo_concurrency/lockutils.py:543}}
May 20 22:09:09.324162 np0000175530 devstack@n-api-meta.service[108434]: DEBUG oslo_concurrency.lockutils [None req-35e96664-d997-4f30-ad3f-b90d5ea8f5d4 None None] Acquiring lock "644baf64-5199-431c-89d9-c79bfd6d6dd2" by "nova.context.set_target_cell..get_or_set_cached_cell_and_set_connections" {{(pid=108434) inner /opt/stack/data/venv/lib/python3.12/site-packages/oslo_concurrency/lockutils.py:511}}
May 20 22:09:09.324411 np0000175530 devstack@n-api-meta.service[108434]: DEBUG oslo_concurrency.lockutils [None req-35e96664-d997-4f30-ad3f-b90d5ea8f5d4 None None] Lock "644baf64-5199-431c-89d9-c79bfd6d6dd2" acquired by "nova.context.set_target_cell..get_or_set_cached_cell_and_set_connections" :: waited 0.000s {{(pid=108434) inner /opt/stack/data/venv/lib/python3.12/site-packages/oslo_concurrency/lockutils.py:524}}
May 20 22:09:09.325818 np0000175530 devstack@n-api-meta.service[108434]: DEBUG oslo_concurrency.lockutils [None req-35e96664-d997-4f30-ad3f-b90d5ea8f5d4 None None] Lock "644baf64-5199-431c-89d9-c79bfd6d6dd2" "released" by "nova.context.set_target_cell..get_or_set_cached_cell_and_set_connections" :: held 0.001s {{(pid=108434) inner /opt/stack/data/venv/lib/python3.12/site-packages/oslo_concurrency/lockutils.py:543}}
May 20 22:09:09.326410 np0000175530 devstack@n-api-meta.service[108432]: DEBUG oslo_db.sqlalchemy.engines [None req-47fa8124-c9fd-488c-b932-3fc544d3ebb3 None None] MySQL server mode set to STRICT_TRANS_TABLES,STRICT_ALL_TABLES,NO_ZERO_IN_DATE,NO_ZERO_DATE,ERROR_FOR_DIVISION_BY_ZERO,TRADITIONAL,NO_ENGINE_SUBSTITUTION {{(pid=108432) _check_effective_sql_mode /opt/stack/data/venv/lib/python3.12/site-packages/oslo_db/sqlalchemy/engines.py:325}}
May 20 22:09:09.328890 np0000175530 devstack@n-api-meta.service[108434]: INFO dbcounter [None req-35e96664-d997-4f30-ad3f-b90d5ea8f5d4 None None] Registered counter for database nova_cell0
May 20 22:09:09.333062 np0000175530 devstack@n-api-meta.service[108434]: INFO dbcounter [None req-35e96664-d997-4f30-ad3f-b90d5ea8f5d4 None None] Registered counter for database nova_cell1
May 20 22:09:09.342309 np0000175530 devstack@n-api-meta.service[108435]: DEBUG dbcounter [-] [108435] Writer thread running {{(pid=108435) stat_writer /opt/stack/data/venv/lib/python3.12/site-packages/dbcounter.py:102}}
May 20 22:09:09.342309 np0000175530 devstack@n-api-meta.service[108435]: DEBUG dbcounter [-] [108435] Writer thread running {{(pid=108435) stat_writer /opt/stack/data/venv/lib/python3.12/site-packages/dbcounter.py:102}}
May 20 22:09:09.349771 np0000175530 devstack@n-api-meta.service[108435]: INFO dbcounter [None req-efce928f-8156-4a35-81ec-9a0bd0a99118 None None] Registered counter for database nova_cell0
May 20 22:09:09.356526 np0000175530 devstack@n-api-meta.service[108434]: DEBUG oslo_db.sqlalchemy.engines [None req-35e96664-d997-4f30-ad3f-b90d5ea8f5d4 None None] MySQL server mode set to STRICT_TRANS_TABLES,STRICT_ALL_TABLES,NO_ZERO_IN_DATE,NO_ZERO_DATE,ERROR_FOR_DIVISION_BY_ZERO,TRADITIONAL,NO_ENGINE_SUBSTITUTION {{(pid=108434) _check_effective_sql_mode /opt/stack/data/venv/lib/python3.12/site-packages/oslo_db/sqlalchemy/engines.py:325}}
May 20 22:09:09.371839 np0000175530 devstack@n-api-meta.service[108434]: DEBUG oslo_db.sqlalchemy.engines [None req-35e96664-d997-4f30-ad3f-b90d5ea8f5d4 None None] MySQL server mode set to STRICT_TRANS_TABLES,STRICT_ALL_TABLES,NO_ZERO_IN_DATE,NO_ZERO_DATE,ERROR_FOR_DIVISION_BY_ZERO,TRADITIONAL,NO_ENGINE_SUBSTITUTION {{(pid=108434) _check_effective_sql_mode /opt/stack/data/venv/lib/python3.12/site-packages/oslo_db/sqlalchemy/engines.py:325}}
May 20 22:09:09.374350 np0000175530 devstack@n-api-meta.service[108435]: DEBUG oslo_db.sqlalchemy.engines [None req-efce928f-8156-4a35-81ec-9a0bd0a99118 None None] MySQL server mode set to STRICT_TRANS_TABLES,STRICT_ALL_TABLES,NO_ZERO_IN_DATE,NO_ZERO_DATE,ERROR_FOR_DIVISION_BY_ZERO,TRADITIONAL,NO_ENGINE_SUBSTITUTION {{(pid=108435) _check_effective_sql_mode /opt/stack/data/venv/lib/python3.12/site-packages/oslo_db/sqlalchemy/engines.py:325}}
May 20 22:09:09.387931 np0000175530 devstack@n-api-meta.service[108435]: DEBUG dbcounter [-] [108435] Writer thread running {{(pid=108435) stat_writer /opt/stack/data/venv/lib/python3.12/site-packages/dbcounter.py:102}}
May 20 22:09:09.406815 np0000175530 devstack@n-api-meta.service[108433]: DEBUG dbcounter [-] [108433] Writer thread running {{(pid=108433) stat_writer /opt/stack/data/venv/lib/python3.12/site-packages/dbcounter.py:102}}
May 20 22:09:09.407655 np0000175530 devstack@n-api-meta.service[108433]: DEBUG dbcounter [-] [108433] Writer thread running {{(pid=108433) stat_writer /opt/stack/data/venv/lib/python3.12/site-packages/dbcounter.py:102}}
May 20 22:09:09.413401 np0000175530 devstack@n-api-meta.service[108433]: INFO dbcounter [None req-d9790000-c5c5-4775-8910-1b12d29c2794 None None] Registered counter for database nova_cell0
May 20 22:09:09.429240 np0000175530 devstack@n-api-meta.service[108433]: DEBUG oslo_db.sqlalchemy.engines [None req-d9790000-c5c5-4775-8910-1b12d29c2794 None None] MySQL server mode set to STRICT_TRANS_TABLES,STRICT_ALL_TABLES,NO_ZERO_IN_DATE,NO_ZERO_DATE,ERROR_FOR_DIVISION_BY_ZERO,TRADITIONAL,NO_ENGINE_SUBSTITUTION {{(pid=108433) _check_effective_sql_mode /opt/stack/data/venv/lib/python3.12/site-packages/oslo_db/sqlalchemy/engines.py:325}}
May 20 22:09:09.440266 np0000175530 devstack@n-api-meta.service[108432]: DEBUG dbcounter [-] [108432] Writer thread running {{(pid=108432) stat_writer /opt/stack/data/venv/lib/python3.12/site-packages/dbcounter.py:102}}
May 20 22:09:09.440911 np0000175530 devstack@n-api-meta.service[108433]: DEBUG dbcounter [-] [108433] Writer thread running {{(pid=108433) stat_writer /opt/stack/data/venv/lib/python3.12/site-packages/dbcounter.py:102}}
May 20 22:09:09.441311 np0000175530 devstack@n-api-meta.service[108432]: DEBUG dbcounter [-] [108432] Writer thread running {{(pid=108432) stat_writer /opt/stack/data/venv/lib/python3.12/site-packages/dbcounter.py:102}}
May 20 22:09:09.443169 np0000175530 devstack@n-api-meta.service[108435]: WARNING nova.api.metadata.handler [None req-efce928f-8156-4a35-81ec-9a0bd0a99118 None None] metadata_proxy_shared_secret is not configured, the metadata information returned by the proxy cannot be trusted
May 20 22:09:09.446223 np0000175530 devstack@n-api-meta.service[108435]: DEBUG nova.api.openstack.wsgi_app [None req-efce928f-8156-4a35-81ec-9a0bd0a99118 None None] ******************************************************************************** {{(pid=108435) log_opt_values /opt/stack/data/venv/lib/python3.12/site-packages/oslo_config/cfg.py:3229}}
May 20 22:09:09.446359 np0000175530 devstack@n-api-meta.service[108435]: DEBUG nova.api.openstack.wsgi_app [None req-efce928f-8156-4a35-81ec-9a0bd0a99118 None None] Configuration options gathered from: {{(pid=108435) log_opt_values /opt/stack/data/venv/lib/python3.12/site-packages/oslo_config/cfg.py:3230}}
May 20 22:09:09.446454 np0000175530 devstack@n-api-meta.service[108435]: DEBUG nova.api.openstack.wsgi_app [None req-efce928f-8156-4a35-81ec-9a0bd0a99118 None None] command line args: [] {{(pid=108435) log_opt_values /opt/stack/data/venv/lib/python3.12/site-packages/oslo_config/cfg.py:3231}}
May 20 22:09:09.446571 np0000175530 devstack@n-api-meta.service[108435]: DEBUG nova.api.openstack.wsgi_app [None req-efce928f-8156-4a35-81ec-9a0bd0a99118 None None] config files: ['/etc/nova/api-paste.ini', '/etc/nova/nova.conf'] {{(pid=108435) log_opt_values /opt/stack/data/venv/lib/python3.12/site-packages/oslo_config/cfg.py:3232}}
May 20 22:09:09.446668 np0000175530 devstack@n-api-meta.service[108435]: DEBUG nova.api.openstack.wsgi_app [None req-efce928f-8156-4a35-81ec-9a0bd0a99118 None None] ================================================================================ {{(pid=108435) log_opt_values /opt/stack/data/venv/lib/python3.12/site-packages/oslo_config/cfg.py:3237}}
May 20 22:09:09.446910 np0000175530 devstack@n-api-meta.service[108435]: DEBUG nova.api.openstack.wsgi_app [None req-efce928f-8156-4a35-81ec-9a0bd0a99118 None None] allow_resize_to_same_host = True {{(pid=108435) log_opt_values /opt/stack/data/venv/lib/python3.12/site-packages/oslo_config/cfg.py:3245}}
May 20 22:09:09.447006 np0000175530 devstack@n-api-meta.service[108435]: DEBUG nova.api.openstack.wsgi_app [None req-efce928f-8156-4a35-81ec-9a0bd0a99118 None None] arq_binding_timeout = 300 {{(pid=108435) log_opt_values /opt/stack/data/venv/lib/python3.12/site-packages/oslo_config/cfg.py:3245}}
May 20 22:09:09.447144 np0000175530 devstack@n-api-meta.service[108435]: DEBUG nova.api.openstack.wsgi_app [None req-efce928f-8156-4a35-81ec-9a0bd0a99118 None None] block_device_allocate_retries = 60 {{(pid=108435) log_opt_values /opt/stack/data/venv/lib/python3.12/site-packages/oslo_config/cfg.py:3245}}
May 20 22:09:09.447313 np0000175530 devstack@n-api-meta.service[108435]: DEBUG nova.api.openstack.wsgi_app [None req-efce928f-8156-4a35-81ec-9a0bd0a99118 None None] block_device_allocate_retries_interval = 3 {{(pid=108435) log_opt_values /opt/stack/data/venv/lib/python3.12/site-packages/oslo_config/cfg.py:3245}}
May 20 22:09:09.447440 np0000175530 devstack@n-api-meta.service[108435]: DEBUG nova.api.openstack.wsgi_app [None req-efce928f-8156-4a35-81ec-9a0bd0a99118 None None] cell_worker_thread_pool_size = 5 {{(pid=108435) log_opt_values /opt/stack/data/venv/lib/python3.12/site-packages/oslo_config/cfg.py:3245}}
May 20 22:09:09.447634 np0000175530 devstack@n-api-meta.service[108435]: DEBUG nova.api.openstack.wsgi_app [None req-efce928f-8156-4a35-81ec-9a0bd0a99118 None None] cert = self.pem {{(pid=108435) log_opt_values /opt/stack/data/venv/lib/python3.12/site-packages/oslo_config/cfg.py:3245}}
May 20 22:09:09.447825 np0000175530 devstack@n-api-meta.service[108435]: DEBUG nova.api.openstack.wsgi_app [None req-efce928f-8156-4a35-81ec-9a0bd0a99118 None None] compute_driver = libvirt.LibvirtDriver {{(pid=108435) log_opt_values /opt/stack/data/venv/lib/python3.12/site-packages/oslo_config/cfg.py:3245}}
May 20 22:09:09.447887 np0000175530 devstack@n-api-meta.service[108435]: DEBUG nova.api.openstack.wsgi_app [None req-efce928f-8156-4a35-81ec-9a0bd0a99118 None None] compute_monitors = [] {{(pid=108435) log_opt_values /opt/stack/data/venv/lib/python3.12/site-packages/oslo_config/cfg.py:3245}}
May 20 22:09:09.447984 np0000175530 devstack@n-api-meta.service[108435]: DEBUG nova.api.openstack.wsgi_app [None req-efce928f-8156-4a35-81ec-9a0bd0a99118 None None] config_dir = [] {{(pid=108435) log_opt_values /opt/stack/data/venv/lib/python3.12/site-packages/oslo_config/cfg.py:3245}}
May 20 22:09:09.448138 np0000175530 devstack@n-api-meta.service[108435]: DEBUG nova.api.openstack.wsgi_app [None req-efce928f-8156-4a35-81ec-9a0bd0a99118 None None] config_drive_format = iso9660 {{(pid=108435) log_opt_values /opt/stack/data/venv/lib/python3.12/site-packages/oslo_config/cfg.py:3245}}
May 20 22:09:09.448258 np0000175530 devstack@n-api-meta.service[108432]: INFO dbcounter [None req-47fa8124-c9fd-488c-b932-3fc544d3ebb3 None None] Registered counter for database nova_cell0
May 20 22:09:09.448333 np0000175530 devstack@n-api-meta.service[108435]: DEBUG nova.api.openstack.wsgi_app [None req-efce928f-8156-4a35-81ec-9a0bd0a99118 None None] config_file = ['/etc/nova/api-paste.ini', '/etc/nova/nova.conf'] {{(pid=108435) log_opt_values /opt/stack/data/venv/lib/python3.12/site-packages/oslo_config/cfg.py:3245}}
May 20 22:09:09.448467 np0000175530 devstack@n-api-meta.service[108435]: DEBUG nova.api.openstack.wsgi_app [None req-efce928f-8156-4a35-81ec-9a0bd0a99118 None None] config_source = [] {{(pid=108435) log_opt_values /opt/stack/data/venv/lib/python3.12/site-packages/oslo_config/cfg.py:3245}}
May 20 22:09:09.448683 np0000175530 devstack@n-api-meta.service[108435]: DEBUG nova.api.openstack.wsgi_app [None req-efce928f-8156-4a35-81ec-9a0bd0a99118 None None] console_host = np0000175530 {{(pid=108435) log_opt_values /opt/stack/data/venv/lib/python3.12/site-packages/oslo_config/cfg.py:3245}}
May 20 22:09:09.448872 np0000175530 devstack@n-api-meta.service[108435]: DEBUG nova.api.openstack.wsgi_app [None req-efce928f-8156-4a35-81ec-9a0bd0a99118 None None] control_exchange = nova {{(pid=108435) log_opt_values /opt/stack/data/venv/lib/python3.12/site-packages/oslo_config/cfg.py:3245}}
May 20 22:09:09.449079 np0000175530 devstack@n-api-meta.service[108435]: DEBUG nova.api.openstack.wsgi_app [None req-efce928f-8156-4a35-81ec-9a0bd0a99118 None None] cpu_allocation_ratio = None {{(pid=108435) log_opt_values /opt/stack/data/venv/lib/python3.12/site-packages/oslo_config/cfg.py:3245}}
May 20 22:09:09.449313 np0000175530 devstack@n-api-meta.service[108435]: DEBUG nova.api.openstack.wsgi_app [None req-efce928f-8156-4a35-81ec-9a0bd0a99118 None None] daemon = False {{(pid=108435) log_opt_values /opt/stack/data/venv/lib/python3.12/site-packages/oslo_config/cfg.py:3245}}
May 20 22:09:09.449807 np0000175530 devstack@n-api-meta.service[108435]: DEBUG nova.api.openstack.wsgi_app [None req-efce928f-8156-4a35-81ec-9a0bd0a99118 None None] debug = True {{(pid=108435) log_opt_values /opt/stack/data/venv/lib/python3.12/site-packages/oslo_config/cfg.py:3245}}
May 20 22:09:09.449807 np0000175530 devstack@n-api-meta.service[108435]: DEBUG nova.api.openstack.wsgi_app [None req-efce928f-8156-4a35-81ec-9a0bd0a99118 None None] default_access_ip_network_name = None {{(pid=108435) log_opt_values /opt/stack/data/venv/lib/python3.12/site-packages/oslo_config/cfg.py:3245}}
May 20 22:09:09.449807 np0000175530 devstack@n-api-meta.service[108435]: DEBUG nova.api.openstack.wsgi_app [None req-efce928f-8156-4a35-81ec-9a0bd0a99118 None None] default_availability_zone = nova {{(pid=108435) log_opt_values /opt/stack/data/venv/lib/python3.12/site-packages/oslo_config/cfg.py:3245}}
May 20 22:09:09.449975 np0000175530 devstack@n-api-meta.service[108435]: DEBUG nova.api.openstack.wsgi_app [None req-efce928f-8156-4a35-81ec-9a0bd0a99118 None None] default_ephemeral_format = ext4 {{(pid=108435) log_opt_values /opt/stack/data/venv/lib/python3.12/site-packages/oslo_config/cfg.py:3245}}
May 20 22:09:09.450221 np0000175530 devstack@n-api-meta.service[108435]: DEBUG nova.api.openstack.wsgi_app [None req-efce928f-8156-4a35-81ec-9a0bd0a99118 None None] default_green_pool_size = 1000 {{(pid=108435) log_opt_values /opt/stack/data/venv/lib/python3.12/site-packages/oslo_config/cfg.py:3245}}
May 20 22:09:09.450545 np0000175530 devstack@n-api-meta.service[108435]: DEBUG nova.api.openstack.wsgi_app [None req-efce928f-8156-4a35-81ec-9a0bd0a99118 None None] default_log_levels = ['amqp=WARN', 'boto=WARN', 'sqlalchemy=WARN', 'suds=INFO', 'oslo.messaging=INFO', 'oslo_messaging=INFO', 'iso8601=WARN', 'requests.packages.urllib3.connectionpool=WARN', 'urllib3.connectionpool=WARN', 'websocket=WARN', 'requests.packages.urllib3.util.retry=WARN', 'urllib3.util.retry=WARN', 'keystonemiddleware=WARN', 'routes.middleware=WARN', 'stevedore=WARN', 'taskflow=WARN', 'keystoneauth=WARN', 'oslo.cache=INFO', 'oslo_policy=INFO', 'dogpile.core.dogpile=INFO', 'glanceclient=WARN', 'oslo.privsep.daemon=INFO'] {{(pid=108435) log_opt_values /opt/stack/data/venv/lib/python3.12/site-packages/oslo_config/cfg.py:3245}}
May 20 22:09:09.450700 np0000175530 devstack@n-api-meta.service[108435]: DEBUG nova.api.openstack.wsgi_app [None req-efce928f-8156-4a35-81ec-9a0bd0a99118 None None] default_schedule_zone = None {{(pid=108435) log_opt_values /opt/stack/data/venv/lib/python3.12/site-packages/oslo_config/cfg.py:3245}}
May 20 22:09:09.450850 np0000175530 devstack@n-api-meta.service[108435]: DEBUG nova.api.openstack.wsgi_app [None req-efce928f-8156-4a35-81ec-9a0bd0a99118 None None] default_thread_pool_size = 10 {{(pid=108435) log_opt_values /opt/stack/data/venv/lib/python3.12/site-packages/oslo_config/cfg.py:3245}}
May 20 22:09:09.450991 np0000175530 devstack@n-api-meta.service[108435]: DEBUG nova.api.openstack.wsgi_app [None req-efce928f-8156-4a35-81ec-9a0bd0a99118 None None] disk_allocation_ratio = None {{(pid=108435) log_opt_values /opt/stack/data/venv/lib/python3.12/site-packages/oslo_config/cfg.py:3245}}
May 20 22:09:09.451154 np0000175530 devstack@n-api-meta.service[108435]: DEBUG nova.api.openstack.wsgi_app [None req-efce928f-8156-4a35-81ec-9a0bd0a99118 None None] enable_new_services = True {{(pid=108435) log_opt_values /opt/stack/data/venv/lib/python3.12/site-packages/oslo_config/cfg.py:3245}}
May 20 22:09:09.451301 np0000175530 devstack@n-api-meta.service[108435]: DEBUG nova.api.openstack.wsgi_app [None req-efce928f-8156-4a35-81ec-9a0bd0a99118 None None] flat_injected = False {{(pid=108435) log_opt_values /opt/stack/data/venv/lib/python3.12/site-packages/oslo_config/cfg.py:3245}}
May 20 22:09:09.451448 np0000175530 devstack@n-api-meta.service[108435]: DEBUG nova.api.openstack.wsgi_app [None req-efce928f-8156-4a35-81ec-9a0bd0a99118 None None] force_config_drive = False {{(pid=108435) log_opt_values /opt/stack/data/venv/lib/python3.12/site-packages/oslo_config/cfg.py:3245}}
May 20 22:09:09.451590 np0000175530 devstack@n-api-meta.service[108435]: DEBUG nova.api.openstack.wsgi_app [None req-efce928f-8156-4a35-81ec-9a0bd0a99118 None None] force_raw_images = True {{(pid=108435) log_opt_values /opt/stack/data/venv/lib/python3.12/site-packages/oslo_config/cfg.py:3245}}
May 20 22:09:09.451772 np0000175530 devstack@n-api-meta.service[108435]: DEBUG nova.api.openstack.wsgi_app [None req-efce928f-8156-4a35-81ec-9a0bd0a99118 None None] graceful_shutdown_timeout = 5 {{(pid=108435) log_opt_values /opt/stack/data/venv/lib/python3.12/site-packages/oslo_config/cfg.py:3245}}
May 20 22:09:09.451927 np0000175530 devstack@n-api-meta.service[108435]: DEBUG nova.api.openstack.wsgi_app [None req-efce928f-8156-4a35-81ec-9a0bd0a99118 None None] heal_instance_info_cache_interval = -1 {{(pid=108435) log_opt_values /opt/stack/data/venv/lib/python3.12/site-packages/oslo_config/cfg.py:3245}}
May 20 22:09:09.452199 np0000175530 devstack@n-api-meta.service[108435]: DEBUG nova.api.openstack.wsgi_app [None req-efce928f-8156-4a35-81ec-9a0bd0a99118 None None] host = np0000175530 {{(pid=108435) log_opt_values /opt/stack/data/venv/lib/python3.12/site-packages/oslo_config/cfg.py:3245}}
May 20 22:09:09.453100 np0000175530 devstack@n-api-meta.service[108435]: DEBUG nova.api.openstack.wsgi_app [None req-efce928f-8156-4a35-81ec-9a0bd0a99118 None None] initial_cpu_allocation_ratio = 4.0 {{(pid=108435) log_opt_values /opt/stack/data/venv/lib/python3.12/site-packages/oslo_config/cfg.py:3245}}
May 20 22:09:09.453333 np0000175530 devstack@n-api-meta.service[108435]: DEBUG nova.api.openstack.wsgi_app [None req-efce928f-8156-4a35-81ec-9a0bd0a99118 None None] initial_disk_allocation_ratio = 1.0 {{(pid=108435) log_opt_values /opt/stack/data/venv/lib/python3.12/site-packages/oslo_config/cfg.py:3245}}
May 20 22:09:09.453510 np0000175530 devstack@n-api-meta.service[108435]: DEBUG nova.api.openstack.wsgi_app [None req-efce928f-8156-4a35-81ec-9a0bd0a99118 None None] initial_ram_allocation_ratio = 1.0 {{(pid=108435) log_opt_values /opt/stack/data/venv/lib/python3.12/site-packages/oslo_config/cfg.py:3245}}
May 20 22:09:09.453745 np0000175530 devstack@n-api-meta.service[108435]: DEBUG nova.api.openstack.wsgi_app [None req-efce928f-8156-4a35-81ec-9a0bd0a99118 None None] injected_network_template = /opt/stack/nova/nova/virt/interfaces.template {{(pid=108435) log_opt_values /opt/stack/data/venv/lib/python3.12/site-packages/oslo_config/cfg.py:3245}}
May 20 22:09:09.453935 np0000175530 devstack@n-api-meta.service[108435]: DEBUG nova.api.openstack.wsgi_app [None req-efce928f-8156-4a35-81ec-9a0bd0a99118 None None] instance_build_timeout = 0 {{(pid=108435) log_opt_values /opt/stack/data/venv/lib/python3.12/site-packages/oslo_config/cfg.py:3245}}
May 20 22:09:09.454132 np0000175530 devstack@n-api-meta.service[108435]: DEBUG nova.api.openstack.wsgi_app [None req-efce928f-8156-4a35-81ec-9a0bd0a99118 None None] instance_delete_interval = 300 {{(pid=108435) log_opt_values /opt/stack/data/venv/lib/python3.12/site-packages/oslo_config/cfg.py:3245}}
May 20 22:09:09.454320 np0000175530 devstack@n-api-meta.service[108435]: DEBUG nova.api.openstack.wsgi_app [None req-efce928f-8156-4a35-81ec-9a0bd0a99118 None None] instance_format = [instance: %(uuid)s] {{(pid=108435) log_opt_values /opt/stack/data/venv/lib/python3.12/site-packages/oslo_config/cfg.py:3245}}
May 20 22:09:09.454507 np0000175530 devstack@n-api-meta.service[108435]: DEBUG nova.api.openstack.wsgi_app [None req-efce928f-8156-4a35-81ec-9a0bd0a99118 None None] instance_name_template = instance-%08x {{(pid=108435) log_opt_values /opt/stack/data/venv/lib/python3.12/site-packages/oslo_config/cfg.py:3245}}
May 20 22:09:09.454683 np0000175530 devstack@n-api-meta.service[108435]: DEBUG nova.api.openstack.wsgi_app [None req-efce928f-8156-4a35-81ec-9a0bd0a99118 None None] instance_usage_audit = False {{(pid=108435) log_opt_values /opt/stack/data/venv/lib/python3.12/site-packages/oslo_config/cfg.py:3245}}
May 20 22:09:09.454978 np0000175530 devstack@n-api-meta.service[108435]: DEBUG nova.api.openstack.wsgi_app [None req-efce928f-8156-4a35-81ec-9a0bd0a99118 None None] instance_usage_audit_period = month {{(pid=108435) log_opt_values /opt/stack/data/venv/lib/python3.12/site-packages/oslo_config/cfg.py:3245}}
May 20 22:09:09.455095 np0000175530 devstack@n-api-meta.service[108435]: DEBUG nova.api.openstack.wsgi_app [None req-efce928f-8156-4a35-81ec-9a0bd0a99118 None None] instance_uuid_format = [instance: %(uuid)s] {{(pid=108435) log_opt_values /opt/stack/data/venv/lib/python3.12/site-packages/oslo_config/cfg.py:3245}}
May 20 22:09:09.455280 np0000175530 devstack@n-api-meta.service[108435]: DEBUG nova.api.openstack.wsgi_app [None req-efce928f-8156-4a35-81ec-9a0bd0a99118 None None] instances_path = /opt/stack/data/nova/instances {{(pid=108435) log_opt_values /opt/stack/data/venv/lib/python3.12/site-packages/oslo_config/cfg.py:3245}}
May 20 22:09:09.455467 np0000175530 devstack@n-api-meta.service[108435]: DEBUG nova.api.openstack.wsgi_app [None req-efce928f-8156-4a35-81ec-9a0bd0a99118 None None] internal_service_availability_zone = internal {{(pid=108435) log_opt_values /opt/stack/data/venv/lib/python3.12/site-packages/oslo_config/cfg.py:3245}}
May 20 22:09:09.455648 np0000175530 devstack@n-api-meta.service[108435]: DEBUG nova.api.openstack.wsgi_app [None req-efce928f-8156-4a35-81ec-9a0bd0a99118 None None] key = None {{(pid=108435) log_opt_values /opt/stack/data/venv/lib/python3.12/site-packages/oslo_config/cfg.py:3245}}
May 20 22:09:09.455825 np0000175530 devstack@n-api-meta.service[108435]: DEBUG nova.api.openstack.wsgi_app [None req-efce928f-8156-4a35-81ec-9a0bd0a99118 None None] live_migration_retry_count = 30 {{(pid=108435) log_opt_values /opt/stack/data/venv/lib/python3.12/site-packages/oslo_config/cfg.py:3245}}
May 20 22:09:09.456013 np0000175530 devstack@n-api-meta.service[108435]: DEBUG nova.api.openstack.wsgi_app [None req-efce928f-8156-4a35-81ec-9a0bd0a99118 None None] log_color = False {{(pid=108435) log_opt_values /opt/stack/data/venv/lib/python3.12/site-packages/oslo_config/cfg.py:3245}}
May 20 22:09:09.456216 np0000175530 devstack@n-api-meta.service[108435]: DEBUG nova.api.openstack.wsgi_app [None req-efce928f-8156-4a35-81ec-9a0bd0a99118 None None] log_config_append = None {{(pid=108435) log_opt_values /opt/stack/data/venv/lib/python3.12/site-packages/oslo_config/cfg.py:3245}}
May 20 22:09:09.456404 np0000175530 devstack@n-api-meta.service[108435]: DEBUG nova.api.openstack.wsgi_app [None req-efce928f-8156-4a35-81ec-9a0bd0a99118 None None] log_date_format = %Y-%m-%d %H:%M:%S {{(pid=108435) log_opt_values /opt/stack/data/venv/lib/python3.12/site-packages/oslo_config/cfg.py:3245}}
May 20 22:09:09.456587 np0000175530 devstack@n-api-meta.service[108435]: DEBUG nova.api.openstack.wsgi_app [None req-efce928f-8156-4a35-81ec-9a0bd0a99118 None None] log_dir = None {{(pid=108435) log_opt_values /opt/stack/data/venv/lib/python3.12/site-packages/oslo_config/cfg.py:3245}}
May 20 22:09:09.456778 np0000175530 devstack@n-api-meta.service[108435]: DEBUG nova.api.openstack.wsgi_app [None req-efce928f-8156-4a35-81ec-9a0bd0a99118 None None] log_file = None {{(pid=108435) log_opt_values /opt/stack/data/venv/lib/python3.12/site-packages/oslo_config/cfg.py:3245}}
May 20 22:09:09.456923 np0000175530 devstack@n-api-meta.service[108435]: DEBUG nova.api.openstack.wsgi_app [None req-efce928f-8156-4a35-81ec-9a0bd0a99118 None None] log_options = True {{(pid=108435) log_opt_values /opt/stack/data/venv/lib/python3.12/site-packages/oslo_config/cfg.py:3245}}
May 20 22:09:09.457173 np0000175530 devstack@n-api-meta.service[108435]: DEBUG nova.api.openstack.wsgi_app [None req-efce928f-8156-4a35-81ec-9a0bd0a99118 None None] log_rotate_interval = 1 {{(pid=108435) log_opt_values /opt/stack/data/venv/lib/python3.12/site-packages/oslo_config/cfg.py:3245}}
May 20 22:09:09.457362 np0000175530 devstack@n-api-meta.service[108435]: DEBUG nova.api.openstack.wsgi_app [None req-efce928f-8156-4a35-81ec-9a0bd0a99118 None None] log_rotate_interval_type = days {{(pid=108435) log_opt_values /opt/stack/data/venv/lib/python3.12/site-packages/oslo_config/cfg.py:3245}}
May 20 22:09:09.457552 np0000175530 devstack@n-api-meta.service[108435]: DEBUG nova.api.openstack.wsgi_app [None req-efce928f-8156-4a35-81ec-9a0bd0a99118 None None] log_rotation_type = none {{(pid=108435) log_opt_values /opt/stack/data/venv/lib/python3.12/site-packages/oslo_config/cfg.py:3245}}
May 20 22:09:09.457702 np0000175530 devstack@n-api-meta.service[108435]: DEBUG nova.api.openstack.wsgi_app [None req-efce928f-8156-4a35-81ec-9a0bd0a99118 None None] logging_context_format_string = %(color)s%(levelname)s %(name)s [%(global_request_id)s %(request_id)s %(project_name)s %(user_name)s%(color)s] %(instance)s%(color)s%(message)s {{(pid=108435) log_opt_values /opt/stack/data/venv/lib/python3.12/site-packages/oslo_config/cfg.py:3245}}
May 20 22:09:09.457848 np0000175530 devstack@n-api-meta.service[108435]: DEBUG nova.api.openstack.wsgi_app [None req-efce928f-8156-4a35-81ec-9a0bd0a99118 None None] logging_debug_format_suffix = {{(pid=%(process)d) %(funcName)s %(pathname)s:%(lineno)d}} {{(pid=108435) log_opt_values /opt/stack/data/venv/lib/python3.12/site-packages/oslo_config/cfg.py:3245}}
May 20 22:09:09.458048 np0000175530 devstack@n-api-meta.service[108435]: DEBUG nova.api.openstack.wsgi_app [None req-efce928f-8156-4a35-81ec-9a0bd0a99118 None None] logging_default_format_string = %(color)s%(levelname)s %(name)s [-%(color)s] %(instance)s%(color)s%(message)s {{(pid=108435) log_opt_values /opt/stack/data/venv/lib/python3.12/site-packages/oslo_config/cfg.py:3245}}
May 20 22:09:09.458239 np0000175530 devstack@n-api-meta.service[108435]: DEBUG nova.api.openstack.wsgi_app [None req-efce928f-8156-4a35-81ec-9a0bd0a99118 None None] logging_exception_prefix = ERROR %(name)s %(instance)s {{(pid=108435) log_opt_values /opt/stack/data/venv/lib/python3.12/site-packages/oslo_config/cfg.py:3245}}
May 20 22:09:09.458383 np0000175530 devstack@n-api-meta.service[108435]: DEBUG nova.api.openstack.wsgi_app [None req-efce928f-8156-4a35-81ec-9a0bd0a99118 None None] logging_user_identity_format = %(user)s %(project)s %(domain)s %(system_scope)s %(user_domain)s %(project_domain)s {{(pid=108435) log_opt_values /opt/stack/data/venv/lib/python3.12/site-packages/oslo_config/cfg.py:3245}}
May 20 22:09:09.458563 np0000175530 devstack@n-api-meta.service[108435]: DEBUG nova.api.openstack.wsgi_app [None req-efce928f-8156-4a35-81ec-9a0bd0a99118 None None] long_rpc_timeout = 1800 {{(pid=108435) log_opt_values /opt/stack/data/venv/lib/python3.12/site-packages/oslo_config/cfg.py:3245}}
May 20 22:09:09.458741 np0000175530 devstack@n-api-meta.service[108435]: DEBUG nova.api.openstack.wsgi_app [None req-efce928f-8156-4a35-81ec-9a0bd0a99118 None None] manager_shutdown_timeout = 160 {{(pid=108435) log_opt_values /opt/stack/data/venv/lib/python3.12/site-packages/oslo_config/cfg.py:3245}}
