+ COMMAND=start + start + for KEYSTONE_WSGI_SCRIPT in keystone-wsgi-public ++ type -p keystone-wsgi-public + cp -a /var/lib/openstack/bin/keystone-wsgi-public /var/www/cgi-bin/keystone/ + '[' -f /etc/apache2/envvars ']' + source /etc/apache2/envvars ++ unset HOME ++ '[' '' '!=' '' ']' ++ SUFFIX= ++ export APACHE_RUN_USER=www-data ++ APACHE_RUN_USER=www-data ++ export APACHE_RUN_GROUP=www-data ++ APACHE_RUN_GROUP=www-data ++ export APACHE_PID_FILE=/var/run/apache2/apache2.pid ++ APACHE_PID_FILE=/var/run/apache2/apache2.pid ++ export APACHE_RUN_DIR=/var/run/apache2 ++ APACHE_RUN_DIR=/var/run/apache2 ++ export APACHE_LOCK_DIR=/var/lock/apache2 ++ APACHE_LOCK_DIR=/var/lock/apache2 ++ export APACHE_LOG_DIR=/var/log/apache2 ++ APACHE_LOG_DIR=/var/log/apache2 ++ export LANG=C ++ LANG=C ++ export LANG + '[' -f /var/run/apache2/apache2.pid ']' + exec apache2 -DFOREGROUND AH00558: apache2: Could not reliably determine the server's fully qualified domain name, using 10.0.0.8. Set the 'ServerName' directive globally to suppress this message AH00558: apache2: Could not reliably determine the server's fully qualified domain name, using 10.0.0.8. Set the 'ServerName' directive globally to suppress this message
[Mon Aug 31 20:00:15.122168 2026] [mpm_event:notice] [pid 1:tid 140464096409472] AH00489: Apache/2.4.58 (Ubuntu) mod_wsgi/5.0.0 Python/3.12 configured -- resuming normal operations
[Mon Aug 31 20:00:15.124808 2026] [core:notice] [pid 1:tid 140464096409472] AH00094: Command line: 'apache2 -D FOREGROUND'
[Mon Aug 31 20:01:08.006557 2026] [wsgi:error] [pid 11:tid 140463459636928] /var/lib/openstack/lib/python3.12/site-packages/oslo_utils/importutils.py:77: EventletDeprecationWarning:
[Mon Aug 31 20:01:08.006613 2026] [wsgi:error] [pid 11:tid 140463459636928] Eventlet is deprecated. It is currently being maintained in bugfix mode, and
[Mon Aug 31 20:01:08.006615 2026] [wsgi:error] [pid 11:tid 140463459636928] we strongly recommend against using it for new projects.
[Mon Aug 31 20:01:08.006617 2026] [wsgi:error] [pid 11:tid 140463459636928]
[Mon Aug 31 20:01:08.006618 2026] [wsgi:error] [pid 11:tid 140463459636928] If you are already using Eventlet, we recommend migrating to a different
[Mon Aug 31 20:01:08.006619 2026] [wsgi:error] [pid 11:tid 140463459636928] framework. For more detail see
[Mon Aug 31 20:01:08.006620 2026] [wsgi:error] [pid 11:tid 140463459636928] https://eventlet.readthedocs.io/en/latest/asyncio/migration.html
[Mon Aug 31 20:01:08.006621 2026] [wsgi:error] [pid 11:tid 140463459636928]
[Mon Aug 31 20:01:08.006622 2026] [wsgi:error] [pid 11:tid 140463459636928] __import__(import_str)
[Mon Aug 31 20:01:08.009905 2026] [wsgi:error] [pid 12:tid 140463459636928] /var/lib/openstack/lib/python3.12/site-packages/oslo_utils/importutils.py:77: EventletDeprecationWarning:
[Mon Aug 31 20:01:08.009976 2026] [wsgi:error] [pid 12:tid 140463459636928] Eventlet is deprecated. It is currently being maintained in bugfix mode, and
[Mon Aug 31 20:01:08.009979 2026] [wsgi:error] [pid 12:tid 140463459636928] we strongly recommend against using it for new projects.
[Mon Aug 31 20:01:08.009980 2026] [wsgi:error] [pid 12:tid 140463459636928]
[Mon Aug 31 20:01:08.009982 2026] [wsgi:error] [pid 12:tid 140463459636928] If you are already using Eventlet, we recommend migrating to a different
[Mon Aug 31 20:01:08.009984 2026] [wsgi:error] [pid 12:tid 140463459636928] framework. For more detail see
[Mon Aug 31 20:01:08.009985 2026] [wsgi:error] [pid 12:tid 140463459636928] https://eventlet.readthedocs.io/en/latest/asyncio/migration.html
[Mon Aug 31 20:01:08.009986 2026] [wsgi:error] [pid 12:tid 140463459636928]
[Mon Aug 31 20:01:08.009987 2026] [wsgi:error] [pid 12:tid 140463459636928] __import__(import_str) 10.0.0.106 - - [31/Aug/2026:20:01:07 +0000] "GET /v3/ HTTP/1.1" 200 248 10.0.0.106 - - [31/Aug/2026:20:01:07 +0000] "GET /v3/ HTTP/1.1" 200 248
[Mon Aug 31 20:01:20.854736 2026] [wsgi:error] [pid 10:tid 140463459636928] /var/lib/openstack/lib/python3.12/site-packages/oslo_utils/importutils.py:77: EventletDeprecationWarning:
[Mon Aug 31 20:01:20.854791 2026] [wsgi:error] [pid 10:tid 140463459636928] Eventlet is deprecated. It is currently being maintained in bugfix mode, and
[Mon Aug 31 20:01:20.854793 2026] [wsgi:error] [pid 10:tid 140463459636928] we strongly recommend against using it for new projects.
[Mon Aug 31 20:01:20.854794 2026] [wsgi:error] [pid 10:tid 140463459636928]
[Mon Aug 31 20:01:20.854795 2026] [wsgi:error] [pid 10:tid 140463459636928] If you are already using Eventlet, we recommend migrating to a different
[Mon Aug 31 20:01:20.854797 2026] [wsgi:error] [pid 10:tid 140463459636928] framework. For more detail see
[Mon Aug 31 20:01:20.854798 2026] [wsgi:error] [pid 10:tid 140463459636928] https://eventlet.readthedocs.io/en/latest/asyncio/migration.html
[Mon Aug 31 20:01:20.854800 2026] [wsgi:error] [pid 10:tid 140463459636928]
[Mon Aug 31 20:01:20.854801 2026] [wsgi:error] [pid 10:tid 140463459636928] __import__(import_str) 10.0.0.213 - - [31/Aug/2026:20:01:19 +0000] "GET / HTTP/1.1" 300 295
[Mon Aug 31 20:01:26.499091 2026] [wsgi:error] [pid 9:tid 140463459636928] /var/lib/openstack/lib/python3.12/site-packages/oslo_utils/importutils.py:77: EventletDeprecationWarning:
[Mon Aug 31 20:01:26.499143 2026] [wsgi:error] [pid 9:tid 140463459636928] Eventlet is deprecated. It is currently being maintained in bugfix mode, and
[Mon Aug 31 20:01:26.499146 2026] [wsgi:error] [pid 9:tid 140463459636928] we strongly recommend against using it for new projects.
[Mon Aug 31 20:01:26.499147 2026] [wsgi:error] [pid 9:tid 140463459636928]
[Mon Aug 31 20:01:26.499148 2026] [wsgi:error] [pid 9:tid 140463459636928] If you are already using Eventlet, we recommend migrating to a different
[Mon Aug 31 20:01:26.499149 2026] [wsgi:error] [pid 9:tid 140463459636928] framework. For more detail see
[Mon Aug 31 20:01:26.499150 2026] [wsgi:error] [pid 9:tid 140463459636928] https://eventlet.readthedocs.io/en/latest/asyncio/migration.html
[Mon Aug 31 20:01:26.499151 2026] [wsgi:error] [pid 9:tid 140463459636928]
[Mon Aug 31 20:01:26.499152 2026] [wsgi:error] [pid 9:tid 140463459636928] __import__(import_str)
[Mon Aug 31 20:01:31.278160 2026] [wsgi:error] [pid 9:tid 140463459636928] [remote 10.0.0.213:40138] 2026-08-31 20:01:31.275 9 WARNING keystone.identity.core [None req-2ca7f32c-4e5a-4cf2-82ad-c3a746ee94ee - - - - - -] Invalid domain name (atmosphere) found in config file name: keystone.exception.DomainNotFound: Could not find domain: atmosphere.
[Mon Aug 31 20:01:31.325461 2026] [wsgi:error] [pid 9:tid 140463459636928] [remote 10.0.0.213:40138] 2026-08-31 20:01:31.325 9 WARNING keystone.common.password_hashing [None req-2ca7f32c-4e5a-4cf2-82ad-c3a746ee94ee - - - - - -] Truncating password to algorithm specific maximum length 72 characters.
[Mon Aug 31 20:01:31.606976 2026] [wsgi:error] [pid 9:tid 140463459636928] [remote 10.0.0.213:40138] 2026-08-31 20:01:31.606 9 WARNING keystone.common.fernet_utils [None req-2ca7f32c-4e5a-4cf2-82ad-c3a746ee94ee - - - - - -] key_repository is world readable: /etc/keystone/fernet-keys/ 10.0.0.213 - - [31/Aug/2026:20:01:25 +0000] "POST /v3/auth/tokens HTTP/1.1" 201 1360
[Mon Aug 31 20:01:32.015696 2026] [wsgi:error] [pid 12:tid 140463459636928] [remote 10.0.0.213:40138] 2026-08-31 20:01:32.013 12 WARNING keystone.identity.core [None req-296f3d3a-47e9-4c2e-ba77-26494e73357d - - - - - -] Invalid domain name (atmosphere) found in config file name: keystone.exception.DomainNotFound: Could not find domain: atmosphere. 10.0.0.213 - - [31/Aug/2026:20:01:31 +0000] "POST /v3/domains HTTP/1.1" 201 261 10.0.0.61 - - [31/Aug/2026:20:01:45 +0000] "GET / HTTP/1.1" 300 295
[Mon Aug 31 20:01:45.578407 2026] [wsgi:error] [pid 10:tid 140463459636928] [remote 10.0.0.61:35332] 2026-08-31 20:01:45.577 10 WARNING keystone.common.password_hashing [None req-d5c87c04-7be7-4bac-812e-0419fb351e4e - - - - - -] Truncating password to algorithm specific maximum length 72 characters.
[Mon Aug 31 20:01:45.883436 2026] [wsgi:error] [pid 10:tid 140463459636928] [remote 10.0.0.61:35332] 2026-08-31 20:01:45.882 10 WARNING keystone.common.fernet_utils [None req-d5c87c04-7be7-4bac-812e-0419fb351e4e - - - - - -] key_repository is world readable: /etc/keystone/fernet-keys/ 10.0.0.61 - - [31/Aug/2026:20:01:45 +0000] "POST /v3/auth/tokens HTTP/1.1" 201 1360 10.0.0.61 - - [31/Aug/2026:20:01:46 +0000] "GET /v3/roles/admin HTTP/1.1" 404 83
[Mon Aug 31 20:01:46.177175 2026] [wsgi:error] [pid 12:tid 140463459636928] [remote 10.0.0.61:35332] 2026-08-31 20:01:46.176 12 WARNING keystone.common.rbac_enforcer.enforcer [None req-181d3539-c9ce-4f0b-ab71-51ef1c7cc75d 32071a42e9ac43309cfc4bebac03a73a 8713c3eb141d433a93c5017ed6e5f5eb - - default default] Deprecated policy rules found. Use oslopolicy-policy-generator and oslopolicy-policy-upgrade to detect and resolve deprecated policies in your configuration. 10.0.0.61 - - [31/Aug/2026:20:01:46 +0000] "GET /v3/roles?name=admin HTTP/1.1" 200 389
[Mon Aug 31 20:01:46.842567 2026] [wsgi:error] [pid 11:tid 140463459636928] [remote 10.0.0.61:35332] 2026-08-31 20:01:46.842 11 WARNING keystone.common.rbac_enforcer.enforcer [None req-016e8281-c9bc-4f98-b6cf-6d6491137620 32071a42e9ac43309cfc4bebac03a73a 8713c3eb141d433a93c5017ed6e5f5eb - - default default] Deprecated policy rules found. Use oslopolicy-policy-generator and oslopolicy-policy-upgrade to detect and resolve deprecated policies in your configuration. 10.0.0.61 - - [31/Aug/2026:20:01:46 +0000] "GET /v3/users/admin-RegionOne HTTP/1.1" 404 93
[Mon Aug 31 20:01:47.130388 2026] [wsgi:error] [pid 10:tid 140463459636928] [remote 10.0.0.61:35332] 2026-08-31 20:01:47.130 10 WARNING keystone.common.rbac_enforcer.enforcer [None req-c71f4ea9-3718-42dc-89dd-4274469b40a7 32071a42e9ac43309cfc4bebac03a73a 8713c3eb141d433a93c5017ed6e5f5eb - - default default] Deprecated policy rules found. Use oslopolicy-policy-generator and oslopolicy-policy-upgrade to detect and resolve deprecated policies in your configuration. 10.0.0.61 - - [31/Aug/2026:20:01:46 +0000] "GET /v3/users?name=admin-RegionOne HTTP/1.1" 200 422
[Mon Aug 31 20:01:47.467555 2026] [wsgi:error] [pid 9:tid 140463459636928] [remote 10.0.0.61:35332] 2026-08-31 20:01:47.467 9 WARNING keystone.common.rbac_enforcer.enforcer [None req-b5e36e09-0be5-4652-bd15-32647704f96a 32071a42e9ac43309cfc4bebac03a73a 8713c3eb141d433a93c5017ed6e5f5eb - - default default] Deprecated policy rules found. Use oslopolicy-policy-generator and oslopolicy-policy-upgrade to detect and resolve deprecated policies in your configuration. 10.0.0.61 - - [31/Aug/2026:20:01:47 +0000] "GET /v3/domains/default HTTP/1.1" 200 224 10.0.0.61 - - [31/Aug/2026:20:01:47 +0000] "PUT /v3/domains/default/users/32071a42e9ac43309cfc4bebac03a73a/roles/606f891a912747d4a9affcd40953d7bd HTTP/1.1" 204 - 10.0.0.106 - - [31/Aug/2026:20:01:58 +0000] "GET / HTTP/1.1" 300 281 10.0.0.106 - - [31/Aug/2026:20:02:00 +0000] "GET /v3 HTTP/1.1" 200 266
[Mon Aug 31 20:02:00.298740 2026] [wsgi:error] [pid 9:tid 140463459636928] [remote 10.0.0.106:51570] 2026-08-31 20:02:00.298 9 WARNING keystone.common.password_hashing [None req-8fb80396-0178-461f-b9a4-e640feda42da - - - - - -] Truncating password to algorithm specific maximum length 72 characters.
[Mon Aug 31 20:02:00.624442 2026] [wsgi:error] [pid 9:tid 140463459636928] [remote 10.0.0.106:51570] 2026-08-31 20:02:00.624 9 WARNING keystone.common.fernet_utils [None req-8fb80396-0178-461f-b9a4-e640feda42da - - - - - -] key_repository is world readable: /etc/keystone/fernet-keys/ 10.0.0.106 - - [31/Aug/2026:20:02:00 +0000] "POST /v3/auth/tokens HTTP/1.1" 201 1360 10.0.0.106 - - [31/Aug/2026:20:02:00 +0000] "GET / HTTP/1.1" 300 281 10.0.0.106 - - [31/Aug/2026:20:02:00 +0000] "GET /v3/domains/atmosphere HTTP/1.1" 404 90 10.0.0.106 - - [31/Aug/2026:20:02:00 +0000] "GET /v3/domains?name=atmosphere HTTP/1.1" 200 370 10.0.0.106 - - [31/Aug/2026:20:02:01 +0000] "GET /v3/domains/2c7d0d148a82406d8aef2493d7d5cc2d HTTP/1.1" 200 247 10.0.0.106 - - [31/Aug/2026:20:02:02 +0000] "GET /v3 HTTP/1.1" 200 266
[Mon Aug 31 20:02:02.041606 2026] [wsgi:error] [pid 11:tid 140463459636928] [remote 10.0.0.106:51570] 2026-08-31 20:02:02.040 11 WARNING keystone.common.password_hashing [None req-7883aea3-eb81-4079-81c7-c0d0f6fdb994 - - - - - -] Truncating password to algorithm specific maximum length 72 characters.
[Mon Aug 31 20:02:02.365877 2026] [wsgi:error] [pid 11:tid 140463459636928] [remote 10.0.0.106:51570] 2026-08-31 20:02:02.365 11 WARNING keystone.common.fernet_utils [None req-7883aea3-eb81-4079-81c7-c0d0f6fdb994 - - - - - -] key_repository is world readable: /etc/keystone/fernet-keys/ 10.0.0.106 - - [31/Aug/2026:20:02:02 +0000] "POST /v3/auth/tokens HTTP/1.1" 201 1360 10.0.0.106 - - [31/Aug/2026:20:02:02 +0000] "GET / HTTP/1.1" 300 281 10.0.0.106 - - [31/Aug/2026:20:02:02 +0000] "GET /v3/OS-FEDERATION/identity_providers/atmosphere HTTP/1.1" 404 101 10.0.0.106 - - [31/Aug/2026:20:02:02 +0000] "GET /v3/OS-FEDERATION/identity_providers HTTP/1.1" 200 156 10.0.0.106 - - [31/Aug/2026:20:02:02 +0000] "PUT /v3/OS-FEDERATION/identity_providers/atmosphere HTTP/1.1" 201 342 10.0.0.106 - - [31/Aug/2026:20:02:03 +0000] "GET /v3 HTTP/1.1" 200 266
[Mon Aug 31 20:02:03.407740 2026] [wsgi:error] [pid 9:tid 140463459636928] [remote 10.0.0.106:51568] 2026-08-31 20:02:03.407 9 WARNING keystone.common.password_hashing [None req-296d4f06-7a87-46dc-9336-0aabeb3ed75b - - - - - -] Truncating password to algorithm specific maximum length 72 characters.
[Mon Aug 31 20:02:03.700783 2026] [wsgi:error] [pid 9:tid 140463459636928] [remote 10.0.0.106:51568] 2026-08-31 20:02:03.700 9 WARNING keystone.common.fernet_utils [None req-296d4f06-7a87-46dc-9336-0aabeb3ed75b - - - - - -] key_repository is world readable: /etc/keystone/fernet-keys/ 10.0.0.106 - - [31/Aug/2026:20:02:03 +0000] "POST /v3/auth/tokens HTTP/1.1" 201 1360 10.0.0.106 - - [31/Aug/2026:20:02:03 +0000] "GET / HTTP/1.1" 300 281 10.0.0.106 - - [31/Aug/2026:20:02:03 +0000] "GET /v3/OS-FEDERATION/mappings/atmosphere-openid HTTP/1.1" 404 98 10.0.0.106 - - [31/Aug/2026:20:02:03 +0000] "GET /v3/OS-FEDERATION/mappings HTTP/1.1" 200 136 10.0.0.106 - - [31/Aug/2026:20:02:03 +0000] "PUT /v3/OS-FEDERATION/mappings/atmosphere-openid HTTP/1.1" 201 357 10.0.0.106 - - [31/Aug/2026:20:02:04 +0000] "GET /v3 HTTP/1.1" 200 266
[Mon Aug 31 20:02:04.797875 2026] [wsgi:error] [pid 11:tid 140463459636928] [remote 10.0.0.106:51568] 2026-08-31 20:02:04.797 11 WARNING keystone.common.password_hashing [None req-38a924fd-3660-4962-9781-5ba9ee350ec8 - - - - - -] Truncating password to algorithm specific maximum length 72 characters.
[Mon Aug 31 20:02:05.086899 2026] [wsgi:error] [pid 11:tid 140463459636928] [remote 10.0.0.106:51568] 2026-08-31 20:02:05.086 11 WARNING keystone.common.fernet_utils [None req-38a924fd-3660-4962-9781-5ba9ee350ec8 - - - - - -] key_repository is world readable: /etc/keystone/fernet-keys/ 10.0.0.106 - - [31/Aug/2026:20:02:04 +0000] "POST /v3/auth/tokens HTTP/1.1" 201 1360 10.0.0.106 - - [31/Aug/2026:20:02:05 +0000] "GET / HTTP/1.1" 300 281 10.0.0.106 - - [31/Aug/2026:20:02:05 +0000] "GET /v3/OS-FEDERATION/identity_providers/atmosphere/protocols/openid?idp_id=atmosphere HTTP/1.1" 404 131 10.0.0.106 - - [31/Aug/2026:20:02:05 +0000] "GET /v3/OS-FEDERATION/identity_providers/atmosphere/protocols HTTP/1.1" 200 168 10.0.0.106 - - [31/Aug/2026:20:02:05 +0000] "PUT /v3/OS-FEDERATION/identity_providers/atmosphere/protocols/openid HTTP/1.1" 201 224 10.0.0.106 - - [31/Aug/2026:20:02:07 +0000] "GET /v3/ HTTP/1.1" 200 248 10.0.0.106 - - [31/Aug/2026:20:02:07 +0000] "GET /v3/ HTTP/1.1" 200 248 10.0.0.106 - - [31/Aug/2026:20:03:07 +0000] "GET /v3/ HTTP/1.1" 200 248 10.0.0.106 - - [31/Aug/2026:20:03:07 +0000] "GET /v3/ HTTP/1.1" 200 248 10.0.0.199 - - [31/Aug/2026:20:03:35 +0000] "GET / HTTP/1.1" 300 295
[Mon Aug 31 20:03:35.375089 2026] [wsgi:error] [pid 9:tid 140463459636928] [remote 10.0.0.199:34050] 2026-08-31 20:03:35.374 9 WARNING keystone.common.password_hashing [None req-eabc8d5d-056e-44c8-a5d6-d9b14c5a2af9 - - - - - -] Truncating password to algorithm specific maximum length 72 characters.
[Mon Aug 31 20:03:35.715158 2026] [wsgi:error] [pid 9:tid 140463459636928] [remote 10.0.0.199:34050] 2026-08-31 20:03:35.714 9 WARNING keystone.common.fernet_utils [None req-eabc8d5d-056e-44c8-a5d6-d9b14c5a2af9 - - - - - -] key_repository is world readable: /etc/keystone/fernet-keys/ 10.0.0.199 - - [31/Aug/2026:20:03:35 +0000] "POST /v3/auth/tokens HTTP/1.1" 201 1360 10.0.0.199 - - [31/Aug/2026:20:03:35 +0000] "GET /v3/services HTTP/1.1" 200 355 10.0.0.199 - - [31/Aug/2026:20:03:39 +0000] "GET / HTTP/1.1" 300 295
[Mon Aug 31 20:03:39.752769 2026] [wsgi:error] [pid 10:tid 140463459636928] [remote 10.0.0.199:32838] 2026-08-31 20:03:39.752 10 WARNING keystone.common.password_hashing [None req-63abc56b-273c-414a-b72c-e555f9056ce2 - - - - - -] Truncating password to algorithm specific maximum length 72 characters.
[Mon Aug 31 20:03:40.048905 2026] [wsgi:error] [pid 10:tid 140463459636928] [remote 10.0.0.199:32838] 2026-08-31 20:03:40.048 10 WARNING keystone.common.fernet_utils [None req-63abc56b-273c-414a-b72c-e555f9056ce2 - - - - - -] key_repository is world readable: /etc/keystone/fernet-keys/ 10.0.0.199 - - [31/Aug/2026:20:03:39 +0000] "POST /v3/auth/tokens HTTP/1.1" 201 1360 10.0.0.199 - - [31/Aug/2026:20:03:40 +0000] "GET /v3/services HTTP/1.1" 200 355 10.0.0.199 - - [31/Aug/2026:20:03:44 +0000] "GET / HTTP/1.1" 300 295
[Mon Aug 31 20:03:44.227736 2026] [wsgi:error] [pid 12:tid 140463459636928] [remote 10.0.0.199:32852] 2026-08-31 20:03:44.227 12 WARNING keystone.common.password_hashing [None req-3b2880c9-7b5b-42a3-b226-a4866c6c6e80 - - - - - -] Truncating password to algorithm specific maximum length 72 characters.
[Mon Aug 31 20:03:44.557120 2026] [wsgi:error] [pid 12:tid 140463459636928] [remote 10.0.0.199:32852] 2026-08-31 20:03:44.556 12 WARNING keystone.common.fernet_utils [None req-3b2880c9-7b5b-42a3-b226-a4866c6c6e80 - - - - - -] key_repository is world readable: /etc/keystone/fernet-keys/ 10.0.0.199 - - [31/Aug/2026:20:03:44 +0000] "POST /v3/auth/tokens HTTP/1.1" 201 1360 10.0.0.199 - - [31/Aug/2026:20:03:44 +0000] "GET /v3/services HTTP/1.1" 200 355 10.0.0.199 - - [31/Aug/2026:20:03:48 +0000] "GET / HTTP/1.1" 300 295
[Mon Aug 31 20:03:48.650358 2026] [wsgi:error] [pid 11:tid 140463459636928] [remote 10.0.0.199:60786] 2026-08-31 20:03:48.650 11 WARNING keystone.common.password_hashing [None req-aca862a3-a0fb-4004-b8e8-e3aea94a4d47 - - - - - -] Truncating password to algorithm specific maximum length 72 characters.
[Mon Aug 31 20:03:48.934941 2026] [wsgi:error] [pid 11:tid 140463459636928] [remote 10.0.0.199:60786] 2026-08-31 20:03:48.934 11 WARNING keystone.common.fernet_utils [None req-aca862a3-a0fb-4004-b8e8-e3aea94a4d47 - - - - - -] key_repository is world readable: /etc/keystone/fernet-keys/ 10.0.0.199 - - [31/Aug/2026:20:03:48 +0000] "POST /v3/auth/tokens HTTP/1.1" 201 1360 10.0.0.199 - - [31/Aug/2026:20:03:49 +0000] "POST /v3/services HTTP/1.1" 201 296 10.0.0.244 - - [31/Aug/2026:20:04:01 +0000] "GET / HTTP/1.1" 300 295
[Mon Aug 31 20:04:01.657751 2026] [wsgi:error] [pid 9:tid 140463459636928] [remote 10.0.0.244:56516] 2026-08-31 20:04:01.657 9 WARNING keystone.common.password_hashing [None req-9aa71027-4bab-4daf-917d-c68a0a36628b - - - - - -] Truncating password to algorithm specific maximum length 72 characters. 10.0.0.244 - - [31/Aug/2026:20:04:01 +0000] "GET / HTTP/1.1" 300 295
[Mon Aug 31 20:04:01.868580 2026] [wsgi:error] [pid 12:tid 140463459636928] [remote 10.0.0.244:56522] 2026-08-31 20:04:01.868 12 WARNING keystone.common.password_hashing [None req-df757e7a-6e2d-402c-9c4c-3fd268e73be4 - - - - - -] Truncating password to algorithm specific maximum length 72 characters. 10.0.0.244 - - [31/Aug/2026:20:04:01 +0000] "GET / HTTP/1.1" 300 295
[Mon Aug 31 20:04:01.992349 2026] [wsgi:error] [pid 9:tid 140463459636928] [remote 10.0.0.244:56516] 2026-08-31 20:04:01.992 9 WARNING keystone.common.fernet_utils [None req-9aa71027-4bab-4daf-917d-c68a0a36628b - - - - - -] key_repository is world readable: /etc/keystone/fernet-keys/
[Mon Aug 31 20:04:01.999470 2026] [wsgi:error] [pid 11:tid 140463459636928] [remote 10.0.0.244:56530] 2026-08-31 20:04:01.999 11 WARNING keystone.common.password_hashing [None req-b43b292f-1f5f-437f-bf6b-2d57f595b872 - - - - - -] Truncating password to algorithm specific maximum length 72 characters. 10.0.0.244 - - [31/Aug/2026:20:04:01 +0000] "POST /v3/auth/tokens HTTP/1.1" 201 1464 10.0.0.244 - - [31/Aug/2026:20:04:02 +0000] "GET /v3/services HTTP/1.1" 200 639
[Mon Aug 31 20:04:02.186144 2026] [wsgi:error] [pid 12:tid 140463459636928] [remote 10.0.0.244:56522] 2026-08-31 20:04:02.185 12 WARNING keystone.common.fernet_utils [None req-df757e7a-6e2d-402c-9c4c-3fd268e73be4 - - - - - -] key_repository is world readable: /etc/keystone/fernet-keys/ 10.0.0.244 - - [31/Aug/2026:20:04:01 +0000] "POST /v3/auth/tokens HTTP/1.1" 201 1464
[Mon Aug 31 20:04:02.303173 2026] [wsgi:error] [pid 11:tid 140463459636928] [remote 10.0.0.244:56530] 2026-08-31 20:04:02.303 11 WARNING keystone.common.fernet_utils [None req-b43b292f-1f5f-437f-bf6b-2d57f595b872 - - - - - -] key_repository is world readable: /etc/keystone/fernet-keys/ 10.0.0.244 - - [31/Aug/2026:20:04:01 +0000] "POST /v3/auth/tokens HTTP/1.1" 201 1464 10.0.0.244 - - [31/Aug/2026:20:04:02 +0000] "GET /v3/services HTTP/1.1" 200 639 10.0.0.244 - - [31/Aug/2026:20:04:02 +0000] "GET /v3/services HTTP/1.1" 200 639 10.0.0.244 - - [31/Aug/2026:20:04:03 +0000] "GET / HTTP/1.1" 300 295
[Mon Aug 31 20:04:03.737611 2026] [wsgi:error] [pid 11:tid 140463459636928] [remote 10.0.0.244:56542] 2026-08-31 20:04:03.737 11 WARNING keystone.common.password_hashing [None req-157f2e82-a432-4d7a-9da0-dc13eeb127f5 - - - - - -] Truncating password to algorithm specific maximum length 72 characters.
[Mon Aug 31 20:04:04.034801 2026] [wsgi:error] [pid 11:tid 140463459636928] [remote 10.0.0.244:56542] 2026-08-31 20:04:04.034 11 WARNING keystone.common.fernet_utils [None req-157f2e82-a432-4d7a-9da0-dc13eeb127f5 - - - - - -] key_repository is world readable: /etc/keystone/fernet-keys/ 10.0.0.244 - - [31/Aug/2026:20:04:03 +0000] "POST /v3/auth/tokens HTTP/1.1" 201 1464 10.0.0.244 - - [31/Aug/2026:20:04:04 +0000] "GET /v3/endpoints HTTP/1.1" 200 1227 10.0.0.244 - - [31/Aug/2026:20:04:04 +0000] "GET / HTTP/1.1" 300 295 10.0.0.244 - - [31/Aug/2026:20:04:04 +0000] "GET /v3/services/6bbbfec9265e4c3a86011e594a47fb9e HTTP/1.1" 200 233
[Mon Aug 31 20:04:04.228560 2026] [wsgi:error] [pid 11:tid 140463459636928] [remote 10.0.0.244:56552] 2026-08-31 20:04:04.228 11 WARNING keystone.common.password_hashing [None req-128e800c-04b7-4a89-a3ab-b9260e303df4 - - - - - -] Truncating password to algorithm specific maximum length 72 characters. 10.0.0.244 - - [31/Aug/2026:20:04:04 +0000] "GET /v3/services/6bbbfec9265e4c3a86011e594a47fb9e HTTP/1.1" 200 233 10.0.0.244 - - [31/Aug/2026:20:04:04 +0000] "GET / HTTP/1.1" 300 295 10.0.0.244 - - [31/Aug/2026:20:04:04 +0000] "GET /v3/services/6bbbfec9265e4c3a86011e594a47fb9e HTTP/1.1" 200 233
[Mon Aug 31 20:04:04.305315 2026] [wsgi:error] [pid 9:tid 140463459636928] [remote 10.0.0.244:56556] 2026-08-31 20:04:04.305 9 WARNING keystone.common.password_hashing [None req-aeb9074b-7fb8-495a-a3ea-b969dc90a909 - - - - - -] Truncating password to algorithm specific maximum length 72 characters.
[Mon Aug 31 20:04:04.602472 2026] [wsgi:error] [pid 11:tid 140463459636928] [remote 10.0.0.244:56552] 2026-08-31 20:04:04.602 11 WARNING keystone.common.fernet_utils [None req-128e800c-04b7-4a89-a3ab-b9260e303df4 - - - - - -] key_repository is world readable: /etc/keystone/fernet-keys/
[Mon Aug 31 20:04:04.607061 2026] [wsgi:error] [pid 9:tid 140463459636928] [remote 10.0.0.244:56556] 2026-08-31 20:04:04.606 9 WARNING keystone.common.fernet_utils [None req-aeb9074b-7fb8-495a-a3ea-b969dc90a909 - - - - - -] key_repository is world readable: /etc/keystone/fernet-keys/ 10.0.0.244 - - [31/Aug/2026:20:04:04 +0000] "POST /v3/auth/tokens HTTP/1.1" 201 1464 10.0.0.244 - - [31/Aug/2026:20:04:04 +0000] "POST /v3/auth/tokens HTTP/1.1" 201 1464 10.0.0.244 - - [31/Aug/2026:20:04:04 +0000] "GET /v3/endpoints HTTP/1.1" 200 1227 10.0.0.244 - - [31/Aug/2026:20:04:04 +0000] "GET /v3/endpoints HTTP/1.1" 200 1227 10.0.0.244 - - [31/Aug/2026:20:04:04 +0000] "GET /v3/services/6bbbfec9265e4c3a86011e594a47fb9e HTTP/1.1" 200 233 10.0.0.244 - - [31/Aug/2026:20:04:04 +0000] "GET /v3/services/6bbbfec9265e4c3a86011e594a47fb9e HTTP/1.1" 200 233 10.0.0.244 - - [31/Aug/2026:20:04:04 +0000] "GET /v3/services/6bbbfec9265e4c3a86011e594a47fb9e HTTP/1.1" 200 233 10.0.0.244 - - [31/Aug/2026:20:04:04 +0000] "GET /v3/services/6bbbfec9265e4c3a86011e594a47fb9e HTTP/1.1" 200 233 10.0.0.244 - - [31/Aug/2026:20:04:04 +0000] "GET /v3/services/6bbbfec9265e4c3a86011e594a47fb9e HTTP/1.1" 200 233 10.0.0.244 - - [31/Aug/2026:20:04:04 +0000] "GET /v3/services/6bbbfec9265e4c3a86011e594a47fb9e HTTP/1.1" 200 233 10.0.0.244 - - [31/Aug/2026:20:04:05 +0000] "GET / HTTP/1.1" 300 295
[Mon Aug 31 20:04:05.955986 2026] [wsgi:error] [pid 10:tid 140463459636928] [remote 10.0.0.244:56562] 2026-08-31 20:04:05.955 10 WARNING keystone.common.password_hashing [None req-a66da665-b7bd-4518-a38f-d2e998a30897 - - - - - -] Truncating password to algorithm specific maximum length 72 characters.
[Mon Aug 31 20:04:06.247012 2026] [wsgi:error] [pid 10:tid 140463459636928] [remote 10.0.0.244:56562] 2026-08-31 20:04:06.246 10 WARNING keystone.common.fernet_utils [None req-a66da665-b7bd-4518-a38f-d2e998a30897 - - - - - -] key_repository is world readable: /etc/keystone/fernet-keys/ 10.0.0.244 - - [31/Aug/2026:20:04:05 +0000] "POST /v3/auth/tokens HTTP/1.1" 201 1464 10.0.0.244 - - [31/Aug/2026:20:04:06 +0000] "GET /v3/services/b4db7d983dd146b49faf13be5cfe6697 HTTP/1.1" 200 296 10.0.0.244 - - [31/Aug/2026:20:04:06 +0000] "GET / HTTP/1.1" 300 295 10.0.0.244 - - [31/Aug/2026:20:04:06 +0000] "GET /v3/regions/RegionOne HTTP/1.1" 200 173
[Mon Aug 31 20:04:06.438524 2026] [wsgi:error] [pid 10:tid 140463459636928] [remote 10.0.0.244:56568] 2026-08-31 20:04:06.438 10 WARNING keystone.common.password_hashing [None req-ddea9eb6-96b6-4e10-9eb5-4a2d402ff51c - - - - - -] Truncating password to algorithm specific maximum length 72 characters. 10.0.0.244 - - [31/Aug/2026:20:04:06 +0000] "GET / HTTP/1.1" 300 295
[Mon Aug 31 20:04:06.505820 2026] [wsgi:error] [pid 11:tid 140463459636928] [remote 10.0.0.244:56574] 2026-08-31 20:04:06.505 11 WARNING keystone.common.password_hashing [None req-9908cccb-8b90-4909-91e3-787aa59b3bad - - - - - -] Truncating password to algorithm specific maximum length 72 characters. 10.0.0.244 - - [31/Aug/2026:20:04:06 +0000] "POST /v3/endpoints HTTP/1.1" 201 383
[Mon Aug 31 20:04:06.768867 2026] [wsgi:error] [pid 10:tid 140463459636928] [remote 10.0.0.244:56568] 2026-08-31 20:04:06.768 10 WARNING keystone.common.fernet_utils [None req-ddea9eb6-96b6-4e10-9eb5-4a2d402ff51c - - - - - -] key_repository is world readable: /etc/keystone/fernet-keys/ 10.0.0.244 - - [31/Aug/2026:20:04:06 +0000] "POST /v3/auth/tokens HTTP/1.1" 201 1644
[Mon Aug 31 20:04:06.814721 2026] [wsgi:error] [pid 11:tid 140463459636928] [remote 10.0.0.244:56574] 2026-08-31 20:04:06.814 11 WARNING keystone.common.fernet_utils [None req-9908cccb-8b90-4909-91e3-787aa59b3bad - - - - - -] key_repository is world readable: /etc/keystone/fernet-keys/ 10.0.0.244 - - [31/Aug/2026:20:04:06 +0000] "POST /v3/auth/tokens HTTP/1.1" 201 1644 10.0.0.244 - - [31/Aug/2026:20:04:06 +0000] "GET /v3/services/b4db7d983dd146b49faf13be5cfe6697 HTTP/1.1" 200 296 10.0.0.244 - - [31/Aug/2026:20:04:06 +0000] "GET /v3/services/b4db7d983dd146b49faf13be5cfe6697 HTTP/1.1" 200 296 10.0.0.244 - - [31/Aug/2026:20:04:06 +0000] "GET /v3/regions/RegionOne HTTP/1.1" 200 173 10.0.0.244 - - [31/Aug/2026:20:04:06 +0000] "GET /v3/regions/RegionOne HTTP/1.1" 200 173 10.0.0.244 - - [31/Aug/2026:20:04:06 +0000] "POST /v3/endpoints HTTP/1.1" 201 380 10.0.0.244 - - [31/Aug/2026:20:04:06 +0000] "POST /v3/endpoints HTTP/1.1" 201 370 10.0.0.106 - - [31/Aug/2026:20:04:07 +0000] "GET /v3/ HTTP/1.1" 200 248 10.0.0.106 - - [31/Aug/2026:20:04:07 +0000] "GET /v3/ HTTP/1.1" 200 248 10.0.0.244 - - [31/Aug/2026:20:04:08 +0000] "GET / HTTP/1.1" 300 295
[Mon Aug 31 20:04:08.117802 2026] [wsgi:error] [pid 9:tid 140463459636928] [remote 10.0.0.244:60182] 2026-08-31 20:04:08.117 9 WARNING keystone.common.password_hashing [None req-cf7dddf1-088e-4491-95df-997d734918c2 - - - - - -] Truncating password to algorithm specific maximum length 72 characters.
[Mon Aug 31 20:04:08.414128 2026] [wsgi:error] [pid 9:tid 140463459636928] [remote 10.0.0.244:60182] 2026-08-31 20:04:08.413 9 WARNING keystone.common.fernet_utils [None req-cf7dddf1-088e-4491-95df-997d734918c2 - - - - - -] key_repository is world readable: /etc/keystone/fernet-keys/ 10.0.0.244 - - [31/Aug/2026:20:04:08 +0000] "POST /v3/auth/tokens HTTP/1.1" 201 1992 10.0.0.244 - - [31/Aug/2026:20:04:08 +0000] "GET /v3/endpoints/92c21692c5de4b3eafad79235548e998 HTTP/1.1" 200 383 10.0.0.244 - - [31/Aug/2026:20:04:08 +0000] "GET /v3/services/b4db7d983dd146b49faf13be5cfe6697 HTTP/1.1" 200 296 10.0.0.244 - - [31/Aug/2026:20:04:08 +0000] "GET / HTTP/1.1" 300 295
[Mon Aug 31 20:04:08.663414 2026] [wsgi:error] [pid 9:tid 140463459636928] [remote 10.0.0.244:60188] 2026-08-31 20:04:08.663 9 WARNING keystone.common.password_hashing [None req-cb8a5dd3-8818-4a62-9bd1-d42b45c8c8cf - - - - - -] Truncating password to algorithm specific maximum length 72 characters. 10.0.0.244 - - [31/Aug/2026:20:04:08 +0000] "GET / HTTP/1.1" 300 295
[Mon Aug 31 20:04:08.817071 2026] [wsgi:error] [pid 11:tid 140463459636928] [remote 10.0.0.244:60202] 2026-08-31 20:04:08.816 11 WARNING keystone.common.password_hashing [None req-f4180371-b97b-4492-8253-3cb45e1a49e8 - - - - - -] Truncating password to algorithm specific maximum length 72 characters.
[Mon Aug 31 20:04:08.951218 2026] [wsgi:error] [pid 9:tid 140463459636928] [remote 10.0.0.244:60188] 2026-08-31 20:04:08.951 9 WARNING keystone.common.fernet_utils [None req-cb8a5dd3-8818-4a62-9bd1-d42b45c8c8cf - - - - - -] key_repository is world readable: /etc/keystone/fernet-keys/ 10.0.0.244 - - [31/Aug/2026:20:04:08 +0000] "POST /v3/auth/tokens HTTP/1.1" 201 1992 10.0.0.244 - - [31/Aug/2026:20:04:09 +0000] "GET /v3/endpoints/eb9d3db52a76480cad959c1e0c21eabe HTTP/1.1" 200 380 10.0.0.244 - - [31/Aug/2026:20:04:09 +0000] "GET /v3/services/b4db7d983dd146b49faf13be5cfe6697 HTTP/1.1" 200 296
[Mon Aug 31 20:04:09.185864 2026] [wsgi:error] [pid 11:tid 140463459636928] [remote 10.0.0.244:60202] 2026-08-31 20:04:09.185 11 WARNING keystone.common.fernet_utils [None req-f4180371-b97b-4492-8253-3cb45e1a49e8 - - - - - -] key_repository is world readable: /etc/keystone/fernet-keys/ 10.0.0.244 - - [31/Aug/2026:20:04:08 +0000] "POST /v3/auth/tokens HTTP/1.1" 201 1992 10.0.0.244 - - [31/Aug/2026:20:04:09 +0000] "GET /v3/endpoints/277bfa3ab9cf4f289f03dae7ae5b3d27 HTTP/1.1" 200 370 10.0.0.244 - - [31/Aug/2026:20:04:09 +0000] "GET /v3/services/b4db7d983dd146b49faf13be5cfe6697 HTTP/1.1" 200 296 10.0.0.114 - - [31/Aug/2026:20:04:21 +0000] "GET / HTTP/1.1" 300 295
[Mon Aug 31 20:04:21.839760 2026] [wsgi:error] [pid 11:tid 140463459636928] [remote 10.0.0.114:32848] 2026-08-31 20:04:21.839 11 WARNING keystone.common.password_hashing [None req-50517945-0689-450e-ae1d-e441b37eb650 - - - - - -] Truncating password to algorithm specific maximum length 72 characters.
[Mon Aug 31 20:04:22.158428 2026] [wsgi:error] [pid 11:tid 140463459636928] [remote 10.0.0.114:32848] 2026-08-31 20:04:22.158 11 WARNING keystone.common.fernet_utils [None req-50517945-0689-450e-ae1d-e441b37eb650 - - - - - -] key_repository is world readable: /etc/keystone/fernet-keys/ 10.0.0.114 - - [31/Aug/2026:20:04:21 +0000] "POST /v3/auth/tokens HTTP/1.1" 201 1992 10.0.0.114 - - [31/Aug/2026:20:04:22 +0000] "POST /v3/domains HTTP/1.1" 201 284 10.0.0.114 - - [31/Aug/2026:20:04:23 +0000] "GET / HTTP/1.1" 300 295
[Mon Aug 31 20:04:23.952865 2026] [wsgi:error] [pid 10:tid 140463459636928] [remote 10.0.0.114:32864] 2026-08-31 20:04:23.952 10 WARNING keystone.common.password_hashing [None req-89df0499-f9d0-49af-9bf9-c3f6ef4da15f - - - - - -] Truncating password to algorithm specific maximum length 72 characters.
[Mon Aug 31 20:04:24.244460 2026] [wsgi:error] [pid 10:tid 140463459636928] [remote 10.0.0.114:32864] 2026-08-31 20:04:24.244 10 WARNING keystone.common.fernet_utils [None req-89df0499-f9d0-49af-9bf9-c3f6ef4da15f - - - - - -] key_repository is world readable: /etc/keystone/fernet-keys/ 10.0.0.114 - - [31/Aug/2026:20:04:23 +0000] "POST /v3/auth/tokens HTTP/1.1" 201 1992
[Mon Aug 31 20:04:24.455760 2026] [wsgi:error] [pid 11:tid 140463459636928] [remote 10.0.0.114:32864] 2026-08-31 20:04:24.429 11 ERROR keystone.server.flask.application [None req-c06ff74f-f4a0-47a5-b6f8-8e24b410e470 32071a42e9ac43309cfc4bebac03a73a 8713c3eb141d433a93c5017ed6e5f5eb - - default default] Conflict occurred attempting to store project - it is not permitted to have two projects acting as domains with the same name: service.: keystone.exception.Conflict: Conflict occurred attempting to store project - it is not permitted to have two projects acting as domains with the same name: service.
[Mon Aug 31 20:04:24.455821 2026] [wsgi:error] [pid 11:tid 140463459636928] [remote 10.0.0.114:32864] 2026-08-31 20:04:24.429 11 ERROR keystone.server.flask.application
Traceback (most recent call last):
[Mon Aug 31 20:04:24.455824 2026] [wsgi:error] [pid 11:tid 140463459636928] [remote 10.0.0.114:32864] 2026-08-31 20:04:24.429 11 ERROR keystone.server.flask.application
File "/var/lib/openstack/lib/python3.12/site-packages/sqlalchemy/engine/base.py", line 1969, in _exec_single_context
[Mon Aug 31 20:04:24.455827 2026] [wsgi:error] [pid 11:tid 140463459636928] [remote 10.0.0.114:32864] 2026-08-31 20:04:24.429 11 ERROR keystone.server.flask.application self.dialect.do_execute(
[Mon Aug 31 20:04:24.455830 2026] [wsgi:error] [pid 11:tid 140463459636928] [remote 10.0.0.114:32864] 2026-08-31 20:04:24.429 11 ERROR keystone.server.flask.application
File "/var/lib/openstack/lib/python3.12/site-packages/sqlalchemy/engine/default.py", line 952, in do_execute
[Mon Aug 31 20:04:24.455914 2026] [wsgi:error] [pid 11:tid 140463459636928] [remote 10.0.0.114:32864] 2026-08-31 20:04:24.429 11 ERROR keystone.server.flask.application cursor.execute(statement, parameters)
[Mon Aug 31 20:04:24.455918 2026] [wsgi:error] [pid 11:tid 140463459636928] [remote 10.0.0.114:32864] 2026-08-31 20:04:24.429 11 ERROR keystone.server.flask.application
File "/var/lib/openstack/lib/python3.12/site-packages/pymysql/cursors.py", line 159, in execute
[Mon Aug 31 20:04:24.455920 2026] [wsgi:error] [pid 11:tid 140463459636928] [remote 10.0.0.114:32864] 2026-08-31 20:04:24.429 11 ERROR keystone.server.flask.application result = self._query(query)
[Mon Aug 31 20:04:24.455922 2026] [wsgi:error] [pid 11:tid 140463459636928] [remote 10.0.0.114:32864] 2026-08-31 20:04:24.429 11 ERROR keystone.server.flask.application ^^^^^^^^^^^^^^^^^^
[Mon Aug 31 20:04:24.455925 2026] [wsgi:error] [pid 11:tid 140463459636928] [remote 10.0.0.114:32864] 2026-08-31 20:04:24.429 11 ERROR keystone.server.flask.application
File "/var/lib/openstack/lib/python3.12/site-packages/pymysql/cursors.py", line 330, in _query
[Mon Aug 31 20:04:24.455939 2026] [wsgi:error] [pid 11:tid 140463459636928] [remote 10.0.0.114:32864] 2026-08-31 20:04:24.429 11 ERROR keystone.server.flask.application conn.query(q)
[Mon Aug 31 20:04:24.455941 2026] [wsgi:error] [pid 11:tid 140463459636928] [remote 10.0.0.114:32864] 2026-08-31 20:04:24.429 11 ERROR keystone.server.flask.application
File "/var/lib/openstack/lib/python3.12/site-packages/pymysql/connections.py", line 582, in query
[Mon Aug 31 20:04:24.455943 2026] [wsgi:error] [pid 11:tid 140463459636928] [remote 10.0.0.114:32864] 2026-08-31 20:04:24.429 11 ERROR keystone.server.flask.application self._affected_rows = self._read_query_result(unbuffered=unbuffered)
[Mon Aug 31 20:04:24.455946 2026] [wsgi:error] [pid 11:tid 140463459636928] [remote 10.0.0.114:32864] 2026-08-31 20:04:24.429 11 ERROR keystone.server.flask.application ^^^^^^^^^^^^^^^^^^^^^^^^^^^^^^^^^^^^^^^^^^^^^^
[Mon Aug 31 20:04:24.455948 2026] [wsgi:error] [pid 11:tid 140463459636928] [remote 10.0.0.114:32864] 2026-08-31 20:04:24.429 11 ERROR keystone.server.flask.application
File "/var/lib/openstack/lib/python3.12/site-packages/pymysql/connections.py", line 847, in _read_query_result
[Mon Aug 31 20:04:24.455984 2026] [wsgi:error] [pid 11:tid 140463459636928] [remote 10.0.0.114:32864] 2026-08-31 20:04:24.429 11 ERROR keystone.server.flask.application result.read()
[Mon Aug 31 20:04:24.455986 2026] [wsgi:error] [pid 11:tid 140463459636928] [remote 10.0.0.114:32864] 2026-08-31 20:04:24.429 11 ERROR keystone.server.flask.application
File "/var/lib/openstack/lib/python3.12/site-packages/pymysql/connections.py", line 1245, in read
[Mon Aug 31 20:04:24.456016 2026] [wsgi:error] [pid 11:tid 140463459636928] [remote 10.0.0.114:32864] 2026-08-31 20:04:24.429 11 ERROR keystone.server.flask.application first_packet = self.connection._read_packet()
[Mon Aug 31 20:04:24.456018 2026] [wsgi:error] [pid 11:tid 140463459636928] [remote 10.0.0.114:32864] 2026-08-31 20:04:24.429 11 ERROR keystone.server.flask.application ^^^^^^^^^^^^^^^^^^^^^^^^^^^^^^
[Mon Aug 31 20:04:24.456020 2026] [wsgi:error] [pid 11:tid 140463459636928] [remote 10.0.0.114:32864] 2026-08-31 20:04:24.429 11 ERROR keystone.server.flask.application
File "/var/lib/openstack/lib/python3.12/site-packages/pymysql/connections.py", line 803, in _read_packet
[Mon Aug 31 20:04:24.456023 2026] [wsgi:error] [pid 11:tid 140463459636928] [remote 10.0.0.114:32864] 2026-08-31 20:04:24.429 11 ERROR keystone.server.flask.application packet.raise_for_error()
[Mon Aug 31 20:04:24.456025 2026] [wsgi:error] [pid 11:tid 140463459636928] [remote 10.0.0.114:32864] 2026-08-31 20:04:24.429 11 ERROR keystone.server.flask.application
File "/var/lib/openstack/lib/python3.12/site-packages/pymysql/protocol.py", line 219, in raise_for_error
[Mon Aug 31 20:04:24.456030 2026] [wsgi:error] [pid 11:tid 140463459636928] [remote 10.0.0.114:32864] 2026-08-31 20:04:24.429 11 ERROR keystone.server.flask.application err.raise_mysql_exception(self._data)
[Mon Aug 31 20:04:24.456032 2026] [wsgi:error] [pid 11:tid 140463459636928] [remote 10.0.0.114:32864] 2026-08-31 20:04:24.429 11 ERROR keystone.server.flask.application
File "/var/lib/openstack/lib/python3.12/site-packages/pymysql/err.py", line 154, in raise_mysql_exception
[Mon Aug 31 20:04:24.456053 2026] [wsgi:error] [pid 11:tid 140463459636928] [remote 10.0.0.114:32864] 2026-08-31 20:04:24.429 11 ERROR keystone.server.flask.application raise errorclass(errno, errval, sqlstate=sqlstate)
[Mon Aug 31 20:04:24.456056 2026] [wsgi:error] [pid 11:tid 140463459636928] [remote 10.0.0.114:32864] 2026-08-31 20:04:24.429 11 ERROR keystone.server.flask.application pymysql.err.IntegrityError: (1062, "Duplicate entry '<>-service' for key 'project.ixu_project_name_domain_id'")
[Mon Aug 31 20:04:24.456060 2026] [wsgi:error] [pid 11:tid 140463459636928] [remote 10.0.0.114:32864] 2026-08-31 20:04:24.429 11 ERROR keystone.server.flask.application
[Mon Aug 31 20:04:24.456064 2026] [wsgi:error] [pid 11:tid 140463459636928] [remote 10.0.0.114:32864] 2026-08-31 20:04:24.429 11 ERROR keystone.server.flask.application The above exception was the direct cause of the following exception:
[Mon Aug 31 20:04:24.456067 2026] [wsgi:error] [pid 11:tid 140463459636928] [remote 10.0.0.114:32864] 2026-08-31 20:04:24.429 11 ERROR keystone.server.flask.application
[Mon Aug 31 20:04:24.456070 2026] [wsgi:error] [pid 11:tid 140463459636928] [remote 10.0.0.114:32864] 2026-08-31 20:04:24.429 11 ERROR keystone.server.flask.application
Traceback (most recent call last):
[Mon Aug 31 20:04:24.456073 2026] [wsgi:error] [pid 11:tid 140463459636928] [remote 10.0.0.114:32864] 2026-08-31 20:04:24.429 11 ERROR keystone.server.flask.application
File "/var/lib/openstack/lib/python3.12/site-packages/keystone/common/sql/core.py", line 575, in wrapper
[Mon Aug 31 20:04:24.456076 2026] [wsgi:error] [pid 11:tid 140463459636928] [remote 10.0.0.114:32864] 2026-08-31 20:04:24.429 11 ERROR keystone.server.flask.application return method(*args, **kwargs)
[Mon Aug 31 20:04:24.456078 2026] [wsgi:error] [pid 11:tid 140463459636928] [remote 10.0.0.114:32864] 2026-08-31 20:04:24.429 11 ERROR keystone.server.flask.application ^^^^^^^^^^^^^^^^^^^^^^^
[Mon Aug 31 20:04:24.456081 2026] [wsgi:error] [pid 11:tid 140463459636928] [remote 10.0.0.114:32864] 2026-08-31 20:04:24.429 11 ERROR keystone.server.flask.application
File "/var/lib/openstack/lib/python3.12/site-packages/keystone/resource/backends/sql.py", line 278, in create_project
[Mon Aug 31 20:04:24.456131 2026] [wsgi:error] [pid 11:tid 140463459636928] [remote 10.0.0.114:32864] 2026-08-31 20:04:24.429 11 ERROR keystone.server.flask.application with sql.session_for_write() as session:
[Mon Aug 31 20:04:24.456138 2026] [wsgi:error] [pid 11:tid 140463459636928] [remote 10.0.0.114:32864] 2026-08-31 20:04:24.429 11 ERROR keystone.server.flask.application
File "/usr/lib/python3.12/contextlib.py", line 144, in __exit__
[Mon Aug 31 20:04:24.456141 2026] [wsgi:error] [pid 11:tid 140463459636928] [remote 10.0.0.114:32864] 2026-08-31 20:04:24.429 11 ERROR keystone.server.flask.application next(self.gen)
[Mon Aug 31 20:04:24.456143 2026] [wsgi:error] [pid 11:tid 140463459636928] [remote 10.0.0.114:32864] 2026-08-31 20:04:24.429 11 ERROR keystone.server.flask.application
File "/var/lib/openstack/lib/python3.12/site-packages/oslo_db/sqlalchemy/enginefacade.py", line 1175, in _transaction_scope
[Mon Aug 31 20:04:24.456146 2026] [wsgi:error] [pid 11:tid 140463459636928] [remote 10.0.0.114:32864] 2026-08-31 20:04:24.429 11 ERROR keystone.server.flask.application with current._produce_block(
[Mon Aug 31 20:04:24.456148 2026] [wsgi:error] [pid 11:tid 140463459636928] [remote 10.0.0.114:32864] 2026-08-31 20:04:24.429 11 ERROR keystone.server.flask.application
File "/usr/lib/python3.12/contextlib.py", line 144, in __exit__
[Mon Aug 31 20:04:24.456150 2026] [wsgi:error] [pid 11:tid 140463459636928] [remote 10.0.0.114:32864] 2026-08-31 20:04:24.429 11 ERROR keystone.server.flask.application next(self.gen)
[Mon Aug 31 20:04:24.456152 2026] [wsgi:error] [pid 11:tid 140463459636928] [remote 10.0.0.114:32864] 2026-08-31 20:04:24.429 11 ERROR keystone.server.flask.application
File "/var/lib/openstack/lib/python3.12/site-packages/oslo_db/sqlalchemy/enginefacade.py", line 837, in _session
[Mon Aug 31 20:04:24.456154 2026] [wsgi:error] [pid 11:tid 140463459636928] [remote 10.0.0.114:32864] 2026-08-31 20:04:24.429 11 ERROR keystone.server.flask.application with excutils.save_and_reraise_exception():
[Mon Aug 31 20:04:24.456156 2026] [wsgi:error] [pid 11:tid 140463459636928] [remote 10.0.0.114:32864] 2026-08-31 20:04:24.429 11 ERROR keystone.server.flask.application
File "/var/lib/openstack/lib/python3.12/site-packages/oslo_utils/excutils.py", line 266, in __exit__
[Mon Aug 31 20:04:24.456158 2026] [wsgi:error] [pid 11:tid 140463459636928] [remote 10.0.0.114:32864] 2026-08-31 20:04:24.429 11 ERROR keystone.server.flask.application self.force_reraise()
[Mon Aug 31 20:04:24.456160 2026] [wsgi:error] [pid 11:tid 140463459636928] [remote 10.0.0.114:32864] 2026-08-31 20:04:24.429 11 ERROR keystone.server.flask.application
File "/var/lib/openstack/lib/python3.12/site-packages/oslo_utils/excutils.py", line 232, in force_reraise
[Mon Aug 31 20:04:24.456162 2026] [wsgi:error] [pid 11:tid 140463459636928] [remote 10.0.0.114:32864] 2026-08-31 20:04:24.429 11 ERROR keystone.server.flask.application raise self.value
[Mon Aug 31 20:04:24.456164 2026] [wsgi:error] [pid 11:tid 140463459636928] [remote 10.0.0.114:32864] 2026-08-31 20:04:24.429 11 ERROR keystone.server.flask.application
File "/var/lib/openstack/lib/python3.12/site-packages/oslo_db/sqlalchemy/enginefacade.py", line 835, in _session
[Mon Aug 31 20:04:24.456167 2026] [wsgi:error] [pid 11:tid 140463459636928] [remote 10.0.0.114:32864] 2026-08-31 20:04:24.429 11 ERROR keystone.server.flask.application self._end_session_transaction(self.session)
[Mon Aug 31 20:04:24.456169 2026] [wsgi:error] [pid 11:tid 140463459636928] [remote 10.0.0.114:32864] 2026-08-31 20:04:24.429 11 ERROR keystone.server.flask.application
File "/var/lib/openstack/lib/python3.12/site-packages/oslo_db/sqlalchemy/enginefacade.py", line 748, in _end_session_transaction
[Mon Aug 31 20:04:24.456171 2026] [wsgi:error] [pid 11:tid 140463459636928] [remote 10.0.0.114:32864] 2026-08-31 20:04:24.429 11 ERROR keystone.server.flask.application session.commit()
[Mon Aug 31 20:04:24.456173 2026] [wsgi:error] [pid 11:tid 140463459636928] [remote 10.0.0.114:32864] 2026-08-31 20:04:24.429 11 ERROR keystone.server.flask.application
File "/var/lib/openstack/lib/python3.12/site-packages/sqlalchemy/orm/session.py", line 2034, in commit
[Mon Aug 31 20:04:24.456177 2026] [wsgi:error] [pid 11:tid 140463459636928] [remote 10.0.0.114:32864] 2026-08-31 20:04:24.429 11 ERROR keystone.server.flask.application trans.commit(_to_root=True)
[Mon Aug 31 20:04:24.456179 2026] [wsgi:error] [pid 11:tid 140463459636928] [remote 10.0.0.114:32864] 2026-08-31 20:04:24.429 11 ERROR keystone.server.flask.application File "", line 2, in commit
[Mon Aug 31 20:04:24.456181 2026] [wsgi:error] [pid 11:tid 140463459636928] [remote 10.0.0.114:32864] 2026-08-31 20:04:24.429 11 ERROR keystone.server.flask.application
File "/var/lib/openstack/lib/python3.12/site-packages/sqlalchemy/orm/state_changes.py", line 137, in _go
[Mon Aug 31 20:04:24.456183 2026] [wsgi:error] [pid 11:tid 140463459636928] [remote 10.0.0.114:32864] 2026-08-31 20:04:24.429 11 ERROR keystone.server.flask.application ret_value = fn(self, *arg, **kw)
[Mon Aug 31 20:04:24.456185 2026] [wsgi:error] [pid 11:tid 140463459636928] [remote 10.0.0.114:32864] 2026-08-31 20:04:24.429 11 ERROR keystone.server.flask.application ^^^^^^^^^^^^^^^^^^^^
[Mon Aug 31 20:04:24.456187 2026] [wsgi:error] [pid 11:tid 140463459636928] [remote 10.0.0.114:32864] 2026-08-31 20:04:24.429 11 ERROR keystone.server.flask.application
File "/var/lib/openstack/lib/python3.12/site-packages/sqlalchemy/orm/session.py", line 1315, in commit
[Mon Aug 31 20:04:24.456189 2026] [wsgi:error] [pid 11:tid 140463459636928] [remote 10.0.0.114:32864] 2026-08-31 20:04:24.429 11 ERROR keystone.server.flask.application self._prepare_impl()
[Mon Aug 31 20:04:24.456191 2026] [wsgi:error] [pid 11:tid 140463459636928] [remote 10.0.0.114:32864] 2026-08-31 20:04:24.429 11 ERROR keystone.server.flask.application File "", line 2, in _prepare_impl
[Mon Aug 31 20:04:24.456193 2026] [wsgi:error] [pid 11:tid 140463459636928] [remote 10.0.0.114:32864] 2026-08-31 20:04:24.429 11 ERROR keystone.server.flask.application
File "/var/lib/openstack/lib/python3.12/site-packages/sqlalchemy/orm/state_changes.py", line 137, in _go
[Mon Aug 31 20:04:24.456195 2026] [wsgi:error] [pid 11:tid 140463459636928] [remote 10.0.0.114:32864] 2026-08-31 20:04:24.429 11 ERROR keystone.server.flask.application ret_value = fn(self, *arg, **kw)
[Mon Aug 31 20:04:24.456196 2026] [wsgi:error] [pid 11:tid 140463459636928] [remote 10.0.0.114:32864] 2026-08-31 20:04:24.429 11 ERROR keystone.server.flask.application ^^^^^^^^^^^^^^^^^^^^
[Mon Aug 31 20:04:24.456198 2026] [wsgi:error] [pid 11:tid 140463459636928] [remote 10.0.0.114:32864] 2026-08-31 20:04:24.429 11 ERROR keystone.server.flask.application
File "/var/lib/openstack/lib/python3.12/site-packages/sqlalchemy/orm/session.py", line 1290, in _prepare_impl
[Mon Aug 31 20:04:24.456200 2026] [wsgi:error] [pid 11:tid 140463459636928] [remote 10.0.0.114:32864] 2026-08-31 20:04:24.429 11 ERROR keystone.server.flask.application self.session.flush()
[Mon Aug 31 20:04:24.456202 2026] [wsgi:error] [pid 11:tid 140463459636928] [remote 10.0.0.114:32864] 2026-08-31 20:04:24.429 11 ERROR keystone.server.flask.application
File "/var/lib/openstack/lib/python3.12/site-packages/sqlalchemy/orm/session.py", line 4352, in flush
[Mon Aug 31 20:04:24.456204 2026] [wsgi:error] [pid 11:tid 140463459636928] [remote 10.0.0.114:32864] 2026-08-31 20:04:24.429 11 ERROR keystone.server.flask.application self._flush(objects)
[Mon Aug 31 20:04:24.456207 2026] [wsgi:error] [pid 11:tid 140463459636928] [remote 10.0.0.114:32864] 2026-08-31 20:04:24.429 11 ERROR keystone.server.flask.application
File "/var/lib/openstack/lib/python3.12/site-packages/sqlalchemy/orm/session.py", line 4487, in _flush
[Mon Aug 31 20:04:24.456209 2026] [wsgi:error] [pid 11:tid 140463459636928] [remote 10.0.0.114:32864] 2026-08-31 20:04:24.429 11 ERROR keystone.server.flask.application with util.safe_reraise():
[Mon Aug 31 20:04:24.456212 2026] [wsgi:error] [pid 11:tid 140463459636928] [remote 10.0.0.114:32864] 2026-08-31 20:04:24.429 11 ERROR keystone.server.flask.application
File "/var/lib/openstack/lib/python3.12/site-packages/sqlalchemy/util/langhelpers.py", line 122, in __exit__
[Mon Aug 31 20:04:24.456214 2026] [wsgi:error] [pid 11:tid 140463459636928] [remote 10.0.0.114:32864] 2026-08-31 20:04:24.429 11 ERROR keystone.server.flask.application raise exc_value.with_traceback(exc_tb)
[Mon Aug 31 20:04:24.456216 2026] [wsgi:error] [pid 11:tid 140463459636928] [remote 10.0.0.114:32864] 2026-08-31 20:04:24.429 11 ERROR keystone.server.flask.application
File "/var/lib/openstack/lib/python3.12/site-packages/sqlalchemy/orm/session.py", line 4448, in _flush
[Mon Aug 31 20:04:24.456218 2026] [wsgi:error] [pid 11:tid 140463459636928] [remote 10.0.0.114:32864] 2026-08-31 20:04:24.429 11 ERROR keystone.server.flask.application flush_context.execute()
