Apr 04 10:30:25.138278 np0000163507 devstack@neutron-api.service[102160]: DEBUG neutron_lib.callbacks.manager [None req-ed2d9a7f-9c81-44db-9ab5-eb936f3a6cfc None None] Subscribe: > allowed_address_pair before_create 55550000, False {{(pid=102160) subscribe /opt/stack/data/venv/lib/python3.12/site-packages/neutron_lib/callbacks/manager.py:52}}
Apr 04 10:30:25.138387 np0000163507 devstack@neutron-api.service[102160]: DEBUG neutron_lib.callbacks.manager [None req-ed2d9a7f-9c81-44db-9ab5-eb936f3a6cfc None None] Subscribe: > security_group precommit_create 55550000, False {{(pid=102160) subscribe /opt/stack/data/venv/lib/python3.12/site-packages/neutron_lib/callbacks/manager.py:52}}
Apr 04 10:30:25.138516 np0000163507 devstack@neutron-api.service[102160]: DEBUG neutron_lib.callbacks.manager [None req-ed2d9a7f-9c81-44db-9ab5-eb936f3a6cfc None None] Subscribe: > security_group after_update 55550000, False {{(pid=102160) subscribe /opt/stack/data/venv/lib/python3.12/site-packages/neutron_lib/callbacks/manager.py:52}}
Apr 04 10:30:25.138623 np0000163507 devstack@neutron-api.service[102160]: DEBUG neutron_lib.callbacks.manager [None req-ed2d9a7f-9c81-44db-9ab5-eb936f3a6cfc None None] Subscribe: > security_group after_create 55550000, False {{(pid=102160) subscribe /opt/stack/data/venv/lib/python3.12/site-packages/neutron_lib/callbacks/manager.py:52}}
Apr 04 10:30:25.138729 np0000163507 devstack@neutron-api.service[102160]: DEBUG neutron_lib.callbacks.manager [None req-ed2d9a7f-9c81-44db-9ab5-eb936f3a6cfc None None] Subscribe: > security_group precommit_delete 55550000, False {{(pid=102160) subscribe /opt/stack/data/venv/lib/python3.12/site-packages/neutron_lib/callbacks/manager.py:52}}
Apr 04 10:30:25.138836 np0000163507 devstack@neutron-api.service[102160]: DEBUG neutron_lib.callbacks.manager [None req-ed2d9a7f-9c81-44db-9ab5-eb936f3a6cfc None None] Subscribe: > security_group after_delete 55550000, False {{(pid=102160) subscribe /opt/stack/data/venv/lib/python3.12/site-packages/neutron_lib/callbacks/manager.py:52}}
Apr 04 10:30:25.138941 np0000163507 devstack@neutron-api.service[102160]: DEBUG neutron_lib.callbacks.manager [None req-ed2d9a7f-9c81-44db-9ab5-eb936f3a6cfc None None] Subscribe: > security_group_rule precommit_create 55550000, False {{(pid=102160) subscribe /opt/stack/data/venv/lib/python3.12/site-packages/neutron_lib/callbacks/manager.py:52}}
Apr 04 10:30:25.138996 np0000163507 devstack@neutron-api.service[102161]: DEBUG neutron.manager [None req-f6993cc2-3f73-4c44-b708-e3b31e79c7e9 None None] Successfully loaded timestamp plugin. Description: Adds timestamps to Neutron resources with standard attributes {{(pid=102161) _create_and_add_service_plugin /opt/stack/neutron/neutron/manager.py:239}}
Apr 04 10:30:25.139049 np0000163507 devstack@neutron-api.service[102160]: DEBUG neutron_lib.callbacks.manager [None req-ed2d9a7f-9c81-44db-9ab5-eb936f3a6cfc None None] Subscribe: > security_group_rule after_create 55550000, False {{(pid=102160) subscribe /opt/stack/data/venv/lib/python3.12/site-packages/neutron_lib/callbacks/manager.py:52}}
Apr 04 10:30:25.139092 np0000163507 devstack@neutron-api.service[102161]: INFO neutron.manager [None req-f6993cc2-3f73-4c44-b708-e3b31e79c7e9 None None] Loading Plugin: network_ip_availability
Apr 04 10:30:25.139154 np0000163507 devstack@neutron-api.service[102160]: DEBUG neutron_lib.callbacks.manager [None req-ed2d9a7f-9c81-44db-9ab5-eb936f3a6cfc None None] Subscribe: > security_group_rule before_delete 55550000, False {{(pid=102160) subscribe /opt/stack/data/venv/lib/python3.12/site-packages/neutron_lib/callbacks/manager.py:52}}
Apr 04 10:30:25.139256 np0000163507 devstack@neutron-api.service[102160]: DEBUG neutron_lib.callbacks.manager [None req-ed2d9a7f-9c81-44db-9ab5-eb936f3a6cfc None None] Subscribe: > address_group after_create 55550000, False {{(pid=102160) subscribe /opt/stack/data/venv/lib/python3.12/site-packages/neutron_lib/callbacks/manager.py:52}}
Apr 04 10:30:25.139361 np0000163507 devstack@neutron-api.service[102160]: DEBUG neutron_lib.callbacks.manager [None req-ed2d9a7f-9c81-44db-9ab5-eb936f3a6cfc None None] Subscribe: > address_group after_update 55550000, False {{(pid=102160) subscribe /opt/stack/data/venv/lib/python3.12/site-packages/neutron_lib/callbacks/manager.py:52}}
Apr 04 10:30:25.139483 np0000163507 devstack@neutron-api.service[102160]: DEBUG neutron_lib.callbacks.manager [None req-ed2d9a7f-9c81-44db-9ab5-eb936f3a6cfc None None] Subscribe: > address_group after_delete 55550000, False {{(pid=102160) subscribe /opt/stack/data/venv/lib/python3.12/site-packages/neutron_lib/callbacks/manager.py:52}}
Apr 04 10:30:25.139698 np0000163507 devstack@neutron-api.service[102160]: DEBUG neutron_lib.callbacks.manager [None req-ed2d9a7f-9c81-44db-9ab5-eb936f3a6cfc None None] Subscribe: > qos_plugin after_init 55550000, False {{(pid=102160) subscribe /opt/stack/data/venv/lib/python3.12/site-packages/neutron_lib/callbacks/manager.py:52}}
Apr 04 10:30:25.139895 np0000163507 devstack@neutron-api.service[102160]: DEBUG neutron_lib.callbacks.manager [None req-ed2d9a7f-9c81-44db-9ab5-eb936f3a6cfc None None] Subscribe: > trunk_plugin after_init 55550000, False {{(pid=102160) subscribe /opt/stack/data/venv/lib/python3.12/site-packages/neutron_lib/callbacks/manager.py:52}}
Apr 04 10:30:25.140136 np0000163507 devstack@neutron-api.service[102160]: DEBUG neutron_lib.callbacks.manager [None req-ed2d9a7f-9c81-44db-9ab5-eb936f3a6cfc None None] Subscribe: > logging-plugin after_init 55550000, False {{(pid=102160) subscribe /opt/stack/data/venv/lib/python3.12/site-packages/neutron_lib/callbacks/manager.py:52}}
Apr 04 10:30:25.140572 np0000163507 devstack@neutron-api.service[102161]: DEBUG neutron.manager [None req-f6993cc2-3f73-4c44-b708-e3b31e79c7e9 None None] Successfully loaded network-ip-availability plugin. Description: Provides IP availability data for each network and subnet. {{(pid=102161) _create_and_add_service_plugin /opt/stack/neutron/neutron/manager.py:239}}
Apr 04 10:30:25.140673 np0000163507 devstack@neutron-api.service[102160]: INFO neutron.services.logapi.drivers.ovn.driver [None req-ed2d9a7f-9c81-44db-9ab5-eb936f3a6cfc None None] OVN logging driver registered
Apr 04 10:30:25.140712 np0000163507 devstack@neutron-api.service[102161]: INFO neutron.manager [None req-f6993cc2-3f73-4c44-b708-e3b31e79c7e9 None None] Loading Plugin: flavors
Apr 04 10:30:25.141628 np0000163507 devstack@neutron-api.service[102161]: DEBUG neutron.manager [None req-f6993cc2-3f73-4c44-b708-e3b31e79c7e9 None None] Successfully loaded FLAVORS plugin. Description: Neutron Flavors and Service Profiles manager plugin {{(pid=102161) _create_and_add_service_plugin /opt/stack/neutron/neutron/manager.py:239}}
Apr 04 10:30:25.141721 np0000163507 devstack@neutron-api.service[102161]: INFO neutron.manager [None req-f6993cc2-3f73-4c44-b708-e3b31e79c7e9 None None] Loading Plugin: revisions
Apr 04 10:30:25.142366 np0000163507 devstack@neutron-api.service[102160]: DEBUG neutron.plugins.ml2.plugin [None req-ed2d9a7f-9c81-44db-9ab5-eb936f3a6cfc None None] neutron.plugins.ml2.plugin.Ml2Plugin method _start_rpc_notifiers called with arguments () {} {{(pid=102160) wrapper /opt/stack/data/venv/lib/python3.12/site-packages/oslo_log/helpers.py:77}}
Apr 04 10:30:25.142681 np0000163507 devstack@neutron-api.service[102160]: DEBUG neutron_lib.callbacks.manager [None req-ed2d9a7f-9c81-44db-9ab5-eb936f3a6cfc None None] Subscribe: > port after_create 55550000, False {{(pid=102160) subscribe /opt/stack/data/venv/lib/python3.12/site-packages/neutron_lib/callbacks/manager.py:52}}
Apr 04 10:30:25.142715 np0000163507 devstack@neutron-api.service[102161]: DEBUG neutron.manager [None req-f6993cc2-3f73-4c44-b708-e3b31e79c7e9 None None] Successfully loaded revision_plugin plugin. Description: Adds revision numbers to resources. {{(pid=102161) _create_and_add_service_plugin /opt/stack/neutron/neutron/manager.py:239}}
Apr 04 10:30:25.142804 np0000163507 devstack@neutron-api.service[102160]: DEBUG neutron_lib.callbacks.manager [None req-ed2d9a7f-9c81-44db-9ab5-eb936f3a6cfc None None] Subscribe: > port after_update 55550000, False {{(pid=102160) subscribe /opt/stack/data/venv/lib/python3.12/site-packages/neutron_lib/callbacks/manager.py:52}}
Apr 04 10:30:25.142838 np0000163507 devstack@neutron-api.service[102161]: DEBUG oslo_concurrency.lockutils [None req-f6993cc2-3f73-4c44-b708-e3b31e79c7e9 None None] Lock "manager" "released" by "neutron.manager.NeutronManager._create_instance" :: held 4.542s {{(pid=102161) inner /opt/stack/data/venv/lib/python3.12/site-packages/oslo_concurrency/lockutils.py:538}}
Apr 04 10:30:25.142914 np0000163507 devstack@neutron-api.service[102160]: DEBUG neutron_lib.callbacks.manager [None req-ed2d9a7f-9c81-44db-9ab5-eb936f3a6cfc None None] Subscribe: > port after_delete 55550000, False {{(pid=102160) subscribe /opt/stack/data/venv/lib/python3.12/site-packages/neutron_lib/callbacks/manager.py:52}}
Apr 04 10:30:25.143006 np0000163507 devstack@neutron-api.service[102161]: DEBUG neutron.api.extensions [None req-f6993cc2-3f73-4c44-b708-e3b31e79c7e9 None None] get_extension_paths = OrderedDict({'/opt/stack/neutron/neutron/extensions': 1}) {{(pid=102161) get_extensions_path /opt/stack/neutron/neutron/api/extensions.py:640}}
Apr 04 10:30:25.143036 np0000163507 devstack@neutron-api.service[102160]: DEBUG neutron_lib.callbacks.manager [None req-ed2d9a7f-9c81-44db-9ab5-eb936f3a6cfc None None] Subscribe: > subnet after_create 55550000, False {{(pid=102160) subscribe /opt/stack/data/venv/lib/python3.12/site-packages/neutron_lib/callbacks/manager.py:52}}
Apr 04 10:30:25.143101 np0000163507 devstack@neutron-api.service[102161]: INFO neutron.api.extensions [None req-f6993cc2-3f73-4c44-b708-e3b31e79c7e9 None None] Initializing extension manager.
Apr 04 10:30:25.143130 np0000163507 devstack@neutron-api.service[102160]: DEBUG neutron_lib.callbacks.manager [None req-ed2d9a7f-9c81-44db-9ab5-eb936f3a6cfc None None] Subscribe: > subnet after_update 55550000, False {{(pid=102160) subscribe /opt/stack/data/venv/lib/python3.12/site-packages/neutron_lib/callbacks/manager.py:52}}
Apr 04 10:30:25.143216 np0000163507 devstack@neutron-api.service[102160]: DEBUG neutron_lib.callbacks.manager [None req-ed2d9a7f-9c81-44db-9ab5-eb936f3a6cfc None None] Subscribe: > subnet after_delete 55550000, False {{(pid=102160) subscribe /opt/stack/data/venv/lib/python3.12/site-packages/neutron_lib/callbacks/manager.py:52}}
Apr 04 10:30:25.143325 np0000163507 devstack@neutron-api.service[102160]: DEBUG neutron_lib.callbacks.manager [None req-ed2d9a7f-9c81-44db-9ab5-eb936f3a6cfc None None] Subscribe: > network after_create 55550000, False {{(pid=102160) subscribe /opt/stack/data/venv/lib/python3.12/site-packages/neutron_lib/callbacks/manager.py:52}}
Apr 04 10:30:25.143357 np0000163507 devstack@neutron-api.service[102161]: DEBUG neutron.api.extensions [None req-f6993cc2-3f73-4c44-b708-e3b31e79c7e9 None None] Loading extension file: __init__.py {{(pid=102161) _load_all_extensions_from_path /opt/stack/neutron/neutron/api/extensions.py:449}}
Apr 04 10:30:25.143455 np0000163507 devstack@neutron-api.service[102160]: DEBUG neutron_lib.callbacks.manager [None req-ed2d9a7f-9c81-44db-9ab5-eb936f3a6cfc None None] Subscribe: > network after_update 55550000, False {{(pid=102160) subscribe /opt/stack/data/venv/lib/python3.12/site-packages/neutron_lib/callbacks/manager.py:52}}
Apr 04 10:30:25.143484 np0000163507 devstack@neutron-api.service[102161]: DEBUG neutron.api.extensions [None req-f6993cc2-3f73-4c44-b708-e3b31e79c7e9 None None] Loading extension file: __pycache__ {{(pid=102161) _load_all_extensions_from_path /opt/stack/neutron/neutron/api/extensions.py:449}}
Apr 04 10:30:25.143555 np0000163507 devstack@neutron-api.service[102161]: DEBUG neutron.api.extensions [None req-f6993cc2-3f73-4c44-b708-e3b31e79c7e9 None None] Loading extension file: address_group.py {{(pid=102161) _load_all_extensions_from_path /opt/stack/neutron/neutron/api/extensions.py:449}}
Apr 04 10:30:25.143584 np0000163507 devstack@neutron-api.service[102160]: DEBUG neutron_lib.callbacks.manager [None req-ed2d9a7f-9c81-44db-9ab5-eb936f3a6cfc None None] Subscribe: > network after_delete 55550000, False {{(pid=102160) subscribe /opt/stack/data/venv/lib/python3.12/site-packages/neutron_lib/callbacks/manager.py:52}}
Apr 04 10:30:25.143660 np0000163507 devstack@neutron-api.service[102160]: DEBUG neutron_lib.callbacks.manager [None req-ed2d9a7f-9c81-44db-9ab5-eb936f3a6cfc None None] Subscribe: > security_group after_create 55550000, False {{(pid=102160) subscribe /opt/stack/data/venv/lib/python3.12/site-packages/neutron_lib/callbacks/manager.py:52}}
Apr 04 10:30:25.143759 np0000163507 devstack@neutron-api.service[102160]: DEBUG neutron_lib.callbacks.manager [None req-ed2d9a7f-9c81-44db-9ab5-eb936f3a6cfc None None] Subscribe: > security_group after_update 55550000, False {{(pid=102160) subscribe /opt/stack/data/venv/lib/python3.12/site-packages/neutron_lib/callbacks/manager.py:52}}
Apr 04 10:30:25.143858 np0000163507 devstack@neutron-api.service[102160]: DEBUG neutron_lib.callbacks.manager [None req-ed2d9a7f-9c81-44db-9ab5-eb936f3a6cfc None None] Subscribe: > security_group after_delete 55550000, False {{(pid=102160) subscribe /opt/stack/data/venv/lib/python3.12/site-packages/neutron_lib/callbacks/manager.py:52}}
Apr 04 10:30:25.143892 np0000163507 devstack@neutron-api.service[102161]: DEBUG neutron.api.extensions [None req-f6993cc2-3f73-4c44-b708-e3b31e79c7e9 None None] Ext name="Address group" alias="address-group" description="Support address group" updated="2020-07-15T10:00:00-00:00" {{(pid=102161) _check_extension /opt/stack/neutron/neutron/api/extensions.py:415}}
Apr 04 10:30:25.143960 np0000163507 devstack@neutron-api.service[102160]: DEBUG neutron_lib.callbacks.manager [None req-ed2d9a7f-9c81-44db-9ab5-eb936f3a6cfc None None] Subscribe: > security_group_rule after_create 55550000, False {{(pid=102160) subscribe /opt/stack/data/venv/lib/python3.12/site-packages/neutron_lib/callbacks/manager.py:52}}
Apr 04 10:30:25.144059 np0000163507 devstack@neutron-api.service[102160]: DEBUG neutron_lib.callbacks.manager [None req-ed2d9a7f-9c81-44db-9ab5-eb936f3a6cfc None None] Subscribe: > security_group_rule after_update 55550000, False {{(pid=102160) subscribe /opt/stack/data/venv/lib/python3.12/site-packages/neutron_lib/callbacks/manager.py:52}}
Apr 04 10:30:25.144115 np0000163507 devstack@neutron-api.service[102161]: INFO neutron.api.extensions [None req-f6993cc2-3f73-4c44-b708-e3b31e79c7e9 None None] Loaded extension: address-group
Apr 04 10:30:25.144160 np0000163507 devstack@neutron-api.service[102160]: DEBUG neutron_lib.callbacks.manager [None req-ed2d9a7f-9c81-44db-9ab5-eb936f3a6cfc None None] Subscribe: > security_group_rule after_delete 55550000, False {{(pid=102160) subscribe /opt/stack/data/venv/lib/python3.12/site-packages/neutron_lib/callbacks/manager.py:52}}
Apr 04 10:30:25.144209 np0000163507 devstack@neutron-api.service[102161]: DEBUG neutron.api.extensions [None req-f6993cc2-3f73-4c44-b708-e3b31e79c7e9 None None] Loading extension file: address_scope.py {{(pid=102161) _load_all_extensions_from_path /opt/stack/neutron/neutron/api/extensions.py:449}}
Apr 04 10:30:25.144262 np0000163507 devstack@neutron-api.service[102160]: DEBUG neutron_lib.callbacks.manager [None req-ed2d9a7f-9c81-44db-9ab5-eb936f3a6cfc None None] Subscribe: > address_group after_create 55550000, False {{(pid=102160) subscribe /opt/stack/data/venv/lib/python3.12/site-packages/neutron_lib/callbacks/manager.py:52}}
Apr 04 10:30:25.144362 np0000163507 devstack@neutron-api.service[102160]: DEBUG neutron_lib.callbacks.manager [None req-ed2d9a7f-9c81-44db-9ab5-eb936f3a6cfc None None] Subscribe: > address_group after_update 55550000, False {{(pid=102160) subscribe /opt/stack/data/venv/lib/python3.12/site-packages/neutron_lib/callbacks/manager.py:52}}
Apr 04 10:30:25.144480 np0000163507 devstack@neutron-api.service[102160]: DEBUG neutron_lib.callbacks.manager [None req-ed2d9a7f-9c81-44db-9ab5-eb936f3a6cfc None None] Subscribe: > address_group after_delete 55550000, False {{(pid=102160) subscribe /opt/stack/data/venv/lib/python3.12/site-packages/neutron_lib/callbacks/manager.py:52}}
Apr 04 10:30:25.144527 np0000163507 devstack@neutron-api.service[102161]: DEBUG neutron.api.extensions [None req-f6993cc2-3f73-4c44-b708-e3b31e79c7e9 None None] Ext name="Address scope" alias="address-scope" description="Address scopes extension." updated="2015-07-26T10:00:00-00:00" {{(pid=102161) _check_extension /opt/stack/neutron/neutron/api/extensions.py:415}}
Apr 04 10:30:25.144584 np0000163507 devstack@neutron-api.service[102160]: DEBUG neutron.plugins.ml2.ovo_rpc [None req-ed2d9a7f-9c81-44db-9ab5-eb936f3a6cfc None None] ML2 OVO RPC backend initialized. {{(pid=102160) __init__ /opt/stack/neutron/neutron/plugins/ml2/ovo_rpc.py:117}}
Apr 04 10:30:25.144711 np0000163507 devstack@neutron-api.service[102161]: INFO neutron.api.extensions [None req-f6993cc2-3f73-4c44-b708-e3b31e79c7e9 None None] Loaded extension: address-scope
Apr 04 10:30:25.144833 np0000163507 devstack@neutron-api.service[102161]: DEBUG neutron.api.extensions [None req-f6993cc2-3f73-4c44-b708-e3b31e79c7e9 None None] Loading extension file: admin_state_down_before_update.py {{(pid=102161) _load_all_extensions_from_path /opt/stack/neutron/neutron/api/extensions.py:449}}
Apr 04 10:30:25.145074 np0000163507 devstack@neutron-api.service[102161]: DEBUG neutron.api.extensions [None req-f6993cc2-3f73-4c44-b708-e3b31e79c7e9 None None] Ext name="Enforce Router's Admin State Down Before Update Extension" alias="router-admin-state-down-before-update" description="Ensure that the admin state of a router is DOWN (admin_state_up=False) before updating the distributed attribute" updated="2019-07-02T15:56:00" {{(pid=102161) _check_extension /opt/stack/neutron/neutron/api/extensions.py:415}}
Apr 04 10:30:25.145251 np0000163507 devstack@neutron-api.service[102161]: INFO neutron.api.extensions [None req-f6993cc2-3f73-4c44-b708-e3b31e79c7e9 None None] Extension router-admin-state-down-before-update not supported by any of loaded plugins
Apr 04 10:30:25.145376 np0000163507 devstack@neutron-api.service[102161]: DEBUG neutron.api.extensions [None req-f6993cc2-3f73-4c44-b708-e3b31e79c7e9 None None] Loading extension file: agent.py {{(pid=102161) _load_all_extensions_from_path /opt/stack/neutron/neutron/api/extensions.py:449}}
Apr 04 10:30:25.145528 np0000163507 devstack@neutron-api.service[102160]: INFO neutron.quota [None req-ed2d9a7f-9c81-44db-9ab5-eb936f3a6cfc None None] Loaded quota_driver: .
Apr 04 10:30:25.145642 np0000163507 devstack@neutron-api.service[102160]: INFO neutron.plugins.ml2.plugin [None req-ed2d9a7f-9c81-44db-9ab5-eb936f3a6cfc None None] Modular L2 Plugin initialization complete
Apr 04 10:30:25.145698 np0000163507 devstack@neutron-api.service[102161]: DEBUG neutron.api.extensions [None req-f6993cc2-3f73-4c44-b708-e3b31e79c7e9 None None] Ext name="agent" alias="agent" description="The agent management extension." updated="2013-02-03T10:00:00-00:00" {{(pid=102161) _check_extension /opt/stack/neutron/neutron/api/extensions.py:415}}
Apr 04 10:30:25.145787 np0000163507 devstack@neutron-api.service[102160]: DEBUG neutron.manager [None req-ed2d9a7f-9c81-44db-9ab5-eb936f3a6cfc None None] Loading services supported by the core plugin {{(pid=102160) _load_services_from_core_plugin /opt/stack/neutron/neutron/manager.py:170}}
Apr 04 10:30:25.145877 np0000163507 devstack@neutron-api.service[102161]: INFO neutron.api.extensions [None req-f6993cc2-3f73-4c44-b708-e3b31e79c7e9 None None] Loaded extension: agent
Apr 04 10:30:25.145905 np0000163507 devstack@neutron-api.service[102160]: INFO neutron.plugins.ml2.managers [None req-ed2d9a7f-9c81-44db-9ab5-eb936f3a6cfc None None] Got port-security extension from driver 'port_security'
Apr 04 10:30:25.145968 np0000163507 devstack@neutron-api.service[102161]: DEBUG neutron.api.extensions [None req-f6993cc2-3f73-4c44-b708-e3b31e79c7e9 None None] Loading extension file: agent_resources_synced.py {{(pid=102161) _load_all_extensions_from_path /opt/stack/neutron/neutron/api/extensions.py:449}}
Apr 04 10:30:25.146183 np0000163507 devstack@neutron-api.service[102160]: DEBUG neutron.manager [None req-ed2d9a7f-9c81-44db-9ab5-eb936f3a6cfc None None] Loading service plugins: ['ovn-router', 'auto_allocate', 'tag', 'timestamp', 'network_ip_availability', 'flavors', 'revisions'] {{(pid=102160) _load_service_plugins /opt/stack/neutron/neutron/manager.py:195}}
Apr 04 10:30:25.146215 np0000163507 devstack@neutron-api.service[102161]: DEBUG neutron.api.extensions [None req-f6993cc2-3f73-4c44-b708-e3b31e79c7e9 None None] Ext name="Agent's Resource View Synced to Placement" alias="agent-resources-synced" description="Stores success/failure of last sync to Placement" updated="2018-12-19T00:00:00-00:00" {{(pid=102161) _check_extension /opt/stack/neutron/neutron/api/extensions.py:415}}
Apr 04 10:30:25.146278 np0000163507 devstack@neutron-api.service[102160]: INFO neutron.manager [None req-ed2d9a7f-9c81-44db-9ab5-eb936f3a6cfc None None] Loading Plugin: ovn-router
Apr 04 10:30:25.146368 np0000163507 devstack@neutron-api.service[102161]: INFO neutron.api.extensions [None req-f6993cc2-3f73-4c44-b708-e3b31e79c7e9 None None] Extension agent-resources-synced not supported by any of loaded plugins
Apr 04 10:30:25.146478 np0000163507 devstack@neutron-api.service[102161]: DEBUG neutron.api.extensions [None req-f6993cc2-3f73-4c44-b708-e3b31e79c7e9 None None] Loading extension file: allowedaddresspairs.py {{(pid=102161) _load_all_extensions_from_path /opt/stack/neutron/neutron/api/extensions.py:449}}
Apr 04 10:30:25.147124 np0000163507 devstack@neutron-api.service[102161]: DEBUG neutron.api.extensions [None req-f6993cc2-3f73-4c44-b708-e3b31e79c7e9 None None] Ext name="Allowed Address Pairs" alias="allowed-address-pairs" description="Provides allowed address pairs" updated="2013-07-23T10:00:00-00:00" {{(pid=102161) _check_extension /opt/stack/neutron/neutron/api/extensions.py:415}}
Apr 04 10:30:25.147306 np0000163507 devstack@neutron-api.service[102161]: INFO neutron.api.extensions [None req-f6993cc2-3f73-4c44-b708-e3b31e79c7e9 None None] Loaded extension: allowed-address-pairs
Apr 04 10:30:25.147423 np0000163507 devstack@neutron-api.service[102161]: DEBUG neutron.api.extensions [None req-f6993cc2-3f73-4c44-b708-e3b31e79c7e9 None None] Loading extension file: auto_allocated_topology.py {{(pid=102161) _load_all_extensions_from_path /opt/stack/neutron/neutron/api/extensions.py:449}}
Apr 04 10:30:25.147674 np0000163507 devstack@neutron-api.service[102161]: DEBUG neutron.api.extensions [None req-f6993cc2-3f73-4c44-b708-e3b31e79c7e9 None None] Ext name="Auto Allocated Topology Services" alias="auto-allocated-topology" description="Auto Allocated Topology Services." updated="2016-01-01T00:00:00-00:00" {{(pid=102161) _check_extension /opt/stack/neutron/neutron/api/extensions.py:415}}
Apr 04 10:30:25.147850 np0000163507 devstack@neutron-api.service[102161]: INFO neutron.api.extensions [None req-f6993cc2-3f73-4c44-b708-e3b31e79c7e9 None None] Loaded extension: auto-allocated-topology
Apr 04 10:30:25.147936 np0000163507 devstack@neutron-api.service[102161]: DEBUG neutron.api.extensions [None req-f6993cc2-3f73-4c44-b708-e3b31e79c7e9 None None] Loading extension file: availability_zone.py {{(pid=102161) _load_all_extensions_from_path /opt/stack/neutron/neutron/api/extensions.py:449}}
Apr 04 10:30:25.148218 np0000163507 devstack@neutron-api.service[102161]: DEBUG neutron.api.extensions [None req-f6993cc2-3f73-4c44-b708-e3b31e79c7e9 None None] Ext name="Availability Zone" alias="availability_zone" description="The availability zone extension." updated="2015-01-01T10:00:00-00:00" {{(pid=102161) _check_extension /opt/stack/neutron/neutron/api/extensions.py:415}}
Apr 04 10:30:25.148406 np0000163507 devstack@neutron-api.service[102161]: INFO neutron.api.extensions [None req-f6993cc2-3f73-4c44-b708-e3b31e79c7e9 None None] Loaded extension: availability_zone
Apr 04 10:30:25.148508 np0000163507 devstack@neutron-api.service[102161]: DEBUG neutron.api.extensions [None req-f6993cc2-3f73-4c44-b708-e3b31e79c7e9 None None] Loading extension file: availability_zone_filter.py {{(pid=102161) _load_all_extensions_from_path /opt/stack/neutron/neutron/api/extensions.py:449}}
Apr 04 10:30:25.148740 np0000163507 devstack@neutron-api.service[102161]: DEBUG neutron.api.extensions [None req-f6993cc2-3f73-4c44-b708-e3b31e79c7e9 None None] Ext name="Availability Zone Filter Extension" alias="availability_zone_filter" description="Add filter parameters to AvailabilityZone resource" updated="2018-06-22T10:00:00-00:00" {{(pid=102161) _check_extension /opt/stack/neutron/neutron/api/extensions.py:415}}
Apr 04 10:30:25.148970 np0000163507 devstack@neutron-api.service[102161]: INFO neutron.api.extensions [None req-f6993cc2-3f73-4c44-b708-e3b31e79c7e9 None None] Extension availability_zone_filter not supported by any of loaded plugins
Apr 04 10:30:25.149061 np0000163507 devstack@neutron-api.service[102161]: DEBUG neutron.api.extensions [None req-f6993cc2-3f73-4c44-b708-e3b31e79c7e9 None None] Loading extension file: data_plane_status.py {{(pid=102161) _load_all_extensions_from_path /opt/stack/neutron/neutron/api/extensions.py:449}}
Apr 04 10:30:25.149298 np0000163507 devstack@neutron-api.service[102161]: DEBUG neutron.api.extensions [None req-f6993cc2-3f73-4c44-b708-e3b31e79c7e9 None None] Ext name="Port data plane status extension" alias="data-plane-status" description="Expose status of underlying data plane" updated="2017-01-24T10:00:00-00:00" {{(pid=102161) _check_extension /opt/stack/neutron/neutron/api/extensions.py:415}}
Apr 04 10:30:25.149487 np0000163507 devstack@neutron-api.service[102161]: INFO neutron.api.extensions [None req-f6993cc2-3f73-4c44-b708-e3b31e79c7e9 None None] Extension data-plane-status not supported by any of loaded plugins
Apr 04 10:30:25.149579 np0000163507 devstack@neutron-api.service[102161]: DEBUG neutron.api.extensions [None req-f6993cc2-3f73-4c44-b708-e3b31e79c7e9 None None] Loading extension file: default_subnetpools.py {{(pid=102161) _load_all_extensions_from_path /opt/stack/neutron/neutron/api/extensions.py:449}}
Apr 04 10:30:25.149818 np0000163507 devstack@neutron-api.service[102161]: DEBUG neutron.api.extensions [None req-f6993cc2-3f73-4c44-b708-e3b31e79c7e9 None None] Ext name="Default Subnetpools" alias="default-subnetpools" description="Provides ability to mark and use a subnetpool as the default." updated="2016-02-18T18:00:00-00:00" {{(pid=102161) _check_extension /opt/stack/neutron/neutron/api/extensions.py:415}}
Apr 04 10:30:25.149987 np0000163507 devstack@neutron-api.service[102161]: INFO neutron.api.extensions [None req-f6993cc2-3f73-4c44-b708-e3b31e79c7e9 None None] Loaded extension: default-subnetpools
Apr 04 10:30:25.150078 np0000163507 devstack@neutron-api.service[102161]: DEBUG neutron.api.extensions [None req-f6993cc2-3f73-4c44-b708-e3b31e79c7e9 None None] Loading extension file: dhcpagentscheduler.py {{(pid=102161) _load_all_extensions_from_path /opt/stack/neutron/neutron/api/extensions.py:449}}
Apr 04 10:30:25.150477 np0000163507 devstack@neutron-api.service[102161]: DEBUG neutron.api.extensions [None req-f6993cc2-3f73-4c44-b708-e3b31e79c7e9 None None] Ext name="DHCP Agent Scheduler" alias="dhcp_agent_scheduler" description="Schedule networks among dhcp agents" updated="2013-02-07T10:00:00-00:00" {{(pid=102161) _check_extension /opt/stack/neutron/neutron/api/extensions.py:415}}
Apr 04 10:30:25.150655 np0000163507 devstack@neutron-api.service[102161]: INFO neutron.api.extensions [None req-f6993cc2-3f73-4c44-b708-e3b31e79c7e9 None None] Loaded extension: dhcp_agent_scheduler
Apr 04 10:30:25.150748 np0000163507 devstack@neutron-api.service[102161]: DEBUG neutron.api.extensions [None req-f6993cc2-3f73-4c44-b708-e3b31e79c7e9 None None] Loading extension file: dns.py {{(pid=102161) _load_all_extensions_from_path /opt/stack/neutron/neutron/api/extensions.py:449}}
Apr 04 10:30:25.150982 np0000163507 devstack@neutron-api.service[102161]: DEBUG neutron.api.extensions [None req-f6993cc2-3f73-4c44-b708-e3b31e79c7e9 None None] Ext name="DNS Integration" alias="dns-integration" description="Provides integration with DNS." updated="2015-08-15T18:00:00-00:00" {{(pid=102161) _check_extension /opt/stack/neutron/neutron/api/extensions.py:415}}
Apr 04 10:30:25.151157 np0000163507 devstack@neutron-api.service[102161]: INFO neutron.api.extensions [None req-f6993cc2-3f73-4c44-b708-e3b31e79c7e9 None None] Loaded extension: dns-integration
Apr 04 10:30:25.151244 np0000163507 devstack@neutron-api.service[102161]: DEBUG neutron.api.extensions [None req-f6993cc2-3f73-4c44-b708-e3b31e79c7e9 None None] Loading extension file: dns_domain_ports.py {{(pid=102161) _load_all_extensions_from_path /opt/stack/neutron/neutron/api/extensions.py:449}}
Apr 04 10:30:25.151499 np0000163507 devstack@neutron-api.service[102161]: DEBUG neutron.api.extensions [None req-f6993cc2-3f73-4c44-b708-e3b31e79c7e9 None None] Ext name="dns_domain for ports" alias="dns-domain-ports" description="Allows the DNS domain to be specified for a network port." updated="2017-04-24T10:00:00-00:00" {{(pid=102161) _check_extension /opt/stack/neutron/neutron/api/extensions.py:415}}
Apr 04 10:30:25.151674 np0000163507 devstack@neutron-api.service[102161]: INFO neutron.api.extensions [None req-f6993cc2-3f73-4c44-b708-e3b31e79c7e9 None None] Loaded extension: dns-domain-ports
Apr 04 10:30:25.151766 np0000163507 devstack@neutron-api.service[102161]: DEBUG neutron.api.extensions [None req-f6993cc2-3f73-4c44-b708-e3b31e79c7e9 None None] Loading extension file: dns_integration_domain_keywords.py {{(pid=102161) _load_all_extensions_from_path /opt/stack/neutron/neutron/api/extensions.py:449}}
Apr 04 10:30:25.151997 np0000163507 devstack@neutron-api.service[102161]: DEBUG neutron.api.extensions [None req-f6993cc2-3f73-4c44-b708-e3b31e79c7e9 None None] Ext name="DNS domain names with keywords allowed" alias="dns-integration-domain-keywords" description="Allows to use keywords like , , and as DNS domain name" updated="2020-06-15T18:00:00-00:00" {{(pid=102161) _check_extension /opt/stack/neutron/neutron/api/extensions.py:415}}
Apr 04 10:30:25.152171 np0000163507 devstack@neutron-api.service[102161]: INFO neutron.api.extensions [None req-f6993cc2-3f73-4c44-b708-e3b31e79c7e9 None None] Loaded extension: dns-integration-domain-keywords
Apr 04 10:30:25.152259 np0000163507 devstack@neutron-api.service[102161]: DEBUG neutron.api.extensions [None req-f6993cc2-3f73-4c44-b708-e3b31e79c7e9 None None] Loading extension file: dvr.py {{(pid=102161) _load_all_extensions_from_path /opt/stack/neutron/neutron/api/extensions.py:449}}
Apr 04 10:30:25.152540 np0000163507 devstack@neutron-api.service[102161]: DEBUG neutron.api.extensions [None req-f6993cc2-3f73-4c44-b708-e3b31e79c7e9 None None] Ext name="Distributed Virtual Router" alias="dvr" description="Enables configuration of Distributed Virtual Routers." updated="2014-06-1T10:00:00-00:00" {{(pid=102161) _check_extension /opt/stack/neutron/neutron/api/extensions.py:415}}
Apr 04 10:30:25.152711 np0000163507 devstack@neutron-api.service[102161]: INFO neutron.api.extensions [None req-f6993cc2-3f73-4c44-b708-e3b31e79c7e9 None None] Extension dvr not supported by any of loaded plugins
Apr 04 10:30:25.152804 np0000163507 devstack@neutron-api.service[102161]: DEBUG neutron.api.extensions [None req-f6993cc2-3f73-4c44-b708-e3b31e79c7e9 None None] Loading extension file: ecmp_routes.py {{(pid=102161) _load_all_extensions_from_path /opt/stack/neutron/neutron/api/extensions.py:449}}
Apr 04 10:30:25.153077 np0000163507 devstack@neutron-api.service[102161]: DEBUG neutron.api.extensions [None req-f6993cc2-3f73-4c44-b708-e3b31e79c7e9 None None] Ext name="Equal Cost Multipath Routing" alias="ecmp_routes" description="Allows traffic to reach thesame destination via multiple different links " updated="2020-11-26T18:00:00-00:00" {{(pid=102161) _check_extension /opt/stack/neutron/neutron/api/extensions.py:415}}
Apr 04 10:30:25.153249 np0000163507 devstack@neutron-api.service[102161]: INFO neutron.api.extensions [None req-f6993cc2-3f73-4c44-b708-e3b31e79c7e9 None None] Extension ecmp_routes not supported by any of loaded plugins
Apr 04 10:30:25.153343 np0000163507 devstack@neutron-api.service[102161]: DEBUG neutron.api.extensions [None req-f6993cc2-3f73-4c44-b708-e3b31e79c7e9 None None] Loading extension file: empty_string_filtering.py {{(pid=102161) _load_all_extensions_from_path /opt/stack/neutron/neutron/api/extensions.py:449}}
Apr 04 10:30:25.153601 np0000163507 devstack@neutron-api.service[102161]: DEBUG neutron.api.extensions [None req-f6993cc2-3f73-4c44-b708-e3b31e79c7e9 None None] Ext name="Empty String Filtering Extension" alias="empty-string-filtering" description="Allow filtering by attributes with empty string value" updated="2018-05-01T10:00:00-00:00" {{(pid=102161) _check_extension /opt/stack/neutron/neutron/api/extensions.py:415}}
Apr 04 10:30:25.153777 np0000163507 devstack@neutron-api.service[102161]: INFO neutron.api.extensions [None req-f6993cc2-3f73-4c44-b708-e3b31e79c7e9 None None] Loaded extension: empty-string-filtering
Apr 04 10:30:25.153866 np0000163507 devstack@neutron-api.service[102161]: DEBUG neutron.api.extensions [None req-f6993cc2-3f73-4c44-b708-e3b31e79c7e9 None None] Loading extension file: expose_l3_conntrack_helper.py {{(pid=102161) _load_all_extensions_from_path /opt/stack/neutron/neutron/api/extensions.py:449}}
Apr 04 10:30:25.154100 np0000163507 devstack@neutron-api.service[102161]: DEBUG neutron.api.extensions [None req-f6993cc2-3f73-4c44-b708-e3b31e79c7e9 None None] Ext name="Expose CT target rules for conntrack helper" alias="expose-l3-conntrack-helper" description="Expose allow adding CT target rules for conntrack helper" updated="2019-04-04T10:00:00-00:00" {{(pid=102161) _check_extension /opt/stack/neutron/neutron/api/extensions.py:415}}
Apr 04 10:30:25.154274 np0000163507 devstack@neutron-api.service[102161]: INFO neutron.api.extensions [None req-f6993cc2-3f73-4c44-b708-e3b31e79c7e9 None None] Extension expose-l3-conntrack-helper not supported by any of loaded plugins
Apr 04 10:30:25.154362 np0000163507 devstack@neutron-api.service[102161]: DEBUG neutron.api.extensions [None req-f6993cc2-3f73-4c44-b708-e3b31e79c7e9 None None] Loading extension file: expose_port_forwarding_in_fip.py {{(pid=102161) _load_all_extensions_from_path /opt/stack/neutron/neutron/api/extensions.py:449}}
Apr 04 10:30:25.154618 np0000163507 devstack@neutron-api.service[102161]: DEBUG neutron.api.extensions [None req-f6993cc2-3f73-4c44-b708-e3b31e79c7e9 None None] Ext name="Expose Floating IP port forwardings" alias="expose-port-forwarding-in-fip" description="Expose port forwarding fields in floating IP response" updated="2018-06-28T16:00:00-00:00" {{(pid=102161) _check_extension /opt/stack/neutron/neutron/api/extensions.py:415}}
Apr 04 10:30:25.154787 np0000163507 devstack@neutron-api.service[102161]: INFO neutron.api.extensions [None req-f6993cc2-3f73-4c44-b708-e3b31e79c7e9 None None] Extension expose-port-forwarding-in-fip not supported by any of loaded plugins
Apr 04 10:30:25.154877 np0000163507 devstack@neutron-api.service[102161]: DEBUG neutron.api.extensions [None req-f6993cc2-3f73-4c44-b708-e3b31e79c7e9 None None] Loading extension file: external_net.py {{(pid=102161) _load_all_extensions_from_path /opt/stack/neutron/neutron/api/extensions.py:449}}
Apr 04 10:30:25.155110 np0000163507 devstack@neutron-api.service[102161]: DEBUG neutron.api.extensions [None req-f6993cc2-3f73-4c44-b708-e3b31e79c7e9 None None] Ext name="Neutron external network" alias="external-net" description="Adds external network attribute to network resource." updated="2013-01-14T10:00:00-00:00" {{(pid=102161) _check_extension /opt/stack/neutron/neutron/api/extensions.py:415}}
Apr 04 10:30:25.155277 np0000163507 devstack@neutron-api.service[102161]: INFO neutron.api.extensions [None req-f6993cc2-3f73-4c44-b708-e3b31e79c7e9 None None] Loaded extension: external-net
Apr 04 10:30:25.155368 np0000163507 devstack@neutron-api.service[102161]: DEBUG neutron.api.extensions [None req-f6993cc2-3f73-4c44-b708-e3b31e79c7e9 None None] Loading extension file: extra_dhcp_opt.py {{(pid=102161) _load_all_extensions_from_path /opt/stack/neutron/neutron/api/extensions.py:449}}
Apr 04 10:30:25.155660 np0000163507 devstack@neutron-api.service[102160]: DEBUG neutron_lib.callbacks.manager [None req-ed2d9a7f-9c81-44db-9ab5-eb936f3a6cfc None None] Subscribe: > router before_delete 55550000, False {{(pid=102160) subscribe /opt/stack/data/venv/lib/python3.12/site-packages/neutron_lib/callbacks/manager.py:52}}
Apr 04 10:30:25.155698 np0000163507 devstack@neutron-api.service[102161]: DEBUG neutron.api.extensions [None req-f6993cc2-3f73-4c44-b708-e3b31e79c7e9 None None] Ext name="Neutron Extra DHCP options" alias="extra_dhcp_opt" description="Extra options configuration for DHCP. For example PXE boot options to DHCP clients can be specified (e.g. tftp-server, server-ip-address, bootfile-name)" updated="2013-03-17T12:00:00-00:00" {{(pid=102161) _check_extension /opt/stack/neutron/neutron/api/extensions.py:415}}
Apr 04 10:30:25.155840 np0000163507 devstack@neutron-api.service[102160]: DEBUG neutron_lib.callbacks.manager [None req-ed2d9a7f-9c81-44db-9ab5-eb936f3a6cfc None None] Subscribe: port after_update 55550000, False {{(pid=102160) subscribe /opt/stack/data/venv/lib/python3.12/site-packages/neutron_lib/callbacks/manager.py:52}}
Apr 04 10:30:25.155878 np0000163507 devstack@neutron-api.service[102161]: INFO neutron.api.extensions [None req-f6993cc2-3f73-4c44-b708-e3b31e79c7e9 None None] Loaded extension: extra_dhcp_opt
Apr 04 10:30:25.155915 np0000163507 devstack@neutron-api.service[102161]: DEBUG neutron.api.extensions [None req-f6993cc2-3f73-4c44-b708-e3b31e79c7e9 None None] Loading extension file: extraroute.py {{(pid=102161) _load_all_extensions_from_path /opt/stack/neutron/neutron/api/extensions.py:449}}
Apr 04 10:30:25.155944 np0000163507 devstack@neutron-api.service[102160]: DEBUG neutron_lib.callbacks.manager [None req-ed2d9a7f-9c81-44db-9ab5-eb936f3a6cfc None None] Subscribe: port after_delete 55550000, False {{(pid=102160) subscribe /opt/stack/data/venv/lib/python3.12/site-packages/neutron_lib/callbacks/manager.py:52}}
Apr 04 10:30:25.156075 np0000163507 devstack@neutron-api.service[102160]: DEBUG neutron_lib.callbacks.manager [None req-ed2d9a7f-9c81-44db-9ab5-eb936f3a6cfc None None] Subscribe: subnet after_update 55550000, False {{(pid=102160) subscribe /opt/stack/data/venv/lib/python3.12/site-packages/neutron_lib/callbacks/manager.py:52}}
Apr 04 10:30:25.156151 np0000163507 devstack@neutron-api.service[102161]: DEBUG neutron.api.extensions [None req-f6993cc2-3f73-4c44-b708-e3b31e79c7e9 None None] Ext name="Neutron Extra Route" alias="extraroute" description="Extra routes configuration for L3 router" updated="2013-02-01T10:00:00-00:00" {{(pid=102161) _check_extension /opt/stack/neutron/neutron/api/extensions.py:415}}
Apr 04 10:30:25.156182 np0000163507 devstack@neutron-api.service[102160]: DEBUG neutron_lib.callbacks.manager [None req-ed2d9a7f-9c81-44db-9ab5-eb936f3a6cfc None None] Subscribe: subnetpool_address_scope after_update 55550000, False {{(pid=102160) subscribe /opt/stack/data/venv/lib/python3.12/site-packages/neutron_lib/callbacks/manager.py:52}}
Apr 04 10:30:25.156293 np0000163507 devstack@neutron-api.service[102160]: DEBUG neutron_lib.callbacks.manager [None req-ed2d9a7f-9c81-44db-9ab5-eb936f3a6cfc None None] Subscribe: port before_update 55550000, False {{(pid=102160) subscribe /opt/stack/data/venv/lib/python3.12/site-packages/neutron_lib/callbacks/manager.py:52}}
Apr 04 10:30:25.156328 np0000163507 devstack@neutron-api.service[102161]: INFO neutron.api.extensions [None req-f6993cc2-3f73-4c44-b708-e3b31e79c7e9 None None] Loaded extension: extraroute
Apr 04 10:30:25.156401 np0000163507 devstack@neutron-api.service[102160]: DEBUG neutron_lib.callbacks.manager [None req-ed2d9a7f-9c81-44db-9ab5-eb936f3a6cfc None None] Subscribe: port after_update 55550000, False {{(pid=102160) subscribe /opt/stack/data/venv/lib/python3.12/site-packages/neutron_lib/callbacks/manager.py:52}}
Apr 04 10:30:25.156448 np0000163507 devstack@neutron-api.service[102161]: DEBUG neutron.api.extensions [None req-f6993cc2-3f73-4c44-b708-e3b31e79c7e9 None None] Loading extension file: extraroute_atomic.py {{(pid=102161) _load_all_extensions_from_path /opt/stack/neutron/neutron/api/extensions.py:449}}
Apr 04 10:30:25.156513 np0000163507 devstack@neutron-api.service[102160]: DEBUG neutron_lib.callbacks.manager [None req-ed2d9a7f-9c81-44db-9ab5-eb936f3a6cfc None None] Subscribe: > port precommit_delete 55550000, False {{(pid=102160) subscribe /opt/stack/data/venv/lib/python3.12/site-packages/neutron_lib/callbacks/manager.py:52}}
Apr 04 10:30:25.156616 np0000163507 devstack@neutron-api.service[102160]: DEBUG neutron_lib.callbacks.manager [None req-ed2d9a7f-9c81-44db-9ab5-eb936f3a6cfc None None] Subscribe: port before_update 55550000, False {{(pid=102160) subscribe /opt/stack/data/venv/lib/python3.12/site-packages/neutron_lib/callbacks/manager.py:52}}
Apr 04 10:30:25.156663 np0000163507 devstack@neutron-api.service[102161]: DEBUG neutron.api.extensions [None req-f6993cc2-3f73-4c44-b708-e3b31e79c7e9 None None] Ext name="Atomically add/remove extra routes" alias="extraroute-atomic" description="Edit extra routes of a router on server side by atomically adding/removing extra routes" updated="2019-07-10T00:00:00+00:00" {{(pid=102161) _check_extension /opt/stack/neutron/neutron/api/extensions.py:415}}
Apr 04 10:30:25.156733 np0000163507 devstack@neutron-api.service[102160]: DEBUG neutron_lib.callbacks.manager [None req-ed2d9a7f-9c81-44db-9ab5-eb936f3a6cfc None None] Subscribe: port before_delete 55550000, False {{(pid=102160) subscribe /opt/stack/data/venv/lib/python3.12/site-packages/neutron_lib/callbacks/manager.py:52}}
Apr 04 10:30:25.156837 np0000163507 devstack@neutron-api.service[102160]: DEBUG neutron_lib.callbacks.manager [None req-ed2d9a7f-9c81-44db-9ab5-eb936f3a6cfc None None] Subscribe: > router precommit_create 55550000, False {{(pid=102160) subscribe /opt/stack/data/venv/lib/python3.12/site-packages/neutron_lib/callbacks/manager.py:52}}
Apr 04 10:30:25.156889 np0000163507 devstack@neutron-api.service[102161]: INFO neutron.api.extensions [None req-f6993cc2-3f73-4c44-b708-e3b31e79c7e9 None None] Loaded extension: extraroute-atomic
Apr 04 10:30:25.156964 np0000163507 devstack@neutron-api.service[102160]: DEBUG neutron_lib.callbacks.manager [None req-ed2d9a7f-9c81-44db-9ab5-eb936f3a6cfc None None] Subscribe: > router precommit_create 55550000, False {{(pid=102160) subscribe /opt/stack/data/venv/lib/python3.12/site-packages/neutron_lib/callbacks/manager.py:52}}
Apr 04 10:30:25.157022 np0000163507 devstack@neutron-api.service[102161]: DEBUG neutron.api.extensions [None req-f6993cc2-3f73-4c44-b708-e3b31e79c7e9 None None] Loading extension file: filter_validation.py {{(pid=102161) _load_all_extensions_from_path /opt/stack/neutron/neutron/api/extensions.py:449}}
Apr 04 10:30:25.157057 np0000163507 devstack@neutron-api.service[102160]: DEBUG neutron_lib.callbacks.manager [None req-ed2d9a7f-9c81-44db-9ab5-eb936f3a6cfc None None] Subscribe: > router precommit_update 55550000, False {{(pid=102160) subscribe /opt/stack/data/venv/lib/python3.12/site-packages/neutron_lib/callbacks/manager.py:52}}
Apr 04 10:30:25.157172 np0000163507 devstack@neutron-api.service[102160]: DEBUG neutron_lib.callbacks.manager [None req-ed2d9a7f-9c81-44db-9ab5-eb936f3a6cfc None None] Subscribe: subnet after_update 55550000, False {{(pid=102160) subscribe /opt/stack/data/venv/lib/python3.12/site-packages/neutron_lib/callbacks/manager.py:52}}
Apr 04 10:30:25.157282 np0000163507 devstack@neutron-api.service[102161]: DEBUG neutron.api.extensions [None req-f6993cc2-3f73-4c44-b708-e3b31e79c7e9 None None] Ext name="Filter parameters validation" alias="filter-validation" description="Provides validation on filter parameters." updated="2018-07-04T10:00:00-00:00" {{(pid=102161) _check_extension /opt/stack/neutron/neutron/api/extensions.py:415}}
Apr 04 10:30:25.157491 np0000163507 devstack@neutron-api.service[102161]: INFO neutron.api.extensions [None req-f6993cc2-3f73-4c44-b708-e3b31e79c7e9 None None] Loaded extension: filter-validation
Apr 04 10:30:25.157577 np0000163507 devstack@neutron-api.service[102161]: DEBUG neutron.api.extensions [None req-f6993cc2-3f73-4c44-b708-e3b31e79c7e9 None None] Loading extension file: fip_pf_description.py {{(pid=102161) _load_all_extensions_from_path /opt/stack/neutron/neutron/api/extensions.py:449}}
Apr 04 10:30:25.157812 np0000163507 devstack@neutron-api.service[102161]: DEBUG neutron.api.extensions [None req-f6993cc2-3f73-4c44-b708-e3b31e79c7e9 None None] Ext name="Floating IP Port Forwarding new attribute description" alias="floating-ip-port-forwarding-description" description="Add a description field to Port Forwarding rules" updated="2019-11-01T10:00:00-00:00" {{(pid=102161) _check_extension /opt/stack/neutron/neutron/api/extensions.py:415}}
Apr 04 10:30:25.157883 np0000163507 devstack@neutron-api.service[102160]: DEBUG neutron.quota.resource_registry [None req-ed2d9a7f-9c81-44db-9ab5-eb936f3a6cfc None None] Tracking information for resource: router configured {{(pid=102160) set_tracked_resource /opt/stack/neutron/neutron/quota/resource_registry.py:203}}
Apr 04 10:30:25.157978 np0000163507 devstack@neutron-api.service[102161]: INFO neutron.api.extensions [None req-f6993cc2-3f73-4c44-b708-e3b31e79c7e9 None None] Extension floating-ip-port-forwarding-description not supported by any of loaded plugins
Apr 04 10:30:25.158008 np0000163507 devstack@neutron-api.service[102160]: DEBUG neutron.quota.resource_registry [None req-ed2d9a7f-9c81-44db-9ab5-eb936f3a6cfc None None] Tracking information for resource: floatingip configured {{(pid=102160) set_tracked_resource /opt/stack/neutron/neutron/quota/resource_registry.py:203}}
Apr 04 10:30:25.158067 np0000163507 devstack@neutron-api.service[102161]: DEBUG neutron.api.extensions [None req-f6993cc2-3f73-4c44-b708-e3b31e79c7e9 None None] Loading extension file: fip_pf_detail.py {{(pid=102161) _load_all_extensions_from_path /opt/stack/neutron/neutron/api/extensions.py:449}}
Apr 04 10:30:25.158096 np0000163507 devstack@neutron-api.service[102160]: INFO neutron.services.ovn_l3.plugin [None req-ed2d9a7f-9c81-44db-9ab5-eb936f3a6cfc None None] Starting OVNL3RouterPlugin
Apr 04 10:30:25.158629 np0000163507 devstack@neutron-api.service[102160]: DEBUG neutron_lib.callbacks.manager [None req-ed2d9a7f-9c81-44db-9ab5-eb936f3a6cfc None None] Subscribe: > port_forwarding_plugin after_init 55550000, False {{(pid=102160) subscribe /opt/stack/data/venv/lib/python3.12/site-packages/neutron_lib/callbacks/manager.py:52}}
Apr 04 10:30:25.158661 np0000163507 devstack@neutron-api.service[102161]: DEBUG neutron.api.extensions [None req-f6993cc2-3f73-4c44-b708-e3b31e79c7e9 None None] Ext name="Floating IP port forwarding detail" alias="floating-ip-port-forwarding-detail" description="Allow list floating ip return more port forwarding data, include'id' and 'internal_port_id'" updated="2022-05-06T10:00:00-00:00" {{(pid=102161) _check_extension /opt/stack/neutron/neutron/api/extensions.py:415}}
Apr 04 10:30:25.158661 np0000163507 devstack@neutron-api.service[102161]: INFO neutron.api.extensions [None req-f6993cc2-3f73-4c44-b708-e3b31e79c7e9 None None] Loaded extension: floating-ip-port-forwarding-detail
Apr 04 10:30:25.158722 np0000163507 devstack@neutron-api.service[102160]: DEBUG neutron_lib.callbacks.manager [None req-ed2d9a7f-9c81-44db-9ab5-eb936f3a6cfc None None] Subscribe: > router before_create 55550100, False {{(pid=102160) subscribe /opt/stack/data/venv/lib/python3.12/site-packages/neutron_lib/callbacks/manager.py:52}}
Apr 04 10:30:25.158785 np0000163507 devstack@neutron-api.service[102161]: DEBUG neutron.api.extensions [None req-f6993cc2-3f73-4c44-b708-e3b31e79c7e9 None None] Loading extension file: fip_pf_port_range.py {{(pid=102161) _load_all_extensions_from_path /opt/stack/neutron/neutron/api/extensions.py:449}}
Apr 04 10:30:25.158857 np0000163507 devstack@neutron-api.service[102160]: DEBUG neutron_lib.callbacks.manager [None req-ed2d9a7f-9c81-44db-9ab5-eb936f3a6cfc None None] Subscribe: > router precommit_delete 55550100, False {{(pid=102160) subscribe /opt/stack/data/venv/lib/python3.12/site-packages/neutron_lib/callbacks/manager.py:52}}
Apr 04 10:30:25.158889 np0000163507 devstack@neutron-api.service[102158]: INFO neutron.plugins.ml2.drivers.type_vlan [None req-c95f929e-8c2b-47f9-a8fd-2cbb24785781 None None] VlanTypeDriver initialization complete
Apr 04 10:30:25.159080 np0000163507 devstack@neutron-api.service[102160]: DEBUG neutron_lib.callbacks.manager [None req-ed2d9a7f-9c81-44db-9ab5-eb936f3a6cfc None None] Subscribe: > router precommit_create 55550100, False {{(pid=102160) subscribe /opt/stack/data/venv/lib/python3.12/site-packages/neutron_lib/callbacks/manager.py:52}}
Apr 04 10:30:25.159171 np0000163507 devstack@neutron-api.service[102161]: DEBUG neutron.api.extensions [None req-f6993cc2-3f73-4c44-b708-e3b31e79c7e9 None None] Ext name="Floating IP Port Forwarding support port ranges" alias="floating-ip-port-forwarding-port-ranges" description="Add support to port ranges" updated="2020-07-01T10:00:00-00:00" {{(pid=102161) _check_extension /opt/stack/neutron/neutron/api/extensions.py:415}}
Apr 04 10:30:25.159201 np0000163507 devstack@neutron-api.service[102158]: INFO neutron.plugins.ml2.managers [None req-c95f929e-8c2b-47f9-a8fd-2cbb24785781 None None] Initializing extension driver 'port_security'
