Apr 04 10:30:25.173300 np0000163507 devstack@neutron-api.service[102161]: INFO neutron.api.extensions [None req-f6993cc2-3f73-4c44-b708-e3b31e79c7e9 None None] Loaded extension: net-mtu-writable
Apr 04 10:30:25.173356 np0000163507 devstack@neutron-api.service[102161]: DEBUG neutron.api.extensions [None req-f6993cc2-3f73-4c44-b708-e3b31e79c7e9 None None] Loading extension file: network_availability_zone.py {{(pid=102161) _load_all_extensions_from_path /opt/stack/neutron/neutron/api/extensions.py:449}}
Apr 04 10:30:25.173624 np0000163507 devstack@neutron-api.service[102161]: DEBUG neutron.api.extensions [None req-f6993cc2-3f73-4c44-b708-e3b31e79c7e9 None None] Ext name="Network Availability Zone" alias="network_availability_zone" description="Availability zone support for network." updated="2015-01-01T10:00:00-00:00" {{(pid=102161) _check_extension /opt/stack/neutron/neutron/api/extensions.py:415}}
Apr 04 10:30:25.173759 np0000163507 devstack@neutron-api.service[102161]: INFO neutron.api.extensions [None req-f6993cc2-3f73-4c44-b708-e3b31e79c7e9 None None] Loaded extension: network_availability_zone
Apr 04 10:30:25.173868 np0000163507 devstack@neutron-api.service[102161]: DEBUG neutron.api.extensions [None req-f6993cc2-3f73-4c44-b708-e3b31e79c7e9 None None] Loading extension file: network_ha.py {{(pid=102161) _load_all_extensions_from_path /opt/stack/neutron/neutron/api/extensions.py:449}}
Apr 04 10:30:25.174068 np0000163507 devstack@neutron-api.service[102161]: DEBUG neutron.api.extensions [None req-f6993cc2-3f73-4c44-b708-e3b31e79c7e9 None None] Ext name="Network HA creation flag" alias="network_ha" description="Network high availability creation flag." updated="2023-04-27T10:00:00-00:00" {{(pid=102161) _check_extension /opt/stack/neutron/neutron/api/extensions.py:415}}
Apr 04 10:30:25.174123 np0000163507 devstack@neutron-api.service[102160]: DEBUG neutron.manager [None req-ed2d9a7f-9c81-44db-9ab5-eb936f3a6cfc None None] Successfully loaded FLAVORS plugin. Description: Neutron Flavors and Service Profiles manager plugin {{(pid=102160) _create_and_add_service_plugin /opt/stack/neutron/neutron/manager.py:239}}
Apr 04 10:30:25.174236 np0000163507 devstack@neutron-api.service[102160]: INFO neutron.manager [None req-ed2d9a7f-9c81-44db-9ab5-eb936f3a6cfc None None] Loading Plugin: revisions
Apr 04 10:30:25.174295 np0000163507 devstack@neutron-api.service[102161]: INFO neutron.api.extensions [None req-f6993cc2-3f73-4c44-b708-e3b31e79c7e9 None None] Extension network_ha not supported by any of loaded plugins
Apr 04 10:30:25.174383 np0000163507 devstack@neutron-api.service[102161]: DEBUG neutron.api.extensions [None req-f6993cc2-3f73-4c44-b708-e3b31e79c7e9 None None] Loading extension file: network_ip_availability.py {{(pid=102161) _load_all_extensions_from_path /opt/stack/neutron/neutron/api/extensions.py:449}}
Apr 04 10:30:25.174576 np0000163507 devstack@neutron-api.service[102161]: DEBUG neutron.api.extensions [None req-f6993cc2-3f73-4c44-b708-e3b31e79c7e9 None None] Ext name="Network IP Availability" alias="network-ip-availability" description="Provides IP availability data for each network and subnet." updated="2015-09-24T00:00:00-00:00" {{(pid=102161) _check_extension /opt/stack/neutron/neutron/api/extensions.py:415}}
Apr 04 10:30:25.174746 np0000163507 devstack@neutron-api.service[102161]: INFO neutron.api.extensions [None req-f6993cc2-3f73-4c44-b708-e3b31e79c7e9 None None] Loaded extension: network-ip-availability
Apr 04 10:30:25.174832 np0000163507 devstack@neutron-api.service[102161]: DEBUG neutron.api.extensions [None req-f6993cc2-3f73-4c44-b708-e3b31e79c7e9 None None] Loading extension file: network_ip_availability_details.py {{(pid=102161) _load_all_extensions_from_path /opt/stack/neutron/neutron/api/extensions.py:449}}
Apr 04 10:30:25.175062 np0000163507 devstack@neutron-api.service[102161]: DEBUG neutron.api.extensions [None req-f6993cc2-3f73-4c44-b708-e3b31e79c7e9 None None] Ext name="Network IP Availability Details Extension" alias="network-ip-availability-details" description="Add ip_availability_details attribute to network-ip-availabilities resource." updated="2025-10-31T00:00:00-00:00" {{(pid=102161) _check_extension /opt/stack/neutron/neutron/api/extensions.py:415}}
Apr 04 10:30:25.175192 np0000163507 devstack@neutron-api.service[102160]: DEBUG neutron.manager [None req-ed2d9a7f-9c81-44db-9ab5-eb936f3a6cfc None None] Successfully loaded revision_plugin plugin. Description: Adds revision numbers to resources. {{(pid=102160) _create_and_add_service_plugin /opt/stack/neutron/neutron/manager.py:239}}
Apr 04 10:30:25.175222 np0000163507 devstack@neutron-api.service[102161]: INFO neutron.api.extensions [None req-f6993cc2-3f73-4c44-b708-e3b31e79c7e9 None None] Loaded extension: network-ip-availability-details
Apr 04 10:30:25.175331 np0000163507 devstack@neutron-api.service[102161]: DEBUG neutron.api.extensions [None req-f6993cc2-3f73-4c44-b708-e3b31e79c7e9 None None] Loading extension file: network_segment_range.py {{(pid=102161) _load_all_extensions_from_path /opt/stack/neutron/neutron/api/extensions.py:449}}
Apr 04 10:30:25.175438 np0000163507 devstack@neutron-api.service[102160]: DEBUG oslo_concurrency.lockutils [None req-ed2d9a7f-9c81-44db-9ab5-eb936f3a6cfc None None] Lock "manager" "released" by "neutron.manager.NeutronManager._create_instance" :: held 4.551s {{(pid=102160) inner /opt/stack/data/venv/lib/python3.12/site-packages/oslo_concurrency/lockutils.py:538}}
Apr 04 10:30:25.175582 np0000163507 devstack@neutron-api.service[102160]: DEBUG neutron.api.extensions [None req-ed2d9a7f-9c81-44db-9ab5-eb936f3a6cfc None None] get_extension_paths = OrderedDict({'/opt/stack/neutron/neutron/extensions': 1}) {{(pid=102160) get_extensions_path /opt/stack/neutron/neutron/api/extensions.py:640}}
Apr 04 10:30:25.175718 np0000163507 devstack@neutron-api.service[102161]: DEBUG neutron.api.extensions [None req-f6993cc2-3f73-4c44-b708-e3b31e79c7e9 None None] Ext name="Neutron Network Segment Range" alias="network-segment-range" description="Provides support for the network segment range management" updated="2018-11-29T00:00:00-00:00" {{(pid=102161) _check_extension /opt/stack/neutron/neutron/api/extensions.py:415}}
Apr 04 10:30:25.175794 np0000163507 devstack@neutron-api.service[102160]: INFO neutron.api.extensions [None req-ed2d9a7f-9c81-44db-9ab5-eb936f3a6cfc None None] Initializing extension manager.
Apr 04 10:30:25.175871 np0000163507 devstack@neutron-api.service[102161]: INFO neutron.api.extensions [None req-f6993cc2-3f73-4c44-b708-e3b31e79c7e9 None None] Extension network-segment-range not supported by any of loaded plugins
Apr 04 10:30:25.175871 np0000163507 devstack@neutron-api.service[102161]: DEBUG neutron.api.extensions [None req-f6993cc2-3f73-4c44-b708-e3b31e79c7e9 None None] Loading extension file: pagination.py {{(pid=102161) _load_all_extensions_from_path /opt/stack/neutron/neutron/api/extensions.py:449}}
Apr 04 10:30:25.175973 np0000163507 devstack@neutron-api.service[102160]: DEBUG neutron.api.extensions [None req-ed2d9a7f-9c81-44db-9ab5-eb936f3a6cfc None None] Loading extension file: __init__.py {{(pid=102160) _load_all_extensions_from_path /opt/stack/neutron/neutron/api/extensions.py:449}}
Apr 04 10:30:25.176109 np0000163507 devstack@neutron-api.service[102160]: DEBUG neutron.api.extensions [None req-ed2d9a7f-9c81-44db-9ab5-eb936f3a6cfc None None] Loading extension file: __pycache__ {{(pid=102160) _load_all_extensions_from_path /opt/stack/neutron/neutron/api/extensions.py:449}}
Apr 04 10:30:25.176188 np0000163507 devstack@neutron-api.service[102161]: DEBUG neutron.api.extensions [None req-f6993cc2-3f73-4c44-b708-e3b31e79c7e9 None None] Ext name="Pagination support" alias="pagination" description="Extension that indicates that pagination is enabled." updated="2016-06-12T00:00:00-00:00" {{(pid=102161) _check_extension /opt/stack/neutron/neutron/api/extensions.py:415}}
Apr 04 10:30:25.176268 np0000163507 devstack@neutron-api.service[102160]: DEBUG neutron.api.extensions [None req-ed2d9a7f-9c81-44db-9ab5-eb936f3a6cfc None None] Loading extension file: address_group.py {{(pid=102160) _load_all_extensions_from_path /opt/stack/neutron/neutron/api/extensions.py:449}}
Apr 04 10:30:25.176383 np0000163507 devstack@neutron-api.service[102161]: INFO neutron.api.extensions [None req-f6993cc2-3f73-4c44-b708-e3b31e79c7e9 None None] Loaded extension: pagination
Apr 04 10:30:25.176383 np0000163507 devstack@neutron-api.service[102161]: DEBUG neutron.api.extensions [None req-f6993cc2-3f73-4c44-b708-e3b31e79c7e9 None None] Loading extension file: port_device_profile.py {{(pid=102161) _load_all_extensions_from_path /opt/stack/neutron/neutron/api/extensions.py:449}}
Apr 04 10:30:25.176578 np0000163507 devstack@neutron-api.service[102160]: DEBUG neutron.api.extensions [None req-ed2d9a7f-9c81-44db-9ab5-eb936f3a6cfc None None] Ext name="Address group" alias="address-group" description="Support address group" updated="2020-07-15T10:00:00-00:00" {{(pid=102160) _check_extension /opt/stack/neutron/neutron/api/extensions.py:415}}
Apr 04 10:30:25.176662 np0000163507 devstack@neutron-api.service[102161]: DEBUG neutron.api.extensions [None req-f6993cc2-3f73-4c44-b708-e3b31e79c7e9 None None] Ext name="Port device profile" alias="port-device-profile" description="Expose the port device profile (Cyborg)" updated="2020-12-17T10:00:00-00:00" {{(pid=102161) _check_extension /opt/stack/neutron/neutron/api/extensions.py:415}}
Apr 04 10:30:25.176662 np0000163507 devstack@neutron-api.service[102161]: INFO neutron.api.extensions [None req-f6993cc2-3f73-4c44-b708-e3b31e79c7e9 None None] Loaded extension: port-device-profile
Apr 04 10:30:25.176767 np0000163507 devstack@neutron-api.service[102160]: INFO neutron.api.extensions [None req-ed2d9a7f-9c81-44db-9ab5-eb936f3a6cfc None None] Loaded extension: address-group
Apr 04 10:30:25.176859 np0000163507 devstack@neutron-api.service[102161]: DEBUG neutron.api.extensions [None req-f6993cc2-3f73-4c44-b708-e3b31e79c7e9 None None] Loading extension file: port_hardware_offload_type.py {{(pid=102161) _load_all_extensions_from_path /opt/stack/neutron/neutron/api/extensions.py:449}}
Apr 04 10:30:25.176943 np0000163507 devstack@neutron-api.service[102160]: DEBUG neutron.api.extensions [None req-ed2d9a7f-9c81-44db-9ab5-eb936f3a6cfc None None] Loading extension file: address_scope.py {{(pid=102160) _load_all_extensions_from_path /opt/stack/neutron/neutron/api/extensions.py:449}}
Apr 04 10:30:25.177066 np0000163507 devstack@neutron-api.service[102161]: DEBUG neutron.api.extensions [None req-f6993cc2-3f73-4c44-b708-e3b31e79c7e9 None None] Ext name="Port hardware offload" alias="port-hardware-offload-type" description="Expose port hardware offload extension" updated="2023-05-09T10:00:00-00:00" {{(pid=102161) _check_extension /opt/stack/neutron/neutron/api/extensions.py:415}}
Apr 04 10:30:25.177228 np0000163507 devstack@neutron-api.service[102160]: DEBUG neutron.api.extensions [None req-ed2d9a7f-9c81-44db-9ab5-eb936f3a6cfc None None] Ext name="Address scope" alias="address-scope" description="Address scopes extension." updated="2015-07-26T10:00:00-00:00" {{(pid=102160) _check_extension /opt/stack/neutron/neutron/api/extensions.py:415}}
Apr 04 10:30:25.177319 np0000163507 devstack@neutron-api.service[102161]: INFO neutron.api.extensions [None req-f6993cc2-3f73-4c44-b708-e3b31e79c7e9 None None] Extension port-hardware-offload-type not supported by any of loaded plugins
Apr 04 10:30:25.177427 np0000163507 devstack@neutron-api.service[102158]: DEBUG neutron_lib.callbacks.manager [None req-c95f929e-8c2b-47f9-a8fd-2cbb24785781 None None] Subscribe: > router before_delete 55550000, False {{(pid=102158) subscribe /opt/stack/data/venv/lib/python3.12/site-packages/neutron_lib/callbacks/manager.py:52}}
Apr 04 10:30:25.177503 np0000163507 devstack@neutron-api.service[102161]: DEBUG neutron.api.extensions [None req-f6993cc2-3f73-4c44-b708-e3b31e79c7e9 None None] Loading extension file: port_hint_ovs_tx_steering.py {{(pid=102161) _load_all_extensions_from_path /opt/stack/neutron/neutron/api/extensions.py:449}}
Apr 04 10:30:25.177592 np0000163507 devstack@neutron-api.service[102158]: DEBUG neutron_lib.callbacks.manager [None req-c95f929e-8c2b-47f9-a8fd-2cbb24785781 None None] Subscribe: port after_update 55550000, False {{(pid=102158) subscribe /opt/stack/data/venv/lib/python3.12/site-packages/neutron_lib/callbacks/manager.py:52}}
Apr 04 10:30:25.177661 np0000163507 devstack@neutron-api.service[102160]: INFO neutron.api.extensions [None req-ed2d9a7f-9c81-44db-9ab5-eb936f3a6cfc None None] Loaded extension: address-scope
Apr 04 10:30:25.177740 np0000163507 devstack@neutron-api.service[102158]: DEBUG neutron_lib.callbacks.manager [None req-c95f929e-8c2b-47f9-a8fd-2cbb24785781 None None] Subscribe: port after_delete 55550000, False {{(pid=102158) subscribe /opt/stack/data/venv/lib/python3.12/site-packages/neutron_lib/callbacks/manager.py:52}}
Apr 04 10:30:25.177828 np0000163507 devstack@neutron-api.service[102161]: DEBUG neutron.api.extensions [None req-f6993cc2-3f73-4c44-b708-e3b31e79c7e9 None None] Ext name="Port hint: Open vSwitch Tx steering" alias="port-hint-ovs-tx-steering" description="Enable Port hint: Open vSwitch Tx steering" updated="2023-01-01T00:00:00-00:00" {{(pid=102161) _check_extension /opt/stack/neutron/neutron/api/extensions.py:415}}
Apr 04 10:30:25.177916 np0000163507 devstack@neutron-api.service[102160]: DEBUG neutron.api.extensions [None req-ed2d9a7f-9c81-44db-9ab5-eb936f3a6cfc None None] Loading extension file: admin_state_down_before_update.py {{(pid=102160) _load_all_extensions_from_path /opt/stack/neutron/neutron/api/extensions.py:449}}
Apr 04 10:30:25.178014 np0000163507 devstack@neutron-api.service[102158]: DEBUG neutron_lib.callbacks.manager [None req-c95f929e-8c2b-47f9-a8fd-2cbb24785781 None None] Subscribe: subnet after_update 55550000, False {{(pid=102158) subscribe /opt/stack/data/venv/lib/python3.12/site-packages/neutron_lib/callbacks/manager.py:52}}
Apr 04 10:30:25.178014 np0000163507 devstack@neutron-api.service[102158]: DEBUG neutron_lib.callbacks.manager [None req-c95f929e-8c2b-47f9-a8fd-2cbb24785781 None None] Subscribe: subnetpool_address_scope after_update 55550000, False {{(pid=102158) subscribe /opt/stack/data/venv/lib/python3.12/site-packages/neutron_lib/callbacks/manager.py:52}}
Apr 04 10:30:25.178200 np0000163507 devstack@neutron-api.service[102161]: INFO neutron.api.extensions [None req-f6993cc2-3f73-4c44-b708-e3b31e79c7e9 None None] Extension port-hint-ovs-tx-steering not supported by any of loaded plugins
Apr 04 10:30:25.178375 np0000163507 devstack@neutron-api.service[102158]: DEBUG neutron_lib.callbacks.manager [None req-c95f929e-8c2b-47f9-a8fd-2cbb24785781 None None] Subscribe: port before_update 55550000, False {{(pid=102158) subscribe /opt/stack/data/venv/lib/python3.12/site-packages/neutron_lib/callbacks/manager.py:52}}
Apr 04 10:30:25.178549 np0000163507 devstack@neutron-api.service[102161]: DEBUG neutron.api.extensions [None req-f6993cc2-3f73-4c44-b708-e3b31e79c7e9 None None] Loading extension file: port_hints.py {{(pid=102161) _load_all_extensions_from_path /opt/stack/neutron/neutron/api/extensions.py:449}}
Apr 04 10:30:25.178684 np0000163507 devstack@neutron-api.service[102160]: DEBUG neutron.api.extensions [None req-ed2d9a7f-9c81-44db-9ab5-eb936f3a6cfc None None] Ext name="Enforce Router's Admin State Down Before Update Extension" alias="router-admin-state-down-before-update" description="Ensure that the admin state of a router is DOWN (admin_state_up=False) before updating the distributed attribute" updated="2019-07-02T15:56:00" {{(pid=102160) _check_extension /opt/stack/neutron/neutron/api/extensions.py:415}}
Apr 04 10:30:25.178809 np0000163507 devstack@neutron-api.service[102158]: DEBUG neutron_lib.callbacks.manager [None req-c95f929e-8c2b-47f9-a8fd-2cbb24785781 None None] Subscribe: port after_update 55550000, False {{(pid=102158) subscribe /opt/stack/data/venv/lib/python3.12/site-packages/neutron_lib/callbacks/manager.py:52}}
Apr 04 10:30:25.178809 np0000163507 devstack@neutron-api.service[102158]: DEBUG neutron_lib.callbacks.manager [None req-c95f929e-8c2b-47f9-a8fd-2cbb24785781 None None] Subscribe: > port precommit_delete 55550000, False {{(pid=102158) subscribe /opt/stack/data/venv/lib/python3.12/site-packages/neutron_lib/callbacks/manager.py:52}}
Apr 04 10:30:25.178988 np0000163507 devstack@neutron-api.service[102160]: INFO neutron.api.extensions [None req-ed2d9a7f-9c81-44db-9ab5-eb936f3a6cfc None None] Extension router-admin-state-down-before-update not supported by any of loaded plugins
Apr 04 10:30:25.179121 np0000163507 devstack@neutron-api.service[102161]: DEBUG neutron.api.extensions [None req-f6993cc2-3f73-4c44-b708-e3b31e79c7e9 None None] Ext name="Port hints" alias="port-hints" description="Backend specific port hints to allow backend specific tuning" updated="2023-01-01T00:00:00-00:00" {{(pid=102161) _check_extension /opt/stack/neutron/neutron/api/extensions.py:415}}
Apr 04 10:30:25.179491 np0000163507 devstack@neutron-api.service[102158]: DEBUG neutron_lib.callbacks.manager [None req-c95f929e-8c2b-47f9-a8fd-2cbb24785781 None None] Subscribe: port before_update 55550000, False {{(pid=102158) subscribe /opt/stack/data/venv/lib/python3.12/site-packages/neutron_lib/callbacks/manager.py:52}}
Apr 04 10:30:25.179606 np0000163507 devstack@neutron-api.service[102160]: DEBUG neutron.api.extensions [None req-ed2d9a7f-9c81-44db-9ab5-eb936f3a6cfc None None] Loading extension file: agent.py {{(pid=102160) _load_all_extensions_from_path /opt/stack/neutron/neutron/api/extensions.py:449}}
Apr 04 10:30:25.179671 np0000163507 devstack@neutron-api.service[102158]: DEBUG neutron_lib.callbacks.manager [None req-c95f929e-8c2b-47f9-a8fd-2cbb24785781 None None] Subscribe: port before_delete 55550000, False {{(pid=102158) subscribe /opt/stack/data/venv/lib/python3.12/site-packages/neutron_lib/callbacks/manager.py:52}}
Apr 04 10:30:25.179744 np0000163507 devstack@neutron-api.service[102161]: INFO neutron.api.extensions [None req-f6993cc2-3f73-4c44-b708-e3b31e79c7e9 None None] Extension port-hints not supported by any of loaded plugins
Apr 04 10:30:25.179744 np0000163507 devstack@neutron-api.service[102161]: DEBUG neutron.api.extensions [None req-f6993cc2-3f73-4c44-b708-e3b31e79c7e9 None None] Loading extension file: port_mac_address_override.py {{(pid=102161) _load_all_extensions_from_path /opt/stack/neutron/neutron/api/extensions.py:449}}
Apr 04 10:30:25.179818 np0000163507 devstack@neutron-api.service[102158]: DEBUG neutron_lib.callbacks.manager [None req-c95f929e-8c2b-47f9-a8fd-2cbb24785781 None None] Subscribe: > router precommit_create 55550000, False {{(pid=102158) subscribe /opt/stack/data/venv/lib/python3.12/site-packages/neutron_lib/callbacks/manager.py:52}}
Apr 04 10:30:25.179818 np0000163507 devstack@neutron-api.service[102158]: DEBUG neutron_lib.callbacks.manager [None req-c95f929e-8c2b-47f9-a8fd-2cbb24785781 None None] Subscribe: > router precommit_create 55550000, False {{(pid=102158) subscribe /opt/stack/data/venv/lib/python3.12/site-packages/neutron_lib/callbacks/manager.py:52}}
Apr 04 10:30:25.179920 np0000163507 devstack@neutron-api.service[102160]: DEBUG neutron.api.extensions [None req-ed2d9a7f-9c81-44db-9ab5-eb936f3a6cfc None None] Ext name="agent" alias="agent" description="The agent management extension." updated="2013-02-03T10:00:00-00:00" {{(pid=102160) _check_extension /opt/stack/neutron/neutron/api/extensions.py:415}}
Apr 04 10:30:25.179973 np0000163507 devstack@neutron-api.service[102158]: DEBUG neutron_lib.callbacks.manager [None req-c95f929e-8c2b-47f9-a8fd-2cbb24785781 None None] Subscribe: > router precommit_update 55550000, False {{(pid=102158) subscribe /opt/stack/data/venv/lib/python3.12/site-packages/neutron_lib/callbacks/manager.py:52}}
Apr 04 10:30:25.180098 np0000163507 devstack@neutron-api.service[102161]: DEBUG neutron.api.extensions [None req-f6993cc2-3f73-4c44-b708-e3b31e79c7e9 None None] Ext name="Neutron Port MAC address override" alias="port-mac-override" description="Allow overriding the MAC address of a direct-physical Port via the active binding profile" updated="2022-03-18T10:00:00-00:00" {{(pid=102161) _check_extension /opt/stack/neutron/neutron/api/extensions.py:415}}
Apr 04 10:30:25.180150 np0000163507 devstack@neutron-api.service[102160]: INFO neutron.api.extensions [None req-ed2d9a7f-9c81-44db-9ab5-eb936f3a6cfc None None] Loaded extension: agent
Apr 04 10:30:25.180222 np0000163507 devstack@neutron-api.service[102158]: DEBUG neutron_lib.callbacks.manager [None req-c95f929e-8c2b-47f9-a8fd-2cbb24785781 None None] Subscribe: subnet after_update 55550000, False {{(pid=102158) subscribe /opt/stack/data/venv/lib/python3.12/site-packages/neutron_lib/callbacks/manager.py:52}}
Apr 04 10:30:25.180283 np0000163507 devstack@neutron-api.service[102160]: DEBUG neutron.api.extensions [None req-ed2d9a7f-9c81-44db-9ab5-eb936f3a6cfc None None] Loading extension file: agent_resources_synced.py {{(pid=102160) _load_all_extensions_from_path /opt/stack/neutron/neutron/api/extensions.py:449}}
Apr 04 10:30:25.180455 np0000163507 devstack@neutron-api.service[102161]: INFO neutron.api.extensions [None req-f6993cc2-3f73-4c44-b708-e3b31e79c7e9 None None] Extension port-mac-override not supported by any of loaded plugins
Apr 04 10:30:25.180455 np0000163507 devstack@neutron-api.service[102161]: DEBUG neutron.api.extensions [None req-f6993cc2-3f73-4c44-b708-e3b31e79c7e9 None None] Loading extension file: port_mac_address_regenerate.py {{(pid=102161) _load_all_extensions_from_path /opt/stack/neutron/neutron/api/extensions.py:449}}
Apr 04 10:30:25.180548 np0000163507 devstack@neutron-api.service[102160]: DEBUG neutron.api.extensions [None req-ed2d9a7f-9c81-44db-9ab5-eb936f3a6cfc None None] Ext name="Agent's Resource View Synced to Placement" alias="agent-resources-synced" description="Stores success/failure of last sync to Placement" updated="2018-12-19T00:00:00-00:00" {{(pid=102160) _check_extension /opt/stack/neutron/neutron/api/extensions.py:415}}
Apr 04 10:30:25.180679 np0000163507 devstack@neutron-api.service[102161]: DEBUG neutron.api.extensions [None req-f6993cc2-3f73-4c44-b708-e3b31e79c7e9 None None] Ext name="Neutron Port MAC address regenerate" alias="port-mac-address-regenerate" description="Network port MAC address regenerate" updated="2018-05-03T10:00:00-00:00" {{(pid=102161) _check_extension /opt/stack/neutron/neutron/api/extensions.py:415}}
Apr 04 10:30:25.180738 np0000163507 devstack@neutron-api.service[102160]: INFO neutron.api.extensions [None req-ed2d9a7f-9c81-44db-9ab5-eb936f3a6cfc None None] Extension agent-resources-synced not supported by any of loaded plugins
Apr 04 10:30:25.180886 np0000163507 devstack@neutron-api.service[102161]: INFO neutron.api.extensions [None req-f6993cc2-3f73-4c44-b708-e3b31e79c7e9 None None] Loaded extension: port-mac-address-regenerate
Apr 04 10:30:25.180949 np0000163507 devstack@neutron-api.service[102160]: DEBUG neutron.api.extensions [None req-ed2d9a7f-9c81-44db-9ab5-eb936f3a6cfc None None] Loading extension file: allowedaddresspairs.py {{(pid=102160) _load_all_extensions_from_path /opt/stack/neutron/neutron/api/extensions.py:449}}
Apr 04 10:30:25.181172 np0000163507 devstack@neutron-api.service[102161]: DEBUG neutron.api.extensions [None req-f6993cc2-3f73-4c44-b708-e3b31e79c7e9 None None] Loading extension file: port_numa_affinity_policy.py {{(pid=102161) _load_all_extensions_from_path /opt/stack/neutron/neutron/api/extensions.py:449}}
Apr 04 10:30:25.181245 np0000163507 devstack@neutron-api.service[102158]: DEBUG neutron.quota.resource_registry [None req-c95f929e-8c2b-47f9-a8fd-2cbb24785781 None None] Tracking information for resource: router configured {{(pid=102158) set_tracked_resource /opt/stack/neutron/neutron/quota/resource_registry.py:203}}
Apr 04 10:30:25.181245 np0000163507 devstack@neutron-api.service[102158]: DEBUG neutron.quota.resource_registry [None req-c95f929e-8c2b-47f9-a8fd-2cbb24785781 None None] Tracking information for resource: floatingip configured {{(pid=102158) set_tracked_resource /opt/stack/neutron/neutron/quota/resource_registry.py:203}}
Apr 04 10:30:25.181355 np0000163507 devstack@neutron-api.service[102161]: DEBUG neutron.api.extensions [None req-f6993cc2-3f73-4c44-b708-e3b31e79c7e9 None None] Ext name="Port NUMA affinity policy" alias="port-numa-affinity-policy" description="Expose the port NUMA affinity policy" updated="2020-07-08T10:00:00-00:00" {{(pid=102161) _check_extension /opt/stack/neutron/neutron/api/extensions.py:415}}
Apr 04 10:30:25.181427 np0000163507 devstack@neutron-api.service[102158]: INFO neutron.services.ovn_l3.plugin [None req-c95f929e-8c2b-47f9-a8fd-2cbb24785781 None None] Starting OVNL3RouterPlugin
Apr 04 10:30:25.181516 np0000163507 devstack@neutron-api.service[102161]: INFO neutron.api.extensions [None req-f6993cc2-3f73-4c44-b708-e3b31e79c7e9 None None] Loaded extension: port-numa-affinity-policy
Apr 04 10:30:25.181590 np0000163507 devstack@neutron-api.service[102158]: DEBUG neutron_lib.callbacks.manager [None req-c95f929e-8c2b-47f9-a8fd-2cbb24785781 None None] Subscribe: > port_forwarding_plugin after_init 55550000, False {{(pid=102158) subscribe /opt/stack/data/venv/lib/python3.12/site-packages/neutron_lib/callbacks/manager.py:52}}
Apr 04 10:30:25.181651 np0000163507 devstack@neutron-api.service[102161]: DEBUG neutron.api.extensions [None req-f6993cc2-3f73-4c44-b708-e3b31e79c7e9 None None] Loading extension file: port_numa_affinity_policy_socket.py {{(pid=102161) _load_all_extensions_from_path /opt/stack/neutron/neutron/api/extensions.py:449}}
Apr 04 10:30:25.181709 np0000163507 devstack@neutron-api.service[102160]: DEBUG neutron.api.extensions [None req-ed2d9a7f-9c81-44db-9ab5-eb936f3a6cfc None None] Ext name="Allowed Address Pairs" alias="allowed-address-pairs" description="Provides allowed address pairs" updated="2013-07-23T10:00:00-00:00" {{(pid=102160) _check_extension /opt/stack/neutron/neutron/api/extensions.py:415}}
Apr 04 10:30:25.181771 np0000163507 devstack@neutron-api.service[102158]: DEBUG neutron_lib.callbacks.manager [None req-c95f929e-8c2b-47f9-a8fd-2cbb24785781 None None] Subscribe: > router before_create 55550100, False {{(pid=102158) subscribe /opt/stack/data/venv/lib/python3.12/site-packages/neutron_lib/callbacks/manager.py:52}}
Apr 04 10:30:25.182014 np0000163507 devstack@neutron-api.service[102161]: DEBUG neutron.api.extensions [None req-f6993cc2-3f73-4c44-b708-e3b31e79c7e9 None None] Ext name="Port NUMA affinity policy "socket"" alias="port-numa-affinity-policy-socket" description="Adds "socket" to the supported port NUMA affinity policies" updated="2024-02-09T10:00:00-00:00" {{(pid=102161) _check_extension /opt/stack/neutron/neutron/api/extensions.py:415}}
Apr 04 10:30:25.182087 np0000163507 devstack@neutron-api.service[102158]: DEBUG neutron_lib.callbacks.manager [None req-c95f929e-8c2b-47f9-a8fd-2cbb24785781 None None] Subscribe: > router precommit_delete 55550100, False {{(pid=102158) subscribe /opt/stack/data/venv/lib/python3.12/site-packages/neutron_lib/callbacks/manager.py:52}}
Apr 04 10:30:25.182139 np0000163507 devstack@neutron-api.service[102160]: INFO neutron.api.extensions [None req-ed2d9a7f-9c81-44db-9ab5-eb936f3a6cfc None None] Loaded extension: allowed-address-pairs
Apr 04 10:30:25.182213 np0000163507 devstack@neutron-api.service[102158]: DEBUG neutron_lib.callbacks.manager [None req-c95f929e-8c2b-47f9-a8fd-2cbb24785781 None None] Subscribe: > router precommit_create 55550100, False {{(pid=102158) subscribe /opt/stack/data/venv/lib/python3.12/site-packages/neutron_lib/callbacks/manager.py:52}}
Apr 04 10:30:25.182240 np0000163507 devstack@neutron-api.service[102161]: INFO neutron.api.extensions [None req-f6993cc2-3f73-4c44-b708-e3b31e79c7e9 None None] Loaded extension: port-numa-affinity-policy-socket
Apr 04 10:30:25.182333 np0000163507 devstack@neutron-api.service[102160]: DEBUG neutron.api.extensions [None req-ed2d9a7f-9c81-44db-9ab5-eb936f3a6cfc None None] Loading extension file: auto_allocated_topology.py {{(pid=102160) _load_all_extensions_from_path /opt/stack/neutron/neutron/api/extensions.py:449}}
Apr 04 10:30:25.182361 np0000163507 devstack@neutron-api.service[102158]: DEBUG neutron_lib.callbacks.manager [None req-c95f929e-8c2b-47f9-a8fd-2cbb24785781 None None] Subscribe: > router precommit_update 55550100, False {{(pid=102158) subscribe /opt/stack/data/venv/lib/python3.12/site-packages/neutron_lib/callbacks/manager.py:52}}
Apr 04 10:30:25.182434 np0000163507 devstack@neutron-api.service[102161]: DEBUG neutron.api.extensions [None req-f6993cc2-3f73-4c44-b708-e3b31e79c7e9 None None] Loading extension file: port_resource_request.py {{(pid=102161) _load_all_extensions_from_path /opt/stack/neutron/neutron/api/extensions.py:449}}
Apr 04 10:30:25.182473 np0000163507 devstack@neutron-api.service[102160]: DEBUG neutron.api.extensions [None req-ed2d9a7f-9c81-44db-9ab5-eb936f3a6cfc None None] Ext name="Auto Allocated Topology Services" alias="auto-allocated-topology" description="Auto Allocated Topology Services." updated="2016-01-01T00:00:00-00:00" {{(pid=102160) _check_extension /opt/stack/neutron/neutron/api/extensions.py:415}}
Apr 04 10:30:25.182524 np0000163507 devstack@neutron-api.service[102161]: DEBUG neutron.api.extensions [None req-f6993cc2-3f73-4c44-b708-e3b31e79c7e9 None None] Ext name="Port Resource Request" alias="port-resource-request" description="Expose resource request to Port" updated="2018-05-08T10:00:00-00:00" {{(pid=102161) _check_extension /opt/stack/neutron/neutron/api/extensions.py:415}}
Apr 04 10:30:25.182557 np0000163507 devstack@neutron-api.service[102160]: INFO neutron.api.extensions [None req-ed2d9a7f-9c81-44db-9ab5-eb936f3a6cfc None None] Loaded extension: auto-allocated-topology
Apr 04 10:30:25.182613 np0000163507 devstack@neutron-api.service[102161]: INFO neutron.api.extensions [None req-f6993cc2-3f73-4c44-b708-e3b31e79c7e9 None None] Extension port-resource-request not supported by any of loaded plugins
Apr 04 10:30:25.182638 np0000163507 devstack@neutron-api.service[102160]: DEBUG neutron.api.extensions [None req-ed2d9a7f-9c81-44db-9ab5-eb936f3a6cfc None None] Loading extension file: availability_zone.py {{(pid=102160) _load_all_extensions_from_path /opt/stack/neutron/neutron/api/extensions.py:449}}
Apr 04 10:30:25.182668 np0000163507 devstack@neutron-api.service[102161]: DEBUG neutron.api.extensions [None req-f6993cc2-3f73-4c44-b708-e3b31e79c7e9 None None] Loading extension file: port_resource_request_groups.py {{(pid=102161) _load_all_extensions_from_path /opt/stack/neutron/neutron/api/extensions.py:449}}
Apr 04 10:30:25.182668 np0000163507 devstack@neutron-api.service[102161]: DEBUG neutron.api.extensions [None req-f6993cc2-3f73-4c44-b708-e3b31e79c7e9 None None] Ext name="Port Resource Request Groups" alias="port-resource-request-groups" description="Support requesting multiple groups of resources and traits from the same RP subtree in resource_request" updated="2021-08-02T10:00:00-00:00" {{(pid=102161) _check_extension /opt/stack/neutron/neutron/api/extensions.py:415}}
Apr 04 10:30:25.182753 np0000163507 devstack@neutron-api.service[102160]: DEBUG neutron.api.extensions [None req-ed2d9a7f-9c81-44db-9ab5-eb936f3a6cfc None None] Ext name="Availability Zone" alias="availability_zone" description="The availability zone extension." updated="2015-01-01T10:00:00-00:00" {{(pid=102160) _check_extension /opt/stack/neutron/neutron/api/extensions.py:415}}
Apr 04 10:30:25.182813 np0000163507 devstack@neutron-api.service[102161]: INFO neutron.api.extensions [None req-f6993cc2-3f73-4c44-b708-e3b31e79c7e9 None None] Extension port-resource-request-groups not supported by any of loaded plugins
Apr 04 10:30:25.182838 np0000163507 devstack@neutron-api.service[102160]: INFO neutron.api.extensions [None req-ed2d9a7f-9c81-44db-9ab5-eb936f3a6cfc None None] Loaded extension: availability_zone
Apr 04 10:30:25.182867 np0000163507 devstack@neutron-api.service[102161]: DEBUG neutron.api.extensions [None req-f6993cc2-3f73-4c44-b708-e3b31e79c7e9 None None] Loading extension file: port_trusted_vif.py {{(pid=102161) _load_all_extensions_from_path /opt/stack/neutron/neutron/api/extensions.py:449}}
Apr 04 10:30:25.182893 np0000163507 devstack@neutron-api.service[102160]: DEBUG neutron.api.extensions [None req-ed2d9a7f-9c81-44db-9ab5-eb936f3a6cfc None None] Loading extension file: availability_zone_filter.py {{(pid=102160) _load_all_extensions_from_path /opt/stack/neutron/neutron/api/extensions.py:449}}
Apr 04 10:30:25.182956 np0000163507 devstack@neutron-api.service[102161]: DEBUG neutron.api.extensions [None req-f6993cc2-3f73-4c44-b708-e3b31e79c7e9 None None] Ext name="Port trusted vif" alias="port-trusted-vif" description="Expose port 'trusted' attribute in the API" updated="2024-07-10T10:00:00-00:00" {{(pid=102161) _check_extension /opt/stack/neutron/neutron/api/extensions.py:415}}
Apr 04 10:30:25.182989 np0000163507 devstack@neutron-api.service[102160]: DEBUG neutron.api.extensions [None req-ed2d9a7f-9c81-44db-9ab5-eb936f3a6cfc None None] Ext name="Availability Zone Filter Extension" alias="availability_zone_filter" description="Add filter parameters to AvailabilityZone resource" updated="2018-06-22T10:00:00-00:00" {{(pid=102160) _check_extension /opt/stack/neutron/neutron/api/extensions.py:415}}
Apr 04 10:30:25.183048 np0000163507 devstack@neutron-api.service[102161]: INFO neutron.api.extensions [None req-f6993cc2-3f73-4c44-b708-e3b31e79c7e9 None None] Extension port-trusted-vif not supported by any of loaded plugins
Apr 04 10:30:25.183119 np0000163507 devstack@neutron-api.service[102160]: INFO neutron.api.extensions [None req-ed2d9a7f-9c81-44db-9ab5-eb936f3a6cfc None None] Extension availability_zone_filter not supported by any of loaded plugins
Apr 04 10:30:25.183155 np0000163507 devstack@neutron-api.service[102161]: DEBUG neutron.api.extensions [None req-f6993cc2-3f73-4c44-b708-e3b31e79c7e9 None None] Loading extension file: portbindings.py {{(pid=102161) _load_all_extensions_from_path /opt/stack/neutron/neutron/api/extensions.py:449}}
Apr 04 10:30:25.183220 np0000163507 devstack@neutron-api.service[102160]: DEBUG neutron.api.extensions [None req-ed2d9a7f-9c81-44db-9ab5-eb936f3a6cfc None None] Loading extension file: data_plane_status.py {{(pid=102160) _load_all_extensions_from_path /opt/stack/neutron/neutron/api/extensions.py:449}}
Apr 04 10:30:25.183278 np0000163507 devstack@neutron-api.service[102161]: DEBUG neutron.api.extensions [None req-f6993cc2-3f73-4c44-b708-e3b31e79c7e9 None None] Ext name="Port Binding" alias="binding" description="Expose port bindings of a virtual port to external application" updated="2014-02-03T10:00:00-00:00" {{(pid=102161) _check_extension /opt/stack/neutron/neutron/api/extensions.py:415}}
Apr 04 10:30:25.183308 np0000163507 devstack@neutron-api.service[102160]: DEBUG neutron.api.extensions [None req-ed2d9a7f-9c81-44db-9ab5-eb936f3a6cfc None None] Ext name="Port data plane status extension" alias="data-plane-status" description="Expose status of underlying data plane" updated="2017-01-24T10:00:00-00:00" {{(pid=102160) _check_extension /opt/stack/neutron/neutron/api/extensions.py:415}}
Apr 04 10:30:25.183375 np0000163507 devstack@neutron-api.service[102161]: INFO neutron.api.extensions [None req-f6993cc2-3f73-4c44-b708-e3b31e79c7e9 None None] Loaded extension: binding
Apr 04 10:30:25.183375 np0000163507 devstack@neutron-api.service[102161]: DEBUG neutron.api.extensions [None req-f6993cc2-3f73-4c44-b708-e3b31e79c7e9 None None] Loading extension file: portbindings_extended.py {{(pid=102161) _load_all_extensions_from_path /opt/stack/neutron/neutron/api/extensions.py:449}}
Apr 04 10:30:25.183443 np0000163507 devstack@neutron-api.service[102160]: INFO neutron.api.extensions [None req-ed2d9a7f-9c81-44db-9ab5-eb936f3a6cfc None None] Extension data-plane-status not supported by any of loaded plugins
Apr 04 10:30:25.183443 np0000163507 devstack@neutron-api.service[102160]: DEBUG neutron.api.extensions [None req-ed2d9a7f-9c81-44db-9ab5-eb936f3a6cfc None None] Loading extension file: default_subnetpools.py {{(pid=102160) _load_all_extensions_from_path /opt/stack/neutron/neutron/api/extensions.py:449}}
Apr 04 10:30:25.183539 np0000163507 devstack@neutron-api.service[102161]: DEBUG neutron.api.extensions [None req-f6993cc2-3f73-4c44-b708-e3b31e79c7e9 None None] Ext name="Port Bindings Extended" alias="binding-extended" description="Expose port bindings of a virtual port to external application" updated="2017-07-17T10:00:00-00:00" {{(pid=102161) _check_extension /opt/stack/neutron/neutron/api/extensions.py:415}}
Apr 04 10:30:25.183607 np0000163507 devstack@neutron-api.service[102160]: DEBUG neutron.api.extensions [None req-ed2d9a7f-9c81-44db-9ab5-eb936f3a6cfc None None] Ext name="Default Subnetpools" alias="default-subnetpools" description="Provides ability to mark and use a subnetpool as the default." updated="2016-02-18T18:00:00-00:00" {{(pid=102160) _check_extension /opt/stack/neutron/neutron/api/extensions.py:415}}
Apr 04 10:30:25.183636 np0000163507 devstack@neutron-api.service[102161]: INFO neutron.api.extensions [None req-f6993cc2-3f73-4c44-b708-e3b31e79c7e9 None None] Loaded extension: binding-extended
Apr 04 10:30:25.183636 np0000163507 devstack@neutron-api.service[102161]: DEBUG neutron.api.extensions [None req-f6993cc2-3f73-4c44-b708-e3b31e79c7e9 None None] Loading extension file: portsecurity.py {{(pid=102161) _load_all_extensions_from_path /opt/stack/neutron/neutron/api/extensions.py:449}}
Apr 04 10:30:25.183750 np0000163507 devstack@neutron-api.service[102160]: INFO neutron.api.extensions [None req-ed2d9a7f-9c81-44db-9ab5-eb936f3a6cfc None None] Loaded extension: default-subnetpools
Apr 04 10:30:25.183750 np0000163507 devstack@neutron-api.service[102160]: DEBUG neutron.api.extensions [None req-ed2d9a7f-9c81-44db-9ab5-eb936f3a6cfc None None] Loading extension file: dhcpagentscheduler.py {{(pid=102160) _load_all_extensions_from_path /opt/stack/neutron/neutron/api/extensions.py:449}}
Apr 04 10:30:25.183802 np0000163507 devstack@neutron-api.service[102161]: DEBUG neutron.api.extensions [None req-f6993cc2-3f73-4c44-b708-e3b31e79c7e9 None None] Ext name="Port Security" alias="port-security" description="Provides port security" updated="2012-07-23T10:00:00-00:00" {{(pid=102161) _check_extension /opt/stack/neutron/neutron/api/extensions.py:415}}
Apr 04 10:30:25.183802 np0000163507 devstack@neutron-api.service[102161]: INFO neutron.api.extensions [None req-f6993cc2-3f73-4c44-b708-e3b31e79c7e9 None None] Loaded extension: port-security
Apr 04 10:30:25.183802 np0000163507 devstack@neutron-api.service[102161]: DEBUG neutron.api.extensions [None req-f6993cc2-3f73-4c44-b708-e3b31e79c7e9 None None] Loading extension file: project_id.py {{(pid=102161) _load_all_extensions_from_path /opt/stack/neutron/neutron/api/extensions.py:449}}
Apr 04 10:30:25.183938 np0000163507 devstack@neutron-api.service[102160]: DEBUG neutron.api.extensions [None req-ed2d9a7f-9c81-44db-9ab5-eb936f3a6cfc None None] Ext name="DHCP Agent Scheduler" alias="dhcp_agent_scheduler" description="Schedule networks among dhcp agents" updated="2013-02-07T10:00:00-00:00" {{(pid=102160) _check_extension /opt/stack/neutron/neutron/api/extensions.py:415}}
Apr 04 10:30:25.183938 np0000163507 devstack@neutron-api.service[102160]: INFO neutron.api.extensions [None req-ed2d9a7f-9c81-44db-9ab5-eb936f3a6cfc None None] Loaded extension: dhcp_agent_scheduler
Apr 04 10:30:25.184017 np0000163507 devstack@neutron-api.service[102161]: DEBUG neutron.api.extensions [None req-f6993cc2-3f73-4c44-b708-e3b31e79c7e9 None None] Ext name="project_id field enabled" alias="project-id" description="Extension that indicates that project_id field is enabled." updated="2016-09-09T09:09:09-09:09" {{(pid=102161) _check_extension /opt/stack/neutron/neutron/api/extensions.py:415}}
Apr 04 10:30:25.184045 np0000163507 devstack@neutron-api.service[102160]: DEBUG neutron.api.extensions [None req-ed2d9a7f-9c81-44db-9ab5-eb936f3a6cfc None None] Loading extension file: dns.py {{(pid=102160) _load_all_extensions_from_path /opt/stack/neutron/neutron/api/extensions.py:449}}
Apr 04 10:30:25.184072 np0000163507 devstack@neutron-api.service[102161]: INFO neutron.api.extensions [None req-f6993cc2-3f73-4c44-b708-e3b31e79c7e9 None None] Loaded extension: project-id
Apr 04 10:30:25.184097 np0000163507 devstack@neutron-api.service[102158]: DEBUG neutron.services.provider_configuration [None req-c95f929e-8c2b-47f9-a8fd-2cbb24785781 None None] Service providers = [] {{(pid=102158) parse_service_provider_opt /opt/stack/neutron/neutron/services/provider_configuration.py:170}}
Apr 04 10:30:25.184126 np0000163507 devstack@neutron-api.service[102161]: DEBUG neutron.api.extensions [None req-f6993cc2-3f73-4c44-b708-e3b31e79c7e9 None None] Loading extension file: providernet.py {{(pid=102161) _load_all_extensions_from_path /opt/stack/neutron/neutron/api/extensions.py:449}}
Apr 04 10:30:25.184156 np0000163507 devstack@neutron-api.service[102158]: DEBUG neutron.db.servicetype_db [None req-c95f929e-8c2b-47f9-a8fd-2cbb24785781 None None] Adding provider configuration for service L3_ROUTER_NAT {{(pid=102158) add_provider_configuration /opt/stack/neutron/neutron/db/servicetype_db.py:42}}
Apr 04 10:30:25.184198 np0000163507 devstack@neutron-api.service[102160]: DEBUG neutron.api.extensions [None req-ed2d9a7f-9c81-44db-9ab5-eb936f3a6cfc None None] Ext name="DNS Integration" alias="dns-integration" description="Provides integration with DNS." updated="2015-08-15T18:00:00-00:00" {{(pid=102160) _check_extension /opt/stack/neutron/neutron/api/extensions.py:415}}
Apr 04 10:30:25.184274 np0000163507 devstack@neutron-api.service[102161]: DEBUG neutron.api.extensions [None req-f6993cc2-3f73-4c44-b708-e3b31e79c7e9 None None] Ext name="Provider Network" alias="provider" description="Expose mapping of virtual networks to physical networks" updated="2012-09-07T10:00:00-00:00" {{(pid=102161) _check_extension /opt/stack/neutron/neutron/api/extensions.py:415}}
Apr 04 10:30:25.184311 np0000163507 devstack@neutron-api.service[102160]: INFO neutron.api.extensions [None req-ed2d9a7f-9c81-44db-9ab5-eb936f3a6cfc None None] Loaded extension: dns-integration
Apr 04 10:30:25.184311 np0000163507 devstack@neutron-api.service[102160]: DEBUG neutron.api.extensions [None req-ed2d9a7f-9c81-44db-9ab5-eb936f3a6cfc None None] Loading extension file: dns_domain_ports.py {{(pid=102160) _load_all_extensions_from_path /opt/stack/neutron/neutron/api/extensions.py:449}}
Apr 04 10:30:25.184382 np0000163507 devstack@neutron-api.service[102161]: INFO neutron.api.extensions [None req-f6993cc2-3f73-4c44-b708-e3b31e79c7e9 None None] Loaded extension: provider
Apr 04 10:30:25.184382 np0000163507 devstack@neutron-api.service[102161]: DEBUG neutron.api.extensions [None req-f6993cc2-3f73-4c44-b708-e3b31e79c7e9 None None] Loading extension file: qinq.py {{(pid=102161) _load_all_extensions_from_path /opt/stack/neutron/neutron/api/extensions.py:449}}
Apr 04 10:30:25.184479 np0000163507 devstack@neutron-api.service[102160]: DEBUG neutron.api.extensions [None req-ed2d9a7f-9c81-44db-9ab5-eb936f3a6cfc None None] Ext name="dns_domain for ports" alias="dns-domain-ports" description="Allows the DNS domain to be specified for a network port." updated="2017-04-24T10:00:00-00:00" {{(pid=102160) _check_extension /opt/stack/neutron/neutron/api/extensions.py:415}}
Apr 04 10:30:25.184533 np0000163507 devstack@neutron-api.service[102161]: DEBUG neutron.api.extensions [None req-f6993cc2-3f73-4c44-b708-e3b31e79c7e9 None None] Ext name="QinQ networks" alias="qinq" description="Expose network 'qinq' attribute in the API. This allows to configure network to allow vlan in vlan configuration using 0x8a88 ethertype (QinQ)." updated="2024-12-02T10:00:00-00:00" {{(pid=102161) _check_extension /opt/stack/neutron/neutron/api/extensions.py:415}}
Apr 04 10:30:25.184575 np0000163507 devstack@neutron-api.service[102160]: INFO neutron.api.extensions [None req-ed2d9a7f-9c81-44db-9ab5-eb936f3a6cfc None None] Loaded extension: dns-domain-ports
Apr 04 10:30:25.184575 np0000163507 devstack@neutron-api.service[102160]: DEBUG neutron.api.extensions [None req-ed2d9a7f-9c81-44db-9ab5-eb936f3a6cfc None None] Loading extension file: dns_integration_domain_keywords.py {{(pid=102160) _load_all_extensions_from_path /opt/stack/neutron/neutron/api/extensions.py:449}}
Apr 04 10:30:25.184637 np0000163507 devstack@neutron-api.service[102161]: INFO neutron.api.extensions [None req-f6993cc2-3f73-4c44-b708-e3b31e79c7e9 None None] Loaded extension: qinq
Apr 04 10:30:25.184637 np0000163507 devstack@neutron-api.service[102161]: DEBUG neutron.api.extensions [None req-f6993cc2-3f73-4c44-b708-e3b31e79c7e9 None None] Loading extension file: qos.py {{(pid=102161) _load_all_extensions_from_path /opt/stack/neutron/neutron/api/extensions.py:449}}
Apr 04 10:30:25.184710 np0000163507 devstack@neutron-api.service[102160]: DEBUG neutron.api.extensions [None req-ed2d9a7f-9c81-44db-9ab5-eb936f3a6cfc None None] Ext name="DNS domain names with keywords allowed" alias="dns-integration-domain-keywords" description="Allows to use keywords like , , and as DNS domain name" updated="2020-06-15T18:00:00-00:00" {{(pid=102160) _check_extension /opt/stack/neutron/neutron/api/extensions.py:415}}
Apr 04 10:30:25.184710 np0000163507 devstack@neutron-api.service[102160]: INFO neutron.api.extensions [None req-ed2d9a7f-9c81-44db-9ab5-eb936f3a6cfc None None] Loaded extension: dns-integration-domain-keywords
Apr 04 10:30:25.184777 np0000163507 devstack@neutron-api.service[102158]: DEBUG neutron_lib.callbacks.manager [None req-c95f929e-8c2b-47f9-a8fd-2cbb24785781 None None] Subscribe: > router precommit_create 55549900, False {{(pid=102158) subscribe /opt/stack/data/venv/lib/python3.12/site-packages/neutron_lib/callbacks/manager.py:52}}
Apr 04 10:30:25.184817 np0000163507 devstack@neutron-api.service[102160]: DEBUG neutron.api.extensions [None req-ed2d9a7f-9c81-44db-9ab5-eb936f3a6cfc None None] Loading extension file: dvr.py {{(pid=102160) _load_all_extensions_from_path /opt/stack/neutron/neutron/api/extensions.py:449}}
Apr 04 10:30:25.184853 np0000163507 devstack@neutron-api.service[102158]: DEBUG neutron_lib.callbacks.manager [None req-c95f929e-8c2b-47f9-a8fd-2cbb24785781 None None] Subscribe: > router_interface after_create 55550000, False {{(pid=102158) subscribe /opt/stack/data/venv/lib/python3.12/site-packages/neutron_lib/callbacks/manager.py:52}}
Apr 04 10:30:25.184960 np0000163507 devstack@neutron-api.service[102158]: DEBUG neutron_lib.callbacks.manager [None req-c95f929e-8c2b-47f9-a8fd-2cbb24785781 None None] Subscribe: > floatingip after_create 55550000, False {{(pid=102158) subscribe /opt/stack/data/venv/lib/python3.12/site-packages/neutron_lib/callbacks/manager.py:52}}
Apr 04 10:30:25.184996 np0000163507 devstack@neutron-api.service[102160]: DEBUG neutron.api.extensions [None req-ed2d9a7f-9c81-44db-9ab5-eb936f3a6cfc None None] Ext name="Distributed Virtual Router" alias="dvr" description="Enables configuration of Distributed Virtual Routers." updated="2014-06-1T10:00:00-00:00" {{(pid=102160) _check_extension /opt/stack/neutron/neutron/api/extensions.py:415}}
Apr 04 10:30:25.185061 np0000163507 devstack@neutron-api.service[102158]: DEBUG neutron_lib.callbacks.manager [None req-c95f929e-8c2b-47f9-a8fd-2cbb24785781 None None] Subscribe: > floatingip precommit_create 55550000, False {{(pid=102158) subscribe /opt/stack/data/venv/lib/python3.12/site-packages/neutron_lib/callbacks/manager.py:52}}
Apr 04 10:30:25.185190 np0000163507 devstack@neutron-api.service[102161]: DEBUG neutron.api.extensions [None req-f6993cc2-3f73-4c44-b708-e3b31e79c7e9 None None] Ext name="Quality of Service" alias="qos" description="The Quality of Service extension." updated="2015-06-08T10:00:00-00:00" {{(pid=102161) _check_extension /opt/stack/neutron/neutron/api/extensions.py:415}}
Apr 04 10:30:25.185240 np0000163507 devstack@neutron-api.service[102160]: INFO neutron.api.extensions [None req-ed2d9a7f-9c81-44db-9ab5-eb936f3a6cfc None None] Extension dvr not supported by any of loaded plugins
Apr 04 10:30:25.185281 np0000163507 devstack@neutron-api.service[102158]: DEBUG neutron_lib.callbacks.manager [None req-c95f929e-8c2b-47f9-a8fd-2cbb24785781 None None] Subscribe: > floatingip precommit_update 55550000, False {{(pid=102158) subscribe /opt/stack/data/venv/lib/python3.12/site-packages/neutron_lib/callbacks/manager.py:52}}
Apr 04 10:30:25.185317 np0000163507 devstack@neutron-api.service[102160]: DEBUG neutron.api.extensions [None req-ed2d9a7f-9c81-44db-9ab5-eb936f3a6cfc None None] Loading extension file: ecmp_routes.py {{(pid=102160) _load_all_extensions_from_path /opt/stack/neutron/neutron/api/extensions.py:449}}
Apr 04 10:30:25.185348 np0000163507 devstack@neutron-api.service[102158]: DEBUG neutron_lib.callbacks.manager [None req-c95f929e-8c2b-47f9-a8fd-2cbb24785781 None None] Subscribe: > floatingip after_delete 55550000, False {{(pid=102158) subscribe /opt/stack/data/venv/lib/python3.12/site-packages/neutron_lib/callbacks/manager.py:52}}
Apr 04 10:30:25.185379 np0000163507 devstack@neutron-api.service[102161]: INFO neutron.api.extensions [None req-f6993cc2-3f73-4c44-b708-e3b31e79c7e9 None None] Extension qos not supported by any of loaded plugins
Apr 04 10:30:25.185431 np0000163507 devstack@neutron-api.service[102158]: DEBUG neutron_lib.callbacks.manager [None req-c95f929e-8c2b-47f9-a8fd-2cbb24785781 None None] Subscribe: > floatingip after_status_update 55550000, False {{(pid=102158) subscribe /opt/stack/data/venv/lib/python3.12/site-packages/neutron_lib/callbacks/manager.py:52}}
