2026-04-30 12:26:07.124 8 INFO neutron.services.segments.plugin [-] Segment d5d0fa5c-ae8c-4c34-9e1f-a7dcc9c18446 resource provider not found; error: Placement Client Error (4xx): {"errors": [{"status": 404, "title": "Not Found", "detail": "The resource could not be found.\n\n No resource provider with uuid d5d0fa5c-ae8c-4c34-9e1f-a7dcc9c18446 found for delete ", "request_id": "req-01feb7b9-9ea6-45d7-9b24-149351840777"}]} [pid: 8|app: 0|req: 596/1368] 10.0.0.218 () {32 vars in 726 bytes} [Thu Apr 30 12:26:06 2026] DELETE /v2.0/networks/dc44deda-0867-4cec-ac42-a4fde9a810b7 => generated 0 bytes in 563 msecs (HTTP/1.1 204) 3 headers in 131 bytes (1 switches on core 0) [pid: 8|app: 0|req: 597/1369] 10.0.0.131 () {34 vars in 990 bytes} [Thu Apr 30 12:26:07 2026] GET /v2.0/ports?device_id=8f39254a-c16d-4345-88cc-3ab2c833e720 => generated 975 bytes in 40 msecs (HTTP/1.1 200) 4 headers in 157 bytes (1 switches on core 0) [pid: 8|app: 0|req: 598/1370] 10.0.0.131 () {34 vars in 1040 bytes} [Thu Apr 30 12:26:07 2026] GET /v2.0/security-groups?id=7192a760-ba86-4adf-8db1-d41f643967b6&fields=id&fields=name => generated 114 bytes in 32 msecs (HTTP/1.1 200) 4 headers in 157 bytes (1 switches on core 0) [pid: 7|app: 0|req: 773/1371] 10.0.0.218 () {32 vars in 717 bytes} [Thu Apr 30 12:26:06 2026] GET /v2.0/ports/5f406efd-2b8b-42f4-abaa-93eb5440af71 => generated 953 bytes in 691 msecs (HTTP/1.1 200) 4 headers in 157 bytes (1 switches on core 0) [pid: 8|app: 0|req: 599/1372] 10.0.0.218 () {32 vars in 717 bytes} [Thu Apr 30 12:26:07 2026] GET /v2.0/ports/5f406efd-2b8b-42f4-abaa-93eb5440af71 => generated 953 bytes in 38 msecs (HTTP/1.1 200) 4 headers in 157 bytes (1 switches on core 0)
2026-04-30 12:26:07.691 7 WARNING neutron.db.securitygroups_db [None req-be9b6889-1cbe-48fb-bd51-f19213fb7322 6ffaa3feec294680ba59f6d169525271 47a0994c92d24216a513050352c09044 - - default default] project_id key not found in filters, using tenant_id instead. This support has been deprecated and will be removed in a future release. [pid: 7|app: 0|req: 774/1373] 10.0.0.218 () {32 vars in 774 bytes} [Thu Apr 30 12:26:07 2026] GET /v2.0/security-groups?tenant_id=07099a1ddf2f48e1a33eee446812fe76&name=default => generated 2925 bytes in 137 msecs (HTTP/1.1 200) 4 headers in 158 bytes (1 switches on core 0) [pid: 8|app: 0|req: 600/1374] 10.0.0.218 () {32 vars in 740 bytes} [Thu Apr 30 12:26:07 2026] DELETE /v2.0/security-groups/c25bf46a-994b-4e40-be66-58c244631100 => generated 0 bytes in 300 msecs (HTTP/1.1 204) 2 headers in 112 bytes (1 switches on core 0) [pid: 7|app: 0|req: 775/1375] 10.0.0.218 () {32 vars in 717 bytes} [Thu Apr 30 12:26:08 2026] GET /v2.0/ports/5f406efd-2b8b-42f4-abaa-93eb5440af71 => generated 953 bytes in 42 msecs (HTTP/1.1 200) 4 headers in 157 bytes (1 switches on core 0) [pid: 8|app: 0|req: 601/1376] 10.0.0.218 () {32 vars in 717 bytes} [Thu Apr 30 12:26:09 2026] GET /v2.0/ports/5f406efd-2b8b-42f4-abaa-93eb5440af71 => generated 953 bytes in 76 msecs (HTTP/1.1 200) 4 headers in 157 bytes (1 switches on core 0)
2026-04-30 12:26:09.993 7 WARNING keystonemiddleware.audit [None req-e806b8cb-8f71-45bd-907d-637dd0fedf8a fd3997e666534018b872f64e50122ce1 14066c6392c04cb781fecc2287d12e63 - - default default] Skipping service tempest-service-1915324253 as it have no endpoints.
2026-04-30 12:26:10.174 7 INFO neutron.db.ovn_revision_numbers_db [None req-59963b98-4845-4f2b-883d-4c86a9017080 231161ed2a34491eb82b1f65a8c4c66a 18e34422458e4c57b7d131bc45cec49e - - default default] Successfully bumped revision number for resource 92c8d274-ca02-44a9-95b9-70e178251f42 (type: security_groups) to 1
2026-04-30 12:26:10.187 7 INFO neutron.db.ovn_revision_numbers_db [None req-59963b98-4845-4f2b-883d-4c86a9017080 231161ed2a34491eb82b1f65a8c4c66a 18e34422458e4c57b7d131bc45cec49e - - default default] Successfully bumped revision number for resource 08ae60ea-3f0c-4cc4-b687-3cfcb7b0432f (type: security_group_rules) to 0
2026-04-30 12:26:10.200 7 INFO neutron.db.ovn_revision_numbers_db [None req-59963b98-4845-4f2b-883d-4c86a9017080 231161ed2a34491eb82b1f65a8c4c66a 18e34422458e4c57b7d131bc45cec49e - - default default] Successfully bumped revision number for resource 0a843306-4602-4b59-8156-7c7c2dc0eab7 (type: security_group_rules) to 0
2026-04-30 12:26:10.212 7 INFO neutron.db.ovn_revision_numbers_db [None req-59963b98-4845-4f2b-883d-4c86a9017080 231161ed2a34491eb82b1f65a8c4c66a 18e34422458e4c57b7d131bc45cec49e - - default default] Successfully bumped revision number for resource 7c070d8c-ecbc-4177-a334-02975a8f0630 (type: security_group_rules) to 0
2026-04-30 12:26:10.227 7 INFO neutron.db.ovn_revision_numbers_db [None req-59963b98-4845-4f2b-883d-4c86a9017080 231161ed2a34491eb82b1f65a8c4c66a 18e34422458e4c57b7d131bc45cec49e - - default default] Successfully bumped revision number for resource 801b8671-a8ca-4943-ba0b-25c51a179939 (type: security_group_rules) to 0
2026-04-30 12:26:10.309 7 INFO neutron.db.segments_db [None req-59963b98-4845-4f2b-883d-4c86a9017080 231161ed2a34491eb82b1f65a8c4c66a 18e34422458e4c57b7d131bc45cec49e - - default default] Added segment bd53a039-7501-4d72-ab05-183c5fc5524d of type geneve for network 6a0e3c40-6926-4923-9d31-a42042eae077
2026-04-30 12:26:10.433 7 INFO neutron.db.ovn_revision_numbers_db [None req-59963b98-4845-4f2b-883d-4c86a9017080 231161ed2a34491eb82b1f65a8c4c66a 18e34422458e4c57b7d131bc45cec49e - - default default] Successfully bumped revision number for resource 6a0e3c40-6926-4923-9d31-a42042eae077 (type: networks) to 1
2026-04-30 12:26:10.590 7 WARNING neutron.scheduler.dhcp_agent_scheduler [None req-59963b98-4845-4f2b-883d-4c86a9017080 231161ed2a34491eb82b1f65a8c4c66a 18e34422458e4c57b7d131bc45cec49e - - default default] No more DHCP agents
2026-04-30 12:26:10.591 7 WARNING neutron.api.rpc.agentnotifiers.dhcp_rpc_agent_api [None req-59963b98-4845-4f2b-883d-4c86a9017080 231161ed2a34491eb82b1f65a8c4c66a 18e34422458e4c57b7d131bc45cec49e - - default default] Unable to schedule network 6a0e3c40-6926-4923-9d31-a42042eae077: no agents available; will retry on subsequent port and subnet creation events. [pid: 8|app: 0|req: 604/1379] 10.0.0.218 () {32 vars in 717 bytes} [Thu Apr 30 12:26:10 2026] GET /v2.0/ports/5f406efd-2b8b-42f4-abaa-93eb5440af71 => generated 953 bytes in 65 msecs (HTTP/1.1 200) 4 headers in 157 bytes (1 switches on core 0)
2026-04-30 12:26:10.697 7 INFO neutron.db.ovn_revision_numbers_db [None req-59963b98-4845-4f2b-883d-4c86a9017080 231161ed2a34491eb82b1f65a8c4c66a 18e34422458e4c57b7d131bc45cec49e - - default default] Successfully bumped revision number for resource e1291d67-124e-405c-89e4-2ebb2e8d4458 (type: ports) to 1
2026-04-30 12:26:10.701 8 WARNING neutron.plugins.ml2.drivers.ovn.mech_driver.ovsdb.ovn_client [None req-36ae2e4b-0044-4c44-af92-820cd34d73b6 - - - - - -] No hosting information found for port 0e3421ef-6883-4304-ab4e-8cb96076e852: RuntimeError: No hosting information found for port 0e3421ef-6883-4304-ab4e-8cb96076e852 [pid: 7|app: 0|req: 776/1380] 10.0.0.218 () {34 vars in 670 bytes} [Thu Apr 30 12:26:09 2026] POST /v2.0/networks => generated 668 bytes in 851 msecs (HTTP/1.1 201) 4 headers in 162 bytes (1 switches on core 0)
2026-04-30 12:26:10.731 8 WARNING keystonemiddleware.audit [None req-40d6c3cd-dcbe-4296-a20f-60077aaf78c8 fd3997e666534018b872f64e50122ce1 14066c6392c04cb781fecc2287d12e63 - - default default] Skipping service tempest-service-1915324253 as it have no endpoints.
2026-04-30 12:26:10.836 8 INFO neutron.db.ovn_revision_numbers_db [None req-36ae2e4b-0044-4c44-af92-820cd34d73b6 - - - - - -] Successfully bumped revision number for resource 0e3421ef-6883-4304-ab4e-8cb96076e852 (type: router_ports) to 2
2026-04-30 12:26:10.855 8 INFO neutron.db.segments_db [None req-391f38a5-d4e6-42ce-b8af-6a6bb5de9947 231161ed2a34491eb82b1f65a8c4c66a 18e34422458e4c57b7d131bc45cec49e - - default default] Added segment dc5cc076-e898-4d67-842b-5605e6cb5a26 of type geneve for network 1bc19a99-47de-46c3-88ef-960150005169
2026-04-30 12:26:10.915 8 INFO neutron.plugins.ml2.drivers.ovn.mech_driver.mech_driver [None req-36ae2e4b-0044-4c44-af92-820cd34d73b6 - - - - - -] OVN reports status down for port: 5f406efd-2b8b-42f4-abaa-93eb5440af71
2026-04-30 12:26:11.024 8 WARNING neutron.plugins.ml2.drivers.ovn.mech_driver.ovsdb.ovn_client [None req-36ae2e4b-0044-4c44-af92-820cd34d73b6 - - - - - -] Logical_Switch_Port 5f406efd-2b8b-42f4-abaa-93eb5440af71 host information not removed, the port state is up
2026-04-30 12:26:11.025 8 INFO neutron.plugins.ml2.drivers.ovn.mech_driver.mech_driver [None req-36ae2e4b-0044-4c44-af92-820cd34d73b6 - - - - - -] OVN reports status up for port: 5f406efd-2b8b-42f4-abaa-93eb5440af71
2026-04-30 12:26:11.048 8 INFO neutron.plugins.ml2.plugin [None req-36ae2e4b-0044-4c44-af92-820cd34d73b6 - - - - - -] Attempt 1 to provision port 5f406efd-2b8b-42f4-abaa-93eb5440af71
2026-04-30 12:26:11.059 8 INFO neutron.db.ovn_revision_numbers_db [None req-391f38a5-d4e6-42ce-b8af-6a6bb5de9947 231161ed2a34491eb82b1f65a8c4c66a 18e34422458e4c57b7d131bc45cec49e - - default default] Successfully bumped revision number for resource 1bc19a99-47de-46c3-88ef-960150005169 (type: networks) to 1
2026-04-30 12:26:11.337 7 WARNING neutron.db.securitygroups_db [None req-d8d19685-fece-4c7b-89e2-159dedbbd8a3 6ffaa3feec294680ba59f6d169525271 47a0994c92d24216a513050352c09044 - - default default] project_id key not found in filters, using tenant_id instead. This support has been deprecated and will be removed in a future release.
2026-04-30 12:26:11.393 8 WARNING neutron.scheduler.dhcp_agent_scheduler [None req-391f38a5-d4e6-42ce-b8af-6a6bb5de9947 231161ed2a34491eb82b1f65a8c4c66a 18e34422458e4c57b7d131bc45cec49e - - default default] No more DHCP agents
2026-04-30 12:26:11.395 8 WARNING neutron.api.rpc.agentnotifiers.dhcp_rpc_agent_api [None req-391f38a5-d4e6-42ce-b8af-6a6bb5de9947 231161ed2a34491eb82b1f65a8c4c66a 18e34422458e4c57b7d131bc45cec49e - - default default] Unable to schedule network 1bc19a99-47de-46c3-88ef-960150005169: no agents available; will retry on subsequent port and subnet creation events.
2026-04-30 12:26:11.496 7 INFO neutron.db.ovn_revision_numbers_db [None req-d8d19685-fece-4c7b-89e2-159dedbbd8a3 6ffaa3feec294680ba59f6d169525271 47a0994c92d24216a513050352c09044 - - default default] Successfully bumped revision number for resource 21a26670-f141-4f6b-9b75-f21d353887b4 (type: security_groups) to 1
2026-04-30 12:26:11.512 7 INFO neutron.db.ovn_revision_numbers_db [None req-d8d19685-fece-4c7b-89e2-159dedbbd8a3 6ffaa3feec294680ba59f6d169525271 47a0994c92d24216a513050352c09044 - - default default] Successfully bumped revision number for resource 70b7a6ba-db52-4da6-b3ff-fea5640ad838 (type: security_group_rules) to 0
2026-04-30 12:26:11.530 7 INFO neutron.db.ovn_revision_numbers_db [None req-d8d19685-fece-4c7b-89e2-159dedbbd8a3 6ffaa3feec294680ba59f6d169525271 47a0994c92d24216a513050352c09044 - - default default] Successfully bumped revision number for resource b1659704-f028-420e-abea-89071c4c188f (type: security_group_rules) to 0
2026-04-30 12:26:11.565 7 INFO neutron.db.ovn_revision_numbers_db [None req-d8d19685-fece-4c7b-89e2-159dedbbd8a3 6ffaa3feec294680ba59f6d169525271 47a0994c92d24216a513050352c09044 - - default default] Successfully bumped revision number for resource db930c39-0672-4cf5-974f-59deff2578d1 (type: security_group_rules) to 0
2026-04-30 12:26:11.582 7 INFO neutron.db.ovn_revision_numbers_db [None req-d8d19685-fece-4c7b-89e2-159dedbbd8a3 6ffaa3feec294680ba59f6d169525271 47a0994c92d24216a513050352c09044 - - default default] Successfully bumped revision number for resource f6ede66b-e32f-4575-9a5c-269db200370a (type: security_group_rules) to 0 [pid: 7|app: 0|req: 777/1381] 10.0.0.218 () {32 vars in 774 bytes} [Thu Apr 30 12:26:11 2026] GET /v2.0/security-groups?tenant_id=e340307843d040c2aca62c70f531a079&name=default => generated 2925 bytes in 405 msecs (HTTP/1.1 200) 4 headers in 158 bytes (1 switches on core 0)
2026-04-30 12:26:11.639 8 INFO neutron.db.ovn_revision_numbers_db [None req-391f38a5-d4e6-42ce-b8af-6a6bb5de9947 231161ed2a34491eb82b1f65a8c4c66a 18e34422458e4c57b7d131bc45cec49e - - default default] Successfully bumped revision number for resource 5c661782-50d0-4f77-9aa0-39c39fa0a385 (type: ports) to 1 [pid: 8|app: 0|req: 605/1382] 10.0.0.218 () {34 vars in 670 bytes} [Thu Apr 30 12:26:10 2026] POST /v2.0/networks => generated 668 bytes in 973 msecs (HTTP/1.1 201) 4 headers in 162 bytes (1 switches on core 0) [pid: 8|app: 0|req: 606/1383] 10.0.0.218 () {32 vars in 717 bytes} [Thu Apr 30 12:26:11 2026] GET /v2.0/ports/5f406efd-2b8b-42f4-abaa-93eb5440af71 => generated 955 bytes in 81 msecs (HTTP/1.1 200) 4 headers in 157 bytes (1 switches on core 0)
2026-04-30 12:26:11.788 8 WARNING keystonemiddleware.audit [None req-ce32f7fe-d014-4d37-86b9-7dea770f10c1 fd3997e666534018b872f64e50122ce1 14066c6392c04cb781fecc2287d12e63 - - default default] Skipping service tempest-service-1915324253 as it have no endpoints. [pid: 7|app: 0|req: 778/1384] 10.0.0.218 () {32 vars in 740 bytes} [Thu Apr 30 12:26:11 2026] DELETE /v2.0/security-groups/21a26670-f141-4f6b-9b75-f21d353887b4 => generated 0 bytes in 261 msecs (HTTP/1.1 204) 2 headers in 112 bytes (1 switches on core 0)
2026-04-30 12:26:11.906 8 INFO neutron.db.ovn_revision_numbers_db [None req-36ae2e4b-0044-4c44-af92-820cd34d73b6 - - - - - -] Successfully bumped revision number for resource 5f406efd-2b8b-42f4-abaa-93eb5440af71 (type: ports) to 2
2026-04-30 12:26:12.118 8 WARNING neutron.scheduler.dhcp_agent_scheduler [None req-0f3e97ee-6c97-40da-bb81-48967518d4c5 231161ed2a34491eb82b1f65a8c4c66a 18e34422458e4c57b7d131bc45cec49e - - default default] No more DHCP agents
2026-04-30 12:26:12.119 8 WARNING neutron.api.rpc.agentnotifiers.dhcp_rpc_agent_api [None req-0f3e97ee-6c97-40da-bb81-48967518d4c5 231161ed2a34491eb82b1f65a8c4c66a 18e34422458e4c57b7d131bc45cec49e - - default default] Unable to schedule network 6a0e3c40-6926-4923-9d31-a42042eae077: no agents available; will retry on subsequent port and subnet creation events.
2026-04-30 12:26:12.161 7 INFO neutron_taas.services.taas.taas_plugin [None req-9267f41e-a04c-4131-989a-3ddb4f203f6e fd3997e666534018b872f64e50122ce1 14066c6392c04cb781fecc2287d12e63 - - default default] TaaS: Handle Delete Port: 5f406efd-2b8b-42f4-abaa-93eb5440af71
2026-04-30 12:26:12.164 7 INFO neutron_taas.services.taas.tap_mirror_plugin [None req-9267f41e-a04c-4131-989a-3ddb4f203f6e fd3997e666534018b872f64e50122ce1 14066c6392c04cb781fecc2287d12e63 - - default default] Tap Mirror: Handle Delete Port: 5f406efd-2b8b-42f4-abaa-93eb5440af71 [pid: 7|app: 0|req: 779/1385] 10.0.0.218 () {34 vars in 789 bytes} [Thu Apr 30 12:26:11 2026] PUT /v2.0/routers/3c58c685-44cd-42ca-9fc1-c011b6762fbe/remove_router_interface => generated 310 bytes in 590 msecs (HTTP/1.1 200) 4 headers in 157 bytes (1 switches on core 0) /var/lib/openstack/lib/python3.12/site-packages/pycadf/identifier.py:70: UserWarning: Invalid uuid: neutron. To ensure interoperability, identifiers should be a valid uuid. warnings.warn(('Invalid uuid: %s. To ensure interoperability, '
2026-04-30 12:26:12.498 7 WARNING neutron.db.securitygroups_db [None req-e0ad229f-c095-4a8e-9220-42a76cbc1649 6ffaa3feec294680ba59f6d169525271 47a0994c92d24216a513050352c09044 - - default default] project_id key not found in filters, using tenant_id instead. This support has been deprecated and will be removed in a future release.
2026-04-30 12:26:12.670 8 INFO neutron.db.ovn_revision_numbers_db [None req-0f3e97ee-6c97-40da-bb81-48967518d4c5 231161ed2a34491eb82b1f65a8c4c66a 18e34422458e4c57b7d131bc45cec49e - - default default] Successfully bumped revision number for resource e1291d67-124e-405c-89e4-2ebb2e8d4458 (type: ports) to 2
2026-04-30 12:26:12.706 8 INFO neutron.db.ovn_revision_numbers_db [None req-0f3e97ee-6c97-40da-bb81-48967518d4c5 231161ed2a34491eb82b1f65a8c4c66a 18e34422458e4c57b7d131bc45cec49e - - default default] Successfully bumped revision number for resource e0aa2b0e-5bb4-4c2a-890d-8212a51c8322 (type: subnets) to 0
2026-04-30 12:26:12.711 7 INFO neutron.db.ovn_revision_numbers_db [None req-e0ad229f-c095-4a8e-9220-42a76cbc1649 6ffaa3feec294680ba59f6d169525271 47a0994c92d24216a513050352c09044 - - default default] Successfully bumped revision number for resource 242dfd99-d7c4-4525-ab1a-fb962c61acaf (type: security_groups) to 1
2026-04-30 12:26:12.723 7 INFO neutron.db.ovn_revision_numbers_db [None req-e0ad229f-c095-4a8e-9220-42a76cbc1649 6ffaa3feec294680ba59f6d169525271 47a0994c92d24216a513050352c09044 - - default default] Successfully bumped revision number for resource 249ade97-c112-46f8-aaa3-46c173a4e888 (type: security_group_rules) to 0 [pid: 8|app: 0|req: 607/1386] 10.0.0.218 () {34 vars in 669 bytes} [Thu Apr 30 12:26:11 2026] POST /v2.0/subnets => generated 626 bytes in 947 msecs (HTTP/1.1 201) 4 headers in 162 bytes (1 switches on core 0)
2026-04-30 12:26:12.734 7 INFO neutron.db.ovn_revision_numbers_db [None req-e0ad229f-c095-4a8e-9220-42a76cbc1649 6ffaa3feec294680ba59f6d169525271 47a0994c92d24216a513050352c09044 - - default default] Successfully bumped revision number for resource 2c770a2c-7bf3-41e6-a392-a5299b62010f (type: security_group_rules) to 0
2026-04-30 12:26:12.745 7 INFO neutron.db.ovn_revision_numbers_db [None req-e0ad229f-c095-4a8e-9220-42a76cbc1649 6ffaa3feec294680ba59f6d169525271 47a0994c92d24216a513050352c09044 - - default default] Successfully bumped revision number for resource 350b0dbf-6d23-4ebe-aa9c-00987c9e9a15 (type: security_group_rules) to 0
2026-04-30 12:26:12.756 7 INFO neutron.db.ovn_revision_numbers_db [None req-e0ad229f-c095-4a8e-9220-42a76cbc1649 6ffaa3feec294680ba59f6d169525271 47a0994c92d24216a513050352c09044 - - default default] Successfully bumped revision number for resource 44b40f20-d280-4a30-9de4-622412e64a60 (type: security_group_rules) to 0 [pid: 7|app: 0|req: 780/1387] 10.0.0.218 () {32 vars in 774 bytes} [Thu Apr 30 12:26:12 2026] GET /v2.0/security-groups?tenant_id=9e8a61b4a87049c29d8d53ad79026413&name=default => generated 2925 bytes in 298 msecs (HTTP/1.1 200) 4 headers in 158 bytes (1 switches on core 0)
2026-04-30 12:26:12.794 7 WARNING keystonemiddleware.audit [None req-e0ad229f-c095-4a8e-9220-42a76cbc1649 6ffaa3feec294680ba59f6d169525271 47a0994c92d24216a513050352c09044 - - default default] Skipping service tempest-service-1915324253 as it have no endpoints. [pid: 8|app: 0|req: 608/1388] 10.0.0.218 () {32 vars in 717 bytes} [Thu Apr 30 12:26:12 2026] GET /v2.0/ports/0e3421ef-6883-4304-ab4e-8cb96076e852 => generated 947 bytes in 79 msecs (HTTP/1.1 200) 4 headers in 157 bytes (1 switches on core 0) [pid: 8|app: 0|req: 609/1389] 10.0.0.218 () {32 vars in 740 bytes} [Thu Apr 30 12:26:12 2026] DELETE /v2.0/security-groups/242dfd99-d7c4-4525-ab1a-fb962c61acaf => generated 0 bytes in 220 msecs (HTTP/1.1 204) 2 headers in 112 bytes (1 switches on core 0)
2026-04-30 12:26:13.052 7 WARNING neutron.scheduler.dhcp_agent_scheduler [None req-704af971-3daa-45f6-8fa1-85c72c930a9d 231161ed2a34491eb82b1f65a8c4c66a 18e34422458e4c57b7d131bc45cec49e - - default default] No more DHCP agents
2026-04-30 12:26:13.054 7 WARNING neutron.api.rpc.agentnotifiers.dhcp_rpc_agent_api [None req-704af971-3daa-45f6-8fa1-85c72c930a9d 231161ed2a34491eb82b1f65a8c4c66a 18e34422458e4c57b7d131bc45cec49e - - default default] Unable to schedule network 1bc19a99-47de-46c3-88ef-960150005169: no agents available; will retry on subsequent port and subnet creation events.
2026-04-30 12:26:13.294 8 INFO neutron_taas.services.taas.taas_plugin [None req-6bafa406-f499-4be1-9f1a-bc7defda48ad fd3997e666534018b872f64e50122ce1 14066c6392c04cb781fecc2287d12e63 - - default default] TaaS: Handle Delete Port: 0e3421ef-6883-4304-ab4e-8cb96076e852
2026-04-30 12:26:13.298 8 INFO neutron_taas.services.taas.tap_mirror_plugin [None req-6bafa406-f499-4be1-9f1a-bc7defda48ad fd3997e666534018b872f64e50122ce1 14066c6392c04cb781fecc2287d12e63 - - default default] Tap Mirror: Handle Delete Port: 0e3421ef-6883-4304-ab4e-8cb96076e852
2026-04-30 12:26:13.560 7 INFO neutron.db.ovn_revision_numbers_db [None req-704af971-3daa-45f6-8fa1-85c72c930a9d 231161ed2a34491eb82b1f65a8c4c66a 18e34422458e4c57b7d131bc45cec49e - - default default] Successfully bumped revision number for resource 5c661782-50d0-4f77-9aa0-39c39fa0a385 (type: ports) to 2
2026-04-30 12:26:13.584 7 INFO neutron.db.ovn_revision_numbers_db [None req-704af971-3daa-45f6-8fa1-85c72c930a9d 231161ed2a34491eb82b1f65a8c4c66a 18e34422458e4c57b7d131bc45cec49e - - default default] Successfully bumped revision number for resource 9eb3578a-9371-47b8-9b67-32954c76deeb (type: subnets) to 0 [pid: 7|app: 0|req: 781/1390] 10.0.0.218 () {34 vars in 669 bytes} [Thu Apr 30 12:26:12 2026] POST /v2.0/subnets => generated 626 bytes in 809 msecs (HTTP/1.1 201) 4 headers in 162 bytes (1 switches on core 0)
2026-04-30 12:26:13.628 7 WARNING keystonemiddleware.audit [None req-704af971-3daa-45f6-8fa1-85c72c930a9d 231161ed2a34491eb82b1f65a8c4c66a 18e34422458e4c57b7d131bc45cec49e - - default default] Skipping service tempest-service-1915324253 as it have no endpoints. [pid: 8|app: 0|req: 610/1391] 10.0.0.218 () {34 vars in 789 bytes} [Thu Apr 30 12:26:13 2026] PUT /v2.0/routers/3c58c685-44cd-42ca-9fc1-c011b6762fbe/remove_router_interface => generated 310 bytes in 677 msecs (HTTP/1.1 200) 4 headers in 157 bytes (1 switches on core 0) /var/lib/openstack/lib/python3.12/site-packages/pycadf/identifier.py:70: UserWarning: Invalid uuid: neutron. To ensure interoperability, identifiers should be a valid uuid. warnings.warn(('Invalid uuid: %s. To ensure interoperability, ' [pid: 8|app: 0|req: 611/1392] 10.0.0.218 () {32 vars in 736 bytes} [Thu Apr 30 12:26:13 2026] GET /v2.0/ports?device_id=3c58c685-44cd-42ca-9fc1-c011b6762fbe => generated 12 bytes in 40 msecs (HTTP/1.1 200) 4 headers in 156 bytes (1 switches on core 0)
2026-04-30 12:26:13.784 7 INFO neutron.db.ovn_revision_numbers_db [None req-69173818-4047-4b5c-858d-b3ea7c8b97d8 231161ed2a34491eb82b1f65a8c4c66a 18e34422458e4c57b7d131bc45cec49e - - default default] Successfully bumped revision number for resource 28513a01-4ed7-464f-97fc-b4611aed4c44 (type: routers) to 1 [pid: 7|app: 0|req: 782/1393] 10.0.0.218 () {34 vars in 669 bytes} [Thu Apr 30 12:26:13 2026] POST /v2.0/routers => generated 624 bytes in 179 msecs (HTTP/1.1 201) 4 headers in 162 bytes (1 switches on core 0)
2026-04-30 12:26:13.809 7 WARNING keystonemiddleware.audit [None req-69173818-4047-4b5c-858d-b3ea7c8b97d8 231161ed2a34491eb82b1f65a8c4c66a 18e34422458e4c57b7d131bc45cec49e - - default default] Skipping service tempest-service-1915324253 as it have no endpoints. [pid: 8|app: 0|req: 612/1394] 10.0.0.218 () {32 vars in 724 bytes} [Thu Apr 30 12:26:13 2026] DELETE /v2.0/routers/3c58c685-44cd-42ca-9fc1-c011b6762fbe => generated 0 bytes in 241 msecs (HTTP/1.1 204) 2 headers in 112 bytes (1 switches on core 0)
2026-04-30 12:26:14.156 7 WARNING neutron.scheduler.dhcp_agent_scheduler [None req-7b0a717b-fac1-486a-9d7c-1c0b8653fb8b 231161ed2a34491eb82b1f65a8c4c66a 18e34422458e4c57b7d131bc45cec49e - - default default] No more DHCP agents
2026-04-30 12:26:14.159 7 WARNING neutron.api.rpc.agentnotifiers.dhcp_rpc_agent_api [None req-7b0a717b-fac1-486a-9d7c-1c0b8653fb8b 231161ed2a34491eb82b1f65a8c4c66a 18e34422458e4c57b7d131bc45cec49e - - default default] Unable to schedule network 6a0e3c40-6926-4923-9d31-a42042eae077: no agents available; will retry on subsequent port and subnet creation events. [pid: 8|app: 0|req: 613/1395] 10.0.0.218 () {32 vars in 724 bytes} [Thu Apr 30 12:26:13 2026] DELETE /v2.0/subnets/5d63c7d7-f44d-4b3b-b273-88f66dcc5bc7 => generated 0 bytes in 181 msecs (HTTP/1.1 204) 3 headers in 131 bytes (1 switches on core 0)
2026-04-30 12:26:14.346 7 INFO neutron.db.ovn_revision_numbers_db [None req-7b0a717b-fac1-486a-9d7c-1c0b8653fb8b 231161ed2a34491eb82b1f65a8c4c66a 18e34422458e4c57b7d131bc45cec49e - - default default] Successfully bumped revision number for resource 8f34a085-982c-47ae-a92b-90ac9936c625 (type: ports) to 1 [pid: 8|app: 0|req: 614/1396] 10.0.0.218 () {32 vars in 724 bytes} [Thu Apr 30 12:26:14 2026] DELETE /v2.0/subnets/0e6a16db-0065-4d15-9fe4-f584ca59621c => generated 0 bytes in 207 msecs (HTTP/1.1 204) 3 headers in 131 bytes (1 switches on core 0)
2026-04-30 12:26:14.517 8 INFO neutron_taas.services.taas.taas_plugin [None req-30f338a2-a13a-4db4-b376-204b196f5a7d fd3997e666534018b872f64e50122ce1 14066c6392c04cb781fecc2287d12e63 - - default default] TaaS: Handle Delete Port: 382bf69f-5ea9-41a7-8768-bf3567edeb11
2026-04-30 12:26:14.520 8 INFO neutron_taas.services.taas.tap_mirror_plugin [None req-30f338a2-a13a-4db4-b376-204b196f5a7d fd3997e666534018b872f64e50122ce1 14066c6392c04cb781fecc2287d12e63 - - default default] Tap Mirror: Handle Delete Port: 382bf69f-5ea9-41a7-8768-bf3567edeb11
2026-04-30 12:26:14.730 8 INFO neutron.services.segments.plugin [-] Segment e1e1fbfb-93b4-4c2f-94b0-ad45d42586dd resource provider aggregate not found
2026-04-30 12:26:14.740 8 INFO neutron.services.segments.plugin [-] Segment e1e1fbfb-93b4-4c2f-94b0-ad45d42586dd resource provider aggregate not found
2026-04-30 12:26:14.750 8 INFO neutron.services.segments.plugin [-] Segment e1e1fbfb-93b4-4c2f-94b0-ad45d42586dd resource provider not found; error: Placement Client Error (4xx): {"errors": [{"status": 404, "title": "Not Found", "detail": "The resource could not be found.\n\n No resource provider with uuid e1e1fbfb-93b4-4c2f-94b0-ad45d42586dd found for delete ", "request_id": "req-f8277cbc-2333-446a-ba11-5fc1e5398843"}]}
2026-04-30 12:26:14.756 8 INFO neutron.services.segments.plugin [-] Segment e1e1fbfb-93b4-4c2f-94b0-ad45d42586dd resource provider not found; error: Placement Client Error (4xx): {"errors": [{"status": 404, "title": "Not Found", "detail": "The resource could not be found.\n\n No resource provider with uuid e1e1fbfb-93b4-4c2f-94b0-ad45d42586dd found for delete ", "request_id": "req-66d26621-e9c8-4ec1-a21b-9bac4583fcf3"}]} [pid: 8|app: 0|req: 615/1397] 10.0.0.218 () {32 vars in 726 bytes} [Thu Apr 30 12:26:14 2026] DELETE /v2.0/networks/8c968c44-3c51-447d-9ccc-a939ab7ccdcd => generated 0 bytes in 409 msecs (HTTP/1.1 204) 3 headers in 131 bytes (1 switches on core 0)
2026-04-30 12:26:14.994 8 INFO neutron_taas.services.taas.taas_plugin [None req-f52778ee-9759-486c-8378-fad0c265e990 fd3997e666534018b872f64e50122ce1 14066c6392c04cb781fecc2287d12e63 - - default default] TaaS: Handle Delete Port: a9942d41-c178-435f-a57a-3397020dc9ae
2026-04-30 12:26:14.997 8 INFO neutron_taas.services.taas.tap_mirror_plugin [None req-f52778ee-9759-486c-8378-fad0c265e990 fd3997e666534018b872f64e50122ce1 14066c6392c04cb781fecc2287d12e63 - - default default] Tap Mirror: Handle Delete Port: a9942d41-c178-435f-a57a-3397020dc9ae
2026-04-30 12:26:15.030 7 WARNING neutron.scheduler.dhcp_agent_scheduler [None req-7b0a717b-fac1-486a-9d7c-1c0b8653fb8b 231161ed2a34491eb82b1f65a8c4c66a 18e34422458e4c57b7d131bc45cec49e - - default default] No more DHCP agents
2026-04-30 12:26:15.031 7 WARNING neutron.api.rpc.agentnotifiers.dhcp_rpc_agent_api [None req-7b0a717b-fac1-486a-9d7c-1c0b8653fb8b 231161ed2a34491eb82b1f65a8c4c66a 18e34422458e4c57b7d131bc45cec49e - - default default] Unable to schedule network 6a0e3c40-6926-4923-9d31-a42042eae077: no agents available; will retry on subsequent port and subnet creation events.
2026-04-30 12:26:15.253 7 INFO neutron.db.ovn_revision_numbers_db [None req-7b0a717b-fac1-486a-9d7c-1c0b8653fb8b 231161ed2a34491eb82b1f65a8c4c66a 18e34422458e4c57b7d131bc45cec49e - - default default] Successfully bumped revision number for resource 8f34a085-982c-47ae-a92b-90ac9936c625 (type: router_ports) to 1 [pid: 7|app: 0|req: 783/1398] 10.0.0.218 () {34 vars in 783 bytes} [Thu Apr 30 12:26:13 2026] PUT /v2.0/routers/28513a01-4ed7-464f-97fc-b4611aed4c44/add_router_interface => generated 310 bytes in 1451 msecs (HTTP/1.1 200) 4 headers in 157 bytes (1 switches on core 0)
2026-04-30 12:26:15.265 7 WARNING keystonemiddleware.audit [None req-7b0a717b-fac1-486a-9d7c-1c0b8653fb8b 231161ed2a34491eb82b1f65a8c4c66a 18e34422458e4c57b7d131bc45cec49e - - default default] Skipping service tempest-service-1915324253 as it have no endpoints. [pid: 7|app: 0|req: 784/1399] 10.0.0.218 () {32 vars in 717 bytes} [Thu Apr 30 12:26:15 2026] GET /v2.0/ports/8f34a085-982c-47ae-a92b-90ac9936c625 => generated 941 bytes in 56 msecs (HTTP/1.1 200) 4 headers in 157 bytes (1 switches on core 0)
2026-04-30 12:26:15.327 7 WARNING keystonemiddleware.audit [None req-b7ce2f81-3113-4644-baec-5b1eb1b797b0 231161ed2a34491eb82b1f65a8c4c66a 18e34422458e4c57b7d131bc45cec49e - - default default] Skipping service tempest-service-1915324253 as it have no endpoints. [pid: 8|app: 0|req: 616/1400] 10.0.0.218 () {32 vars in 726 bytes} [Thu Apr 30 12:26:14 2026] DELETE /v2.0/networks/5ae6c8c6-96e3-4193-94be-11ef8da953f1 => generated 0 bytes in 556 msecs (HTTP/1.1 204) 3 headers in 131 bytes (1 switches on core 0)
2026-04-30 12:26:15.475 8 INFO neutron.db.segments_db [None req-3fee3f03-33d5-4259-941b-81df7d9a94a1 fd3997e666534018b872f64e50122ce1 14066c6392c04cb781fecc2287d12e63 - - default default] Added segment c2a8c05a-92b9-4faf-9d01-57a2e2ae5667 of type geneve for network 4beaf0cf-f4e8-4383-ae20-ab6d76f619aa
2026-04-30 12:26:15.629 8 INFO neutron.db.ovn_revision_numbers_db [None req-3fee3f03-33d5-4259-941b-81df7d9a94a1 fd3997e666534018b872f64e50122ce1 14066c6392c04cb781fecc2287d12e63 - - default default] Successfully bumped revision number for resource 4beaf0cf-f4e8-4383-ae20-ab6d76f619aa (type: networks) to 1
2026-04-30 12:26:15.820 8 WARNING neutron.scheduler.dhcp_agent_scheduler [None req-3fee3f03-33d5-4259-941b-81df7d9a94a1 fd3997e666534018b872f64e50122ce1 14066c6392c04cb781fecc2287d12e63 - - default default] No more DHCP agents
2026-04-30 12:26:15.822 8 WARNING neutron.api.rpc.agentnotifiers.dhcp_rpc_agent_api [None req-3fee3f03-33d5-4259-941b-81df7d9a94a1 fd3997e666534018b872f64e50122ce1 14066c6392c04cb781fecc2287d12e63 - - default default] Unable to schedule network 4beaf0cf-f4e8-4383-ae20-ab6d76f619aa: no agents available; will retry on subsequent port and subnet creation events.
2026-04-30 12:26:15.884 7 WARNING neutron.scheduler.dhcp_agent_scheduler [None req-bdd835c9-30d4-4263-b791-4577f8adde4f 231161ed2a34491eb82b1f65a8c4c66a 18e34422458e4c57b7d131bc45cec49e - - default default] No more DHCP agents
2026-04-30 12:26:15.886 7 WARNING neutron.api.rpc.agentnotifiers.dhcp_rpc_agent_api [None req-bdd835c9-30d4-4263-b791-4577f8adde4f 231161ed2a34491eb82b1f65a8c4c66a 18e34422458e4c57b7d131bc45cec49e - - default default] Unable to schedule network 1bc19a99-47de-46c3-88ef-960150005169: no agents available; will retry on subsequent port and subnet creation events.
2026-04-30 12:26:15.962 8 INFO neutron.db.ovn_revision_numbers_db [None req-3fee3f03-33d5-4259-941b-81df7d9a94a1 fd3997e666534018b872f64e50122ce1 14066c6392c04cb781fecc2287d12e63 - - default default] Successfully bumped revision number for resource 025ab776-ccd9-4355-b280-77518323e4ba (type: ports) to 1 [pid: 8|app: 0|req: 617/1401] 10.0.0.218 () {34 vars in 670 bytes} [Thu Apr 30 12:26:15 2026] POST /v2.0/networks => generated 671 bytes in 639 msecs (HTTP/1.1 201) 4 headers in 162 bytes (1 switches on core 0)
2026-04-30 12:26:16.164 7 INFO neutron.db.ovn_revision_numbers_db [None req-bdd835c9-30d4-4263-b791-4577f8adde4f 231161ed2a34491eb82b1f65a8c4c66a 18e34422458e4c57b7d131bc45cec49e - - default default] Successfully bumped revision number for resource 86f4526d-d764-48a6-94f8-91c981a2ed7b (type: ports) to 1
2026-04-30 12:26:16.319 8 WARNING neutron.scheduler.dhcp_agent_scheduler [None req-c5fe3653-1916-4530-b636-a4ae2d9086a8 fd3997e666534018b872f64e50122ce1 14066c6392c04cb781fecc2287d12e63 - - default default] No more DHCP agents
2026-04-30 12:26:16.320 8 WARNING neutron.api.rpc.agentnotifiers.dhcp_rpc_agent_api [None req-c5fe3653-1916-4530-b636-a4ae2d9086a8 fd3997e666534018b872f64e50122ce1 14066c6392c04cb781fecc2287d12e63 - - default default] Unable to schedule network 4beaf0cf-f4e8-4383-ae20-ab6d76f619aa: no agents available; will retry on subsequent port and subnet creation events.
2026-04-30 12:26:16.362 8 INFO neutron.db.ovn_revision_numbers_db [None req-c5fe3653-1916-4530-b636-a4ae2d9086a8 fd3997e666534018b872f64e50122ce1 14066c6392c04cb781fecc2287d12e63 - - default default] Successfully bumped revision number for resource 63b96bd1-1e66-4e7f-9b58-7e19ff606c14 (type: subnets) to 0 [pid: 8|app: 0|req: 618/1402] 10.0.0.218 () {34 vars in 669 bytes} [Thu Apr 30 12:26:16 2026] POST /v2.0/subnets => generated 646 bytes in 376 msecs (HTTP/1.1 201) 4 headers in 162 bytes (1 switches on core 0)
2026-04-30 12:26:16.588 8 INFO neutron.db.ovn_revision_numbers_db [None req-ee29296a-4872-4321-9666-243dba907db3 fd3997e666534018b872f64e50122ce1 14066c6392c04cb781fecc2287d12e63 - - default default] Successfully bumped revision number for resource 6e1c7a70-7906-47b1-b7d7-3e7e740a319c (type: routers) to 1 [pid: 8|app: 0|req: 619/1403] 10.0.0.218 () {34 vars in 669 bytes} [Thu Apr 30 12:26:16 2026] POST /v2.0/routers => generated 628 bytes in 217 msecs (HTTP/1.1 201) 4 headers in 162 bytes (1 switches on core 0)
2026-04-30 12:26:16.786 8 INFO neutron.services.segments.plugin [-] Segment 7577c086-7116-4c82-a079-1460f325594b resource provider aggregate not found
2026-04-30 12:26:16.787 8 INFO neutron.services.segments.plugin [-] Segment 7577c086-7116-4c82-a079-1460f325594b resource provider aggregate not found
2026-04-30 12:26:16.825 8 INFO neutron.services.segments.plugin [-] Segment 7577c086-7116-4c82-a079-1460f325594b resource provider not found; error: Placement Client Error (4xx): {"errors": [{"status": 404, "title": "Not Found", "detail": "The resource could not be found.\n\n No resource provider with uuid 7577c086-7116-4c82-a079-1460f325594b found for delete ", "request_id": "req-99ff1f84-07d0-40ab-b402-770f8dcfa23c"}]}
2026-04-30 12:26:16.828 8 INFO neutron.services.segments.plugin [-] Segment 7577c086-7116-4c82-a079-1460f325594b resource provider not found; error: Placement Client Error (4xx): {"errors": [{"status": 404, "title": "Not Found", "detail": "The resource could not be found.\n\n No resource provider with uuid 7577c086-7116-4c82-a079-1460f325594b found for delete ", "request_id": "req-5f934d74-4050-45c3-977d-a39a15687f81"}]}
2026-04-30 12:26:16.908 7 WARNING neutron.scheduler.dhcp_agent_scheduler [None req-bdd835c9-30d4-4263-b791-4577f8adde4f 231161ed2a34491eb82b1f65a8c4c66a 18e34422458e4c57b7d131bc45cec49e - - default default] No more DHCP agents
2026-04-30 12:26:16.909 7 WARNING neutron.api.rpc.agentnotifiers.dhcp_rpc_agent_api [None req-bdd835c9-30d4-4263-b791-4577f8adde4f 231161ed2a34491eb82b1f65a8c4c66a 18e34422458e4c57b7d131bc45cec49e - - default default] Unable to schedule network 1bc19a99-47de-46c3-88ef-960150005169: no agents available; will retry on subsequent port and subnet creation events.
2026-04-30 12:26:17.007 8 WARNING neutron.scheduler.dhcp_agent_scheduler [None req-f8de14c4-da4c-4ba9-b6f2-0a8c3b0ae06b fd3997e666534018b872f64e50122ce1 14066c6392c04cb781fecc2287d12e63 - - default default] No more DHCP agents
2026-04-30 12:26:17.010 8 WARNING neutron.api.rpc.agentnotifiers.dhcp_rpc_agent_api [None req-f8de14c4-da4c-4ba9-b6f2-0a8c3b0ae06b fd3997e666534018b872f64e50122ce1 14066c6392c04cb781fecc2287d12e63 - - default default] Unable to schedule network 4beaf0cf-f4e8-4383-ae20-ab6d76f619aa: no agents available; will retry on subsequent port and subnet creation events.
2026-04-30 12:26:17.158 7 INFO neutron.db.ovn_revision_numbers_db [None req-bdd835c9-30d4-4263-b791-4577f8adde4f 231161ed2a34491eb82b1f65a8c4c66a 18e34422458e4c57b7d131bc45cec49e - - default default] Successfully bumped revision number for resource 86f4526d-d764-48a6-94f8-91c981a2ed7b (type: router_ports) to 1 [pid: 7|app: 0|req: 785/1404] 10.0.0.218 () {34 vars in 783 bytes} [Thu Apr 30 12:26:15 2026] PUT /v2.0/routers/28513a01-4ed7-464f-97fc-b4611aed4c44/add_router_interface => generated 310 bytes in 1839 msecs (HTTP/1.1 200) 4 headers in 157 bytes (1 switches on core 0)
2026-04-30 12:26:17.172 7 WARNING keystonemiddleware.audit [None req-bdd835c9-30d4-4263-b791-4577f8adde4f 231161ed2a34491eb82b1f65a8c4c66a 18e34422458e4c57b7d131bc45cec49e - - default default] Skipping service tempest-service-1915324253 as it have no endpoints. [pid: 7|app: 0|req: 786/1405] 10.0.0.218 () {32 vars in 717 bytes} [Thu Apr 30 12:26:17 2026] GET /v2.0/ports/86f4526d-d764-48a6-94f8-91c981a2ed7b => generated 941 bytes in 46 msecs (HTTP/1.1 200) 4 headers in 157 bytes (1 switches on core 0)
2026-04-30 12:26:17.223 7 WARNING keystonemiddleware.audit [None req-dcfa7ffe-510f-4bd1-9dbf-affcdc882602 231161ed2a34491eb82b1f65a8c4c66a 18e34422458e4c57b7d131bc45cec49e - - default default] Skipping service tempest-service-1915324253 as it have no endpoints. [pid: 7|app: 0|req: 787/1406] 10.0.0.218 () {32 vars in 717 bytes} [Thu Apr 30 12:26:17 2026] GET /v2.0/ports/86f4526d-d764-48a6-94f8-91c981a2ed7b => generated 941 bytes in 72 msecs (HTTP/1.1 200) 4 headers in 157 bytes (1 switches on core 0)
2026-04-30 12:26:17.341 8 INFO neutron.db.ovn_revision_numbers_db [None req-f8de14c4-da4c-4ba9-b6f2-0a8c3b0ae06b fd3997e666534018b872f64e50122ce1 14066c6392c04cb781fecc2287d12e63 - - default default] Successfully bumped revision number for resource d54ae10e-0da1-4f88-b8a2-e19bbd980650 (type: ports) to 1 [pid: 8|app: 0|req: 620/1407] 10.0.0.218 () {34 vars in 665 bytes} [Thu Apr 30 12:26:16 2026] POST /v2.0/ports => generated 962 bytes in 747 msecs (HTTP/1.1 201) 4 headers in 162 bytes (1 switches on core 0)
2026-04-30 12:26:17.667 8 WARNING neutron.plugins.ml2.drivers.ovn.mech_driver.ovsdb.ovn_client [None req-7e5bf259-56c2-41b9-962d-d864e230a1fc - - - - - -] No port found with ID 5f406efd-2b8b-42f4-abaa-93eb5440af71: RuntimeError: No port found with ID 5f406efd-2b8b-42f4-abaa-93eb5440af71
2026-04-30 12:26:17.676 8 INFO neutron.plugins.ml2.drivers.ovn.mech_driver.mech_driver [None req-7e5bf259-56c2-41b9-962d-d864e230a1fc - - - - - -] OVN reports status down for port: e1291d67-124e-405c-89e4-2ebb2e8d4458
2026-04-30 12:26:17.747 8 INFO neutron.plugins.ml2.drivers.ovn.mech_driver.mech_driver [None req-7e5bf259-56c2-41b9-962d-d864e230a1fc - - - - - -] OVN reports status down for port: 5c661782-50d0-4f77-9aa0-39c39fa0a385
2026-04-30 12:26:17.876 7 INFO neutron.db.ovn_revision_numbers_db [None req-e462d6b3-b7d4-4a2a-bb55-b68630223618 fd3997e666534018b872f64e50122ce1 14066c6392c04cb781fecc2287d12e63 - - default default] Successfully bumped revision number for resource d54ae10e-0da1-4f88-b8a2-e19bbd980650 (type: ports) to 2
2026-04-30 12:26:17.888 8 INFO neutron.plugins.ml2.drivers.ovn.mech_driver.mech_driver [None req-7e5bf259-56c2-41b9-962d-d864e230a1fc - - - - - -] OVN reports status down for port: 8f34a085-982c-47ae-a92b-90ac9936c625
2026-04-30 12:26:17.945 8 WARNING neutron.plugins.ml2.drivers.ovn.mech_driver.ovsdb.ovn_client [None req-7e5bf259-56c2-41b9-962d-d864e230a1fc - - - - - -] Logical_Switch_Port 8f34a085-982c-47ae-a92b-90ac9936c625 host information not removed, the port state is up
2026-04-30 12:26:17.946 8 INFO neutron.plugins.ml2.drivers.ovn.mech_driver.mech_driver [None req-7e5bf259-56c2-41b9-962d-d864e230a1fc - - - - - -] OVN reports status up for port: 8f34a085-982c-47ae-a92b-90ac9936c625
2026-04-30 12:26:17.957 8 INFO neutron.plugins.ml2.plugin [None req-7e5bf259-56c2-41b9-962d-d864e230a1fc - - - - - -] Attempt 1 to provision port 8f34a085-982c-47ae-a92b-90ac9936c625
2026-04-30 12:26:18.303 8 WARNING keystonemiddleware.audit [None req-f8de14c4-da4c-4ba9-b6f2-0a8c3b0ae06b fd3997e666534018b872f64e50122ce1 14066c6392c04cb781fecc2287d12e63 - - default default] Skipping service tempest-service-1915324253 as it have no endpoints. /var/lib/openstack/lib/python3.12/site-packages/pycadf/identifier.py:70: UserWarning: Invalid uuid: neutron. To ensure interoperability, identifiers should be a valid uuid. warnings.warn(('Invalid uuid: %s. To ensure interoperability, '
2026-04-30 12:26:18.529 7 WARNING neutron.scheduler.dhcp_agent_scheduler [None req-e462d6b3-b7d4-4a2a-bb55-b68630223618 fd3997e666534018b872f64e50122ce1 14066c6392c04cb781fecc2287d12e63 - - default default] No more DHCP agents
2026-04-30 12:26:18.531 7 WARNING neutron.api.rpc.agentnotifiers.dhcp_rpc_agent_api [None req-e462d6b3-b7d4-4a2a-bb55-b68630223618 fd3997e666534018b872f64e50122ce1 14066c6392c04cb781fecc2287d12e63 - - default default] Unable to schedule network 4beaf0cf-f4e8-4383-ae20-ab6d76f619aa: no agents available; will retry on subsequent port and subnet creation events.
2026-04-30 12:26:18.748 7 INFO neutron.db.ovn_revision_numbers_db [None req-e462d6b3-b7d4-4a2a-bb55-b68630223618 fd3997e666534018b872f64e50122ce1 14066c6392c04cb781fecc2287d12e63 - - default default] Successfully bumped revision number for resource d54ae10e-0da1-4f88-b8a2-e19bbd980650 (type: router_ports) to 2 [pid: 7|app: 0|req: 788/1408] 10.0.0.218 () {34 vars in 783 bytes} [Thu Apr 30 12:26:17 2026] PUT /v2.0/routers/6e1c7a70-7906-47b1-b7d7-3e7e740a319c/add_router_interface => generated 310 bytes in 1383 msecs (HTTP/1.1 200) 4 headers in 157 bytes (1 switches on core 0) /var/lib/openstack/lib/python3.12/site-packages/pycadf/identifier.py:70: UserWarning: Invalid uuid: neutron. To ensure interoperability, identifiers should be a valid uuid. warnings.warn(('Invalid uuid: %s. To ensure interoperability, ' [pid: 7|app: 0|req: 789/1409] 10.0.0.218 () {32 vars in 717 bytes} [Thu Apr 30 12:26:18 2026] GET /v2.0/ports/d54ae10e-0da1-4f88-b8a2-e19bbd980650 => generated 1022 bytes in 70 msecs (HTTP/1.1 200) 4 headers in 158 bytes (1 switches on core 0)
2026-04-30 12:26:19.128 7 INFO neutron_taas.services.taas.taas_plugin [None req-622bb59e-025d-4997-9f16-61f7fc1a5c7d fd3997e666534018b872f64e50122ce1 14066c6392c04cb781fecc2287d12e63 - - default default] TaaS: Handle Delete Port: d54ae10e-0da1-4f88-b8a2-e19bbd980650
2026-04-30 12:26:19.132 7 INFO neutron_taas.services.taas.tap_mirror_plugin [None req-622bb59e-025d-4997-9f16-61f7fc1a5c7d fd3997e666534018b872f64e50122ce1 14066c6392c04cb781fecc2287d12e63 - - default default] Tap Mirror: Handle Delete Port: d54ae10e-0da1-4f88-b8a2-e19bbd980650 [pid: 8|app: 0|req: 621/1410] 10.0.0.218 () {32 vars in 717 bytes} [Thu Apr 30 12:26:18 2026] GET /v2.0/ports/86f4526d-d764-48a6-94f8-91c981a2ed7b => generated 941 bytes in 969 msecs (HTTP/1.1 200) 4 headers in 157 bytes (1 switches on core 0)
2026-04-30 12:26:19.294 8 INFO neutron.db.ovn_revision_numbers_db [None req-7e5bf259-56c2-41b9-962d-d864e230a1fc - - - - - -] Successfully bumped revision number for resource 8f34a085-982c-47ae-a92b-90ac9936c625 (type: ports) to 2 [pid: 8|app: 0|req: 622/1411] 10.0.0.93 () {34 vars in 989 bytes} [Thu Apr 30 12:26:19 2026] GET /v2.0/ports?device_id=8f39254a-c16d-4345-88cc-3ab2c833e720 => generated 1236 bytes in 148 msecs (HTTP/1.1 200) 4 headers in 158 bytes (1 switches on core 0) [pid: 7|app: 0|req: 790/1412] 10.0.0.218 () {34 vars in 789 bytes} [Thu Apr 30 12:26:18 2026] PUT /v2.0/routers/6e1c7a70-7906-47b1-b7d7-3e7e740a319c/remove_router_interface => generated 310 bytes in 654 msecs (HTTP/1.1 200) 4 headers in 157 bytes (1 switches on core 0) [pid: 8|app: 0|req: 623/1413] 10.0.0.93 () {34 vars in 1039 bytes} [Thu Apr 30 12:26:19 2026] GET /v2.0/security-groups?id=7192a760-ba86-4adf-8db1-d41f643967b6&fields=id&fields=name => generated 114 bytes in 84 msecs (HTTP/1.1 200) 4 headers in 157 bytes (1 switches on core 0) /var/lib/openstack/lib/python3.12/site-packages/pycadf/identifier.py:70: UserWarning: Invalid uuid: neutron. To ensure interoperability, identifiers should be a valid uuid. warnings.warn(('Invalid uuid: %s. To ensure interoperability, '
2026-04-30 12:26:19.643 8 INFO neutron.api.v2.resource [None req-3088227c-d239-40e2-8b60-df0d34a9d574 fd3997e666534018b872f64e50122ce1 14066c6392c04cb781fecc2287d12e63 - - default default] remove_router_interface failed (client error): The resource could not be found. [pid: 8|app: 0|req: 624/1414] 10.0.0.218 () {34 vars in 789 bytes} [Thu Apr 30 12:26:19 2026] PUT /v2.0/routers/6e1c7a70-7906-47b1-b7d7-3e7e740a319c/remove_router_interface => generated 197 bytes in 134 msecs (HTTP/1.1 404) 4 headers in 164 bytes (1 switches on core 0)
2026-04-30 12:26:19.647 7 WARNING neutron.db.securitygroups_db [None req-d1baac1e-5ee1-4b00-89d0-36c1fcb952de 6ffaa3feec294680ba59f6d169525271 47a0994c92d24216a513050352c09044 - - default default] project_id key not found in filters, using tenant_id instead. This support has been deprecated and will be removed in a future release. [pid: 8|app: 0|req: 625/1415] 10.0.0.218 () {32 vars in 736 bytes} [Thu Apr 30 12:26:19 2026] GET /v2.0/ports?device_id=6e1c7a70-7906-47b1-b7d7-3e7e740a319c => generated 12 bytes in 19 msecs (HTTP/1.1 200) 4 headers in 156 bytes (1 switches on core 0)
2026-04-30 12:26:19.834 7 INFO neutron.db.ovn_revision_numbers_db [None req-d1baac1e-5ee1-4b00-89d0-36c1fcb952de 6ffaa3feec294680ba59f6d169525271 47a0994c92d24216a513050352c09044 - - default default] Successfully bumped revision number for resource 6f7762c8-26a6-4006-a0af-cd0ac4ae562a (type: security_groups) to 1
2026-04-30 12:26:19.860 7 INFO neutron.db.ovn_revision_numbers_db [None req-d1baac1e-5ee1-4b00-89d0-36c1fcb952de 6ffaa3feec294680ba59f6d169525271 47a0994c92d24216a513050352c09044 - - default default] Successfully bumped revision number for resource 8c726460-4fb7-4f4f-8567-871727856b65 (type: security_group_rules) to 0
2026-04-30 12:26:19.889 7 INFO neutron.db.ovn_revision_numbers_db [None req-d1baac1e-5ee1-4b00-89d0-36c1fcb952de 6ffaa3feec294680ba59f6d169525271 47a0994c92d24216a513050352c09044 - - default default] Successfully bumped revision number for resource b749034f-5871-4727-80a9-948b75fbf2d4 (type: security_group_rules) to 0
2026-04-30 12:26:19.910 7 INFO neutron.db.ovn_revision_numbers_db [None req-d1baac1e-5ee1-4b00-89d0-36c1fcb952de 6ffaa3feec294680ba59f6d169525271 47a0994c92d24216a513050352c09044 - - default default] Successfully bumped revision number for resource de6f2220-b625-42dc-b208-e7a25c1a6baa (type: security_group_rules) to 0
2026-04-30 12:26:19.925 7 INFO neutron.db.ovn_revision_numbers_db [None req-d1baac1e-5ee1-4b00-89d0-36c1fcb952de 6ffaa3feec294680ba59f6d169525271 47a0994c92d24216a513050352c09044 - - default default] Successfully bumped revision number for resource e029b52d-f8e2-4c5c-82e3-1af31371e42e (type: security_group_rules) to 0 [pid: 8|app: 0|req: 626/1416] 10.0.0.218 () {32 vars in 724 bytes} [Thu Apr 30 12:26:19 2026] DELETE /v2.0/routers/6e1c7a70-7906-47b1-b7d7-3e7e740a319c => generated 0 bytes in 253 msecs (HTTP/1.1 204) 2 headers in 112 bytes (1 switches on core 0) [pid: 7|app: 0|req: 791/1417] 10.0.0.218 () {32 vars in 774 bytes} [Thu Apr 30 12:26:19 2026] GET /v2.0/security-groups?tenant_id=0c9cb3588ac745b58418a795539b5b0f&name=default => generated 2925 bytes in 478 msecs (HTTP/1.1 200) 4 headers in 158 bytes (1 switches on core 0) [pid: 8|app: 0|req: 627/1418] 10.0.0.218 () {32 vars in 724 bytes} [Thu Apr 30 12:26:19 2026] DELETE /v2.0/subnets/63b96bd1-1e66-4e7f-9b58-7e19ff606c14 => generated 0 bytes in 154 msecs (HTTP/1.1 204) 3 headers in 131 bytes (1 switches on core 0) [pid: 7|app: 0|req: 792/1419] 10.0.0.218 () {32 vars in 740 bytes} [Thu Apr 30 12:26:19 2026] DELETE /v2.0/security-groups/6f7762c8-26a6-4006-a0af-cd0ac4ae562a => generated 0 bytes in 227 msecs (HTTP/1.1 204) 2 headers in 112 bytes (1 switches on core 0)
2026-04-30 12:26:20.276 8 INFO neutron_taas.services.taas.taas_plugin [None req-31ed30b6-c2e4-40f0-a0ac-dc7bb55e5141 fd3997e666534018b872f64e50122ce1 14066c6392c04cb781fecc2287d12e63 - - default default] TaaS: Handle Delete Port: 025ab776-ccd9-4355-b280-77518323e4ba
2026-04-30 12:26:20.277 7 WARNING keystonemiddleware.audit [None req-d7af733e-8d7b-4fea-a2f6-d429acb345fa 6ffaa3feec294680ba59f6d169525271 47a0994c92d24216a513050352c09044 - - default default] Skipping service tempest-service-1915324253 as it have no endpoints.
2026-04-30 12:26:20.280 8 INFO neutron_taas.services.taas.tap_mirror_plugin [None req-31ed30b6-c2e4-40f0-a0ac-dc7bb55e5141 fd3997e666534018b872f64e50122ce1 14066c6392c04cb781fecc2287d12e63 - - default default] Tap Mirror: Handle Delete Port: 025ab776-ccd9-4355-b280-77518323e4ba [pid: 7|app: 0|req: 793/1420] 10.0.0.218 () {32 vars in 717 bytes} [Thu Apr 30 12:26:20 2026] GET /v2.0/ports/86f4526d-d764-48a6-94f8-91c981a2ed7b => generated 941 bytes in 108 msecs (HTTP/1.1 200) 4 headers in 157 bytes (1 switches on core 0)
2026-04-30 12:26:20.400 7 WARNING neutron.db.securitygroups_db [None req-971a311b-1a57-4e62-b4d8-806a19eed754 6ffaa3feec294680ba59f6d169525271 47a0994c92d24216a513050352c09044 - - default default] project_id key not found in filters, using tenant_id instead. This support has been deprecated and will be removed in a future release.
2026-04-30 12:26:20.518 8 INFO neutron.services.segments.plugin [-] Segment c2a8c05a-92b9-4faf-9d01-57a2e2ae5667 resource provider aggregate not found
2026-04-30 12:26:20.524 8 INFO neutron.services.segments.plugin [-] Segment c2a8c05a-92b9-4faf-9d01-57a2e2ae5667 resource provider aggregate not found
2026-04-30 12:26:20.544 8 INFO neutron.services.segments.plugin [-] Segment c2a8c05a-92b9-4faf-9d01-57a2e2ae5667 resource provider not found; error: Placement Client Error (4xx): {"errors": [{"status": 404, "title": "Not Found", "detail": "The resource could not be found.\n\n No resource provider with uuid c2a8c05a-92b9-4faf-9d01-57a2e2ae5667 found for delete ", "request_id": "req-a00980a8-415c-4435-b564-16d73ff75372"}]}
