2026-04-30 12:26:33.243 7 INFO neutron.services.segments.plugin [-] Segment d462f44b-1a06-41ef-8946-da4539b073ed resource provider not found; error: Placement Client Error (4xx): {"errors": [{"status": 404, "title": "Not Found", "detail": "The resource could not be found.\n\n No resource provider with uuid d462f44b-1a06-41ef-8946-da4539b073ed found for delete ", "request_id": "req-0c7029a2-b3b8-4dcb-9fe9-744f2f5c0ed4"}]}
2026-04-30 12:26:33.244 7 INFO neutron.services.segments.plugin [-] Segment d462f44b-1a06-41ef-8946-da4539b073ed resource provider not found; error: Placement Client Error (4xx): {"errors": [{"status": 404, "title": "Not Found", "detail": "The resource could not be found.\n\n No resource provider with uuid d462f44b-1a06-41ef-8946-da4539b073ed found for delete ", "request_id": "req-7ba97017-772c-46c5-bb84-4732d8be8bbd"}]} [pid: 7|app: 0|req: 828/1484] 10.0.0.218 () {32 vars in 726 bytes} [Thu Apr 30 12:26:32 2026] DELETE /v2.0/networks/c290ce91-fd7d-4b0e-a7e9-6d499f81960c => generated 0 bytes in 434 msecs (HTTP/1.1 204) 3 headers in 131 bytes (1 switches on core 0) [pid: 7|app: 0|req: 829/1485] 10.0.0.218 () {32 vars in 717 bytes} [Thu Apr 30 12:26:33 2026] GET /v2.0/ports/4075afc8-71de-4a70-a21e-2fd414e09136 => generated 947 bytes in 68 msecs (HTTP/1.1 200) 4 headers in 157 bytes (1 switches on core 0)
2026-04-30 12:26:33.403 8 INFO neutron.db.ovn_revision_numbers_db [None req-04bf8b4b-9d44-447c-95c4-3b301e65872c - - - - - -] Successfully bumped revision number for resource 4075afc8-71de-4a70-a21e-2fd414e09136 (type: ports) to 2
2026-04-30 12:26:33.562 8 INFO neutron.db.ovn_revision_numbers_db [None req-479171c1-3af5-45f5-b11a-28de619e63f7 231161ed2a34491eb82b1f65a8c4c66a 18e34422458e4c57b7d131bc45cec49e - - default default] Successfully bumped revision number for resource ed36d55c-6cf2-4b37-85b3-d062d4134a58 (type: ports) to 2
2026-04-30 12:26:33.736 7 INFO neutron_taas.services.taas.taas_plugin [None req-e570589f-33c9-4ad4-902d-4f5ae5be0578 fd3997e666534018b872f64e50122ce1 14066c6392c04cb781fecc2287d12e63 - - default default] TaaS: Handle Delete Port: 4075afc8-71de-4a70-a21e-2fd414e09136
2026-04-30 12:26:33.740 7 INFO neutron_taas.services.taas.tap_mirror_plugin [None req-e570589f-33c9-4ad4-902d-4f5ae5be0578 fd3997e666534018b872f64e50122ce1 14066c6392c04cb781fecc2287d12e63 - - default default] Tap Mirror: Handle Delete Port: 4075afc8-71de-4a70-a21e-2fd414e09136 [pid: 7|app: 0|req: 830/1486] 10.0.0.218 () {34 vars in 789 bytes} [Thu Apr 30 12:26:33 2026] PUT /v2.0/routers/127a58e2-8b87-4873-87fd-eb79a32a552f/remove_router_interface => generated 310 bytes in 672 msecs (HTTP/1.1 200) 4 headers in 157 bytes (1 switches on core 0) /var/lib/openstack/lib/python3.12/site-packages/pycadf/identifier.py:70: UserWarning: Invalid uuid: neutron. To ensure interoperability, identifiers should be a valid uuid. warnings.warn(('Invalid uuid: %s. To ensure interoperability, '
2026-04-30 12:26:34.060 7 WARNING neutron.db.securitygroups_db [None req-69f76533-cf5c-4350-b552-d4ad24673950 6ffaa3feec294680ba59f6d169525271 47a0994c92d24216a513050352c09044 - - default default] project_id key not found in filters, using tenant_id instead. This support has been deprecated and will be removed in a future release. [pid: 7|app: 0|req: 831/1487] 10.0.0.218 () {32 vars in 774 bytes} [Thu Apr 30 12:26:34 2026] GET /v2.0/security-groups?tenant_id=4fcbd581bfe04ad3b07ae9af41601a9e&name=default => generated 2925 bytes in 31 msecs (HTTP/1.1 200) 4 headers in 158 bytes (1 switches on core 0) [pid: 7|app: 0|req: 832/1488] 10.0.0.218 () {32 vars in 736 bytes} [Thu Apr 30 12:26:34 2026] GET /v2.0/ports?device_id=127a58e2-8b87-4873-87fd-eb79a32a552f => generated 12 bytes in 16 msecs (HTTP/1.1 200) 4 headers in 156 bytes (1 switches on core 0)
2026-04-30 12:26:34.282 8 WARNING neutron.scheduler.dhcp_agent_scheduler [None req-479171c1-3af5-45f5-b11a-28de619e63f7 231161ed2a34491eb82b1f65a8c4c66a 18e34422458e4c57b7d131bc45cec49e - - default default] No more DHCP agents
2026-04-30 12:26:34.286 8 WARNING neutron.api.rpc.agentnotifiers.dhcp_rpc_agent_api [None req-479171c1-3af5-45f5-b11a-28de619e63f7 231161ed2a34491eb82b1f65a8c4c66a 18e34422458e4c57b7d131bc45cec49e - - default default] Unable to schedule network 87de98ea-20b4-4597-96cf-f0f70be604ac: no agents available; will retry on subsequent port and subnet creation events. [pid: 7|app: 0|req: 833/1489] 10.0.0.218 () {32 vars in 740 bytes} [Thu Apr 30 12:26:34 2026] DELETE /v2.0/security-groups/9134511c-c735-4919-89e2-19d47a701a87 => generated 0 bytes in 222 msecs (HTTP/1.1 204) 2 headers in 112 bytes (1 switches on core 0) [pid: 7|app: 0|req: 834/1490] 10.0.0.218 () {32 vars in 724 bytes} [Thu Apr 30 12:26:34 2026] DELETE /v2.0/routers/127a58e2-8b87-4873-87fd-eb79a32a552f => generated 0 bytes in 230 msecs (HTTP/1.1 204) 2 headers in 112 bytes (1 switches on core 0)
2026-04-30 12:26:34.614 8 INFO neutron.db.ovn_revision_numbers_db [None req-479171c1-3af5-45f5-b11a-28de619e63f7 231161ed2a34491eb82b1f65a8c4c66a 18e34422458e4c57b7d131bc45cec49e - - default default] Successfully bumped revision number for resource ed36d55c-6cf2-4b37-85b3-d062d4134a58 (type: router_ports) to 2 [pid: 8|app: 0|req: 657/1491] 10.0.0.218 () {34 vars in 783 bytes} [Thu Apr 30 12:26:32 2026] PUT /v2.0/routers/07e6d78f-1c86-48d2-b35a-aacc65bded86/add_router_interface => generated 310 bytes in 2375 msecs (HTTP/1.1 200) 4 headers in 157 bytes (1 switches on core 0) /var/lib/openstack/lib/python3.12/site-packages/pycadf/identifier.py:70: UserWarning: Invalid uuid: neutron. To ensure interoperability, identifiers should be a valid uuid. warnings.warn(('Invalid uuid: %s. To ensure interoperability, '
2026-04-30 12:26:34.762 7 WARNING neutron.db.securitygroups_db [None req-9d67e8e8-a8f3-4d75-a372-e1156706bf54 6ffaa3feec294680ba59f6d169525271 47a0994c92d24216a513050352c09044 - - default default] project_id key not found in filters, using tenant_id instead. This support has been deprecated and will be removed in a future release. [pid: 8|app: 0|req: 658/1492] 10.0.0.218 () {32 vars in 724 bytes} [Thu Apr 30 12:26:34 2026] DELETE /v2.0/subnets/e9733e6c-6ec9-47f0-a91e-fa97f958456b => generated 0 bytes in 150 msecs (HTTP/1.1 204) 3 headers in 131 bytes (1 switches on core 0)
2026-04-30 12:26:34.773 8 WARNING keystonemiddleware.audit [None req-fa59a037-01c9-43f5-8e3b-1e0e799e05e1 fd3997e666534018b872f64e50122ce1 14066c6392c04cb781fecc2287d12e63 - - default default] Skipping service tempest-service-1915324253 as it have no endpoints. [pid: 8|app: 0|req: 659/1493] 10.0.0.218 () {32 vars in 717 bytes} [Thu Apr 30 12:26:34 2026] GET /v2.0/ports/ed36d55c-6cf2-4b37-85b3-d062d4134a58 => generated 1011 bytes in 34 msecs (HTTP/1.1 200) 4 headers in 158 bytes (1 switches on core 0)
2026-04-30 12:26:34.911 7 INFO neutron.db.ovn_revision_numbers_db [None req-9d67e8e8-a8f3-4d75-a372-e1156706bf54 6ffaa3feec294680ba59f6d169525271 47a0994c92d24216a513050352c09044 - - default default] Successfully bumped revision number for resource 7e47bde9-f714-4df1-8d94-0935f6b69d2a (type: security_groups) to 1
2026-04-30 12:26:34.927 7 INFO neutron.db.ovn_revision_numbers_db [None req-9d67e8e8-a8f3-4d75-a372-e1156706bf54 6ffaa3feec294680ba59f6d169525271 47a0994c92d24216a513050352c09044 - - default default] Successfully bumped revision number for resource 16a6a9c3-0eca-45c4-9bff-2a3d24d55a7d (type: security_group_rules) to 0
2026-04-30 12:26:34.938 7 INFO neutron.db.ovn_revision_numbers_db [None req-9d67e8e8-a8f3-4d75-a372-e1156706bf54 6ffaa3feec294680ba59f6d169525271 47a0994c92d24216a513050352c09044 - - default default] Successfully bumped revision number for resource 205d48da-cffa-48c2-a58c-241a3864093a (type: security_group_rules) to 0
2026-04-30 12:26:34.948 7 INFO neutron.db.ovn_revision_numbers_db [None req-9d67e8e8-a8f3-4d75-a372-e1156706bf54 6ffaa3feec294680ba59f6d169525271 47a0994c92d24216a513050352c09044 - - default default] Successfully bumped revision number for resource 24baf071-f8d0-43d4-a12f-37e89a2804ac (type: security_group_rules) to 0
2026-04-30 12:26:34.959 7 INFO neutron.db.ovn_revision_numbers_db [None req-9d67e8e8-a8f3-4d75-a372-e1156706bf54 6ffaa3feec294680ba59f6d169525271 47a0994c92d24216a513050352c09044 - - default default] Successfully bumped revision number for resource c5102988-2e43-4fda-92ae-d4099487d245 (type: security_group_rules) to 0
2026-04-30 12:26:34.968 8 INFO neutron_taas.services.taas.taas_plugin [None req-0f2aec8f-cb85-4052-ba56-d096ea262125 fd3997e666534018b872f64e50122ce1 14066c6392c04cb781fecc2287d12e63 - - default default] TaaS: Handle Delete Port: 9a01affb-0cc4-4d43-890a-585cfda623bf
2026-04-30 12:26:34.970 8 INFO neutron_taas.services.taas.tap_mirror_plugin [None req-0f2aec8f-cb85-4052-ba56-d096ea262125 fd3997e666534018b872f64e50122ce1 14066c6392c04cb781fecc2287d12e63 - - default default] Tap Mirror: Handle Delete Port: 9a01affb-0cc4-4d43-890a-585cfda623bf [pid: 7|app: 0|req: 835/1494] 10.0.0.218 () {32 vars in 774 bytes} [Thu Apr 30 12:26:34 2026] GET /v2.0/security-groups?tenant_id=8c00f9dc1f274d21a3234e2880037d70&name=default => generated 2925 bytes in 437 msecs (HTTP/1.1 200) 4 headers in 158 bytes (1 switches on core 0)
2026-04-30 12:26:34.995 7 WARNING keystonemiddleware.audit [None req-9d67e8e8-a8f3-4d75-a372-e1156706bf54 6ffaa3feec294680ba59f6d169525271 47a0994c92d24216a513050352c09044 - - default default] Skipping service tempest-service-1915324253 as it have no endpoints.
2026-04-30 12:26:35.195 8 INFO neutron.services.segments.plugin [-] Segment 8ac1b46b-7433-48fe-9e54-32798bb1f375 resource provider aggregate not found
2026-04-30 12:26:35.199 8 INFO neutron.services.segments.plugin [-] Segment 8ac1b46b-7433-48fe-9e54-32798bb1f375 resource provider aggregate not found
2026-04-30 12:26:35.218 8 INFO neutron.services.segments.plugin [-] Segment 8ac1b46b-7433-48fe-9e54-32798bb1f375 resource provider not found; error: Placement Client Error (4xx): {"errors": [{"status": 404, "title": "Not Found", "detail": "The resource could not be found.\n\n No resource provider with uuid 8ac1b46b-7433-48fe-9e54-32798bb1f375 found for delete ", "request_id": "req-9f45ad2b-3fd4-48ac-9ba2-4c11e76d7693"}]}
2026-04-30 12:26:35.219 8 INFO neutron.services.segments.plugin [-] Segment 8ac1b46b-7433-48fe-9e54-32798bb1f375 resource provider not found; error: Placement Client Error (4xx): {"errors": [{"status": 404, "title": "Not Found", "detail": "The resource could not be found.\n\n No resource provider with uuid 8ac1b46b-7433-48fe-9e54-32798bb1f375 found for delete ", "request_id": "req-0fccac18-bb52-4584-b6c4-754754622e0f"}]} [pid: 8|app: 0|req: 660/1495] 10.0.0.218 () {32 vars in 726 bytes} [Thu Apr 30 12:26:34 2026] DELETE /v2.0/networks/43abb7a6-2bd0-49e6-98bb-621ebed4d921 => generated 0 bytes in 449 msecs (HTTP/1.1 204) 3 headers in 131 bytes (1 switches on core 0)
2026-04-30 12:26:35.312 7 INFO neutron_taas.services.taas.taas_plugin [None req-58dde38c-ae29-494d-be7e-e7f0e7a468f9 231161ed2a34491eb82b1f65a8c4c66a 18e34422458e4c57b7d131bc45cec49e - - default default] TaaS: Handle Delete Port: ed36d55c-6cf2-4b37-85b3-d062d4134a58
2026-04-30 12:26:35.315 7 INFO neutron_taas.services.taas.tap_mirror_plugin [None req-58dde38c-ae29-494d-be7e-e7f0e7a468f9 231161ed2a34491eb82b1f65a8c4c66a 18e34422458e4c57b7d131bc45cec49e - - default default] Tap Mirror: Handle Delete Port: ed36d55c-6cf2-4b37-85b3-d062d4134a58 [pid: 8|app: 0|req: 661/1496] 10.0.0.218 () {32 vars in 740 bytes} [Thu Apr 30 12:26:35 2026] DELETE /v2.0/security-groups/7e47bde9-f714-4df1-8d94-0935f6b69d2a => generated 0 bytes in 242 msecs (HTTP/1.1 204) 2 headers in 112 bytes (1 switches on core 0) [pid: 7|app: 0|req: 836/1497] 10.0.0.218 () {34 vars in 789 bytes} [Thu Apr 30 12:26:34 2026] PUT /v2.0/routers/07e6d78f-1c86-48d2-b35a-aacc65bded86/remove_router_interface => generated 310 bytes in 784 msecs (HTTP/1.1 200) 4 headers in 157 bytes (1 switches on core 0)
2026-04-30 12:26:35.785 7 WARNING keystonemiddleware.audit [None req-58dde38c-ae29-494d-be7e-e7f0e7a468f9 231161ed2a34491eb82b1f65a8c4c66a 18e34422458e4c57b7d131bc45cec49e - - default default] Skipping service tempest-service-1915324253 as it have no endpoints. /var/lib/openstack/lib/python3.12/site-packages/pycadf/identifier.py:70: UserWarning: Invalid uuid: neutron. To ensure interoperability, identifiers should be a valid uuid. warnings.warn(('Invalid uuid: %s. To ensure interoperability, '
2026-04-30 12:26:35.844 7 INFO neutron.api.v2.resource [None req-709d1ca2-4bd0-4db3-941b-9e040743ab68 231161ed2a34491eb82b1f65a8c4c66a 18e34422458e4c57b7d131bc45cec49e - - default default] remove_router_interface failed (client error): The resource could not be found. [pid: 7|app: 0|req: 837/1498] 10.0.0.218 () {34 vars in 789 bytes} [Thu Apr 30 12:26:35 2026] PUT /v2.0/routers/07e6d78f-1c86-48d2-b35a-aacc65bded86/remove_router_interface => generated 197 bytes in 64 msecs (HTTP/1.1 404) 4 headers in 164 bytes (1 switches on core 0)
2026-04-30 12:26:35.855 7 WARNING keystonemiddleware.audit [None req-709d1ca2-4bd0-4db3-941b-9e040743ab68 231161ed2a34491eb82b1f65a8c4c66a 18e34422458e4c57b7d131bc45cec49e - - default default] Skipping service tempest-service-1915324253 as it have no endpoints. [pid: 7|app: 0|req: 838/1499] 10.0.0.218 () {32 vars in 736 bytes} [Thu Apr 30 12:26:35 2026] GET /v2.0/ports?device_id=07e6d78f-1c86-48d2-b35a-aacc65bded86 => generated 12 bytes in 23 msecs (HTTP/1.1 200) 4 headers in 156 bytes (1 switches on core 0)
2026-04-30 12:26:35.883 7 WARNING keystonemiddleware.audit [None req-a646774c-0aaf-4e36-abaf-eb67ef0ed44a 231161ed2a34491eb82b1f65a8c4c66a 18e34422458e4c57b7d131bc45cec49e - - default default] Skipping service tempest-service-1915324253 as it have no endpoints.
2026-04-30 12:26:36.076 8 WARNING neutron.scheduler.dhcp_agent_scheduler [None req-fa22af73-9867-4dac-b8e3-66bf29daecf9 fd3997e666534018b872f64e50122ce1 14066c6392c04cb781fecc2287d12e63 - - default default] No more DHCP agents
2026-04-30 12:26:36.078 8 WARNING neutron.api.rpc.agentnotifiers.dhcp_rpc_agent_api [None req-fa22af73-9867-4dac-b8e3-66bf29daecf9 fd3997e666534018b872f64e50122ce1 14066c6392c04cb781fecc2287d12e63 - - default default] Unable to schedule network 21cc5895-3cf7-4ceb-964e-4eac58b3dcf6: no agents available; will retry on subsequent port and subnet creation events. [pid: 7|app: 0|req: 839/1500] 10.0.0.218 () {32 vars in 724 bytes} [Thu Apr 30 12:26:35 2026] DELETE /v2.0/routers/07e6d78f-1c86-48d2-b35a-aacc65bded86 => generated 0 bytes in 264 msecs (HTTP/1.1 204) 2 headers in 112 bytes (1 switches on core 0)
2026-04-30 12:26:36.152 7 WARNING keystonemiddleware.audit [None req-dc111b3c-08cd-4e8b-9aad-73b471e30040 231161ed2a34491eb82b1f65a8c4c66a 18e34422458e4c57b7d131bc45cec49e - - default default] Skipping service tempest-service-1915324253 as it have no endpoints.
2026-04-30 12:26:36.342 8 INFO neutron.db.ovn_revision_numbers_db [None req-fa22af73-9867-4dac-b8e3-66bf29daecf9 fd3997e666534018b872f64e50122ce1 14066c6392c04cb781fecc2287d12e63 - - default default] Successfully bumped revision number for resource dba5a098-c287-4d6d-b9f9-d0685eceae6c (type: ports) to 1 [pid: 7|app: 0|req: 840/1501] 10.0.0.218 () {32 vars in 724 bytes} [Thu Apr 30 12:26:36 2026] DELETE /v2.0/subnets/caed8011-a843-49ea-8736-5cbb7dc008d2 => generated 0 bytes in 288 msecs (HTTP/1.1 204) 3 headers in 131 bytes (1 switches on core 0)
2026-04-30 12:26:36.444 7 WARNING keystonemiddleware.audit [None req-fcc0f64a-3833-4ac0-9483-7afb405ea96b 231161ed2a34491eb82b1f65a8c4c66a 18e34422458e4c57b7d131bc45cec49e - - default default] Skipping service tempest-service-1915324253 as it have no endpoints.
2026-04-30 12:26:36.579 7 INFO neutron_taas.services.taas.taas_plugin [None req-19cc0e76-892e-4e38-8c0f-5e4dfe2c6e97 231161ed2a34491eb82b1f65a8c4c66a 18e34422458e4c57b7d131bc45cec49e - - default default] TaaS: Handle Delete Port: c5363c80-2b0f-4f61-bfc8-ca8dc55ca5d2
2026-04-30 12:26:36.581 7 INFO neutron_taas.services.taas.tap_mirror_plugin [None req-19cc0e76-892e-4e38-8c0f-5e4dfe2c6e97 231161ed2a34491eb82b1f65a8c4c66a 18e34422458e4c57b7d131bc45cec49e - - default default] Tap Mirror: Handle Delete Port: c5363c80-2b0f-4f61-bfc8-ca8dc55ca5d2
2026-04-30 12:26:36.824 7 INFO neutron.services.segments.plugin [-] Segment a7cea979-e1e6-4f0c-b538-f445ab59d959 resource provider aggregate not found
2026-04-30 12:26:36.828 7 INFO neutron.services.segments.plugin [-] Segment a7cea979-e1e6-4f0c-b538-f445ab59d959 resource provider aggregate not found
2026-04-30 12:26:36.854 7 INFO neutron.services.segments.plugin [-] Segment a7cea979-e1e6-4f0c-b538-f445ab59d959 resource provider not found; error: Placement Client Error (4xx): {"errors": [{"status": 404, "title": "Not Found", "detail": "The resource could not be found.\n\n No resource provider with uuid a7cea979-e1e6-4f0c-b538-f445ab59d959 found for delete ", "request_id": "req-10783661-58d1-4dcc-ba1f-389b43da268d"}]}
2026-04-30 12:26:36.859 7 INFO neutron.services.segments.plugin [-] Segment a7cea979-e1e6-4f0c-b538-f445ab59d959 resource provider not found; error: Placement Client Error (4xx): {"errors": [{"status": 404, "title": "Not Found", "detail": "The resource could not be found.\n\n No resource provider with uuid a7cea979-e1e6-4f0c-b538-f445ab59d959 found for delete ", "request_id": "req-8141a299-af5e-47c6-9256-ca94bf057d2f"}]} [pid: 7|app: 0|req: 841/1502] 10.0.0.218 () {32 vars in 726 bytes} [Thu Apr 30 12:26:36 2026] DELETE /v2.0/networks/87de98ea-20b4-4597-96cf-f0f70be604ac => generated 0 bytes in 461 msecs (HTTP/1.1 204) 3 headers in 131 bytes (1 switches on core 0)
2026-04-30 12:26:36.917 7 WARNING keystonemiddleware.audit [None req-19cc0e76-892e-4e38-8c0f-5e4dfe2c6e97 231161ed2a34491eb82b1f65a8c4c66a 18e34422458e4c57b7d131bc45cec49e - - default default] Skipping service tempest-service-1915324253 as it have no endpoints.
2026-04-30 12:26:37.016 7 INFO neutron.db.segments_db [None req-7129a1c3-73da-4fd3-91c4-106e74ab9604 231161ed2a34491eb82b1f65a8c4c66a 18e34422458e4c57b7d131bc45cec49e - - default default] Added segment 5cb68ea0-aa9d-43bc-bbeb-5453982da426 of type geneve for network b0887f81-f14e-4a13-bb52-43eee1b66ba3
2026-04-30 12:26:37.175 7 INFO neutron.db.ovn_revision_numbers_db [None req-7129a1c3-73da-4fd3-91c4-106e74ab9604 231161ed2a34491eb82b1f65a8c4c66a 18e34422458e4c57b7d131bc45cec49e - - default default] Successfully bumped revision number for resource b0887f81-f14e-4a13-bb52-43eee1b66ba3 (type: networks) to 1
2026-04-30 12:26:37.378 8 INFO neutron.db.ovn_revision_numbers_db [None req-fa22af73-9867-4dac-b8e3-66bf29daecf9 fd3997e666534018b872f64e50122ce1 14066c6392c04cb781fecc2287d12e63 - - default default] Successfully bumped revision number for resource dba5a098-c287-4d6d-b9f9-d0685eceae6c (type: router_ports) to 1
2026-04-30 12:26:37.444 8 INFO neutron.db.ovn_revision_numbers_db [None req-fa22af73-9867-4dac-b8e3-66bf29daecf9 fd3997e666534018b872f64e50122ce1 14066c6392c04cb781fecc2287d12e63 - - default default] Successfully bumped revision number for resource 1a1960f9-1677-42ea-a131-00f0739d5e23 (type: routers) to 2
2026-04-30 12:26:37.467 7 WARNING neutron.scheduler.dhcp_agent_scheduler [None req-7129a1c3-73da-4fd3-91c4-106e74ab9604 231161ed2a34491eb82b1f65a8c4c66a 18e34422458e4c57b7d131bc45cec49e - - default default] No more DHCP agents
2026-04-30 12:26:37.468 7 WARNING neutron.api.rpc.agentnotifiers.dhcp_rpc_agent_api [None req-7129a1c3-73da-4fd3-91c4-106e74ab9604 231161ed2a34491eb82b1f65a8c4c66a 18e34422458e4c57b7d131bc45cec49e - - default default] Unable to schedule network b0887f81-f14e-4a13-bb52-43eee1b66ba3: no agents available; will retry on subsequent port and subnet creation events. [pid: 8|app: 0|req: 662/1503] 10.0.0.218 () {34 vars in 669 bytes} [Thu Apr 30 12:26:35 2026] POST /v2.0/routers => generated 972 bytes in 1979 msecs (HTTP/1.1 201) 4 headers in 162 bytes (1 switches on core 0)
2026-04-30 12:26:37.606 7 INFO neutron.db.ovn_revision_numbers_db [None req-7129a1c3-73da-4fd3-91c4-106e74ab9604 231161ed2a34491eb82b1f65a8c4c66a 18e34422458e4c57b7d131bc45cec49e - - default default] Successfully bumped revision number for resource 174e27fa-e1f5-41d5-bbe1-8a1105a39afc (type: ports) to 1 [pid: 7|app: 0|req: 842/1504] 10.0.0.218 () {34 vars in 670 bytes} [Thu Apr 30 12:26:36 2026] POST /v2.0/networks => generated 668 bytes in 734 msecs (HTTP/1.1 201) 4 headers in 162 bytes (1 switches on core 0)
2026-04-30 12:26:37.735 7 WARNING neutron.db.securitygroups_db [None req-d26c6383-cc26-4b46-b256-8bbd9ee7a2ce 6ffaa3feec294680ba59f6d169525271 47a0994c92d24216a513050352c09044 - - default default] project_id key not found in filters, using tenant_id instead. This support has been deprecated and will be removed in a future release.
2026-04-30 12:26:37.868 8 INFO neutron.db.ovn_revision_numbers_db [None req-968ef3c7-062c-4a82-8950-a2f9ad9968d3 a6279139aae64c8284311a6436579f9a bb8c0f1415894afcb3496e37ed6aec14 - - default default] Successfully bumped revision number for resource d16e6e98-2171-4fa8-8827-cd8178889f63 (type: security_groups) to 1
2026-04-30 12:26:37.881 8 INFO neutron.db.ovn_revision_numbers_db [None req-968ef3c7-062c-4a82-8950-a2f9ad9968d3 a6279139aae64c8284311a6436579f9a bb8c0f1415894afcb3496e37ed6aec14 - - default default] Successfully bumped revision number for resource 5722e715-5f45-4a34-8f39-92bc750a9cca (type: security_group_rules) to 0
2026-04-30 12:26:37.892 8 INFO neutron.db.ovn_revision_numbers_db [None req-968ef3c7-062c-4a82-8950-a2f9ad9968d3 a6279139aae64c8284311a6436579f9a bb8c0f1415894afcb3496e37ed6aec14 - - default default] Successfully bumped revision number for resource 8071465c-6644-4fe7-a37f-b035fcd14931 (type: security_group_rules) to 0
2026-04-30 12:26:37.921 8 INFO neutron.db.ovn_revision_numbers_db [None req-968ef3c7-062c-4a82-8950-a2f9ad9968d3 a6279139aae64c8284311a6436579f9a bb8c0f1415894afcb3496e37ed6aec14 - - default default] Successfully bumped revision number for resource d8d4a6fc-77fc-461e-be95-e281239f02bb (type: security_group_rules) to 0
2026-04-30 12:26:37.938 8 INFO neutron.db.ovn_revision_numbers_db [None req-968ef3c7-062c-4a82-8950-a2f9ad9968d3 a6279139aae64c8284311a6436579f9a bb8c0f1415894afcb3496e37ed6aec14 - - default default] Successfully bumped revision number for resource e75f9f51-c054-4cc6-8019-2ad5692429b1 (type: security_group_rules) to 0
2026-04-30 12:26:37.976 7 INFO neutron.db.ovn_revision_numbers_db [None req-d26c6383-cc26-4b46-b256-8bbd9ee7a2ce 6ffaa3feec294680ba59f6d169525271 47a0994c92d24216a513050352c09044 - - default default] Successfully bumped revision number for resource f3665ea0-9df0-493a-95ab-9da4cf59e46a (type: security_groups) to 1
2026-04-30 12:26:37.990 7 INFO neutron.db.ovn_revision_numbers_db [None req-d26c6383-cc26-4b46-b256-8bbd9ee7a2ce 6ffaa3feec294680ba59f6d169525271 47a0994c92d24216a513050352c09044 - - default default] Successfully bumped revision number for resource 0db539c1-1855-4a50-babc-b554c69da992 (type: security_group_rules) to 0
2026-04-30 12:26:38.005 7 INFO neutron.db.ovn_revision_numbers_db [None req-d26c6383-cc26-4b46-b256-8bbd9ee7a2ce 6ffaa3feec294680ba59f6d169525271 47a0994c92d24216a513050352c09044 - - default default] Successfully bumped revision number for resource 16cf3124-8ac4-43b9-b72a-4cee889d8f2b (type: security_group_rules) to 0
2026-04-30 12:26:38.017 7 INFO neutron.db.ovn_revision_numbers_db [None req-d26c6383-cc26-4b46-b256-8bbd9ee7a2ce 6ffaa3feec294680ba59f6d169525271 47a0994c92d24216a513050352c09044 - - default default] Successfully bumped revision number for resource ae51637a-a30c-4683-b848-77a5fc524828 (type: security_group_rules) to 0
2026-04-30 12:26:38.028 7 INFO neutron.db.ovn_revision_numbers_db [None req-d26c6383-cc26-4b46-b256-8bbd9ee7a2ce 6ffaa3feec294680ba59f6d169525271 47a0994c92d24216a513050352c09044 - - default default] Successfully bumped revision number for resource cd53ed40-c51d-4147-a20c-08de6fdd7fbe (type: security_group_rules) to 0
2026-04-30 12:26:38.056 8 INFO neutron.db.segments_db [None req-968ef3c7-062c-4a82-8950-a2f9ad9968d3 a6279139aae64c8284311a6436579f9a bb8c0f1415894afcb3496e37ed6aec14 - - default default] Added segment 3eebddb0-3f0a-4050-bf11-600ab19ed7f7 of type geneve for network 03cc30be-5d3b-4935-a8a4-efc35fa9c620 [pid: 7|app: 0|req: 843/1505] 10.0.0.218 () {32 vars in 774 bytes} [Thu Apr 30 12:26:37 2026] GET /v2.0/security-groups?tenant_id=226e6d90414e470e90dedd8f30775da9&name=default => generated 2925 bytes in 420 msecs (HTTP/1.1 200) 4 headers in 158 bytes (1 switches on core 0) [pid: 7|app: 0|req: 844/1506] 10.0.0.218 () {32 vars in 721 bytes} [Thu Apr 30 12:26:38 2026] GET /v2.0/routers/1a1960f9-1677-42ea-a131-00f0739d5e23 => generated 978 bytes in 56 msecs (HTTP/1.1 200) 4 headers in 157 bytes (1 switches on core 0)
2026-04-30 12:26:38.128 7 WARNING keystonemiddleware.audit [None req-bc230f2c-ad8c-4770-ac96-0ff07f1fcb0f fd3997e666534018b872f64e50122ce1 14066c6392c04cb781fecc2287d12e63 - - default default] Skipping service tempest-service-1915324253 as it have no endpoints.
2026-04-30 12:26:38.159 8 INFO neutron.db.segments_db [None req-968ef3c7-062c-4a82-8950-a2f9ad9968d3 a6279139aae64c8284311a6436579f9a bb8c0f1415894afcb3496e37ed6aec14 - - default default] Added segment 0764ae5c-fc59-4f56-9904-cd36108e8703 of type geneve for network 8905584a-1d3f-4d92-bf05-e8100de419f0
2026-04-30 12:26:38.237 8 WARNING neutron.plugins.ml2.drivers.ovn.mech_driver.ovsdb.ovn_client [None req-3f59048b-a05f-4a24-8367-740206d8cec7 - - - - - -] No port found with ID 4075afc8-71de-4a70-a21e-2fd414e09136: RuntimeError: No port found with ID 4075afc8-71de-4a70-a21e-2fd414e09136
2026-04-30 12:26:38.258 8 INFO neutron.plugins.ml2.drivers.ovn.mech_driver.mech_driver [None req-3f59048b-a05f-4a24-8367-740206d8cec7 - - - - - -] OVN reports status down for port: f46a1ab2-31ce-4a61-a99a-6bba69a8466a
2026-04-30 12:26:38.331 8 INFO neutron.plugins.ml2.drivers.ovn.mech_driver.mech_driver [None req-3f59048b-a05f-4a24-8367-740206d8cec7 - - - - - -] OVN reports status down for port: c5363c80-2b0f-4f61-bfc8-ca8dc55ca5d2
2026-04-30 12:26:38.343 7 WARNING neutron.scheduler.dhcp_agent_scheduler [None req-83c0dfab-0f73-4241-a4bf-5e09da0d7261 231161ed2a34491eb82b1f65a8c4c66a 18e34422458e4c57b7d131bc45cec49e - - default default] No more DHCP agents
2026-04-30 12:26:38.345 7 WARNING neutron.api.rpc.agentnotifiers.dhcp_rpc_agent_api [None req-83c0dfab-0f73-4241-a4bf-5e09da0d7261 231161ed2a34491eb82b1f65a8c4c66a 18e34422458e4c57b7d131bc45cec49e - - default default] Unable to schedule network b0887f81-f14e-4a13-bb52-43eee1b66ba3: no agents available; will retry on subsequent port and subnet creation events.
2026-04-30 12:26:38.370 8 INFO neutron.plugins.ml2.drivers.ovn.mech_driver.mech_driver [None req-3f59048b-a05f-4a24-8367-740206d8cec7 - - - - - -] OVN reports status down for port: ed36d55c-6cf2-4b37-85b3-d062d4134a58
2026-04-30 12:26:38.386 8 INFO neutron.db.ovn_revision_numbers_db [None req-968ef3c7-062c-4a82-8950-a2f9ad9968d3 a6279139aae64c8284311a6436579f9a bb8c0f1415894afcb3496e37ed6aec14 - - default default] Successfully bumped revision number for resource 03cc30be-5d3b-4935-a8a4-efc35fa9c620 (type: networks) to 1
2026-04-30 12:26:38.410 8 INFO neutron.plugins.ml2.drivers.ovn.mech_driver.mech_driver [None req-3f59048b-a05f-4a24-8367-740206d8cec7 - - - - - -] OVN reports status up for port: ed36d55c-6cf2-4b37-85b3-d062d4134a58
2026-04-30 12:26:38.479 8 INFO neutron.plugins.ml2.drivers.ovn.mech_driver.mech_driver [None req-3f59048b-a05f-4a24-8367-740206d8cec7 - - - - - -] OVN reports status down for port: dba5a098-c287-4d6d-b9f9-d0685eceae6c
2026-04-30 12:26:38.605 8 WARNING neutron.plugins.ml2.drivers.ovn.mech_driver.ovsdb.ovn_client [None req-3f59048b-a05f-4a24-8367-740206d8cec7 - - - - - -] Logical_Switch_Port dba5a098-c287-4d6d-b9f9-d0685eceae6c host information not removed, the port state is up
2026-04-30 12:26:38.605 8 INFO neutron.plugins.ml2.drivers.ovn.mech_driver.mech_driver [None req-3f59048b-a05f-4a24-8367-740206d8cec7 - - - - - -] OVN reports status up for port: dba5a098-c287-4d6d-b9f9-d0685eceae6c
2026-04-30 12:26:38.624 8 INFO neutron.plugins.ml2.plugin [None req-3f59048b-a05f-4a24-8367-740206d8cec7 - - - - - -] Attempt 1 to provision port dba5a098-c287-4d6d-b9f9-d0685eceae6c
2026-04-30 12:26:38.716 8 WARNING neutron.scheduler.dhcp_agent_scheduler [None req-968ef3c7-062c-4a82-8950-a2f9ad9968d3 a6279139aae64c8284311a6436579f9a bb8c0f1415894afcb3496e37ed6aec14 - - default default] No more DHCP agents
2026-04-30 12:26:38.721 8 WARNING neutron.api.rpc.agentnotifiers.dhcp_rpc_agent_api [None req-968ef3c7-062c-4a82-8950-a2f9ad9968d3 a6279139aae64c8284311a6436579f9a bb8c0f1415894afcb3496e37ed6aec14 - - default default] Unable to schedule network 03cc30be-5d3b-4935-a8a4-efc35fa9c620: no agents available; will retry on subsequent port and subnet creation events.
2026-04-30 12:26:38.848 7 INFO neutron.db.ovn_revision_numbers_db [None req-83c0dfab-0f73-4241-a4bf-5e09da0d7261 231161ed2a34491eb82b1f65a8c4c66a 18e34422458e4c57b7d131bc45cec49e - - default default] Successfully bumped revision number for resource 174e27fa-e1f5-41d5-bbe1-8a1105a39afc (type: ports) to 2
2026-04-30 12:26:38.869 8 INFO neutron.db.ovn_revision_numbers_db [None req-968ef3c7-062c-4a82-8950-a2f9ad9968d3 a6279139aae64c8284311a6436579f9a bb8c0f1415894afcb3496e37ed6aec14 - - default default] Successfully bumped revision number for resource a61f78b0-a629-4f1f-8069-d5e83b2ad499 (type: ports) to 1
2026-04-30 12:26:38.884 7 INFO neutron.db.ovn_revision_numbers_db [None req-83c0dfab-0f73-4241-a4bf-5e09da0d7261 231161ed2a34491eb82b1f65a8c4c66a 18e34422458e4c57b7d131bc45cec49e - - default default] Successfully bumped revision number for resource 18ba8463-2290-4a18-96cd-b08e3d349002 (type: subnets) to 0 [pid: 7|app: 0|req: 845/1507] 10.0.0.218 () {34 vars in 669 bytes} [Thu Apr 30 12:26:38 2026] POST /v2.0/subnets => generated 626 bytes in 779 msecs (HTTP/1.1 201) 4 headers in 162 bytes (1 switches on core 0)
2026-04-30 12:26:38.962 8 INFO neutron.db.ovn_revision_numbers_db [None req-968ef3c7-062c-4a82-8950-a2f9ad9968d3 a6279139aae64c8284311a6436579f9a bb8c0f1415894afcb3496e37ed6aec14 - - default default] Successfully bumped revision number for resource 8905584a-1d3f-4d92-bf05-e8100de419f0 (type: networks) to 1 [pid: 7|app: 0|req: 846/1508] 10.0.0.218 () {32 vars in 740 bytes} [Thu Apr 30 12:26:38 2026] DELETE /v2.0/security-groups/f3665ea0-9df0-493a-95ab-9da4cf59e46a => generated 0 bytes in 238 msecs (HTTP/1.1 204) 2 headers in 112 bytes (1 switches on core 0)
2026-04-30 12:26:39.181 8 WARNING neutron.scheduler.dhcp_agent_scheduler [None req-968ef3c7-062c-4a82-8950-a2f9ad9968d3 a6279139aae64c8284311a6436579f9a bb8c0f1415894afcb3496e37ed6aec14 - - default default] No more DHCP agents
2026-04-30 12:26:39.182 8 WARNING neutron.api.rpc.agentnotifiers.dhcp_rpc_agent_api [None req-968ef3c7-062c-4a82-8950-a2f9ad9968d3 a6279139aae64c8284311a6436579f9a bb8c0f1415894afcb3496e37ed6aec14 - - default default] Unable to schedule network 8905584a-1d3f-4d92-bf05-e8100de419f0: no agents available; will retry on subsequent port and subnet creation events. [pid: 7|app: 0|req: 847/1509] 10.0.0.218 () {32 vars in 647 bytes} [Thu Apr 30 12:26:39 2026] GET /v2.0/routers => generated 981 bytes in 132 msecs (HTTP/1.1 200) 4 headers in 157 bytes (1 switches on core 0)
2026-04-30 12:26:39.279 7 WARNING keystonemiddleware.audit [None req-8bd147bd-9aa4-4fd5-9221-27ed4257ca2c fd3997e666534018b872f64e50122ce1 14066c6392c04cb781fecc2287d12e63 - - default default] Skipping service tempest-service-1915324253 as it have no endpoints.
2026-04-30 12:26:39.296 8 INFO neutron.db.ovn_revision_numbers_db [None req-968ef3c7-062c-4a82-8950-a2f9ad9968d3 a6279139aae64c8284311a6436579f9a bb8c0f1415894afcb3496e37ed6aec14 - - default default] Successfully bumped revision number for resource 16cf935a-70e0-45c3-a242-5cea7d5d56eb (type: ports) to 1 [pid: 8|app: 0|req: 663/1510] 10.0.0.218 () {34 vars in 670 bytes} [Thu Apr 30 12:26:37 2026] POST /v2.0/networks => generated 1321 bytes in 1847 msecs (HTTP/1.1 201) 4 headers in 163 bytes (1 switches on core 0) /var/lib/openstack/lib/python3.12/site-packages/pycadf/identifier.py:70: UserWarning: Invalid uuid: neutron. To ensure interoperability, identifiers should be a valid uuid. warnings.warn(('Invalid uuid: %s. To ensure interoperability, '
2026-04-30 12:26:39.390 7 INFO neutron.db.ovn_revision_numbers_db [None req-db45df39-d888-4ffc-8c29-d6dc12796c03 231161ed2a34491eb82b1f65a8c4c66a 18e34422458e4c57b7d131bc45cec49e - - default default] Successfully bumped revision number for resource 383633ac-faeb-4710-aa14-b21836c8782d (type: routers) to 1 [pid: 7|app: 0|req: 848/1511] 10.0.0.218 () {34 vars in 669 bytes} [Thu Apr 30 12:26:39 2026] POST /v2.0/routers => generated 624 bytes in 132 msecs (HTTP/1.1 201) 4 headers in 162 bytes (1 switches on core 0) [pid: 7|app: 0|req: 849/1512] 10.0.0.218 () {32 vars in 649 bytes} [Thu Apr 30 12:26:39 2026] GET /v2.0/networks => generated 1970 bytes in 50 msecs (HTTP/1.1 200) 4 headers in 158 bytes (1 switches on core 0)
2026-04-30 12:26:39.461 7 WARNING keystonemiddleware.audit [None req-73d7826c-e54b-4ddf-8413-785915157f43 a6279139aae64c8284311a6436579f9a bb8c0f1415894afcb3496e37ed6aec14 - - default default] Skipping service tempest-service-1915324253 as it have no endpoints.
2026-04-30 12:26:39.747 8 INFO neutron.db.ovn_revision_numbers_db [None req-c8e9c840-7ca1-47c8-914f-d414948b5171 fd3997e666534018b872f64e50122ce1 14066c6392c04cb781fecc2287d12e63 - - default default] Successfully bumped revision number for resource 1a1960f9-1677-42ea-a131-00f0739d5e23 (type: routers) to 3 [pid: 8|app: 0|req: 664/1513] 10.0.0.218 () {34 vars in 741 bytes} [Thu Apr 30 12:26:39 2026] PUT /v2.0/routers/1a1960f9-1677-42ea-a131-00f0739d5e23 => generated 985 bytes in 428 msecs (HTTP/1.1 200) 4 headers in 157 bytes (1 switches on core 0)
2026-04-30 12:26:39.806 7 WARNING neutron.scheduler.dhcp_agent_scheduler [None req-cca6514c-a7c2-46e0-b689-788d18b5a59a 231161ed2a34491eb82b1f65a8c4c66a 18e34422458e4c57b7d131bc45cec49e - - default default] No more DHCP agents
2026-04-30 12:26:39.808 7 WARNING neutron.api.rpc.agentnotifiers.dhcp_rpc_agent_api [None req-cca6514c-a7c2-46e0-b689-788d18b5a59a 231161ed2a34491eb82b1f65a8c4c66a 18e34422458e4c57b7d131bc45cec49e - - default default] Unable to schedule network b0887f81-f14e-4a13-bb52-43eee1b66ba3: no agents available; will retry on subsequent port and subnet creation events.
2026-04-30 12:26:39.873 8 INFO neutron_taas.services.taas.taas_plugin [None req-5f8eb808-3c7c-4aa9-8d13-dd239fa85dc9 a6279139aae64c8284311a6436579f9a bb8c0f1415894afcb3496e37ed6aec14 - - default default] TaaS: Handle Delete Port: a61f78b0-a629-4f1f-8069-d5e83b2ad499
2026-04-30 12:26:39.877 8 INFO neutron_taas.services.taas.tap_mirror_plugin [None req-5f8eb808-3c7c-4aa9-8d13-dd239fa85dc9 a6279139aae64c8284311a6436579f9a bb8c0f1415894afcb3496e37ed6aec14 - - default default] Tap Mirror: Handle Delete Port: a61f78b0-a629-4f1f-8069-d5e83b2ad499
2026-04-30 12:26:39.996 7 INFO neutron.db.ovn_revision_numbers_db [None req-cca6514c-a7c2-46e0-b689-788d18b5a59a 231161ed2a34491eb82b1f65a8c4c66a 18e34422458e4c57b7d131bc45cec49e - - default default] Successfully bumped revision number for resource d195f739-01ce-4403-91ee-741ac64496cf (type: ports) to 1
2026-04-30 12:26:40.121 8 INFO neutron.services.segments.plugin [-] Segment 3eebddb0-3f0a-4050-bf11-600ab19ed7f7 resource provider aggregate not found
2026-04-30 12:26:40.126 8 INFO neutron.services.segments.plugin [-] Segment 3eebddb0-3f0a-4050-bf11-600ab19ed7f7 resource provider aggregate not found
2026-04-30 12:26:40.140 8 INFO neutron.services.segments.plugin [-] Segment 3eebddb0-3f0a-4050-bf11-600ab19ed7f7 resource provider not found; error: Placement Client Error (4xx): {"errors": [{"status": 404, "title": "Not Found", "detail": "The resource could not be found.\n\n No resource provider with uuid 3eebddb0-3f0a-4050-bf11-600ab19ed7f7 found for delete ", "request_id": "req-f3313230-efb3-4f8b-8e31-5ac65e55edbd"}]}
2026-04-30 12:26:40.150 8 INFO neutron.services.segments.plugin [-] Segment 3eebddb0-3f0a-4050-bf11-600ab19ed7f7 resource provider not found; error: Placement Client Error (4xx): {"errors": [{"status": 404, "title": "Not Found", "detail": "The resource could not be found.\n\n No resource provider with uuid 3eebddb0-3f0a-4050-bf11-600ab19ed7f7 found for delete ", "request_id": "req-227471c7-6ede-4385-9a98-7180f32eeec9"}]} [pid: 8|app: 0|req: 665/1514] 10.0.0.218 () {32 vars in 726 bytes} [Thu Apr 30 12:26:39 2026] DELETE /v2.0/networks/03cc30be-5d3b-4935-a8a4-efc35fa9c620 => generated 0 bytes in 432 msecs (HTTP/1.1 204) 3 headers in 131 bytes (1 switches on core 0) [pid: 8|app: 0|req: 666/1515] 10.0.0.218 () {32 vars in 721 bytes} [Thu Apr 30 12:26:40 2026] GET /v2.0/routers/1a1960f9-1677-42ea-a131-00f0739d5e23 => generated 985 bytes in 63 msecs (HTTP/1.1 200) 4 headers in 157 bytes (1 switches on core 0)
2026-04-30 12:26:40.365 8 INFO neutron_taas.services.taas.taas_plugin [None req-41dda732-f062-4d2a-a95e-7d96d59ef5ab a6279139aae64c8284311a6436579f9a bb8c0f1415894afcb3496e37ed6aec14 - - default default] TaaS: Handle Delete Port: 16cf935a-70e0-45c3-a242-5cea7d5d56eb
2026-04-30 12:26:40.368 8 INFO neutron_taas.services.taas.tap_mirror_plugin [None req-41dda732-f062-4d2a-a95e-7d96d59ef5ab a6279139aae64c8284311a6436579f9a bb8c0f1415894afcb3496e37ed6aec14 - - default default] Tap Mirror: Handle Delete Port: 16cf935a-70e0-45c3-a242-5cea7d5d56eb [pid: 8|app: 0|req: 667/1516] 10.0.0.218 () {32 vars in 726 bytes} [Thu Apr 30 12:26:40 2026] DELETE /v2.0/networks/8905584a-1d3f-4d92-bf05-e8100de419f0 => generated 0 bytes in 418 msecs (HTTP/1.1 204) 3 headers in 131 bytes (1 switches on core 0) [pid: 8|app: 0|req: 668/1517] 10.0.0.218 () {32 vars in 736 bytes} [Thu Apr 30 12:26:40 2026] GET /v2.0/ports?device_id=1a1960f9-1677-42ea-a131-00f0739d5e23 => generated 12 bytes in 17 msecs (HTTP/1.1 200) 4 headers in 156 bytes (1 switches on core 0) [pid: 8|app: 0|req: 671/1520] 10.0.0.218 () {32 vars in 649 bytes} [Thu Apr 30 12:26:40 2026] GET /v2.0/networks => generated 689 bytes in 29 msecs (HTTP/1.1 200) 4 headers in 157 bytes (1 switches on core 0)
2026-04-30 12:26:40.735 7 WARNING neutron.scheduler.dhcp_agent_scheduler [None req-cca6514c-a7c2-46e0-b689-788d18b5a59a 231161ed2a34491eb82b1f65a8c4c66a 18e34422458e4c57b7d131bc45cec49e - - default default] No more DHCP agents
2026-04-30 12:26:40.736 7 WARNING neutron.api.rpc.agentnotifiers.dhcp_rpc_agent_api [None req-cca6514c-a7c2-46e0-b689-788d18b5a59a 231161ed2a34491eb82b1f65a8c4c66a 18e34422458e4c57b7d131bc45cec49e - - default default] Unable to schedule network b0887f81-f14e-4a13-bb52-43eee1b66ba3: no agents available; will retry on subsequent port and subnet creation events.
2026-04-30 12:26:40.949 7 INFO neutron.db.ovn_revision_numbers_db [None req-cca6514c-a7c2-46e0-b689-788d18b5a59a 231161ed2a34491eb82b1f65a8c4c66a 18e34422458e4c57b7d131bc45cec49e - - default default] Successfully bumped revision number for resource d195f739-01ce-4403-91ee-741ac64496cf (type: router_ports) to 1 [pid: 7|app: 0|req: 850/1521] 10.0.0.218 () {34 vars in 783 bytes} [Thu Apr 30 12:26:39 2026] PUT /v2.0/routers/383633ac-faeb-4710-aa14-b21836c8782d/add_router_interface => generated 310 bytes in 1494 msecs (HTTP/1.1 200) 4 headers in 157 bytes (1 switches on core 0)
2026-04-30 12:26:41.046 7 INFO neutron.db.segments_db [None req-1a996bda-fd23-4e57-a3b0-25c1861ab153 a6279139aae64c8284311a6436579f9a bb8c0f1415894afcb3496e37ed6aec14 - - default default] Added segment 18422bb7-3bba-4983-a6e1-1d4921bd0c3a of type geneve for network 505df50c-5b89-406a-a7e4-6e858e8ce08d
2026-04-30 12:26:41.111 8 INFO neutron_taas.services.taas.taas_plugin [None req-8775f2dd-da5a-4c89-8517-5c80b12ae742 fd3997e666534018b872f64e50122ce1 14066c6392c04cb781fecc2287d12e63 - - default default] TaaS: Handle Delete Port: dba5a098-c287-4d6d-b9f9-d0685eceae6c
2026-04-30 12:26:41.114 8 INFO neutron_taas.services.taas.tap_mirror_plugin [None req-8775f2dd-da5a-4c89-8517-5c80b12ae742 fd3997e666534018b872f64e50122ce1 14066c6392c04cb781fecc2287d12e63 - - default default] Tap Mirror: Handle Delete Port: dba5a098-c287-4d6d-b9f9-d0685eceae6c
2026-04-30 12:26:41.171 7 INFO neutron.db.ovn_revision_numbers_db [None req-1a996bda-fd23-4e57-a3b0-25c1861ab153 a6279139aae64c8284311a6436579f9a bb8c0f1415894afcb3496e37ed6aec14 - - default default] Successfully bumped revision number for resource 505df50c-5b89-406a-a7e4-6e858e8ce08d (type: networks) to 1
2026-04-30 12:26:41.370 7 WARNING neutron.scheduler.dhcp_agent_scheduler [None req-1a996bda-fd23-4e57-a3b0-25c1861ab153 a6279139aae64c8284311a6436579f9a bb8c0f1415894afcb3496e37ed6aec14 - - default default] No more DHCP agents
2026-04-30 12:26:41.373 7 WARNING neutron.api.rpc.agentnotifiers.dhcp_rpc_agent_api [None req-1a996bda-fd23-4e57-a3b0-25c1861ab153 a6279139aae64c8284311a6436579f9a bb8c0f1415894afcb3496e37ed6aec14 - - default default] Unable to schedule network 505df50c-5b89-406a-a7e4-6e858e8ce08d: no agents available; will retry on subsequent port and subnet creation events.
2026-04-30 12:26:41.486 7 INFO neutron.db.ovn_revision_numbers_db [None req-1a996bda-fd23-4e57-a3b0-25c1861ab153 a6279139aae64c8284311a6436579f9a bb8c0f1415894afcb3496e37ed6aec14 - - default default] Successfully bumped revision number for resource 3da5f428-b769-4869-9445-a3813703da30 (type: ports) to 1 [pid: 7|app: 0|req: 851/1522] 10.0.0.218 () {34 vars in 670 bytes} [Thu Apr 30 12:26:40 2026] POST /v2.0/networks => generated 687 bytes in 552 msecs (HTTP/1.1 201) 4 headers in 162 bytes (1 switches on core 0)
2026-04-30 12:26:41.509 7 WARNING keystonemiddleware.audit [None req-1a996bda-fd23-4e57-a3b0-25c1861ab153 a6279139aae64c8284311a6436579f9a bb8c0f1415894afcb3496e37ed6aec14 - - default default] Skipping service tempest-service-1915324253 as it have no endpoints. [pid: 7|app: 0|req: 852/1523] 10.0.0.218 () {32 vars in 717 bytes} [Thu Apr 30 12:26:41 2026] GET /v2.0/ports/d195f739-01ce-4403-91ee-741ac64496cf => generated 941 bytes in 32 msecs (HTTP/1.1 200) 4 headers in 157 bytes (1 switches on core 0)
2026-04-30 12:26:41.623 7 INFO neutron.db.segments_db [None req-4b11f426-cc4e-47c6-ab63-f46412735127 a6279139aae64c8284311a6436579f9a bb8c0f1415894afcb3496e37ed6aec14 - - default default] Added segment 73191448-dd88-42e4-8003-999701b424c5 of type geneve for network 1835b6a2-84ed-4532-b6db-a89dba246f73 [pid: 8|app: 0|req: 672/1524] 10.0.0.218 () {32 vars in 724 bytes} [Thu Apr 30 12:26:40 2026] DELETE /v2.0/routers/1a1960f9-1677-42ea-a131-00f0739d5e23 => generated 0 bytes in 917 msecs (HTTP/1.1 204) 2 headers in 112 bytes (1 switches on core 0)
2026-04-30 12:26:41.638 8 WARNING keystonemiddleware.audit [None req-8775f2dd-da5a-4c89-8517-5c80b12ae742 fd3997e666534018b872f64e50122ce1 14066c6392c04cb781fecc2287d12e63 - - default default] Skipping service tempest-service-1915324253 as it have no endpoints. [pid: 8|app: 0|req: 673/1525] 10.0.0.218 () {32 vars in 717 bytes} [Thu Apr 30 12:26:41 2026] GET /v2.0/ports/d195f739-01ce-4403-91ee-741ac64496cf => generated 941 bytes in 62 msecs (HTTP/1.1 200) 4 headers in 157 bytes (1 switches on core 0) [pid: 8|app: 0|req: 674/1526] 10.0.0.218 () {32 vars in 736 bytes} [Thu Apr 30 12:26:41 2026] GET /v2.0/ports?device_id=1a1960f9-1677-42ea-a131-00f0739d5e23 => generated 12 bytes in 26 msecs (HTTP/1.1 200) 4 headers in 156 bytes (1 switches on core 0)
2026-04-30 12:26:41.755 8 INFO neutron.api.v2.resource [None req-0e5f373a-85a8-477d-84eb-0d3a02b9b39f fd3997e666534018b872f64e50122ce1 14066c6392c04cb781fecc2287d12e63 - - default default] delete failed (client error): The resource could not be found. [pid: 8|app: 0|req: 675/1527] 10.0.0.218 () {32 vars in 724 bytes} [Thu Apr 30 12:26:41 2026] DELETE /v2.0/routers/1a1960f9-1677-42ea-a131-00f0739d5e23 => generated 135 bytes in 26 msecs (HTTP/1.1 404) 4 headers in 164 bytes (1 switches on core 0)
2026-04-30 12:26:41.763 7 INFO neutron.db.ovn_revision_numbers_db [None req-4b11f426-cc4e-47c6-ab63-f46412735127 a6279139aae64c8284311a6436579f9a bb8c0f1415894afcb3496e37ed6aec14 - - default default] Successfully bumped revision number for resource 1835b6a2-84ed-4532-b6db-a89dba246f73 (type: networks) to 1 [pid: 8|app: 0|req: 676/1528] 10.0.0.218 () {32 vars in 736 bytes} [Thu Apr 30 12:26:41 2026] GET /v2.0/ports?device_id=127a58e2-8b87-4873-87fd-eb79a32a552f => generated 12 bytes in 14 msecs (HTTP/1.1 200) 4 headers in 156 bytes (1 switches on core 0)
2026-04-30 12:26:41.798 8 INFO neutron.api.v2.resource [None req-8200081a-73c6-40c3-a39d-a0ea52d26a5e fd3997e666534018b872f64e50122ce1 14066c6392c04cb781fecc2287d12e63 - - default default] delete failed (client error): The resource could not be found. [pid: 8|app: 0|req: 677/1529] 10.0.0.218 () {32 vars in 724 bytes} [Thu Apr 30 12:26:41 2026] DELETE /v2.0/routers/127a58e2-8b87-4873-87fd-eb79a32a552f => generated 135 bytes in 18 msecs (HTTP/1.1 404) 4 headers in 164 bytes (1 switches on core 0)
2026-04-30 12:26:41.814 8 INFO neutron.pecan_wsgi.hooks.translation [None req-6de2e719-4e77-430b-8181-413638e0c741 fd3997e666534018b872f64e50122ce1 14066c6392c04cb781fecc2287d12e63 - - default default] DELETE failed (client error): The resource could not be found. [pid: 8|app: 0|req: 678/1530] 10.0.0.218 () {32 vars in 724 bytes} [Thu Apr 30 12:26:41 2026] DELETE /v2.0/subnets/e9733e6c-6ec9-47f0-a91e-fa97f958456b => generated 136 bytes in 14 msecs (HTTP/1.1 404) 4 headers in 164 bytes (1 switches on core 0) [pid: 8|app: 0|req: 679/1531] 10.0.0.218 () {32 vars in 736 bytes} [Thu Apr 30 12:26:41 2026] GET /v2.0/ports?device_id=6e1c7a70-7906-47b1-b7d7-3e7e740a319c => generated 12 bytes in 15 msecs (HTTP/1.1 200) 4 headers in 156 bytes (1 switches on core 0)
2026-04-30 12:26:41.856 8 INFO neutron.api.v2.resource [None req-a47331b0-60ca-4f7b-a9be-b4d934cf8a95 fd3997e666534018b872f64e50122ce1 14066c6392c04cb781fecc2287d12e63 - - default default] delete failed (client error): The resource could not be found. [pid: 8|app: 0|req: 680/1532] 10.0.0.218 () {32 vars in 724 bytes} [Thu Apr 30 12:26:41 2026] DELETE /v2.0/routers/6e1c7a70-7906-47b1-b7d7-3e7e740a319c => generated 135 bytes in 16 msecs (HTTP/1.1 404) 4 headers in 164 bytes (1 switches on core 0)
2026-04-30 12:26:41.870 8 INFO neutron.pecan_wsgi.hooks.translation [None req-c4edd232-2df3-455b-93bd-f06f83f9ba61 fd3997e666534018b872f64e50122ce1 14066c6392c04cb781fecc2287d12e63 - - default default] DELETE failed (client error): The resource could not be found. [pid: 8|app: 0|req: 681/1533] 10.0.0.218 () {32 vars in 724 bytes} [Thu Apr 30 12:26:41 2026] DELETE /v2.0/subnets/63b96bd1-1e66-4e7f-9b58-7e19ff606c14 => generated 136 bytes in 12 msecs (HTTP/1.1 404) 4 headers in 164 bytes (1 switches on core 0) [pid: 8|app: 0|req: 682/1534] 10.0.0.218 () {32 vars in 736 bytes} [Thu Apr 30 12:26:41 2026] GET /v2.0/ports?device_id=3c58c685-44cd-42ca-9fc1-c011b6762fbe => generated 12 bytes in 13 msecs (HTTP/1.1 200) 4 headers in 156 bytes (1 switches on core 0)
2026-04-30 12:26:41.915 8 INFO neutron.api.v2.resource [None req-ae71e298-a069-4388-8a13-6881eb78ecbe fd3997e666534018b872f64e50122ce1 14066c6392c04cb781fecc2287d12e63 - - default default] delete failed (client error): The resource could not be found. [pid: 8|app: 0|req: 683/1535] 10.0.0.218 () {32 vars in 724 bytes} [Thu Apr 30 12:26:41 2026] DELETE /v2.0/routers/3c58c685-44cd-42ca-9fc1-c011b6762fbe => generated 135 bytes in 23 msecs (HTTP/1.1 404) 4 headers in 164 bytes (1 switches on core 0)
2026-04-30 12:26:41.924 7 WARNING neutron.scheduler.dhcp_agent_scheduler [None req-4b11f426-cc4e-47c6-ab63-f46412735127 a6279139aae64c8284311a6436579f9a bb8c0f1415894afcb3496e37ed6aec14 - - default default] No more DHCP agents
2026-04-30 12:26:41.925 7 WARNING neutron.api.rpc.agentnotifiers.dhcp_rpc_agent_api [None req-4b11f426-cc4e-47c6-ab63-f46412735127 a6279139aae64c8284311a6436579f9a bb8c0f1415894afcb3496e37ed6aec14 - - default default] Unable to schedule network 1835b6a2-84ed-4532-b6db-a89dba246f73: no agents available; will retry on subsequent port and subnet creation events.
2026-04-30 12:26:41.933 8 INFO neutron.pecan_wsgi.hooks.translation [None req-a474b70e-f882-43ae-8ca7-7bcfa53333cd fd3997e666534018b872f64e50122ce1 14066c6392c04cb781fecc2287d12e63 - - default default] DELETE failed (client error): The resource could not be found. [pid: 8|app: 0|req: 684/1536] 10.0.0.218 () {32 vars in 724 bytes} [Thu Apr 30 12:26:41 2026] DELETE /v2.0/subnets/5d63c7d7-f44d-4b3b-b273-88f66dcc5bc7 => generated 136 bytes in 15 msecs (HTTP/1.1 404) 4 headers in 164 bytes (1 switches on core 0)
2026-04-30 12:26:41.954 8 INFO neutron.pecan_wsgi.hooks.translation [None req-5e570a10-1182-4e25-a08a-94055b823ddb fd3997e666534018b872f64e50122ce1 14066c6392c04cb781fecc2287d12e63 - - default default] DELETE failed (client error): The resource could not be found. [pid: 8|app: 0|req: 685/1537] 10.0.0.218 () {32 vars in 724 bytes} [Thu Apr 30 12:26:41 2026] DELETE /v2.0/subnets/0e6a16db-0065-4d15-9fe4-f584ca59621c => generated 136 bytes in 22 msecs (HTTP/1.1 404) 4 headers in 164 bytes (1 switches on core 0)
2026-04-30 12:26:42.040 7 INFO neutron.db.ovn_revision_numbers_db [None req-4b11f426-cc4e-47c6-ab63-f46412735127 a6279139aae64c8284311a6436579f9a bb8c0f1415894afcb3496e37ed6aec14 - - default default] Successfully bumped revision number for resource de4b5f4a-9863-40dd-af04-8d9a3061add6 (type: ports) to 1 [pid: 7|app: 0|req: 853/1538] 10.0.0.218 () {34 vars in 670 bytes} [Thu Apr 30 12:26:41 2026] POST /v2.0/networks => generated 688 bytes in 529 msecs (HTTP/1.1 201) 4 headers in 162 bytes (1 switches on core 0)
2026-04-30 12:26:42.164 8 INFO neutron.services.segments.plugin [-] Segment 0764ae5c-fc59-4f56-9904-cd36108e8703 resource provider aggregate not found
2026-04-30 12:26:42.172 8 INFO neutron.services.segments.plugin [-] Segment 0764ae5c-fc59-4f56-9904-cd36108e8703 resource provider aggregate not found
