2026-09-07 19:35:58.881 10 INFO neutron.db.ovn_revision_numbers_db [None req-b50956ec-9f2f-4d8f-850d-41d409599731 b58eed8843ea4b3a80c63043dbdcd4e4 23df4e42747347d480ae5d74f319c9dc - - - -] Successfully bumped revision number for resource c0e9885b-a0a1-4ad5-9ccc-65ce5f7e7bba (type: router_ports) to 3
2026-09-07 19:35:58.884 10 INFO neutron.wsgi [None req-b50956ec-9f2f-4d8f-850d-41d409599731 b58eed8843ea4b3a80c63043dbdcd4e4 23df4e42747347d480ae5d74f319c9dc - - - -] 10.0.0.71 "PUT /v2.0/routers/bd5cb3f8-2309-4e2d-9f4b-56059f113691/add_router_interface HTTP/1.1" status: 200 len: 503 time: 3.4562280
2026-09-07 19:35:58.989 9 INFO neutron.db.ovn_revision_numbers_db [None req-783786ec-4659-4cb0-96a9-20fb8c8eff10 ec6f732357e54519a0a62d54d13f1932 43b89bf9a3664738851b88e7cbc46710 - - - -] Successfully bumped revision number for resource 0b6fcbfd-aa36-4ccb-889d-d6421c9c2fce (type: floatingips) to 2
2026-09-07 19:35:59.006 9 INFO neutron.db.ovn_revision_numbers_db [None req-0242f3b1-08cb-4d5e-af0c-c40e13a1f8d0 - - - - - -] Successfully bumped revision number for resource c0e9885b-a0a1-4ad5-9ccc-65ce5f7e7bba (type: ports) to 3
2026-09-07 19:35:59.015 9 INFO neutron.wsgi [None req-783786ec-4659-4cb0-96a9-20fb8c8eff10 ec6f732357e54519a0a62d54d13f1932 43b89bf9a3664738851b88e7cbc46710 - - - -] 10.0.0.71 "PUT /v2.0/floatingips/0b6fcbfd-aa36-4ccb-889d-d6421c9c2fce HTTP/1.1" status: 200 len: 1049 time: 0.9978869
2026-09-07 19:35:59.129 9 INFO neutron.db.ovn_revision_numbers_db [None req-0242f3b1-08cb-4d5e-af0c-c40e13a1f8d0 - - - - - -] Successfully bumped revision number for resource c0e9885b-a0a1-4ad5-9ccc-65ce5f7e7bba (type: router_ports) to 3
2026-09-07 19:35:59.148 10 INFO neutron.wsgi [req-0ba83a69-d727-4133-bbf9-c2a5cc8e9625 req-e9a11471-62fa-4a9d-a0bb-7cedc96ee526 ec6f732357e54519a0a62d54d13f1932 43b89bf9a3664738851b88e7cbc46710 - - default default] 10.0.0.105 "GET /v2.0/ports?device_id=bdc4968d-7e8f-4327-8842-7d9d315a4870 HTTP/1.1" status: 200 len: 1170 time: 0.0595481
2026-09-07 19:35:59.168 10 INFO neutron.wsgi [None req-a68f5028-b994-4037-b4b3-e801d821e2f1 f16fbda23e4b48df8332802cb924689e 6a5969cc4cdc4172a876383eb2d183fe - - default default] 10.0.0.71 "GET /v2.0/security-groups?tenant_id=0e0d5d4220a34f2a80e8b114073561e9&name=default HTTP/1.1" status: 200 len: 2996 time: 0.2236924
2026-09-07 19:35:59.353 9 INFO neutron.wsgi [None req-7c81252f-0c9d-43ae-8305-bdbcb514680f f16fbda23e4b48df8332802cb924689e 6a5969cc4cdc4172a876383eb2d183fe - - - -] 10.0.0.71 "DELETE /v2.0/security-groups/d239b451-434e-4844-963b-d8c92f1d60c0 HTTP/1.1" status: 204 len: 168 time: 0.1773651
2026-09-07 19:35:59.686 10 INFO neutron.wsgi [req-0ba83a69-d727-4133-bbf9-c2a5cc8e9625 req-59fb27b2-521e-4ebe-aa5c-3ac451bc2412 ec6f732357e54519a0a62d54d13f1932 43b89bf9a3664738851b88e7cbc46710 - - default default] 10.0.0.105 "GET /v2.0/security-groups?id=cdd4aec1-52b3-4464-be3b-85594b1e404c&fields=id&fields=name HTTP/1.1" status: 200 len: 312 time: 0.5198457
2026-09-07 19:35:59.772 10 WARNING neutron.scheduler.dhcp_agent_scheduler [None req-de3666c5-9040-41a7-81c7-a6ff29b8f9e4 b58eed8843ea4b3a80c63043dbdcd4e4 23df4e42747347d480ae5d74f319c9dc - - - -] No more DHCP agents
2026-09-07 19:35:59.776 10 INFO neutron.wsgi [req-e54ed01c-d2b3-4578-99ce-907a11312e11 req-828e987f-053f-4870-b430-bdc12b18089f 39a70fd14e3448ea94abaf556ee45721 8c8e5977e96d4d908a92998ec10ababe - - default default] 10.0.0.105 "GET /v2.0/ports?device_id=c504ba79-11dd-4a45-8a89-cba1453278bb HTTP/1.1" status: 200 len: 1168 time: 0.1362982
2026-09-07 19:35:59.780 10 WARNING neutron.api.rpc.agentnotifiers.dhcp_rpc_agent_api [None req-de3666c5-9040-41a7-81c7-a6ff29b8f9e4 b58eed8843ea4b3a80c63043dbdcd4e4 23df4e42747347d480ae5d74f319c9dc - - - -] Unable to schedule network ce64e753-c3dc-476d-9697-45a897fbcff6: no agents available; will retry on subsequent port and subnet creation events. /var/lib/openstack/lib/python3.10/site-packages/pycadf/identifier.py:71: UserWarning: Invalid uuid: neutron. To ensure interoperability, identifiers should be a valid uuid. warnings.warn(('Invalid uuid: %s. To ensure interoperability, '
2026-09-07 19:35:59.827 10 INFO neutron.wsgi [req-e54ed01c-d2b3-4578-99ce-907a11312e11 req-7ecd10f8-8d8f-4e49-a8fc-aea545995776 39a70fd14e3448ea94abaf556ee45721 8c8e5977e96d4d908a92998ec10ababe - - default default] 10.0.0.105 "GET /v2.0/security-groups?id=43910b37-cb91-4666-86d1-c154968de7e5&fields=id&fields=name HTTP/1.1" status: 200 len: 312 time: 0.0471182
2026-09-07 19:35:59.855 10 INFO neutron.notifiers.nova [-] Nova event matching ['req-b81f7c09-d0d1-4429-a7b9-ad5e014103dc'] response: {'name': 'network-changed', 'server_uuid': 'c504ba79-11dd-4a45-8a89-cba1453278bb', 'tag': '0e680e1b-7874-4858-af4d-4a80e16904e6', 'status': 'completed', 'code': 200}
2026-09-07 19:35:59.895 9 INFO neutron.notifiers.nova [-] Nova event matching ['req-c003d4a0-173d-4319-93fc-b2ccd7256fb6'] response: {'name': 'network-changed', 'server_uuid': 'bdc4968d-7e8f-4327-8842-7d9d315a4870', 'tag': '18f7c5a0-6095-45b3-8b2f-d8b18b523f22', 'status': 'completed', 'code': 200}
2026-09-07 19:35:59.917 10 INFO neutron.wsgi [req-de4c5ff6-232f-4581-b44b-96cf3cd609b8 req-83529e9b-d246-4b97-aa21-9cc5a5fb75a9 0e8eb041faf54719b0f59782468b9f0b 0d4ce962add54f139739bc6c4758137b - - 33fbe5dc6d4948b2b237b1c417458761 33fbe5dc6d4948b2b237b1c417458761] 162.253.55.54 "GET /v2.0/ports?tenant_id=8c8e5977e96d4d908a92998ec10ababe&device_id=c504ba79-11dd-4a45-8a89-cba1453278bb HTTP/1.1" status: 200 len: 1359 time: 0.0418386
2026-09-07 19:35:59.982 10 INFO neutron.wsgi [req-3a41e6b4-c466-415c-abc6-8f9ae45649e7 req-70ac8d31-dafc-4ec9-9759-9018371390b6 0e8eb041faf54719b0f59782468b9f0b 0d4ce962add54f139739bc6c4758137b - - 33fbe5dc6d4948b2b237b1c417458761 33fbe5dc6d4948b2b237b1c417458761] 162.253.55.54 "GET /v2.0/ports?tenant_id=43b89bf9a3664738851b88e7cbc46710&device_id=bdc4968d-7e8f-4327-8842-7d9d315a4870 HTTP/1.1" status: 200 len: 1361 time: 0.0555780
2026-09-07 19:35:59.984 10 INFO neutron.db.ovn_revision_numbers_db [None req-de3666c5-9040-41a7-81c7-a6ff29b8f9e4 b58eed8843ea4b3a80c63043dbdcd4e4 23df4e42747347d480ae5d74f319c9dc - - - -] Successfully bumped revision number for resource a06c5b9a-c3c4-46ba-a20c-2bffb0ebfa18 (type: ports) to 1
2026-09-07 19:36:00.076 9 INFO neutron.services.segments.plugin [-] Segment d38cce4d-f570-46cd-bbb4-0cd85fc5c234 resource provider aggregate not found
2026-09-07 19:36:00.081 10 INFO neutron.wsgi [None req-de3666c5-9040-41a7-81c7-a6ff29b8f9e4 b58eed8843ea4b3a80c63043dbdcd4e4 23df4e42747347d480ae5d74f319c9dc - - - -] 10.0.0.71 "POST /v2.0/ports HTTP/1.1" status: 201 len: 1153 time: 1.1929479
2026-09-07 19:36:00.086 9 INFO neutron.services.segments.plugin [-] Segment d38cce4d-f570-46cd-bbb4-0cd85fc5c234 resource provider aggregate not found
2026-09-07 19:36:00.090 10 INFO neutron.wsgi [req-de4c5ff6-232f-4581-b44b-96cf3cd609b8 req-75bfc4c6-d65b-40a2-a573-61e575857198 0e8eb041faf54719b0f59782468b9f0b 0d4ce962add54f139739bc6c4758137b - - 33fbe5dc6d4948b2b237b1c417458761 33fbe5dc6d4948b2b237b1c417458761] 162.253.55.54 "GET /v2.0/networks?id=3f5dcd7a-b37d-461a-847a-f43370720aca HTTP/1.1" status: 200 len: 978 time: 0.1613183
2026-09-07 19:36:00.111 9 INFO neutron.services.segments.plugin [-] Segment d38cce4d-f570-46cd-bbb4-0cd85fc5c234 resource provider not found; error: Placement Client Error (4xx): {"errors": [{"status": 404, "title": "Not Found", "detail": "The resource could not be found.\n\n No resource provider with uuid d38cce4d-f570-46cd-bbb4-0cd85fc5c234 found for delete ", "request_id": "req-b413be81-d01a-4c2a-b57e-5aaf950c63db"}]}
2026-09-07 19:36:00.114 9 INFO neutron.services.segments.plugin [-] Segment d38cce4d-f570-46cd-bbb4-0cd85fc5c234 resource provider not found; error: Placement Client Error (4xx): {"errors": [{"status": 404, "title": "Not Found", "detail": "The resource could not be found.\n\n No resource provider with uuid d38cce4d-f570-46cd-bbb4-0cd85fc5c234 found for delete ", "request_id": "req-0919c37c-9d04-4552-b418-addea3e75d8f"}]}
2026-09-07 19:36:00.139 10 INFO neutron.wsgi [req-de4c5ff6-232f-4581-b44b-96cf3cd609b8 req-ee7c1b32-7741-425a-9b37-af1ec2769d50 0e8eb041faf54719b0f59782468b9f0b 0d4ce962add54f139739bc6c4758137b - - 33fbe5dc6d4948b2b237b1c417458761 33fbe5dc6d4948b2b237b1c417458761] 162.253.55.54 "GET /v2.0/floatingips?fixed_ip_address=10.100.0.5&port_id=0e680e1b-7874-4858-af4d-4a80e16904e6 HTTP/1.1" status: 200 len: 217 time: 0.0391991
2026-09-07 19:36:00.145 10 INFO neutron.wsgi [req-3a41e6b4-c466-415c-abc6-8f9ae45649e7 req-e549f397-8ea3-4b52-a170-5735c997d4d0 0e8eb041faf54719b0f59782468b9f0b 0d4ce962add54f139739bc6c4758137b - - 33fbe5dc6d4948b2b237b1c417458761 33fbe5dc6d4948b2b237b1c417458761] 162.253.55.54 "GET /v2.0/networks?id=11a7a508-3a0b-41dc-aa01-90901fac25ad HTTP/1.1" status: 200 len: 981 time: 0.1482930
2026-09-07 19:36:00.225 10 INFO neutron.wsgi [req-de4c5ff6-232f-4581-b44b-96cf3cd609b8 req-2e3b0b39-cc3d-4a7a-98bf-1fd889991f1c 0e8eb041faf54719b0f59782468b9f0b 0d4ce962add54f139739bc6c4758137b - - 33fbe5dc6d4948b2b237b1c417458761 33fbe5dc6d4948b2b237b1c417458761] 162.253.55.54 "GET /v2.0/subnets?id=ecacc593-11b3-4bb2-955d-b4eb35c99042 HTTP/1.1" status: 200 len: 873 time: 0.0677989
2026-09-07 19:36:00.229 10 INFO neutron.wsgi [req-3a41e6b4-c466-415c-abc6-8f9ae45649e7 req-71067f31-ff45-462d-936b-8847d5beb2ed 0e8eb041faf54719b0f59782468b9f0b 0d4ce962add54f139739bc6c4758137b - - 33fbe5dc6d4948b2b237b1c417458761 33fbe5dc6d4948b2b237b1c417458761] 162.253.55.54 "GET /v2.0/floatingips?fixed_ip_address=10.100.0.8&port_id=18f7c5a0-6095-45b3-8b2f-d8b18b523f22 HTTP/1.1" status: 200 len: 1059 time: 0.0742693
2026-09-07 19:36:00.277 10 INFO neutron.wsgi [req-de4c5ff6-232f-4581-b44b-96cf3cd609b8 req-7c4fffba-8b45-42d5-8202-c6f43c3bfcf5 0e8eb041faf54719b0f59782468b9f0b 0d4ce962add54f139739bc6c4758137b - - 33fbe5dc6d4948b2b237b1c417458761 33fbe5dc6d4948b2b237b1c417458761] 162.253.55.54 "GET /v2.0/ports?network_id=3f5dcd7a-b37d-461a-847a-f43370720aca&device_owner=network%3Adhcp HTTP/1.1" status: 200 len: 210 time: 0.0374517
2026-09-07 19:36:00.301 10 INFO neutron.wsgi [req-3a41e6b4-c466-415c-abc6-8f9ae45649e7 req-9241d437-110f-4b0d-94b1-7797bbdfaf95 0e8eb041faf54719b0f59782468b9f0b 0d4ce962add54f139739bc6c4758137b - - 33fbe5dc6d4948b2b237b1c417458761 33fbe5dc6d4948b2b237b1c417458761] 162.253.55.54 "GET /v2.0/subnets?id=49b1c123-0f69-40dc-ac74-1d519e8d6039 HTTP/1.1" status: 200 len: 876 time: 0.0607328
2026-09-07 19:36:00.351 10 INFO neutron.wsgi [req-3a41e6b4-c466-415c-abc6-8f9ae45649e7 req-ee0116ac-8225-4e8c-8324-ee0df665f34d 0e8eb041faf54719b0f59782468b9f0b 0d4ce962add54f139739bc6c4758137b - - 33fbe5dc6d4948b2b237b1c417458761 33fbe5dc6d4948b2b237b1c417458761] 162.253.55.54 "GET /v2.0/ports?network_id=11a7a508-3a0b-41dc-aa01-90901fac25ad&device_owner=network%3Adhcp HTTP/1.1" status: 200 len: 210 time: 0.0363407
2026-09-07 19:36:00.394 10 INFO neutron.wsgi [req-de4c5ff6-232f-4581-b44b-96cf3cd609b8 req-e705adf4-df31-475d-9bd4-827d72ef6313 0e8eb041faf54719b0f59782468b9f0b 0d4ce962add54f139739bc6c4758137b - - 33fbe5dc6d4948b2b237b1c417458761 33fbe5dc6d4948b2b237b1c417458761] 162.253.55.54 "GET /v2.0/networks/3f5dcd7a-b37d-461a-847a-f43370720aca?fields=segments HTTP/1.1" status: 200 len: 212 time: 0.1057644
2026-09-07 19:36:00.435 10 INFO neutron.wsgi [req-3a41e6b4-c466-415c-abc6-8f9ae45649e7 req-5323b174-a5b0-4ef4-bb9b-86e0b77fdaa0 0e8eb041faf54719b0f59782468b9f0b 0d4ce962add54f139739bc6c4758137b - - 33fbe5dc6d4948b2b237b1c417458761 33fbe5dc6d4948b2b237b1c417458761] 162.253.55.54 "GET /v2.0/networks/11a7a508-3a0b-41dc-aa01-90901fac25ad?fields=segments HTTP/1.1" status: 200 len: 212 time: 0.0773237
2026-09-07 19:36:00.480 10 INFO neutron.wsgi [req-de4c5ff6-232f-4581-b44b-96cf3cd609b8 req-342ede0f-91e6-43d3-9438-aa76e21c8a95 0e8eb041faf54719b0f59782468b9f0b 0d4ce962add54f139739bc6c4758137b - - 33fbe5dc6d4948b2b237b1c417458761 33fbe5dc6d4948b2b237b1c417458761] 162.253.55.54 "GET /v2.0/networks/3f5dcd7a-b37d-461a-847a-f43370720aca?fields=provider%3Aphysical_network&fields=provider%3Anetwork_type HTTP/1.1" status: 200 len: 277 time: 0.0742729
2026-09-07 19:36:00.534 10 INFO neutron.wsgi [req-3a41e6b4-c466-415c-abc6-8f9ae45649e7 req-2f7c0f57-7db2-45c3-9484-8b2f5ddead0e 0e8eb041faf54719b0f59782468b9f0b 0d4ce962add54f139739bc6c4758137b - - 33fbe5dc6d4948b2b237b1c417458761 33fbe5dc6d4948b2b237b1c417458761] 162.253.55.54 "GET /v2.0/networks/11a7a508-3a0b-41dc-aa01-90901fac25ad?fields=provider%3Aphysical_network&fields=provider%3Anetwork_type HTTP/1.1" status: 200 len: 277 time: 0.0856826
2026-09-07 19:36:00.604 10 WARNING neutron.scheduler.dhcp_agent_scheduler [None req-a3ca1873-0f42-4364-a816-387ea69cd31d b58eed8843ea4b3a80c63043dbdcd4e4 23df4e42747347d480ae5d74f319c9dc - - - -] No more DHCP agents
2026-09-07 19:36:00.606 10 WARNING neutron.api.rpc.agentnotifiers.dhcp_rpc_agent_api [None req-a3ca1873-0f42-4364-a816-387ea69cd31d b58eed8843ea4b3a80c63043dbdcd4e4 23df4e42747347d480ae5d74f319c9dc - - - -] Unable to schedule network ce64e753-c3dc-476d-9697-45a897fbcff6: no agents available; will retry on subsequent port and subnet creation events.
2026-09-07 19:36:00.730 10 INFO neutron.db.ovn_revision_numbers_db [None req-a3ca1873-0f42-4364-a816-387ea69cd31d b58eed8843ea4b3a80c63043dbdcd4e4 23df4e42747347d480ae5d74f319c9dc - - - -] Successfully bumped revision number for resource 27d7fca4-846d-4354-bcd1-f1006cef4366 (type: ports) to 1
2026-09-07 19:36:00.750 10 INFO neutron.wsgi [None req-a3ca1873-0f42-4364-a816-387ea69cd31d b58eed8843ea4b3a80c63043dbdcd4e4 23df4e42747347d480ae5d74f319c9dc - - - -] 10.0.0.71 "POST /v2.0/ports HTTP/1.1" status: 201 len: 1158 time: 0.6624298 /var/lib/openstack/lib/python3.10/site-packages/pycadf/identifier.py:71: UserWarning: Invalid uuid: neutron. To ensure interoperability, identifiers should be a valid uuid. warnings.warn(('Invalid uuid: %s. To ensure interoperability, '
2026-09-07 19:36:00.943 10 INFO neutron.wsgi [req-91928687-d14f-436e-90cc-7667715b6a82 req-0adfc8c5-27d2-4ab6-8507-f4e158f3fcbe 39a70fd14e3448ea94abaf556ee45721 8c8e5977e96d4d908a92998ec10ababe - - default default] 10.0.0.105 "GET /v2.0/ports?device_id=c504ba79-11dd-4a45-8a89-cba1453278bb HTTP/1.1" status: 200 len: 1168 time: 0.0389502
2026-09-07 19:36:01.003 10 INFO neutron.wsgi [req-91928687-d14f-436e-90cc-7667715b6a82 req-e173d389-1eb2-4f32-a207-0731d306186c 39a70fd14e3448ea94abaf556ee45721 8c8e5977e96d4d908a92998ec10ababe - - default default] 10.0.0.105 "GET /v2.0/security-groups?id=43910b37-cb91-4666-86d1-c154968de7e5&fields=id&fields=name HTTP/1.1" status: 200 len: 312 time: 0.0536675
2026-09-07 19:36:01.062 10 WARNING neutron.scheduler.dhcp_agent_scheduler [None req-ddbb1811-5557-4c2f-b27f-4859056f44fc b58eed8843ea4b3a80c63043dbdcd4e4 23df4e42747347d480ae5d74f319c9dc - - - -] No more DHCP agents
2026-09-07 19:36:01.067 10 WARNING neutron.api.rpc.agentnotifiers.dhcp_rpc_agent_api [None req-ddbb1811-5557-4c2f-b27f-4859056f44fc b58eed8843ea4b3a80c63043dbdcd4e4 23df4e42747347d480ae5d74f319c9dc - - - -] Unable to schedule network fab92334-deff-4696-88c0-562ffd971fee: no agents available; will retry on subsequent port and subnet creation events.
2026-09-07 19:36:01.523 9 INFO neutron.db.ovn_revision_numbers_db [None req-35893a98-dbcf-4fd7-beec-9f683750c1cc a81272f06fa5430bb7c606145310ffd9 2578b1218e234a8e8ac0d549fc2d6496 - - - -] Successfully bumped revision number for resource fd823324-4927-4aa8-93fb-bd26ab64a9e6 (type: security_groups) to 1
2026-09-07 19:36:01.549 10 INFO neutron.db.l3_db [None req-ddbb1811-5557-4c2f-b27f-4859056f44fc b58eed8843ea4b3a80c63043dbdcd4e4 23df4e42747347d480ae5d74f319c9dc - - - -] Floating IP c6e667ee-a325-4428-a58a-6df78478c7b4 associated. External IP: 10.96.250.215, port: 27d7fca4-846d-4354-bcd1-f1006cef4366.
2026-09-07 19:36:01.591 9 INFO neutron.db.segments_db [None req-35893a98-dbcf-4fd7-beec-9f683750c1cc a81272f06fa5430bb7c606145310ffd9 2578b1218e234a8e8ac0d549fc2d6496 - - - -] Added segment e2073ecd-ff72-436a-a53c-14b07c576010 of type geneve for network 56846786-9579-4a83-99e0-a5450677efd9
2026-09-07 19:36:01.755 9 INFO neutron.db.segments_db [None req-35893a98-dbcf-4fd7-beec-9f683750c1cc a81272f06fa5430bb7c606145310ffd9 2578b1218e234a8e8ac0d549fc2d6496 - - - -] Added segment aa9f860a-7c51-4220-923c-7a9a0f8bf856 of type geneve for network c9a06511-48f7-44fc-9eaa-3e4411d8d792
2026-09-07 19:36:01.880 10 INFO neutron.db.ovn_revision_numbers_db [None req-ddbb1811-5557-4c2f-b27f-4859056f44fc b58eed8843ea4b3a80c63043dbdcd4e4 23df4e42747347d480ae5d74f319c9dc - - - -] Successfully bumped revision number for resource c6e667ee-a325-4428-a58a-6df78478c7b4 (type: floatingips) to 0
2026-09-07 19:36:01.913 9 INFO neutron.db.ovn_revision_numbers_db [None req-35893a98-dbcf-4fd7-beec-9f683750c1cc a81272f06fa5430bb7c606145310ffd9 2578b1218e234a8e8ac0d549fc2d6496 - - - -] Successfully bumped revision number for resource 56846786-9579-4a83-99e0-a5450677efd9 (type: networks) to 1
2026-09-07 19:36:01.958 10 INFO neutron.db.ovn_revision_numbers_db [None req-ddbb1811-5557-4c2f-b27f-4859056f44fc b58eed8843ea4b3a80c63043dbdcd4e4 23df4e42747347d480ae5d74f319c9dc - - - -] Successfully bumped revision number for resource c6e667ee-a325-4428-a58a-6df78478c7b4 (type: floatingips) to 1
2026-09-07 19:36:02.007 10 WARNING neutron.plugins.ml2.drivers.ovn.mech_driver.ovsdb.ovn_client [None req-ea558bcb-47c6-47d1-a81e-eab1a0de4c74 - - - - - -] No hosting information found for port 43ad141d-c3ce-4df5-b236-a59cf11c1e19: RuntimeError: No hosting information found for port 43ad141d-c3ce-4df5-b236-a59cf11c1e19
2026-09-07 19:36:02.029 10 INFO neutron.wsgi [None req-ddbb1811-5557-4c2f-b27f-4859056f44fc b58eed8843ea4b3a80c63043dbdcd4e4 23df4e42747347d480ae5d74f319c9dc - - - -] 10.0.0.71 "POST /v2.0/floatingips HTTP/1.1" status: 201 len: 1042 time: 1.2725308 /var/lib/openstack/lib/python3.10/site-packages/pycadf/identifier.py:71: UserWarning: Invalid uuid: neutron. To ensure interoperability, identifiers should be a valid uuid. warnings.warn(('Invalid uuid: %s. To ensure interoperability, '
2026-09-07 19:36:02.129 10 INFO neutron.wsgi [req-d88b2416-131a-4e57-9bf7-567bedbcd84c req-2deebfd6-873f-4bfe-838e-b897aac196bb 39a70fd14e3448ea94abaf556ee45721 8c8e5977e96d4d908a92998ec10ababe - - default default] 10.0.0.105 "GET /v2.0/ports?device_id=c504ba79-11dd-4a45-8a89-cba1453278bb HTTP/1.1" status: 200 len: 1168 time: 0.0383041
2026-09-07 19:36:02.156 10 INFO neutron.wsgi [req-d88b2416-131a-4e57-9bf7-567bedbcd84c req-23bf3f26-af41-451d-a6ec-b493b1e66d35 39a70fd14e3448ea94abaf556ee45721 8c8e5977e96d4d908a92998ec10ababe - - default default] 10.0.0.105 "GET /v2.0/security-groups?id=43910b37-cb91-4666-86d1-c154968de7e5&fields=id&fields=name HTTP/1.1" status: 200 len: 312 time: 0.0224087
2026-09-07 19:36:02.207 9 INFO neutron.db.l3_db [None req-1603f25e-1cb7-41b4-9377-4f4bb33e93fc b58eed8843ea4b3a80c63043dbdcd4e4 23df4e42747347d480ae5d74f319c9dc - - - -] Floating IP c6e667ee-a325-4428-a58a-6df78478c7b4 disassociated. External IP: 10.96.250.215, port: 27d7fca4-846d-4354-bcd1-f1006cef4366.
2026-09-07 19:36:02.218 9 WARNING neutron.scheduler.dhcp_agent_scheduler [None req-35893a98-dbcf-4fd7-beec-9f683750c1cc a81272f06fa5430bb7c606145310ffd9 2578b1218e234a8e8ac0d549fc2d6496 - - - -] No more DHCP agents
2026-09-07 19:36:02.222 9 WARNING neutron.api.rpc.agentnotifiers.dhcp_rpc_agent_api [None req-35893a98-dbcf-4fd7-beec-9f683750c1cc a81272f06fa5430bb7c606145310ffd9 2578b1218e234a8e8ac0d549fc2d6496 - - - -] Unable to schedule network 56846786-9579-4a83-99e0-a5450677efd9: no agents available; will retry on subsequent port and subnet creation events.
2026-09-07 19:36:02.240 9 INFO neutron.db.ovn_revision_numbers_db [None req-1603f25e-1cb7-41b4-9377-4f4bb33e93fc b58eed8843ea4b3a80c63043dbdcd4e4 23df4e42747347d480ae5d74f319c9dc - - - -] Successfully bumped revision number for resource c6e667ee-a325-4428-a58a-6df78478c7b4 (type: floatingips) to 2
2026-09-07 19:36:02.301 9 INFO neutron.db.ovn_revision_numbers_db [None req-35893a98-dbcf-4fd7-beec-9f683750c1cc a81272f06fa5430bb7c606145310ffd9 2578b1218e234a8e8ac0d549fc2d6496 - - - -] Successfully bumped revision number for resource 3f5e1ea1-7e08-44bb-80c4-3e615dfd2402 (type: ports) to 1
2026-09-07 19:36:02.329 9 INFO neutron.wsgi [None req-1603f25e-1cb7-41b4-9377-4f4bb33e93fc b58eed8843ea4b3a80c63043dbdcd4e4 23df4e42747347d480ae5d74f319c9dc - - - -] 10.0.0.71 "PUT /v2.0/floatingips/c6e667ee-a325-4428-a58a-6df78478c7b4 HTTP/1.1" status: 200 len: 748 time: 0.2911060 /var/lib/openstack/lib/python3.10/site-packages/pycadf/identifier.py:71: UserWarning: Invalid uuid: neutron. To ensure interoperability, identifiers should be a valid uuid. warnings.warn(('Invalid uuid: %s. To ensure interoperability, '
2026-09-07 19:36:02.360 9 INFO neutron.db.ovn_revision_numbers_db [None req-35893a98-dbcf-4fd7-beec-9f683750c1cc a81272f06fa5430bb7c606145310ffd9 2578b1218e234a8e8ac0d549fc2d6496 - - - -] Successfully bumped revision number for resource c9a06511-48f7-44fc-9eaa-3e4411d8d792 (type: networks) to 1
2026-09-07 19:36:02.514 9 WARNING neutron.scheduler.dhcp_agent_scheduler [None req-35893a98-dbcf-4fd7-beec-9f683750c1cc a81272f06fa5430bb7c606145310ffd9 2578b1218e234a8e8ac0d549fc2d6496 - - - -] No more DHCP agents
2026-09-07 19:36:02.516 9 WARNING neutron.api.rpc.agentnotifiers.dhcp_rpc_agent_api [None req-35893a98-dbcf-4fd7-beec-9f683750c1cc a81272f06fa5430bb7c606145310ffd9 2578b1218e234a8e8ac0d549fc2d6496 - - - -] Unable to schedule network c9a06511-48f7-44fc-9eaa-3e4411d8d792: no agents available; will retry on subsequent port and subnet creation events.
2026-09-07 19:36:02.573 9 INFO neutron.db.ovn_revision_numbers_db [None req-35893a98-dbcf-4fd7-beec-9f683750c1cc a81272f06fa5430bb7c606145310ffd9 2578b1218e234a8e8ac0d549fc2d6496 - - - -] Successfully bumped revision number for resource 38471b0d-6a8d-4df6-91ec-6f019a5eeb45 (type: ports) to 1
2026-09-07 19:36:02.591 9 INFO neutron.wsgi [None req-35893a98-dbcf-4fd7-beec-9f683750c1cc a81272f06fa5430bb7c606145310ffd9 2578b1218e234a8e8ac0d549fc2d6496 - - - -] 10.0.0.71 "POST /v2.0/networks HTTP/1.1" status: 201 len: 1445 time: 1.4061053
2026-09-07 19:36:02.670 10 INFO neutron.wsgi [None req-3e340c97-dfb6-4595-9bcc-bbd67ef5226a a81272f06fa5430bb7c606145310ffd9 2578b1218e234a8e8ac0d549fc2d6496 - - default default] 10.0.0.71 "GET /v2.0/networks HTTP/1.1" status: 200 len: 2051 time: 0.0746064
2026-09-07 19:36:02.751 10 INFO neutron.wsgi [None req-f7741fe7-d0ac-4039-8062-3f72b2bd200c b58eed8843ea4b3a80c63043dbdcd4e4 23df4e42747347d480ae5d74f319c9dc - - - -] 10.0.0.71 "DELETE /v2.0/floatingips/c6e667ee-a325-4428-a58a-6df78478c7b4 HTTP/1.1" status: 204 len: 168 time: 0.4150283
2026-09-07 19:36:03.132 9 INFO neutron.services.segments.plugin [-] Segment e2073ecd-ff72-436a-a53c-14b07c576010 resource provider aggregate not found
2026-09-07 19:36:03.140 9 INFO neutron.services.segments.plugin [-] Segment e2073ecd-ff72-436a-a53c-14b07c576010 resource provider aggregate not found
2026-09-07 19:36:03.159 9 INFO neutron.services.segments.plugin [-] Segment e2073ecd-ff72-436a-a53c-14b07c576010 resource provider not found; error: Placement Client Error (4xx): {"errors": [{"status": 404, "title": "Not Found", "detail": "The resource could not be found.\n\n No resource provider with uuid e2073ecd-ff72-436a-a53c-14b07c576010 found for delete ", "request_id": "req-481199c7-36ed-4905-acc3-5785a4077461"}]}
2026-09-07 19:36:03.165 9 INFO neutron.services.segments.plugin [-] Segment e2073ecd-ff72-436a-a53c-14b07c576010 resource provider not found; error: Placement Client Error (4xx): {"errors": [{"status": 404, "title": "Not Found", "detail": "The resource could not be found.\n\n No resource provider with uuid e2073ecd-ff72-436a-a53c-14b07c576010 found for delete ", "request_id": "req-b3b4e1f7-30bc-4b26-bf34-59775f1331ac"}]}
2026-09-07 19:36:03.179 9 INFO neutron.wsgi [None req-0d7f2c9e-a579-4d72-a836-448941cd366a a81272f06fa5430bb7c606145310ffd9 2578b1218e234a8e8ac0d549fc2d6496 - - - -] 10.0.0.71 "DELETE /v2.0/networks/56846786-9579-4a83-99e0-a5450677efd9 HTTP/1.1" status: 204 len: 168 time: 0.5025334
2026-09-07 19:36:03.191 10 WARNING neutron.scheduler.dhcp_agent_scheduler [None req-1e8c8140-78a6-41c5-b862-45b94dbdb251 b58eed8843ea4b3a80c63043dbdcd4e4 23df4e42747347d480ae5d74f319c9dc - - - -] No more DHCP agents
2026-09-07 19:36:03.193 10 WARNING neutron.api.rpc.agentnotifiers.dhcp_rpc_agent_api [None req-1e8c8140-78a6-41c5-b862-45b94dbdb251 b58eed8843ea4b3a80c63043dbdcd4e4 23df4e42747347d480ae5d74f319c9dc - - - -] Unable to schedule network fab92334-deff-4696-88c0-562ffd971fee: no agents available; will retry on subsequent port and subnet creation events.
2026-09-07 19:36:03.272 10 INFO neutron.wsgi [req-b8190be8-f992-417f-80e4-0891d7f755f4 req-4e272e77-70f3-419c-bc0b-24e5c5d8fde5 39a70fd14e3448ea94abaf556ee45721 8c8e5977e96d4d908a92998ec10ababe - - default default] 10.0.0.105 "GET /v2.0/ports?device_id=c504ba79-11dd-4a45-8a89-cba1453278bb HTTP/1.1" status: 200 len: 1168 time: 0.0410085
2026-09-07 19:36:03.333 10 INFO neutron.wsgi [req-b8190be8-f992-417f-80e4-0891d7f755f4 req-7faa704a-bf44-4b17-8a53-d7db246e2f89 39a70fd14e3448ea94abaf556ee45721 8c8e5977e96d4d908a92998ec10ababe - - default default] 10.0.0.105 "GET /v2.0/security-groups?id=43910b37-cb91-4666-86d1-c154968de7e5&fields=id&fields=name HTTP/1.1" status: 200 len: 312 time: 0.0532703
2026-09-07 19:36:03.627 9 WARNING neutron.plugins.ml2.drivers.ovn.mech_driver.ovsdb.ovn_client [None req-0242f3b1-08cb-4d5e-af0c-c40e13a1f8d0 - - - - - -] No hosting information found for port c0e9885b-a0a1-4ad5-9ccc-65ce5f7e7bba: RuntimeError: No hosting information found for port c0e9885b-a0a1-4ad5-9ccc-65ce5f7e7bba
2026-09-07 19:36:03.628 9 INFO neutron.plugins.ml2.drivers.ovn.mech_driver.mech_driver [None req-0242f3b1-08cb-4d5e-af0c-c40e13a1f8d0 - - - - - -] OVN reports status up for port: 0e680e1b-7874-4858-af4d-4a80e16904e6
2026-09-07 19:36:03.646 9 INFO neutron.plugins.ml2.plugin [None req-0242f3b1-08cb-4d5e-af0c-c40e13a1f8d0 - - - - - -] Attempt 1 to provision port 0e680e1b-7874-4858-af4d-4a80e16904e6
2026-09-07 19:36:03.707 10 INFO neutron.services.segments.plugin [-] Segment aa9f860a-7c51-4220-923c-7a9a0f8bf856 resource provider aggregate not found
2026-09-07 19:36:03.712 10 INFO neutron.services.segments.plugin [-] Segment aa9f860a-7c51-4220-923c-7a9a0f8bf856 resource provider aggregate not found
2026-09-07 19:36:03.732 10 INFO neutron.services.segments.plugin [-] Segment aa9f860a-7c51-4220-923c-7a9a0f8bf856 resource provider not found; error: Placement Client Error (4xx): {"errors": [{"status": 404, "title": "Not Found", "detail": "The resource could not be found.\n\n No resource provider with uuid aa9f860a-7c51-4220-923c-7a9a0f8bf856 found for delete ", "request_id": "req-eb335a59-dacf-48e5-9d05-594854c023fb"}]}
2026-09-07 19:36:03.744 10 INFO neutron.services.segments.plugin [-] Segment aa9f860a-7c51-4220-923c-7a9a0f8bf856 resource provider not found; error: Placement Client Error (4xx): {"errors": [{"status": 404, "title": "Not Found", "detail": "The resource could not be found.\n\n No resource provider with uuid aa9f860a-7c51-4220-923c-7a9a0f8bf856 found for delete ", "request_id": "req-a71a64ed-3e01-4a4c-8555-6050a9710f0e"}]}
2026-09-07 19:36:03.771 9 INFO neutron.notifiers.nova [-] Nova event matching ['req-2ce2c8f7-ea9e-4b53-a45e-adc9a95cb595'] response: {'server_uuid': 'c504ba79-11dd-4a45-8a89-cba1453278bb', 'name': 'network-vif-plugged', 'status': 'completed', 'tag': '0e680e1b-7874-4858-af4d-4a80e16904e6', 'code': 200}
2026-09-07 19:36:03.778 10 INFO neutron.wsgi [None req-8b33a856-5a26-4545-80e4-6b722b01a86a a81272f06fa5430bb7c606145310ffd9 2578b1218e234a8e8ac0d549fc2d6496 - - - -] 10.0.0.71 "DELETE /v2.0/networks/c9a06511-48f7-44fc-9eaa-3e4411d8d792 HTTP/1.1" status: 204 len: 168 time: 0.5940857
2026-09-07 19:36:03.804 10 INFO neutron.db.l3_db [None req-1e8c8140-78a6-41c5-b862-45b94dbdb251 b58eed8843ea4b3a80c63043dbdcd4e4 23df4e42747347d480ae5d74f319c9dc - - - -] Floating IP 14c736a1-ae04-4715-9261-f0d198393723 associated. External IP: 10.96.250.212, port: a06c5b9a-c3c4-46ba-a20c-2bffb0ebfa18.
2026-09-07 19:36:03.865 10 INFO neutron.wsgi [None req-c8ab48c2-261d-488f-8258-5789152ca566 a81272f06fa5430bb7c606145310ffd9 2578b1218e234a8e8ac0d549fc2d6496 - - default default] 10.0.0.71 "GET /v2.0/networks HTTP/1.1" status: 200 len: 845 time: 0.0771632
2026-09-07 19:36:03.923 9 INFO neutron.db.ovn_revision_numbers_db [None req-0242f3b1-08cb-4d5e-af0c-c40e13a1f8d0 - - - - - -] Successfully bumped revision number for resource 0e680e1b-7874-4858-af4d-4a80e16904e6 (type: ports) to 4
2026-09-07 19:36:03.998 10 INFO neutron.db.segments_db [None req-79b4f6da-4b7a-4612-bde2-8d4d6436faa2 a81272f06fa5430bb7c606145310ffd9 2578b1218e234a8e8ac0d549fc2d6496 - - - -] Added segment 2cbcdc54-d064-4590-beb7-245efac08300 of type geneve for network 088aa35d-c383-492a-a70a-c9979616fdfd
2026-09-07 19:36:03.999 10 INFO neutron.db.ovn_revision_numbers_db [None req-1e8c8140-78a6-41c5-b862-45b94dbdb251 b58eed8843ea4b3a80c63043dbdcd4e4 23df4e42747347d480ae5d74f319c9dc - - - -] Successfully bumped revision number for resource 14c736a1-ae04-4715-9261-f0d198393723 (type: floatingips) to 0
2026-09-07 19:36:04.115 10 INFO neutron.db.ovn_revision_numbers_db [None req-1e8c8140-78a6-41c5-b862-45b94dbdb251 b58eed8843ea4b3a80c63043dbdcd4e4 23df4e42747347d480ae5d74f319c9dc - - - -] Successfully bumped revision number for resource 14c736a1-ae04-4715-9261-f0d198393723 (type: floatingips) to 1
2026-09-07 19:36:04.167 10 INFO neutron.db.ovn_revision_numbers_db [None req-79b4f6da-4b7a-4612-bde2-8d4d6436faa2 a81272f06fa5430bb7c606145310ffd9 2578b1218e234a8e8ac0d549fc2d6496 - - - -] Successfully bumped revision number for resource 088aa35d-c383-492a-a70a-c9979616fdfd (type: networks) to 1
2026-09-07 19:36:04.185 10 INFO neutron.wsgi [None req-1e8c8140-78a6-41c5-b862-45b94dbdb251 b58eed8843ea4b3a80c63043dbdcd4e4 23df4e42747347d480ae5d74f319c9dc - - - -] 10.0.0.71 "POST /v2.0/floatingips HTTP/1.1" status: 201 len: 1040 time: 1.4290171 /var/lib/openstack/lib/python3.10/site-packages/pycadf/identifier.py:71: UserWarning: Invalid uuid: neutron. To ensure interoperability, identifiers should be a valid uuid. warnings.warn(('Invalid uuid: %s. To ensure interoperability, '
2026-09-07 19:36:04.253 9 INFO neutron.wsgi [None req-63a521c5-c65b-460b-925e-633bf35c68f1 b58eed8843ea4b3a80c63043dbdcd4e4 23df4e42747347d480ae5d74f319c9dc - - default default] 10.0.0.71 "GET /v2.0/floatingips/14c736a1-ae04-4715-9261-f0d198393723 HTTP/1.1" status: 200 len: 1037 time: 0.0613132
2026-09-07 19:36:04.327 9 INFO neutron.wsgi [None req-12f3388f-5427-4da0-aab8-a2acb557c5e6 b58eed8843ea4b3a80c63043dbdcd4e4 23df4e42747347d480ae5d74f319c9dc - - default default] 10.0.0.71 "GET /v2.0/floatingips HTTP/1.1" status: 200 len: 1040 time: 0.0686984
2026-09-07 19:36:04.335 10 WARNING neutron.scheduler.dhcp_agent_scheduler [None req-79b4f6da-4b7a-4612-bde2-8d4d6436faa2 a81272f06fa5430bb7c606145310ffd9 2578b1218e234a8e8ac0d549fc2d6496 - - - -] No more DHCP agents
2026-09-07 19:36:04.337 10 WARNING neutron.api.rpc.agentnotifiers.dhcp_rpc_agent_api [None req-79b4f6da-4b7a-4612-bde2-8d4d6436faa2 a81272f06fa5430bb7c606145310ffd9 2578b1218e234a8e8ac0d549fc2d6496 - - - -] Unable to schedule network 088aa35d-c383-492a-a70a-c9979616fdfd: no agents available; will retry on subsequent port and subnet creation events.
2026-09-07 19:36:04.396 10 INFO neutron.db.ovn_revision_numbers_db [None req-79b4f6da-4b7a-4612-bde2-8d4d6436faa2 a81272f06fa5430bb7c606145310ffd9 2578b1218e234a8e8ac0d549fc2d6496 - - - -] Successfully bumped revision number for resource 4c9d8bba-34f8-4825-93c0-ad773584ed54 (type: ports) to 1
2026-09-07 19:36:04.413 10 INFO neutron.wsgi [None req-79b4f6da-4b7a-4612-bde2-8d4d6436faa2 a81272f06fa5430bb7c606145310ffd9 2578b1218e234a8e8ac0d549fc2d6496 - - - -] 10.0.0.71 "POST /v2.0/networks HTTP/1.1" status: 201 len: 849 time: 0.5415270
2026-09-07 19:36:04.487 10 INFO neutron.wsgi [req-e3e580b6-f72b-4919-9272-21ff0f6965b5 req-6c9157f9-db1d-48a4-b98a-642f007b049a 39a70fd14e3448ea94abaf556ee45721 8c8e5977e96d4d908a92998ec10ababe - - default default] 10.0.0.105 "GET /v2.0/ports?device_id=c504ba79-11dd-4a45-8a89-cba1453278bb HTTP/1.1" status: 200 len: 1170 time: 0.0476472
2026-09-07 19:36:04.518 10 INFO neutron.db.segments_db [None req-b1512925-1cc3-41d4-aa81-4db629238578 a81272f06fa5430bb7c606145310ffd9 2578b1218e234a8e8ac0d549fc2d6496 - - - -] Added segment e0239b0d-bf0f-4fd5-bf85-01b52b61947e of type geneve for network 1adfbf03-cbfd-4e66-be4d-a066ea10fc0e
2026-09-07 19:36:04.540 10 INFO neutron.wsgi [req-e3e580b6-f72b-4919-9272-21ff0f6965b5 req-90c1ef50-ed61-47e1-8ca4-bb547629e387 39a70fd14e3448ea94abaf556ee45721 8c8e5977e96d4d908a92998ec10ababe - - default default] 10.0.0.105 "GET /v2.0/security-groups?id=43910b37-cb91-4666-86d1-c154968de7e5&fields=id&fields=name HTTP/1.1" status: 200 len: 312 time: 0.0414665
2026-09-07 19:36:04.640 9 INFO neutron.db.l3_db [None req-2a74d008-7906-4186-8c80-94b5d705ddce b58eed8843ea4b3a80c63043dbdcd4e4 23df4e42747347d480ae5d74f319c9dc - - - -] Floating IP 14c736a1-ae04-4715-9261-f0d198393723 associated. External IP: 10.96.250.212, port: a06c5b9a-c3c4-46ba-a20c-2bffb0ebfa18.
2026-09-07 19:36:04.966 10 INFO neutron.db.ovn_revision_numbers_db [None req-b1512925-1cc3-41d4-aa81-4db629238578 a81272f06fa5430bb7c606145310ffd9 2578b1218e234a8e8ac0d549fc2d6496 - - - -] Successfully bumped revision number for resource 1adfbf03-cbfd-4e66-be4d-a066ea10fc0e (type: networks) to 1
2026-09-07 19:36:05.054 10 INFO neutron.wsgi [req-5b60569a-7b37-49ed-8785-84213fb799a3 req-013e58b0-e266-4ea4-b365-51b82eb8a56b 39a70fd14e3448ea94abaf556ee45721 8c8e5977e96d4d908a92998ec10ababe - - default default] 10.0.0.105 "GET /v2.0/ports?device_id=c504ba79-11dd-4a45-8a89-cba1453278bb HTTP/1.1" status: 200 len: 1170 time: 0.3930955
2026-09-07 19:36:05.144 9 INFO neutron.db.ovn_revision_numbers_db [None req-2a74d008-7906-4186-8c80-94b5d705ddce b58eed8843ea4b3a80c63043dbdcd4e4 23df4e42747347d480ae5d74f319c9dc - - - -] Successfully bumped revision number for resource 14c736a1-ae04-4715-9261-f0d198393723 (type: floatingips) to 2
2026-09-07 19:36:05.219 10 WARNING neutron.scheduler.dhcp_agent_scheduler [None req-b1512925-1cc3-41d4-aa81-4db629238578 a81272f06fa5430bb7c606145310ffd9 2578b1218e234a8e8ac0d549fc2d6496 - - - -] No more DHCP agents
2026-09-07 19:36:05.222 10 WARNING neutron.api.rpc.agentnotifiers.dhcp_rpc_agent_api [None req-b1512925-1cc3-41d4-aa81-4db629238578 a81272f06fa5430bb7c606145310ffd9 2578b1218e234a8e8ac0d549fc2d6496 - - - -] Unable to schedule network 1adfbf03-cbfd-4e66-be4d-a066ea10fc0e: no agents available; will retry on subsequent port and subnet creation events.
2026-09-07 19:36:05.257 9 INFO neutron.db.ovn_revision_numbers_db [None req-2a74d008-7906-4186-8c80-94b5d705ddce b58eed8843ea4b3a80c63043dbdcd4e4 23df4e42747347d480ae5d74f319c9dc - - - -] Successfully bumped revision number for resource 14c736a1-ae04-4715-9261-f0d198393723 (type: floatingips) to 3
2026-09-07 19:36:05.328 9 INFO neutron.wsgi [None req-2a74d008-7906-4186-8c80-94b5d705ddce b58eed8843ea4b3a80c63043dbdcd4e4 23df4e42747347d480ae5d74f319c9dc - - - -] 10.0.0.71 "PUT /v2.0/floatingips/14c736a1-ae04-4715-9261-f0d198393723 HTTP/1.1" status: 200 len: 1039 time: 0.9946280
2026-09-07 19:36:05.331 10 INFO neutron.db.ovn_revision_numbers_db [None req-b1512925-1cc3-41d4-aa81-4db629238578 a81272f06fa5430bb7c606145310ffd9 2578b1218e234a8e8ac0d549fc2d6496 - - - -] Successfully bumped revision number for resource 97e71780-a7c2-4fac-8290-7416852c2789 (type: ports) to 1 /var/lib/openstack/lib/python3.10/site-packages/pycadf/identifier.py:71: UserWarning: Invalid uuid: neutron. To ensure interoperability, identifiers should be a valid uuid. warnings.warn(('Invalid uuid: %s. To ensure interoperability, '
2026-09-07 19:36:05.410 10 INFO neutron.wsgi [None req-b1512925-1cc3-41d4-aa81-4db629238578 a81272f06fa5430bb7c606145310ffd9 2578b1218e234a8e8ac0d549fc2d6496 - - - -] 10.0.0.71 "POST /v2.0/networks HTTP/1.1" status: 201 len: 848 time: 0.9917476 /var/lib/openstack/lib/python3.10/site-packages/pycadf/identifier.py:71: UserWarning: Invalid uuid: neutron. To ensure interoperability, identifiers should be a valid uuid. warnings.warn(('Invalid uuid: %s. To ensure interoperability, '
2026-09-07 19:36:05.437 10 INFO neutron.db.l3_db [None req-bb4779e1-8e96-438d-a158-f2203d863981 39a70fd14e3448ea94abaf556ee45721 8c8e5977e96d4d908a92998ec10ababe - - - -] Floating IP b333f087-2809-428a-a682-404f517b94d3 associated. External IP: 10.96.250.219, port: 0e680e1b-7874-4858-af4d-4a80e16904e6.
2026-09-07 19:36:05.536 10 INFO neutron.db.l3_db [None req-d03aeaa3-745b-4e9d-9ce0-11cdcc5f6d76 b58eed8843ea4b3a80c63043dbdcd4e4 23df4e42747347d480ae5d74f319c9dc - - - -] Floating IP 14c736a1-ae04-4715-9261-f0d198393723 disassociated. External IP: 10.96.250.212, port: 27d7fca4-846d-4354-bcd1-f1006cef4366.
2026-09-07 19:36:05.591 10 INFO neutron.db.ovn_revision_numbers_db [None req-d03aeaa3-745b-4e9d-9ce0-11cdcc5f6d76 b58eed8843ea4b3a80c63043dbdcd4e4 23df4e42747347d480ae5d74f319c9dc - - - -] Successfully bumped revision number for resource 14c736a1-ae04-4715-9261-f0d198393723 (type: floatingips) to 4
2026-09-07 19:36:05.658 10 INFO neutron.db.ovn_revision_numbers_db [None req-bb4779e1-8e96-438d-a158-f2203d863981 39a70fd14e3448ea94abaf556ee45721 8c8e5977e96d4d908a92998ec10ababe - - - -] Successfully bumped revision number for resource b333f087-2809-428a-a682-404f517b94d3 (type: floatingips) to 1
2026-09-07 19:36:05.680 10 INFO neutron.wsgi [None req-d03aeaa3-745b-4e9d-9ce0-11cdcc5f6d76 b58eed8843ea4b3a80c63043dbdcd4e4 23df4e42747347d480ae5d74f319c9dc - - - -] 10.0.0.71 "PUT /v2.0/floatingips/14c736a1-ae04-4715-9261-f0d198393723 HTTP/1.1" status: 200 len: 748 time: 0.3467877 /var/lib/openstack/lib/python3.10/site-packages/pycadf/identifier.py:71: UserWarning: Invalid uuid: neutron. To ensure interoperability, identifiers should be a valid uuid. warnings.warn(('Invalid uuid: %s. To ensure interoperability, '
2026-09-07 19:36:05.733 10 INFO neutron.db.ovn_revision_numbers_db [None req-bb4779e1-8e96-438d-a158-f2203d863981 39a70fd14e3448ea94abaf556ee45721 8c8e5977e96d4d908a92998ec10ababe - - - -] Successfully bumped revision number for resource b333f087-2809-428a-a682-404f517b94d3 (type: floatingips) to 2
2026-09-07 19:36:05.751 10 INFO neutron.wsgi [None req-bb4779e1-8e96-438d-a158-f2203d863981 39a70fd14e3448ea94abaf556ee45721 8c8e5977e96d4d908a92998ec10ababe - - - -] 10.0.0.71 "PUT /v2.0/floatingips/b333f087-2809-428a-a682-404f517b94d3 HTTP/1.1" status: 200 len: 1049 time: 0.6787493
2026-09-07 19:36:05.781 10 INFO neutron.notifiers.nova [-] Nova event matching ['req-322b62b8-0820-4aa5-8f33-51899fcc6320'] response: {'name': 'network-changed', 'server_uuid': 'c504ba79-11dd-4a45-8a89-cba1453278bb', 'tag': '0e680e1b-7874-4858-af4d-4a80e16904e6', 'status': 'completed', 'code': 200}
2026-09-07 19:36:05.808 9 INFO neutron.notifiers.nova [-] Nova event matching ['req-5e369689-fab7-4d48-8c47-fab6a1f8b29b'] response: {'server_uuid': 'c504ba79-11dd-4a45-8a89-cba1453278bb', 'name': 'network-vif-plugged', 'status': 'completed', 'tag': '0e680e1b-7874-4858-af4d-4a80e16904e6', 'code': 200} /var/lib/openstack/lib/python3.10/site-packages/pycadf/identifier.py:71: UserWarning: Invalid uuid: neutron. To ensure interoperability, identifiers should be a valid uuid. warnings.warn(('Invalid uuid: %s. To ensure interoperability, '
2026-09-07 19:36:05.900 10 INFO neutron.wsgi [req-120267ac-90ef-40ce-acb7-2c60d4dcb0db req-dac24a0e-7fcb-4390-90fa-c2e1125316db 39a70fd14e3448ea94abaf556ee45721 8c8e5977e96d4d908a92998ec10ababe - - default default] 10.0.0.105 "GET /v2.0/ports?device_id=c504ba79-11dd-4a45-8a89-cba1453278bb HTTP/1.1" status: 200 len: 1170 time: 0.0937784
2026-09-07 19:36:05.905 10 INFO neutron.wsgi [req-6a56d4da-c7b9-432d-9ffc-c30814befe43 req-8c7a8ec5-cc94-42ed-81d7-197015fec589 0e8eb041faf54719b0f59782468b9f0b 0d4ce962add54f139739bc6c4758137b - - 33fbe5dc6d4948b2b237b1c417458761 33fbe5dc6d4948b2b237b1c417458761] 162.253.55.54 "GET /v2.0/ports?tenant_id=8c8e5977e96d4d908a92998ec10ababe&device_id=c504ba79-11dd-4a45-8a89-cba1453278bb HTTP/1.1" status: 200 len: 1361 time: 0.0735140
2026-09-07 19:36:05.981 10 INFO neutron.wsgi [req-120267ac-90ef-40ce-acb7-2c60d4dcb0db req-2697cf45-9249-463a-91ed-a3b9945fe935 39a70fd14e3448ea94abaf556ee45721 8c8e5977e96d4d908a92998ec10ababe - - default default] 10.0.0.105 "GET /v2.0/security-groups?id=43910b37-cb91-4666-86d1-c154968de7e5&fields=id&fields=name HTTP/1.1" status: 200 len: 312 time: 0.0682580
2026-09-07 19:36:05.997 10 INFO neutron.wsgi [req-6a56d4da-c7b9-432d-9ffc-c30814befe43 req-3ce88f74-da5d-42bd-845c-eee9086e048c 0e8eb041faf54719b0f59782468b9f0b 0d4ce962add54f139739bc6c4758137b - - 33fbe5dc6d4948b2b237b1c417458761 33fbe5dc6d4948b2b237b1c417458761] 162.253.55.54 "GET /v2.0/networks?id=3f5dcd7a-b37d-461a-847a-f43370720aca HTTP/1.1" status: 200 len: 978 time: 0.0828836
2026-09-07 19:36:06.085 9 WARNING neutron.scheduler.dhcp_agent_scheduler [None req-981dec0c-cce5-46c0-82c9-589e5f376ef4 a81272f06fa5430bb7c606145310ffd9 2578b1218e234a8e8ac0d549fc2d6496 - - - -] No more DHCP agents
2026-09-07 19:36:06.086 10 INFO neutron.wsgi [req-6a56d4da-c7b9-432d-9ffc-c30814befe43 req-58f8cf62-7808-4af1-8b34-8f8bcf2c4ce0 0e8eb041faf54719b0f59782468b9f0b 0d4ce962add54f139739bc6c4758137b - - 33fbe5dc6d4948b2b237b1c417458761 33fbe5dc6d4948b2b237b1c417458761] 162.253.55.54 "GET /v2.0/floatingips?fixed_ip_address=10.100.0.5&port_id=0e680e1b-7874-4858-af4d-4a80e16904e6 HTTP/1.1" status: 200 len: 1059 time: 0.0774741
2026-09-07 19:36:06.092 9 WARNING neutron.api.rpc.agentnotifiers.dhcp_rpc_agent_api [None req-981dec0c-cce5-46c0-82c9-589e5f376ef4 a81272f06fa5430bb7c606145310ffd9 2578b1218e234a8e8ac0d549fc2d6496 - - - -] Unable to schedule network 088aa35d-c383-492a-a70a-c9979616fdfd: no agents available; will retry on subsequent port and subnet creation events.
2026-09-07 19:36:06.130 10 INFO neutron.wsgi [req-6a56d4da-c7b9-432d-9ffc-c30814befe43 req-0474f0d8-32c4-49be-b067-011238648659 0e8eb041faf54719b0f59782468b9f0b 0d4ce962add54f139739bc6c4758137b - - 33fbe5dc6d4948b2b237b1c417458761 33fbe5dc6d4948b2b237b1c417458761] 162.253.55.54 "GET /v2.0/subnets?id=ecacc593-11b3-4bb2-955d-b4eb35c99042 HTTP/1.1" status: 200 len: 873 time: 0.0369382
2026-09-07 19:36:06.162 10 INFO neutron.wsgi [req-6a56d4da-c7b9-432d-9ffc-c30814befe43 req-7101d596-2de1-45ba-a6f6-91d63a48c846 0e8eb041faf54719b0f59782468b9f0b 0d4ce962add54f139739bc6c4758137b - - 33fbe5dc6d4948b2b237b1c417458761 33fbe5dc6d4948b2b237b1c417458761] 162.253.55.54 "GET /v2.0/ports?network_id=3f5dcd7a-b37d-461a-847a-f43370720aca&device_owner=network%3Adhcp HTTP/1.1" status: 200 len: 210 time: 0.0246162
2026-09-07 19:36:06.223 9 INFO neutron.wsgi [None req-5d109ec8-322f-4e8c-8053-53776e46d0a4 b58eed8843ea4b3a80c63043dbdcd4e4 23df4e42747347d480ae5d74f319c9dc - - - -] 10.0.0.71 "DELETE /v2.0/floatingips/14c736a1-ae04-4715-9261-f0d198393723 HTTP/1.1" status: 204 len: 168 time: 0.5231564
2026-09-07 19:36:06.225 9 INFO neutron.db.ovn_revision_numbers_db [None req-981dec0c-cce5-46c0-82c9-589e5f376ef4 a81272f06fa5430bb7c606145310ffd9 2578b1218e234a8e8ac0d549fc2d6496 - - - -] Successfully bumped revision number for resource d7ddfba6-5903-459a-8420-2627c925a215 (type: ports) to 1
2026-09-07 19:36:06.235 10 INFO neutron.wsgi [req-6a56d4da-c7b9-432d-9ffc-c30814befe43 req-6a6a0840-1344-4182-a353-3cef05370e1b 0e8eb041faf54719b0f59782468b9f0b 0d4ce962add54f139739bc6c4758137b - - 33fbe5dc6d4948b2b237b1c417458761 33fbe5dc6d4948b2b237b1c417458761] 162.253.55.54 "GET /v2.0/networks/3f5dcd7a-b37d-461a-847a-f43370720aca?fields=segments HTTP/1.1" status: 200 len: 212 time: 0.0680993
2026-09-07 19:36:06.249 10 INFO neutron.api.v2.resource [None req-8b4527c6-e910-468d-86eb-e5ba892c7751 b58eed8843ea4b3a80c63043dbdcd4e4 23df4e42747347d480ae5d74f319c9dc - - - -] delete failed (client error): The resource could not be found.
2026-09-07 19:36:06.250 10 INFO neutron.wsgi [None req-8b4527c6-e910-468d-86eb-e5ba892c7751 b58eed8843ea4b3a80c63043dbdcd4e4 23df4e42747347d480ae5d74f319c9dc - - - -] 10.0.0.71 "DELETE /v2.0/floatingips/14c736a1-ae04-4715-9261-f0d198393723 HTTP/1.1" status: 404 len: 345 time: 0.0220833
2026-09-07 19:36:06.275 9 WARNING neutron.scheduler.dhcp_agent_scheduler [None req-981dec0c-cce5-46c0-82c9-589e5f376ef4 a81272f06fa5430bb7c606145310ffd9 2578b1218e234a8e8ac0d549fc2d6496 - - - -] No more DHCP agents
2026-09-07 19:36:06.277 9 WARNING neutron.api.rpc.agentnotifiers.dhcp_rpc_agent_api [None req-981dec0c-cce5-46c0-82c9-589e5f376ef4 a81272f06fa5430bb7c606145310ffd9 2578b1218e234a8e8ac0d549fc2d6496 - - - -] Unable to schedule network 1adfbf03-cbfd-4e66-be4d-a066ea10fc0e: no agents available; will retry on subsequent port and subnet creation events.
2026-09-07 19:36:06.333 10 INFO neutron.wsgi [req-6a56d4da-c7b9-432d-9ffc-c30814befe43 req-4abc5ef9-01fd-41fd-9eac-5aa36066161a 0e8eb041faf54719b0f59782468b9f0b 0d4ce962add54f139739bc6c4758137b - - 33fbe5dc6d4948b2b237b1c417458761 33fbe5dc6d4948b2b237b1c417458761] 162.253.55.54 "GET /v2.0/networks/3f5dcd7a-b37d-461a-847a-f43370720aca?fields=provider%3Aphysical_network&fields=provider%3Anetwork_type HTTP/1.1" status: 200 len: 277 time: 0.0859652
2026-09-07 19:36:06.351 9 INFO neutron.db.ovn_revision_numbers_db [None req-981dec0c-cce5-46c0-82c9-589e5f376ef4 a81272f06fa5430bb7c606145310ffd9 2578b1218e234a8e8ac0d549fc2d6496 - - - -] Successfully bumped revision number for resource c5ba3b18-3758-49a9-97b8-adac2b4833db (type: ports) to 1
2026-09-07 19:36:06.385 9 INFO neutron.wsgi [None req-981dec0c-cce5-46c0-82c9-589e5f376ef4 a81272f06fa5430bb7c606145310ffd9 2578b1218e234a8e8ac0d549fc2d6496 - - - -] 10.0.0.71 "POST /v2.0/ports HTTP/1.1" status: 201 len: 1705 time: 0.9662089 /var/lib/openstack/lib/python3.10/site-packages/pycadf/identifier.py:71: UserWarning: Invalid uuid: neutron. To ensure interoperability, identifiers should be a valid uuid. warnings.warn(('Invalid uuid: %s. To ensure interoperability, '
2026-09-07 19:36:06.456 10 INFO neutron.wsgi [req-7ec5c20a-c39c-4d4e-be8d-5d36b2651f8e req-5e6cc7a6-06d1-460a-9371-92f3b4635795 39a70fd14e3448ea94abaf556ee45721 8c8e5977e96d4d908a92998ec10ababe - - default default] 10.0.0.105 "GET /v2.0/ports?device_id=c504ba79-11dd-4a45-8a89-cba1453278bb HTTP/1.1" status: 200 len: 1170 time: 0.0406895
2026-09-07 19:36:06.463 9 INFO neutron.plugins.ml2.drivers.ovn.mech_driver.mech_driver [None req-0242f3b1-08cb-4d5e-af0c-c40e13a1f8d0 - - - - - -] OVN reports status down for port: 0e680e1b-7874-4858-af4d-4a80e16904e6
2026-09-07 19:36:06.494 10 INFO neutron.wsgi [req-7ec5c20a-c39c-4d4e-be8d-5d36b2651f8e req-b63681a1-c1f6-4747-821d-e485c1573064 39a70fd14e3448ea94abaf556ee45721 8c8e5977e96d4d908a92998ec10ababe - - default default] 10.0.0.105 "GET /v2.0/security-groups?id=43910b37-cb91-4666-86d1-c154968de7e5&fields=id&fields=name HTTP/1.1" status: 200 len: 312 time: 0.0334282
2026-09-07 19:36:06.524 9 INFO neutron.wsgi [None req-55cd9ceb-dd17-467d-929b-9d1a76b0d769 a81272f06fa5430bb7c606145310ffd9 2578b1218e234a8e8ac0d549fc2d6496 - - default default] 10.0.0.71 "GET /v2.0/ports HTTP/1.1" status: 200 len: 3212 time: 0.1334112
2026-09-07 19:36:06.626 10 INFO neutron.wsgi [None req-61626498-a177-47f1-92b0-a618a7dd3d13 b58eed8843ea4b3a80c63043dbdcd4e4 23df4e42747347d480ae5d74f319c9dc - - - -] 10.0.0.71 "DELETE /v2.0/ports/27d7fca4-846d-4354-bcd1-f1006cef4366 HTTP/1.1" status: 204 len: 168 time: 0.3710372
2026-09-07 19:36:06.794 9 INFO neutron.db.ovn_revision_numbers_db [None req-0242f3b1-08cb-4d5e-af0c-c40e13a1f8d0 - - - - - -] Successfully bumped revision number for resource 0e680e1b-7874-4858-af4d-4a80e16904e6 (type: ports) to 5
2026-09-07 19:36:06.844 9 INFO neutron.wsgi [None req-5c8c43a8-98c4-47ea-bb06-f5f7f48dada4 a81272f06fa5430bb7c606145310ffd9 2578b1218e234a8e8ac0d549fc2d6496 - - - -] 10.0.0.71 "DELETE /v2.0/ports/d7ddfba6-5903-459a-8420-2627c925a215 HTTP/1.1" status: 204 len: 168 time: 0.3134711
2026-09-07 19:36:06.873 10 INFO neutron.wsgi [req-fbe13adc-ec18-44c4-8f59-8981d0d0d303 req-4e1b2f0a-1ad5-43ce-8d53-c862c1d0e913 39a70fd14e3448ea94abaf556ee45721 8c8e5977e96d4d908a92998ec10ababe - - default default] 162.253.55.54 "GET /v2.0/ports?device_id=c504ba79-11dd-4a45-8a89-cba1453278bb HTTP/1.1" status: 200 len: 1168 time: 0.0761034
2026-09-07 19:36:07.084 9 INFO neutron.wsgi [None req-4e3e3954-d62b-4fda-aad9-48237b82cf81 a81272f06fa5430bb7c606145310ffd9 2578b1218e234a8e8ac0d549fc2d6496 - - - -] 10.0.0.71 "DELETE /v2.0/ports/c5ba3b18-3758-49a9-97b8-adac2b4833db HTTP/1.1" status: 204 len: 168 time: 0.2330170 /var/lib/openstack/lib/python3.10/site-packages/pycadf/identifier.py:71: UserWarning: Invalid uuid: neutron. To ensure interoperability, identifiers should be a valid uuid. warnings.warn(('Invalid uuid: %s. To ensure interoperability, '
2026-09-07 19:36:07.133 9 INFO neutron.wsgi [None req-248e3aeb-1117-4679-b29b-1107322c2c2d a81272f06fa5430bb7c606145310ffd9 2578b1218e234a8e8ac0d549fc2d6496 - - default default] 10.0.0.71 "GET /v2.0/ports HTTP/1.1" status: 200 len: 1718 time: 0.0425527
2026-09-07 19:36:07.229 9 INFO neutron.db.segments_db [None req-d6b1f392-3ba0-4cf8-9ae2-d917cdfe9e45 a81272f06fa5430bb7c606145310ffd9 2578b1218e234a8e8ac0d549fc2d6496 - - - -] Added segment b8a82042-0c2b-4daf-94fc-ceb38623614c of type geneve for network 6c2e9cbe-7b32-4d0d-b7d3-f25dd8c09a9a
2026-09-07 19:36:07.387 9 INFO neutron.db.ovn_revision_numbers_db [None req-d6b1f392-3ba0-4cf8-9ae2-d917cdfe9e45 a81272f06fa5430bb7c606145310ffd9 2578b1218e234a8e8ac0d549fc2d6496 - - - -] Successfully bumped revision number for resource 6c2e9cbe-7b32-4d0d-b7d3-f25dd8c09a9a (type: networks) to 1
