2026-09-07 19:38:09.464 9 INFO neutron.wsgi [None req-110897d4-54c7-4215-a4ae-b5c103ab04ec 8d109a0a4de346128987269f3b202194 1aec20b87b764fc0a98186b525d49313 - - - -] 10.0.0.71 "PUT /v2.0/routers/b81a6a25-6219-46a2-abbd-29e1f966df78/tags/green HTTP/1.1" status: 201 len: 201 time: 0.0643537
2026-09-07 19:38:09.510 9 INFO neutron.wsgi [None req-7d3491c8-a3d3-4e84-9243-2e6958336166 8d109a0a4de346128987269f3b202194 1aec20b87b764fc0a98186b525d49313 - - default default] 10.0.0.71 "GET /v2.0/routers/b81a6a25-6219-46a2-abbd-29e1f966df78/tags HTTP/1.1" status: 200 len: 227 time: 0.0419729
2026-09-07 19:38:09.550 9 INFO neutron.wsgi [None req-99bccf6e-38d2-4673-a58c-ec351894a7d7 8d109a0a4de346128987269f3b202194 1aec20b87b764fc0a98186b525d49313 - - - -] 10.0.0.71 "PUT /v2.0/routers/b81a6a25-6219-46a2-abbd-29e1f966df78/tags/red HTTP/1.1" status: 201 len: 201 time: 0.0353177
2026-09-07 19:38:09.593 9 INFO neutron.wsgi [None req-dd43088e-9c34-41d8-8fcf-c806d3c007f1 8d109a0a4de346128987269f3b202194 1aec20b87b764fc0a98186b525d49313 - - default default] 10.0.0.71 "GET /v2.0/routers/b81a6a25-6219-46a2-abbd-29e1f966df78/tags HTTP/1.1" status: 200 len: 227 time: 0.0383644
2026-09-07 19:38:09.661 9 INFO neutron.wsgi [None req-224cab95-71cf-4b89-ab0f-7a13980a4ee0 8d109a0a4de346128987269f3b202194 1aec20b87b764fc0a98186b525d49313 - - - -] 10.0.0.71 "PUT /v2.0/routers/b81a6a25-6219-46a2-abbd-29e1f966df78/tags/black.or.white HTTP/1.1" status: 201 len: 201 time: 0.0635583
2026-09-07 19:38:09.730 9 INFO neutron.wsgi [None req-8075ab20-e74b-4604-a1cc-509f27dc691a 8d109a0a4de346128987269f3b202194 1aec20b87b764fc0a98186b525d49313 - - default default] 10.0.0.71 "GET /v2.0/routers/b81a6a25-6219-46a2-abbd-29e1f966df78/tags HTTP/1.1" status: 200 len: 245 time: 0.0630801
2026-09-07 19:38:09.792 9 INFO neutron.wsgi [None req-73b684df-5212-474c-acd4-8c3699e8ee26 8d109a0a4de346128987269f3b202194 1aec20b87b764fc0a98186b525d49313 - - - -] 10.0.0.71 "PUT /v2.0/routers/b81a6a25-6219-46a2-abbd-29e1f966df78/tags HTTP/1.1" status: 200 len: 230 time: 0.0568554
2026-09-07 19:38:09.876 9 INFO neutron.wsgi [None req-35ebecfd-d347-4071-917f-6bf939fe80ea 8d109a0a4de346128987269f3b202194 1aec20b87b764fc0a98186b525d49313 - - default default] 10.0.0.71 "GET /v2.0/routers/b81a6a25-6219-46a2-abbd-29e1f966df78/tags HTTP/1.1" status: 200 len: 230 time: 0.0780916
2026-09-07 19:38:09.950 10 INFO neutron.wsgi [None req-2d2c53db-881c-4e66-93fb-5ce78c00254d 8d109a0a4de346128987269f3b202194 1aec20b87b764fc0a98186b525d49313 - - default default] 10.0.0.71 "GET /v2.0/routers/b81a6a25-6219-46a2-abbd-29e1f966df78/tags/red HTTP/1.1" status: 204 len: 168 time: 0.0681884
2026-09-07 19:38:10.014 10 INFO neutron.api.v2.resource [None req-2789b767-55f7-4123-abea-5319a1c59e28 8d109a0a4de346128987269f3b202194 1aec20b87b764fc0a98186b525d49313 - - default default] show failed (client error): The resource could not be found.
2026-09-07 19:38:10.017 10 INFO neutron.wsgi [None req-2789b767-55f7-4123-abea-5319a1c59e28 8d109a0a4de346128987269f3b202194 1aec20b87b764fc0a98186b525d49313 - - default default] 10.0.0.71 "GET /v2.0/routers/b81a6a25-6219-46a2-abbd-29e1f966df78/tags/green HTTP/1.1" status: 404 len: 299 time: 0.0615635
2026-09-07 19:38:10.109 10 WARNING neutron.plugins.ml2.drivers.ovn.mech_driver.ovsdb.ovn_client [None req-ea558bcb-47c6-47d1-a81e-eab1a0de4c74 - - - - - -] No hosting information found for port 8294a170-2ada-4189-8d8e-27358d03ab2e: RuntimeError: No hosting information found for port 8294a170-2ada-4189-8d8e-27358d03ab2e
2026-09-07 19:38:10.109 10 INFO neutron.plugins.ml2.drivers.ovn.mech_driver.mech_driver [None req-ea558bcb-47c6-47d1-a81e-eab1a0de4c74 - - - - - -] OVN reports status up for port: 9f62c76c-911a-403c-93f3-7779ff140991
2026-09-07 19:38:10.121 10 INFO neutron.db.ovn_revision_numbers_db [None req-0ab4df5c-0f59-4443-8166-3d475fd7371c f16fbda23e4b48df8332802cb924689e 6a5969cc4cdc4172a876383eb2d183fe - - default default] Successfully bumped revision number for resource 34cabad1-dc56-414b-9e88-df8b1e8b6d72 (type: security_groups) to 1
2026-09-07 19:38:10.136 10 INFO neutron.plugins.ml2.plugin [None req-ea558bcb-47c6-47d1-a81e-eab1a0de4c74 - - - - - -] Attempt 1 to provision port 9f62c76c-911a-403c-93f3-7779ff140991
2026-09-07 19:38:10.142 9 INFO neutron.wsgi [None req-8ab0ad66-36f4-402a-b034-efc682c4279e 8d109a0a4de346128987269f3b202194 1aec20b87b764fc0a98186b525d49313 - - - -] 10.0.0.71 "DELETE /v2.0/routers/b81a6a25-6219-46a2-abbd-29e1f966df78/tags/red HTTP/1.1" status: 204 len: 168 time: 0.1183867
2026-09-07 19:38:10.155 10 INFO neutron.wsgi [None req-0ab4df5c-0f59-4443-8166-3d475fd7371c f16fbda23e4b48df8332802cb924689e 6a5969cc4cdc4172a876383eb2d183fe - - default default] 10.0.0.71 "GET /v2.0/security-groups?tenant_id=7ba26cb6dc934151a368c67877685b3f&name=default HTTP/1.1" status: 200 len: 2996 time: 0.4033542
2026-09-07 19:38:10.198 9 INFO neutron.wsgi [None req-e399c264-3067-4b29-8f29-ec30576b0241 8d109a0a4de346128987269f3b202194 1aec20b87b764fc0a98186b525d49313 - - default default] 10.0.0.71 "GET /v2.0/routers/b81a6a25-6219-46a2-abbd-29e1f966df78/tags HTTP/1.1" status: 200 len: 223 time: 0.0500216
2026-09-07 19:38:10.250 9 INFO neutron.api.v2.resource [None req-45c6dcfe-5cea-4506-a5c0-0f0651fa98fe 8d109a0a4de346128987269f3b202194 1aec20b87b764fc0a98186b525d49313 - - - -] delete failed (client error): The resource could not be found.
2026-09-07 19:38:10.252 9 INFO neutron.wsgi [None req-45c6dcfe-5cea-4506-a5c0-0f0651fa98fe 8d109a0a4de346128987269f3b202194 1aec20b87b764fc0a98186b525d49313 - - - -] 10.0.0.71 "DELETE /v2.0/routers/b81a6a25-6219-46a2-abbd-29e1f966df78/tags/green HTTP/1.1" status: 404 len: 299 time: 0.0489647
2026-09-07 19:38:10.269 10 INFO neutron.notifiers.nova [-] Nova event matching ['req-db682473-94de-4753-b74a-42a0beb336b6'] response: {'server_uuid': '4243eddb-5c43-40c5-b2de-4a37bc2dea12', 'name': 'network-vif-plugged', 'status': 'completed', 'tag': '9f62c76c-911a-403c-93f3-7779ff140991', 'code': 200}
2026-09-07 19:38:10.334 9 INFO neutron.wsgi [None req-99bb02b1-d7d7-4ca4-8ce2-90dd66424d5f 8d109a0a4de346128987269f3b202194 1aec20b87b764fc0a98186b525d49313 - - - -] 10.0.0.71 "DELETE /v2.0/routers/b81a6a25-6219-46a2-abbd-29e1f966df78/tags HTTP/1.1" status: 204 len: 168 time: 0.0752130
2026-09-07 19:38:10.397 9 INFO neutron.wsgi [None req-9db95b7d-b32a-4b5f-a1d8-56e8e2d79b78 8d109a0a4de346128987269f3b202194 1aec20b87b764fc0a98186b525d49313 - - default default] 10.0.0.71 "GET /v2.0/routers/b81a6a25-6219-46a2-abbd-29e1f966df78/tags HTTP/1.1" status: 200 len: 205 time: 0.0555162
2026-09-07 19:38:10.437 10 INFO neutron.db.ovn_revision_numbers_db [None req-ea558bcb-47c6-47d1-a81e-eab1a0de4c74 - - - - - -] Successfully bumped revision number for resource 9f62c76c-911a-403c-93f3-7779ff140991 (type: ports) to 4
2026-09-07 19:38:10.452 10 INFO neutron.wsgi [None req-9af948d2-94d8-49cd-b194-e1e31ca26eb2 f16fbda23e4b48df8332802cb924689e 6a5969cc4cdc4172a876383eb2d183fe - - - -] 10.0.0.71 "DELETE /v2.0/security-groups/34cabad1-dc56-414b-9e88-df8b1e8b6d72 HTTP/1.1" status: 204 len: 168 time: 0.2915263
2026-09-07 19:38:10.455 9 INFO neutron.wsgi [None req-27b06fa6-cb5e-463f-8574-2797cb082899 8d109a0a4de346128987269f3b202194 1aec20b87b764fc0a98186b525d49313 - - default default] 10.0.0.71 "GET /v2.0/routers/b81a6a25-6219-46a2-abbd-29e1f966df78 HTTP/1.1" status: 200 len: 655 time: 0.0521538
2026-09-07 19:38:10.500 10 INFO neutron.wsgi [req-73acc6d0-1c66-4207-bcb1-fac35e0836d4 req-3c53abe5-5796-475f-a76c-c7d92a002457 0e62f9a2c71c41fcaf8581bd814115cd 662a47eb627847feb39c3e9f19522973 - - default default] 10.0.0.105 "GET /v2.0/ports?device_id=4243eddb-5c43-40c5-b2de-4a37bc2dea12 HTTP/1.1" status: 200 len: 1170 time: 0.1242058
2026-09-07 19:38:10.537 10 INFO neutron.wsgi [req-73acc6d0-1c66-4207-bcb1-fac35e0836d4 req-3a92b403-cfc5-4057-934f-b07e763c0e67 0e62f9a2c71c41fcaf8581bd814115cd 662a47eb627847feb39c3e9f19522973 - - default default] 10.0.0.105 "GET /v2.0/security-groups?id=80cc2e30-2e8d-48be-9ff4-0fc15dbb411a&fields=id&fields=name HTTP/1.1" status: 200 len: 286 time: 0.0261710
2026-09-07 19:38:10.914 9 INFO neutron.db.ovn_revision_numbers_db [None req-55b0611c-4f81-4c05-b371-d2dd693cb412 8d109a0a4de346128987269f3b202194 1aec20b87b764fc0a98186b525d49313 - - - -] Successfully bumped revision number for resource b81a6a25-6219-46a2-abbd-29e1f966df78 (type: routers) to 9
2026-09-07 19:38:10.917 9 INFO neutron.wsgi [None req-55b0611c-4f81-4c05-b371-d2dd693cb412 8d109a0a4de346128987269f3b202194 1aec20b87b764fc0a98186b525d49313 - - - -] 10.0.0.71 "PUT /v2.0/routers/b81a6a25-6219-46a2-abbd-29e1f966df78 HTTP/1.1" status: 200 len: 655 time: 0.4567103
2026-09-07 19:38:10.937 9 INFO neutron.wsgi [None req-45366637-7b8d-43e2-a399-82d2b62af1c5 8d109a0a4de346128987269f3b202194 1aec20b87b764fc0a98186b525d49313 - - default default] 10.0.0.71 "GET /v2.0/ports?device_id=b81a6a25-6219-46a2-abbd-29e1f966df78 HTTP/1.1" status: 200 len: 205 time: 0.0154920
2026-09-07 19:38:11.209 10 INFO neutron.wsgi [-] 10.0.0.198 "GET / HTTP/1.1" status: 200 len: 247 time: 0.0030034
2026-09-07 19:38:11.212 10 INFO neutron.wsgi [-] 10.0.0.198 "GET / HTTP/1.1" status: 200 len: 247 time: 0.0019720 /var/lib/openstack/lib/python3.10/site-packages/pycadf/identifier.py:71: UserWarning: Invalid uuid: neutron. To ensure interoperability, identifiers should be a valid uuid. warnings.warn(('Invalid uuid: %s. To ensure interoperability, '
2026-09-07 19:38:11.414 9 INFO neutron.plugins.ml2.drivers.ovn.mech_driver.mech_driver [None req-0242f3b1-08cb-4d5e-af0c-c40e13a1f8d0 - - - - - -] OVN reports status down for port: a57130fc-67a7-49d6-8808-33392c523677
2026-09-07 19:38:11.424 10 INFO neutron.wsgi [req-244039a3-efa1-4f2e-8da6-6b7b8947cdfe req-cfa9fcc8-82d5-45ed-a5f7-341b35b196cd be4c7b750f6e4c10b12c5be3e6780054 a1c8faff9dcf4cc99206ef1640c47500 - - default default] 10.0.0.105 "GET /v2.0/ports?device_id=10ae2408-7fb5-431e-b89d-69fe055a6674 HTTP/1.1" status: 200 len: 1174 time: 0.0857613
2026-09-07 19:38:11.445 9 INFO neutron.wsgi [None req-81252e24-22ba-429a-84b0-5494a8bbb07a 8d109a0a4de346128987269f3b202194 1aec20b87b764fc0a98186b525d49313 - - - -] 10.0.0.71 "DELETE /v2.0/routers/b81a6a25-6219-46a2-abbd-29e1f966df78 HTTP/1.1" status: 204 len: 168 time: 0.5039270
2026-09-07 19:38:11.465 10 INFO neutron.wsgi [req-244039a3-efa1-4f2e-8da6-6b7b8947cdfe req-dc8c80cc-429c-49ed-a3b7-46a002c06d6f be4c7b750f6e4c10b12c5be3e6780054 a1c8faff9dcf4cc99206ef1640c47500 - - default default] 10.0.0.105 "GET /v2.0/security-groups?id=020bf4d0-c007-46a0-9983-d7136f6796aa&fields=id&fields=name HTTP/1.1" status: 200 len: 313 time: 0.0279613
2026-09-07 19:38:11.533 9 INFO neutron.notifiers.nova [-] Nova event matching ['req-d9c1fcba-6c32-411d-a72f-ceb37a9df87b'] response: {'server_uuid': '10ae2408-7fb5-431e-b89d-69fe055a6674', 'name': 'network-vif-unplugged', 'status': 'completed', 'tag': 'a57130fc-67a7-49d6-8808-33392c523677', 'code': 200}
2026-09-07 19:38:11.679 10 INFO neutron.wsgi [req-ffda2e97-44e7-4c24-acc4-d40ed18ca758 req-e813bbdf-d52f-41d5-bfc5-8fe5c6cc0dc5 0e62f9a2c71c41fcaf8581bd814115cd 662a47eb627847feb39c3e9f19522973 - - default default] 10.0.0.105 "GET /v2.0/ports?device_id=4243eddb-5c43-40c5-b2de-4a37bc2dea12 HTTP/1.1" status: 200 len: 1170 time: 0.0487208
2026-09-07 19:38:11.701 9 INFO neutron.db.ovn_revision_numbers_db [None req-0242f3b1-08cb-4d5e-af0c-c40e13a1f8d0 - - - - - -] Successfully bumped revision number for resource a57130fc-67a7-49d6-8808-33392c523677 (type: ports) to 5
2026-09-07 19:38:11.710 10 INFO neutron.wsgi [req-7cc1c073-0595-4981-a04c-5c94bf72c529 req-62d52d95-b4fd-4e44-9607-5eacdfeccc2c be4c7b750f6e4c10b12c5be3e6780054 a1c8faff9dcf4cc99206ef1640c47500 - - default default] 162.253.55.54 "GET /v2.0/ports?device_id=10ae2408-7fb5-431e-b89d-69fe055a6674 HTTP/1.1" status: 200 len: 1172 time: 0.0480864
2026-09-07 19:38:11.747 10 INFO neutron.wsgi [req-ffda2e97-44e7-4c24-acc4-d40ed18ca758 req-175194c1-b997-49f8-8683-dbeaa3e5bc9a 0e62f9a2c71c41fcaf8581bd814115cd 662a47eb627847feb39c3e9f19522973 - - default default] 10.0.0.105 "GET /v2.0/security-groups?id=80cc2e30-2e8d-48be-9ff4-0fc15dbb411a&fields=id&fields=name HTTP/1.1" status: 200 len: 286 time: 0.0539863
2026-09-07 19:38:12.064 10 INFO neutron.db.l3_db [None req-2892304a-687a-4204-8675-1131af190b2c be4c7b750f6e4c10b12c5be3e6780054 a1c8faff9dcf4cc99206ef1640c47500 - - - -] Floating IP e2c98805-6df2-4625-a199-63d7baa4759f disassociated. External IP: 10.96.250.217, port: a57130fc-67a7-49d6-8808-33392c523677.
2026-09-07 19:38:12.093 10 INFO neutron.plugins.ml2.drivers.ovn.mech_driver.mech_driver [None req-ea558bcb-47c6-47d1-a81e-eab1a0de4c74 - - - - - -] OVN reports status down for port: 9f62c76c-911a-403c-93f3-7779ff140991
2026-09-07 19:38:12.105 10 INFO neutron.wsgi [req-e9b4e6b5-077e-476a-a050-c8a9c84aefca req-cc3e2995-6da9-4607-83e9-c4a915c04105 0e62f9a2c71c41fcaf8581bd814115cd 662a47eb627847feb39c3e9f19522973 - - default default] 10.0.0.105 "GET /v2.0/ports?device_id=4243eddb-5c43-40c5-b2de-4a37bc2dea12 HTTP/1.1" status: 200 len: 1170 time: 0.0596979
2026-09-07 19:38:12.198 10 INFO neutron.wsgi [req-e9b4e6b5-077e-476a-a050-c8a9c84aefca req-669f0bf6-6a75-44fa-9638-2ae08180ff33 0e62f9a2c71c41fcaf8581bd814115cd 662a47eb627847feb39c3e9f19522973 - - default default] 10.0.0.105 "GET /v2.0/security-groups?id=80cc2e30-2e8d-48be-9ff4-0fc15dbb411a&fields=id&fields=name HTTP/1.1" status: 200 len: 286 time: 0.0661325
2026-09-07 19:38:12.322 10 INFO neutron.notifiers.nova [-] Nova event matching ['req-b32c0bbb-6c1b-4c06-a5c5-76c73a11e66b'] response: {'server_uuid': '4243eddb-5c43-40c5-b2de-4a37bc2dea12', 'name': 'network-vif-plugged', 'status': 'completed', 'tag': '9f62c76c-911a-403c-93f3-7779ff140991', 'code': 200}
2026-09-07 19:38:12.323 10 INFO neutron.notifiers.nova [-] Nova event matching ['req-b32c0bbb-6c1b-4c06-a5c5-76c73a11e66b'] response: {'server_uuid': '4243eddb-5c43-40c5-b2de-4a37bc2dea12', 'name': 'network-vif-unplugged', 'status': 'completed', 'tag': '9f62c76c-911a-403c-93f3-7779ff140991', 'code': 200}
2026-09-07 19:38:12.378 10 INFO neutron.wsgi [None req-2892304a-687a-4204-8675-1131af190b2c be4c7b750f6e4c10b12c5be3e6780054 a1c8faff9dcf4cc99206ef1640c47500 - - - -] 162.253.55.54 "DELETE /v2.0/ports/a57130fc-67a7-49d6-8808-33392c523677 HTTP/1.1" status: 204 len: 173 time: 0.6626747
2026-09-07 19:38:12.439 10 INFO neutron.wsgi [req-136bdf0c-5a5c-4a67-8cb4-4dd55054f13b req-a0d134e1-c320-4489-add9-89e247877e90 0e62f9a2c71c41fcaf8581bd814115cd 662a47eb627847feb39c3e9f19522973 - - default default] 162.253.55.54 "GET /v2.0/ports?device_id=4243eddb-5c43-40c5-b2de-4a37bc2dea12 HTTP/1.1" status: 200 len: 1168 time: 0.0415528
2026-09-07 19:38:12.564 10 INFO neutron.db.ovn_revision_numbers_db [None req-ea558bcb-47c6-47d1-a81e-eab1a0de4c74 - - - - - -] Successfully bumped revision number for resource 9f62c76c-911a-403c-93f3-7779ff140991 (type: ports) to 5
2026-09-07 19:38:12.592 10 INFO neutron.wsgi [req-afb577fc-72c2-4c65-9bc6-cb36ab0cbf8e req-c0be5d40-e5f5-4a1e-bc2a-249ef3ea8cea be4c7b750f6e4c10b12c5be3e6780054 a1c8faff9dcf4cc99206ef1640c47500 - - default default] 10.0.0.105 "GET /v2.0/ports?device_id=10ae2408-7fb5-431e-b89d-69fe055a6674 HTTP/1.1" status: 200 len: 210 time: 0.0303297
2026-09-07 19:38:12.895 10 INFO neutron.db.ovn_revision_numbers_db [None req-a0df4051-205a-48df-b1ad-840995ba8023 f16fbda23e4b48df8332802cb924689e 6a5969cc4cdc4172a876383eb2d183fe - - default default] Successfully bumped revision number for resource 577837ed-fb0a-4a84-850b-4ab5a8278519 (type: security_groups) to 1
2026-09-07 19:38:12.930 10 INFO neutron.wsgi [None req-a0df4051-205a-48df-b1ad-840995ba8023 f16fbda23e4b48df8332802cb924689e 6a5969cc4cdc4172a876383eb2d183fe - - default default] 10.0.0.71 "GET /v2.0/security-groups?tenant_id=176b92442c78433cb6cc4e006e7b9ec6&name=default HTTP/1.1" status: 200 len: 2996 time: 0.7477379 /var/lib/openstack/lib/python3.10/site-packages/pycadf/identifier.py:71: UserWarning: Invalid uuid: neutron. To ensure interoperability, identifiers should be a valid uuid. warnings.warn(('Invalid uuid: %s. To ensure interoperability, ' /var/lib/openstack/lib/python3.10/site-packages/pycadf/identifier.py:71: UserWarning: Invalid uuid: neutron. To ensure interoperability, identifiers should be a valid uuid. warnings.warn(('Invalid uuid: %s. To ensure interoperability, '
2026-09-07 19:38:13.014 10 INFO neutron.wsgi [req-23666022-162e-4050-ac0e-80754653cae4 req-304d7de7-2406-40ed-b61a-83f32b657bd8 0e8eb041faf54719b0f59782468b9f0b 0d4ce962add54f139739bc6c4758137b - - 33fbe5dc6d4948b2b237b1c417458761 33fbe5dc6d4948b2b237b1c417458761] 162.253.55.54 "GET /v2.0/ports?device_id=44f98341-c1c5-4482-816f-32f4f70794f7&fields=binding%3Ahost_id&fields=binding%3Avif_type HTTP/1.1" status: 200 len: 265 time: 0.0670438
2026-09-07 19:38:13.113 10 INFO neutron.wsgi [req-23666022-162e-4050-ac0e-80754653cae4 req-b6e7e3e9-1776-430a-9b65-711a9cd0e0a6 0e8eb041faf54719b0f59782468b9f0b 0d4ce962add54f139739bc6c4758137b - - 33fbe5dc6d4948b2b237b1c417458761 33fbe5dc6d4948b2b237b1c417458761] 162.253.55.54 "GET /v2.0/ports?tenant_id=a1c8faff9dcf4cc99206ef1640c47500&device_id=44f98341-c1c5-4482-816f-32f4f70794f7 HTTP/1.1" status: 200 len: 1361 time: 0.0441692
2026-09-07 19:38:13.160 9 INFO neutron.wsgi [None req-81835616-4994-4a3c-85e1-16edf4029335 f16fbda23e4b48df8332802cb924689e 6a5969cc4cdc4172a876383eb2d183fe - - - -] 10.0.0.71 "DELETE /v2.0/security-groups/577837ed-fb0a-4a84-850b-4ab5a8278519 HTTP/1.1" status: 204 len: 168 time: 0.2174666
2026-09-07 19:38:13.196 10 INFO neutron.wsgi [None req-25649e9a-5bd3-4242-96f3-5c530bcf3c7e 0e62f9a2c71c41fcaf8581bd814115cd 662a47eb627847feb39c3e9f19522973 - - - -] 162.253.55.54 "DELETE /v2.0/ports/9f62c76c-911a-403c-93f3-7779ff140991 HTTP/1.1" status: 204 len: 173 time: 0.7492325
2026-09-07 19:38:13.209 10 INFO neutron.wsgi [req-23666022-162e-4050-ac0e-80754653cae4 req-e1ad60c7-5899-4679-8896-0c3541796812 0e8eb041faf54719b0f59782468b9f0b 0d4ce962add54f139739bc6c4758137b - - 33fbe5dc6d4948b2b237b1c417458761 33fbe5dc6d4948b2b237b1c417458761] 162.253.55.54 "GET /v2.0/networks?id=0c1ee907-85cf-4787-ae3f-b8bb06a6c374 HTTP/1.1" status: 200 len: 959 time: 0.0702038
2026-09-07 19:38:13.239 10 INFO neutron.wsgi [req-23666022-162e-4050-ac0e-80754653cae4 req-f1cc095d-a963-4d62-9645-833aacc6338b 0e8eb041faf54719b0f59782468b9f0b 0d4ce962add54f139739bc6c4758137b - - 33fbe5dc6d4948b2b237b1c417458761 33fbe5dc6d4948b2b237b1c417458761] 162.253.55.54 "GET /v2.0/floatingips?fixed_ip_address=10.100.0.4&port_id=26aad9ab-40c9-4c67-96ce-322b93b0bbd8 HTTP/1.1" status: 200 len: 217 time: 0.0214746
2026-09-07 19:38:13.281 10 INFO neutron.wsgi [req-23666022-162e-4050-ac0e-80754653cae4 req-dcb6aa6a-a2ea-4b55-a2f7-afda36725bad 0e8eb041faf54719b0f59782468b9f0b 0d4ce962add54f139739bc6c4758137b - - 33fbe5dc6d4948b2b237b1c417458761 33fbe5dc6d4948b2b237b1c417458761] 162.253.55.54 "GET /v2.0/subnets?id=6b984639-99c7-4908-9acd-59e53555612d HTTP/1.1" status: 200 len: 853 time: 0.0320187
2026-09-07 19:38:13.317 10 INFO neutron.wsgi [req-23666022-162e-4050-ac0e-80754653cae4 req-fd375b96-962d-47d9-853a-9e47db91f7ef 0e8eb041faf54719b0f59782468b9f0b 0d4ce962add54f139739bc6c4758137b - - 33fbe5dc6d4948b2b237b1c417458761 33fbe5dc6d4948b2b237b1c417458761] 162.253.55.54 "GET /v2.0/ports?network_id=0c1ee907-85cf-4787-ae3f-b8bb06a6c374&device_owner=network%3Adhcp HTTP/1.1" status: 200 len: 210 time: 0.0280240
2026-09-07 19:38:13.318 10 INFO neutron.wsgi [req-fb86cf87-12ca-4c4a-9ced-65d192d443e0 req-505868ea-4e0c-4ffa-b21c-060f93dd811d 0e62f9a2c71c41fcaf8581bd814115cd 662a47eb627847feb39c3e9f19522973 - - default default] 10.0.0.105 "GET /v2.0/ports?device_id=4243eddb-5c43-40c5-b2de-4a37bc2dea12 HTTP/1.1" status: 200 len: 210 time: 0.0285428
2026-09-07 19:38:13.398 10 INFO neutron.wsgi [req-23666022-162e-4050-ac0e-80754653cae4 req-3e7ee925-524c-4476-8085-7bfbec9cc4f8 0e8eb041faf54719b0f59782468b9f0b 0d4ce962add54f139739bc6c4758137b - - 33fbe5dc6d4948b2b237b1c417458761 33fbe5dc6d4948b2b237b1c417458761] 162.253.55.54 "GET /v2.0/networks/0c1ee907-85cf-4787-ae3f-b8bb06a6c374?fields=segments HTTP/1.1" status: 200 len: 212 time: 0.0725968
2026-09-07 19:38:13.460 9 INFO neutron.db.ovn_revision_numbers_db [None req-4d808b50-99c8-422b-81c8-6e99ffdc48ae f16fbda23e4b48df8332802cb924689e 6a5969cc4cdc4172a876383eb2d183fe - - default default] Successfully bumped revision number for resource 332d770f-d8df-4805-9ed7-7a808c965efe (type: security_groups) to 1
2026-09-07 19:38:13.463 9 INFO neutron.db.ovn_revision_numbers_db [None req-78078820-5c8e-48ea-9c18-ff740bc1978b f16fbda23e4b48df8332802cb924689e 6a5969cc4cdc4172a876383eb2d183fe - - default default] Successfully bumped revision number for resource 03eff9b9-c23f-4edc-8320-d469138cf832 (type: security_groups) to 1
2026-09-07 19:38:13.473 10 INFO neutron.wsgi [req-23666022-162e-4050-ac0e-80754653cae4 req-00210ac7-1b33-4f72-b463-384d098c4f9d 0e8eb041faf54719b0f59782468b9f0b 0d4ce962add54f139739bc6c4758137b - - 33fbe5dc6d4948b2b237b1c417458761 33fbe5dc6d4948b2b237b1c417458761] 162.253.55.54 "GET /v2.0/networks/0c1ee907-85cf-4787-ae3f-b8bb06a6c374?fields=provider%3Aphysical_network&fields=provider%3Anetwork_type HTTP/1.1" status: 200 len: 277 time: 0.0670283
2026-09-07 19:38:13.491 9 INFO neutron.wsgi [None req-4d808b50-99c8-422b-81c8-6e99ffdc48ae f16fbda23e4b48df8332802cb924689e 6a5969cc4cdc4172a876383eb2d183fe - - default default] 10.0.0.71 "GET /v2.0/security-groups?tenant_id=822fadb7edea406b810f9507025f6947&name=default HTTP/1.1" status: 200 len: 2996 time: 0.3972692
2026-09-07 19:38:13.501 9 INFO neutron.wsgi [None req-78078820-5c8e-48ea-9c18-ff740bc1978b f16fbda23e4b48df8332802cb924689e 6a5969cc4cdc4172a876383eb2d183fe - - default default] 10.0.0.71 "GET /v2.0/security-groups?tenant_id=1aec20b87b764fc0a98186b525d49313&name=default HTTP/1.1" status: 200 len: 2996 time: 0.1578686
2026-09-07 19:38:13.578 9 INFO neutron.notifiers.nova [-] Nova event matching ['req-79cdda83-549e-47b3-b56d-1bbe6a436fa4'] response: {'server_uuid': '10ae2408-7fb5-431e-b89d-69fe055a6674', 'name': 'network-vif-plugged', 'status': 'completed', 'tag': 'a57130fc-67a7-49d6-8808-33392c523677', 'code': 200}
2026-09-07 19:38:13.721 10 INFO neutron.wsgi [None req-3d965b16-4958-49a3-b8a4-706adf658f94 f16fbda23e4b48df8332802cb924689e 6a5969cc4cdc4172a876383eb2d183fe - - - -] 10.0.0.71 "DELETE /v2.0/security-groups/03eff9b9-c23f-4edc-8320-d469138cf832 HTTP/1.1" status: 204 len: 168 time: 0.2146955
2026-09-07 19:38:13.723 10 INFO neutron.wsgi [None req-adc60cc7-3139-4cf8-82cb-a3816cc64bbd f16fbda23e4b48df8332802cb924689e 6a5969cc4cdc4172a876383eb2d183fe - - - -] 10.0.0.71 "DELETE /v2.0/security-groups/332d770f-d8df-4805-9ed7-7a808c965efe HTTP/1.1" status: 204 len: 168 time: 0.2269113
2026-09-07 19:38:13.815 9 INFO neutron.wsgi [None req-09c402be-2fb9-4c81-b822-20f2f8951992 be4c7b750f6e4c10b12c5be3e6780054 a1c8faff9dcf4cc99206ef1640c47500 - - - -] 10.0.0.71 "DELETE /v2.0/security-groups/020bf4d0-c007-46a0-9983-d7136f6796aa HTTP/1.1" status: 204 len: 168 time: 0.1531630
2026-09-07 19:38:14.279 9 INFO neutron.wsgi [None req-d2da2cdc-45c4-4761-af77-9ac550523b6b be4c7b750f6e4c10b12c5be3e6780054 a1c8faff9dcf4cc99206ef1640c47500 - - - -] 10.0.0.71 "DELETE /v2.0/floatingips/e2c98805-6df2-4625-a199-63d7baa4759f HTTP/1.1" status: 204 len: 168 time: 0.4256082
2026-09-07 19:38:14.377 10 INFO neutron.notifiers.nova [-] Nova event matching ['req-115bcddf-9055-41f2-b7f6-15c54f02d9ef'] response: {'server_uuid': '10ae2408-7fb5-431e-b89d-69fe055a6674', 'name': 'network-vif-deleted', 'tag': 'a57130fc-67a7-49d6-8808-33392c523677', 'status': 'completed', 'code': 200}
2026-09-07 19:38:14.377 10 INFO neutron.notifiers.nova [-] Nova event matching ['req-115bcddf-9055-41f2-b7f6-15c54f02d9ef'] response: {'server_uuid': '4243eddb-5c43-40c5-b2de-4a37bc2dea12', 'name': 'network-vif-plugged', 'status': 'completed', 'tag': '9f62c76c-911a-403c-93f3-7779ff140991', 'code': 200}
2026-09-07 19:38:14.378 10 INFO neutron.notifiers.nova [-] Nova event matching ['req-115bcddf-9055-41f2-b7f6-15c54f02d9ef'] response: {'server_uuid': '4243eddb-5c43-40c5-b2de-4a37bc2dea12', 'name': 'network-vif-deleted', 'tag': '9f62c76c-911a-403c-93f3-7779ff140991', 'status': 'completed', 'code': 200}
2026-09-07 19:38:14.502 10 INFO neutron.wsgi [req-c34974eb-91c8-408c-9316-4734ee959785 req-86c6d506-d6d3-4261-a71e-6c0b84e3b4fe be4c7b750f6e4c10b12c5be3e6780054 a1c8faff9dcf4cc99206ef1640c47500 - - default default] 10.0.0.105 "GET /v2.0/ports?device_id=44f98341-c1c5-4482-816f-32f4f70794f7 HTTP/1.1" status: 200 len: 1170 time: 0.0585320
2026-09-07 19:38:14.505 10 INFO neutron.plugins.ml2.drivers.ovn.mech_driver.mech_driver [None req-ea558bcb-47c6-47d1-a81e-eab1a0de4c74 - - - - - -] OVN reports status down for port: 26aad9ab-40c9-4c67-96ce-322b93b0bbd8
2026-09-07 19:38:14.575 10 INFO neutron.wsgi [req-c34974eb-91c8-408c-9316-4734ee959785 req-735ce0a4-0700-4790-95e6-cbd9d9a77fb9 be4c7b750f6e4c10b12c5be3e6780054 a1c8faff9dcf4cc99206ef1640c47500 - - default default] 10.0.0.105 "GET /v2.0/security-groups?id=cf70599d-3433-4bdf-a257-6fd37558db09&fields=id&fields=name HTTP/1.1" status: 200 len: 312 time: 0.0656579
2026-09-07 19:38:14.827 10 INFO neutron.wsgi [req-c683692b-34a1-47fe-a497-7fd34dcc6976 req-85da53b8-f96d-4354-beaf-52b386bc2be2 be4c7b750f6e4c10b12c5be3e6780054 a1c8faff9dcf4cc99206ef1640c47500 - - default default] 162.253.55.54 "GET /v2.0/ports?device_id=44f98341-c1c5-4482-816f-32f4f70794f7 HTTP/1.1" status: 200 len: 1168 time: 0.0499127
2026-09-07 19:38:14.881 10 INFO neutron.db.ovn_revision_numbers_db [None req-ea558bcb-47c6-47d1-a81e-eab1a0de4c74 - - - - - -] Successfully bumped revision number for resource 26aad9ab-40c9-4c67-96ce-322b93b0bbd8 (type: ports) to 5
2026-09-07 19:38:15.253 10 INFO neutron.wsgi [None req-84fcd06f-d20c-4559-9a30-cbc13a474260 be4c7b750f6e4c10b12c5be3e6780054 a1c8faff9dcf4cc99206ef1640c47500 - - - -] 162.253.55.54 "DELETE /v2.0/ports/26aad9ab-40c9-4c67-96ce-322b93b0bbd8 HTTP/1.1" status: 204 len: 173 time: 0.4173553
2026-09-07 19:38:15.308 9 INFO neutron.wsgi [None req-2fcfe9ef-6769-4233-b4bb-2a1275e0dc67 f16fbda23e4b48df8332802cb924689e 6a5969cc4cdc4172a876383eb2d183fe - - - -] 10.0.0.71 "PUT /v2.0/routers/8bdc6b62-59be-4336-b215-33a5803cc807/remove_router_interface HTTP/1.1" status: 200 len: 503 time: 0.9035628 /var/lib/openstack/lib/python3.10/site-packages/pycadf/identifier.py:71: UserWarning: Invalid uuid: neutron. To ensure interoperability, identifiers should be a valid uuid. warnings.warn(('Invalid uuid: %s. To ensure interoperability, '
2026-09-07 19:38:15.835 9 INFO neutron.wsgi [None req-66d0fc68-3a79-4e35-a6ae-f2d10de2b81d be4c7b750f6e4c10b12c5be3e6780054 a1c8faff9dcf4cc99206ef1640c47500 - - - -] 10.0.0.71 "DELETE /v2.0/security-groups/cf70599d-3433-4bdf-a257-6fd37558db09 HTTP/1.1" status: 204 len: 168 time: 0.1809008 /var/lib/openstack/lib/python3.10/site-packages/pycadf/identifier.py:71: UserWarning: Invalid uuid: neutron. To ensure interoperability, identifiers should be a valid uuid. warnings.warn(('Invalid uuid: %s. To ensure interoperability, '
2026-09-07 19:38:16.080 9 INFO neutron.wsgi [None req-f1112815-8692-4c63-b671-8d1a934bc67f f16fbda23e4b48df8332802cb924689e 6a5969cc4cdc4172a876383eb2d183fe - - - -] 10.0.0.71 "DELETE /v2.0/routers/8bdc6b62-59be-4336-b215-33a5803cc807 HTTP/1.1" status: 204 len: 168 time: 0.7599702
2026-09-07 19:38:16.310 9 INFO neutron.wsgi [None req-039641b3-e0b8-4346-a3aa-7b8cd964429e f16fbda23e4b48df8332802cb924689e 6a5969cc4cdc4172a876383eb2d183fe - - - -] 10.0.0.71 "DELETE /v2.0/subnets/19ec3b4e-41da-47f5-85d9-9c883dcd1ad1 HTTP/1.1" status: 204 len: 168 time: 0.2218783
2026-09-07 19:38:16.425 10 INFO neutron.notifiers.nova [-] Nova event matching ['req-21f0cff8-b4b1-4024-b0af-51cc3b52474e'] response: {'server_uuid': '44f98341-c1c5-4482-816f-32f4f70794f7', 'name': 'network-vif-unplugged', 'status': 'completed', 'tag': '26aad9ab-40c9-4c67-96ce-322b93b0bbd8', 'code': 200}
2026-09-07 19:38:16.425 10 INFO neutron.notifiers.nova [-] Nova event matching ['req-21f0cff8-b4b1-4024-b0af-51cc3b52474e'] response: {'server_uuid': '44f98341-c1c5-4482-816f-32f4f70794f7', 'name': 'network-vif-plugged', 'status': 'completed', 'tag': '26aad9ab-40c9-4c67-96ce-322b93b0bbd8', 'code': 200}
2026-09-07 19:38:16.425 10 INFO neutron.notifiers.nova [-] Nova event matching ['req-21f0cff8-b4b1-4024-b0af-51cc3b52474e'] response: {'server_uuid': '44f98341-c1c5-4482-816f-32f4f70794f7', 'name': 'network-vif-deleted', 'tag': '26aad9ab-40c9-4c67-96ce-322b93b0bbd8', 'status': 'completed', 'code': 200}
2026-09-07 19:38:17.018 10 INFO neutron.services.segments.plugin [-] Segment 1f6246ff-5e30-42e7-9666-279087ffdc12 resource provider aggregate not found
2026-09-07 19:38:17.022 10 INFO neutron.services.segments.plugin [-] Segment 1f6246ff-5e30-42e7-9666-279087ffdc12 resource provider aggregate not found
2026-09-07 19:38:17.047 10 INFO neutron.services.segments.plugin [-] Segment 1f6246ff-5e30-42e7-9666-279087ffdc12 resource provider not found; error: Placement Client Error (4xx): {"errors": [{"status": 404, "title": "Not Found", "detail": "The resource could not be found.\n\n No resource provider with uuid 1f6246ff-5e30-42e7-9666-279087ffdc12 found for delete ", "request_id": "req-ec637162-9f80-43c0-abf9-5eccd3a73c61"}]}
2026-09-07 19:38:17.048 10 INFO neutron.services.segments.plugin [-] Segment 1f6246ff-5e30-42e7-9666-279087ffdc12 resource provider not found; error: Placement Client Error (4xx): {"errors": [{"status": 404, "title": "Not Found", "detail": "The resource could not be found.\n\n No resource provider with uuid 1f6246ff-5e30-42e7-9666-279087ffdc12 found for delete ", "request_id": "req-192ab74a-fbbe-4e5d-a98f-e6b17e968da0"}]}
2026-09-07 19:38:17.081 10 INFO neutron.wsgi [None req-da4b53fb-9bf5-466b-88bc-84282cd175dc f16fbda23e4b48df8332802cb924689e 6a5969cc4cdc4172a876383eb2d183fe - - - -] 10.0.0.71 "DELETE /v2.0/networks/e2b1e6b6-5d71-42c6-b480-8de844021778 HTTP/1.1" status: 204 len: 168 time: 0.7661493
2026-09-07 19:38:17.151 10 INFO neutron.wsgi [None req-9b1a7083-02ee-4d07-9b53-aec03497abfd be4c7b750f6e4c10b12c5be3e6780054 a1c8faff9dcf4cc99206ef1640c47500 - - - -] 10.0.0.71 "PUT /v2.0/routers/9c4e822b-aba2-4931-8652-c89e6bfd0793/remove_router_interface HTTP/1.1" status: 200 len: 503 time: 1.2798042 /var/lib/openstack/lib/python3.10/site-packages/pycadf/identifier.py:71: UserWarning: Invalid uuid: neutron. To ensure interoperability, identifiers should be a valid uuid. warnings.warn(('Invalid uuid: %s. To ensure interoperability, '
2026-09-07 19:38:17.273 9 INFO neutron.wsgi [None req-f522232d-605c-4aa8-89b6-ea27c70cb95d f16fbda23e4b48df8332802cb924689e 6a5969cc4cdc4172a876383eb2d183fe - - default default] 10.0.0.71 "GET /v2.0/security-groups?tenant_id=662a47eb627847feb39c3e9f19522973&name=default HTTP/1.1" status: 200 len: 2996 time: 0.0517597
2026-09-07 19:38:17.386 10 INFO neutron.wsgi [None req-ab6dec9f-36d7-4971-97c6-1b8795c9e0d8 be4c7b750f6e4c10b12c5be3e6780054 a1c8faff9dcf4cc99206ef1640c47500 - - - -] 10.0.0.71 "DELETE /v2.0/subnets/6b984639-99c7-4908-9acd-59e53555612d HTTP/1.1" status: 204 len: 168 time: 0.2307093
2026-09-07 19:38:17.472 9 INFO neutron.wsgi [None req-2ed730b7-c8a1-41a4-891d-aafa07ebf7f0 f16fbda23e4b48df8332802cb924689e 6a5969cc4cdc4172a876383eb2d183fe - - - -] 10.0.0.71 "DELETE /v2.0/security-groups/80cc2e30-2e8d-48be-9ff4-0fc15dbb411a HTTP/1.1" status: 204 len: 168 time: 0.1917684
2026-09-07 19:38:17.644 10 INFO neutron.db.ovn_revision_numbers_db [None req-c3a42553-e957-43e6-8403-8f4750572131 27013a1cd5214a2b8e4b16f6a4db13e9 2e63e96ac89d461e98c1f14bf9293e30 - - - -] Successfully bumped revision number for resource 0e7586be-c4a6-46f4-be52-315fc2cfe72e (type: security_groups) to 1
2026-09-07 19:38:17.742 10 INFO neutron.db.ovn_revision_numbers_db [None req-c3a42553-e957-43e6-8403-8f4750572131 27013a1cd5214a2b8e4b16f6a4db13e9 2e63e96ac89d461e98c1f14bf9293e30 - - - -] Successfully bumped revision number for resource 497ead48-aa5a-4f0d-b901-a297ab1d553b (type: security_groups) to 1
2026-09-07 19:38:17.782 10 INFO neutron.wsgi [None req-c3a42553-e957-43e6-8403-8f4750572131 27013a1cd5214a2b8e4b16f6a4db13e9 2e63e96ac89d461e98c1f14bf9293e30 - - - -] 10.0.0.71 "POST /v2.0/security-groups HTTP/1.1" status: 201 len: 1737 time: 0.6123075
2026-09-07 19:38:17.828 10 INFO neutron.wsgi [None req-b43d2f7a-1a46-455f-bb82-d4d7ce981942 27013a1cd5214a2b8e4b16f6a4db13e9 2e63e96ac89d461e98c1f14bf9293e30 - - - -] 10.0.0.71 "PUT /v2.0/security-groups/497ead48-aa5a-4f0d-b901-a297ab1d553b/tags HTTP/1.1" status: 200 len: 218 time: 0.0394273
2026-09-07 19:38:17.859 10 INFO neutron.wsgi [None req-94a4f53b-ea4a-4a7e-a58c-5b9e8af46f70 27013a1cd5214a2b8e4b16f6a4db13e9 2e63e96ac89d461e98c1f14bf9293e30 - - default default] 10.0.0.71 "GET /v2.0/security-groups/497ead48-aa5a-4f0d-b901-a297ab1d553b/tags HTTP/1.1" status: 200 len: 218 time: 0.0244153
2026-09-07 19:38:17.920 9 INFO neutron.wsgi [None req-5268f1fa-2b6a-41fb-a58f-22556bcab893 27013a1cd5214a2b8e4b16f6a4db13e9 2e63e96ac89d461e98c1f14bf9293e30 - - - -] 10.0.0.71 "PUT /v2.0/security-groups/497ead48-aa5a-4f0d-b901-a297ab1d553b/tags/green HTTP/1.1" status: 201 len: 201 time: 0.0553696
2026-09-07 19:38:17.938 10 INFO neutron.wsgi [None req-390b3aba-ed35-4d6c-9df5-262ed703e1a8 27013a1cd5214a2b8e4b16f6a4db13e9 2e63e96ac89d461e98c1f14bf9293e30 - - default default] 10.0.0.71 "GET /v2.0/security-groups/497ead48-aa5a-4f0d-b901-a297ab1d553b/tags HTTP/1.1" status: 200 len: 227 time: 0.0112290
2026-09-07 19:38:17.955 10 INFO neutron.wsgi [None req-924f2d3d-a898-4bca-851e-e7e1e98aaa2d 27013a1cd5214a2b8e4b16f6a4db13e9 2e63e96ac89d461e98c1f14bf9293e30 - - - -] 10.0.0.71 "PUT /v2.0/security-groups/497ead48-aa5a-4f0d-b901-a297ab1d553b/tags/red HTTP/1.1" status: 201 len: 201 time: 0.0128093
2026-09-07 19:38:17.990 9 INFO neutron.wsgi [None req-22c87df2-46e6-4e4f-9a72-9ef023929529 27013a1cd5214a2b8e4b16f6a4db13e9 2e63e96ac89d461e98c1f14bf9293e30 - - default default] 10.0.0.71 "GET /v2.0/security-groups/497ead48-aa5a-4f0d-b901-a297ab1d553b/tags HTTP/1.1" status: 200 len: 227 time: 0.0308568
2026-09-07 19:38:18.044 9 INFO neutron.wsgi [None req-5c8c163b-0445-47c8-abbe-56f2db4bcd22 27013a1cd5214a2b8e4b16f6a4db13e9 2e63e96ac89d461e98c1f14bf9293e30 - - - -] 10.0.0.71 "PUT /v2.0/security-groups/497ead48-aa5a-4f0d-b901-a297ab1d553b/tags/black.or.white HTTP/1.1" status: 201 len: 201 time: 0.0441327
2026-09-07 19:38:18.071 9 INFO neutron.wsgi [None req-f107fb76-0ad5-4d4e-86c1-5f82484f477e 27013a1cd5214a2b8e4b16f6a4db13e9 2e63e96ac89d461e98c1f14bf9293e30 - - default default] 10.0.0.71 "GET /v2.0/security-groups/497ead48-aa5a-4f0d-b901-a297ab1d553b/tags HTTP/1.1" status: 200 len: 245 time: 0.0192809
2026-09-07 19:38:18.119 9 INFO neutron.wsgi [None req-9f8b078a-9545-4727-a935-217d7508da94 27013a1cd5214a2b8e4b16f6a4db13e9 2e63e96ac89d461e98c1f14bf9293e30 - - - -] 10.0.0.71 "PUT /v2.0/security-groups/497ead48-aa5a-4f0d-b901-a297ab1d553b/tags HTTP/1.1" status: 200 len: 230 time: 0.0279894
2026-09-07 19:38:18.128 10 INFO neutron.wsgi [None req-03dec8f4-bc2b-493a-bcaf-c7f9a2013f31 be4c7b750f6e4c10b12c5be3e6780054 a1c8faff9dcf4cc99206ef1640c47500 - - - -] 10.0.0.71 "DELETE /v2.0/routers/9c4e822b-aba2-4931-8652-c89e6bfd0793 HTTP/1.1" status: 204 len: 168 time: 0.7369869
2026-09-07 19:38:18.147 9 INFO neutron.wsgi [None req-b13db223-c818-4df5-82a8-601866805a0e 27013a1cd5214a2b8e4b16f6a4db13e9 2e63e96ac89d461e98c1f14bf9293e30 - - default default] 10.0.0.71 "GET /v2.0/security-groups/497ead48-aa5a-4f0d-b901-a297ab1d553b/tags HTTP/1.1" status: 200 len: 230 time: 0.0206993
2026-09-07 19:38:18.177 9 INFO neutron.wsgi [None req-8d08a415-4c3e-4a56-8716-d3152f5516ff 27013a1cd5214a2b8e4b16f6a4db13e9 2e63e96ac89d461e98c1f14bf9293e30 - - default default] 10.0.0.71 "GET /v2.0/security-groups/497ead48-aa5a-4f0d-b901-a297ab1d553b/tags/red HTTP/1.1" status: 204 len: 168 time: 0.0255659
2026-09-07 19:38:18.210 10 INFO neutron.api.v2.resource [None req-0c6aef6a-3620-4120-8622-b7391a8671b2 27013a1cd5214a2b8e4b16f6a4db13e9 2e63e96ac89d461e98c1f14bf9293e30 - - default default] show failed (client error): The resource could not be found.
2026-09-07 19:38:18.212 10 INFO neutron.wsgi [None req-0c6aef6a-3620-4120-8622-b7391a8671b2 27013a1cd5214a2b8e4b16f6a4db13e9 2e63e96ac89d461e98c1f14bf9293e30 - - default default] 10.0.0.71 "GET /v2.0/security-groups/497ead48-aa5a-4f0d-b901-a297ab1d553b/tags/green HTTP/1.1" status: 404 len: 299 time: 0.0292623
2026-09-07 19:38:18.255 10 INFO neutron.wsgi [None req-001198f7-c3ff-4ff7-af94-a1dc89d39c3a 27013a1cd5214a2b8e4b16f6a4db13e9 2e63e96ac89d461e98c1f14bf9293e30 - - - -] 10.0.0.71 "DELETE /v2.0/security-groups/497ead48-aa5a-4f0d-b901-a297ab1d553b/tags/red HTTP/1.1" status: 204 len: 168 time: 0.0370202
2026-09-07 19:38:18.280 10 INFO neutron.wsgi [None req-1580a764-0171-4763-8a67-baf8ffd43981 27013a1cd5214a2b8e4b16f6a4db13e9 2e63e96ac89d461e98c1f14bf9293e30 - - default default] 10.0.0.71 "GET /v2.0/security-groups/497ead48-aa5a-4f0d-b901-a297ab1d553b/tags HTTP/1.1" status: 200 len: 223 time: 0.0201647
2026-09-07 19:38:18.302 10 INFO neutron.api.v2.resource [None req-c0954bea-742f-43ec-8f71-a7e17930b129 27013a1cd5214a2b8e4b16f6a4db13e9 2e63e96ac89d461e98c1f14bf9293e30 - - - -] delete failed (client error): The resource could not be found.
2026-09-07 19:38:18.304 10 INFO neutron.wsgi [None req-c0954bea-742f-43ec-8f71-a7e17930b129 27013a1cd5214a2b8e4b16f6a4db13e9 2e63e96ac89d461e98c1f14bf9293e30 - - - -] 10.0.0.71 "DELETE /v2.0/security-groups/497ead48-aa5a-4f0d-b901-a297ab1d553b/tags/green HTTP/1.1" status: 404 len: 299 time: 0.0182130
2026-09-07 19:38:18.340 10 INFO neutron.wsgi [None req-13dabcb2-8331-466a-8e8f-eb4844c3fe8d 27013a1cd5214a2b8e4b16f6a4db13e9 2e63e96ac89d461e98c1f14bf9293e30 - - - -] 10.0.0.71 "DELETE /v2.0/security-groups/497ead48-aa5a-4f0d-b901-a297ab1d553b/tags HTTP/1.1" status: 204 len: 168 time: 0.0307763
2026-09-07 19:38:18.363 9 INFO neutron.wsgi [None req-5274ca1f-5dc2-47fe-b010-80fdfc81fb90 27013a1cd5214a2b8e4b16f6a4db13e9 2e63e96ac89d461e98c1f14bf9293e30 - - default default] 10.0.0.71 "GET /v2.0/security-groups/497ead48-aa5a-4f0d-b901-a297ab1d553b/tags HTTP/1.1" status: 200 len: 205 time: 0.0180116
2026-09-07 19:38:18.432 9 INFO neutron.services.segments.plugin [-] Segment 0c710fce-dae9-4faf-bcc2-7667003755ba resource provider aggregate not found
2026-09-07 19:38:18.436 9 INFO neutron.services.segments.plugin [-] Segment 0c710fce-dae9-4faf-bcc2-7667003755ba resource provider aggregate not found
2026-09-07 19:38:18.452 9 INFO neutron.services.segments.plugin [-] Segment 0c710fce-dae9-4faf-bcc2-7667003755ba resource provider not found; error: Placement Client Error (4xx): {"errors": [{"status": 404, "title": "Not Found", "detail": "The resource could not be found.\n\n No resource provider with uuid 0c710fce-dae9-4faf-bcc2-7667003755ba found for delete ", "request_id": "req-1b3c261d-4608-492a-aed9-9b0ba675186d"}]}
2026-09-07 19:38:18.454 9 INFO neutron.services.segments.plugin [-] Segment 0c710fce-dae9-4faf-bcc2-7667003755ba resource provider not found; error: Placement Client Error (4xx): {"errors": [{"status": 404, "title": "Not Found", "detail": "The resource could not be found.\n\n No resource provider with uuid 0c710fce-dae9-4faf-bcc2-7667003755ba found for delete ", "request_id": "req-edd4a4c9-49fb-4bdc-8313-60d97f470bcb"}]}
2026-09-07 19:38:18.466 9 INFO neutron.wsgi [None req-5a5a9096-7fb0-41d5-aa5a-dc55c6b44c09 be4c7b750f6e4c10b12c5be3e6780054 a1c8faff9dcf4cc99206ef1640c47500 - - - -] 10.0.0.71 "DELETE /v2.0/networks/0c1ee907-85cf-4787-ae3f-b8bb06a6c374 HTTP/1.1" status: 204 len: 168 time: 0.3343153
2026-09-07 19:38:18.507 10 INFO neutron.wsgi [None req-43dabf8c-b776-4de6-8e70-18f7f2195756 27013a1cd5214a2b8e4b16f6a4db13e9 2e63e96ac89d461e98c1f14bf9293e30 - - - -] 10.0.0.71 "DELETE /v2.0/security-groups/497ead48-aa5a-4f0d-b901-a297ab1d553b HTTP/1.1" status: 204 len: 168 time: 0.1376774
2026-09-07 19:38:19.287 10 INFO neutron.wsgi [None req-cebea2b7-b827-4c76-8672-0fee69c2b66c f16fbda23e4b48df8332802cb924689e 6a5969cc4cdc4172a876383eb2d183fe - - default default] 10.0.0.71 "GET /v2.0/security-groups?tenant_id=a1c8faff9dcf4cc99206ef1640c47500&name=default HTTP/1.1" status: 200 len: 2996 time: 0.1707058
2026-09-07 19:38:19.296 10 INFO neutron.wsgi [None req-4ee68298-9113-444f-9b71-f684dc16bc68 f16fbda23e4b48df8332802cb924689e 6a5969cc4cdc4172a876383eb2d183fe - - default default] 10.0.0.71 "GET /v2.0/security-groups?tenant_id=2e63e96ac89d461e98c1f14bf9293e30&name=default HTTP/1.1" status: 200 len: 2996 time: 0.1215041
2026-09-07 19:38:19.489 10 INFO neutron.wsgi [None req-a20058dc-9292-4e36-ac08-46e58045c80f f16fbda23e4b48df8332802cb924689e 6a5969cc4cdc4172a876383eb2d183fe - - - -] 10.0.0.71 "DELETE /v2.0/security-groups/be3dbe5e-6f0e-4aac-8f6e-ec44b55e7e92 HTTP/1.1" status: 204 len: 168 time: 0.1900513
2026-09-07 19:38:19.550 9 INFO neutron.wsgi [None req-e461b191-d2d3-435c-b4a4-3e0ea2a13306 f16fbda23e4b48df8332802cb924689e 6a5969cc4cdc4172a876383eb2d183fe - - - -] 10.0.0.71 "DELETE /v2.0/security-groups/0e7586be-c4a6-46f4-be52-315fc2cfe72e HTTP/1.1" status: 204 len: 168 time: 0.2488472
2026-09-07 19:38:19.819 10 INFO neutron.db.ovn_revision_numbers_db [None req-ab2f446d-35b2-4212-82e4-f3f85a9cd33f f16fbda23e4b48df8332802cb924689e 6a5969cc4cdc4172a876383eb2d183fe - - default default] Successfully bumped revision number for resource ce611f2e-b4fd-4795-9d1c-b1c5d58511ec (type: security_groups) to 1
2026-09-07 19:38:19.859 10 INFO neutron.wsgi [None req-ab2f446d-35b2-4212-82e4-f3f85a9cd33f f16fbda23e4b48df8332802cb924689e 6a5969cc4cdc4172a876383eb2d183fe - - default default] 10.0.0.71 "GET /v2.0/security-groups?tenant_id=b5db2e7fa3c34422a89d0d57e660d6ac&name=default HTTP/1.1" status: 200 len: 2996 time: 0.2005653
2026-09-07 19:38:19.882 10 INFO neutron.db.ovn_revision_numbers_db [None req-9d4b65ea-464b-48a4-a0a3-5a56a41b7de4 f16fbda23e4b48df8332802cb924689e 6a5969cc4cdc4172a876383eb2d183fe - - default default] Successfully bumped revision number for resource ed419697-1d31-4693-8633-3297f16160ea (type: security_groups) to 1
2026-09-07 19:38:19.905 10 INFO neutron.wsgi [None req-9d4b65ea-464b-48a4-a0a3-5a56a41b7de4 f16fbda23e4b48df8332802cb924689e 6a5969cc4cdc4172a876383eb2d183fe - - default default] 10.0.0.71 "GET /v2.0/security-groups?tenant_id=fb20a3a3f2324bdb869e13ffca3645a5&name=default HTTP/1.1" status: 200 len: 2996 time: 0.2268248
2026-09-07 19:38:20.105 10 INFO neutron.wsgi [None req-9172d51f-55ac-4c30-a857-24135e0c6849 f16fbda23e4b48df8332802cb924689e 6a5969cc4cdc4172a876383eb2d183fe - - - -] 10.0.0.71 "DELETE /v2.0/security-groups/ce611f2e-b4fd-4795-9d1c-b1c5d58511ec HTTP/1.1" status: 204 len: 168 time: 0.2399204
2026-09-07 19:38:20.152 9 INFO neutron.wsgi [None req-f6732945-f96c-4da7-b70e-a85e7b5f004e f16fbda23e4b48df8332802cb924689e 6a5969cc4cdc4172a876383eb2d183fe - - - -] 10.0.0.71 "DELETE /v2.0/security-groups/ed419697-1d31-4693-8633-3297f16160ea HTTP/1.1" status: 204 len: 168 time: 0.2405128
2026-09-07 19:38:21.797 10 INFO neutron.db.ovn_revision_numbers_db [None req-89ff6add-03b7-47f7-b2a9-fa6d2695344b f16fbda23e4b48df8332802cb924689e 6a5969cc4cdc4172a876383eb2d183fe - - default default] Successfully bumped revision number for resource 56f588fd-a4f3-4ffe-ade2-83683c5c122c (type: security_groups) to 1
2026-09-07 19:38:21.820 10 INFO neutron.wsgi [None req-89ff6add-03b7-47f7-b2a9-fa6d2695344b f16fbda23e4b48df8332802cb924689e 6a5969cc4cdc4172a876383eb2d183fe - - default default] 10.0.0.71 "GET /v2.0/security-groups?tenant_id=884e2da531ed4cd59671892f5907e055&name=default HTTP/1.1" status: 200 len: 2996 time: 0.2293744
2026-09-07 19:38:21.858 10 INFO neutron.db.ovn_revision_numbers_db [None req-cbac191b-fa04-4561-905a-4fafcdf46709 f16fbda23e4b48df8332802cb924689e 6a5969cc4cdc4172a876383eb2d183fe - - - -] Successfully bumped revision number for resource a49cb389-c515-4ec8-93f2-918ac0e66b2c (type: security_groups) to 1
2026-09-07 19:38:21.924 10 INFO neutron.db.segments_db [None req-cbac191b-fa04-4561-905a-4fafcdf46709 f16fbda23e4b48df8332802cb924689e 6a5969cc4cdc4172a876383eb2d183fe - - - -] Added segment 79cf8419-c9a9-4458-927e-37b6dd8ba5bf of type geneve for network ee68ffd4-a6c3-48d7-8559-2701e9ae4ab9
2026-09-07 19:38:22.071 10 INFO neutron.db.ovn_revision_numbers_db [None req-cbac191b-fa04-4561-905a-4fafcdf46709 f16fbda23e4b48df8332802cb924689e 6a5969cc4cdc4172a876383eb2d183fe - - - -] Successfully bumped revision number for resource ee68ffd4-a6c3-48d7-8559-2701e9ae4ab9 (type: networks) to 1
2026-09-07 19:38:22.091 9 INFO neutron.wsgi [None req-e6071bff-cec5-471d-bd50-e39fc98dfabf f16fbda23e4b48df8332802cb924689e 6a5969cc4cdc4172a876383eb2d183fe - - - -] 10.0.0.71 "DELETE /v2.0/security-groups/56f588fd-a4f3-4ffe-ade2-83683c5c122c HTTP/1.1" status: 204 len: 168 time: 0.2659428
2026-09-07 19:38:22.224 10 WARNING neutron.scheduler.dhcp_agent_scheduler [None req-cbac191b-fa04-4561-905a-4fafcdf46709 f16fbda23e4b48df8332802cb924689e 6a5969cc4cdc4172a876383eb2d183fe - - - -] No more DHCP agents
2026-09-07 19:38:22.225 10 WARNING neutron.api.rpc.agentnotifiers.dhcp_rpc_agent_api [None req-cbac191b-fa04-4561-905a-4fafcdf46709 f16fbda23e4b48df8332802cb924689e 6a5969cc4cdc4172a876383eb2d183fe - - - -] Unable to schedule network ee68ffd4-a6c3-48d7-8559-2701e9ae4ab9: no agents available; will retry on subsequent port and subnet creation events.
2026-09-07 19:38:22.276 10 INFO neutron.db.ovn_revision_numbers_db [None req-cbac191b-fa04-4561-905a-4fafcdf46709 f16fbda23e4b48df8332802cb924689e 6a5969cc4cdc4172a876383eb2d183fe - - - -] Successfully bumped revision number for resource 455b722f-7aa2-4313-bc8d-0c0e567cca8b (type: ports) to 1
2026-09-07 19:38:22.297 10 INFO neutron.wsgi [None req-cbac191b-fa04-4561-905a-4fafcdf46709 f16fbda23e4b48df8332802cb924689e 6a5969cc4cdc4172a876383eb2d183fe - - - -] 10.0.0.71 "POST /v2.0/networks HTTP/1.1" status: 201 len: 943 time: 0.6302376
2026-09-07 19:38:22.445 10 WARNING neutron.scheduler.dhcp_agent_scheduler [None req-715ab267-a68c-49f3-83fa-92da3498c24d f16fbda23e4b48df8332802cb924689e 6a5969cc4cdc4172a876383eb2d183fe - - - -] No more DHCP agents
2026-09-07 19:38:22.446 10 WARNING neutron.api.rpc.agentnotifiers.dhcp_rpc_agent_api [None req-715ab267-a68c-49f3-83fa-92da3498c24d f16fbda23e4b48df8332802cb924689e 6a5969cc4cdc4172a876383eb2d183fe - - - -] Unable to schedule network ee68ffd4-a6c3-48d7-8559-2701e9ae4ab9: no agents available; will retry on subsequent port and subnet creation events.
2026-09-07 19:38:22.461 9 INFO neutron.db.ovn_revision_numbers_db [None req-e2364d43-9ad7-4bb1-885e-5a03851a6a4f f16fbda23e4b48df8332802cb924689e 6a5969cc4cdc4172a876383eb2d183fe - - default default] Successfully bumped revision number for resource b8ee20ae-be7e-4284-87b9-4320d50b8e58 (type: security_groups) to 1
2026-09-07 19:38:22.483 9 INFO neutron.wsgi [None req-e2364d43-9ad7-4bb1-885e-5a03851a6a4f f16fbda23e4b48df8332802cb924689e 6a5969cc4cdc4172a876383eb2d183fe - - default default] 10.0.0.71 "GET /v2.0/security-groups?tenant_id=16d3595477a84d8aa89273c9d169a89f&name=default HTTP/1.1" status: 200 len: 2996 time: 0.1335328
2026-09-07 19:38:22.638 9 INFO neutron.wsgi [None req-8b604767-da54-4dfd-b0c3-f706392793aa f16fbda23e4b48df8332802cb924689e 6a5969cc4cdc4172a876383eb2d183fe - - - -] 10.0.0.71 "DELETE /v2.0/security-groups/b8ee20ae-be7e-4284-87b9-4320d50b8e58 HTTP/1.1" status: 204 len: 168 time: 0.1505489
2026-09-07 19:38:22.815 10 INFO neutron.db.ovn_revision_numbers_db [None req-715ab267-a68c-49f3-83fa-92da3498c24d f16fbda23e4b48df8332802cb924689e 6a5969cc4cdc4172a876383eb2d183fe - - - -] Successfully bumped revision number for resource 455b722f-7aa2-4313-bc8d-0c0e567cca8b (type: ports) to 2
2026-09-07 19:38:22.828 10 INFO neutron.db.ovn_revision_numbers_db [None req-715ab267-a68c-49f3-83fa-92da3498c24d f16fbda23e4b48df8332802cb924689e 6a5969cc4cdc4172a876383eb2d183fe - - - -] Successfully bumped revision number for resource 876c9f61-3795-4d30-9787-6774d993b13b (type: subnets) to 0
2026-09-07 19:38:22.848 10 INFO neutron.wsgi [None req-715ab267-a68c-49f3-83fa-92da3498c24d f16fbda23e4b48df8332802cb924689e 6a5969cc4cdc4172a876383eb2d183fe - - - -] 10.0.0.71 "POST /v2.0/subnets HTTP/1.1" status: 201 len: 863 time: 0.5449424
2026-09-07 19:38:23.341 10 WARNING neutron.scheduler.dhcp_agent_scheduler [None req-4db41fb1-5cb0-4db8-a626-b85d363db92e f16fbda23e4b48df8332802cb924689e 6a5969cc4cdc4172a876383eb2d183fe - - - -] No more DHCP agents
2026-09-07 19:38:23.343 10 WARNING neutron.api.rpc.agentnotifiers.dhcp_rpc_agent_api [None req-4db41fb1-5cb0-4db8-a626-b85d363db92e f16fbda23e4b48df8332802cb924689e 6a5969cc4cdc4172a876383eb2d183fe - - - -] Unable to schedule network fab92334-deff-4696-88c0-562ffd971fee: no agents available; will retry on subsequent port and subnet creation events.
2026-09-07 19:38:23.480 10 INFO neutron.db.ovn_revision_numbers_db [None req-4db41fb1-5cb0-4db8-a626-b85d363db92e f16fbda23e4b48df8332802cb924689e 6a5969cc4cdc4172a876383eb2d183fe - - - -] Successfully bumped revision number for resource 59fe9059-e95e-46a5-89ae-183f2990e1ab (type: ports) to 1
2026-09-07 19:38:23.949 9 INFO neutron.wsgi [None req-5a6cb11f-dcdc-406b-ba99-ff4e8c917a61 5b6b0125a276400197ebdc890b4b3ef2 25c37b418056481fa76a639775a4f1fe - - - -] 10.0.0.71 "POST /v2.0/subnetpools HTTP/1.1" status: 201 len: 715 time: 0.2068164
2026-09-07 19:38:24.004 9 INFO neutron.wsgi [None req-47b80a62-8b7a-490b-b578-f8a1fe641b52 5b6b0125a276400197ebdc890b4b3ef2 25c37b418056481fa76a639775a4f1fe - - - -] 10.0.0.71 "PUT /v2.0/subnetpools/06ba4970-07f7-4d9d-b053-68da11c87066/tags HTTP/1.1" status: 200 len: 218 time: 0.0497324
2026-09-07 19:38:24.042 9 INFO neutron.wsgi [None req-4b8a0bf6-202b-4fd4-b662-86d9ce3d41e7 5b6b0125a276400197ebdc890b4b3ef2 25c37b418056481fa76a639775a4f1fe - - default default] 10.0.0.71 "GET /v2.0/subnetpools/06ba4970-07f7-4d9d-b053-68da11c87066/tags HTTP/1.1" status: 200 len: 218 time: 0.0297427
