2026-09-07 19:36:07.483 10 INFO neutron.wsgi [None req-e790d0a9-f613-4a06-90ab-55026e35a17b b58eed8843ea4b3a80c63043dbdcd4e4 23df4e42747347d480ae5d74f319c9dc - - - -] 10.0.0.71 "DELETE /v2.0/ports/a06c5b9a-c3c4-46ba-a20c-2bffb0ebfa18 HTTP/1.1" status: 204 len: 168 time: 0.8524089
2026-09-07 19:36:07.552 10 INFO neutron.db.l3_db [None req-d1b2573d-d4bf-44b0-aa29-156268c5733a 39a70fd14e3448ea94abaf556ee45721 8c8e5977e96d4d908a92998ec10ababe - - - -] Floating IP b333f087-2809-428a-a682-404f517b94d3 disassociated. External IP: 10.96.250.219, port: 0e680e1b-7874-4858-af4d-4a80e16904e6.
2026-09-07 19:36:07.613 9 WARNING neutron.scheduler.dhcp_agent_scheduler [None req-d6b1f392-3ba0-4cf8-9ae2-d917cdfe9e45 a81272f06fa5430bb7c606145310ffd9 2578b1218e234a8e8ac0d549fc2d6496 - - - -] No more DHCP agents
2026-09-07 19:36:07.620 9 WARNING neutron.api.rpc.agentnotifiers.dhcp_rpc_agent_api [None req-d6b1f392-3ba0-4cf8-9ae2-d917cdfe9e45 a81272f06fa5430bb7c606145310ffd9 2578b1218e234a8e8ac0d549fc2d6496 - - - -] Unable to schedule network 6c2e9cbe-7b32-4d0d-b7d3-f25dd8c09a9a: no agents available; will retry on subsequent port and subnet creation events.
2026-09-07 19:36:07.632 10 INFO neutron.wsgi [req-6502aba0-a601-4d2e-9b16-23d57e5c0df0 req-a68c5f66-99ce-4eee-b30a-5816da64a293 39a70fd14e3448ea94abaf556ee45721 8c8e5977e96d4d908a92998ec10ababe - - default default] 10.0.0.105 "GET /v2.0/ports?device_id=c504ba79-11dd-4a45-8a89-cba1453278bb HTTP/1.1" status: 200 len: 1168 time: 0.0276635
2026-09-07 19:36:07.636 9 INFO neutron.wsgi [None req-0f8d6de2-ab51-41b5-b584-1e050e276ef3 b58eed8843ea4b3a80c63043dbdcd4e4 23df4e42747347d480ae5d74f319c9dc - - default default] 10.0.0.71 "GET /v2.0/ports?device_id=bd5cb3f8-2309-4e2d-9f4b-56059f113691 HTTP/1.1" status: 200 len: 1140 time: 0.1446204 /var/lib/openstack/lib/python3.10/site-packages/pycadf/identifier.py:71: UserWarning: Invalid uuid: neutron. To ensure interoperability, identifiers should be a valid uuid. warnings.warn(('Invalid uuid: %s. To ensure interoperability, '
2026-09-07 19:36:07.674 10 INFO neutron.wsgi [req-6502aba0-a601-4d2e-9b16-23d57e5c0df0 req-eabec5fa-0cd6-4cbd-9ec7-323a20f4f410 39a70fd14e3448ea94abaf556ee45721 8c8e5977e96d4d908a92998ec10ababe - - default default] 10.0.0.105 "GET /v2.0/security-groups?id=43910b37-cb91-4666-86d1-c154968de7e5&fields=id&fields=name HTTP/1.1" status: 200 len: 312 time: 0.0348523
2026-09-07 19:36:07.718 10 INFO neutron.wsgi [None req-d1b2573d-d4bf-44b0-aa29-156268c5733a 39a70fd14e3448ea94abaf556ee45721 8c8e5977e96d4d908a92998ec10ababe - - - -] 162.253.55.54 "DELETE /v2.0/ports/0e680e1b-7874-4858-af4d-4a80e16904e6 HTTP/1.1" status: 204 len: 173 time: 0.8379521
2026-09-07 19:36:07.754 9 INFO neutron.db.ovn_revision_numbers_db [None req-d6b1f392-3ba0-4cf8-9ae2-d917cdfe9e45 a81272f06fa5430bb7c606145310ffd9 2578b1218e234a8e8ac0d549fc2d6496 - - - -] Successfully bumped revision number for resource 970a3e67-7216-4ddc-835f-78b90e1742f4 (type: ports) to 1
2026-09-07 19:36:07.828 10 INFO neutron.notifiers.nova [-] Nova event matching ['req-3d3d3cb3-96f9-49a3-a188-96833fbc2be6'] response: {'server_uuid': 'c504ba79-11dd-4a45-8a89-cba1453278bb', 'name': 'network-vif-deleted', 'tag': '0e680e1b-7874-4858-af4d-4a80e16904e6', 'status': 'completed', 'code': 200}
2026-09-07 19:36:07.975 9 INFO neutron.wsgi [None req-d6b1f392-3ba0-4cf8-9ae2-d917cdfe9e45 a81272f06fa5430bb7c606145310ffd9 2578b1218e234a8e8ac0d549fc2d6496 - - - -] 10.0.0.71 "POST /v2.0/networks HTTP/1.1" status: 201 len: 848 time: 0.8282888
2026-09-07 19:36:08.015 9 INFO neutron.notifiers.nova [-] Nova event matching ['req-3c502312-1452-4761-b9a8-752c794157e8'] response: {'server_uuid': 'c504ba79-11dd-4a45-8a89-cba1453278bb', 'name': 'network-vif-unplugged', 'status': 'completed', 'tag': '0e680e1b-7874-4858-af4d-4a80e16904e6', 'code': 200}
2026-09-07 19:36:08.015 9 INFO neutron.notifiers.nova [-] Nova event matching ['req-3c502312-1452-4761-b9a8-752c794157e8'] response: {'server_uuid': 'c504ba79-11dd-4a45-8a89-cba1453278bb', 'name': 'network-vif-plugged', 'status': 'completed', 'tag': '0e680e1b-7874-4858-af4d-4a80e16904e6', 'code': 200}
2026-09-07 19:36:08.129 9 INFO neutron.db.segments_db [None req-5261f549-a0fa-41af-9e09-626ab701901b a81272f06fa5430bb7c606145310ffd9 2578b1218e234a8e8ac0d549fc2d6496 - - - -] Added segment 56c02d5b-0abe-46c8-9b3a-472fceb342d6 of type geneve for network cf03e028-945a-4bfe-9a95-8d608dbf3a52
2026-09-07 19:36:08.289 9 INFO neutron.db.ovn_revision_numbers_db [None req-5261f549-a0fa-41af-9e09-626ab701901b a81272f06fa5430bb7c606145310ffd9 2578b1218e234a8e8ac0d549fc2d6496 - - - -] Successfully bumped revision number for resource cf03e028-945a-4bfe-9a95-8d608dbf3a52 (type: networks) to 1
2026-09-07 19:36:08.591 9 WARNING neutron.scheduler.dhcp_agent_scheduler [None req-5261f549-a0fa-41af-9e09-626ab701901b a81272f06fa5430bb7c606145310ffd9 2578b1218e234a8e8ac0d549fc2d6496 - - - -] No more DHCP agents
2026-09-07 19:36:08.594 9 WARNING neutron.api.rpc.agentnotifiers.dhcp_rpc_agent_api [None req-5261f549-a0fa-41af-9e09-626ab701901b a81272f06fa5430bb7c606145310ffd9 2578b1218e234a8e8ac0d549fc2d6496 - - - -] Unable to schedule network cf03e028-945a-4bfe-9a95-8d608dbf3a52: no agents available; will retry on subsequent port and subnet creation events.
2026-09-07 19:36:08.706 9 INFO neutron.db.ovn_revision_numbers_db [None req-5261f549-a0fa-41af-9e09-626ab701901b a81272f06fa5430bb7c606145310ffd9 2578b1218e234a8e8ac0d549fc2d6496 - - - -] Successfully bumped revision number for resource 9dfdb202-9688-4e66-9baf-bd31fad64783 (type: ports) to 1
2026-09-07 19:36:08.748 9 INFO neutron.wsgi [None req-5261f549-a0fa-41af-9e09-626ab701901b a81272f06fa5430bb7c606145310ffd9 2578b1218e234a8e8ac0d549fc2d6496 - - - -] 10.0.0.71 "POST /v2.0/networks HTTP/1.1" status: 201 len: 848 time: 0.7637734
2026-09-07 19:36:08.973 9 INFO neutron.wsgi [None req-f3f38b50-b481-419f-b36b-d71c6ccde5d0 b58eed8843ea4b3a80c63043dbdcd4e4 23df4e42747347d480ae5d74f319c9dc - - - -] 10.0.0.71 "PUT /v2.0/routers/bd5cb3f8-2309-4e2d-9f4b-56059f113691/remove_router_interface HTTP/1.1" status: 200 len: 503 time: 1.3298886 /var/lib/openstack/lib/python3.10/site-packages/pycadf/identifier.py:71: UserWarning: Invalid uuid: neutron. To ensure interoperability, identifiers should be a valid uuid. warnings.warn(('Invalid uuid: %s. To ensure interoperability, '
2026-09-07 19:36:09.041 10 INFO neutron.wsgi [None req-9313179d-6e95-4b75-ab9c-7b988e510476 39a70fd14e3448ea94abaf556ee45721 8c8e5977e96d4d908a92998ec10ababe - - - -] 10.0.0.71 "DELETE /v2.0/security-groups/43910b37-cb91-4666-86d1-c154968de7e5 HTTP/1.1" status: 204 len: 168 time: 0.2594595
2026-09-07 19:36:09.070 10 INFO neutron.api.v2.resource [None req-06b0d782-a7b3-441d-a360-0f261f35d687 39a70fd14e3448ea94abaf556ee45721 8c8e5977e96d4d908a92998ec10ababe - - default default] show failed (client error): The resource could not be found.
2026-09-07 19:36:09.072 10 INFO neutron.wsgi [None req-06b0d782-a7b3-441d-a360-0f261f35d687 39a70fd14e3448ea94abaf556ee45721 8c8e5977e96d4d908a92998ec10ababe - - default default] 10.0.0.71 "GET /v2.0/security-groups/43910b37-cb91-4666-86d1-c154968de7e5 HTTP/1.1" status: 404 len: 347 time: 0.0235670
2026-09-07 19:36:09.356 9 INFO neutron.wsgi [req-2282bbbd-b87d-4ca6-b28f-ae46cdba7a83 req-4e8a08da-47f3-4f08-9a7c-a239b3f51b2b 0e8eb041faf54719b0f59782468b9f0b 0d4ce962add54f139739bc6c4758137b - - 33fbe5dc6d4948b2b237b1c417458761 33fbe5dc6d4948b2b237b1c417458761] 10.0.0.33 "GET /v2.0/ports?device_id=bdc4968d-7e8f-4327-8842-7d9d315a4870 HTTP/1.1" status: 200 len: 1361 time: 0.1587601
2026-09-07 19:36:09.397 10 WARNING neutron.scheduler.dhcp_agent_scheduler [None req-0c39f283-3216-4f9c-a120-6f9a56593a91 a81272f06fa5430bb7c606145310ffd9 2578b1218e234a8e8ac0d549fc2d6496 - - - -] No more DHCP agents
2026-09-07 19:36:09.400 10 WARNING neutron.api.rpc.agentnotifiers.dhcp_rpc_agent_api [None req-0c39f283-3216-4f9c-a120-6f9a56593a91 a81272f06fa5430bb7c606145310ffd9 2578b1218e234a8e8ac0d549fc2d6496 - - - -] Unable to schedule network 6c2e9cbe-7b32-4d0d-b7d3-f25dd8c09a9a: no agents available; will retry on subsequent port and subnet creation events.
2026-09-07 19:36:09.417 9 INFO neutron.wsgi [req-2282bbbd-b87d-4ca6-b28f-ae46cdba7a83 req-212fcf28-0e0c-4743-81e8-b91fad7cbe9d 0e8eb041faf54719b0f59782468b9f0b 0d4ce962add54f139739bc6c4758137b - - 33fbe5dc6d4948b2b237b1c417458761 33fbe5dc6d4948b2b237b1c417458761] 10.0.0.33 "GET /v2.0/security-groups?id=cdd4aec1-52b3-4464-be3b-85594b1e404c&fields=id&fields=name HTTP/1.1" status: 200 len: 312 time: 0.0523813
2026-09-07 19:36:09.521 10 INFO neutron.wsgi [None req-d9fed31f-65a0-48ae-9c38-a782dfa86f63 39a70fd14e3448ea94abaf556ee45721 8c8e5977e96d4d908a92998ec10ababe - - - -] 10.0.0.71 "DELETE /v2.0/floatingips/b333f087-2809-428a-a682-404f517b94d3 HTTP/1.1" status: 204 len: 168 time: 0.4410446
2026-09-07 19:36:09.671 9 INFO neutron.wsgi [None req-ce345f01-3814-4c24-96a0-734665194799 b58eed8843ea4b3a80c63043dbdcd4e4 23df4e42747347d480ae5d74f319c9dc - - - -] 10.0.0.71 "DELETE /v2.0/routers/bd5cb3f8-2309-4e2d-9f4b-56059f113691 HTTP/1.1" status: 204 len: 168 time: 0.6901629
2026-09-07 19:36:09.841 9 INFO neutron.wsgi [None req-c645f43f-7584-49d8-a822-7e6a9e193f21 b58eed8843ea4b3a80c63043dbdcd4e4 23df4e42747347d480ae5d74f319c9dc - - - -] 10.0.0.71 "DELETE /v2.0/subnets/782c036e-2e75-4fc9-9712-59958ad7367b HTTP/1.1" status: 204 len: 168 time: 0.1648574
2026-09-07 19:36:09.986 10 INFO neutron.db.ovn_revision_numbers_db [None req-0c39f283-3216-4f9c-a120-6f9a56593a91 a81272f06fa5430bb7c606145310ffd9 2578b1218e234a8e8ac0d549fc2d6496 - - - -] Successfully bumped revision number for resource 970a3e67-7216-4ddc-835f-78b90e1742f4 (type: ports) to 2
2026-09-07 19:36:10.029 10 INFO neutron.db.ovn_revision_numbers_db [None req-0c39f283-3216-4f9c-a120-6f9a56593a91 a81272f06fa5430bb7c606145310ffd9 2578b1218e234a8e8ac0d549fc2d6496 - - - -] Successfully bumped revision number for resource c8c606cb-cbe9-4ed5-93cf-752182f97076 (type: subnets) to 0
2026-09-07 19:36:10.086 10 WARNING neutron.scheduler.dhcp_agent_scheduler [None req-0c39f283-3216-4f9c-a120-6f9a56593a91 a81272f06fa5430bb7c606145310ffd9 2578b1218e234a8e8ac0d549fc2d6496 - - - -] No more DHCP agents
2026-09-07 19:36:10.090 10 WARNING neutron.api.rpc.agentnotifiers.dhcp_rpc_agent_api [None req-0c39f283-3216-4f9c-a120-6f9a56593a91 a81272f06fa5430bb7c606145310ffd9 2578b1218e234a8e8ac0d549fc2d6496 - - - -] Unable to schedule network cf03e028-945a-4bfe-9a95-8d608dbf3a52: no agents available; will retry on subsequent port and subnet creation events.
2026-09-07 19:36:10.325 9 INFO neutron.services.segments.plugin [-] Segment 1cff0f28-aa23-43cc-9213-da7d1ec5aee6 resource provider aggregate not found
2026-09-07 19:36:10.329 9 INFO neutron.services.segments.plugin [-] Segment 1cff0f28-aa23-43cc-9213-da7d1ec5aee6 resource provider aggregate not found
2026-09-07 19:36:10.351 9 INFO neutron.services.segments.plugin [-] Segment 1cff0f28-aa23-43cc-9213-da7d1ec5aee6 resource provider not found; error: Placement Client Error (4xx): {"errors": [{"status": 404, "title": "Not Found", "detail": "The resource could not be found.\n\n No resource provider with uuid 1cff0f28-aa23-43cc-9213-da7d1ec5aee6 found for delete ", "request_id": "req-ecd05050-585a-498d-b167-cce60fb77109"}]}
2026-09-07 19:36:10.354 9 INFO neutron.services.segments.plugin [-] Segment 1cff0f28-aa23-43cc-9213-da7d1ec5aee6 resource provider not found; error: Placement Client Error (4xx): {"errors": [{"status": 404, "title": "Not Found", "detail": "The resource could not be found.\n\n No resource provider with uuid 1cff0f28-aa23-43cc-9213-da7d1ec5aee6 found for delete ", "request_id": "req-af0910e6-151a-41bc-87d3-018dec371459"}]}
2026-09-07 19:36:10.366 9 INFO neutron.wsgi [None req-fa583691-e831-485a-96c5-5f45bb1742a1 b58eed8843ea4b3a80c63043dbdcd4e4 23df4e42747347d480ae5d74f319c9dc - - - -] 10.0.0.71 "DELETE /v2.0/networks/ce64e753-c3dc-476d-9697-45a897fbcff6 HTTP/1.1" status: 204 len: 168 time: 0.5144899
2026-09-07 19:36:10.854 10 INFO neutron.db.ovn_revision_numbers_db [None req-0c39f283-3216-4f9c-a120-6f9a56593a91 a81272f06fa5430bb7c606145310ffd9 2578b1218e234a8e8ac0d549fc2d6496 - - - -] Successfully bumped revision number for resource 9dfdb202-9688-4e66-9baf-bd31fad64783 (type: ports) to 2
2026-09-07 19:36:10.871 10 INFO neutron.db.ovn_revision_numbers_db [None req-0c39f283-3216-4f9c-a120-6f9a56593a91 a81272f06fa5430bb7c606145310ffd9 2578b1218e234a8e8ac0d549fc2d6496 - - - -] Successfully bumped revision number for resource 381756c5-083b-4193-9af9-ebffb132afb7 (type: subnets) to 0
2026-09-07 19:36:10.910 10 INFO neutron.wsgi [None req-0c39f283-3216-4f9c-a120-6f9a56593a91 a81272f06fa5430bb7c606145310ffd9 2578b1218e234a8e8ac0d549fc2d6496 - - - -] 10.0.0.71 "POST /v2.0/subnets HTTP/1.1" status: 201 len: 1425 time: 2.1097822 /var/lib/openstack/lib/python3.10/site-packages/pycadf/identifier.py:71: UserWarning: Invalid uuid: neutron. To ensure interoperability, identifiers should be a valid uuid. warnings.warn(('Invalid uuid: %s. To ensure interoperability, '
2026-09-07 19:36:10.926 10 INFO neutron.wsgi [None req-bd7ac3c7-d0d6-4cda-bbbd-761ab9d398ac f16fbda23e4b48df8332802cb924689e 6a5969cc4cdc4172a876383eb2d183fe - - - -] 10.0.0.71 "PUT /v2.0/routers/64575698-3611-4213-9891-7e31f87a7ef6/remove_router_interface HTTP/1.1" status: 200 len: 503 time: 1.3963947
2026-09-07 19:36:11.001 10 INFO neutron.wsgi [None req-c489da92-13bf-44a3-bf49-d9bfd920bf04 a81272f06fa5430bb7c606145310ffd9 2578b1218e234a8e8ac0d549fc2d6496 - - default default] 10.0.0.71 "GET /v2.0/subnets HTTP/1.1" status: 200 len: 2033 time: 0.0849776
2026-09-07 19:36:11.031 10 INFO neutron.wsgi [req-b0d3dacb-7609-4531-8ebe-18c47355010d req-9ff476d3-6662-4d5e-8e26-dd69b51d72ea 0e8eb041faf54719b0f59782468b9f0b 0d4ce962add54f139739bc6c4758137b - - 33fbe5dc6d4948b2b237b1c417458761 33fbe5dc6d4948b2b237b1c417458761] 162.253.55.54 "GET /v2.0/ports?device_id=bdc4968d-7e8f-4327-8842-7d9d315a4870&fields=binding%3Ahost_id&fields=binding%3Avif_type HTTP/1.1" status: 200 len: 265 time: 0.0831158
2026-09-07 19:36:11.136 10 INFO neutron.wsgi [req-b0d3dacb-7609-4531-8ebe-18c47355010d req-bfcd1c32-fca8-4014-9a65-424321213ca3 0e8eb041faf54719b0f59782468b9f0b 0d4ce962add54f139739bc6c4758137b - - 33fbe5dc6d4948b2b237b1c417458761 33fbe5dc6d4948b2b237b1c417458761] 162.253.55.54 "GET /v2.0/ports?tenant_id=43b89bf9a3664738851b88e7cbc46710&device_id=bdc4968d-7e8f-4327-8842-7d9d315a4870 HTTP/1.1" status: 200 len: 1361 time: 0.0427096
2026-09-07 19:36:11.158 9 INFO neutron.wsgi [None req-b23b50c2-9144-4490-8c55-fd1432093285 f16fbda23e4b48df8332802cb924689e 6a5969cc4cdc4172a876383eb2d183fe - - default default] 10.0.0.71 "GET /v2.0/security-groups?tenant_id=23df4e42747347d480ae5d74f319c9dc&name=default HTTP/1.1" status: 200 len: 2996 time: 0.2170615
2026-09-07 19:36:11.206 10 INFO neutron.wsgi [-] 10.0.0.198 "GET / HTTP/1.1" status: 200 len: 247 time: 0.0012436
2026-09-07 19:36:11.208 10 INFO neutron.wsgi [-] 10.0.0.198 "GET / HTTP/1.1" status: 200 len: 247 time: 0.0009754
2026-09-07 19:36:11.236 10 INFO neutron.wsgi [req-b0d3dacb-7609-4531-8ebe-18c47355010d req-5fc60bc2-c280-455e-823d-059006a51d03 0e8eb041faf54719b0f59782468b9f0b 0d4ce962add54f139739bc6c4758137b - - 33fbe5dc6d4948b2b237b1c417458761 33fbe5dc6d4948b2b237b1c417458761] 162.253.55.54 "GET /v2.0/networks?id=11a7a508-3a0b-41dc-aa01-90901fac25ad HTTP/1.1" status: 200 len: 981 time: 0.0743396
2026-09-07 19:36:11.282 10 INFO neutron.wsgi [req-b0d3dacb-7609-4531-8ebe-18c47355010d req-46e40b64-c38b-4e63-bb87-c6ebe5ace2f3 0e8eb041faf54719b0f59782468b9f0b 0d4ce962add54f139739bc6c4758137b - - 33fbe5dc6d4948b2b237b1c417458761 33fbe5dc6d4948b2b237b1c417458761] 162.253.55.54 "GET /v2.0/floatingips?fixed_ip_address=10.100.0.8&port_id=18f7c5a0-6095-45b3-8b2f-d8b18b523f22 HTTP/1.1" status: 200 len: 1059 time: 0.0375040
2026-09-07 19:36:11.296 10 INFO neutron.wsgi [None req-1b831459-0e8c-4894-aee4-5a1e14cb5792 a81272f06fa5430bb7c606145310ffd9 2578b1218e234a8e8ac0d549fc2d6496 - - - -] 10.0.0.71 "DELETE /v2.0/subnets/c8c606cb-cbe9-4ed5-93cf-752182f97076 HTTP/1.1" status: 204 len: 168 time: 0.2822030
2026-09-07 19:36:11.341 10 INFO neutron.wsgi [req-b0d3dacb-7609-4531-8ebe-18c47355010d req-2380ce85-140d-4459-bed5-611879374ac5 0e8eb041faf54719b0f59782468b9f0b 0d4ce962add54f139739bc6c4758137b - - 33fbe5dc6d4948b2b237b1c417458761 33fbe5dc6d4948b2b237b1c417458761] 162.253.55.54 "GET /v2.0/subnets?id=49b1c123-0f69-40dc-ac74-1d519e8d6039 HTTP/1.1" status: 200 len: 876 time: 0.0475125
2026-09-07 19:36:11.385 10 INFO neutron.wsgi [req-b0d3dacb-7609-4531-8ebe-18c47355010d req-cc426f9f-0008-4275-80fb-f1bbe2934d5c 0e8eb041faf54719b0f59782468b9f0b 0d4ce962add54f139739bc6c4758137b - - 33fbe5dc6d4948b2b237b1c417458761 33fbe5dc6d4948b2b237b1c417458761] 162.253.55.54 "GET /v2.0/ports?network_id=11a7a508-3a0b-41dc-aa01-90901fac25ad&device_owner=network%3Adhcp HTTP/1.1" status: 200 len: 210 time: 0.0348942
2026-09-07 19:36:11.471 9 INFO neutron.wsgi [None req-42c0169b-4efe-4cef-bf96-82422ed09256 f16fbda23e4b48df8332802cb924689e 6a5969cc4cdc4172a876383eb2d183fe - - - -] 10.0.0.71 "DELETE /v2.0/security-groups/226bf66e-1175-4efe-93fc-9e92bafd4131 HTTP/1.1" status: 204 len: 168 time: 0.3078744
2026-09-07 19:36:11.479 10 INFO neutron.wsgi [req-b0d3dacb-7609-4531-8ebe-18c47355010d req-727b7588-40e6-4e0b-abc3-fc314203f525 0e8eb041faf54719b0f59782468b9f0b 0d4ce962add54f139739bc6c4758137b - - 33fbe5dc6d4948b2b237b1c417458761 33fbe5dc6d4948b2b237b1c417458761] 162.253.55.54 "GET /v2.0/networks/11a7a508-3a0b-41dc-aa01-90901fac25ad?fields=segments HTTP/1.1" status: 200 len: 212 time: 0.0860543
2026-09-07 19:36:11.552 10 INFO neutron.wsgi [req-b0d3dacb-7609-4531-8ebe-18c47355010d req-1a386bb7-3ea0-42f2-bb94-80fe6d9c08de 0e8eb041faf54719b0f59782468b9f0b 0d4ce962add54f139739bc6c4758137b - - 33fbe5dc6d4948b2b237b1c417458761 33fbe5dc6d4948b2b237b1c417458761] 162.253.55.54 "GET /v2.0/networks/11a7a508-3a0b-41dc-aa01-90901fac25ad?fields=provider%3Aphysical_network&fields=provider%3Anetwork_type HTTP/1.1" status: 200 len: 277 time: 0.0647476
2026-09-07 19:36:11.590 10 INFO neutron.wsgi [None req-cd380725-45d2-441b-b2b1-049feae5e531 a81272f06fa5430bb7c606145310ffd9 2578b1218e234a8e8ac0d549fc2d6496 - - - -] 10.0.0.71 "DELETE /v2.0/subnets/381756c5-083b-4193-9af9-ebffb132afb7 HTTP/1.1" status: 204 len: 168 time: 0.2809653
2026-09-07 19:36:11.625 10 INFO neutron.wsgi [None req-f4ce9cab-727f-4aab-b330-b6ede821115c a81272f06fa5430bb7c606145310ffd9 2578b1218e234a8e8ac0d549fc2d6496 - - default default] 10.0.0.71 "GET /v2.0/subnets HTTP/1.1" status: 200 len: 820 time: 0.0295992
2026-09-07 19:36:11.711 9 INFO neutron.wsgi [None req-3a37958f-7d5a-4fa0-90a2-e79515ddd72a f16fbda23e4b48df8332802cb924689e 6a5969cc4cdc4172a876383eb2d183fe - - - -] 10.0.0.71 "DELETE /v2.0/routers/64575698-3611-4213-9891-7e31f87a7ef6 HTTP/1.1" status: 204 len: 168 time: 0.7794447
2026-09-07 19:36:11.961 9 INFO neutron.wsgi [None req-91725556-02f5-4702-a468-2834ce75a2e1 f16fbda23e4b48df8332802cb924689e 6a5969cc4cdc4172a876383eb2d183fe - - - -] 10.0.0.71 "DELETE /v2.0/subnets/ecacc593-11b3-4bb2-955d-b4eb35c99042 HTTP/1.1" status: 204 len: 168 time: 0.2453141
2026-09-07 19:36:12.125 10 INFO neutron.services.segments.plugin [-] Segment 56c02d5b-0abe-46c8-9b3a-472fceb342d6 resource provider aggregate not found
2026-09-07 19:36:12.141 10 INFO neutron.services.segments.plugin [-] Segment 56c02d5b-0abe-46c8-9b3a-472fceb342d6 resource provider aggregate not found
2026-09-07 19:36:12.146 10 INFO neutron.services.segments.plugin [-] Segment 56c02d5b-0abe-46c8-9b3a-472fceb342d6 resource provider not found; error: Placement Client Error (4xx): {"errors": [{"status": 404, "title": "Not Found", "detail": "The resource could not be found.\n\n No resource provider with uuid 56c02d5b-0abe-46c8-9b3a-472fceb342d6 found for delete ", "request_id": "req-32a5973c-1565-43c0-9a3a-3901fec508da"}]}
2026-09-07 19:36:12.163 10 INFO neutron.services.segments.plugin [-] Segment 56c02d5b-0abe-46c8-9b3a-472fceb342d6 resource provider not found; error: Placement Client Error (4xx): {"errors": [{"status": 404, "title": "Not Found", "detail": "The resource could not be found.\n\n No resource provider with uuid 56c02d5b-0abe-46c8-9b3a-472fceb342d6 found for delete ", "request_id": "req-9877e8bd-6bd7-46d3-ac7a-48bbd9eba1b1"}]}
2026-09-07 19:36:12.182 10 INFO neutron.wsgi [None req-6577e22f-78bf-4c89-9c3f-6c9237ffb53a a81272f06fa5430bb7c606145310ffd9 2578b1218e234a8e8ac0d549fc2d6496 - - - -] 10.0.0.71 "DELETE /v2.0/networks/cf03e028-945a-4bfe-9a95-8d608dbf3a52 HTTP/1.1" status: 204 len: 168 time: 0.5477550
2026-09-07 19:36:12.391 9 INFO neutron.services.segments.plugin [-] Segment 7c71180e-2882-4d09-97bd-227f3315442c resource provider aggregate not found
2026-09-07 19:36:12.408 9 INFO neutron.services.segments.plugin [-] Segment 7c71180e-2882-4d09-97bd-227f3315442c resource provider aggregate not found
2026-09-07 19:36:12.424 9 INFO neutron.services.segments.plugin [-] Segment 7c71180e-2882-4d09-97bd-227f3315442c resource provider not found; error: Placement Client Error (4xx): {"errors": [{"status": 404, "title": "Not Found", "detail": "The resource could not be found.\n\n No resource provider with uuid 7c71180e-2882-4d09-97bd-227f3315442c found for delete ", "request_id": "req-f87ab5ab-6453-453c-87d9-c916a5928a66"}]}
2026-09-07 19:36:12.432 9 INFO neutron.services.segments.plugin [-] Segment 7c71180e-2882-4d09-97bd-227f3315442c resource provider not found; error: Placement Client Error (4xx): {"errors": [{"status": 404, "title": "Not Found", "detail": "The resource could not be found.\n\n No resource provider with uuid 7c71180e-2882-4d09-97bd-227f3315442c found for delete ", "request_id": "req-f08cf4ef-a4b0-4715-ae8b-9202e90c0385"}]}
2026-09-07 19:36:12.445 9 INFO neutron.wsgi [None req-e57297c3-0007-49cb-ada7-cb847d276dba f16fbda23e4b48df8332802cb924689e 6a5969cc4cdc4172a876383eb2d183fe - - - -] 10.0.0.71 "DELETE /v2.0/networks/3f5dcd7a-b37d-461a-847a-f43370720aca HTTP/1.1" status: 204 len: 168 time: 0.4760187
2026-09-07 19:36:12.651 10 INFO neutron.wsgi [None req-22acd875-0649-42ce-b444-bcc82541fa69 f16fbda23e4b48df8332802cb924689e 6a5969cc4cdc4172a876383eb2d183fe - - default default] 10.0.0.71 "GET /v2.0/security-groups?tenant_id=8c8e5977e96d4d908a92998ec10ababe&name=default HTTP/1.1" status: 200 len: 2996 time: 0.0411444
2026-09-07 19:36:12.709 9 INFO neutron.wsgi [None req-c1dc7f43-1e5b-4f01-b4b8-0f55155406e2 a81272f06fa5430bb7c606145310ffd9 2578b1218e234a8e8ac0d549fc2d6496 - - - -] 10.0.0.71 "DELETE /v2.0/networks/6c2e9cbe-7b32-4d0d-b7d3-f25dd8c09a9a HTTP/1.1" status: 204 len: 168 time: 0.5226290
2026-09-07 19:36:12.875 9 INFO neutron.wsgi [None req-e9baf221-d004-4028-b723-486cfb9cab9f f16fbda23e4b48df8332802cb924689e 6a5969cc4cdc4172a876383eb2d183fe - - - -] 10.0.0.71 "DELETE /v2.0/security-groups/f762171f-f50a-494a-bc74-c6a8e27cc540 HTTP/1.1" status: 204 len: 168 time: 0.2183065
2026-09-07 19:36:13.184 10 INFO neutron.wsgi [None req-1ecbd997-86a3-426a-86c4-dc3f031799b5 a81272f06fa5430bb7c606145310ffd9 2578b1218e234a8e8ac0d549fc2d6496 - - - -] 10.0.0.71 "DELETE /v2.0/networks/1adfbf03-cbfd-4e66-be4d-a066ea10fc0e HTTP/1.1" status: 204 len: 168 time: 0.4681818
2026-09-07 19:36:13.624 9 INFO neutron.wsgi [None req-b9a44375-5412-4a3a-b2d0-cf2275a86f0b a81272f06fa5430bb7c606145310ffd9 2578b1218e234a8e8ac0d549fc2d6496 - - - -] 10.0.0.71 "DELETE /v2.0/networks/088aa35d-c383-492a-a70a-c9979616fdfd HTTP/1.1" status: 204 len: 168 time: 0.4342244
2026-09-07 19:36:13.678 9 INFO neutron.db.ovn_revision_numbers_db [None req-4a9a60d0-7389-4d95-833d-080731ffac04 98b6feef0e6b492a8ecd132dc7fd136a 83aff5236f47417daccadefca822ccc5 - - - -] Successfully bumped revision number for resource 1793429e-4d64-4d5a-8309-75e83204cee7 (type: security_groups) to 1
2026-09-07 19:36:13.750 9 INFO neutron.db.segments_db [None req-4a9a60d0-7389-4d95-833d-080731ffac04 98b6feef0e6b492a8ecd132dc7fd136a 83aff5236f47417daccadefca822ccc5 - - - -] Added segment 99c6f8d6-37a8-40be-8391-b8561df7e501 of type geneve for network bf062db7-2c9c-4aeb-a4a1-e41d09ef2062
2026-09-07 19:36:13.902 9 INFO neutron.db.ovn_revision_numbers_db [None req-4a9a60d0-7389-4d95-833d-080731ffac04 98b6feef0e6b492a8ecd132dc7fd136a 83aff5236f47417daccadefca822ccc5 - - - -] Successfully bumped revision number for resource bf062db7-2c9c-4aeb-a4a1-e41d09ef2062 (type: networks) to 1
2026-09-07 19:36:14.091 9 WARNING neutron.scheduler.dhcp_agent_scheduler [None req-4a9a60d0-7389-4d95-833d-080731ffac04 98b6feef0e6b492a8ecd132dc7fd136a 83aff5236f47417daccadefca822ccc5 - - - -] No more DHCP agents
2026-09-07 19:36:14.100 9 WARNING neutron.api.rpc.agentnotifiers.dhcp_rpc_agent_api [None req-4a9a60d0-7389-4d95-833d-080731ffac04 98b6feef0e6b492a8ecd132dc7fd136a 83aff5236f47417daccadefca822ccc5 - - - -] Unable to schedule network bf062db7-2c9c-4aeb-a4a1-e41d09ef2062: no agents available; will retry on subsequent port and subnet creation events.
2026-09-07 19:36:14.173 10 INFO neutron.services.segments.plugin [-] Segment e0239b0d-bf0f-4fd5-bf85-01b52b61947e resource provider aggregate not found
2026-09-07 19:36:14.191 9 INFO neutron.db.ovn_revision_numbers_db [None req-4a9a60d0-7389-4d95-833d-080731ffac04 98b6feef0e6b492a8ecd132dc7fd136a 83aff5236f47417daccadefca822ccc5 - - - -] Successfully bumped revision number for resource 74098ddd-5007-4a87-81a0-5b9389e26932 (type: ports) to 1
2026-09-07 19:36:14.199 10 INFO neutron.services.segments.plugin [-] Segment e0239b0d-bf0f-4fd5-bf85-01b52b61947e resource provider not found; error: Placement Client Error (4xx): {"errors": [{"status": 404, "title": "Not Found", "detail": "The resource could not be found.\n\n No resource provider with uuid e0239b0d-bf0f-4fd5-bf85-01b52b61947e found for delete ", "request_id": "req-6fa262e0-33c8-4b27-a8d0-716985dbd0f7"}]}
2026-09-07 19:36:14.206 10 INFO neutron.services.segments.plugin [-] Segment e0239b0d-bf0f-4fd5-bf85-01b52b61947e resource provider aggregate not found
2026-09-07 19:36:14.221 9 INFO neutron.wsgi [None req-4a9a60d0-7389-4d95-833d-080731ffac04 98b6feef0e6b492a8ecd132dc7fd136a 83aff5236f47417daccadefca822ccc5 - - - -] 10.0.0.71 "POST /v2.0/networks HTTP/1.1" status: 201 len: 846 time: 0.8582118
2026-09-07 19:36:14.228 10 INFO neutron.services.segments.plugin [-] Segment e0239b0d-bf0f-4fd5-bf85-01b52b61947e resource provider not found; error: Placement Client Error (4xx): {"errors": [{"status": 404, "title": "Not Found", "detail": "The resource could not be found.\n\n No resource provider with uuid e0239b0d-bf0f-4fd5-bf85-01b52b61947e found for delete ", "request_id": "req-2fee9073-5a35-4343-82c8-4af68bcd3e5b"}]}
2026-09-07 19:36:14.441 9 INFO neutron.services.segments.plugin [-] Segment b8a82042-0c2b-4daf-94fc-ceb38623614c resource provider aggregate not found
2026-09-07 19:36:14.456 9 INFO neutron.services.segments.plugin [-] Segment b8a82042-0c2b-4daf-94fc-ceb38623614c resource provider aggregate not found
2026-09-07 19:36:14.465 9 INFO neutron.services.segments.plugin [-] Segment b8a82042-0c2b-4daf-94fc-ceb38623614c resource provider not found; error: Placement Client Error (4xx): {"errors": [{"status": 404, "title": "Not Found", "detail": "The resource could not be found.\n\n No resource provider with uuid b8a82042-0c2b-4daf-94fc-ceb38623614c found for delete ", "request_id": "req-7aca38f8-386a-49ec-b257-14a74aa815ba"}]}
2026-09-07 19:36:14.476 9 INFO neutron.services.segments.plugin [-] Segment b8a82042-0c2b-4daf-94fc-ceb38623614c resource provider not found; error: Placement Client Error (4xx): {"errors": [{"status": 404, "title": "Not Found", "detail": "The resource could not be found.\n\n No resource provider with uuid b8a82042-0c2b-4daf-94fc-ceb38623614c found for delete ", "request_id": "req-a4bd83ec-bbf6-4b94-95cc-03c98592c682"}]}
2026-09-07 19:36:14.477 10 INFO neutron.wsgi [None req-e9dc4326-e259-4e3d-abd5-ad325573a5e8 f16fbda23e4b48df8332802cb924689e 6a5969cc4cdc4172a876383eb2d183fe - - default default] 10.0.0.71 "GET /v2.0/security-groups?tenant_id=2578b1218e234a8e8ac0d549fc2d6496&name=default HTTP/1.1" status: 200 len: 2996 time: 0.3477435
2026-09-07 19:36:14.483 9 INFO neutron.services.segments.plugin [-] Segment 2cbcdc54-d064-4590-beb7-245efac08300 resource provider aggregate not found
2026-09-07 19:36:14.494 9 INFO neutron.services.segments.plugin [-] Segment 2cbcdc54-d064-4590-beb7-245efac08300 resource provider aggregate not found
2026-09-07 19:36:14.503 9 INFO neutron.services.segments.plugin [-] Segment 2cbcdc54-d064-4590-beb7-245efac08300 resource provider not found; error: Placement Client Error (4xx): {"errors": [{"status": 404, "title": "Not Found", "detail": "The resource could not be found.\n\n No resource provider with uuid 2cbcdc54-d064-4590-beb7-245efac08300 found for delete ", "request_id": "req-7445c17b-61ae-4e78-b44c-fdb2616bde2c"}]}
2026-09-07 19:36:14.510 9 INFO neutron.services.segments.plugin [-] Segment 2cbcdc54-d064-4590-beb7-245efac08300 resource provider not found; error: Placement Client Error (4xx): {"errors": [{"status": 404, "title": "Not Found", "detail": "The resource could not be found.\n\n No resource provider with uuid 2cbcdc54-d064-4590-beb7-245efac08300 found for delete ", "request_id": "req-2e8deea7-ffeb-40b5-baa7-11cafc8fa970"}]}
2026-09-07 19:36:14.637 10 INFO neutron.wsgi [None req-39fbd094-6fd7-4d79-b5b1-449bbbca5fc2 f16fbda23e4b48df8332802cb924689e 6a5969cc4cdc4172a876383eb2d183fe - - - -] 10.0.0.71 "DELETE /v2.0/security-groups/fd823324-4927-4aa8-93fb-bd26ab64a9e6 HTTP/1.1" status: 204 len: 168 time: 0.1547625
2026-09-07 19:36:15.030 9 WARNING neutron.scheduler.dhcp_agent_scheduler [None req-61fbf4e4-82cc-4ee6-be7b-454dd29bc11a 98b6feef0e6b492a8ecd132dc7fd136a 83aff5236f47417daccadefca822ccc5 - - - -] No more DHCP agents
2026-09-07 19:36:15.032 9 WARNING neutron.api.rpc.agentnotifiers.dhcp_rpc_agent_api [None req-61fbf4e4-82cc-4ee6-be7b-454dd29bc11a 98b6feef0e6b492a8ecd132dc7fd136a 83aff5236f47417daccadefca822ccc5 - - - -] Unable to schedule network bf062db7-2c9c-4aeb-a4a1-e41d09ef2062: no agents available; will retry on subsequent port and subnet creation events.
2026-09-07 19:36:15.046 9 INFO neutron.db.ovn_revision_numbers_db [None req-61fbf4e4-82cc-4ee6-be7b-454dd29bc11a 98b6feef0e6b492a8ecd132dc7fd136a 83aff5236f47417daccadefca822ccc5 - - - -] Successfully bumped revision number for resource d74acf25-65a3-4946-aec0-77217f75f48e (type: subnets) to 0
2026-09-07 19:36:15.072 9 INFO neutron.wsgi [None req-61fbf4e4-82cc-4ee6-be7b-454dd29bc11a 98b6feef0e6b492a8ecd132dc7fd136a 83aff5236f47417daccadefca822ccc5 - - - -] 10.0.0.71 "POST /v2.0/subnets HTTP/1.1" status: 201 len: 848 time: 0.3463020
2026-09-07 19:36:15.209 10 INFO neutron.wsgi [req-0e48ed40-3b81-4baa-ad55-64ba1c534df3 req-c25e4840-bef4-4f95-828f-bebfb315f9d7 ec6f732357e54519a0a62d54d13f1932 43b89bf9a3664738851b88e7cbc46710 - - default default] 10.0.0.105 "GET /v2.0/ports?device_id=bdc4968d-7e8f-4327-8842-7d9d315a4870 HTTP/1.1" status: 200 len: 1170 time: 0.0943139
2026-09-07 19:36:15.217 9 INFO neutron.db.segments_db [None req-5fcbf28b-0aed-41c3-8f15-6ff2b54d1fe9 98b6feef0e6b492a8ecd132dc7fd136a 83aff5236f47417daccadefca822ccc5 - - - -] Added segment 1875d1c0-2728-4a7c-b188-a970d3ddb20d of type geneve for network 3b0e9a61-d9b8-43c6-a1c5-08b485bf8146
2026-09-07 19:36:15.309 10 INFO neutron.wsgi [req-e95a5bfe-05b4-4b45-9adc-168b8a823118 req-95b30b98-6e79-43e6-bf74-046d01f88dec ec6f732357e54519a0a62d54d13f1932 43b89bf9a3664738851b88e7cbc46710 - - default default] 10.0.0.105 "GET /v2.0/ports/18f7c5a0-6095-45b3-8b2f-d8b18b523f22 HTTP/1.1" status: 200 len: 1167 time: 0.0638800
2026-09-07 19:36:15.316 10 INFO neutron.db.ovn_revision_numbers_db [None req-c25e2f03-eda1-4687-a4d7-078f43d46653 f16fbda23e4b48df8332802cb924689e 6a5969cc4cdc4172a876383eb2d183fe - - - -] Successfully bumped revision number for resource 6afb9d73-04d2-4164-94a5-ae425cfe4ab5 (type: security_groups) to 1
2026-09-07 19:36:15.407 10 INFO neutron.db.segments_db [None req-c25e2f03-eda1-4687-a4d7-078f43d46653 f16fbda23e4b48df8332802cb924689e 6a5969cc4cdc4172a876383eb2d183fe - - - -] Added segment a26b73c8-ac82-4e1b-bde0-ce275bc7bb09 of type geneve for network 99708dfc-35f7-4de6-894b-62e28d6ffc36
2026-09-07 19:36:15.569 10 INFO neutron.wsgi [req-9ec3edc9-825a-4ca8-86a4-cb0fee30f100 req-ff1a749b-bd47-41ae-9b0d-df0753428473 ec6f732357e54519a0a62d54d13f1932 43b89bf9a3664738851b88e7cbc46710 - - default default] 162.253.55.54 "GET /v2.0/subnets?network_id=11a7a508-3a0b-41dc-aa01-90901fac25ad HTTP/1.1" status: 200 len: 858 time: 0.0773413
2026-09-07 19:36:15.574 10 INFO neutron.db.ovn_revision_numbers_db [None req-c25e2f03-eda1-4687-a4d7-078f43d46653 f16fbda23e4b48df8332802cb924689e 6a5969cc4cdc4172a876383eb2d183fe - - - -] Successfully bumped revision number for resource 99708dfc-35f7-4de6-894b-62e28d6ffc36 (type: networks) to 1
2026-09-07 19:36:15.575 9 INFO neutron.db.ovn_revision_numbers_db [None req-5fcbf28b-0aed-41c3-8f15-6ff2b54d1fe9 98b6feef0e6b492a8ecd132dc7fd136a 83aff5236f47417daccadefca822ccc5 - - - -] Successfully bumped revision number for resource 3b0e9a61-d9b8-43c6-a1c5-08b485bf8146 (type: networks) to 1
2026-09-07 19:36:15.638 10 INFO neutron.wsgi [req-9ec3edc9-825a-4ca8-86a4-cb0fee30f100 req-e9b3214e-9850-425c-bd5d-f2dd99c5148a ec6f732357e54519a0a62d54d13f1932 43b89bf9a3664738851b88e7cbc46710 - - default default] 162.253.55.54 "GET /v2.0/ports?device_id=bdc4968d-7e8f-4327-8842-7d9d315a4870&device_owner=compute%3Anova&network_id=11a7a508-3a0b-41dc-aa01-90901fac25ad HTTP/1.1" status: 200 len: 1170 time: 0.0601742
2026-09-07 19:36:15.740 9 WARNING neutron.scheduler.dhcp_agent_scheduler [None req-5fcbf28b-0aed-41c3-8f15-6ff2b54d1fe9 98b6feef0e6b492a8ecd132dc7fd136a 83aff5236f47417daccadefca822ccc5 - - - -] No more DHCP agents
2026-09-07 19:36:15.743 9 WARNING neutron.api.rpc.agentnotifiers.dhcp_rpc_agent_api [None req-5fcbf28b-0aed-41c3-8f15-6ff2b54d1fe9 98b6feef0e6b492a8ecd132dc7fd136a 83aff5236f47417daccadefca822ccc5 - - - -] Unable to schedule network 3b0e9a61-d9b8-43c6-a1c5-08b485bf8146: no agents available; will retry on subsequent port and subnet creation events.
2026-09-07 19:36:15.780 10 WARNING neutron.scheduler.dhcp_agent_scheduler [None req-c25e2f03-eda1-4687-a4d7-078f43d46653 f16fbda23e4b48df8332802cb924689e 6a5969cc4cdc4172a876383eb2d183fe - - - -] No more DHCP agents
2026-09-07 19:36:15.783 10 WARNING neutron.api.rpc.agentnotifiers.dhcp_rpc_agent_api [None req-c25e2f03-eda1-4687-a4d7-078f43d46653 f16fbda23e4b48df8332802cb924689e 6a5969cc4cdc4172a876383eb2d183fe - - - -] Unable to schedule network 99708dfc-35f7-4de6-894b-62e28d6ffc36: no agents available; will retry on subsequent port and subnet creation events.
2026-09-07 19:36:15.821 9 INFO neutron.db.ovn_revision_numbers_db [None req-5fcbf28b-0aed-41c3-8f15-6ff2b54d1fe9 98b6feef0e6b492a8ecd132dc7fd136a 83aff5236f47417daccadefca822ccc5 - - - -] Successfully bumped revision number for resource e46e7a0e-fb32-4003-bc34-b7e5af19abee (type: ports) to 1
2026-09-07 19:36:15.846 9 INFO neutron.wsgi [None req-5fcbf28b-0aed-41c3-8f15-6ff2b54d1fe9 98b6feef0e6b492a8ecd132dc7fd136a 83aff5236f47417daccadefca822ccc5 - - - -] 10.0.0.71 "POST /v2.0/networks HTTP/1.1" status: 201 len: 846 time: 0.7676480
2026-09-07 19:36:16.034 9 INFO neutron.db.ovn_revision_numbers_db [None req-df6187e8-0858-490b-8b91-6e6049722750 98b6feef0e6b492a8ecd132dc7fd136a 83aff5236f47417daccadefca822ccc5 - - - -] Successfully bumped revision number for resource 3b0e9a61-d9b8-43c6-a1c5-08b485bf8146 (type: networks) to 2
2026-09-07 19:36:16.038 9 INFO neutron.wsgi [None req-df6187e8-0858-490b-8b91-6e6049722750 98b6feef0e6b492a8ecd132dc7fd136a 83aff5236f47417daccadefca822ccc5 - - - -] 10.0.0.71 "PUT /v2.0/networks/3b0e9a61-d9b8-43c6-a1c5-08b485bf8146 HTTP/1.1" status: 200 len: 792 time: 0.1843596
2026-09-07 19:36:16.146 10 INFO neutron.db.ovn_revision_numbers_db [None req-c25e2f03-eda1-4687-a4d7-078f43d46653 f16fbda23e4b48df8332802cb924689e 6a5969cc4cdc4172a876383eb2d183fe - - - -] Successfully bumped revision number for resource f1397cfd-3579-4b1b-8359-65698ebffe01 (type: ports) to 1
2026-09-07 19:36:16.175 10 INFO neutron.wsgi [None req-c25e2f03-eda1-4687-a4d7-078f43d46653 f16fbda23e4b48df8332802cb924689e 6a5969cc4cdc4172a876383eb2d183fe - - - -] 10.0.0.71 "POST /v2.0/networks HTTP/1.1" status: 201 len: 945 time: 1.2808120
2026-09-07 19:36:16.298 9 WARNING neutron.scheduler.dhcp_agent_scheduler [None req-8b6ec09a-e042-48aa-b9d2-0aad6d76d8b0 98b6feef0e6b492a8ecd132dc7fd136a 83aff5236f47417daccadefca822ccc5 - - - -] No more DHCP agents
2026-09-07 19:36:16.299 9 WARNING neutron.api.rpc.agentnotifiers.dhcp_rpc_agent_api [None req-8b6ec09a-e042-48aa-b9d2-0aad6d76d8b0 98b6feef0e6b492a8ecd132dc7fd136a 83aff5236f47417daccadefca822ccc5 - - - -] Unable to schedule network 3b0e9a61-d9b8-43c6-a1c5-08b485bf8146: no agents available; will retry on subsequent port and subnet creation events.
2026-09-07 19:36:16.322 9 INFO neutron.db.ovn_revision_numbers_db [None req-8b6ec09a-e042-48aa-b9d2-0aad6d76d8b0 98b6feef0e6b492a8ecd132dc7fd136a 83aff5236f47417daccadefca822ccc5 - - - -] Successfully bumped revision number for resource f6d6d5d3-8e24-43de-b676-0b94448d6e30 (type: subnets) to 0
2026-09-07 19:36:16.336 9 INFO neutron.wsgi [None req-8b6ec09a-e042-48aa-b9d2-0aad6d76d8b0 98b6feef0e6b492a8ecd132dc7fd136a 83aff5236f47417daccadefca822ccc5 - - - -] 10.0.0.71 "POST /v2.0/subnets HTTP/1.1" status: 201 len: 821 time: 0.2942290
2026-09-07 19:36:16.373 10 WARNING neutron.scheduler.dhcp_agent_scheduler [None req-8befe41b-e455-4c47-a58f-5d370ece129a f16fbda23e4b48df8332802cb924689e 6a5969cc4cdc4172a876383eb2d183fe - - - -] No more DHCP agents
2026-09-07 19:36:16.377 10 WARNING neutron.api.rpc.agentnotifiers.dhcp_rpc_agent_api [None req-8befe41b-e455-4c47-a58f-5d370ece129a f16fbda23e4b48df8332802cb924689e 6a5969cc4cdc4172a876383eb2d183fe - - - -] Unable to schedule network 99708dfc-35f7-4de6-894b-62e28d6ffc36: no agents available; will retry on subsequent port and subnet creation events.
2026-09-07 19:36:16.443 10 INFO neutron.db.ovn_revision_numbers_db [None req-f94e00d6-f065-4114-8acf-94d1bf24ad89 ec6f732357e54519a0a62d54d13f1932 43b89bf9a3664738851b88e7cbc46710 - - - -] Successfully bumped revision number for resource 18f7c5a0-6095-45b3-8b2f-d8b18b523f22 (type: ports) to 5
2026-09-07 19:36:16.458 10 INFO neutron.wsgi [None req-f94e00d6-f065-4114-8acf-94d1bf24ad89 ec6f732357e54519a0a62d54d13f1932 43b89bf9a3664738851b88e7cbc46710 - - - -] 162.253.55.54 "PUT /v2.0/ports/18f7c5a0-6095-45b3-8b2f-d8b18b523f22 HTTP/1.1" status: 200 len: 1345 time: 0.8133588 /var/lib/openstack/lib/python3.10/site-packages/pycadf/identifier.py:71: UserWarning: Invalid uuid: neutron. To ensure interoperability, identifiers should be a valid uuid. warnings.warn(('Invalid uuid: %s. To ensure interoperability, '
2026-09-07 19:36:16.508 10 INFO neutron.notifiers.nova [-] Nova event matching ['req-3eba23c3-1e66-48a3-9fe1-a96c678e0473'] response: {'name': 'network-changed', 'server_uuid': 'bdc4968d-7e8f-4327-8842-7d9d315a4870', 'tag': '18f7c5a0-6095-45b3-8b2f-d8b18b523f22', 'status': 'completed', 'code': 200}
2026-09-07 19:36:16.527 10 INFO neutron.wsgi [req-9ec3edc9-825a-4ca8-86a4-cb0fee30f100 req-bedb9436-9113-48fa-abf2-17331b5f834a 0e8eb041faf54719b0f59782468b9f0b 0d4ce962add54f139739bc6c4758137b - - 33fbe5dc6d4948b2b237b1c417458761 33fbe5dc6d4948b2b237b1c417458761] 162.253.55.54 "GET /v2.0/ports?tenant_id=43b89bf9a3664738851b88e7cbc46710&device_id=bdc4968d-7e8f-4327-8842-7d9d315a4870 HTTP/1.1" status: 200 len: 1538 time: 0.0429351
2026-09-07 19:36:16.604 10 INFO neutron.wsgi [req-9ec3edc9-825a-4ca8-86a4-cb0fee30f100 req-3a38c934-9301-4615-a56a-88b6bb2c0692 0e8eb041faf54719b0f59782468b9f0b 0d4ce962add54f139739bc6c4758137b - - 33fbe5dc6d4948b2b237b1c417458761 33fbe5dc6d4948b2b237b1c417458761] 162.253.55.54 "GET /v2.0/networks?id=11a7a508-3a0b-41dc-aa01-90901fac25ad HTTP/1.1" status: 200 len: 981 time: 0.0671673
2026-09-07 19:36:16.671 10 INFO neutron.wsgi [req-9ec3edc9-825a-4ca8-86a4-cb0fee30f100 req-51401d97-613d-48fd-9921-5d00b280b95b 0e8eb041faf54719b0f59782468b9f0b 0d4ce962add54f139739bc6c4758137b - - 33fbe5dc6d4948b2b237b1c417458761 33fbe5dc6d4948b2b237b1c417458761] 162.253.55.54 "GET /v2.0/floatingips?fixed_ip_address=10.100.0.5&port_id=18f7c5a0-6095-45b3-8b2f-d8b18b523f22 HTTP/1.1" status: 200 len: 217 time: 0.0574882
2026-09-07 19:36:16.722 10 INFO neutron.wsgi [req-9ec3edc9-825a-4ca8-86a4-cb0fee30f100 req-f4ed3808-0e63-4a73-a0fb-169c9169f6df 0e8eb041faf54719b0f59782468b9f0b 0d4ce962add54f139739bc6c4758137b - - 33fbe5dc6d4948b2b237b1c417458761 33fbe5dc6d4948b2b237b1c417458761] 162.253.55.54 "GET /v2.0/floatingips?fixed_ip_address=10.100.0.8&port_id=18f7c5a0-6095-45b3-8b2f-d8b18b523f22 HTTP/1.1" status: 200 len: 1059 time: 0.0440836
2026-09-07 19:36:16.773 10 INFO neutron.wsgi [req-9ec3edc9-825a-4ca8-86a4-cb0fee30f100 req-62cf442d-2ae4-4aab-ac7a-4007da02cb95 0e8eb041faf54719b0f59782468b9f0b 0d4ce962add54f139739bc6c4758137b - - 33fbe5dc6d4948b2b237b1c417458761 33fbe5dc6d4948b2b237b1c417458761] 162.253.55.54 "GET /v2.0/subnets?id=49b1c123-0f69-40dc-ac74-1d519e8d6039 HTTP/1.1" status: 200 len: 876 time: 0.0441012
2026-09-07 19:36:16.802 10 INFO neutron.wsgi [req-9ec3edc9-825a-4ca8-86a4-cb0fee30f100 req-0ab67698-915f-49cf-91fe-482cb9df2c36 0e8eb041faf54719b0f59782468b9f0b 0d4ce962add54f139739bc6c4758137b - - 33fbe5dc6d4948b2b237b1c417458761 33fbe5dc6d4948b2b237b1c417458761] 162.253.55.54 "GET /v2.0/ports?network_id=11a7a508-3a0b-41dc-aa01-90901fac25ad&device_owner=network%3Adhcp HTTP/1.1" status: 200 len: 210 time: 0.0216017
2026-09-07 19:36:16.879 10 INFO neutron.wsgi [req-9ec3edc9-825a-4ca8-86a4-cb0fee30f100 req-eef162b8-2af7-441b-b0d8-5e40dbbcf21a 0e8eb041faf54719b0f59782468b9f0b 0d4ce962add54f139739bc6c4758137b - - 33fbe5dc6d4948b2b237b1c417458761 33fbe5dc6d4948b2b237b1c417458761] 162.253.55.54 "GET /v2.0/networks/11a7a508-3a0b-41dc-aa01-90901fac25ad?fields=segments HTTP/1.1" status: 200 len: 212 time: 0.0701754
2026-09-07 19:36:16.914 9 INFO neutron.db.ovn_revision_numbers_db [None req-41bc4cda-86b1-4272-b792-4f73c5a968bb d3afbdd5c5c94ad3a951a2dfd9d5f6ba 6700943d12ee405581c49e1c40d40cc1 - - - -] Successfully bumped revision number for resource e30b9531-fb6a-4002-840b-8764bc06f8f5 (type: security_groups) to 1
2026-09-07 19:36:16.965 10 INFO neutron.wsgi [req-9ec3edc9-825a-4ca8-86a4-cb0fee30f100 req-80328049-8d93-4b80-a744-adbd01c121be 0e8eb041faf54719b0f59782468b9f0b 0d4ce962add54f139739bc6c4758137b - - 33fbe5dc6d4948b2b237b1c417458761 33fbe5dc6d4948b2b237b1c417458761] 162.253.55.54 "GET /v2.0/networks/11a7a508-3a0b-41dc-aa01-90901fac25ad?fields=provider%3Aphysical_network&fields=provider%3Anetwork_type HTTP/1.1" status: 200 len: 277 time: 0.0770118
2026-09-07 19:36:17.007 9 INFO neutron.db.segments_db [None req-41bc4cda-86b1-4272-b792-4f73c5a968bb d3afbdd5c5c94ad3a951a2dfd9d5f6ba 6700943d12ee405581c49e1c40d40cc1 - - - -] Added segment 394174e1-6ec2-4691-ba79-25e20205c07b of type geneve for network 5917af9b-8174-49e5-82ea-e52d65221118
2026-09-07 19:36:17.040 10 INFO neutron.db.ovn_revision_numbers_db [None req-8befe41b-e455-4c47-a58f-5d370ece129a f16fbda23e4b48df8332802cb924689e 6a5969cc4cdc4172a876383eb2d183fe - - - -] Successfully bumped revision number for resource f1397cfd-3579-4b1b-8359-65698ebffe01 (type: ports) to 2
2026-09-07 19:36:17.097 10 INFO neutron.db.ovn_revision_numbers_db [None req-8befe41b-e455-4c47-a58f-5d370ece129a f16fbda23e4b48df8332802cb924689e 6a5969cc4cdc4172a876383eb2d183fe - - - -] Successfully bumped revision number for resource cf38f514-5678-4713-b2ff-6c5ad84b1341 (type: subnets) to 0
2026-09-07 19:36:17.108 10 INFO neutron.wsgi [req-1c1f64ab-81c9-4245-9b9d-fb78f53cf136 req-69fb6a27-74a4-4d65-bb70-2cc2e60b9784 0e8eb041faf54719b0f59782468b9f0b 0d4ce962add54f139739bc6c4758137b - - 33fbe5dc6d4948b2b237b1c417458761 33fbe5dc6d4948b2b237b1c417458761] 162.253.55.54 "GET /v2.0/ports?tenant_id=43b89bf9a3664738851b88e7cbc46710&device_id=bdc4968d-7e8f-4327-8842-7d9d315a4870 HTTP/1.1" status: 200 len: 1538 time: 0.0631971
2026-09-07 19:36:17.121 10 INFO neutron.wsgi [None req-8befe41b-e455-4c47-a58f-5d370ece129a f16fbda23e4b48df8332802cb924689e 6a5969cc4cdc4172a876383eb2d183fe - - - -] 10.0.0.71 "POST /v2.0/subnets HTTP/1.1" status: 201 len: 865 time: 0.9416401
2026-09-07 19:36:17.142 9 INFO neutron.db.ovn_revision_numbers_db [None req-bff2dfa8-b37c-42dd-93a0-e39950e3df96 98b6feef0e6b492a8ecd132dc7fd136a 83aff5236f47417daccadefca822ccc5 - - - -] Successfully bumped revision number for resource e46e7a0e-fb32-4003-bc34-b7e5af19abee (type: ports) to 2
2026-09-07 19:36:17.191 9 INFO neutron.db.ovn_revision_numbers_db [None req-bff2dfa8-b37c-42dd-93a0-e39950e3df96 98b6feef0e6b492a8ecd132dc7fd136a 83aff5236f47417daccadefca822ccc5 - - - -] Successfully bumped revision number for resource f6d6d5d3-8e24-43de-b676-0b94448d6e30 (type: subnets) to 1
2026-09-07 19:36:17.192 10 INFO neutron.wsgi [req-1c1f64ab-81c9-4245-9b9d-fb78f53cf136 req-f6e12dcd-6a28-4bad-a181-79fb6d7c01c7 0e8eb041faf54719b0f59782468b9f0b 0d4ce962add54f139739bc6c4758137b - - 33fbe5dc6d4948b2b237b1c417458761 33fbe5dc6d4948b2b237b1c417458761] 162.253.55.54 "GET /v2.0/networks?id=11a7a508-3a0b-41dc-aa01-90901fac25ad HTTP/1.1" status: 200 len: 981 time: 0.0687711
2026-09-07 19:36:17.194 9 INFO neutron.wsgi [None req-bff2dfa8-b37c-42dd-93a0-e39950e3df96 98b6feef0e6b492a8ecd132dc7fd136a 83aff5236f47417daccadefca822ccc5 - - - -] 10.0.0.71 "PUT /v2.0/subnets/f6d6d5d3-8e24-43de-b676-0b94448d6e30 HTTP/1.1" status: 200 len: 826 time: 0.8514643
2026-09-07 19:36:17.233 10 INFO neutron.wsgi [req-1c1f64ab-81c9-4245-9b9d-fb78f53cf136 req-9521302c-f229-41d3-868d-9b898101f6a8 0e8eb041faf54719b0f59782468b9f0b 0d4ce962add54f139739bc6c4758137b - - 33fbe5dc6d4948b2b237b1c417458761 33fbe5dc6d4948b2b237b1c417458761] 162.253.55.54 "GET /v2.0/floatingips?fixed_ip_address=10.100.0.5&port_id=18f7c5a0-6095-45b3-8b2f-d8b18b523f22 HTTP/1.1" status: 200 len: 217 time: 0.0338085
2026-09-07 19:36:17.244 9 INFO neutron.db.ovn_revision_numbers_db [None req-41bc4cda-86b1-4272-b792-4f73c5a968bb d3afbdd5c5c94ad3a951a2dfd9d5f6ba 6700943d12ee405581c49e1c40d40cc1 - - - -] Successfully bumped revision number for resource 5917af9b-8174-49e5-82ea-e52d65221118 (type: networks) to 1
2026-09-07 19:36:17.294 10 INFO neutron.wsgi [req-1c1f64ab-81c9-4245-9b9d-fb78f53cf136 req-da3047d8-5ae6-458e-b717-61e2715cf884 0e8eb041faf54719b0f59782468b9f0b 0d4ce962add54f139739bc6c4758137b - - 33fbe5dc6d4948b2b237b1c417458761 33fbe5dc6d4948b2b237b1c417458761] 162.253.55.54 "GET /v2.0/floatingips?fixed_ip_address=10.100.0.8&port_id=18f7c5a0-6095-45b3-8b2f-d8b18b523f22 HTTP/1.1" status: 200 len: 1059 time: 0.0479376
2026-09-07 19:36:17.333 10 INFO neutron.wsgi [req-1c1f64ab-81c9-4245-9b9d-fb78f53cf136 req-5e474062-8bba-47b1-bccb-886f9ebf4bb3 0e8eb041faf54719b0f59782468b9f0b 0d4ce962add54f139739bc6c4758137b - - 33fbe5dc6d4948b2b237b1c417458761 33fbe5dc6d4948b2b237b1c417458761] 162.253.55.54 "GET /v2.0/subnets?id=49b1c123-0f69-40dc-ac74-1d519e8d6039 HTTP/1.1" status: 200 len: 876 time: 0.0280132
2026-09-07 19:36:17.380 10 INFO neutron.wsgi [req-1c1f64ab-81c9-4245-9b9d-fb78f53cf136 req-578ff2bc-73c1-4ee4-9b0d-6042ccb7fd61 0e8eb041faf54719b0f59782468b9f0b 0d4ce962add54f139739bc6c4758137b - - 33fbe5dc6d4948b2b237b1c417458761 33fbe5dc6d4948b2b237b1c417458761] 162.253.55.54 "GET /v2.0/ports?network_id=11a7a508-3a0b-41dc-aa01-90901fac25ad&device_owner=network%3Adhcp HTTP/1.1" status: 200 len: 210 time: 0.0410137
2026-09-07 19:36:17.481 10 INFO neutron.wsgi [req-1c1f64ab-81c9-4245-9b9d-fb78f53cf136 req-ba1ed4bf-f749-4e28-b798-55e62cbdeac1 0e8eb041faf54719b0f59782468b9f0b 0d4ce962add54f139739bc6c4758137b - - 33fbe5dc6d4948b2b237b1c417458761 33fbe5dc6d4948b2b237b1c417458761] 162.253.55.54 "GET /v2.0/networks/11a7a508-3a0b-41dc-aa01-90901fac25ad?fields=segments HTTP/1.1" status: 200 len: 212 time: 0.0933123
2026-09-07 19:36:17.503 9 WARNING neutron.scheduler.dhcp_agent_scheduler [None req-41bc4cda-86b1-4272-b792-4f73c5a968bb d3afbdd5c5c94ad3a951a2dfd9d5f6ba 6700943d12ee405581c49e1c40d40cc1 - - - -] No more DHCP agents
2026-09-07 19:36:17.506 9 WARNING neutron.api.rpc.agentnotifiers.dhcp_rpc_agent_api [None req-41bc4cda-86b1-4272-b792-4f73c5a968bb d3afbdd5c5c94ad3a951a2dfd9d5f6ba 6700943d12ee405581c49e1c40d40cc1 - - - -] Unable to schedule network 5917af9b-8174-49e5-82ea-e52d65221118: no agents available; will retry on subsequent port and subnet creation events.
2026-09-07 19:36:17.552 10 INFO neutron.wsgi [req-1c1f64ab-81c9-4245-9b9d-fb78f53cf136 req-ab7ef0db-da3b-4684-8c6f-6e00684726be 0e8eb041faf54719b0f59782468b9f0b 0d4ce962add54f139739bc6c4758137b - - 33fbe5dc6d4948b2b237b1c417458761 33fbe5dc6d4948b2b237b1c417458761] 162.253.55.54 "GET /v2.0/networks/11a7a508-3a0b-41dc-aa01-90901fac25ad?fields=provider%3Aphysical_network&fields=provider%3Anetwork_type HTTP/1.1" status: 200 len: 277 time: 0.0568888
2026-09-07 19:36:17.586 9 INFO neutron.db.ovn_revision_numbers_db [None req-41bc4cda-86b1-4272-b792-4f73c5a968bb d3afbdd5c5c94ad3a951a2dfd9d5f6ba 6700943d12ee405581c49e1c40d40cc1 - - - -] Successfully bumped revision number for resource d394b588-91f2-4cdd-8d1f-7b71f3ddee4b (type: ports) to 1
2026-09-07 19:36:17.611 9 INFO neutron.wsgi [None req-41bc4cda-86b1-4272-b792-4f73c5a968bb d3afbdd5c5c94ad3a951a2dfd9d5f6ba 6700943d12ee405581c49e1c40d40cc1 - - - -] 10.0.0.71 "POST /v2.0/networks HTTP/1.1" status: 201 len: 847 time: 1.0898309
2026-09-07 19:36:17.711 10 INFO neutron.wsgi [req-627bee03-890b-4447-80e0-bc176d37b42d req-9b4b9de7-83e6-4791-97dc-461895c170c4 ec6f732357e54519a0a62d54d13f1932 43b89bf9a3664738851b88e7cbc46710 - - default default] 10.0.0.105 "GET /v2.0/ports?device_id=bdc4968d-7e8f-4327-8842-7d9d315a4870 HTTP/1.1" status: 200 len: 1348 time: 0.0431142
