2026-09-07 19:36:42.452 9 INFO neutron.db.segments_db [None req-d7f1d848-9c72-47ab-b58c-f25b04826b01 17fe536b507a4fd68a032ade0bda209f 55bc3ec5846b4b57a8dfdc1a14cc5482 - - - -] Added segment 9a5296f8-4c65-4ae5-ba83-d9728eafe85f of type geneve for network 59f764f2-fc27-4e6c-9301-83e8d35dea24
2026-09-07 19:36:42.536 10 WARNING neutron.plugins.ml2.drivers.ovn.mech_driver.ovsdb.ovn_client [None req-ea558bcb-47c6-47d1-a81e-eab1a0de4c74 - - - - - -] No hosting information found for port 4c9d5c5b-7d6a-4fb7-869b-b724ad5e3caf: RuntimeError: No hosting information found for port 4c9d5c5b-7d6a-4fb7-869b-b724ad5e3caf
2026-09-07 19:36:42.563 9 INFO neutron.db.ovn_revision_numbers_db [None req-d7f1d848-9c72-47ab-b58c-f25b04826b01 17fe536b507a4fd68a032ade0bda209f 55bc3ec5846b4b57a8dfdc1a14cc5482 - - - -] Successfully bumped revision number for resource 59f764f2-fc27-4e6c-9301-83e8d35dea24 (type: networks) to 1
2026-09-07 19:36:42.720 9 WARNING neutron.scheduler.dhcp_agent_scheduler [None req-d7f1d848-9c72-47ab-b58c-f25b04826b01 17fe536b507a4fd68a032ade0bda209f 55bc3ec5846b4b57a8dfdc1a14cc5482 - - - -] No more DHCP agents
2026-09-07 19:36:42.727 9 WARNING neutron.api.rpc.agentnotifiers.dhcp_rpc_agent_api [None req-d7f1d848-9c72-47ab-b58c-f25b04826b01 17fe536b507a4fd68a032ade0bda209f 55bc3ec5846b4b57a8dfdc1a14cc5482 - - - -] Unable to schedule network 59f764f2-fc27-4e6c-9301-83e8d35dea24: no agents available; will retry on subsequent port and subnet creation events.
2026-09-07 19:36:42.753 10 INFO neutron.db.ovn_revision_numbers_db [None req-f2f028c1-1dbf-4faf-80a8-2f51f0e06753 0e8eb041faf54719b0f59782468b9f0b 0d4ce962add54f139739bc6c4758137b - - - -] Successfully bumped revision number for resource 5e710eb9-84be-44eb-90e4-d1ddab4d448a (type: ports) to 2
2026-09-07 19:36:42.797 9 INFO neutron.db.ovn_revision_numbers_db [None req-d7f1d848-9c72-47ab-b58c-f25b04826b01 17fe536b507a4fd68a032ade0bda209f 55bc3ec5846b4b57a8dfdc1a14cc5482 - - - -] Successfully bumped revision number for resource 360670bb-d22c-4fd9-9cdd-aaabd1d6003b (type: ports) to 1
2026-09-07 19:36:42.828 9 INFO neutron.db.ovn_revision_numbers_db [None req-8425157a-d0ea-435b-8c63-25d3e5162ce1 f16fbda23e4b48df8332802cb924689e 6a5969cc4cdc4172a876383eb2d183fe - - default default] Successfully bumped revision number for resource 33119104-6126-418a-bd1b-46c59143b677 (type: security_groups) to 1
2026-09-07 19:36:42.832 9 INFO neutron.wsgi [None req-d7f1d848-9c72-47ab-b58c-f25b04826b01 17fe536b507a4fd68a032ade0bda209f 55bc3ec5846b4b57a8dfdc1a14cc5482 - - - -] 10.0.0.71 "POST /v2.0/networks HTTP/1.1" status: 201 len: 829 time: 0.5192668 /var/lib/openstack/lib/python3.10/site-packages/pycadf/identifier.py:71: UserWarning: Invalid uuid: neutron. To ensure interoperability, identifiers should be a valid uuid. warnings.warn(('Invalid uuid: %s. To ensure interoperability, '
2026-09-07 19:36:42.847 9 INFO neutron.wsgi [None req-8425157a-d0ea-435b-8c63-25d3e5162ce1 f16fbda23e4b48df8332802cb924689e 6a5969cc4cdc4172a876383eb2d183fe - - default default] 10.0.0.71 "GET /v2.0/security-groups?tenant_id=47d130a130ac4a0d95132c98a992e7b7&name=default HTTP/1.1" status: 200 len: 2996 time: 0.3323815
2026-09-07 19:36:42.922 10 INFO neutron.wsgi [req-81e1b83e-8f15-4777-80d8-3adc7e4405e5 req-32251fe7-11e5-45d2-badd-5553d1b18551 bfa6ac9be675467f886ae08746dc7934 91d1877c9bd049f09d434a49ca33697f - - default default] 10.0.0.105 "GET /v2.0/ports?device_id=d27bfda1-7506-42e8-935b-0d4819965950 HTTP/1.1" status: 200 len: 1168 time: 0.0743752
2026-09-07 19:36:43.006 10 INFO neutron.wsgi [req-81e1b83e-8f15-4777-80d8-3adc7e4405e5 req-a3d200c2-a34a-4859-a6a0-8e1f9f7cd1cf bfa6ac9be675467f886ae08746dc7934 91d1877c9bd049f09d434a49ca33697f - - default default] 10.0.0.105 "GET /v2.0/security-groups?id=11d37c45-b4a5-4f1a-b14c-d25fc215d887&fields=id&fields=name HTTP/1.1" status: 200 len: 312 time: 0.0710258
2026-09-07 19:36:43.046 10 INFO neutron.db.ovn_revision_numbers_db [None req-f2f028c1-1dbf-4faf-80a8-2f51f0e06753 0e8eb041faf54719b0f59782468b9f0b 0d4ce962add54f139739bc6c4758137b - - - -] Successfully bumped revision number for resource 5e710eb9-84be-44eb-90e4-d1ddab4d448a (type: ports) to 2
2026-09-07 19:36:43.073 9 INFO neutron.wsgi [None req-b32fca85-bda1-4720-b012-b5b216b6004e f16fbda23e4b48df8332802cb924689e 6a5969cc4cdc4172a876383eb2d183fe - - - -] 10.0.0.71 "DELETE /v2.0/security-groups/33119104-6126-418a-bd1b-46c59143b677 HTTP/1.1" status: 204 len: 168 time: 0.2211640
2026-09-07 19:36:43.087 10 INFO neutron.wsgi [None req-f2f028c1-1dbf-4faf-80a8-2f51f0e06753 0e8eb041faf54719b0f59782468b9f0b 0d4ce962add54f139739bc6c4758137b - - - -] 162.253.55.54 "PUT /v2.0/ports/5e710eb9-84be-44eb-90e4-d1ddab4d448a HTTP/1.1" status: 200 len: 1328 time: 0.6940224
2026-09-07 19:36:43.116 10 INFO neutron.notifiers.nova [-] Nova event matching ['req-a51612eb-90bf-4235-9806-6f02a3cae686'] response: {'name': 'network-changed', 'server_uuid': 'd27bfda1-7506-42e8-935b-0d4819965950', 'tag': '5e710eb9-84be-44eb-90e4-d1ddab4d448a', 'status': 'completed', 'code': 200} /var/lib/openstack/lib/python3.10/site-packages/pycadf/identifier.py:71: UserWarning: Invalid uuid: neutron. To ensure interoperability, identifiers should be a valid uuid. warnings.warn(('Invalid uuid: %s. To ensure interoperability, '
2026-09-07 19:36:43.158 10 INFO neutron.wsgi [req-72c9cb92-ce41-42dd-adcf-58a1b593c7ae req-0cf9b8d1-e807-42cd-ac5a-1910a24de0d1 0e8eb041faf54719b0f59782468b9f0b 0d4ce962add54f139739bc6c4758137b - - 33fbe5dc6d4948b2b237b1c417458761 33fbe5dc6d4948b2b237b1c417458761] 162.253.55.54 "GET /v2.0/ports?tenant_id=91d1877c9bd049f09d434a49ca33697f&device_id=d27bfda1-7506-42e8-935b-0d4819965950 HTTP/1.1" status: 200 len: 1359 time: 0.0360510
2026-09-07 19:36:43.183 10 INFO neutron.wsgi [req-72c9cb92-ce41-42dd-adcf-58a1b593c7ae req-3f9c851d-be47-44a0-9a11-16c88dcc916b 0e8eb041faf54719b0f59782468b9f0b 0d4ce962add54f139739bc6c4758137b - - 33fbe5dc6d4948b2b237b1c417458761 33fbe5dc6d4948b2b237b1c417458761] 162.253.55.54 "GET /v2.0/floatingips?fixed_ip_address=10.100.0.4&port_id=5e710eb9-84be-44eb-90e4-d1ddab4d448a HTTP/1.1" status: 200 len: 217 time: 0.0202515
2026-09-07 19:36:43.238 10 INFO neutron.wsgi [req-72c9cb92-ce41-42dd-adcf-58a1b593c7ae req-ab46c07f-7448-495b-9d23-cb7580f93e53 0e8eb041faf54719b0f59782468b9f0b 0d4ce962add54f139739bc6c4758137b - - 33fbe5dc6d4948b2b237b1c417458761 33fbe5dc6d4948b2b237b1c417458761] 162.253.55.54 "GET /v2.0/subnets?id=f7361a16-2068-49b7-a664-b7af037c71f9 HTTP/1.1" status: 200 len: 863 time: 0.0456653
2026-09-07 19:36:43.257 10 WARNING neutron.scheduler.dhcp_agent_scheduler [None req-1df6ff0f-8e4d-4195-9876-518549a515fc 17fe536b507a4fd68a032ade0bda209f 55bc3ec5846b4b57a8dfdc1a14cc5482 - - - -] No more DHCP agents
2026-09-07 19:36:43.258 10 WARNING neutron.api.rpc.agentnotifiers.dhcp_rpc_agent_api [None req-1df6ff0f-8e4d-4195-9876-518549a515fc 17fe536b507a4fd68a032ade0bda209f 55bc3ec5846b4b57a8dfdc1a14cc5482 - - - -] Unable to schedule network 59f764f2-fc27-4e6c-9301-83e8d35dea24: no agents available; will retry on subsequent port and subnet creation events.
2026-09-07 19:36:43.274 10 INFO neutron.wsgi [req-72c9cb92-ce41-42dd-adcf-58a1b593c7ae req-6037c7eb-bf86-4dfd-ae1e-941743e34b86 0e8eb041faf54719b0f59782468b9f0b 0d4ce962add54f139739bc6c4758137b - - 33fbe5dc6d4948b2b237b1c417458761 33fbe5dc6d4948b2b237b1c417458761] 162.253.55.54 "GET /v2.0/ports?network_id=2bb7a792-00ba-4b85-98aa-f008c5c007c2&device_owner=network%3Adhcp HTTP/1.1" status: 200 len: 210 time: 0.0289392
2026-09-07 19:36:43.367 10 INFO neutron.wsgi [req-72c9cb92-ce41-42dd-adcf-58a1b593c7ae req-89258ad6-900f-432a-a1d1-5f2ee6266110 0e8eb041faf54719b0f59782468b9f0b 0d4ce962add54f139739bc6c4758137b - - 33fbe5dc6d4948b2b237b1c417458761 33fbe5dc6d4948b2b237b1c417458761] 162.253.55.54 "GET /v2.0/networks/2bb7a792-00ba-4b85-98aa-f008c5c007c2?fields=segments HTTP/1.1" status: 200 len: 212 time: 0.0849464
2026-09-07 19:36:43.437 10 INFO neutron.wsgi [req-72c9cb92-ce41-42dd-adcf-58a1b593c7ae req-d5a21c42-b50c-4c15-b61d-b52188bf7f11 0e8eb041faf54719b0f59782468b9f0b 0d4ce962add54f139739bc6c4758137b - - 33fbe5dc6d4948b2b237b1c417458761 33fbe5dc6d4948b2b237b1c417458761] 162.253.55.54 "GET /v2.0/networks/2bb7a792-00ba-4b85-98aa-f008c5c007c2?fields=provider%3Aphysical_network&fields=provider%3Anetwork_type HTTP/1.1" status: 200 len: 277 time: 0.0651419
2026-09-07 19:36:43.526 10 INFO neutron.wsgi [req-b06d9205-31f9-4fae-803c-e02f2b2c60e3 req-42fd1f59-21b7-492f-b38f-f6a5c417e782 0e8eb041faf54719b0f59782468b9f0b 0d4ce962add54f139739bc6c4758137b - - 33fbe5dc6d4948b2b237b1c417458761 33fbe5dc6d4948b2b237b1c417458761] 162.253.55.54 "GET /v2.0/ports?tenant_id=91d1877c9bd049f09d434a49ca33697f&device_id=d27bfda1-7506-42e8-935b-0d4819965950 HTTP/1.1" status: 200 len: 1359 time: 0.0339229
2026-09-07 19:36:43.629 10 INFO neutron.wsgi [req-b06d9205-31f9-4fae-803c-e02f2b2c60e3 req-ba83c466-e75b-471a-a788-04f52082437c 0e8eb041faf54719b0f59782468b9f0b 0d4ce962add54f139739bc6c4758137b - - 33fbe5dc6d4948b2b237b1c417458761 33fbe5dc6d4948b2b237b1c417458761] 162.253.55.54 "GET /v2.0/networks?id=2bb7a792-00ba-4b85-98aa-f008c5c007c2 HTTP/1.1" status: 200 len: 968 time: 0.0948825
2026-09-07 19:36:43.707 10 INFO neutron.wsgi [req-b06d9205-31f9-4fae-803c-e02f2b2c60e3 req-a0ecc7b4-2cb0-4bdd-a311-e99ff38d9922 0e8eb041faf54719b0f59782468b9f0b 0d4ce962add54f139739bc6c4758137b - - 33fbe5dc6d4948b2b237b1c417458761 33fbe5dc6d4948b2b237b1c417458761] 162.253.55.54 "GET /v2.0/floatingips?fixed_ip_address=10.100.0.4&port_id=5e710eb9-84be-44eb-90e4-d1ddab4d448a HTTP/1.1" status: 200 len: 217 time: 0.0654116
2026-09-07 19:36:43.760 10 INFO neutron.wsgi [req-b06d9205-31f9-4fae-803c-e02f2b2c60e3 req-0bc85429-3881-4a67-9371-e267e33a3059 0e8eb041faf54719b0f59782468b9f0b 0d4ce962add54f139739bc6c4758137b - - 33fbe5dc6d4948b2b237b1c417458761 33fbe5dc6d4948b2b237b1c417458761] 162.253.55.54 "GET /v2.0/subnets?id=f7361a16-2068-49b7-a664-b7af037c71f9 HTTP/1.1" status: 200 len: 863 time: 0.0466936
2026-09-07 19:36:44.129 10 INFO neutron.wsgi [req-b06d9205-31f9-4fae-803c-e02f2b2c60e3 req-b7ec6906-9573-43e7-841d-6a36c1c9467c 0e8eb041faf54719b0f59782468b9f0b 0d4ce962add54f139739bc6c4758137b - - 33fbe5dc6d4948b2b237b1c417458761 33fbe5dc6d4948b2b237b1c417458761] 162.253.55.54 "GET /v2.0/ports?network_id=2bb7a792-00ba-4b85-98aa-f008c5c007c2&device_owner=network%3Adhcp HTTP/1.1" status: 200 len: 210 time: 0.3646073
2026-09-07 19:36:44.164 10 INFO neutron.wsgi [req-cc494eca-c221-43eb-b428-811ebc8fd1dc req-6504e5d3-3d91-4973-a139-8ce2495158e9 bfa6ac9be675467f886ae08746dc7934 91d1877c9bd049f09d434a49ca33697f - - default default] 10.0.0.105 "GET /v2.0/ports?device_id=d27bfda1-7506-42e8-935b-0d4819965950 HTTP/1.1" status: 200 len: 1168 time: 0.0704958
2026-09-07 19:36:44.223 10 INFO neutron.db.ovn_revision_numbers_db [None req-1df6ff0f-8e4d-4195-9876-518549a515fc 17fe536b507a4fd68a032ade0bda209f 55bc3ec5846b4b57a8dfdc1a14cc5482 - - - -] Successfully bumped revision number for resource 360670bb-d22c-4fd9-9cdd-aaabd1d6003b (type: ports) to 2
2026-09-07 19:36:44.226 10 INFO neutron.wsgi [req-cc494eca-c221-43eb-b428-811ebc8fd1dc req-306900ef-255f-4cf6-b154-b9c3598de940 bfa6ac9be675467f886ae08746dc7934 91d1877c9bd049f09d434a49ca33697f - - default default] 10.0.0.105 "GET /v2.0/security-groups?id=11d37c45-b4a5-4f1a-b14c-d25fc215d887&fields=id&fields=name HTTP/1.1" status: 200 len: 312 time: 0.0520940
2026-09-07 19:36:44.228 10 INFO neutron.wsgi [req-b06d9205-31f9-4fae-803c-e02f2b2c60e3 req-a9e32d80-5f46-420c-98f8-acc6559c2677 0e8eb041faf54719b0f59782468b9f0b 0d4ce962add54f139739bc6c4758137b - - 33fbe5dc6d4948b2b237b1c417458761 33fbe5dc6d4948b2b237b1c417458761] 162.253.55.54 "GET /v2.0/networks/2bb7a792-00ba-4b85-98aa-f008c5c007c2?fields=segments HTTP/1.1" status: 200 len: 212 time: 0.0862775
2026-09-07 19:36:44.245 10 INFO neutron.db.ovn_revision_numbers_db [None req-1df6ff0f-8e4d-4195-9876-518549a515fc 17fe536b507a4fd68a032ade0bda209f 55bc3ec5846b4b57a8dfdc1a14cc5482 - - - -] Successfully bumped revision number for resource 62d8ac33-a7d2-4256-b002-da287a963ff4 (type: subnets) to 0
2026-09-07 19:36:44.271 10 INFO neutron.wsgi [None req-1df6ff0f-8e4d-4195-9876-518549a515fc 17fe536b507a4fd68a032ade0bda209f 55bc3ec5846b4b57a8dfdc1a14cc5482 - - - -] 10.0.0.71 "POST /v2.0/subnets HTTP/1.1" status: 201 len: 801 time: 1.4321122
2026-09-07 19:36:44.289 10 INFO neutron.wsgi [req-b06d9205-31f9-4fae-803c-e02f2b2c60e3 req-b39ee0a5-c532-450b-b6a5-9eddf187152c 0e8eb041faf54719b0f59782468b9f0b 0d4ce962add54f139739bc6c4758137b - - 33fbe5dc6d4948b2b237b1c417458761 33fbe5dc6d4948b2b237b1c417458761] 162.253.55.54 "GET /v2.0/networks/2bb7a792-00ba-4b85-98aa-f008c5c007c2?fields=provider%3Aphysical_network&fields=provider%3Anetwork_type HTTP/1.1" status: 200 len: 277 time: 0.0503359
2026-09-07 19:36:44.451 9 INFO neutron.db.ovn_revision_numbers_db [None req-46e83194-d36b-45e8-9ab1-dc4e35ab39d4 17fe536b507a4fd68a032ade0bda209f 55bc3ec5846b4b57a8dfdc1a14cc5482 - - - -] Successfully bumped revision number for resource d50a3aa8-1364-45b2-8aee-9407d692bfa3 (type: routers) to 1
2026-09-07 19:36:44.463 9 INFO neutron.wsgi [None req-46e83194-d36b-45e8-9ab1-dc4e35ab39d4 17fe536b507a4fd68a032ade0bda209f 55bc3ec5846b4b57a8dfdc1a14cc5482 - - - -] 10.0.0.71 "POST /v2.0/routers HTTP/1.1" status: 201 len: 686 time: 0.1873243
2026-09-07 19:36:44.798 9 WARNING neutron.scheduler.dhcp_agent_scheduler [None req-a25fc454-fe8e-4692-91d4-f7667b8c77f8 17fe536b507a4fd68a032ade0bda209f 55bc3ec5846b4b57a8dfdc1a14cc5482 - - default default] No more DHCP agents
2026-09-07 19:36:44.800 9 WARNING neutron.api.rpc.agentnotifiers.dhcp_rpc_agent_api [None req-a25fc454-fe8e-4692-91d4-f7667b8c77f8 17fe536b507a4fd68a032ade0bda209f 55bc3ec5846b4b57a8dfdc1a14cc5482 - - default default] Unable to schedule network 59f764f2-fc27-4e6c-9301-83e8d35dea24: no agents available; will retry on subsequent port and subnet creation events.
2026-09-07 19:36:44.918 9 INFO neutron.db.ovn_revision_numbers_db [None req-a25fc454-fe8e-4692-91d4-f7667b8c77f8 17fe536b507a4fd68a032ade0bda209f 55bc3ec5846b4b57a8dfdc1a14cc5482 - - default default] Successfully bumped revision number for resource 3594e04d-5daa-4a91-b709-fca183070aac (type: ports) to 1
2026-09-07 19:36:45.211 9 WARNING neutron.plugins.ml2.drivers.ovn.mech_driver.ovsdb.ovn_client [None req-0242f3b1-08cb-4d5e-af0c-c40e13a1f8d0 - - - - - -] No port found with ID 5aea9e58-c81f-4d01-a576-9f4023c49fd8: RuntimeError: No port found with ID 5aea9e58-c81f-4d01-a576-9f4023c49fd8
2026-09-07 19:36:45.211 9 INFO neutron.plugins.ml2.drivers.ovn.mech_driver.mech_driver [None req-0242f3b1-08cb-4d5e-af0c-c40e13a1f8d0 - - - - - -] OVN reports status up for port: 5e710eb9-84be-44eb-90e4-d1ddab4d448a
2026-09-07 19:36:45.228 9 INFO neutron.plugins.ml2.plugin [None req-0242f3b1-08cb-4d5e-af0c-c40e13a1f8d0 - - - - - -] Attempt 1 to provision port 5e710eb9-84be-44eb-90e4-d1ddab4d448a
2026-09-07 19:36:45.408 10 INFO neutron.plugins.ml2.drivers.ovn.mech_driver.mech_driver [None req-ea558bcb-47c6-47d1-a81e-eab1a0de4c74 - - - - - -] OVN reports status up for port: 3594e04d-5daa-4a91-b709-fca183070aac
2026-09-07 19:36:45.424 9 INFO neutron.notifiers.nova [-] Nova event matching ['req-7a647514-33ef-4a12-b732-9a7b221bb0db'] response: {'server_uuid': 'd27bfda1-7506-42e8-935b-0d4819965950', 'name': 'network-vif-plugged', 'status': 'completed', 'tag': '5e710eb9-84be-44eb-90e4-d1ddab4d448a', 'code': 200}
2026-09-07 19:36:45.427 9 INFO neutron.db.ovn_revision_numbers_db [None req-a25fc454-fe8e-4692-91d4-f7667b8c77f8 17fe536b507a4fd68a032ade0bda209f 55bc3ec5846b4b57a8dfdc1a14cc5482 - - default default] Successfully bumped revision number for resource 3594e04d-5daa-4a91-b709-fca183070aac (type: router_ports) to 2
2026-09-07 19:36:45.435 10 INFO neutron.plugins.ml2.plugin [None req-ea558bcb-47c6-47d1-a81e-eab1a0de4c74 - - - - - -] Attempt 1 to provision port 3594e04d-5daa-4a91-b709-fca183070aac
2026-09-07 19:36:45.539 10 INFO neutron.wsgi [req-e1416438-8f4b-4d33-b1f0-c9008db56c82 req-a87d90d7-dd33-4008-9f89-fc218bf168ee bfa6ac9be675467f886ae08746dc7934 91d1877c9bd049f09d434a49ca33697f - - default default] 10.0.0.105 "GET /v2.0/ports?device_id=d27bfda1-7506-42e8-935b-0d4819965950 HTTP/1.1" status: 200 len: 1168 time: 0.2120395
2026-09-07 19:36:45.652 10 INFO neutron.wsgi [req-e1416438-8f4b-4d33-b1f0-c9008db56c82 req-4a24ba55-7366-44ce-bd63-bf52e667eb58 bfa6ac9be675467f886ae08746dc7934 91d1877c9bd049f09d434a49ca33697f - - default default] 10.0.0.105 "GET /v2.0/security-groups?id=11d37c45-b4a5-4f1a-b14c-d25fc215d887&fields=id&fields=name HTTP/1.1" status: 200 len: 312 time: 0.1048603
2026-09-07 19:36:45.660 10 INFO neutron.db.ovn_revision_numbers_db [None req-a0ecb35f-e573-417b-ae28-e11d05b8e045 f16fbda23e4b48df8332802cb924689e 6a5969cc4cdc4172a876383eb2d183fe - - default default] Successfully bumped revision number for resource bf90975c-32a8-4fd7-a340-a9202cd44219 (type: security_groups) to 1
2026-09-07 19:36:45.695 10 INFO neutron.wsgi [None req-a0ecb35f-e573-417b-ae28-e11d05b8e045 f16fbda23e4b48df8332802cb924689e 6a5969cc4cdc4172a876383eb2d183fe - - default default] 10.0.0.71 "GET /v2.0/security-groups?tenant_id=4944ab9a645343efb8e5850f76c7bed1&name=default HTTP/1.1" status: 200 len: 2996 time: 0.6191840
2026-09-07 19:36:45.752 10 INFO neutron.db.ovn_revision_numbers_db [None req-c2c22e69-d51e-4461-a745-e5be22f9c20a f16fbda23e4b48df8332802cb924689e 6a5969cc4cdc4172a876383eb2d183fe - - - -] Successfully bumped revision number for resource bc8ad830-7b71-440b-bb4b-2ea6af409e0e (type: security_groups) to 1
2026-09-07 19:36:45.838 9 INFO neutron.db.ovn_revision_numbers_db [None req-a25fc454-fe8e-4692-91d4-f7667b8c77f8 17fe536b507a4fd68a032ade0bda209f 55bc3ec5846b4b57a8dfdc1a14cc5482 - - default default] Successfully bumped revision number for resource 3594e04d-5daa-4a91-b709-fca183070aac (type: ports) to 2
2026-09-07 19:36:45.846 9 INFO neutron.db.ovn_revision_numbers_db [None req-0242f3b1-08cb-4d5e-af0c-c40e13a1f8d0 - - - - - -] Successfully bumped revision number for resource 5e710eb9-84be-44eb-90e4-d1ddab4d448a (type: ports) to 4
2026-09-07 19:36:45.848 10 INFO neutron.db.segments_db [None req-c2c22e69-d51e-4461-a745-e5be22f9c20a f16fbda23e4b48df8332802cb924689e 6a5969cc4cdc4172a876383eb2d183fe - - - -] Added segment 9bb5cf19-df08-4ed2-91fe-efd707921175 of type geneve for network a5b5175a-4b36-42e7-87fd-163a74bca3e4
2026-09-07 19:36:45.920 9 WARNING neutron.scheduler.dhcp_agent_scheduler [None req-a25fc454-fe8e-4692-91d4-f7667b8c77f8 17fe536b507a4fd68a032ade0bda209f 55bc3ec5846b4b57a8dfdc1a14cc5482 - - default default] No more DHCP agents
2026-09-07 19:36:45.921 9 WARNING neutron.api.rpc.agentnotifiers.dhcp_rpc_agent_api [None req-a25fc454-fe8e-4692-91d4-f7667b8c77f8 17fe536b507a4fd68a032ade0bda209f 55bc3ec5846b4b57a8dfdc1a14cc5482 - - default default] Unable to schedule network 59f764f2-fc27-4e6c-9301-83e8d35dea24: no agents available; will retry on subsequent port and subnet creation events.
2026-09-07 19:36:45.970 10 INFO neutron.db.ovn_revision_numbers_db [None req-ea558bcb-47c6-47d1-a81e-eab1a0de4c74 - - - - - -] Successfully bumped revision number for resource 3594e04d-5daa-4a91-b709-fca183070aac (type: ports) to 3
2026-09-07 19:36:46.092 10 INFO neutron.db.ovn_revision_numbers_db [None req-c2c22e69-d51e-4461-a745-e5be22f9c20a f16fbda23e4b48df8332802cb924689e 6a5969cc4cdc4172a876383eb2d183fe - - - -] Successfully bumped revision number for resource a5b5175a-4b36-42e7-87fd-163a74bca3e4 (type: networks) to 1
2026-09-07 19:36:46.096 9 INFO neutron.db.ovn_revision_numbers_db [None req-a25fc454-fe8e-4692-91d4-f7667b8c77f8 17fe536b507a4fd68a032ade0bda209f 55bc3ec5846b4b57a8dfdc1a14cc5482 - - - -] Successfully bumped revision number for resource 3594e04d-5daa-4a91-b709-fca183070aac (type: router_ports) to 3
2026-09-07 19:36:46.099 9 INFO neutron.wsgi [None req-a25fc454-fe8e-4692-91d4-f7667b8c77f8 17fe536b507a4fd68a032ade0bda209f 55bc3ec5846b4b57a8dfdc1a14cc5482 - - - -] 10.0.0.71 "PUT /v2.0/routers/d50a3aa8-1364-45b2-8aee-9407d692bfa3/add_router_interface HTTP/1.1" status: 200 len: 503 time: 1.6316190 /var/lib/openstack/lib/python3.10/site-packages/pycadf/identifier.py:71: UserWarning: Invalid uuid: neutron. To ensure interoperability, identifiers should be a valid uuid. warnings.warn(('Invalid uuid: %s. To ensure interoperability, '
2026-09-07 19:36:46.158 10 INFO neutron.wsgi [None req-9a91601c-fc6b-4597-bc36-97192fbe651d f16fbda23e4b48df8332802cb924689e 6a5969cc4cdc4172a876383eb2d183fe - - - -] 10.0.0.71 "DELETE /v2.0/security-groups/bf90975c-32a8-4fd7-a340-a9202cd44219 HTTP/1.1" status: 204 len: 168 time: 0.4557724
2026-09-07 19:36:46.199 9 INFO neutron.wsgi [None req-41e5343b-6dbe-434c-9cb6-1ddc83d2a6dc 17fe536b507a4fd68a032ade0bda209f 55bc3ec5846b4b57a8dfdc1a14cc5482 - - default default] 10.0.0.71 "GET /v2.0/ports/3594e04d-5daa-4a91-b709-fca183070aac HTTP/1.1" status: 200 len: 1137 time: 0.0913858
2026-09-07 19:36:46.237 9 INFO neutron.wsgi [None req-b26009ba-e984-45dd-b7a2-45005e42f49b 17fe536b507a4fd68a032ade0bda209f 55bc3ec5846b4b57a8dfdc1a14cc5482 - - default default] 10.0.0.71 "GET /v2.0/ports/3594e04d-5daa-4a91-b709-fca183070aac HTTP/1.1" status: 200 len: 1137 time: 0.0310178
2026-09-07 19:36:46.295 10 WARNING neutron.scheduler.dhcp_agent_scheduler [None req-c2c22e69-d51e-4461-a745-e5be22f9c20a f16fbda23e4b48df8332802cb924689e 6a5969cc4cdc4172a876383eb2d183fe - - - -] No more DHCP agents
2026-09-07 19:36:46.298 10 WARNING neutron.api.rpc.agentnotifiers.dhcp_rpc_agent_api [None req-c2c22e69-d51e-4461-a745-e5be22f9c20a f16fbda23e4b48df8332802cb924689e 6a5969cc4cdc4172a876383eb2d183fe - - - -] Unable to schedule network a5b5175a-4b36-42e7-87fd-163a74bca3e4: no agents available; will retry on subsequent port and subnet creation events.
2026-09-07 19:36:46.367 10 INFO neutron.db.ovn_revision_numbers_db [None req-c2c22e69-d51e-4461-a745-e5be22f9c20a f16fbda23e4b48df8332802cb924689e 6a5969cc4cdc4172a876383eb2d183fe - - - -] Successfully bumped revision number for resource 8bc4f0c1-b407-4be3-b73b-d0413876a335 (type: ports) to 1
2026-09-07 19:36:46.394 10 INFO neutron.wsgi [None req-c2c22e69-d51e-4461-a745-e5be22f9c20a f16fbda23e4b48df8332802cb924689e 6a5969cc4cdc4172a876383eb2d183fe - - - -] 10.0.0.71 "POST /v2.0/networks HTTP/1.1" status: 201 len: 942 time: 1.1699090
2026-09-07 19:36:46.426 10 INFO neutron.db.ovn_revision_numbers_db [None req-8be4a8f4-0dc4-4a57-ba0f-65f4a21a8a1a f16fbda23e4b48df8332802cb924689e 6a5969cc4cdc4172a876383eb2d183fe - - default default] Successfully bumped revision number for resource 90d30d47-6d7e-48ac-a0bc-688e2bfd8411 (type: security_groups) to 1
2026-09-07 19:36:46.462 10 INFO neutron.wsgi [None req-8be4a8f4-0dc4-4a57-ba0f-65f4a21a8a1a f16fbda23e4b48df8332802cb924689e 6a5969cc4cdc4172a876383eb2d183fe - - default default] 10.0.0.71 "GET /v2.0/security-groups?tenant_id=d7f576900ca340a7a5e4c73b511c74c5&name=default HTTP/1.1" status: 200 len: 2996 time: 0.1793513
2026-09-07 19:36:46.572 10 WARNING neutron.scheduler.dhcp_agent_scheduler [None req-ee8b53d0-6675-4699-9df7-fcb51b65ac9e f16fbda23e4b48df8332802cb924689e 6a5969cc4cdc4172a876383eb2d183fe - - - -] No more DHCP agents
2026-09-07 19:36:46.574 10 WARNING neutron.api.rpc.agentnotifiers.dhcp_rpc_agent_api [None req-ee8b53d0-6675-4699-9df7-fcb51b65ac9e f16fbda23e4b48df8332802cb924689e 6a5969cc4cdc4172a876383eb2d183fe - - - -] Unable to schedule network a5b5175a-4b36-42e7-87fd-163a74bca3e4: no agents available; will retry on subsequent port and subnet creation events.
2026-09-07 19:36:46.732 10 INFO neutron.wsgi [None req-bb4947d7-9280-4f38-b94e-a6963fde756a f16fbda23e4b48df8332802cb924689e 6a5969cc4cdc4172a876383eb2d183fe - - - -] 10.0.0.71 "DELETE /v2.0/security-groups/90d30d47-6d7e-48ac-a0bc-688e2bfd8411 HTTP/1.1" status: 204 len: 168 time: 0.2633283
2026-09-07 19:36:46.773 10 INFO neutron.wsgi [req-d900f0ce-0d01-47ca-a43c-da60f4f0f830 req-49f691fe-9568-47cc-8d1a-e16bc1ccb59a bfa6ac9be675467f886ae08746dc7934 91d1877c9bd049f09d434a49ca33697f - - default default] 10.0.0.105 "GET /v2.0/ports?device_id=d27bfda1-7506-42e8-935b-0d4819965950 HTTP/1.1" status: 200 len: 1170 time: 0.0365555
2026-09-07 19:36:46.817 10 INFO neutron.wsgi [req-d900f0ce-0d01-47ca-a43c-da60f4f0f830 req-e0c3c0c4-5b41-4323-a947-52d36f1b2b00 bfa6ac9be675467f886ae08746dc7934 91d1877c9bd049f09d434a49ca33697f - - default default] 10.0.0.105 "GET /v2.0/security-groups?id=11d37c45-b4a5-4f1a-b14c-d25fc215d887&fields=id&fields=name HTTP/1.1" status: 200 len: 312 time: 0.0354383
2026-09-07 19:36:46.925 9 INFO neutron.wsgi [None req-bece5a90-3014-4a1e-9463-aa15830ad04a 17fe536b507a4fd68a032ade0bda209f 55bc3ec5846b4b57a8dfdc1a14cc5482 - - - -] 10.0.0.71 "PUT /v2.0/routers/d50a3aa8-1364-45b2-8aee-9407d692bfa3/remove_router_interface HTTP/1.1" status: 200 len: 503 time: 0.6806757 /var/lib/openstack/lib/python3.10/site-packages/pycadf/identifier.py:71: UserWarning: Invalid uuid: neutron. To ensure interoperability, identifiers should be a valid uuid. warnings.warn(('Invalid uuid: %s. To ensure interoperability, '
2026-09-07 19:36:46.944 10 INFO neutron.wsgi [req-b8f42d09-1504-4b62-943c-f4afaf735d53 req-fa0f170a-594e-4bca-8cde-e463ddc83731 bfa6ac9be675467f886ae08746dc7934 91d1877c9bd049f09d434a49ca33697f - - default default] 10.0.0.105 "GET /v2.0/ports?device_id=d27bfda1-7506-42e8-935b-0d4819965950 HTTP/1.1" status: 200 len: 1170 time: 0.0448465
2026-09-07 19:36:46.957 9 INFO neutron.wsgi [None req-de09e837-2fa0-47b6-ad04-b0ce61ed13fc 17fe536b507a4fd68a032ade0bda209f 55bc3ec5846b4b57a8dfdc1a14cc5482 - - default default] 10.0.0.71 "GET /v2.0/ports?device_id=d50a3aa8-1364-45b2-8aee-9407d692bfa3 HTTP/1.1" status: 200 len: 205 time: 0.0272079
2026-09-07 19:36:47.181 9 INFO neutron.wsgi [None req-1afa6ce5-00a5-4b5d-9b3a-2c08546cca49 17fe536b507a4fd68a032ade0bda209f 55bc3ec5846b4b57a8dfdc1a14cc5482 - - - -] 10.0.0.71 "DELETE /v2.0/routers/d50a3aa8-1364-45b2-8aee-9407d692bfa3 HTTP/1.1" status: 204 len: 168 time: 0.2205696
2026-09-07 19:36:47.266 10 INFO neutron.db.ovn_revision_numbers_db [None req-ee8b53d0-6675-4699-9df7-fcb51b65ac9e f16fbda23e4b48df8332802cb924689e 6a5969cc4cdc4172a876383eb2d183fe - - - -] Successfully bumped revision number for resource 8bc4f0c1-b407-4be3-b73b-d0413876a335 (type: ports) to 2
2026-09-07 19:36:47.276 10 INFO neutron.db.l3_db [None req-63904c1d-a1ef-4eb4-b71b-8211feff8577 bfa6ac9be675467f886ae08746dc7934 91d1877c9bd049f09d434a49ca33697f - - - -] Floating IP 32baace5-8c22-4908-98b3-1b23fb798348 associated. External IP: 10.96.250.203, port: 5e710eb9-84be-44eb-90e4-d1ddab4d448a.
2026-09-07 19:36:47.296 10 INFO neutron.db.ovn_revision_numbers_db [None req-ee8b53d0-6675-4699-9df7-fcb51b65ac9e f16fbda23e4b48df8332802cb924689e 6a5969cc4cdc4172a876383eb2d183fe - - - -] Successfully bumped revision number for resource 2624afbf-907e-479d-b9a3-44ec2caaf920 (type: subnets) to 0
2026-09-07 19:36:47.314 10 INFO neutron.wsgi [None req-ee8b53d0-6675-4699-9df7-fcb51b65ac9e f16fbda23e4b48df8332802cb924689e 6a5969cc4cdc4172a876383eb2d183fe - - - -] 10.0.0.71 "POST /v2.0/subnets HTTP/1.1" status: 201 len: 863 time: 0.9149601
2026-09-07 19:36:47.367 9 INFO neutron.wsgi [None req-29ac3203-161a-4b6e-9fc6-6167476e707d 17fe536b507a4fd68a032ade0bda209f 55bc3ec5846b4b57a8dfdc1a14cc5482 - - - -] 10.0.0.71 "DELETE /v2.0/subnets/62d8ac33-a7d2-4256-b002-da287a963ff4 HTTP/1.1" status: 204 len: 168 time: 0.1810133
2026-09-07 19:36:47.475 10 INFO neutron.db.ovn_revision_numbers_db [None req-63904c1d-a1ef-4eb4-b71b-8211feff8577 bfa6ac9be675467f886ae08746dc7934 91d1877c9bd049f09d434a49ca33697f - - - -] Successfully bumped revision number for resource 32baace5-8c22-4908-98b3-1b23fb798348 (type: floatingips) to 1
2026-09-07 19:36:47.495 9 INFO neutron.notifiers.nova [-] Nova event matching ['req-099557d8-855a-4a07-b567-8f015e500f87'] response: {'server_uuid': 'd27bfda1-7506-42e8-935b-0d4819965950', 'name': 'network-vif-plugged', 'status': 'completed', 'tag': '5e710eb9-84be-44eb-90e4-d1ddab4d448a', 'code': 200}
2026-09-07 19:36:47.603 10 INFO neutron.db.ovn_revision_numbers_db [None req-63904c1d-a1ef-4eb4-b71b-8211feff8577 bfa6ac9be675467f886ae08746dc7934 91d1877c9bd049f09d434a49ca33697f - - - -] Successfully bumped revision number for resource 32baace5-8c22-4908-98b3-1b23fb798348 (type: floatingips) to 2
2026-09-07 19:36:47.633 10 INFO neutron.wsgi [None req-63904c1d-a1ef-4eb4-b71b-8211feff8577 bfa6ac9be675467f886ae08746dc7934 91d1877c9bd049f09d434a49ca33697f - - - -] 10.0.0.71 "PUT /v2.0/floatingips/32baace5-8c22-4908-98b3-1b23fb798348 HTTP/1.1" status: 200 len: 1049 time: 0.6749415
2026-09-07 19:36:47.715 10 INFO neutron.notifiers.nova [-] Nova event matching ['req-fc864358-65b8-4c06-907c-6859db6f4987'] response: {'name': 'network-changed', 'server_uuid': 'd27bfda1-7506-42e8-935b-0d4819965950', 'tag': '5e710eb9-84be-44eb-90e4-d1ddab4d448a', 'status': 'completed', 'code': 200}
2026-09-07 19:36:47.740 10 INFO neutron.wsgi [req-2f291e12-f882-413d-a21d-8148e0611e98 req-5876af3f-5784-48f3-b416-d157d513b981 bfa6ac9be675467f886ae08746dc7934 91d1877c9bd049f09d434a49ca33697f - - default default] 10.0.0.105 "GET /v2.0/ports?device_id=d27bfda1-7506-42e8-935b-0d4819965950 HTTP/1.1" status: 200 len: 1170 time: 0.0503953
2026-09-07 19:36:47.773 9 INFO neutron.services.segments.plugin [-] Segment 9a5296f8-4c65-4ae5-ba83-d9728eafe85f resource provider aggregate not found
2026-09-07 19:36:47.781 10 INFO neutron.wsgi [req-12fcfba0-c849-4862-9fba-94c73651b3cd req-856ada69-ff44-4023-be36-5d969f2b913f 0e8eb041faf54719b0f59782468b9f0b 0d4ce962add54f139739bc6c4758137b - - 33fbe5dc6d4948b2b237b1c417458761 33fbe5dc6d4948b2b237b1c417458761] 162.253.55.54 "GET /v2.0/ports?tenant_id=91d1877c9bd049f09d434a49ca33697f&device_id=d27bfda1-7506-42e8-935b-0d4819965950 HTTP/1.1" status: 200 len: 1361 time: 0.0366917
2026-09-07 19:36:47.807 9 INFO neutron.wsgi [None req-b54ebc93-33e8-4ae7-9512-936bf90ce936 17fe536b507a4fd68a032ade0bda209f 55bc3ec5846b4b57a8dfdc1a14cc5482 - - - -] 10.0.0.71 "DELETE /v2.0/networks/59f764f2-fc27-4e6c-9301-83e8d35dea24 HTTP/1.1" status: 204 len: 168 time: 0.4348812
2026-09-07 19:36:47.808 9 INFO neutron.services.segments.plugin [-] Segment 9a5296f8-4c65-4ae5-ba83-d9728eafe85f resource provider not found; error: Placement Client Error (4xx): {"errors": [{"status": 404, "title": "Not Found", "detail": "The resource could not be found.\n\n No resource provider with uuid 9a5296f8-4c65-4ae5-ba83-d9728eafe85f found for delete ", "request_id": "req-1c0198dd-4f91-4d24-ab41-ee997c99d380"}]}
2026-09-07 19:36:47.814 10 INFO neutron.wsgi [req-2f291e12-f882-413d-a21d-8148e0611e98 req-73bd9572-ce37-44b3-bebe-b7339a51767f bfa6ac9be675467f886ae08746dc7934 91d1877c9bd049f09d434a49ca33697f - - default default] 10.0.0.105 "GET /v2.0/security-groups?id=11d37c45-b4a5-4f1a-b14c-d25fc215d887&fields=id&fields=name HTTP/1.1" status: 200 len: 312 time: 0.0665321 /var/lib/openstack/lib/python3.10/site-packages/pycadf/identifier.py:71: UserWarning: Invalid uuid: neutron. To ensure interoperability, identifiers should be a valid uuid. warnings.warn(('Invalid uuid: %s. To ensure interoperability, '
2026-09-07 19:36:47.827 9 INFO neutron.services.segments.plugin [-] Segment 9a5296f8-4c65-4ae5-ba83-d9728eafe85f resource provider aggregate not found
2026-09-07 19:36:47.847 9 INFO neutron.services.segments.plugin [-] Segment 9a5296f8-4c65-4ae5-ba83-d9728eafe85f resource provider not found; error: Placement Client Error (4xx): {"errors": [{"status": 404, "title": "Not Found", "detail": "The resource could not be found.\n\n No resource provider with uuid 9a5296f8-4c65-4ae5-ba83-d9728eafe85f found for delete ", "request_id": "req-6a044b58-e5a4-4f03-b32c-d6db3cc85aa1"}]}
2026-09-07 19:36:48.149 10 INFO neutron.wsgi [req-12fcfba0-c849-4862-9fba-94c73651b3cd req-cb0221b4-6492-4972-b362-76de8c6da9f0 0e8eb041faf54719b0f59782468b9f0b 0d4ce962add54f139739bc6c4758137b - - 33fbe5dc6d4948b2b237b1c417458761 33fbe5dc6d4948b2b237b1c417458761] 162.253.55.54 "GET /v2.0/networks?id=2bb7a792-00ba-4b85-98aa-f008c5c007c2 HTTP/1.1" status: 200 len: 968 time: 0.3565090
2026-09-07 19:36:48.194 10 INFO neutron.wsgi [req-12fcfba0-c849-4862-9fba-94c73651b3cd req-10b97632-f088-4a8a-8047-6d8d516a3779 0e8eb041faf54719b0f59782468b9f0b 0d4ce962add54f139739bc6c4758137b - - 33fbe5dc6d4948b2b237b1c417458761 33fbe5dc6d4948b2b237b1c417458761] 162.253.55.54 "GET /v2.0/floatingips?fixed_ip_address=10.100.0.4&port_id=5e710eb9-84be-44eb-90e4-d1ddab4d448a HTTP/1.1" status: 200 len: 1059 time: 0.0346215
2026-09-07 19:36:48.240 10 WARNING neutron.scheduler.dhcp_agent_scheduler [None req-a29ffb3a-bc9b-45d1-bb9d-740fe4b1f3f4 f16fbda23e4b48df8332802cb924689e 6a5969cc4cdc4172a876383eb2d183fe - - - -] No more DHCP agents
2026-09-07 19:36:48.244 10 WARNING neutron.api.rpc.agentnotifiers.dhcp_rpc_agent_api [None req-a29ffb3a-bc9b-45d1-bb9d-740fe4b1f3f4 f16fbda23e4b48df8332802cb924689e 6a5969cc4cdc4172a876383eb2d183fe - - - -] Unable to schedule network fab92334-deff-4696-88c0-562ffd971fee: no agents available; will retry on subsequent port and subnet creation events.
2026-09-07 19:36:48.253 9 INFO neutron.plugins.ml2.drivers.ovn.mech_driver.mech_driver [None req-0242f3b1-08cb-4d5e-af0c-c40e13a1f8d0 - - - - - -] OVN reports status down for port: 5e710eb9-84be-44eb-90e4-d1ddab4d448a
2026-09-07 19:36:48.253 10 INFO neutron.wsgi [req-12fcfba0-c849-4862-9fba-94c73651b3cd req-050856ce-4e70-40c7-9a24-14c23f332afa 0e8eb041faf54719b0f59782468b9f0b 0d4ce962add54f139739bc6c4758137b - - 33fbe5dc6d4948b2b237b1c417458761 33fbe5dc6d4948b2b237b1c417458761] 162.253.55.54 "GET /v2.0/subnets?id=f7361a16-2068-49b7-a664-b7af037c71f9 HTTP/1.1" status: 200 len: 863 time: 0.0480103
2026-09-07 19:36:48.319 10 INFO neutron.wsgi [req-12fcfba0-c849-4862-9fba-94c73651b3cd req-f7b16d0f-cfba-4d17-bca0-701b635e40d3 0e8eb041faf54719b0f59782468b9f0b 0d4ce962add54f139739bc6c4758137b - - 33fbe5dc6d4948b2b237b1c417458761 33fbe5dc6d4948b2b237b1c417458761] 162.253.55.54 "GET /v2.0/ports?network_id=2bb7a792-00ba-4b85-98aa-f008c5c007c2&device_owner=network%3Adhcp HTTP/1.1" status: 200 len: 210 time: 0.0430419
2026-09-07 19:36:48.347 10 INFO neutron.wsgi [req-2be8017b-e321-4923-9b93-102cabd94f14 req-5d35f72b-fcc5-4a9e-8da3-081efc79535c bfa6ac9be675467f886ae08746dc7934 91d1877c9bd049f09d434a49ca33697f - - default default] 10.0.0.105 "GET /v2.0/ports?device_id=d27bfda1-7506-42e8-935b-0d4819965950 HTTP/1.1" status: 200 len: 1170 time: 0.1021030
2026-09-07 19:36:48.364 9 WARNING neutron.scheduler.dhcp_agent_scheduler [None req-3b8e6743-e126-41e3-8c5a-77057e92a8e1 17fe536b507a4fd68a032ade0bda209f 55bc3ec5846b4b57a8dfdc1a14cc5482 - - - -] No more DHCP agents
2026-09-07 19:36:48.367 9 WARNING neutron.api.rpc.agentnotifiers.dhcp_rpc_agent_api [None req-3b8e6743-e126-41e3-8c5a-77057e92a8e1 17fe536b507a4fd68a032ade0bda209f 55bc3ec5846b4b57a8dfdc1a14cc5482 - - - -] Unable to schedule network fab92334-deff-4696-88c0-562ffd971fee: no agents available; will retry on subsequent port and subnet creation events.
2026-09-07 19:36:48.436 10 INFO neutron.wsgi [req-12fcfba0-c849-4862-9fba-94c73651b3cd req-68dc15de-d053-4c8a-ac1a-fe341cbb017e 0e8eb041faf54719b0f59782468b9f0b 0d4ce962add54f139739bc6c4758137b - - 33fbe5dc6d4948b2b237b1c417458761 33fbe5dc6d4948b2b237b1c417458761] 162.253.55.54 "GET /v2.0/networks/2bb7a792-00ba-4b85-98aa-f008c5c007c2?fields=segments HTTP/1.1" status: 200 len: 212 time: 0.1074405
2026-09-07 19:36:48.439 10 INFO neutron.wsgi [req-2be8017b-e321-4923-9b93-102cabd94f14 req-066c9aae-9df1-490a-bef9-b3e4859b2594 bfa6ac9be675467f886ae08746dc7934 91d1877c9bd049f09d434a49ca33697f - - default default] 10.0.0.105 "GET /v2.0/security-groups?id=11d37c45-b4a5-4f1a-b14c-d25fc215d887&fields=id&fields=name HTTP/1.1" status: 200 len: 312 time: 0.0866194
2026-09-07 19:36:48.523 10 INFO neutron.wsgi [req-12fcfba0-c849-4862-9fba-94c73651b3cd req-0f857ad7-7a5d-4fde-ab5f-4e5c48c27258 0e8eb041faf54719b0f59782468b9f0b 0d4ce962add54f139739bc6c4758137b - - 33fbe5dc6d4948b2b237b1c417458761 33fbe5dc6d4948b2b237b1c417458761] 162.253.55.54 "GET /v2.0/networks/2bb7a792-00ba-4b85-98aa-f008c5c007c2?fields=provider%3Aphysical_network&fields=provider%3Anetwork_type HTTP/1.1" status: 200 len: 277 time: 0.0724735
2026-09-07 19:36:48.524 10 INFO neutron.db.ovn_revision_numbers_db [None req-a29ffb3a-bc9b-45d1-bb9d-740fe4b1f3f4 f16fbda23e4b48df8332802cb924689e 6a5969cc4cdc4172a876383eb2d183fe - - - -] Successfully bumped revision number for resource 669b7463-3a5e-49b5-b035-7cceba1c5571 (type: ports) to 1
2026-09-07 19:36:48.601 10 INFO neutron.wsgi [req-5395d3ec-7cae-4e92-b9c6-adcf58674da3 req-9427e100-f9be-4bd7-90cc-ed07c5a479e6 bfa6ac9be675467f886ae08746dc7934 91d1877c9bd049f09d434a49ca33697f - - default default] 162.253.55.54 "GET /v2.0/ports?device_id=d27bfda1-7506-42e8-935b-0d4819965950 HTTP/1.1" status: 200 len: 1168 time: 0.0310619
2026-09-07 19:36:48.815 9 INFO neutron.db.ovn_revision_numbers_db [None req-3b8e6743-e126-41e3-8c5a-77057e92a8e1 17fe536b507a4fd68a032ade0bda209f 55bc3ec5846b4b57a8dfdc1a14cc5482 - - - -] Successfully bumped revision number for resource 93a55f2e-bd99-465e-917e-d981db8812cb (type: ports) to 1
2026-09-07 19:36:48.818 9 INFO neutron.db.ovn_revision_numbers_db [None req-0242f3b1-08cb-4d5e-af0c-c40e13a1f8d0 - - - - - -] Successfully bumped revision number for resource 5e710eb9-84be-44eb-90e4-d1ddab4d448a (type: ports) to 5
2026-09-07 19:36:49.051 10 INFO neutron.db.l3_db [None req-b37c50b6-36e3-49be-829f-73ccd49e256a bfa6ac9be675467f886ae08746dc7934 91d1877c9bd049f09d434a49ca33697f - - - -] Floating IP 32baace5-8c22-4908-98b3-1b23fb798348 disassociated. External IP: 10.96.250.203, port: 5e710eb9-84be-44eb-90e4-d1ddab4d448a.
2026-09-07 19:36:49.307 9 INFO neutron.plugins.ml2.drivers.ovn.mech_driver.ovsdb.ovsdb_monitor [None req-302e45d9-041d-4ffb-ad29-c7c54bf92cfe - - - - - -] Router d9312656-8697-456f-acfe-80c6c3ab899a is bound to host instance
2026-09-07 19:36:49.310 10 INFO neutron.db.ovn_revision_numbers_db [None req-a29ffb3a-bc9b-45d1-bb9d-740fe4b1f3f4 f16fbda23e4b48df8332802cb924689e 6a5969cc4cdc4172a876383eb2d183fe - - - -] Successfully bumped revision number for resource 669b7463-3a5e-49b5-b035-7cceba1c5571 (type: router_ports) to 1
2026-09-07 19:36:49.321 10 INFO neutron.wsgi [None req-b37c50b6-36e3-49be-829f-73ccd49e256a bfa6ac9be675467f886ae08746dc7934 91d1877c9bd049f09d434a49ca33697f - - - -] 162.253.55.54 "DELETE /v2.0/ports/5e710eb9-84be-44eb-90e4-d1ddab4d448a HTTP/1.1" status: 204 len: 173 time: 0.7005835
2026-09-07 19:36:49.375 10 INFO neutron.db.ovn_revision_numbers_db [None req-a29ffb3a-bc9b-45d1-bb9d-740fe4b1f3f4 f16fbda23e4b48df8332802cb924689e 6a5969cc4cdc4172a876383eb2d183fe - - - -] Successfully bumped revision number for resource d9312656-8697-456f-acfe-80c6c3ab899a (type: routers) to 3
2026-09-07 19:36:49.390 10 INFO neutron.wsgi [None req-a29ffb3a-bc9b-45d1-bb9d-740fe4b1f3f4 f16fbda23e4b48df8332802cb924689e 6a5969cc4cdc4172a876383eb2d183fe - - - -] 10.0.0.71 "POST /v2.0/routers HTTP/1.1" status: 201 len: 874 time: 2.0694258
2026-09-07 19:36:49.408 9 INFO neutron.db.ovn_revision_numbers_db [None req-3b8e6743-e126-41e3-8c5a-77057e92a8e1 17fe536b507a4fd68a032ade0bda209f 55bc3ec5846b4b57a8dfdc1a14cc5482 - - - -] Successfully bumped revision number for resource 93a55f2e-bd99-465e-917e-d981db8812cb (type: router_ports) to 1
2026-09-07 19:36:49.494 9 INFO neutron.db.ovn_revision_numbers_db [None req-3b8e6743-e126-41e3-8c5a-77057e92a8e1 17fe536b507a4fd68a032ade0bda209f 55bc3ec5846b4b57a8dfdc1a14cc5482 - - - -] Successfully bumped revision number for resource fa024570-69ff-44a7-9582-feda206934dd (type: routers) to 3 /var/lib/openstack/lib/python3.10/site-packages/pycadf/identifier.py:71: UserWarning: Invalid uuid: neutron. To ensure interoperability, identifiers should be a valid uuid. warnings.warn(('Invalid uuid: %s. To ensure interoperability, '
2026-09-07 19:36:49.527 9 INFO neutron.wsgi [None req-3b8e6743-e126-41e3-8c5a-77057e92a8e1 17fe536b507a4fd68a032ade0bda209f 55bc3ec5846b4b57a8dfdc1a14cc5482 - - - -] 10.0.0.71 "POST /v2.0/routers HTTP/1.1" status: 201 len: 868 time: 1.7098813
2026-09-07 19:36:49.540 9 INFO neutron.wsgi [None req-ea155ddb-dfd1-488d-bf9b-82f30c7a4925 f16fbda23e4b48df8332802cb924689e 6a5969cc4cdc4172a876383eb2d183fe - - default default] 10.0.0.213 "GET /v2.0/agents HTTP/1.1" status: 200 len: 997 time: 0.2597022
2026-09-07 19:36:49.542 9 INFO neutron.notifiers.nova [-] Nova event matching ['req-8ceccab5-570b-4fcc-8dfb-b8c4c6d5a1df'] response: {'server_uuid': 'd27bfda1-7506-42e8-935b-0d4819965950', 'name': 'network-vif-unplugged', 'status': 'completed', 'tag': '5e710eb9-84be-44eb-90e4-d1ddab4d448a', 'code': 200}
2026-09-07 19:36:49.543 9 INFO neutron.notifiers.nova [-] Nova event matching ['req-8ceccab5-570b-4fcc-8dfb-b8c4c6d5a1df'] response: {'server_uuid': 'd27bfda1-7506-42e8-935b-0d4819965950', 'name': 'network-vif-plugged', 'status': 'completed', 'tag': '5e710eb9-84be-44eb-90e4-d1ddab4d448a', 'code': 200}
2026-09-07 19:36:49.571 9 INFO neutron.wsgi [None req-c74f2704-a4d5-434f-a0a7-191ad459f3cf f16fbda23e4b48df8332802cb924689e 6a5969cc4cdc4172a876383eb2d183fe - - default default] 10.0.0.213 "GET /v2.0/floatingips HTTP/1.1" status: 200 len: 730 time: 0.0268378
2026-09-07 19:36:49.578 10 INFO neutron.wsgi [req-772614ba-5193-4d97-8eaf-241968e6ae7f req-3146f55c-54b9-46ee-a221-9e3480628c03 bfa6ac9be675467f886ae08746dc7934 91d1877c9bd049f09d434a49ca33697f - - default default] 10.0.0.105 "GET /v2.0/ports?device_id=d27bfda1-7506-42e8-935b-0d4819965950 HTTP/1.1" status: 200 len: 210 time: 0.0198290
2026-09-07 19:36:49.620 10 INFO neutron.wsgi [None req-d47b12c6-b256-40ed-a781-1734541e4a92 17fe536b507a4fd68a032ade0bda209f 55bc3ec5846b4b57a8dfdc1a14cc5482 - - default default] 10.0.0.71 "GET /v2.0/routers/fa024570-69ff-44a7-9582-feda206934dd HTTP/1.1" status: 200 len: 869 time: 0.0831070
2026-09-07 19:36:49.644 9 INFO neutron.wsgi [None req-1eedd3d3-7943-4dbd-bec8-203063945e78 f16fbda23e4b48df8332802cb924689e 6a5969cc4cdc4172a876383eb2d183fe - - default default] 10.0.0.213 "GET /v2.0/networks HTTP/1.1" status: 200 len: 3861 time: 0.0669045
2026-09-07 19:36:49.698 9 INFO neutron.wsgi [None req-c8737c3d-4e14-4bd5-9edb-ab35122f38aa f16fbda23e4b48df8332802cb924689e 6a5969cc4cdc4172a876383eb2d183fe - - default default] 10.0.0.213 "GET /v2.0/ports HTTP/1.1" status: 200 len: 12484 time: 0.0455248
2026-09-07 19:36:49.754 9 INFO neutron.wsgi [None req-0999961f-ea57-45f0-a8df-c4cd805d466d f16fbda23e4b48df8332802cb924689e 6a5969cc4cdc4172a876383eb2d183fe - - default default] 10.0.0.213 "GET /v2.0/subnets HTTP/1.1" status: 200 len: 2742 time: 0.0414829
2026-09-07 19:36:49.766 9 INFO neutron.wsgi [None req-c0b60045-5ac3-4876-9452-97c34c5f4ae3 f16fbda23e4b48df8332802cb924689e 6a5969cc4cdc4172a876383eb2d183fe - - default default] 10.0.0.213 "GET /v2.0/subnetpools HTTP/1.1" status: 200 len: 193 time: 0.0104835
2026-09-07 19:36:49.844 9 INFO neutron.wsgi [None req-20bd38bc-5e2d-4e0c-9818-bfbc63132ee1 f16fbda23e4b48df8332802cb924689e 6a5969cc4cdc4172a876383eb2d183fe - - default default] 10.0.0.213 "GET /v2.0/routers HTTP/1.1" status: 200 len: 2193 time: 0.0771706
2026-09-07 19:36:49.871 9 INFO neutron.wsgi [None req-1a595f25-f223-469f-bcba-7d5c4e33adb4 f16fbda23e4b48df8332802cb924689e 6a5969cc4cdc4172a876383eb2d183fe - - default default] 10.0.0.213 "GET /v2.0/agents?binary=ovn-controller HTTP/1.1" status: 200 len: 591 time: 0.0242884
2026-09-07 19:36:49.888 9 INFO neutron.wsgi [None req-0868cb1a-965c-431d-b1db-3e87dba71ee2 f16fbda23e4b48df8332802cb924689e 6a5969cc4cdc4172a876383eb2d183fe - - default default] 10.0.0.213 "GET /v2.0/network-ip-availabilities HTTP/1.1" status: 200 len: 2218 time: 0.0110717
2026-09-07 19:36:49.956 9 INFO neutron.db.ovn_revision_numbers_db [None req-302e45d9-041d-4ffb-ad29-c7c54bf92cfe - - - - - -] Successfully bumped revision number for resource 669b7463-3a5e-49b5-b035-7cceba1c5571 (type: ports) to 1
2026-09-07 19:36:49.988 9 INFO neutron.wsgi [None req-5210728d-a920-40dc-8525-30b39fb8d96c f16fbda23e4b48df8332802cb924689e 6a5969cc4cdc4172a876383eb2d183fe - - default default] 10.0.0.213 "GET /v2.0/security-groups HTTP/1.1" status: 200 len: 27883 time: 0.0982425
2026-09-07 19:36:50.041 9 INFO neutron.wsgi [None req-6d23872b-0a77-42a3-a450-522367809ff9 f16fbda23e4b48df8332802cb924689e 6a5969cc4cdc4172a876383eb2d183fe - - default default] 10.0.0.213 "GET /v2.0/subnets HTTP/1.1" status: 200 len: 2742 time: 0.0369203
2026-09-07 19:36:50.045 10 INFO neutron.notifiers.nova [-] Nova event matching ['req-1865454b-27b6-4c42-ac17-63d52506658b'] response: {'server_uuid': 'd27bfda1-7506-42e8-935b-0d4819965950', 'name': 'network-vif-deleted', 'tag': '5e710eb9-84be-44eb-90e4-d1ddab4d448a', 'status': 'completed', 'code': 200}
2026-09-07 19:36:50.048 10 INFO neutron.wsgi [None req-4eebf5b6-1605-42cd-93f8-49dbfc77cef9 17fe536b507a4fd68a032ade0bda209f 55bc3ec5846b4b57a8dfdc1a14cc5482 - - default default] 10.0.0.71 "GET /v2.0/routers HTTP/1.1" status: 200 len: 872 time: 0.4240222
2026-09-07 19:36:50.227 10 WARNING neutron.scheduler.dhcp_agent_scheduler [None req-ab3c750d-ee20-48d7-9f62-f075f7ba36ff f16fbda23e4b48df8332802cb924689e 6a5969cc4cdc4172a876383eb2d183fe - - default default] No more DHCP agents
2026-09-07 19:36:50.230 10 WARNING neutron.api.rpc.agentnotifiers.dhcp_rpc_agent_api [None req-ab3c750d-ee20-48d7-9f62-f075f7ba36ff f16fbda23e4b48df8332802cb924689e 6a5969cc4cdc4172a876383eb2d183fe - - default default] Unable to schedule network a5b5175a-4b36-42e7-87fd-163a74bca3e4: no agents available; will retry on subsequent port and subnet creation events.
2026-09-07 19:36:50.404 10 INFO neutron.db.ovn_revision_numbers_db [None req-ab3c750d-ee20-48d7-9f62-f075f7ba36ff f16fbda23e4b48df8332802cb924689e 6a5969cc4cdc4172a876383eb2d183fe - - default default] Successfully bumped revision number for resource 6c303a13-21e9-4281-8d11-89bd3def16ac (type: ports) to 1
2026-09-07 19:36:50.425 9 INFO neutron.db.ovn_revision_numbers_db [None req-302e45d9-041d-4ffb-ad29-c7c54bf92cfe - - - - - -] Successfully bumped revision number for resource 669b7463-3a5e-49b5-b035-7cceba1c5571 (type: router_ports) to 3
2026-09-07 19:36:50.572 10 INFO neutron.db.ovn_revision_numbers_db [None req-d19b8e02-a71c-4cc4-8dac-4b068e660aef 17fe536b507a4fd68a032ade0bda209f 55bc3ec5846b4b57a8dfdc1a14cc5482 - - - -] Successfully bumped revision number for resource fa024570-69ff-44a7-9582-feda206934dd (type: routers) to 4
2026-09-07 19:36:50.575 10 INFO neutron.wsgi [None req-d19b8e02-a71c-4cc4-8dac-4b068e660aef 17fe536b507a4fd68a032ade0bda209f 55bc3ec5846b4b57a8dfdc1a14cc5482 - - - -] 10.0.0.71 "PUT /v2.0/routers/fa024570-69ff-44a7-9582-feda206934dd HTTP/1.1" status: 200 len: 876 time: 0.5169790
2026-09-07 19:36:50.579 9 INFO neutron.db.ovn_revision_numbers_db [None req-302e45d9-041d-4ffb-ad29-c7c54bf92cfe - - - - - -] Successfully bumped revision number for resource 669b7463-3a5e-49b5-b035-7cceba1c5571 (type: ports) to 2
2026-09-07 19:36:50.654 9 INFO neutron.wsgi [None req-b9a89ae9-e9a1-4d4e-abfa-6ffbf6134e48 17fe536b507a4fd68a032ade0bda209f 55bc3ec5846b4b57a8dfdc1a14cc5482 - - default default] 10.0.0.71 "GET /v2.0/routers/fa024570-69ff-44a7-9582-feda206934dd HTTP/1.1" status: 200 len: 876 time: 0.0729864
2026-09-07 19:36:50.685 9 INFO neutron.wsgi [None req-21bb9fed-593c-4aa3-a45e-560b9bdaa31f 17fe536b507a4fd68a032ade0bda209f 55bc3ec5846b4b57a8dfdc1a14cc5482 - - default default] 10.0.0.71 "GET /v2.0/ports?device_id=fa024570-69ff-44a7-9582-feda206934dd HTTP/1.1" status: 200 len: 205 time: 0.0233591
2026-09-07 19:36:50.915 9 INFO neutron.db.ovn_revision_numbers_db [None req-302e45d9-041d-4ffb-ad29-c7c54bf92cfe - - - - - -] Successfully bumped revision number for resource 669b7463-3a5e-49b5-b035-7cceba1c5571 (type: ports) to 4
2026-09-07 19:36:51.088 10 INFO neutron.wsgi [None req-20674840-43ac-4388-b823-219101e4bdb4 bfa6ac9be675467f886ae08746dc7934 91d1877c9bd049f09d434a49ca33697f - - - -] 10.0.0.71 "DELETE /v2.0/security-groups/11d37c45-b4a5-4f1a-b14c-d25fc215d887 HTTP/1.1" status: 204 len: 168 time: 0.4016128
2026-09-07 19:36:51.109 10 INFO neutron.db.ovn_revision_numbers_db [None req-ab3c750d-ee20-48d7-9f62-f075f7ba36ff f16fbda23e4b48df8332802cb924689e 6a5969cc4cdc4172a876383eb2d183fe - - default default] Successfully bumped revision number for resource 6c303a13-21e9-4281-8d11-89bd3def16ac (type: router_ports) to 2
2026-09-07 19:36:51.110 10 INFO neutron.api.v2.resource [None req-5812f76a-5b80-4b28-9301-e81a2136a73d bfa6ac9be675467f886ae08746dc7934 91d1877c9bd049f09d434a49ca33697f - - default default] show failed (client error): The resource could not be found.
2026-09-07 19:36:51.112 10 INFO neutron.wsgi [None req-5812f76a-5b80-4b28-9301-e81a2136a73d bfa6ac9be675467f886ae08746dc7934 91d1877c9bd049f09d434a49ca33697f - - default default] 10.0.0.71 "GET /v2.0/security-groups/11d37c45-b4a5-4f1a-b14c-d25fc215d887 HTTP/1.1" status: 404 len: 347 time: 0.0124459
2026-09-07 19:36:51.218 9 INFO neutron.db.ovn_revision_numbers_db [None req-302e45d9-041d-4ffb-ad29-c7c54bf92cfe - - - - - -] Successfully bumped revision number for resource 669b7463-3a5e-49b5-b035-7cceba1c5571 (type: router_ports) to 4
2026-09-07 19:36:51.310 10 INFO neutron.db.ovn_revision_numbers_db [None req-ab3c750d-ee20-48d7-9f62-f075f7ba36ff f16fbda23e4b48df8332802cb924689e 6a5969cc4cdc4172a876383eb2d183fe - - default default] Successfully bumped revision number for resource 6c303a13-21e9-4281-8d11-89bd3def16ac (type: ports) to 2
2026-09-07 19:36:51.407 10 WARNING neutron.scheduler.dhcp_agent_scheduler [None req-ab3c750d-ee20-48d7-9f62-f075f7ba36ff f16fbda23e4b48df8332802cb924689e 6a5969cc4cdc4172a876383eb2d183fe - - default default] No more DHCP agents
