2026-09-07 19:37:13.332 10 INFO neutron.wsgi [req-959d6742-686d-4cad-9659-3bb68df997bc req-9ac3fc06-6705-4f00-9bdc-3ce50db4c54d 0e8eb041faf54719b0f59782468b9f0b 0d4ce962add54f139739bc6c4758137b - - 33fbe5dc6d4948b2b237b1c417458761 33fbe5dc6d4948b2b237b1c417458761] 162.253.55.54 "GET /v2.0/ports?network_id=ca51d357-56ac-4b9a-a17d-f2c4b9ef25df&device_owner=network%3Adhcp HTTP/1.1" status: 200 len: 210 time: 0.0209017
2026-09-07 19:37:13.397 9 INFO neutron.db.ovn_revision_numbers_db [None req-dad24b1a-6ee5-42ff-b3bc-81cf2a11ab33 0fd5c463f2904242b325b16562f81f0b 6574f9ca995b4b8fbe53a3a9375f48c5 - - - -] Successfully bumped revision number for resource 0e435a09-7244-4b6c-b0a8-6a12c61345f5 (type: ports) to 1
2026-09-07 19:37:13.430 9 INFO neutron.wsgi [None req-dad24b1a-6ee5-42ff-b3bc-81cf2a11ab33 0fd5c463f2904242b325b16562f81f0b 6574f9ca995b4b8fbe53a3a9375f48c5 - - - -] 10.0.0.71 "POST /v2.0/networks HTTP/1.1" status: 201 len: 833 time: 1.1445436
2026-09-07 19:37:13.432 9 INFO neutron.db.ovn_revision_numbers_db [None req-49be2911-be69-4dc0-8bd0-5f42f443cf06 beb416cb4d6c4c2c86c937c74c4a7d89 f93715a81638435487bc6066a4a8fdcd - - - -] Successfully bumped revision number for resource df4a9bfc-4059-477b-879e-58ce2e186d32 (type: floatingips) to 2
2026-09-07 19:37:13.453 9 INFO neutron.wsgi [None req-49be2911-be69-4dc0-8bd0-5f42f443cf06 beb416cb4d6c4c2c86c937c74c4a7d89 f93715a81638435487bc6066a4a8fdcd - - - -] 10.0.0.71 "PUT /v2.0/floatingips/df4a9bfc-4059-477b-879e-58ce2e186d32 HTTP/1.1" status: 200 len: 1049 time: 0.8160839
2026-09-07 19:37:13.468 10 INFO neutron.wsgi [req-959d6742-686d-4cad-9659-3bb68df997bc req-1595bece-8b68-4d78-8c56-4969ffec6c72 0e8eb041faf54719b0f59782468b9f0b 0d4ce962add54f139739bc6c4758137b - - 33fbe5dc6d4948b2b237b1c417458761 33fbe5dc6d4948b2b237b1c417458761] 162.253.55.54 "GET /v2.0/networks/ca51d357-56ac-4b9a-a17d-f2c4b9ef25df?fields=segments HTTP/1.1" status: 200 len: 212 time: 0.1273119
2026-09-07 19:37:13.494 10 WARNING neutron.scheduler.dhcp_agent_scheduler [None req-13087517-f9e9-4f15-9bea-fa376b983ba9 be4c7b750f6e4c10b12c5be3e6780054 a1c8faff9dcf4cc99206ef1640c47500 - - - -] No more DHCP agents
2026-09-07 19:37:13.500 10 WARNING neutron.api.rpc.agentnotifiers.dhcp_rpc_agent_api [None req-13087517-f9e9-4f15-9bea-fa376b983ba9 be4c7b750f6e4c10b12c5be3e6780054 a1c8faff9dcf4cc99206ef1640c47500 - - - -] Unable to schedule network fab92334-deff-4696-88c0-562ffd971fee: no agents available; will retry on subsequent port and subnet creation events.
2026-09-07 19:37:13.537 10 INFO neutron.wsgi [req-959d6742-686d-4cad-9659-3bb68df997bc req-e5a0257b-5aea-4e5b-835a-c70349fb8a21 0e8eb041faf54719b0f59782468b9f0b 0d4ce962add54f139739bc6c4758137b - - 33fbe5dc6d4948b2b237b1c417458761 33fbe5dc6d4948b2b237b1c417458761] 162.253.55.54 "GET /v2.0/networks/ca51d357-56ac-4b9a-a17d-f2c4b9ef25df?fields=provider%3Aphysical_network&fields=provider%3Anetwork_type HTTP/1.1" status: 200 len: 277 time: 0.0538843
2026-09-07 19:37:13.560 10 INFO neutron.db.segments_db [None req-46870935-5b82-4c4f-b9c6-a7de9114d6f6 0fd5c463f2904242b325b16562f81f0b 6574f9ca995b4b8fbe53a3a9375f48c5 - - - -] Added segment 44033b14-47ca-4c42-917c-7e171a1814f3 of type geneve for network 9978b4e9-0961-42ee-bd87-3cc2b45d67d4
2026-09-07 19:37:13.753 10 INFO neutron.db.ovn_revision_numbers_db [None req-13087517-f9e9-4f15-9bea-fa376b983ba9 be4c7b750f6e4c10b12c5be3e6780054 a1c8faff9dcf4cc99206ef1640c47500 - - - -] Successfully bumped revision number for resource 5ff0750d-9603-406e-aca1-369bc231d6c3 (type: ports) to 1
2026-09-07 19:37:13.759 10 INFO neutron.db.ovn_revision_numbers_db [None req-46870935-5b82-4c4f-b9c6-a7de9114d6f6 0fd5c463f2904242b325b16562f81f0b 6574f9ca995b4b8fbe53a3a9375f48c5 - - - -] Successfully bumped revision number for resource 9978b4e9-0961-42ee-bd87-3cc2b45d67d4 (type: networks) to 1
2026-09-07 19:37:13.874 9 INFO neutron.notifiers.nova [-] Nova event matching ['req-af317d72-445a-4188-84fa-b2ad31900663'] response: {'name': 'network-changed', 'server_uuid': 'd4d30848-f344-40ee-9487-5f22eef310b7', 'tag': 'a640cdc6-5230-4576-bcd2-f4c9caa18d2a', 'status': 'completed', 'code': 200}
2026-09-07 19:37:14.126 10 INFO neutron.wsgi [req-377b1c84-f2cb-4e5c-aa49-eadfe28a36a0 req-da97ed17-cc56-4cc6-b04d-b6b90209ab87 0e8eb041faf54719b0f59782468b9f0b 0d4ce962add54f139739bc6c4758137b - - 33fbe5dc6d4948b2b237b1c417458761 33fbe5dc6d4948b2b237b1c417458761] 162.253.55.54 "GET /v2.0/ports?tenant_id=f93715a81638435487bc6066a4a8fdcd&device_id=d4d30848-f344-40ee-9487-5f22eef310b7 HTTP/1.1" status: 200 len: 1361 time: 0.0594740
2026-09-07 19:37:14.281 10 INFO neutron.wsgi [req-377b1c84-f2cb-4e5c-aa49-eadfe28a36a0 req-aaf02183-55d3-43e1-ba74-7c2797931e75 0e8eb041faf54719b0f59782468b9f0b 0d4ce962add54f139739bc6c4758137b - - 33fbe5dc6d4948b2b237b1c417458761 33fbe5dc6d4948b2b237b1c417458761] 162.253.55.54 "GET /v2.0/networks?id=ca51d357-56ac-4b9a-a17d-f2c4b9ef25df HTTP/1.1" status: 200 len: 972 time: 0.1367352
2026-09-07 19:37:14.352 10 INFO neutron.wsgi [req-377b1c84-f2cb-4e5c-aa49-eadfe28a36a0 req-fa6a40f6-86f8-4a27-b937-ef316b8653f0 0e8eb041faf54719b0f59782468b9f0b 0d4ce962add54f139739bc6c4758137b - - 33fbe5dc6d4948b2b237b1c417458761 33fbe5dc6d4948b2b237b1c417458761] 162.253.55.54 "GET /v2.0/floatingips?fixed_ip_address=10.100.0.3&port_id=a640cdc6-5230-4576-bcd2-f4c9caa18d2a HTTP/1.1" status: 200 len: 1059 time: 0.0650785
2026-09-07 19:37:14.373 10 WARNING neutron.scheduler.dhcp_agent_scheduler [None req-46870935-5b82-4c4f-b9c6-a7de9114d6f6 0fd5c463f2904242b325b16562f81f0b 6574f9ca995b4b8fbe53a3a9375f48c5 - - - -] No more DHCP agents
2026-09-07 19:37:14.380 10 WARNING neutron.api.rpc.agentnotifiers.dhcp_rpc_agent_api [None req-46870935-5b82-4c4f-b9c6-a7de9114d6f6 0fd5c463f2904242b325b16562f81f0b 6574f9ca995b4b8fbe53a3a9375f48c5 - - - -] Unable to schedule network 9978b4e9-0961-42ee-bd87-3cc2b45d67d4: no agents available; will retry on subsequent port and subnet creation events.
2026-09-07 19:37:14.429 10 INFO neutron.wsgi [req-377b1c84-f2cb-4e5c-aa49-eadfe28a36a0 req-766efb01-d503-4f55-ae27-af9c5a91b12b 0e8eb041faf54719b0f59782468b9f0b 0d4ce962add54f139739bc6c4758137b - - 33fbe5dc6d4948b2b237b1c417458761 33fbe5dc6d4948b2b237b1c417458761] 162.253.55.54 "GET /v2.0/subnets?id=abdae909-8886-4ba5-843e-de3c94491696 HTTP/1.1" status: 200 len: 867 time: 0.0707901
2026-09-07 19:37:14.471 10 INFO neutron.wsgi [req-377b1c84-f2cb-4e5c-aa49-eadfe28a36a0 req-062e6376-c068-4306-ae29-81102c5b1e38 0e8eb041faf54719b0f59782468b9f0b 0d4ce962add54f139739bc6c4758137b - - 33fbe5dc6d4948b2b237b1c417458761 33fbe5dc6d4948b2b237b1c417458761] 162.253.55.54 "GET /v2.0/ports?network_id=ca51d357-56ac-4b9a-a17d-f2c4b9ef25df&device_owner=network%3Adhcp HTTP/1.1" status: 200 len: 210 time: 0.0288439
2026-09-07 19:37:14.494 10 INFO neutron.db.ovn_revision_numbers_db [None req-46870935-5b82-4c4f-b9c6-a7de9114d6f6 0fd5c463f2904242b325b16562f81f0b 6574f9ca995b4b8fbe53a3a9375f48c5 - - - -] Successfully bumped revision number for resource 058753c1-6e3e-42e9-b56b-de7421516338 (type: ports) to 1
2026-09-07 19:37:14.551 10 INFO neutron.wsgi [None req-46870935-5b82-4c4f-b9c6-a7de9114d6f6 0fd5c463f2904242b325b16562f81f0b 6574f9ca995b4b8fbe53a3a9375f48c5 - - - -] 10.0.0.71 "POST /v2.0/networks HTTP/1.1" status: 201 len: 833 time: 1.1123443
2026-09-07 19:37:14.557 10 INFO neutron.wsgi [req-377b1c84-f2cb-4e5c-aa49-eadfe28a36a0 req-62fbef9a-7383-43d7-b6fc-aa8b0e2dafc4 0e8eb041faf54719b0f59782468b9f0b 0d4ce962add54f139739bc6c4758137b - - 33fbe5dc6d4948b2b237b1c417458761 33fbe5dc6d4948b2b237b1c417458761] 162.253.55.54 "GET /v2.0/networks/ca51d357-56ac-4b9a-a17d-f2c4b9ef25df?fields=segments HTTP/1.1" status: 200 len: 212 time: 0.0714045
2026-09-07 19:37:14.648 10 INFO neutron.wsgi [req-377b1c84-f2cb-4e5c-aa49-eadfe28a36a0 req-d7908f2c-8c04-4e94-95d2-6a12ab25a481 0e8eb041faf54719b0f59782468b9f0b 0d4ce962add54f139739bc6c4758137b - - 33fbe5dc6d4948b2b237b1c417458761 33fbe5dc6d4948b2b237b1c417458761] 162.253.55.54 "GET /v2.0/networks/ca51d357-56ac-4b9a-a17d-f2c4b9ef25df?fields=provider%3Aphysical_network&fields=provider%3Anetwork_type HTTP/1.1" status: 200 len: 277 time: 0.0810723
2026-09-07 19:37:14.895 10 WARNING neutron.scheduler.dhcp_agent_scheduler [None req-09f782be-f910-4919-a6c7-fe00b4e671cf 0fd5c463f2904242b325b16562f81f0b 6574f9ca995b4b8fbe53a3a9375f48c5 - - - -] No more DHCP agents
2026-09-07 19:37:14.898 10 WARNING neutron.api.rpc.agentnotifiers.dhcp_rpc_agent_api [None req-09f782be-f910-4919-a6c7-fe00b4e671cf 0fd5c463f2904242b325b16562f81f0b 6574f9ca995b4b8fbe53a3a9375f48c5 - - - -] Unable to schedule network d47b138e-8ccb-4476-8025-8ee7878d8cf1: no agents available; will retry on subsequent port and subnet creation events.
2026-09-07 19:37:14.913 9 INFO neutron.plugins.ml2.drivers.ovn.mech_driver.mech_driver [None req-0242f3b1-08cb-4d5e-af0c-c40e13a1f8d0 - - - - - -] OVN reports status up for port: 5ff0750d-9603-406e-aca1-369bc231d6c3
2026-09-07 19:37:14.924 10 INFO neutron.db.ovn_revision_numbers_db [None req-09f782be-f910-4919-a6c7-fe00b4e671cf 0fd5c463f2904242b325b16562f81f0b 6574f9ca995b4b8fbe53a3a9375f48c5 - - - -] Successfully bumped revision number for resource 0a7429ae-c080-4831-b10b-707cea78406e (type: subnets) to 0
2026-09-07 19:37:14.929 10 INFO neutron.db.ovn_revision_numbers_db [None req-13087517-f9e9-4f15-9bea-fa376b983ba9 be4c7b750f6e4c10b12c5be3e6780054 a1c8faff9dcf4cc99206ef1640c47500 - - - -] Successfully bumped revision number for resource 5ff0750d-9603-406e-aca1-369bc231d6c3 (type: router_ports) to 1
2026-09-07 19:37:14.932 9 INFO neutron.plugins.ml2.drivers.ovn.mech_driver.ovsdb.ovsdb_monitor [None req-302e45d9-041d-4ffb-ad29-c7c54bf92cfe - - - - - -] Router 9c4e822b-aba2-4931-8652-c89e6bfd0793 is bound to host instance
2026-09-07 19:37:14.949 9 INFO neutron.plugins.ml2.plugin [None req-0242f3b1-08cb-4d5e-af0c-c40e13a1f8d0 - - - - - -] Attempt 1 to provision port 5ff0750d-9603-406e-aca1-369bc231d6c3
2026-09-07 19:37:14.994 10 INFO neutron.wsgi [None req-09f782be-f910-4919-a6c7-fe00b4e671cf 0fd5c463f2904242b325b16562f81f0b 6574f9ca995b4b8fbe53a3a9375f48c5 - - - -] 10.0.0.71 "POST /v2.0/subnets HTTP/1.1" status: 201 len: 821 time: 0.4383404
2026-09-07 19:37:15.067 10 INFO neutron.db.ovn_revision_numbers_db [None req-13087517-f9e9-4f15-9bea-fa376b983ba9 be4c7b750f6e4c10b12c5be3e6780054 a1c8faff9dcf4cc99206ef1640c47500 - - - -] Successfully bumped revision number for resource 9c4e822b-aba2-4931-8652-c89e6bfd0793 (type: routers) to 3
2026-09-07 19:37:15.090 10 INFO neutron.wsgi [None req-13087517-f9e9-4f15-9bea-fa376b983ba9 be4c7b750f6e4c10b12c5be3e6780054 a1c8faff9dcf4cc99206ef1640c47500 - - - -] 10.0.0.71 "POST /v2.0/routers HTTP/1.1" status: 201 len: 875 time: 2.3119123
2026-09-07 19:37:15.247 10 WARNING neutron.scheduler.dhcp_agent_scheduler [None req-26f6d3ef-88f5-4d65-9460-53b7d8c0deb5 0fd5c463f2904242b325b16562f81f0b 6574f9ca995b4b8fbe53a3a9375f48c5 - - - -] No more DHCP agents
2026-09-07 19:37:15.250 10 WARNING neutron.api.rpc.agentnotifiers.dhcp_rpc_agent_api [None req-26f6d3ef-88f5-4d65-9460-53b7d8c0deb5 0fd5c463f2904242b325b16562f81f0b 6574f9ca995b4b8fbe53a3a9375f48c5 - - - -] Unable to schedule network 9978b4e9-0961-42ee-bd87-3cc2b45d67d4: no agents available; will retry on subsequent port and subnet creation events.
2026-09-07 19:37:15.285 10 INFO neutron.wsgi [None req-edafdea8-64da-4026-ae05-a11be8615b27 8831179c7013429cafe304e1f48fa476 b5db2e7fa3c34422a89d0d57e660d6ac - - default default] 10.0.0.71 "GET /v2.0/subnets?project_id=a1c8faff9dcf4cc99206ef1640c47500&cidr=10.100.0.0%2F28 HTTP/1.1" status: 200 len: 207 time: 0.1881788
2026-09-07 19:37:15.290 10 INFO neutron.db.ovn_revision_numbers_db [None req-26f6d3ef-88f5-4d65-9460-53b7d8c0deb5 0fd5c463f2904242b325b16562f81f0b 6574f9ca995b4b8fbe53a3a9375f48c5 - - - -] Successfully bumped revision number for resource 411809f5-c885-43f2-b1ea-ba2cac85c421 (type: subnets) to 0 /var/lib/openstack/lib/python3.10/site-packages/pycadf/identifier.py:71: UserWarning: Invalid uuid: neutron. To ensure interoperability, identifiers should be a valid uuid. warnings.warn(('Invalid uuid: %s. To ensure interoperability, '
2026-09-07 19:37:15.314 9 INFO neutron.wsgi [None req-9b274cb2-e5f0-483b-8214-96b0e8853cbd 85d7fef02b8b407e963666c32fd750a8 a59f1c539e2643d2813aac818c64fbd4 - - default default] 10.0.0.153 "GET /v2.0/extensions HTTP/1.1" status: 200 len: 16525 time: 0.3402238
2026-09-07 19:37:15.319 10 INFO neutron.wsgi [None req-26f6d3ef-88f5-4d65-9460-53b7d8c0deb5 0fd5c463f2904242b325b16562f81f0b 6574f9ca995b4b8fbe53a3a9375f48c5 - - - -] 10.0.0.71 "POST /v2.0/subnets HTTP/1.1" status: 201 len: 830 time: 0.3181703
2026-09-07 19:37:15.400 10 INFO neutron.wsgi [None req-eebb1a48-b475-4dab-b6c3-8a61160dc3c5 8831179c7013429cafe304e1f48fa476 b5db2e7fa3c34422a89d0d57e660d6ac - - default default] 10.0.0.71 "GET /v2.0/networks?router%3Aexternal=True HTTP/1.1" status: 200 len: 947 time: 0.1071231
2026-09-07 19:37:15.491 9 INFO neutron.wsgi [None req-28981803-f9c2-4502-98b6-8f554dc3a1cd 85d7fef02b8b407e963666c32fd750a8 a59f1c539e2643d2813aac818c64fbd4 - - default default] 10.0.0.153 "GET /v2.0/quotas/a59f1c539e2643d2813aac818c64fbd4/details HTTP/1.1" status: 200 len: 756 time: 0.1610291
2026-09-07 19:37:15.657 9 INFO neutron.db.ovn_revision_numbers_db [None req-302e45d9-041d-4ffb-ad29-c7c54bf92cfe - - - - - -] Successfully bumped revision number for resource 5ff0750d-9603-406e-aca1-369bc231d6c3 (type: ports) to 1
2026-09-07 19:37:15.673 10 INFO neutron.wsgi [None req-cfeab5e2-1a9b-45dd-9b96-d2622b0913cf 8831179c7013429cafe304e1f48fa476 b5db2e7fa3c34422a89d0d57e660d6ac - - default default] 10.0.0.71 "GET /v2.0/subnets?network_id=fab92334-deff-4696-88c0-562ffd971fee&cidr=10.100.0.0%2F28 HTTP/1.1" status: 200 len: 207 time: 0.2669396
2026-09-07 19:37:15.769 10 INFO neutron.db.ovn_revision_numbers_db [None req-fb77803b-7356-4ee3-aac3-1a756cd5d66b 0fd5c463f2904242b325b16562f81f0b 6574f9ca995b4b8fbe53a3a9375f48c5 - - - -] Successfully bumped revision number for resource 3b2e27d3-df56-43e6-87af-75c2479c4030 (type: routers) to 1
2026-09-07 19:37:15.780 10 INFO neutron.wsgi [None req-fb77803b-7356-4ee3-aac3-1a756cd5d66b 0fd5c463f2904242b325b16562f81f0b 6574f9ca995b4b8fbe53a3a9375f48c5 - - - -] 10.0.0.71 "POST /v2.0/routers HTTP/1.1" status: 201 len: 691 time: 0.4557059
2026-09-07 19:37:15.973 9 INFO neutron.db.ovn_revision_numbers_db [None req-302e45d9-041d-4ffb-ad29-c7c54bf92cfe - - - - - -] Successfully bumped revision number for resource 5ff0750d-9603-406e-aca1-369bc231d6c3 (type: router_ports) to 3
2026-09-07 19:37:15.984 9 WARNING neutron.scheduler.dhcp_agent_scheduler [None req-c2b929a0-d10e-4c00-944a-eacaba513b53 be4c7b750f6e4c10b12c5be3e6780054 a1c8faff9dcf4cc99206ef1640c47500 - - - -] No more DHCP agents
2026-09-07 19:37:15.996 9 WARNING neutron.api.rpc.agentnotifiers.dhcp_rpc_agent_api [None req-c2b929a0-d10e-4c00-944a-eacaba513b53 be4c7b750f6e4c10b12c5be3e6780054 a1c8faff9dcf4cc99206ef1640c47500 - - - -] Unable to schedule network 0c1ee907-85cf-4787-ae3f-b8bb06a6c374: no agents available; will retry on subsequent port and subnet creation events.
2026-09-07 19:37:16.162 10 WARNING neutron.scheduler.dhcp_agent_scheduler [None req-cafb0e8c-0a6a-4f31-a761-3191caf34318 0fd5c463f2904242b325b16562f81f0b 6574f9ca995b4b8fbe53a3a9375f48c5 - - default default] No more DHCP agents
2026-09-07 19:37:16.166 10 WARNING neutron.api.rpc.agentnotifiers.dhcp_rpc_agent_api [None req-cafb0e8c-0a6a-4f31-a761-3191caf34318 0fd5c463f2904242b325b16562f81f0b 6574f9ca995b4b8fbe53a3a9375f48c5 - - default default] Unable to schedule network d47b138e-8ccb-4476-8025-8ee7878d8cf1: no agents available; will retry on subsequent port and subnet creation events.
2026-09-07 19:37:16.201 9 INFO neutron.db.ovn_revision_numbers_db [None req-302e45d9-041d-4ffb-ad29-c7c54bf92cfe - - - - - -] Successfully bumped revision number for resource 5ff0750d-9603-406e-aca1-369bc231d6c3 (type: ports) to 2
2026-09-07 19:37:16.236 10 INFO neutron.db.ovn_revision_numbers_db [None req-cafb0e8c-0a6a-4f31-a761-3191caf34318 0fd5c463f2904242b325b16562f81f0b 6574f9ca995b4b8fbe53a3a9375f48c5 - - default default] Successfully bumped revision number for resource 9d8f31c4-b15d-466c-a621-061d2b8fe521 (type: ports) to 1
2026-09-07 19:37:16.519 9 INFO neutron.db.ovn_revision_numbers_db [None req-302e45d9-041d-4ffb-ad29-c7c54bf92cfe - - - - - -] Successfully bumped revision number for resource 5ff0750d-9603-406e-aca1-369bc231d6c3 (type: ports) to 4
2026-09-07 19:37:16.525 10 INFO neutron.plugins.ml2.drivers.ovn.mech_driver.mech_driver [None req-ea558bcb-47c6-47d1-a81e-eab1a0de4c74 - - - - - -] OVN reports status up for port: 9d8f31c4-b15d-466c-a621-061d2b8fe521
2026-09-07 19:37:16.533 10 INFO neutron.db.ovn_revision_numbers_db [None req-cafb0e8c-0a6a-4f31-a761-3191caf34318 0fd5c463f2904242b325b16562f81f0b 6574f9ca995b4b8fbe53a3a9375f48c5 - - default default] Successfully bumped revision number for resource 9d8f31c4-b15d-466c-a621-061d2b8fe521 (type: router_ports) to 2
2026-09-07 19:37:16.537 10 INFO neutron.plugins.ml2.plugin [None req-ea558bcb-47c6-47d1-a81e-eab1a0de4c74 - - - - - -] Attempt 1 to provision port 9d8f31c4-b15d-466c-a621-061d2b8fe521
2026-09-07 19:37:16.613 9 INFO neutron.db.ovn_revision_numbers_db [None req-c2b929a0-d10e-4c00-944a-eacaba513b53 be4c7b750f6e4c10b12c5be3e6780054 a1c8faff9dcf4cc99206ef1640c47500 - - - -] Successfully bumped revision number for resource 6b394086-e405-4367-851f-47a04cbb0f5c (type: ports) to 2
2026-09-07 19:37:16.643 9 INFO neutron.db.ovn_revision_numbers_db [None req-c2b929a0-d10e-4c00-944a-eacaba513b53 be4c7b750f6e4c10b12c5be3e6780054 a1c8faff9dcf4cc99206ef1640c47500 - - - -] Successfully bumped revision number for resource 6b984639-99c7-4908-9acd-59e53555612d (type: subnets) to 0
2026-09-07 19:37:16.670 9 INFO neutron.wsgi [None req-c2b929a0-d10e-4c00-944a-eacaba513b53 be4c7b750f6e4c10b12c5be3e6780054 a1c8faff9dcf4cc99206ef1640c47500 - - - -] 10.0.0.71 "POST /v2.0/subnets HTTP/1.1" status: 201 len: 832 time: 0.9906728
2026-09-07 19:37:16.689 10 INFO neutron.db.ovn_revision_numbers_db [None req-cafb0e8c-0a6a-4f31-a761-3191caf34318 0fd5c463f2904242b325b16562f81f0b 6574f9ca995b4b8fbe53a3a9375f48c5 - - default default] Successfully bumped revision number for resource 9d8f31c4-b15d-466c-a621-061d2b8fe521 (type: ports) to 2
2026-09-07 19:37:16.760 9 INFO neutron.db.ovn_revision_numbers_db [None req-302e45d9-041d-4ffb-ad29-c7c54bf92cfe - - - - - -] Successfully bumped revision number for resource 5ff0750d-9603-406e-aca1-369bc231d6c3 (type: router_ports) to 4
2026-09-07 19:37:16.806 10 WARNING neutron.scheduler.dhcp_agent_scheduler [None req-cafb0e8c-0a6a-4f31-a761-3191caf34318 0fd5c463f2904242b325b16562f81f0b 6574f9ca995b4b8fbe53a3a9375f48c5 - - default default] No more DHCP agents
2026-09-07 19:37:16.809 10 WARNING neutron.api.rpc.agentnotifiers.dhcp_rpc_agent_api [None req-cafb0e8c-0a6a-4f31-a761-3191caf34318 0fd5c463f2904242b325b16562f81f0b 6574f9ca995b4b8fbe53a3a9375f48c5 - - default default] Unable to schedule network d47b138e-8ccb-4476-8025-8ee7878d8cf1: no agents available; will retry on subsequent port and subnet creation events.
2026-09-07 19:37:16.947 10 INFO neutron.db.ovn_revision_numbers_db [None req-ea558bcb-47c6-47d1-a81e-eab1a0de4c74 - - - - - -] Successfully bumped revision number for resource 9d8f31c4-b15d-466c-a621-061d2b8fe521 (type: ports) to 3
2026-09-07 19:37:17.048 10 INFO neutron.db.ovn_revision_numbers_db [None req-cafb0e8c-0a6a-4f31-a761-3191caf34318 0fd5c463f2904242b325b16562f81f0b 6574f9ca995b4b8fbe53a3a9375f48c5 - - - -] Successfully bumped revision number for resource 9d8f31c4-b15d-466c-a621-061d2b8fe521 (type: router_ports) to 3
2026-09-07 19:37:17.050 10 INFO neutron.wsgi [None req-cafb0e8c-0a6a-4f31-a761-3191caf34318 0fd5c463f2904242b325b16562f81f0b 6574f9ca995b4b8fbe53a3a9375f48c5 - - - -] 10.0.0.71 "PUT /v2.0/routers/3b2e27d3-df56-43e6-87af-75c2479c4030/add_router_interface HTTP/1.1" status: 200 len: 503 time: 1.2635651
2026-09-07 19:37:17.174 9 INFO neutron.wsgi [None req-c0a91101-059a-4923-bfda-d373446f0c69 0fd5c463f2904242b325b16562f81f0b 6574f9ca995b4b8fbe53a3a9375f48c5 - - default default] 10.0.0.71 "GET /v2.0/ports/9d8f31c4-b15d-466c-a621-061d2b8fe521 HTTP/1.1" status: 200 len: 1141 time: 0.1126842
2026-09-07 19:37:17.204 9 WARNING neutron.scheduler.dhcp_agent_scheduler [None req-ac2eadc0-c51d-4f66-bfc9-83cd95b8b819 be4c7b750f6e4c10b12c5be3e6780054 a1c8faff9dcf4cc99206ef1640c47500 - - default default] No more DHCP agents
2026-09-07 19:37:17.206 9 WARNING neutron.api.rpc.agentnotifiers.dhcp_rpc_agent_api [None req-ac2eadc0-c51d-4f66-bfc9-83cd95b8b819 be4c7b750f6e4c10b12c5be3e6780054 a1c8faff9dcf4cc99206ef1640c47500 - - default default] Unable to schedule network 0c1ee907-85cf-4787-ae3f-b8bb06a6c374: no agents available; will retry on subsequent port and subnet creation events.
2026-09-07 19:37:17.318 9 INFO neutron.db.ovn_revision_numbers_db [None req-ac2eadc0-c51d-4f66-bfc9-83cd95b8b819 be4c7b750f6e4c10b12c5be3e6780054 a1c8faff9dcf4cc99206ef1640c47500 - - default default] Successfully bumped revision number for resource f3c030ad-c2a4-4929-b96e-7a70290aa6fc (type: ports) to 1
2026-09-07 19:37:17.798 9 INFO neutron.wsgi [None req-3d38247a-800f-4f4a-9fbf-109ff0c48cd0 85d7fef02b8b407e963666c32fd750a8 a59f1c539e2643d2813aac818c64fbd4 - - default default] 10.0.0.153 "GET /v2.0/extensions HTTP/1.1" status: 200 len: 16525 time: 0.0239375
2026-09-07 19:37:17.928 10 WARNING neutron.scheduler.dhcp_agent_scheduler [None req-d5ef5a0c-f254-46d0-a566-731e023a1db6 0fd5c463f2904242b325b16562f81f0b 6574f9ca995b4b8fbe53a3a9375f48c5 - - default default] No more DHCP agents
2026-09-07 19:37:17.932 10 WARNING neutron.api.rpc.agentnotifiers.dhcp_rpc_agent_api [None req-d5ef5a0c-f254-46d0-a566-731e023a1db6 0fd5c463f2904242b325b16562f81f0b 6574f9ca995b4b8fbe53a3a9375f48c5 - - default default] Unable to schedule network 9978b4e9-0961-42ee-bd87-3cc2b45d67d4: no agents available; will retry on subsequent port and subnet creation events.
2026-09-07 19:37:17.962 10 INFO neutron.wsgi [None req-35fd3757-f4c2-4e3e-9316-69a562d7b018 85d7fef02b8b407e963666c32fd750a8 a59f1c539e2643d2813aac818c64fbd4 - - default default] 10.0.0.153 "GET /v2.0/quotas/a59f1c539e2643d2813aac818c64fbd4/details HTTP/1.1" status: 200 len: 756 time: 0.1458185
2026-09-07 19:37:18.030 10 INFO neutron.db.ovn_revision_numbers_db [None req-d5ef5a0c-f254-46d0-a566-731e023a1db6 0fd5c463f2904242b325b16562f81f0b 6574f9ca995b4b8fbe53a3a9375f48c5 - - default default] Successfully bumped revision number for resource 1153e66e-b729-43c8-9014-43e06f16e6f1 (type: ports) to 1
2026-09-07 19:37:18.087 9 INFO neutron.db.ovn_revision_numbers_db [None req-ac2eadc0-c51d-4f66-bfc9-83cd95b8b819 be4c7b750f6e4c10b12c5be3e6780054 a1c8faff9dcf4cc99206ef1640c47500 - - default default] Successfully bumped revision number for resource f3c030ad-c2a4-4929-b96e-7a70290aa6fc (type: router_ports) to 2
2026-09-07 19:37:18.209 9 INFO neutron.db.ovn_revision_numbers_db [None req-ac2eadc0-c51d-4f66-bfc9-83cd95b8b819 be4c7b750f6e4c10b12c5be3e6780054 a1c8faff9dcf4cc99206ef1640c47500 - - default default] Successfully bumped revision number for resource f3c030ad-c2a4-4929-b96e-7a70290aa6fc (type: ports) to 2
2026-09-07 19:37:18.262 9 WARNING neutron.scheduler.dhcp_agent_scheduler [None req-ac2eadc0-c51d-4f66-bfc9-83cd95b8b819 be4c7b750f6e4c10b12c5be3e6780054 a1c8faff9dcf4cc99206ef1640c47500 - - default default] No more DHCP agents
2026-09-07 19:37:18.263 9 WARNING neutron.api.rpc.agentnotifiers.dhcp_rpc_agent_api [None req-ac2eadc0-c51d-4f66-bfc9-83cd95b8b819 be4c7b750f6e4c10b12c5be3e6780054 a1c8faff9dcf4cc99206ef1640c47500 - - default default] Unable to schedule network 0c1ee907-85cf-4787-ae3f-b8bb06a6c374: no agents available; will retry on subsequent port and subnet creation events.
2026-09-07 19:37:18.510 10 INFO neutron.db.ovn_revision_numbers_db [None req-d5ef5a0c-f254-46d0-a566-731e023a1db6 0fd5c463f2904242b325b16562f81f0b 6574f9ca995b4b8fbe53a3a9375f48c5 - - default default] Successfully bumped revision number for resource 1153e66e-b729-43c8-9014-43e06f16e6f1 (type: router_ports) to 2
2026-09-07 19:37:18.522 9 INFO neutron.db.ovn_revision_numbers_db [None req-ac2eadc0-c51d-4f66-bfc9-83cd95b8b819 be4c7b750f6e4c10b12c5be3e6780054 a1c8faff9dcf4cc99206ef1640c47500 - - - -] Successfully bumped revision number for resource f3c030ad-c2a4-4929-b96e-7a70290aa6fc (type: router_ports) to 2
2026-09-07 19:37:18.523 9 INFO neutron.wsgi [None req-ac2eadc0-c51d-4f66-bfc9-83cd95b8b819 be4c7b750f6e4c10b12c5be3e6780054 a1c8faff9dcf4cc99206ef1640c47500 - - - -] 10.0.0.71 "PUT /v2.0/routers/9c4e822b-aba2-4931-8652-c89e6bfd0793/add_router_interface HTTP/1.1" status: 200 len: 503 time: 1.8490820
2026-09-07 19:37:18.595 9 INFO neutron.wsgi [None req-110b7511-029e-468b-ad58-0ac267054327 8831179c7013429cafe304e1f48fa476 b5db2e7fa3c34422a89d0d57e660d6ac - - default default] 10.0.0.71 "GET /v2.0/networks HTTP/1.1" status: 200 len: 5367 time: 0.0657220
2026-09-07 19:37:18.604 10 INFO neutron.db.ovn_revision_numbers_db [None req-d5ef5a0c-f254-46d0-a566-731e023a1db6 0fd5c463f2904242b325b16562f81f0b 6574f9ca995b4b8fbe53a3a9375f48c5 - - default default] Successfully bumped revision number for resource 1153e66e-b729-43c8-9014-43e06f16e6f1 (type: ports) to 2
2026-09-07 19:37:18.626 9 INFO neutron.wsgi [None req-0403776e-d721-410e-a8bc-0d3f2ee0ff1f 8831179c7013429cafe304e1f48fa476 b5db2e7fa3c34422a89d0d57e660d6ac - - default default] 10.0.0.71 "GET /v2.0/subnets HTTP/1.1" status: 200 len: 4021 time: 0.0253139
2026-09-07 19:37:18.662 10 WARNING neutron.scheduler.dhcp_agent_scheduler [None req-d5ef5a0c-f254-46d0-a566-731e023a1db6 0fd5c463f2904242b325b16562f81f0b 6574f9ca995b4b8fbe53a3a9375f48c5 - - default default] No more DHCP agents
2026-09-07 19:37:18.664 10 WARNING neutron.api.rpc.agentnotifiers.dhcp_rpc_agent_api [None req-d5ef5a0c-f254-46d0-a566-731e023a1db6 0fd5c463f2904242b325b16562f81f0b 6574f9ca995b4b8fbe53a3a9375f48c5 - - default default] Unable to schedule network 9978b4e9-0961-42ee-bd87-3cc2b45d67d4: no agents available; will retry on subsequent port and subnet creation events.
2026-09-07 19:37:18.691 9 INFO neutron.wsgi [None req-8c2d9d02-e4c4-433e-b879-487e24041685 8831179c7013429cafe304e1f48fa476 b5db2e7fa3c34422a89d0d57e660d6ac - - default default] 10.0.0.71 "GET /v2.0/routers HTTP/1.1" status: 200 len: 2040 time: 0.0541766
2026-09-07 19:37:18.797 10 INFO neutron.db.ovn_revision_numbers_db [None req-d5ef5a0c-f254-46d0-a566-731e023a1db6 0fd5c463f2904242b325b16562f81f0b 6574f9ca995b4b8fbe53a3a9375f48c5 - - - -] Successfully bumped revision number for resource 1153e66e-b729-43c8-9014-43e06f16e6f1 (type: router_ports) to 2
2026-09-07 19:37:18.799 10 INFO neutron.wsgi [None req-d5ef5a0c-f254-46d0-a566-731e023a1db6 0fd5c463f2904242b325b16562f81f0b 6574f9ca995b4b8fbe53a3a9375f48c5 - - - -] 10.0.0.71 "PUT /v2.0/routers/3b2e27d3-df56-43e6-87af-75c2479c4030/add_router_interface HTTP/1.1" status: 200 len: 503 time: 1.6194205
2026-09-07 19:37:18.830 10 INFO neutron.wsgi [None req-142d3559-01ed-4633-881e-2066f7eae579 0fd5c463f2904242b325b16562f81f0b 6574f9ca995b4b8fbe53a3a9375f48c5 - - default default] 10.0.0.71 "GET /v2.0/ports/1153e66e-b729-43c8-9014-43e06f16e6f1 HTTP/1.1" status: 200 len: 1147 time: 0.0233519
2026-09-07 19:37:18.861 10 INFO neutron.wsgi [None req-066693b5-6ce3-4a83-bd6d-b039fee9d006 0fd5c463f2904242b325b16562f81f0b 6574f9ca995b4b8fbe53a3a9375f48c5 - - default default] 10.0.0.71 "GET /v2.0/ports/1153e66e-b729-43c8-9014-43e06f16e6f1 HTTP/1.1" status: 200 len: 1147 time: 0.0251837
2026-09-07 19:37:18.905 9 INFO neutron.db.ovn_revision_numbers_db [None req-7682de5f-df85-4db3-b911-e2a95c0ec2db be4c7b750f6e4c10b12c5be3e6780054 a1c8faff9dcf4cc99206ef1640c47500 - - - -] Successfully bumped revision number for resource cf70599d-3433-4bdf-a257-6fd37558db09 (type: security_groups) to 1
2026-09-07 19:37:18.923 9 INFO neutron.wsgi [None req-7682de5f-df85-4db3-b911-e2a95c0ec2db be4c7b750f6e4c10b12c5be3e6780054 a1c8faff9dcf4cc99206ef1640c47500 - - - -] 10.0.0.71 "POST /v2.0/security-groups HTTP/1.1" status: 201 len: 1809 time: 0.1332541
2026-09-07 19:37:19.054 10 INFO neutron.db.ovn_revision_numbers_db [None req-d4d48e36-c838-4908-b282-3e81a24b67bc be4c7b750f6e4c10b12c5be3e6780054 a1c8faff9dcf4cc99206ef1640c47500 - - - -] Successfully bumped revision number for resource fe6a8646-f6ab-4be3-8eef-912f883f2833 (type: security_group_rules) to 0
2026-09-07 19:37:19.081 10 INFO neutron.wsgi [None req-d4d48e36-c838-4908-b282-3e81a24b67bc be4c7b750f6e4c10b12c5be3e6780054 a1c8faff9dcf4cc99206ef1640c47500 - - - -] 10.0.0.71 "POST /v2.0/security-group-rules HTTP/1.1" status: 201 len: 764 time: 0.1546428
2026-09-07 19:37:19.183 10 INFO neutron.db.ovn_revision_numbers_db [None req-36b923bb-435e-4f36-a160-e485e4a94517 be4c7b750f6e4c10b12c5be3e6780054 a1c8faff9dcf4cc99206ef1640c47500 - - - -] Successfully bumped revision number for resource e4431783-8cd6-436b-881a-c5220db05802 (type: security_group_rules) to 0
2026-09-07 19:37:19.201 10 INFO neutron.wsgi [None req-36b923bb-435e-4f36-a160-e485e4a94517 be4c7b750f6e4c10b12c5be3e6780054 a1c8faff9dcf4cc99206ef1640c47500 - - - -] 10.0.0.71 "POST /v2.0/security-group-rules HTTP/1.1" status: 201 len: 763 time: 0.1148040
2026-09-07 19:37:19.302 10 INFO neutron.db.ovn_revision_numbers_db [None req-1b46846c-4897-4652-a7e1-15e1ef4f50d0 be4c7b750f6e4c10b12c5be3e6780054 a1c8faff9dcf4cc99206ef1640c47500 - - - -] Successfully bumped revision number for resource 430b4722-0384-403c-b909-c5a7b60dfe92 (type: security_group_rules) to 0
2026-09-07 19:37:19.320 10 INFO neutron.wsgi [None req-1b46846c-4897-4652-a7e1-15e1ef4f50d0 be4c7b750f6e4c10b12c5be3e6780054 a1c8faff9dcf4cc99206ef1640c47500 - - - -] 10.0.0.71 "POST /v2.0/security-group-rules HTTP/1.1" status: 201 len: 769 time: 0.1138120
2026-09-07 19:37:19.412 10 INFO neutron.db.ovn_revision_numbers_db [None req-6d8a0b5d-7921-49f6-88ac-06c9f8ef1771 be4c7b750f6e4c10b12c5be3e6780054 a1c8faff9dcf4cc99206ef1640c47500 - - - -] Successfully bumped revision number for resource 76a36d60-9eb9-415d-a5b2-03f7ba51fcee (type: security_group_rules) to 0
2026-09-07 19:37:19.431 10 INFO neutron.wsgi [None req-6d8a0b5d-7921-49f6-88ac-06c9f8ef1771 be4c7b750f6e4c10b12c5be3e6780054 a1c8faff9dcf4cc99206ef1640c47500 - - - -] 10.0.0.71 "POST /v2.0/security-group-rules HTTP/1.1" status: 201 len: 768 time: 0.1058068
2026-09-07 19:37:19.456 10 INFO neutron.db.securitygroups_db [None req-bd6e227d-1190-4286-a26c-2f6999c741e6 be4c7b750f6e4c10b12c5be3e6780054 a1c8faff9dcf4cc99206ef1640c47500 - - - -] Project a1c8faff9dcf4cc99206ef1640c47500 added a security group rule with legacy IPv6 ICMP protocol name icmp, ipv6-icmp should be used instead. It was automatically converted.
2026-09-07 19:37:19.522 10 INFO neutron.db.ovn_revision_numbers_db [None req-bd6e227d-1190-4286-a26c-2f6999c741e6 be4c7b750f6e4c10b12c5be3e6780054 a1c8faff9dcf4cc99206ef1640c47500 - - - -] Successfully bumped revision number for resource 968ac2f6-6920-43b3-9320-6456ece00449 (type: security_group_rules) to 0
2026-09-07 19:37:19.539 10 INFO neutron.wsgi [None req-bd6e227d-1190-4286-a26c-2f6999c741e6 be4c7b750f6e4c10b12c5be3e6780054 a1c8faff9dcf4cc99206ef1640c47500 - - - -] 10.0.0.71 "POST /v2.0/security-group-rules HTTP/1.1" status: 201 len: 774 time: 0.1020279
2026-09-07 19:37:19.562 10 INFO neutron.db.securitygroups_db [None req-d0202b36-96b1-47d8-b882-b52539ac311f be4c7b750f6e4c10b12c5be3e6780054 a1c8faff9dcf4cc99206ef1640c47500 - - - -] Project a1c8faff9dcf4cc99206ef1640c47500 added a security group rule with legacy IPv6 ICMP protocol name icmp, ipv6-icmp should be used instead. It was automatically converted.
2026-09-07 19:37:19.645 10 INFO neutron.db.ovn_revision_numbers_db [None req-d0202b36-96b1-47d8-b882-b52539ac311f be4c7b750f6e4c10b12c5be3e6780054 a1c8faff9dcf4cc99206ef1640c47500 - - - -] Successfully bumped revision number for resource ed6c794b-1b6f-433a-8578-68f927769bff (type: security_group_rules) to 0
2026-09-07 19:37:19.664 10 INFO neutron.wsgi [None req-d0202b36-96b1-47d8-b882-b52539ac311f be4c7b750f6e4c10b12c5be3e6780054 a1c8faff9dcf4cc99206ef1640c47500 - - - -] 10.0.0.71 "POST /v2.0/security-group-rules HTTP/1.1" status: 201 len: 773 time: 0.1178191
2026-09-07 19:37:19.913 10 INFO neutron.wsgi [None req-84435a2d-4121-4336-8fc3-87b55d0dc8e9 0fd5c463f2904242b325b16562f81f0b 6574f9ca995b4b8fbe53a3a9375f48c5 - - default default] 10.0.0.71 "GET /v2.0/ports/1153e66e-b729-43c8-9014-43e06f16e6f1 HTTP/1.1" status: 200 len: 1147 time: 0.0460441
2026-09-07 19:37:20.301 10 INFO neutron.wsgi [None req-f273b6b1-a177-4374-bd78-0d34e713c27a be4c7b750f6e4c10b12c5be3e6780054 a1c8faff9dcf4cc99206ef1640c47500 - - default default] 10.0.0.71 "GET /v2.0/networks HTTP/1.1" status: 200 len: 1493 time: 0.2631135
2026-09-07 19:37:20.439 10 INFO neutron.wsgi [req-4f150c8c-de0d-4686-99ca-0ff108ffe63b req-54af16d1-c808-477b-819f-2d0440eb5247 be4c7b750f6e4c10b12c5be3e6780054 a1c8faff9dcf4cc99206ef1640c47500 - - default default] 10.0.0.105 "GET /v2.0/security-groups?name=tempest-secgroup-smoke-955326692&fields=id&tenant_id=a1c8faff9dcf4cc99206ef1640c47500 HTTP/1.1" status: 200 len: 267 time: 0.0546896
2026-09-07 19:37:20.539 10 INFO neutron.wsgi [req-4f150c8c-de0d-4686-99ca-0ff108ffe63b req-5df06f52-7b15-4a8d-99a4-126de1cab0c6 be4c7b750f6e4c10b12c5be3e6780054 a1c8faff9dcf4cc99206ef1640c47500 - - default default] 10.0.0.105 "GET /v2.0/networks?id=0c1ee907-85cf-4787-ae3f-b8bb06a6c374 HTTP/1.1" status: 200 len: 860 time: 0.0929160
2026-09-07 19:37:20.560 10 INFO neutron.wsgi [req-4f150c8c-de0d-4686-99ca-0ff108ffe63b req-cd4506e0-fbef-411f-82c1-69a09ec85568 be4c7b750f6e4c10b12c5be3e6780054 a1c8faff9dcf4cc99206ef1640c47500 - - default default] 10.0.0.105 "GET /v2.0/quotas/a1c8faff9dcf4cc99206ef1640c47500 HTTP/1.1" status: 200 len: 386 time: 0.0136967
2026-09-07 19:37:20.575 10 INFO neutron.db.ovn_revision_numbers_db [None req-ac99a134-4d81-4d72-a620-0ed03049ad12 f16fbda23e4b48df8332802cb924689e 6a5969cc4cdc4172a876383eb2d183fe - - default default] Successfully bumped revision number for resource 0b97b58b-cc48-43f2-93db-68ef09e68cdd (type: security_groups) to 1
2026-09-07 19:37:20.605 10 INFO neutron.wsgi [None req-ac99a134-4d81-4d72-a620-0ed03049ad12 f16fbda23e4b48df8332802cb924689e 6a5969cc4cdc4172a876383eb2d183fe - - default default] 10.0.0.71 "GET /v2.0/security-groups?tenant_id=a59f1c539e2643d2813aac818c64fbd4&name=default HTTP/1.1" status: 200 len: 2996 time: 0.2886467
2026-09-07 19:37:20.661 10 INFO neutron.wsgi [req-4f150c8c-de0d-4686-99ca-0ff108ffe63b req-3879fb8d-e08f-4274-9267-c581a3045f68 be4c7b750f6e4c10b12c5be3e6780054 a1c8faff9dcf4cc99206ef1640c47500 - - default default] 10.0.0.105 "GET /v2.0/ports?tenant_id=a1c8faff9dcf4cc99206ef1640c47500&fields=id HTTP/1.1" status: 200 len: 302 time: 0.0939193
2026-09-07 19:37:20.734 10 INFO neutron.wsgi [req-4f150c8c-de0d-4686-99ca-0ff108ffe63b req-3feaef1b-8fce-42aa-8b4b-f30a8cc7a9f2 0e8eb041faf54719b0f59782468b9f0b 0d4ce962add54f139739bc6c4758137b - - 33fbe5dc6d4948b2b237b1c417458761 33fbe5dc6d4948b2b237b1c417458761] 10.0.0.105 "GET /v2.0/networks/0c1ee907-85cf-4787-ae3f-b8bb06a6c374?fields=segments HTTP/1.1" status: 200 len: 212 time: 0.0571206
2026-09-07 19:37:20.795 10 INFO neutron.wsgi [req-4f150c8c-de0d-4686-99ca-0ff108ffe63b req-4f3eb377-5681-499d-a690-a05deb1e1baa 0e8eb041faf54719b0f59782468b9f0b 0d4ce962add54f139739bc6c4758137b - - 33fbe5dc6d4948b2b237b1c417458761 33fbe5dc6d4948b2b237b1c417458761] 10.0.0.105 "GET /v2.0/networks/0c1ee907-85cf-4787-ae3f-b8bb06a6c374?fields=provider%3Aphysical_network&fields=provider%3Anetwork_type HTTP/1.1" status: 200 len: 277 time: 0.0531785
2026-09-07 19:37:20.837 10 INFO neutron.wsgi [None req-29b8d7f4-1e4e-4e7a-b9bb-a80fbb8a2980 f16fbda23e4b48df8332802cb924689e 6a5969cc4cdc4172a876383eb2d183fe - - - -] 10.0.0.71 "DELETE /v2.0/security-groups/0b97b58b-cc48-43f2-93db-68ef09e68cdd HTTP/1.1" status: 204 len: 168 time: 0.2265847
2026-09-07 19:37:20.976 10 INFO neutron.wsgi [req-acb048ae-6413-4bf7-ab45-9b1909769b65 req-567fc974-7de3-492d-a6b4-fd0ef7e2a0cb be4c7b750f6e4c10b12c5be3e6780054 a1c8faff9dcf4cc99206ef1640c47500 - - default default] 10.0.0.105 "GET /v2.0/ports?device_id=44f98341-c1c5-4482-816f-32f4f70794f7 HTTP/1.1" status: 200 len: 210 time: 0.0262043
2026-09-07 19:37:21.069 9 INFO neutron.wsgi [None req-addae68d-3de5-49e2-b801-47d2857b6321 0fd5c463f2904242b325b16562f81f0b 6574f9ca995b4b8fbe53a3a9375f48c5 - - default default] 10.0.0.71 "GET /v2.0/ports/1153e66e-b729-43c8-9014-43e06f16e6f1 HTTP/1.1" status: 200 len: 1147 time: 0.1501117
2026-09-07 19:37:21.586 10 WARNING neutron.plugins.ml2.drivers.ovn.mech_driver.ovsdb.ovn_client [None req-ea558bcb-47c6-47d1-a81e-eab1a0de4c74 - - - - - -] No hosting information found for port 9d8f31c4-b15d-466c-a621-061d2b8fe521: RuntimeError: No hosting information found for port 9d8f31c4-b15d-466c-a621-061d2b8fe521
2026-09-07 19:37:21.586 10 INFO neutron.plugins.ml2.drivers.ovn.mech_driver.mech_driver [None req-ea558bcb-47c6-47d1-a81e-eab1a0de4c74 - - - - - -] OVN reports status up for port: f3c030ad-c2a4-4929-b96e-7a70290aa6fc
2026-09-07 19:37:21.601 10 INFO neutron.plugins.ml2.plugin [None req-ea558bcb-47c6-47d1-a81e-eab1a0de4c74 - - - - - -] Attempt 1 to provision port f3c030ad-c2a4-4929-b96e-7a70290aa6fc
2026-09-07 19:37:21.742 10 INFO neutron.wsgi [req-4f150c8c-de0d-4686-99ca-0ff108ffe63b req-b96f1e64-8fec-4aa9-8c07-dd947bd20eeb be4c7b750f6e4c10b12c5be3e6780054 a1c8faff9dcf4cc99206ef1640c47500 - - default default] 162.253.55.54 "GET /v2.0/networks?id=0c1ee907-85cf-4787-ae3f-b8bb06a6c374 HTTP/1.1" status: 200 len: 860 time: 0.0897346
2026-09-07 19:37:21.799 10 INFO neutron.wsgi [req-4f150c8c-de0d-4686-99ca-0ff108ffe63b req-072ad6b2-9d66-4ece-9f41-a063ce6f7f60 be4c7b750f6e4c10b12c5be3e6780054 a1c8faff9dcf4cc99206ef1640c47500 - - default default] 162.253.55.54 "GET /v2.0/security-groups?fields=id&fields=name&tenant_id=a1c8faff9dcf4cc99206ef1640c47500 HTTP/1.1" status: 200 len: 379 time: 0.0500011
2026-09-07 19:37:21.952 10 INFO neutron.db.ovn_revision_numbers_db [None req-ea558bcb-47c6-47d1-a81e-eab1a0de4c74 - - - - - -] Successfully bumped revision number for resource f3c030ad-c2a4-4929-b96e-7a70290aa6fc (type: ports) to 3
2026-09-07 19:37:22.140 9 INFO neutron.wsgi [None req-d488cce2-eee3-429c-85c1-18ab0c7b23d5 0fd5c463f2904242b325b16562f81f0b 6574f9ca995b4b8fbe53a3a9375f48c5 - - default default] 10.0.0.71 "GET /v2.0/ports/1153e66e-b729-43c8-9014-43e06f16e6f1 HTTP/1.1" status: 200 len: 1147 time: 0.0622146
2026-09-07 19:37:22.142 10 INFO neutron.wsgi [req-59a4371e-c3cf-466d-897e-6c72c945323f req-01addf44-5d54-405e-95af-1eaf0823ab95 be4c7b750f6e4c10b12c5be3e6780054 a1c8faff9dcf4cc99206ef1640c47500 - - default default] 10.0.0.105 "GET /v2.0/ports?device_id=44f98341-c1c5-4482-816f-32f4f70794f7 HTTP/1.1" status: 200 len: 210 time: 0.0373785
2026-09-07 19:37:22.158 10 INFO neutron.db.ovn_revision_numbers_db [None req-ea558bcb-47c6-47d1-a81e-eab1a0de4c74 - - - - - -] Successfully bumped revision number for resource f3c030ad-c2a4-4929-b96e-7a70290aa6fc (type: router_ports) to 3
2026-09-07 19:37:22.470 10 WARNING neutron.scheduler.dhcp_agent_scheduler [None req-93d7d2db-f5bf-403e-9096-6843425862ee be4c7b750f6e4c10b12c5be3e6780054 a1c8faff9dcf4cc99206ef1640c47500 - - - -] No more DHCP agents
2026-09-07 19:37:22.472 10 WARNING neutron.api.rpc.agentnotifiers.dhcp_rpc_agent_api [None req-93d7d2db-f5bf-403e-9096-6843425862ee be4c7b750f6e4c10b12c5be3e6780054 a1c8faff9dcf4cc99206ef1640c47500 - - - -] Unable to schedule network 0c1ee907-85cf-4787-ae3f-b8bb06a6c374: no agents available; will retry on subsequent port and subnet creation events.
2026-09-07 19:37:22.629 10 INFO neutron.db.ovn_revision_numbers_db [None req-93d7d2db-f5bf-403e-9096-6843425862ee be4c7b750f6e4c10b12c5be3e6780054 a1c8faff9dcf4cc99206ef1640c47500 - - - -] Successfully bumped revision number for resource 26aad9ab-40c9-4c67-96ce-322b93b0bbd8 (type: ports) to 1
2026-09-07 19:37:22.654 10 INFO neutron.wsgi [None req-93d7d2db-f5bf-403e-9096-6843425862ee be4c7b750f6e4c10b12c5be3e6780054 a1c8faff9dcf4cc99206ef1640c47500 - - - -] 162.253.55.54 "POST /v2.0/ports HTTP/1.1" status: 201 len: 1158 time: 0.8506799 /var/lib/openstack/lib/python3.10/site-packages/pycadf/identifier.py:71: UserWarning: Invalid uuid: neutron. To ensure interoperability, identifiers should be a valid uuid. warnings.warn(('Invalid uuid: %s. To ensure interoperability, '
2026-09-07 19:37:22.962 10 INFO neutron.db.ovn_revision_numbers_db [None req-ae5b2bab-0922-4d49-a346-4de89b5b867e 0e8eb041faf54719b0f59782468b9f0b 0d4ce962add54f139739bc6c4758137b - - - -] Successfully bumped revision number for resource 26aad9ab-40c9-4c67-96ce-322b93b0bbd8 (type: ports) to 2
2026-09-07 19:37:23.156 10 INFO neutron.db.ovn_revision_numbers_db [None req-ae5b2bab-0922-4d49-a346-4de89b5b867e 0e8eb041faf54719b0f59782468b9f0b 0d4ce962add54f139739bc6c4758137b - - - -] Successfully bumped revision number for resource 26aad9ab-40c9-4c67-96ce-322b93b0bbd8 (type: ports) to 2
2026-09-07 19:37:23.201 9 INFO neutron.wsgi [None req-eb31c45c-cddf-4ffe-9252-57ca73187978 0fd5c463f2904242b325b16562f81f0b 6574f9ca995b4b8fbe53a3a9375f48c5 - - default default] 10.0.0.71 "GET /v2.0/ports/1153e66e-b729-43c8-9014-43e06f16e6f1 HTTP/1.1" status: 200 len: 1147 time: 0.0553851
2026-09-07 19:37:23.209 10 INFO neutron.wsgi [None req-ae5b2bab-0922-4d49-a346-4de89b5b867e 0e8eb041faf54719b0f59782468b9f0b 0d4ce962add54f139739bc6c4758137b - - - -] 162.253.55.54 "PUT /v2.0/ports/26aad9ab-40c9-4c67-96ce-322b93b0bbd8 HTTP/1.1" status: 200 len: 1328 time: 0.5443134 /var/lib/openstack/lib/python3.10/site-packages/pycadf/identifier.py:71: UserWarning: Invalid uuid: neutron. To ensure interoperability, identifiers should be a valid uuid. warnings.warn(('Invalid uuid: %s. To ensure interoperability, '
2026-09-07 19:37:23.254 10 INFO neutron.notifiers.nova [-] Nova event matching ['req-1d512380-8797-4782-9684-9a8f0cbe9d14'] response: {'name': 'network-changed', 'server_uuid': '44f98341-c1c5-4482-816f-32f4f70794f7', 'tag': '26aad9ab-40c9-4c67-96ce-322b93b0bbd8', 'status': 'completed', 'code': 200}
2026-09-07 19:37:23.303 10 INFO neutron.wsgi [req-e3736e57-2b7c-477a-8d48-952038dddd9e req-1c989a4c-c1bc-4dca-9098-59674c151876 be4c7b750f6e4c10b12c5be3e6780054 a1c8faff9dcf4cc99206ef1640c47500 - - default default] 10.0.0.105 "GET /v2.0/ports?device_id=44f98341-c1c5-4482-816f-32f4f70794f7 HTTP/1.1" status: 200 len: 1168 time: 0.0646138
2026-09-07 19:37:23.308 10 INFO neutron.wsgi [req-4f150c8c-de0d-4686-99ca-0ff108ffe63b req-88a4a817-e955-414e-98cd-86a3169a2938 0e8eb041faf54719b0f59782468b9f0b 0d4ce962add54f139739bc6c4758137b - - 33fbe5dc6d4948b2b237b1c417458761 33fbe5dc6d4948b2b237b1c417458761] 162.253.55.54 "GET /v2.0/ports?tenant_id=a1c8faff9dcf4cc99206ef1640c47500&device_id=44f98341-c1c5-4482-816f-32f4f70794f7 HTTP/1.1" status: 200 len: 1359 time: 0.0517867
2026-09-07 19:37:23.359 10 INFO neutron.wsgi [req-4f150c8c-de0d-4686-99ca-0ff108ffe63b req-0b7fdbbd-8e84-427c-a948-4388b46bcc99 0e8eb041faf54719b0f59782468b9f0b 0d4ce962add54f139739bc6c4758137b - - 33fbe5dc6d4948b2b237b1c417458761 33fbe5dc6d4948b2b237b1c417458761] 162.253.55.54 "GET /v2.0/floatingips?fixed_ip_address=10.100.0.4&port_id=26aad9ab-40c9-4c67-96ce-322b93b0bbd8 HTTP/1.1" status: 200 len: 217 time: 0.0446615
2026-09-07 19:37:23.380 10 INFO neutron.wsgi [req-e3736e57-2b7c-477a-8d48-952038dddd9e req-2439aff0-53e0-4df9-b984-a5a9ecdcdf3f be4c7b750f6e4c10b12c5be3e6780054 a1c8faff9dcf4cc99206ef1640c47500 - - default default] 10.0.0.105 "GET /v2.0/security-groups?id=cf70599d-3433-4bdf-a257-6fd37558db09&fields=id&fields=name HTTP/1.1" status: 200 len: 312 time: 0.0668175
2026-09-07 19:37:23.403 10 INFO neutron.wsgi [req-4f150c8c-de0d-4686-99ca-0ff108ffe63b req-4e66f85c-b5cd-4f4c-a521-9aa5c28c954a 0e8eb041faf54719b0f59782468b9f0b 0d4ce962add54f139739bc6c4758137b - - 33fbe5dc6d4948b2b237b1c417458761 33fbe5dc6d4948b2b237b1c417458761] 162.253.55.54 "GET /v2.0/subnets?id=6b984639-99c7-4908-9acd-59e53555612d HTTP/1.1" status: 200 len: 853 time: 0.0357614
2026-09-07 19:37:23.427 10 INFO neutron.wsgi [req-4f150c8c-de0d-4686-99ca-0ff108ffe63b req-877e49f6-c0d8-4568-9d1d-f4fe1b4256ac 0e8eb041faf54719b0f59782468b9f0b 0d4ce962add54f139739bc6c4758137b - - 33fbe5dc6d4948b2b237b1c417458761 33fbe5dc6d4948b2b237b1c417458761] 162.253.55.54 "GET /v2.0/ports?network_id=0c1ee907-85cf-4787-ae3f-b8bb06a6c374&device_owner=network%3Adhcp HTTP/1.1" status: 200 len: 210 time: 0.0172398
2026-09-07 19:37:23.479 10 INFO neutron.wsgi [req-4f150c8c-de0d-4686-99ca-0ff108ffe63b req-bc277b23-d2b9-4702-8b23-82bde6e64ad3 0e8eb041faf54719b0f59782468b9f0b 0d4ce962add54f139739bc6c4758137b - - 33fbe5dc6d4948b2b237b1c417458761 33fbe5dc6d4948b2b237b1c417458761] 162.253.55.54 "GET /v2.0/networks/0c1ee907-85cf-4787-ae3f-b8bb06a6c374?fields=segments HTTP/1.1" status: 200 len: 212 time: 0.0462079
2026-09-07 19:37:23.545 10 INFO neutron.wsgi [req-4f150c8c-de0d-4686-99ca-0ff108ffe63b req-aad3e4cb-42f2-4dc9-b41a-0afb6c1576eb 0e8eb041faf54719b0f59782468b9f0b 0d4ce962add54f139739bc6c4758137b - - 33fbe5dc6d4948b2b237b1c417458761 33fbe5dc6d4948b2b237b1c417458761] 162.253.55.54 "GET /v2.0/networks/0c1ee907-85cf-4787-ae3f-b8bb06a6c374?fields=provider%3Aphysical_network&fields=provider%3Anetwork_type HTTP/1.1" status: 200 len: 277 time: 0.0570834
2026-09-07 19:37:23.661 10 INFO neutron.wsgi [req-86077aab-931b-462b-810c-927d3a20e8f8 req-041af87f-902b-4e68-8221-2be71c0030e3 0e8eb041faf54719b0f59782468b9f0b 0d4ce962add54f139739bc6c4758137b - - 33fbe5dc6d4948b2b237b1c417458761 33fbe5dc6d4948b2b237b1c417458761] 162.253.55.54 "GET /v2.0/ports?tenant_id=a1c8faff9dcf4cc99206ef1640c47500&device_id=44f98341-c1c5-4482-816f-32f4f70794f7 HTTP/1.1" status: 200 len: 1359 time: 0.0450866
2026-09-07 19:37:23.738 10 INFO neutron.wsgi [req-86077aab-931b-462b-810c-927d3a20e8f8 req-04944a0a-7504-404e-8340-96cdec2b5fd0 0e8eb041faf54719b0f59782468b9f0b 0d4ce962add54f139739bc6c4758137b - - 33fbe5dc6d4948b2b237b1c417458761 33fbe5dc6d4948b2b237b1c417458761] 162.253.55.54 "GET /v2.0/networks?id=0c1ee907-85cf-4787-ae3f-b8bb06a6c374 HTTP/1.1" status: 200 len: 959 time: 0.0699940
2026-09-07 19:37:23.782 10 INFO neutron.wsgi [req-86077aab-931b-462b-810c-927d3a20e8f8 req-e09490f2-d302-45b5-9438-eb825c6a5e11 0e8eb041faf54719b0f59782468b9f0b 0d4ce962add54f139739bc6c4758137b - - 33fbe5dc6d4948b2b237b1c417458761 33fbe5dc6d4948b2b237b1c417458761] 162.253.55.54 "GET /v2.0/floatingips?fixed_ip_address=10.100.0.4&port_id=26aad9ab-40c9-4c67-96ce-322b93b0bbd8 HTTP/1.1" status: 200 len: 217 time: 0.0376878
2026-09-07 19:37:23.837 10 INFO neutron.wsgi [req-86077aab-931b-462b-810c-927d3a20e8f8 req-cdba1da3-e543-455d-9b69-bfb420d3accc 0e8eb041faf54719b0f59782468b9f0b 0d4ce962add54f139739bc6c4758137b - - 33fbe5dc6d4948b2b237b1c417458761 33fbe5dc6d4948b2b237b1c417458761] 162.253.55.54 "GET /v2.0/subnets?id=6b984639-99c7-4908-9acd-59e53555612d HTTP/1.1" status: 200 len: 853 time: 0.0486181
2026-09-07 19:37:23.903 10 INFO neutron.wsgi [req-86077aab-931b-462b-810c-927d3a20e8f8 req-d8e2c31b-7199-4228-84c2-adb4204ea2ba 0e8eb041faf54719b0f59782468b9f0b 0d4ce962add54f139739bc6c4758137b - - 33fbe5dc6d4948b2b237b1c417458761 33fbe5dc6d4948b2b237b1c417458761] 162.253.55.54 "GET /v2.0/ports?network_id=0c1ee907-85cf-4787-ae3f-b8bb06a6c374&device_owner=network%3Adhcp HTTP/1.1" status: 200 len: 210 time: 0.0529196
2026-09-07 19:37:23.952 10 INFO neutron.wsgi [req-86077aab-931b-462b-810c-927d3a20e8f8 req-9f03a3e5-2d8e-4264-b535-4a430cac61ed 0e8eb041faf54719b0f59782468b9f0b 0d4ce962add54f139739bc6c4758137b - - 33fbe5dc6d4948b2b237b1c417458761 33fbe5dc6d4948b2b237b1c417458761] 162.253.55.54 "GET /v2.0/networks/0c1ee907-85cf-4787-ae3f-b8bb06a6c374?fields=segments HTTP/1.1" status: 200 len: 212 time: 0.0443821
2026-09-07 19:37:24.009 10 INFO neutron.wsgi [req-86077aab-931b-462b-810c-927d3a20e8f8 req-5ac68717-d052-4df4-9d1e-876478f000d0 0e8eb041faf54719b0f59782468b9f0b 0d4ce962add54f139739bc6c4758137b - - 33fbe5dc6d4948b2b237b1c417458761 33fbe5dc6d4948b2b237b1c417458761] 162.253.55.54 "GET /v2.0/networks/0c1ee907-85cf-4787-ae3f-b8bb06a6c374?fields=provider%3Aphysical_network&fields=provider%3Anetwork_type HTTP/1.1" status: 200 len: 277 time: 0.0517476
2026-09-07 19:37:24.236 9 INFO neutron.wsgi [None req-bcfe6a3f-f19d-4317-8a52-988c93bf5c0a 0fd5c463f2904242b325b16562f81f0b 6574f9ca995b4b8fbe53a3a9375f48c5 - - default default] 10.0.0.71 "GET /v2.0/ports/1153e66e-b729-43c8-9014-43e06f16e6f1 HTTP/1.1" status: 200 len: 1147 time: 0.0270765
2026-09-07 19:37:24.471 10 INFO neutron.wsgi [req-82b51fee-c4e8-4c68-9f02-1a687be74a7c req-4e7fda07-0e5f-442b-8deb-a1544429255a be4c7b750f6e4c10b12c5be3e6780054 a1c8faff9dcf4cc99206ef1640c47500 - - default default] 10.0.0.105 "GET /v2.0/ports?device_id=44f98341-c1c5-4482-816f-32f4f70794f7 HTTP/1.1" status: 200 len: 1168 time: 0.0334823
2026-09-07 19:37:24.501 10 INFO neutron.wsgi [req-82b51fee-c4e8-4c68-9f02-1a687be74a7c req-95e1b466-2395-48f9-a25a-720d630507e6 be4c7b750f6e4c10b12c5be3e6780054 a1c8faff9dcf4cc99206ef1640c47500 - - default default] 10.0.0.105 "GET /v2.0/security-groups?id=cf70599d-3433-4bdf-a257-6fd37558db09&fields=id&fields=name HTTP/1.1" status: 200 len: 312 time: 0.0257528
2026-09-07 19:37:24.521 9 INFO neutron.wsgi [req-39b9100b-8f90-4622-8650-e3fea3377604 req-baecfb5c-4f5e-4235-8e01-a7fe4cdbff19 0e8eb041faf54719b0f59782468b9f0b 0d4ce962add54f139739bc6c4758137b - - 33fbe5dc6d4948b2b237b1c417458761 33fbe5dc6d4948b2b237b1c417458761] 10.0.0.33 "GET /v2.0/ports?device_id=d4d30848-f344-40ee-9487-5f22eef310b7 HTTP/1.1" status: 200 len: 1361 time: 0.2155817
