2026-09-07 19:37:57.652 10 INFO neutron.wsgi [None req-85039214-7018-4add-9e4c-5d5657f7777f 8831179c7013429cafe304e1f48fa476 b5db2e7fa3c34422a89d0d57e660d6ac - - default default] 10.0.0.71 "GET /v2.0/ports?device_id=10ae2408-7fb5-431e-b89d-69fe055a6674 HTTP/1.1" status: 200 len: 1360 time: 0.0327361
2026-09-07 19:37:57.722 9 INFO neutron.db.segments_db [None req-92c14d05-d124-47e3-9b34-3e1cdd642fdf 77502c50c12f447cb211a2e5ac0af216 01bf1b6912604b00acc46ef183c9e001 - - - -] Added segment 0bbcee14-3c5a-46b3-b37e-f4744f5dd7c3 of type geneve for network bdcede1e-1b10-4f7f-9816-b559c26cd6bb
2026-09-07 19:37:57.750 9 INFO neutron.wsgi [None req-4fc838fd-7379-4b5f-8715-52dcef5b870b f16fbda23e4b48df8332802cb924689e 6a5969cc4cdc4172a876383eb2d183fe - - - -] 10.0.0.71 "DELETE /v2.0/security-groups/0ddd9318-e4c2-414b-83f7-b40d73c9ba3a HTTP/1.1" status: 204 len: 168 time: 0.2593000
2026-09-07 19:37:57.751 9 INFO neutron.notifiers.nova [-] Nova event matching ['req-44bddf66-b2c0-4eb9-80ec-06e379435600'] response: {'server_uuid': '10ae2408-7fb5-431e-b89d-69fe055a6674', 'name': 'network-vif-plugged', 'status': 'completed', 'tag': 'a57130fc-67a7-49d6-8808-33392c523677', 'code': 200}
2026-09-07 19:37:57.853 9 INFO neutron.db.ovn_revision_numbers_db [None req-92c14d05-d124-47e3-9b34-3e1cdd642fdf 77502c50c12f447cb211a2e5ac0af216 01bf1b6912604b00acc46ef183c9e001 - - - -] Successfully bumped revision number for resource bdcede1e-1b10-4f7f-9816-b559c26cd6bb (type: networks) to 1
2026-09-07 19:37:57.962 10 INFO neutron.db.l3_db [None req-0b739cf8-f4e1-4099-bedc-b139a89384e1 be4c7b750f6e4c10b12c5be3e6780054 a1c8faff9dcf4cc99206ef1640c47500 - - - -] Floating IP e2c98805-6df2-4625-a199-63d7baa4759f associated. External IP: 10.96.250.217, port: a57130fc-67a7-49d6-8808-33392c523677.
2026-09-07 19:37:58.025 9 WARNING neutron.scheduler.dhcp_agent_scheduler [None req-92c14d05-d124-47e3-9b34-3e1cdd642fdf 77502c50c12f447cb211a2e5ac0af216 01bf1b6912604b00acc46ef183c9e001 - - - -] No more DHCP agents
2026-09-07 19:37:58.029 9 WARNING neutron.api.rpc.agentnotifiers.dhcp_rpc_agent_api [None req-92c14d05-d124-47e3-9b34-3e1cdd642fdf 77502c50c12f447cb211a2e5ac0af216 01bf1b6912604b00acc46ef183c9e001 - - - -] Unable to schedule network bdcede1e-1b10-4f7f-9816-b559c26cd6bb: no agents available; will retry on subsequent port and subnet creation events.
2026-09-07 19:37:58.054 9 INFO neutron.db.ovn_revision_numbers_db [None req-cb48e48c-7d02-4539-9f55-ab20c2e71a81 f16fbda23e4b48df8332802cb924689e 6a5969cc4cdc4172a876383eb2d183fe - - default default] Successfully bumped revision number for resource 4ff86a87-9e25-44cb-918b-bfbd33244719 (type: security_groups) to 1
2026-09-07 19:37:58.086 9 INFO neutron.wsgi [None req-cb48e48c-7d02-4539-9f55-ab20c2e71a81 f16fbda23e4b48df8332802cb924689e 6a5969cc4cdc4172a876383eb2d183fe - - default default] 10.0.0.71 "GET /v2.0/security-groups?tenant_id=d2fb11e07aea493d8d81b091969a7cbf&name=default HTTP/1.1" status: 200 len: 2996 time: 0.1384761
2026-09-07 19:37:58.098 9 INFO neutron.db.ovn_revision_numbers_db [None req-92c14d05-d124-47e3-9b34-3e1cdd642fdf 77502c50c12f447cb211a2e5ac0af216 01bf1b6912604b00acc46ef183c9e001 - - - -] Successfully bumped revision number for resource 80d6d56c-e698-4499-88da-10ff20b03c87 (type: ports) to 1
2026-09-07 19:37:58.121 9 INFO neutron.wsgi [None req-92c14d05-d124-47e3-9b34-3e1cdd642fdf 77502c50c12f447cb211a2e5ac0af216 01bf1b6912604b00acc46ef183c9e001 - - - -] 10.0.0.71 "POST /v2.0/networks HTTP/1.1" status: 201 len: 831 time: 0.4869385
2026-09-07 19:37:58.181 10 INFO neutron.db.ovn_revision_numbers_db [None req-0b739cf8-f4e1-4099-bedc-b139a89384e1 be4c7b750f6e4c10b12c5be3e6780054 a1c8faff9dcf4cc99206ef1640c47500 - - - -] Successfully bumped revision number for resource e2c98805-6df2-4625-a199-63d7baa4759f (type: floatingips) to 4
2026-09-07 19:37:58.200 9 INFO neutron.db.segments_db [None req-08721765-ac88-452b-8773-2729458e2dd0 77502c50c12f447cb211a2e5ac0af216 01bf1b6912604b00acc46ef183c9e001 - - - -] Added segment b13ba05c-ee5d-47a6-b08b-7bc9d60ec2d3 of type geneve for network 0e0243dc-1bee-4ae4-a3c7-56c392649d2d
2026-09-07 19:37:58.290 10 INFO neutron.db.ovn_revision_numbers_db [None req-0b739cf8-f4e1-4099-bedc-b139a89384e1 be4c7b750f6e4c10b12c5be3e6780054 a1c8faff9dcf4cc99206ef1640c47500 - - - -] Successfully bumped revision number for resource e2c98805-6df2-4625-a199-63d7baa4759f (type: floatingips) to 5
2026-09-07 19:37:58.311 10 INFO neutron.wsgi [None req-0b739cf8-f4e1-4099-bedc-b139a89384e1 be4c7b750f6e4c10b12c5be3e6780054 a1c8faff9dcf4cc99206ef1640c47500 - - - -] 10.0.0.71 "PUT /v2.0/floatingips/e2c98805-6df2-4625-a199-63d7baa4759f HTTP/1.1" status: 200 len: 1050 time: 0.6527517
2026-09-07 19:37:58.313 9 INFO neutron.db.ovn_revision_numbers_db [None req-08721765-ac88-452b-8773-2729458e2dd0 77502c50c12f447cb211a2e5ac0af216 01bf1b6912604b00acc46ef183c9e001 - - - -] Successfully bumped revision number for resource 0e0243dc-1bee-4ae4-a3c7-56c392649d2d (type: networks) to 1
2026-09-07 19:37:58.316 10 INFO neutron.db.ovn_revision_numbers_db [None req-c555d7a5-e545-437e-a073-9f61ce8f926b f16fbda23e4b48df8332802cb924689e 6a5969cc4cdc4172a876383eb2d183fe - - - -] Successfully bumped revision number for resource 80cc2e30-2e8d-48be-9ff4-0fc15dbb411a (type: security_groups) to 1
2026-09-07 19:37:58.364 10 INFO neutron.wsgi [None req-fb5561bf-ed87-4aa9-a76d-32ca635572da be4c7b750f6e4c10b12c5be3e6780054 a1c8faff9dcf4cc99206ef1640c47500 - - default default] 10.0.0.71 "GET /v2.0/floatingips/e2c98805-6df2-4625-a199-63d7baa4759f HTTP/1.1" status: 200 len: 1052 time: 0.0440497
2026-09-07 19:37:58.367 10 INFO neutron.notifiers.nova [-] Nova event matching ['req-3a6c706a-98f2-465f-b3e5-27c0dc791fb2'] response: {'name': 'network-changed', 'server_uuid': '10ae2408-7fb5-431e-b89d-69fe055a6674', 'tag': 'a57130fc-67a7-49d6-8808-33392c523677', 'status': 'completed', 'code': 200}
2026-09-07 19:37:58.381 9 INFO neutron.wsgi [None req-fc66f599-28fb-4b25-a610-d65b47a2a9e0 f16fbda23e4b48df8332802cb924689e 6a5969cc4cdc4172a876383eb2d183fe - - - -] 10.0.0.71 "DELETE /v2.0/security-groups/4ff86a87-9e25-44cb-918b-bfbd33244719 HTTP/1.1" status: 204 len: 168 time: 0.2866964
2026-09-07 19:37:58.403 10 INFO neutron.db.segments_db [None req-c555d7a5-e545-437e-a073-9f61ce8f926b f16fbda23e4b48df8332802cb924689e 6a5969cc4cdc4172a876383eb2d183fe - - - -] Added segment 1f6246ff-5e30-42e7-9666-279087ffdc12 of type geneve for network e2b1e6b6-5d71-42c6-b480-8de844021778
2026-09-07 19:37:58.431 10 INFO neutron.wsgi [req-79fdeabd-ca90-48c7-959f-1e33fe47a907 req-48d6495a-631e-4d78-bf8d-da68a8c801d9 0e8eb041faf54719b0f59782468b9f0b 0d4ce962add54f139739bc6c4758137b - - 33fbe5dc6d4948b2b237b1c417458761 33fbe5dc6d4948b2b237b1c417458761] 162.253.55.54 "GET /v2.0/ports?tenant_id=a1c8faff9dcf4cc99206ef1640c47500&device_id=10ae2408-7fb5-431e-b89d-69fe055a6674 HTTP/1.1" status: 200 len: 1365 time: 0.0362613
2026-09-07 19:37:58.480 9 WARNING neutron.scheduler.dhcp_agent_scheduler [None req-08721765-ac88-452b-8773-2729458e2dd0 77502c50c12f447cb211a2e5ac0af216 01bf1b6912604b00acc46ef183c9e001 - - - -] No more DHCP agents
2026-09-07 19:37:58.482 9 WARNING neutron.api.rpc.agentnotifiers.dhcp_rpc_agent_api [None req-08721765-ac88-452b-8773-2729458e2dd0 77502c50c12f447cb211a2e5ac0af216 01bf1b6912604b00acc46ef183c9e001 - - - -] Unable to schedule network 0e0243dc-1bee-4ae4-a3c7-56c392649d2d: no agents available; will retry on subsequent port and subnet creation events.
2026-09-07 19:37:58.533 9 INFO neutron.db.ovn_revision_numbers_db [None req-08721765-ac88-452b-8773-2729458e2dd0 77502c50c12f447cb211a2e5ac0af216 01bf1b6912604b00acc46ef183c9e001 - - - -] Successfully bumped revision number for resource b977d06b-e845-47b2-9c7c-5d47006f253c (type: ports) to 1
2026-09-07 19:37:58.540 10 INFO neutron.wsgi [req-79fdeabd-ca90-48c7-959f-1e33fe47a907 req-083472da-ec2b-46a4-94ab-e157f6dc5f67 0e8eb041faf54719b0f59782468b9f0b 0d4ce962add54f139739bc6c4758137b - - 33fbe5dc6d4948b2b237b1c417458761 33fbe5dc6d4948b2b237b1c417458761] 162.253.55.54 "GET /v2.0/networks?id=0c1ee907-85cf-4787-ae3f-b8bb06a6c374 HTTP/1.1" status: 200 len: 959 time: 0.1002159
2026-09-07 19:37:58.563 9 INFO neutron.wsgi [None req-08721765-ac88-452b-8773-2729458e2dd0 77502c50c12f447cb211a2e5ac0af216 01bf1b6912604b00acc46ef183c9e001 - - - -] 10.0.0.71 "POST /v2.0/networks HTTP/1.1" status: 201 len: 830 time: 0.4394641 /var/lib/openstack/lib/python3.10/site-packages/pycadf/identifier.py:71: UserWarning: Invalid uuid: neutron. To ensure interoperability, identifiers should be a valid uuid. warnings.warn(('Invalid uuid: %s. To ensure interoperability, '
2026-09-07 19:37:58.591 10 INFO neutron.db.ovn_revision_numbers_db [None req-c555d7a5-e545-437e-a073-9f61ce8f926b f16fbda23e4b48df8332802cb924689e 6a5969cc4cdc4172a876383eb2d183fe - - - -] Successfully bumped revision number for resource e2b1e6b6-5d71-42c6-b480-8de844021778 (type: networks) to 1
2026-09-07 19:37:58.595 10 INFO neutron.wsgi [req-79fdeabd-ca90-48c7-959f-1e33fe47a907 req-96a9c04f-fee7-47d9-8cee-7ec06f56bc4a 0e8eb041faf54719b0f59782468b9f0b 0d4ce962add54f139739bc6c4758137b - - 33fbe5dc6d4948b2b237b1c417458761 33fbe5dc6d4948b2b237b1c417458761] 162.253.55.54 "GET /v2.0/floatingips?fixed_ip_address=10.100.0.13&port_id=a57130fc-67a7-49d6-8808-33392c523677 HTTP/1.1" status: 200 len: 1060 time: 0.0474477
2026-09-07 19:37:58.625 9 INFO neutron.wsgi [None req-35333948-3c43-419a-9310-e91f9e2281db 77502c50c12f447cb211a2e5ac0af216 01bf1b6912604b00acc46ef183c9e001 - - - -] 10.0.0.71 "PUT /v2.0/networks/47bdfdbc-b630-4d7e-b92a-9fdb8a15116a/tags HTTP/1.1" status: 200 len: 210 time: 0.0578067
2026-09-07 19:37:58.646 10 INFO neutron.wsgi [req-79fdeabd-ca90-48c7-959f-1e33fe47a907 req-eff84f3e-0f75-48ff-b690-5ad855e47482 0e8eb041faf54719b0f59782468b9f0b 0d4ce962add54f139739bc6c4758137b - - 33fbe5dc6d4948b2b237b1c417458761 33fbe5dc6d4948b2b237b1c417458761] 162.253.55.54 "GET /v2.0/subnets?id=6b984639-99c7-4908-9acd-59e53555612d HTTP/1.1" status: 200 len: 853 time: 0.0425725
2026-09-07 19:37:58.698 10 INFO neutron.wsgi [req-79fdeabd-ca90-48c7-959f-1e33fe47a907 req-c6f5e25b-cc1e-4676-91a0-53f0ad350517 0e8eb041faf54719b0f59782468b9f0b 0d4ce962add54f139739bc6c4758137b - - 33fbe5dc6d4948b2b237b1c417458761 33fbe5dc6d4948b2b237b1c417458761] 162.253.55.54 "GET /v2.0/ports?network_id=0c1ee907-85cf-4787-ae3f-b8bb06a6c374&device_owner=network%3Adhcp HTTP/1.1" status: 200 len: 210 time: 0.0441866
2026-09-07 19:37:58.708 10 INFO neutron.wsgi [None req-1a61e00b-516c-4ac9-907c-7c0f84c27829 77502c50c12f447cb211a2e5ac0af216 01bf1b6912604b00acc46ef183c9e001 - - - -] 10.0.0.71 "PUT /v2.0/networks/a6da6ce6-f5ac-43a7-b7c8-24057e05b170/tags HTTP/1.1" status: 200 len: 218 time: 0.0783818
2026-09-07 19:37:58.779 10 INFO neutron.wsgi [req-79fdeabd-ca90-48c7-959f-1e33fe47a907 req-28520afd-e1d7-4e5f-83b1-267f713747f6 0e8eb041faf54719b0f59782468b9f0b 0d4ce962add54f139739bc6c4758137b - - 33fbe5dc6d4948b2b237b1c417458761 33fbe5dc6d4948b2b237b1c417458761] 162.253.55.54 "GET /v2.0/networks/0c1ee907-85cf-4787-ae3f-b8bb06a6c374?fields=segments HTTP/1.1" status: 200 len: 212 time: 0.0765100
2026-09-07 19:37:58.787 9 INFO neutron.wsgi [None req-d4b57344-93a3-4691-a7c4-412a3aaa9119 77502c50c12f447cb211a2e5ac0af216 01bf1b6912604b00acc46ef183c9e001 - - - -] 10.0.0.71 "PUT /v2.0/networks/864cdd97-300d-412b-a9ee-8e6a89b6704d/tags HTTP/1.1" status: 200 len: 227 time: 0.0735822
2026-09-07 19:37:58.831 10 WARNING neutron.scheduler.dhcp_agent_scheduler [None req-c555d7a5-e545-437e-a073-9f61ce8f926b f16fbda23e4b48df8332802cb924689e 6a5969cc4cdc4172a876383eb2d183fe - - - -] No more DHCP agents
2026-09-07 19:37:58.834 10 WARNING neutron.api.rpc.agentnotifiers.dhcp_rpc_agent_api [None req-c555d7a5-e545-437e-a073-9f61ce8f926b f16fbda23e4b48df8332802cb924689e 6a5969cc4cdc4172a876383eb2d183fe - - - -] Unable to schedule network e2b1e6b6-5d71-42c6-b480-8de844021778: no agents available; will retry on subsequent port and subnet creation events.
2026-09-07 19:37:58.849 9 INFO neutron.wsgi [None req-3ebb63c8-f256-4b72-b4bf-8f3d392cf698 77502c50c12f447cb211a2e5ac0af216 01bf1b6912604b00acc46ef183c9e001 - - - -] 10.0.0.71 "PUT /v2.0/networks/bdcede1e-1b10-4f7f-9816-b559c26cd6bb/tags HTTP/1.1" status: 200 len: 212 time: 0.0578330
2026-09-07 19:37:58.853 10 INFO neutron.wsgi [req-79fdeabd-ca90-48c7-959f-1e33fe47a907 req-9318c294-f2b1-4ac4-bd64-5e538711bdab 0e8eb041faf54719b0f59782468b9f0b 0d4ce962add54f139739bc6c4758137b - - 33fbe5dc6d4948b2b237b1c417458761 33fbe5dc6d4948b2b237b1c417458761] 162.253.55.54 "GET /v2.0/networks/0c1ee907-85cf-4787-ae3f-b8bb06a6c374?fields=provider%3Aphysical_network&fields=provider%3Anetwork_type HTTP/1.1" status: 200 len: 277 time: 0.0681405
2026-09-07 19:37:58.959 10 INFO neutron.wsgi [None req-9dba0228-1a0a-44d8-aec2-7e8ab5254253 77502c50c12f447cb211a2e5ac0af216 01bf1b6912604b00acc46ef183c9e001 - - default default] 10.0.0.71 "GET /v2.0/networks?tags=red HTTP/1.1" status: 200 len: 2066 time: 0.1042974
2026-09-07 19:37:58.960 10 INFO neutron.db.ovn_revision_numbers_db [None req-c555d7a5-e545-437e-a073-9f61ce8f926b f16fbda23e4b48df8332802cb924689e 6a5969cc4cdc4172a876383eb2d183fe - - - -] Successfully bumped revision number for resource 3c73ac11-fbb2-4bd8-850d-a9e5a60d8b62 (type: ports) to 1
2026-09-07 19:37:59.002 10 INFO neutron.wsgi [None req-c555d7a5-e545-437e-a073-9f61ce8f926b f16fbda23e4b48df8332802cb924689e 6a5969cc4cdc4172a876383eb2d183fe - - - -] 10.0.0.71 "POST /v2.0/networks HTTP/1.1" status: 201 len: 947 time: 0.9955525
2026-09-07 19:37:59.071 10 INFO neutron.wsgi [None req-0acc8164-bbab-412b-8815-aed4eb13c83d 77502c50c12f447cb211a2e5ac0af216 01bf1b6912604b00acc46ef183c9e001 - - default default] 10.0.0.71 "GET /v2.0/networks?tags=red%2Cblue HTTP/1.1" status: 200 len: 1455 time: 0.1038406
2026-09-07 19:37:59.170 10 INFO neutron.wsgi [None req-308100dc-469c-4a9d-97e4-4f45034a42aa 77502c50c12f447cb211a2e5ac0af216 01bf1b6912604b00acc46ef183c9e001 - - default default] 10.0.0.71 "GET /v2.0/networks?tags-any=blue HTTP/1.1" status: 200 len: 1455 time: 0.0861266
2026-09-07 19:37:59.195 9 WARNING neutron.scheduler.dhcp_agent_scheduler [None req-978eeb43-53ce-43e3-986c-02eb2ac625f2 f16fbda23e4b48df8332802cb924689e 6a5969cc4cdc4172a876383eb2d183fe - - - -] No more DHCP agents
2026-09-07 19:37:59.202 9 WARNING neutron.api.rpc.agentnotifiers.dhcp_rpc_agent_api [None req-978eeb43-53ce-43e3-986c-02eb2ac625f2 f16fbda23e4b48df8332802cb924689e 6a5969cc4cdc4172a876383eb2d183fe - - - -] Unable to schedule network e2b1e6b6-5d71-42c6-b480-8de844021778: no agents available; will retry on subsequent port and subnet creation events.
2026-09-07 19:37:59.227 10 INFO neutron.wsgi [None req-7977b01d-e027-4904-8f63-55d5c8077b36 77502c50c12f447cb211a2e5ac0af216 01bf1b6912604b00acc46ef183c9e001 - - default default] 10.0.0.71 "GET /v2.0/networks?tags-any=red%2Cblue HTTP/1.1" status: 200 len: 2066 time: 0.0536716
2026-09-07 19:37:59.322 10 INFO neutron.wsgi [None req-0dca7e8d-fe04-453a-a45c-4235757650a0 77502c50c12f447cb211a2e5ac0af216 01bf1b6912604b00acc46ef183c9e001 - - default default] 10.0.0.71 "GET /v2.0/networks?not-tags=red HTTP/1.1" status: 200 len: 2068 time: 0.0889053
2026-09-07 19:37:59.466 9 INFO neutron.wsgi [None req-925c640e-cbb4-48bc-900c-90a37509bac1 77502c50c12f447cb211a2e5ac0af216 01bf1b6912604b00acc46ef183c9e001 - - default default] 10.0.0.71 "GET /v2.0/networks?not-tags=red%2Cblue HTTP/1.1" status: 200 len: 2679 time: 0.1358118
2026-09-07 19:37:59.819 9 INFO neutron.wsgi [None req-5233e050-7814-48ec-a2be-27182ecd3818 77502c50c12f447cb211a2e5ac0af216 01bf1b6912604b00acc46ef183c9e001 - - default default] 10.0.0.71 "GET /v2.0/networks?not-tags-any=blue HTTP/1.1" status: 200 len: 2679 time: 0.3475244
2026-09-07 19:37:59.983 10 INFO neutron.wsgi [None req-9c26bea2-a4d7-417e-8d23-84f089098a6f 77502c50c12f447cb211a2e5ac0af216 01bf1b6912604b00acc46ef183c9e001 - - default default] 10.0.0.71 "GET /v2.0/networks?not-tags-any=red%2Cblue HTTP/1.1" status: 200 len: 2068 time: 0.1556699
2026-09-07 19:38:00.056 9 INFO neutron.db.ovn_revision_numbers_db [None req-978eeb43-53ce-43e3-986c-02eb2ac625f2 f16fbda23e4b48df8332802cb924689e 6a5969cc4cdc4172a876383eb2d183fe - - - -] Successfully bumped revision number for resource 3c73ac11-fbb2-4bd8-850d-a9e5a60d8b62 (type: ports) to 2
2026-09-07 19:38:00.076 9 INFO neutron.db.ovn_revision_numbers_db [None req-978eeb43-53ce-43e3-986c-02eb2ac625f2 f16fbda23e4b48df8332802cb924689e 6a5969cc4cdc4172a876383eb2d183fe - - - -] Successfully bumped revision number for resource 19ec3b4e-41da-47f5-85d9-9c883dcd1ad1 (type: subnets) to 0
2026-09-07 19:38:00.093 9 INFO neutron.wsgi [None req-978eeb43-53ce-43e3-986c-02eb2ac625f2 f16fbda23e4b48df8332802cb924689e 6a5969cc4cdc4172a876383eb2d183fe - - - -] 10.0.0.71 "POST /v2.0/subnets HTTP/1.1" status: 201 len: 867 time: 1.0814395
2026-09-07 19:38:00.407 9 INFO neutron.services.segments.plugin [-] Segment 2c77510f-81de-4eff-9575-06c96e70aee0 resource provider aggregate not found
2026-09-07 19:38:00.412 9 INFO neutron.services.segments.plugin [-] Segment 2c77510f-81de-4eff-9575-06c96e70aee0 resource provider aggregate not found
2026-09-07 19:38:00.438 9 INFO neutron.services.segments.plugin [-] Segment 2c77510f-81de-4eff-9575-06c96e70aee0 resource provider not found; error: Placement Client Error (4xx): {"errors": [{"status": 404, "title": "Not Found", "detail": "The resource could not be found.\n\n No resource provider with uuid 2c77510f-81de-4eff-9575-06c96e70aee0 found for delete ", "request_id": "req-4fd91685-dbaa-472e-ba24-f46af5437d0e"}]}
2026-09-07 19:38:00.444 9 INFO neutron.services.segments.plugin [-] Segment 2c77510f-81de-4eff-9575-06c96e70aee0 resource provider not found; error: Placement Client Error (4xx): {"errors": [{"status": 404, "title": "Not Found", "detail": "The resource could not be found.\n\n No resource provider with uuid 2c77510f-81de-4eff-9575-06c96e70aee0 found for delete ", "request_id": "req-2b9e5f36-feeb-4875-9d25-79930324fadf"}]}
2026-09-07 19:38:00.462 9 INFO neutron.wsgi [None req-03358680-d118-4681-903b-cc9380354821 77502c50c12f447cb211a2e5ac0af216 01bf1b6912604b00acc46ef183c9e001 - - - -] 10.0.0.71 "DELETE /v2.0/networks/47bdfdbc-b630-4d7e-b92a-9fdb8a15116a HTTP/1.1" status: 204 len: 168 time: 0.4702094
2026-09-07 19:38:00.931 10 INFO neutron.services.segments.plugin [-] Segment b9086273-2ab1-433b-a537-7c01b5d3b076 resource provider aggregate not found
2026-09-07 19:38:00.935 10 INFO neutron.services.segments.plugin [-] Segment b9086273-2ab1-433b-a537-7c01b5d3b076 resource provider aggregate not found
2026-09-07 19:38:00.939 10 WARNING neutron.scheduler.dhcp_agent_scheduler [None req-0403c04a-89bd-4e0d-a5ab-58576651910b f16fbda23e4b48df8332802cb924689e 6a5969cc4cdc4172a876383eb2d183fe - - - -] No more DHCP agents
2026-09-07 19:38:00.942 10 WARNING neutron.api.rpc.agentnotifiers.dhcp_rpc_agent_api [None req-0403c04a-89bd-4e0d-a5ab-58576651910b f16fbda23e4b48df8332802cb924689e 6a5969cc4cdc4172a876383eb2d183fe - - - -] Unable to schedule network fab92334-deff-4696-88c0-562ffd971fee: no agents available; will retry on subsequent port and subnet creation events.
2026-09-07 19:38:00.957 10 INFO neutron.services.segments.plugin [-] Segment b9086273-2ab1-433b-a537-7c01b5d3b076 resource provider not found; error: Placement Client Error (4xx): {"errors": [{"status": 404, "title": "Not Found", "detail": "The resource could not be found.\n\n No resource provider with uuid b9086273-2ab1-433b-a537-7c01b5d3b076 found for delete ", "request_id": "req-13a9c654-5198-41c2-bbd6-c1523e7ffe31"}]}
2026-09-07 19:38:00.958 10 INFO neutron.services.segments.plugin [-] Segment b9086273-2ab1-433b-a537-7c01b5d3b076 resource provider not found; error: Placement Client Error (4xx): {"errors": [{"status": 404, "title": "Not Found", "detail": "The resource could not be found.\n\n No resource provider with uuid b9086273-2ab1-433b-a537-7c01b5d3b076 found for delete ", "request_id": "req-cdb627f0-9228-4990-81e3-f0c56f75c7e7"}]}
2026-09-07 19:38:00.991 10 INFO neutron.wsgi [None req-7f894a6f-8ceb-4369-a59d-b3bf14f6ae2c 77502c50c12f447cb211a2e5ac0af216 01bf1b6912604b00acc46ef183c9e001 - - - -] 10.0.0.71 "DELETE /v2.0/networks/a6da6ce6-f5ac-43a7-b7c8-24057e05b170 HTTP/1.1" status: 204 len: 168 time: 0.5210114
2026-09-07 19:38:01.123 10 INFO neutron.db.ovn_revision_numbers_db [None req-0403c04a-89bd-4e0d-a5ab-58576651910b f16fbda23e4b48df8332802cb924689e 6a5969cc4cdc4172a876383eb2d183fe - - - -] Successfully bumped revision number for resource ec1b261d-683c-4503-808e-d0f0af5a2b68 (type: ports) to 1
2026-09-07 19:38:01.495 9 INFO neutron.wsgi [None req-0c8f062b-b3e6-48d7-9fbc-0352a2e8cf97 77502c50c12f447cb211a2e5ac0af216 01bf1b6912604b00acc46ef183c9e001 - - - -] 10.0.0.71 "DELETE /v2.0/networks/864cdd97-300d-412b-a9ee-8e6a89b6704d HTTP/1.1" status: 204 len: 168 time: 0.4972496
2026-09-07 19:38:01.702 10 INFO neutron.plugins.ml2.drivers.ovn.mech_driver.mech_driver [None req-ea558bcb-47c6-47d1-a81e-eab1a0de4c74 - - - - - -] OVN reports status up for port: ec1b261d-683c-4503-808e-d0f0af5a2b68
2026-09-07 19:38:01.710 10 INFO neutron.db.ovn_revision_numbers_db [None req-0403c04a-89bd-4e0d-a5ab-58576651910b f16fbda23e4b48df8332802cb924689e 6a5969cc4cdc4172a876383eb2d183fe - - - -] Successfully bumped revision number for resource ec1b261d-683c-4503-808e-d0f0af5a2b68 (type: router_ports) to 1
2026-09-07 19:38:01.715 10 INFO neutron.plugins.ml2.plugin [None req-ea558bcb-47c6-47d1-a81e-eab1a0de4c74 - - - - - -] Attempt 1 to provision port ec1b261d-683c-4503-808e-d0f0af5a2b68
2026-09-07 19:38:01.733 9 INFO neutron.plugins.ml2.drivers.ovn.mech_driver.ovsdb.ovsdb_monitor [None req-302e45d9-041d-4ffb-ad29-c7c54bf92cfe - - - - - -] Router 8bdc6b62-59be-4336-b215-33a5803cc807 is bound to host instance
2026-09-07 19:38:01.810 10 INFO neutron.db.ovn_revision_numbers_db [None req-0403c04a-89bd-4e0d-a5ab-58576651910b f16fbda23e4b48df8332802cb924689e 6a5969cc4cdc4172a876383eb2d183fe - - - -] Successfully bumped revision number for resource 8bdc6b62-59be-4336-b215-33a5803cc807 (type: routers) to 3
2026-09-07 19:38:01.825 10 INFO neutron.wsgi [None req-0403c04a-89bd-4e0d-a5ab-58576651910b f16fbda23e4b48df8332802cb924689e 6a5969cc4cdc4172a876383eb2d183fe - - - -] 10.0.0.71 "POST /v2.0/routers HTTP/1.1" status: 201 len: 878 time: 1.7240539
2026-09-07 19:38:02.023 9 INFO neutron.wsgi [None req-3945acc9-bf3d-4a90-958c-10455107d743 77502c50c12f447cb211a2e5ac0af216 01bf1b6912604b00acc46ef183c9e001 - - - -] 10.0.0.71 "DELETE /v2.0/networks/bdcede1e-1b10-4f7f-9816-b559c26cd6bb HTTP/1.1" status: 204 len: 168 time: 0.5158823
2026-09-07 19:38:02.468 9 INFO neutron.services.segments.plugin [-] Segment 8d5980fb-5107-450d-892f-70855f823730 resource provider aggregate not found
2026-09-07 19:38:02.482 9 INFO neutron.services.segments.plugin [-] Segment 8d5980fb-5107-450d-892f-70855f823730 resource provider aggregate not found
2026-09-07 19:38:02.487 9 INFO neutron.services.segments.plugin [-] Segment 8d5980fb-5107-450d-892f-70855f823730 resource provider not found; error: Placement Client Error (4xx): {"errors": [{"status": 404, "title": "Not Found", "detail": "The resource could not be found.\n\n No resource provider with uuid 8d5980fb-5107-450d-892f-70855f823730 found for delete ", "request_id": "req-a9510c59-be89-47c4-80d9-d4b53f8636d0"}]}
2026-09-07 19:38:02.505 9 INFO neutron.db.ovn_revision_numbers_db [None req-302e45d9-041d-4ffb-ad29-c7c54bf92cfe - - - - - -] Successfully bumped revision number for resource ec1b261d-683c-4503-808e-d0f0af5a2b68 (type: ports) to 1
2026-09-07 19:38:02.507 9 INFO neutron.services.segments.plugin [-] Segment 0bbcee14-3c5a-46b3-b37e-f4744f5dd7c3 resource provider aggregate not found
2026-09-07 19:38:02.512 9 INFO neutron.services.segments.plugin [-] Segment 8d5980fb-5107-450d-892f-70855f823730 resource provider not found; error: Placement Client Error (4xx): {"errors": [{"status": 404, "title": "Not Found", "detail": "The resource could not be found.\n\n No resource provider with uuid 8d5980fb-5107-450d-892f-70855f823730 found for delete ", "request_id": "req-8d128b35-7d17-47d8-aa5f-6ddb3d82355b"}]}
2026-09-07 19:38:02.530 9 INFO neutron.services.segments.plugin [-] Segment 0bbcee14-3c5a-46b3-b37e-f4744f5dd7c3 resource provider not found; error: Placement Client Error (4xx): {"errors": [{"status": 404, "title": "Not Found", "detail": "The resource could not be found.\n\n No resource provider with uuid 0bbcee14-3c5a-46b3-b37e-f4744f5dd7c3 found for delete ", "request_id": "req-3dd732fc-9411-4b92-931b-de45083925da"}]}
2026-09-07 19:38:02.549 9 INFO neutron.services.segments.plugin [-] Segment 0bbcee14-3c5a-46b3-b37e-f4744f5dd7c3 resource provider aggregate not found
2026-09-07 19:38:02.550 10 WARNING neutron.scheduler.dhcp_agent_scheduler [None req-ea4bd750-ef55-4caa-852a-fde830beacde f16fbda23e4b48df8332802cb924689e 6a5969cc4cdc4172a876383eb2d183fe - - default default] No more DHCP agents
2026-09-07 19:38:02.553 10 WARNING neutron.api.rpc.agentnotifiers.dhcp_rpc_agent_api [None req-ea4bd750-ef55-4caa-852a-fde830beacde f16fbda23e4b48df8332802cb924689e 6a5969cc4cdc4172a876383eb2d183fe - - default default] Unable to schedule network e2b1e6b6-5d71-42c6-b480-8de844021778: no agents available; will retry on subsequent port and subnet creation events.
2026-09-07 19:38:02.564 9 INFO neutron.services.segments.plugin [-] Segment 0bbcee14-3c5a-46b3-b37e-f4744f5dd7c3 resource provider not found; error: Placement Client Error (4xx): {"errors": [{"status": 404, "title": "Not Found", "detail": "The resource could not be found.\n\n No resource provider with uuid 0bbcee14-3c5a-46b3-b37e-f4744f5dd7c3 found for delete ", "request_id": "req-a1ea6faa-9500-414f-885c-dc1e8d7bf821"}]}
2026-09-07 19:38:02.598 9 INFO neutron.wsgi [None req-10f800ad-050c-403a-8740-ef8ca2f7df62 77502c50c12f447cb211a2e5ac0af216 01bf1b6912604b00acc46ef183c9e001 - - - -] 10.0.0.71 "DELETE /v2.0/networks/0e0243dc-1bee-4ae4-a3c7-56c392649d2d HTTP/1.1" status: 204 len: 168 time: 0.5653598
2026-09-07 19:38:02.708 10 INFO neutron.db.ovn_revision_numbers_db [None req-ea4bd750-ef55-4caa-852a-fde830beacde f16fbda23e4b48df8332802cb924689e 6a5969cc4cdc4172a876383eb2d183fe - - default default] Successfully bumped revision number for resource 8294a170-2ada-4189-8d8e-27358d03ab2e (type: ports) to 1
2026-09-07 19:38:02.822 9 INFO neutron.db.ovn_revision_numbers_db [None req-302e45d9-041d-4ffb-ad29-c7c54bf92cfe - - - - - -] Successfully bumped revision number for resource ec1b261d-683c-4503-808e-d0f0af5a2b68 (type: router_ports) to 3
2026-09-07 19:38:03.003 9 INFO neutron.db.ovn_revision_numbers_db [None req-302e45d9-041d-4ffb-ad29-c7c54bf92cfe - - - - - -] Successfully bumped revision number for resource ec1b261d-683c-4503-808e-d0f0af5a2b68 (type: ports) to 2
2026-09-07 19:38:03.260 10 INFO neutron.db.ovn_revision_numbers_db [None req-ea4bd750-ef55-4caa-852a-fde830beacde f16fbda23e4b48df8332802cb924689e 6a5969cc4cdc4172a876383eb2d183fe - - default default] Successfully bumped revision number for resource 8294a170-2ada-4189-8d8e-27358d03ab2e (type: router_ports) to 2
2026-09-07 19:38:03.285 9 INFO neutron.db.ovn_revision_numbers_db [None req-302e45d9-041d-4ffb-ad29-c7c54bf92cfe - - - - - -] Successfully bumped revision number for resource ec1b261d-683c-4503-808e-d0f0af5a2b68 (type: ports) to 4
2026-09-07 19:38:03.409 10 INFO neutron.db.ovn_revision_numbers_db [None req-ea4bd750-ef55-4caa-852a-fde830beacde f16fbda23e4b48df8332802cb924689e 6a5969cc4cdc4172a876383eb2d183fe - - default default] Successfully bumped revision number for resource 8294a170-2ada-4189-8d8e-27358d03ab2e (type: ports) to 2
2026-09-07 19:38:03.473 10 WARNING neutron.scheduler.dhcp_agent_scheduler [None req-ea4bd750-ef55-4caa-852a-fde830beacde f16fbda23e4b48df8332802cb924689e 6a5969cc4cdc4172a876383eb2d183fe - - default default] No more DHCP agents
2026-09-07 19:38:03.474 10 WARNING neutron.api.rpc.agentnotifiers.dhcp_rpc_agent_api [None req-ea4bd750-ef55-4caa-852a-fde830beacde f16fbda23e4b48df8332802cb924689e 6a5969cc4cdc4172a876383eb2d183fe - - default default] Unable to schedule network e2b1e6b6-5d71-42c6-b480-8de844021778: no agents available; will retry on subsequent port and subnet creation events.
2026-09-07 19:38:03.537 9 INFO neutron.db.ovn_revision_numbers_db [None req-302e45d9-041d-4ffb-ad29-c7c54bf92cfe - - - - - -] Successfully bumped revision number for resource ec1b261d-683c-4503-808e-d0f0af5a2b68 (type: router_ports) to 4
2026-09-07 19:38:03.965 10 INFO neutron.db.ovn_revision_numbers_db [None req-ea4bd750-ef55-4caa-852a-fde830beacde f16fbda23e4b48df8332802cb924689e 6a5969cc4cdc4172a876383eb2d183fe - - - -] Successfully bumped revision number for resource 8294a170-2ada-4189-8d8e-27358d03ab2e (type: router_ports) to 2
2026-09-07 19:38:03.967 10 INFO neutron.wsgi [None req-ea4bd750-ef55-4caa-852a-fde830beacde f16fbda23e4b48df8332802cb924689e 6a5969cc4cdc4172a876383eb2d183fe - - - -] 10.0.0.71 "PUT /v2.0/routers/8bdc6b62-59be-4336-b215-33a5803cc807/add_router_interface HTTP/1.1" status: 200 len: 503 time: 2.1373065
2026-09-07 19:38:04.011 9 INFO neutron.db.ovn_revision_numbers_db [None req-77002cb6-366f-409f-8d80-bd64530285e4 f16fbda23e4b48df8332802cb924689e 6a5969cc4cdc4172a876383eb2d183fe - - default default] Successfully bumped revision number for resource 74c49f81-fe55-4c4b-85b3-4822e49cd9eb (type: security_groups) to 1
2026-09-07 19:38:04.036 9 INFO neutron.wsgi [None req-77002cb6-366f-409f-8d80-bd64530285e4 f16fbda23e4b48df8332802cb924689e 6a5969cc4cdc4172a876383eb2d183fe - - default default] 10.0.0.71 "GET /v2.0/security-groups?tenant_id=9b01efeaac2b41b187fbc83ad192a297&name=default HTTP/1.1" status: 200 len: 2996 time: 0.3700969
2026-09-07 19:38:04.205 9 INFO neutron.wsgi [None req-4ef6456d-811f-41bb-88af-e8ef74afdb07 f16fbda23e4b48df8332802cb924689e 6a5969cc4cdc4172a876383eb2d183fe - - - -] 10.0.0.71 "DELETE /v2.0/security-groups/74c49f81-fe55-4c4b-85b3-4822e49cd9eb HTTP/1.1" status: 204 len: 168 time: 0.1643069
2026-09-07 19:38:04.411 9 INFO neutron.db.ovn_revision_numbers_db [None req-7c3c73d4-844a-4455-be43-e6fcf12366b7 f16fbda23e4b48df8332802cb924689e 6a5969cc4cdc4172a876383eb2d183fe - - default default] Successfully bumped revision number for resource d77d5f2a-4c7c-4027-bc2d-839d768dadc5 (type: security_groups) to 1
2026-09-07 19:38:04.429 9 INFO neutron.wsgi [None req-7c3c73d4-844a-4455-be43-e6fcf12366b7 f16fbda23e4b48df8332802cb924689e 6a5969cc4cdc4172a876383eb2d183fe - - default default] 10.0.0.71 "GET /v2.0/security-groups?tenant_id=29ab7978af3846caaf89ac1daf8c59ac&name=default HTTP/1.1" status: 200 len: 2996 time: 0.1336381
2026-09-07 19:38:04.524 10 INFO neutron.plugins.ml2.drivers.ovn.mech_driver.mech_driver [None req-ea558bcb-47c6-47d1-a81e-eab1a0de4c74 - - - - - -] OVN reports status up for port: 8294a170-2ada-4189-8d8e-27358d03ab2e
2026-09-07 19:38:04.531 10 INFO neutron.plugins.ml2.plugin [None req-ea558bcb-47c6-47d1-a81e-eab1a0de4c74 - - - - - -] Attempt 1 to provision port 8294a170-2ada-4189-8d8e-27358d03ab2e
2026-09-07 19:38:04.552 9 INFO neutron.services.segments.plugin [-] Segment b13ba05c-ee5d-47a6-b08b-7bc9d60ec2d3 resource provider aggregate not found
2026-09-07 19:38:04.572 9 INFO neutron.services.segments.plugin [-] Segment b13ba05c-ee5d-47a6-b08b-7bc9d60ec2d3 resource provider not found; error: Placement Client Error (4xx): {"errors": [{"status": 404, "title": "Not Found", "detail": "The resource could not be found.\n\n No resource provider with uuid b13ba05c-ee5d-47a6-b08b-7bc9d60ec2d3 found for delete ", "request_id": "req-4109a24e-6fb0-4155-8332-bda2481f2522"}]}
2026-09-07 19:38:04.584 9 INFO neutron.services.segments.plugin [-] Segment b13ba05c-ee5d-47a6-b08b-7bc9d60ec2d3 resource provider aggregate not found
2026-09-07 19:38:04.600 9 INFO neutron.services.segments.plugin [-] Segment b13ba05c-ee5d-47a6-b08b-7bc9d60ec2d3 resource provider not found; error: Placement Client Error (4xx): {"errors": [{"status": 404, "title": "Not Found", "detail": "The resource could not be found.\n\n No resource provider with uuid b13ba05c-ee5d-47a6-b08b-7bc9d60ec2d3 found for delete ", "request_id": "req-6d7e3d45-ac25-4e32-962e-dc96da0dbc4f"}]}
2026-09-07 19:38:04.610 9 INFO neutron.db.ovn_revision_numbers_db [None req-3058f37c-2d2a-40c9-9634-9e192b0377a3 f16fbda23e4b48df8332802cb924689e 6a5969cc4cdc4172a876383eb2d183fe - - default default] Successfully bumped revision number for resource a75924e1-b316-4013-a360-1ce06764cef0 (type: security_groups) to 1
2026-09-07 19:38:04.627 9 INFO neutron.wsgi [None req-3058f37c-2d2a-40c9-9634-9e192b0377a3 f16fbda23e4b48df8332802cb924689e 6a5969cc4cdc4172a876383eb2d183fe - - default default] 10.0.0.71 "GET /v2.0/security-groups?tenant_id=91d4b99ad41d402ca2835f2ff07232f4&name=default HTTP/1.1" status: 200 len: 2996 time: 0.4479289
2026-09-07 19:38:04.653 9 INFO neutron.wsgi [None req-97c132d6-c924-4536-8906-ad377d65a13d f16fbda23e4b48df8332802cb924689e 6a5969cc4cdc4172a876383eb2d183fe - - - -] 10.0.0.71 "DELETE /v2.0/security-groups/d77d5f2a-4c7c-4027-bc2d-839d768dadc5 HTTP/1.1" status: 204 len: 168 time: 0.2179272
2026-09-07 19:38:04.792 9 INFO neutron.wsgi [None req-25d0abae-1e35-4cdf-9c7f-328d3a6d2589 f16fbda23e4b48df8332802cb924689e 6a5969cc4cdc4172a876383eb2d183fe - - - -] 10.0.0.71 "DELETE /v2.0/security-groups/a75924e1-b316-4013-a360-1ce06764cef0 HTTP/1.1" status: 204 len: 168 time: 0.1576569
2026-09-07 19:38:04.795 10 INFO neutron.db.ovn_revision_numbers_db [None req-ea558bcb-47c6-47d1-a81e-eab1a0de4c74 - - - - - -] Successfully bumped revision number for resource 8294a170-2ada-4189-8d8e-27358d03ab2e (type: ports) to 3
2026-09-07 19:38:04.803 10 INFO neutron.wsgi [None req-4454e0f1-d4ba-4c14-af9f-d6bc873ecb76 f16fbda23e4b48df8332802cb924689e 6a5969cc4cdc4172a876383eb2d183fe - - default default] 10.0.0.71 "GET /v2.0/security-groups?tenant_id=01bf1b6912604b00acc46ef183c9e001&name=default HTTP/1.1" status: 200 len: 2996 time: 0.0302041
2026-09-07 19:38:04.896 10 INFO neutron.db.ovn_revision_numbers_db [None req-ea558bcb-47c6-47d1-a81e-eab1a0de4c74 - - - - - -] Successfully bumped revision number for resource 8294a170-2ada-4189-8d8e-27358d03ab2e (type: router_ports) to 3
2026-09-07 19:38:05.096 10 INFO neutron.wsgi [req-0cc83c21-5387-4181-93b1-7442ab63c867 req-1485c30c-625f-4cfe-8b62-5b197a6be09d 0e62f9a2c71c41fcaf8581bd814115cd 662a47eb627847feb39c3e9f19522973 - - default default] 10.0.0.105 "GET /v2.0/networks?id=e2b1e6b6-5d71-42c6-b480-8de844021778 HTTP/1.1" status: 200 len: 876 time: 0.1088152
2026-09-07 19:38:05.129 10 INFO neutron.wsgi [req-0cc83c21-5387-4181-93b1-7442ab63c867 req-65b8db7a-67d5-4b4d-be72-0c8b959af886 0e62f9a2c71c41fcaf8581bd814115cd 662a47eb627847feb39c3e9f19522973 - - default default] 10.0.0.105 "GET /v2.0/quotas/662a47eb627847feb39c3e9f19522973 HTTP/1.1" status: 200 len: 386 time: 0.0190241
2026-09-07 19:38:05.151 10 INFO neutron.db.ovn_revision_numbers_db [None req-60ee7f00-7257-424a-b7d7-3248406729e1 f16fbda23e4b48df8332802cb924689e 6a5969cc4cdc4172a876383eb2d183fe - - default default] Successfully bumped revision number for resource 115cff63-8c1c-4aa1-bd9a-8dca306281fd (type: security_groups) to 1
2026-09-07 19:38:05.195 10 INFO neutron.wsgi [None req-60ee7f00-7257-424a-b7d7-3248406729e1 f16fbda23e4b48df8332802cb924689e 6a5969cc4cdc4172a876383eb2d183fe - - default default] 10.0.0.71 "GET /v2.0/security-groups?tenant_id=b72ddd15c244401c94d4ebc94ea1e6a3&name=default HTTP/1.1" status: 200 len: 2996 time: 0.2513032
2026-09-07 19:38:05.246 9 INFO neutron.wsgi [None req-56271717-c289-42d0-af1d-af0720bf2469 f16fbda23e4b48df8332802cb924689e 6a5969cc4cdc4172a876383eb2d183fe - - - -] 10.0.0.71 "DELETE /v2.0/security-groups/70d0c364-d5fc-484c-a2ca-9a8308df730e HTTP/1.1" status: 204 len: 168 time: 0.4371507
2026-09-07 19:38:05.248 10 INFO neutron.wsgi [req-0cc83c21-5387-4181-93b1-7442ab63c867 req-428cd891-2add-4652-8f56-b81d60f4c2ff 0e62f9a2c71c41fcaf8581bd814115cd 662a47eb627847feb39c3e9f19522973 - - default default] 10.0.0.105 "GET /v2.0/ports?tenant_id=662a47eb627847feb39c3e9f19522973&fields=id HTTP/1.1" status: 200 len: 302 time: 0.1113055
2026-09-07 19:38:05.325 10 INFO neutron.wsgi [req-0cc83c21-5387-4181-93b1-7442ab63c867 req-ca0a5808-74f2-4978-8f85-69ec422f4adc 0e8eb041faf54719b0f59782468b9f0b 0d4ce962add54f139739bc6c4758137b - - 33fbe5dc6d4948b2b237b1c417458761 33fbe5dc6d4948b2b237b1c417458761] 10.0.0.105 "GET /v2.0/networks/e2b1e6b6-5d71-42c6-b480-8de844021778?fields=segments HTTP/1.1" status: 200 len: 212 time: 0.0645130
2026-09-07 19:38:05.610 10 INFO neutron.wsgi [req-0cc83c21-5387-4181-93b1-7442ab63c867 req-c7bbbe8d-e4cc-41e2-ab6f-078593c3c180 0e8eb041faf54719b0f59782468b9f0b 0d4ce962add54f139739bc6c4758137b - - 33fbe5dc6d4948b2b237b1c417458761 33fbe5dc6d4948b2b237b1c417458761] 10.0.0.105 "GET /v2.0/networks/e2b1e6b6-5d71-42c6-b480-8de844021778?fields=provider%3Aphysical_network&fields=provider%3Anetwork_type HTTP/1.1" status: 200 len: 277 time: 0.2771261
2026-09-07 19:38:05.655 10 INFO neutron.wsgi [None req-f5b2a66d-311d-4c9f-8305-60ee45d2be77 f16fbda23e4b48df8332802cb924689e 6a5969cc4cdc4172a876383eb2d183fe - - - -] 10.0.0.71 "DELETE /v2.0/security-groups/115cff63-8c1c-4aa1-bd9a-8dca306281fd HTTP/1.1" status: 204 len: 168 time: 0.4535394
2026-09-07 19:38:05.772 10 INFO neutron.wsgi [req-d997b4a2-0afb-4f8e-a572-af763690c2bd req-f997138c-0e33-4786-b9c7-724c8c423f39 0e62f9a2c71c41fcaf8581bd814115cd 662a47eb627847feb39c3e9f19522973 - - default default] 10.0.0.105 "GET /v2.0/ports?device_id=4243eddb-5c43-40c5-b2de-4a37bc2dea12 HTTP/1.1" status: 200 len: 210 time: 0.0371475
2026-09-07 19:38:06.706 10 INFO neutron.wsgi [req-0cc83c21-5387-4181-93b1-7442ab63c867 req-efcf6f7f-d64f-4f53-b5d0-95f546564a89 0e62f9a2c71c41fcaf8581bd814115cd 662a47eb627847feb39c3e9f19522973 - - default default] 162.253.55.54 "GET /v2.0/networks?id=e2b1e6b6-5d71-42c6-b480-8de844021778 HTTP/1.1" status: 200 len: 876 time: 0.0955529
2026-09-07 19:38:06.895 10 INFO neutron.wsgi [req-3611b1ce-8d32-49cd-a20d-1ad9fae516ac req-f9fb587b-185d-40c6-beab-970a4ef51717 0e62f9a2c71c41fcaf8581bd814115cd 662a47eb627847feb39c3e9f19522973 - - default default] 10.0.0.105 "GET /v2.0/ports?device_id=4243eddb-5c43-40c5-b2de-4a37bc2dea12 HTTP/1.1" status: 200 len: 210 time: 0.0358708
2026-09-07 19:38:07.024 10 WARNING neutron.scheduler.dhcp_agent_scheduler [None req-8656c1d2-f638-4fea-9d2c-417b524e2573 0e62f9a2c71c41fcaf8581bd814115cd 662a47eb627847feb39c3e9f19522973 - - - -] No more DHCP agents
2026-09-07 19:38:07.027 10 WARNING neutron.api.rpc.agentnotifiers.dhcp_rpc_agent_api [None req-8656c1d2-f638-4fea-9d2c-417b524e2573 0e62f9a2c71c41fcaf8581bd814115cd 662a47eb627847feb39c3e9f19522973 - - - -] Unable to schedule network e2b1e6b6-5d71-42c6-b480-8de844021778: no agents available; will retry on subsequent port and subnet creation events.
2026-09-07 19:38:07.163 10 INFO neutron.db.ovn_revision_numbers_db [None req-8656c1d2-f638-4fea-9d2c-417b524e2573 0e62f9a2c71c41fcaf8581bd814115cd 662a47eb627847feb39c3e9f19522973 - - - -] Successfully bumped revision number for resource 9f62c76c-911a-403c-93f3-7779ff140991 (type: ports) to 1
2026-09-07 19:38:07.193 10 INFO neutron.wsgi [None req-8656c1d2-f638-4fea-9d2c-417b524e2573 0e62f9a2c71c41fcaf8581bd814115cd 662a47eb627847feb39c3e9f19522973 - - - -] 162.253.55.54 "POST /v2.0/ports HTTP/1.1" status: 201 len: 1158 time: 0.4810660 /var/lib/openstack/lib/python3.10/site-packages/pycadf/identifier.py:71: UserWarning: Invalid uuid: neutron. To ensure interoperability, identifiers should be a valid uuid. warnings.warn(('Invalid uuid: %s. To ensure interoperability, '
2026-09-07 19:38:07.630 10 INFO neutron.db.ovn_revision_numbers_db [None req-29ba0751-4974-4fe6-b0a8-8c0d5cad470a 0e8eb041faf54719b0f59782468b9f0b 0d4ce962add54f139739bc6c4758137b - - - -] Successfully bumped revision number for resource 9f62c76c-911a-403c-93f3-7779ff140991 (type: ports) to 2
2026-09-07 19:38:07.790 10 INFO neutron.db.ovn_revision_numbers_db [None req-29ba0751-4974-4fe6-b0a8-8c0d5cad470a 0e8eb041faf54719b0f59782468b9f0b 0d4ce962add54f139739bc6c4758137b - - - -] Successfully bumped revision number for resource 9f62c76c-911a-403c-93f3-7779ff140991 (type: ports) to 2
2026-09-07 19:38:07.805 10 INFO neutron.wsgi [None req-29ba0751-4974-4fe6-b0a8-8c0d5cad470a 0e8eb041faf54719b0f59782468b9f0b 0d4ce962add54f139739bc6c4758137b - - - -] 162.253.55.54 "PUT /v2.0/ports/9f62c76c-911a-403c-93f3-7779ff140991 HTTP/1.1" status: 200 len: 1328 time: 0.6033194
2026-09-07 19:38:07.866 10 INFO neutron.notifiers.nova [-] Nova event matching ['req-7b53dbf1-7641-4437-9d79-349476b570ea'] response: {'name': 'network-changed', 'server_uuid': '4243eddb-5c43-40c5-b2de-4a37bc2dea12', 'tag': '9f62c76c-911a-403c-93f3-7779ff140991', 'status': 'completed', 'code': 200} /var/lib/openstack/lib/python3.10/site-packages/pycadf/identifier.py:71: UserWarning: Invalid uuid: neutron. To ensure interoperability, identifiers should be a valid uuid. warnings.warn(('Invalid uuid: %s. To ensure interoperability, '
2026-09-07 19:38:07.916 10 INFO neutron.wsgi [req-0cc83c21-5387-4181-93b1-7442ab63c867 req-a3b3c678-e4eb-4f42-b5e1-824a34cddd91 0e8eb041faf54719b0f59782468b9f0b 0d4ce962add54f139739bc6c4758137b - - 33fbe5dc6d4948b2b237b1c417458761 33fbe5dc6d4948b2b237b1c417458761] 162.253.55.54 "GET /v2.0/ports?tenant_id=662a47eb627847feb39c3e9f19522973&device_id=4243eddb-5c43-40c5-b2de-4a37bc2dea12 HTTP/1.1" status: 200 len: 1359 time: 0.0492084
2026-09-07 19:38:07.953 10 INFO neutron.wsgi [req-0cc83c21-5387-4181-93b1-7442ab63c867 req-6cbdd321-e145-45ce-adbd-63b40b7a81bc 0e8eb041faf54719b0f59782468b9f0b 0d4ce962add54f139739bc6c4758137b - - 33fbe5dc6d4948b2b237b1c417458761 33fbe5dc6d4948b2b237b1c417458761] 162.253.55.54 "GET /v2.0/floatingips?fixed_ip_address=10.100.0.9&port_id=9f62c76c-911a-403c-93f3-7779ff140991 HTTP/1.1" status: 200 len: 217 time: 0.0331237
2026-09-07 19:38:08.043 10 INFO neutron.wsgi [req-2788f0d2-bc60-4c9e-a78a-5bacc55fa3bb req-e77f7906-1120-4d09-b09d-01216243bd86 0e62f9a2c71c41fcaf8581bd814115cd 662a47eb627847feb39c3e9f19522973 - - default default] 10.0.0.105 "GET /v2.0/ports?device_id=4243eddb-5c43-40c5-b2de-4a37bc2dea12 HTTP/1.1" status: 200 len: 1168 time: 0.0720022
2026-09-07 19:38:08.047 10 INFO neutron.wsgi [req-0cc83c21-5387-4181-93b1-7442ab63c867 req-844b45b6-dc8b-4809-9df8-e2da1009a30d 0e8eb041faf54719b0f59782468b9f0b 0d4ce962add54f139739bc6c4758137b - - 33fbe5dc6d4948b2b237b1c417458761 33fbe5dc6d4948b2b237b1c417458761] 162.253.55.54 "GET /v2.0/subnets?id=19ec3b4e-41da-47f5-85d9-9c883dcd1ad1 HTTP/1.1" status: 200 len: 870 time: 0.0886056
2026-09-07 19:38:08.099 10 INFO neutron.wsgi [req-0cc83c21-5387-4181-93b1-7442ab63c867 req-5af646f6-e96a-410f-8c5b-fddb441ee3e7 0e8eb041faf54719b0f59782468b9f0b 0d4ce962add54f139739bc6c4758137b - - 33fbe5dc6d4948b2b237b1c417458761 33fbe5dc6d4948b2b237b1c417458761] 162.253.55.54 "GET /v2.0/ports?network_id=e2b1e6b6-5d71-42c6-b480-8de844021778&device_owner=network%3Adhcp HTTP/1.1" status: 200 len: 210 time: 0.0389252
2026-09-07 19:38:08.113 10 INFO neutron.wsgi [req-2788f0d2-bc60-4c9e-a78a-5bacc55fa3bb req-4bc4b980-9a21-4f85-909f-de1abb8671f3 0e62f9a2c71c41fcaf8581bd814115cd 662a47eb627847feb39c3e9f19522973 - - default default] 10.0.0.105 "GET /v2.0/security-groups?id=80cc2e30-2e8d-48be-9ff4-0fc15dbb411a&fields=id&fields=name HTTP/1.1" status: 200 len: 286 time: 0.0641937
2026-09-07 19:38:08.186 10 INFO neutron.wsgi [req-0cc83c21-5387-4181-93b1-7442ab63c867 req-8b5edd33-5345-4710-8bf2-24e0ff68230a 0e8eb041faf54719b0f59782468b9f0b 0d4ce962add54f139739bc6c4758137b - - 33fbe5dc6d4948b2b237b1c417458761 33fbe5dc6d4948b2b237b1c417458761] 162.253.55.54 "GET /v2.0/networks/e2b1e6b6-5d71-42c6-b480-8de844021778?fields=segments HTTP/1.1" status: 200 len: 212 time: 0.0777335
2026-09-07 19:38:08.282 10 INFO neutron.wsgi [req-0cc83c21-5387-4181-93b1-7442ab63c867 req-0655ff4d-7bd7-4deb-b528-99c741d9c4fc 0e8eb041faf54719b0f59782468b9f0b 0d4ce962add54f139739bc6c4758137b - - 33fbe5dc6d4948b2b237b1c417458761 33fbe5dc6d4948b2b237b1c417458761] 162.253.55.54 "GET /v2.0/networks/e2b1e6b6-5d71-42c6-b480-8de844021778?fields=provider%3Aphysical_network&fields=provider%3Anetwork_type HTTP/1.1" status: 200 len: 277 time: 0.0889060
2026-09-07 19:38:08.412 10 INFO neutron.wsgi [req-26f985ed-fc6c-44a7-aaef-66035ca3d27c req-56b5fb31-3ad1-4bdb-9cf6-2a464f20085a 0e8eb041faf54719b0f59782468b9f0b 0d4ce962add54f139739bc6c4758137b - - 33fbe5dc6d4948b2b237b1c417458761 33fbe5dc6d4948b2b237b1c417458761] 162.253.55.54 "GET /v2.0/ports?tenant_id=662a47eb627847feb39c3e9f19522973&device_id=4243eddb-5c43-40c5-b2de-4a37bc2dea12 HTTP/1.1" status: 200 len: 1359 time: 0.0494752
2026-09-07 19:38:08.492 10 INFO neutron.wsgi [req-26f985ed-fc6c-44a7-aaef-66035ca3d27c req-c8deeb12-7733-477c-8d52-e3b45b49f0c0 0e8eb041faf54719b0f59782468b9f0b 0d4ce962add54f139739bc6c4758137b - - 33fbe5dc6d4948b2b237b1c417458761 33fbe5dc6d4948b2b237b1c417458761] 162.253.55.54 "GET /v2.0/networks?id=e2b1e6b6-5d71-42c6-b480-8de844021778 HTTP/1.1" status: 200 len: 975 time: 0.0708096
2026-09-07 19:38:08.540 10 INFO neutron.wsgi [req-26f985ed-fc6c-44a7-aaef-66035ca3d27c req-349135ab-1441-4af5-8b52-82bc3770b5d4 0e8eb041faf54719b0f59782468b9f0b 0d4ce962add54f139739bc6c4758137b - - 33fbe5dc6d4948b2b237b1c417458761 33fbe5dc6d4948b2b237b1c417458761] 162.253.55.54 "GET /v2.0/floatingips?fixed_ip_address=10.100.0.9&port_id=9f62c76c-911a-403c-93f3-7779ff140991 HTTP/1.1" status: 200 len: 217 time: 0.0423045
2026-09-07 19:38:08.594 10 INFO neutron.wsgi [req-26f985ed-fc6c-44a7-aaef-66035ca3d27c req-7ebf9f57-7fd8-406b-a988-a7eddb3136d8 0e8eb041faf54719b0f59782468b9f0b 0d4ce962add54f139739bc6c4758137b - - 33fbe5dc6d4948b2b237b1c417458761 33fbe5dc6d4948b2b237b1c417458761] 162.253.55.54 "GET /v2.0/subnets?id=19ec3b4e-41da-47f5-85d9-9c883dcd1ad1 HTTP/1.1" status: 200 len: 870 time: 0.0488703
2026-09-07 19:38:08.622 10 INFO neutron.wsgi [req-26f985ed-fc6c-44a7-aaef-66035ca3d27c req-91ec0370-cd08-49ef-ab9c-d2f12ca1ddd1 0e8eb041faf54719b0f59782468b9f0b 0d4ce962add54f139739bc6c4758137b - - 33fbe5dc6d4948b2b237b1c417458761 33fbe5dc6d4948b2b237b1c417458761] 162.253.55.54 "GET /v2.0/ports?network_id=e2b1e6b6-5d71-42c6-b480-8de844021778&device_owner=network%3Adhcp HTTP/1.1" status: 200 len: 210 time: 0.0224690
2026-09-07 19:38:08.698 10 INFO neutron.wsgi [req-26f985ed-fc6c-44a7-aaef-66035ca3d27c req-84dc992d-c3ff-428d-b495-c6e69aedf567 0e8eb041faf54719b0f59782468b9f0b 0d4ce962add54f139739bc6c4758137b - - 33fbe5dc6d4948b2b237b1c417458761 33fbe5dc6d4948b2b237b1c417458761] 162.253.55.54 "GET /v2.0/networks/e2b1e6b6-5d71-42c6-b480-8de844021778?fields=segments HTTP/1.1" status: 200 len: 212 time: 0.0700464
2026-09-07 19:38:08.768 10 INFO neutron.wsgi [req-26f985ed-fc6c-44a7-aaef-66035ca3d27c req-b329482b-fc01-465a-824f-d7d8380b9d99 0e8eb041faf54719b0f59782468b9f0b 0d4ce962add54f139739bc6c4758137b - - 33fbe5dc6d4948b2b237b1c417458761 33fbe5dc6d4948b2b237b1c417458761] 162.253.55.54 "GET /v2.0/networks/e2b1e6b6-5d71-42c6-b480-8de844021778?fields=provider%3Aphysical_network&fields=provider%3Anetwork_type HTTP/1.1" status: 200 len: 277 time: 0.0632489
2026-09-07 19:38:09.048 9 INFO neutron.wsgi [req-e8a3a422-b6ba-43ec-9738-2d45a34dc447 req-f425998c-b30f-48c3-a19e-968a0af164a4 0e8eb041faf54719b0f59782468b9f0b 0d4ce962add54f139739bc6c4758137b - - 33fbe5dc6d4948b2b237b1c417458761 33fbe5dc6d4948b2b237b1c417458761] 10.0.0.33 "GET /v2.0/ports?device_id=10ae2408-7fb5-431e-b89d-69fe055a6674 HTTP/1.1" status: 200 len: 1365 time: 0.0424016
2026-09-07 19:38:09.079 9 INFO neutron.wsgi [req-e8a3a422-b6ba-43ec-9738-2d45a34dc447 req-9e96ab0a-8dd8-41eb-bad4-1e727dc2e28c 0e8eb041faf54719b0f59782468b9f0b 0d4ce962add54f139739bc6c4758137b - - 33fbe5dc6d4948b2b237b1c417458761 33fbe5dc6d4948b2b237b1c417458761] 10.0.0.33 "GET /v2.0/security-groups?id=020bf4d0-c007-46a0-9983-d7136f6796aa&fields=id&fields=name HTTP/1.1" status: 200 len: 313 time: 0.0251081
2026-09-07 19:38:09.215 10 INFO neutron.wsgi [req-ad8d265b-3f88-49e0-a7e1-0b613342db74 req-3e07be22-0414-4a58-8f42-3464c6d09096 0e62f9a2c71c41fcaf8581bd814115cd 662a47eb627847feb39c3e9f19522973 - - default default] 10.0.0.105 "GET /v2.0/ports?device_id=4243eddb-5c43-40c5-b2de-4a37bc2dea12 HTTP/1.1" status: 200 len: 1168 time: 0.0428743
2026-09-07 19:38:09.240 10 INFO neutron.db.ovn_revision_numbers_db [None req-7c365a93-4df5-4f8d-9c1e-20162cb33cf5 8d109a0a4de346128987269f3b202194 1aec20b87b764fc0a98186b525d49313 - - - -] Successfully bumped revision number for resource b81a6a25-6219-46a2-abbd-29e1f966df78 (type: routers) to 1
2026-09-07 19:38:09.267 10 INFO neutron.wsgi [req-ad8d265b-3f88-49e0-a7e1-0b613342db74 req-27426308-e22a-4ba1-a126-c97d862a3383 0e62f9a2c71c41fcaf8581bd814115cd 662a47eb627847feb39c3e9f19522973 - - default default] 10.0.0.105 "GET /v2.0/security-groups?id=80cc2e30-2e8d-48be-9ff4-0fc15dbb411a&fields=id&fields=name HTTP/1.1" status: 200 len: 286 time: 0.0396514
2026-09-07 19:38:09.270 10 INFO neutron.wsgi [None req-7c365a93-4df5-4f8d-9c1e-20162cb33cf5 8d109a0a4de346128987269f3b202194 1aec20b87b764fc0a98186b525d49313 - - - -] 10.0.0.71 "POST /v2.0/routers HTTP/1.1" status: 201 len: 654 time: 0.3837333
2026-09-07 19:38:09.347 9 INFO neutron.wsgi [None req-8d853552-2a83-4b1c-b609-998490d51ad7 8d109a0a4de346128987269f3b202194 1aec20b87b764fc0a98186b525d49313 - - - -] 10.0.0.71 "PUT /v2.0/routers/b81a6a25-6219-46a2-abbd-29e1f966df78/tags HTTP/1.1" status: 200 len: 218 time: 0.0703185
2026-09-07 19:38:09.393 9 INFO neutron.wsgi [None req-d6cad696-48b9-4659-8b79-315b37885f74 8d109a0a4de346128987269f3b202194 1aec20b87b764fc0a98186b525d49313 - - default default] 10.0.0.71 "GET /v2.0/routers/b81a6a25-6219-46a2-abbd-29e1f966df78/tags HTTP/1.1" status: 200 len: 218 time: 0.0421069
