2026-09-07 19:37:24.565 9 INFO neutron.wsgi [req-39b9100b-8f90-4622-8650-e3fea3377604 req-fa5890e5-3388-4334-be41-8e944fb8facd 0e8eb041faf54719b0f59782468b9f0b 0d4ce962add54f139739bc6c4758137b - - 33fbe5dc6d4948b2b237b1c417458761 33fbe5dc6d4948b2b237b1c417458761] 10.0.0.33 "GET /v2.0/security-groups?id=07d13ae8-58ee-4307-9e7d-420cfe0e6113&fields=id&fields=name HTTP/1.1" status: 200 len: 312 time: 0.0389936
2026-09-07 19:37:25.344 10 INFO neutron.wsgi [None req-64233c41-6419-41e6-a8e3-062a39683c39 0fd5c463f2904242b325b16562f81f0b 6574f9ca995b4b8fbe53a3a9375f48c5 - - default default] 10.0.0.71 "GET /v2.0/ports/1153e66e-b729-43c8-9014-43e06f16e6f1 HTTP/1.1" status: 200 len: 1147 time: 0.1020544
2026-09-07 19:37:25.737 10 INFO neutron.wsgi [req-eaa4deae-53a9-4959-a642-0129d9289308 req-78d6b138-7af0-49fe-9069-8c758e03ba7d be4c7b750f6e4c10b12c5be3e6780054 a1c8faff9dcf4cc99206ef1640c47500 - - default default] 10.0.0.105 "GET /v2.0/ports?device_id=44f98341-c1c5-4482-816f-32f4f70794f7 HTTP/1.1" status: 200 len: 1168 time: 0.1511531
2026-09-07 19:37:25.776 10 INFO neutron.wsgi [req-eaa4deae-53a9-4959-a642-0129d9289308 req-5083bcd4-d37f-4508-8e08-3db8045f3886 be4c7b750f6e4c10b12c5be3e6780054 a1c8faff9dcf4cc99206ef1640c47500 - - default default] 10.0.0.105 "GET /v2.0/security-groups?id=cf70599d-3433-4bdf-a257-6fd37558db09&fields=id&fields=name HTTP/1.1" status: 200 len: 312 time: 0.0334070
2026-09-07 19:37:25.826 10 INFO neutron.db.ovn_revision_numbers_db [None req-9d411b44-375b-4519-bb2e-e28290dc5f1f 08f9d97e87ed4effa0a9400194887e01 3363a4b036364e9ba3f3b1b2d00d50af - - - -] Successfully bumped revision number for resource 6c4c2264-6e7e-4587-a72d-7cc8150ac8db (type: security_groups) to 1
2026-09-07 19:37:25.899 10 INFO neutron.db.segments_db [None req-9d411b44-375b-4519-bb2e-e28290dc5f1f 08f9d97e87ed4effa0a9400194887e01 3363a4b036364e9ba3f3b1b2d00d50af - - - -] Added segment f251bc00-fe7d-4f84-924b-68b92c187f23 of type geneve for network e76040e1-712a-41b2-ad6d-24ffd6a6fddb
2026-09-07 19:37:26.095 10 INFO neutron.db.ovn_revision_numbers_db [None req-9d411b44-375b-4519-bb2e-e28290dc5f1f 08f9d97e87ed4effa0a9400194887e01 3363a4b036364e9ba3f3b1b2d00d50af - - - -] Successfully bumped revision number for resource e76040e1-712a-41b2-ad6d-24ffd6a6fddb (type: networks) to 1
2026-09-07 19:37:26.208 9 INFO neutron.wsgi [-] 10.0.0.198 "GET / HTTP/1.1" status: 200 len: 247 time: 0.0026808
2026-09-07 19:37:26.212 9 INFO neutron.wsgi [-] 10.0.0.198 "GET / HTTP/1.1" status: 200 len: 247 time: 0.0026522
2026-09-07 19:37:26.260 10 WARNING neutron.scheduler.dhcp_agent_scheduler [None req-9d411b44-375b-4519-bb2e-e28290dc5f1f 08f9d97e87ed4effa0a9400194887e01 3363a4b036364e9ba3f3b1b2d00d50af - - - -] No more DHCP agents
2026-09-07 19:37:26.264 10 WARNING neutron.api.rpc.agentnotifiers.dhcp_rpc_agent_api [None req-9d411b44-375b-4519-bb2e-e28290dc5f1f 08f9d97e87ed4effa0a9400194887e01 3363a4b036364e9ba3f3b1b2d00d50af - - - -] Unable to schedule network e76040e1-712a-41b2-ad6d-24ffd6a6fddb: no agents available; will retry on subsequent port and subnet creation events.
2026-09-07 19:37:26.324 10 INFO neutron.db.ovn_revision_numbers_db [None req-9d411b44-375b-4519-bb2e-e28290dc5f1f 08f9d97e87ed4effa0a9400194887e01 3363a4b036364e9ba3f3b1b2d00d50af - - - -] Successfully bumped revision number for resource 0e4de691-d44b-4486-8157-ffa9ca17e3ef (type: ports) to 1
2026-09-07 19:37:26.341 10 INFO neutron.wsgi [None req-9d411b44-375b-4519-bb2e-e28290dc5f1f 08f9d97e87ed4effa0a9400194887e01 3363a4b036364e9ba3f3b1b2d00d50af - - - -] 10.0.0.71 "POST /v2.0/networks HTTP/1.1" status: 201 len: 928 time: 0.9442558
2026-09-07 19:37:26.469 9 INFO neutron.wsgi [None req-cc6d1f7a-d49c-4e33-bde0-dc634e6430a4 0fd5c463f2904242b325b16562f81f0b 6574f9ca995b4b8fbe53a3a9375f48c5 - - default default] 10.0.0.71 "GET /v2.0/ports/1153e66e-b729-43c8-9014-43e06f16e6f1 HTTP/1.1" status: 200 len: 1147 time: 0.1188619
2026-09-07 19:37:26.521 10 WARNING neutron.scheduler.dhcp_agent_scheduler [None req-8f6eb83c-e6ae-48e5-9b52-bfa5e54c0717 08f9d97e87ed4effa0a9400194887e01 3363a4b036364e9ba3f3b1b2d00d50af - - - -] No more DHCP agents
2026-09-07 19:37:26.524 10 WARNING neutron.api.rpc.agentnotifiers.dhcp_rpc_agent_api [None req-8f6eb83c-e6ae-48e5-9b52-bfa5e54c0717 08f9d97e87ed4effa0a9400194887e01 3363a4b036364e9ba3f3b1b2d00d50af - - - -] Unable to schedule network e76040e1-712a-41b2-ad6d-24ffd6a6fddb: no agents available; will retry on subsequent port and subnet creation events.
2026-09-07 19:37:26.888 10 INFO neutron.wsgi [req-4abf8cef-b1c4-4f96-a717-8f3e9bcb1662 req-b032e035-87ae-434c-b819-b3d880730cee be4c7b750f6e4c10b12c5be3e6780054 a1c8faff9dcf4cc99206ef1640c47500 - - default default] 10.0.0.105 "GET /v2.0/ports?device_id=44f98341-c1c5-4482-816f-32f4f70794f7 HTTP/1.1" status: 200 len: 1168 time: 0.0408087
2026-09-07 19:37:26.936 10 INFO neutron.wsgi [req-4abf8cef-b1c4-4f96-a717-8f3e9bcb1662 req-a4d9e78a-619f-4f6d-a57a-96fabe21b86d be4c7b750f6e4c10b12c5be3e6780054 a1c8faff9dcf4cc99206ef1640c47500 - - default default] 10.0.0.105 "GET /v2.0/security-groups?id=cf70599d-3433-4bdf-a257-6fd37558db09&fields=id&fields=name HTTP/1.1" status: 200 len: 312 time: 0.0387645
2026-09-07 19:37:26.993 10 INFO neutron.db.ovn_revision_numbers_db [None req-8f6eb83c-e6ae-48e5-9b52-bfa5e54c0717 08f9d97e87ed4effa0a9400194887e01 3363a4b036364e9ba3f3b1b2d00d50af - - - -] Successfully bumped revision number for resource 0e4de691-d44b-4486-8157-ffa9ca17e3ef (type: ports) to 2
2026-09-07 19:37:27.019 10 INFO neutron.db.ovn_revision_numbers_db [None req-8f6eb83c-e6ae-48e5-9b52-bfa5e54c0717 08f9d97e87ed4effa0a9400194887e01 3363a4b036364e9ba3f3b1b2d00d50af - - - -] Successfully bumped revision number for resource 6ff60cb0-de28-45c4-9a93-5215de738197 (type: subnets) to 0
2026-09-07 19:37:27.042 10 INFO neutron.wsgi [None req-8f6eb83c-e6ae-48e5-9b52-bfa5e54c0717 08f9d97e87ed4effa0a9400194887e01 3363a4b036364e9ba3f3b1b2d00d50af - - - -] 10.0.0.71 "POST /v2.0/subnets HTTP/1.1" status: 201 len: 819 time: 0.6958923
2026-09-07 19:37:27.056 10 WARNING neutron.api.v2.base [None req-007019b9-05c8-41ac-9e5f-39236aa90258 08f9d97e87ed4effa0a9400194887e01 3363a4b036364e9ba3f3b1b2d00d50af - - - -] An exception happened while processing the request body. The exception message is [Invalid input for target_tenant. Reason: 'None' is not a valid string.].: webob.exc.HTTPBadRequest: Invalid input for target_tenant. Reason: 'None' is not a valid string.
2026-09-07 19:37:27.057 10 INFO neutron.api.v2.resource [None req-007019b9-05c8-41ac-9e5f-39236aa90258 08f9d97e87ed4effa0a9400194887e01 3363a4b036364e9ba3f3b1b2d00d50af - - - -] create failed (client error): Invalid input for target_tenant. Reason: 'None' is not a valid string.
2026-09-07 19:37:27.061 10 INFO neutron.wsgi [None req-007019b9-05c8-41ac-9e5f-39236aa90258 08f9d97e87ed4effa0a9400194887e01 3363a4b036364e9ba3f3b1b2d00d50af - - - -] 10.0.0.71 "POST /v2.0/rbac-policies HTTP/1.1" status: 400 len: 346 time: 0.0130355
2026-09-07 19:37:27.512 9 INFO neutron.wsgi [None req-1f59f82c-d0b6-46b3-a179-9318a1b13962 0fd5c463f2904242b325b16562f81f0b 6574f9ca995b4b8fbe53a3a9375f48c5 - - default default] 10.0.0.71 "GET /v2.0/ports/1153e66e-b729-43c8-9014-43e06f16e6f1 HTTP/1.1" status: 200 len: 1147 time: 0.0375946
2026-09-07 19:37:27.628 10 WARNING neutron.plugins.ml2.drivers.ovn.mech_driver.ovsdb.ovn_client [None req-ea558bcb-47c6-47d1-a81e-eab1a0de4c74 - - - - - -] No hosting information found for port f3c030ad-c2a4-4929-b96e-7a70290aa6fc: RuntimeError: No hosting information found for port f3c030ad-c2a4-4929-b96e-7a70290aa6fc
2026-09-07 19:37:27.628 10 INFO neutron.plugins.ml2.drivers.ovn.mech_driver.mech_driver [None req-ea558bcb-47c6-47d1-a81e-eab1a0de4c74 - - - - - -] OVN reports status up for port: 1153e66e-b729-43c8-9014-43e06f16e6f1
2026-09-07 19:37:27.641 10 INFO neutron.plugins.ml2.plugin [None req-ea558bcb-47c6-47d1-a81e-eab1a0de4c74 - - - - - -] Attempt 1 to provision port 1153e66e-b729-43c8-9014-43e06f16e6f1
2026-09-07 19:37:27.688 10 INFO neutron.services.segments.plugin [-] Segment f251bc00-fe7d-4f84-924b-68b92c187f23 resource provider aggregate not found
2026-09-07 19:37:27.692 10 INFO neutron.services.segments.plugin [-] Segment f251bc00-fe7d-4f84-924b-68b92c187f23 resource provider aggregate not found
2026-09-07 19:37:27.712 10 INFO neutron.services.segments.plugin [-] Segment f251bc00-fe7d-4f84-924b-68b92c187f23 resource provider not found; error: Placement Client Error (4xx): {"errors": [{"status": 404, "title": "Not Found", "detail": "The resource could not be found.\n\n No resource provider with uuid f251bc00-fe7d-4f84-924b-68b92c187f23 found for delete ", "request_id": "req-3aca1e07-1a33-4fe7-a0ee-8cac15cfab9a"}]}
2026-09-07 19:37:27.713 10 INFO neutron.services.segments.plugin [-] Segment f251bc00-fe7d-4f84-924b-68b92c187f23 resource provider not found; error: Placement Client Error (4xx): {"errors": [{"status": 404, "title": "Not Found", "detail": "The resource could not be found.\n\n No resource provider with uuid f251bc00-fe7d-4f84-924b-68b92c187f23 found for delete ", "request_id": "req-0ba89a85-a027-4370-9813-8bad2aa3ade9"}]}
2026-09-07 19:37:27.740 10 INFO neutron.wsgi [None req-37d7e1d8-ef93-4097-863f-9d1b274d96df 08f9d97e87ed4effa0a9400194887e01 3363a4b036364e9ba3f3b1b2d00d50af - - - -] 10.0.0.71 "DELETE /v2.0/networks/e76040e1-712a-41b2-ad6d-24ffd6a6fddb HTTP/1.1" status: 204 len: 168 time: 0.6736326
2026-09-07 19:37:27.848 10 INFO neutron.db.segments_db [None req-2cdc427a-fe5b-4d71-9334-a286ae091ce4 08f9d97e87ed4effa0a9400194887e01 3363a4b036364e9ba3f3b1b2d00d50af - - - -] Added segment 57bc7aee-4583-42db-bf10-f35a33a68cc8 of type geneve for network 6a60e91e-71de-4bde-808d-6ec1c0f59c4a
2026-09-07 19:37:27.994 10 INFO neutron.db.ovn_revision_numbers_db [None req-ea558bcb-47c6-47d1-a81e-eab1a0de4c74 - - - - - -] Successfully bumped revision number for resource 1153e66e-b729-43c8-9014-43e06f16e6f1 (type: ports) to 3
2026-09-07 19:37:28.072 10 INFO neutron.db.ovn_revision_numbers_db [None req-2cdc427a-fe5b-4d71-9334-a286ae091ce4 08f9d97e87ed4effa0a9400194887e01 3363a4b036364e9ba3f3b1b2d00d50af - - - -] Successfully bumped revision number for resource 6a60e91e-71de-4bde-808d-6ec1c0f59c4a (type: networks) to 1
2026-09-07 19:37:28.117 10 INFO neutron.wsgi [req-765cc07f-37ef-4588-bc83-808b9d59b945 req-dba4ebd6-5982-4092-a283-82c1d65d5755 be4c7b750f6e4c10b12c5be3e6780054 a1c8faff9dcf4cc99206ef1640c47500 - - default default] 10.0.0.105 "GET /v2.0/ports?device_id=44f98341-c1c5-4482-816f-32f4f70794f7 HTTP/1.1" status: 200 len: 1168 time: 0.0693622
2026-09-07 19:37:28.180 10 INFO neutron.wsgi [req-765cc07f-37ef-4588-bc83-808b9d59b945 req-6de8ff17-8a50-4897-b378-44c549ccea37 be4c7b750f6e4c10b12c5be3e6780054 a1c8faff9dcf4cc99206ef1640c47500 - - default default] 10.0.0.105 "GET /v2.0/security-groups?id=cf70599d-3433-4bdf-a257-6fd37558db09&fields=id&fields=name HTTP/1.1" status: 200 len: 312 time: 0.0512011
2026-09-07 19:37:28.206 10 INFO neutron.db.ovn_revision_numbers_db [None req-ea558bcb-47c6-47d1-a81e-eab1a0de4c74 - - - - - -] Successfully bumped revision number for resource 1153e66e-b729-43c8-9014-43e06f16e6f1 (type: router_ports) to 3
2026-09-07 19:37:28.268 10 WARNING neutron.scheduler.dhcp_agent_scheduler [None req-2cdc427a-fe5b-4d71-9334-a286ae091ce4 08f9d97e87ed4effa0a9400194887e01 3363a4b036364e9ba3f3b1b2d00d50af - - - -] No more DHCP agents
2026-09-07 19:37:28.269 10 WARNING neutron.api.rpc.agentnotifiers.dhcp_rpc_agent_api [None req-2cdc427a-fe5b-4d71-9334-a286ae091ce4 08f9d97e87ed4effa0a9400194887e01 3363a4b036364e9ba3f3b1b2d00d50af - - - -] Unable to schedule network 6a60e91e-71de-4bde-808d-6ec1c0f59c4a: no agents available; will retry on subsequent port and subnet creation events.
2026-09-07 19:37:28.320 10 INFO neutron.db.ovn_revision_numbers_db [None req-2cdc427a-fe5b-4d71-9334-a286ae091ce4 08f9d97e87ed4effa0a9400194887e01 3363a4b036364e9ba3f3b1b2d00d50af - - - -] Successfully bumped revision number for resource 2f9e4455-759f-494a-bb31-777d945fc2db (type: ports) to 1
2026-09-07 19:37:28.336 10 INFO neutron.wsgi [None req-2cdc427a-fe5b-4d71-9334-a286ae091ce4 08f9d97e87ed4effa0a9400194887e01 3363a4b036364e9ba3f3b1b2d00d50af - - - -] 10.0.0.71 "POST /v2.0/networks HTTP/1.1" status: 201 len: 928 time: 0.5893617
2026-09-07 19:37:28.575 9 INFO neutron.wsgi [None req-5fbc4bcd-86f4-4ad5-bb10-77baadf47db3 0fd5c463f2904242b325b16562f81f0b 6574f9ca995b4b8fbe53a3a9375f48c5 - - default default] 10.0.0.71 "GET /v2.0/ports/1153e66e-b729-43c8-9014-43e06f16e6f1 HTTP/1.1" status: 200 len: 1149 time: 0.0567112
2026-09-07 19:37:28.728 10 WARNING neutron.scheduler.dhcp_agent_scheduler [None req-56a960f1-4ccb-4882-a296-a7e93401b614 08f9d97e87ed4effa0a9400194887e01 3363a4b036364e9ba3f3b1b2d00d50af - - - -] No more DHCP agents
2026-09-07 19:37:28.729 10 WARNING neutron.api.rpc.agentnotifiers.dhcp_rpc_agent_api [None req-56a960f1-4ccb-4882-a296-a7e93401b614 08f9d97e87ed4effa0a9400194887e01 3363a4b036364e9ba3f3b1b2d00d50af - - - -] Unable to schedule network 6a60e91e-71de-4bde-808d-6ec1c0f59c4a: no agents available; will retry on subsequent port and subnet creation events.
2026-09-07 19:37:28.968 10 INFO neutron.wsgi [req-19ebaa4a-fce8-4b59-9af1-eec47bbd5054 req-0c86b958-725e-4a47-9996-dd357d0ea282 beb416cb4d6c4c2c86c937c74c4a7d89 f93715a81638435487bc6066a4a8fdcd - - default default] 10.0.0.105 "GET /v2.0/ports?device_id=d4d30848-f344-40ee-9487-5f22eef310b7 HTTP/1.1" status: 200 len: 1170 time: 0.1030767
2026-09-07 19:37:29.047 10 INFO neutron.wsgi [req-19ebaa4a-fce8-4b59-9af1-eec47bbd5054 req-5217e025-46fe-4463-8c1a-3c63406c234f beb416cb4d6c4c2c86c937c74c4a7d89 f93715a81638435487bc6066a4a8fdcd - - default default] 10.0.0.105 "GET /v2.0/security-groups?id=07d13ae8-58ee-4307-9e7d-420cfe0e6113&fields=id&fields=name HTTP/1.1" status: 200 len: 312 time: 0.0573640
2026-09-07 19:37:29.121 9 INFO neutron.wsgi [None req-079837eb-cb40-4f85-85bb-773664651e9e 0fd5c463f2904242b325b16562f81f0b 6574f9ca995b4b8fbe53a3a9375f48c5 - - - -] 10.0.0.71 "PUT /v2.0/routers/3b2e27d3-df56-43e6-87af-75c2479c4030/remove_router_interface HTTP/1.1" status: 200 len: 503 time: 0.5387709
2026-09-07 19:37:29.186 10 INFO neutron.wsgi [req-94898a84-bf9f-41dc-94cd-04b828f33f35 req-907f9fcc-de1a-4895-b884-0c2dea1f0dda beb416cb4d6c4c2c86c937c74c4a7d89 f93715a81638435487bc6066a4a8fdcd - - default default] 10.0.0.105 "GET /v2.0/ports?device_id=d4d30848-f344-40ee-9487-5f22eef310b7 HTTP/1.1" status: 200 len: 1170 time: 0.0517101
2026-09-07 19:37:29.242 10 INFO neutron.db.ovn_revision_numbers_db [None req-56a960f1-4ccb-4882-a296-a7e93401b614 08f9d97e87ed4effa0a9400194887e01 3363a4b036364e9ba3f3b1b2d00d50af - - - -] Successfully bumped revision number for resource 2f9e4455-759f-494a-bb31-777d945fc2db (type: ports) to 2
2026-09-07 19:37:29.246 10 INFO neutron.wsgi [req-94898a84-bf9f-41dc-94cd-04b828f33f35 req-3802e258-f641-4fe8-abe7-fd3451a36651 beb416cb4d6c4c2c86c937c74c4a7d89 f93715a81638435487bc6066a4a8fdcd - - default default] 10.0.0.105 "GET /v2.0/security-groups?id=07d13ae8-58ee-4307-9e7d-420cfe0e6113&fields=id&fields=name HTTP/1.1" status: 200 len: 312 time: 0.0497825
2026-09-07 19:37:29.250 10 INFO neutron.wsgi [None req-1899cad8-13a8-486b-9361-3939de19e216 0fd5c463f2904242b325b16562f81f0b 6574f9ca995b4b8fbe53a3a9375f48c5 - - default default] 10.0.0.71 "GET /v2.0/ports/9d8f31c4-b15d-466c-a621-061d2b8fe521 HTTP/1.1" status: 200 len: 1141 time: 0.1219885
2026-09-07 19:37:29.274 10 INFO neutron.db.ovn_revision_numbers_db [None req-56a960f1-4ccb-4882-a296-a7e93401b614 08f9d97e87ed4effa0a9400194887e01 3363a4b036364e9ba3f3b1b2d00d50af - - - -] Successfully bumped revision number for resource 91a4d09a-3b93-4f43-9f7e-14c634175567 (type: subnets) to 0
2026-09-07 19:37:29.313 10 INFO neutron.wsgi [None req-56a960f1-4ccb-4882-a296-a7e93401b614 08f9d97e87ed4effa0a9400194887e01 3363a4b036364e9ba3f3b1b2d00d50af - - - -] 10.0.0.71 "POST /v2.0/subnets HTTP/1.1" status: 201 len: 822 time: 0.9715569
2026-09-07 19:37:29.322 10 INFO neutron.wsgi [req-34a0c009-e074-4107-ac6c-f8eee51aed8a req-9b9e8f7d-e459-4d4b-948a-5698b5bf682e be4c7b750f6e4c10b12c5be3e6780054 a1c8faff9dcf4cc99206ef1640c47500 - - default default] 10.0.0.105 "GET /v2.0/ports?device_id=44f98341-c1c5-4482-816f-32f4f70794f7 HTTP/1.1" status: 200 len: 1168 time: 0.0488424 /var/lib/openstack/lib/python3.10/site-packages/pycadf/identifier.py:71: UserWarning: Invalid uuid: neutron. To ensure interoperability, identifiers should be a valid uuid. warnings.warn(('Invalid uuid: %s. To ensure interoperability, '
2026-09-07 19:37:29.329 9 WARNING neutron.api.v2.base [None req-8fce421d-566e-4518-bda3-b8292a4d78c2 08f9d97e87ed4effa0a9400194887e01 3363a4b036364e9ba3f3b1b2d00d50af - - - -] An exception happened while processing the request body. The exception message is [Invalid input for target_tenant. Reason: '1234123412341234123412341234123412341234123412341234123412341234123412341234123412341234123412341234123412341234123412341234123412341234123412341234123412341234123412341234123412341234123412341234123412341234123412341234123412341234123412341234123412341234123412341234123412341234123412341234123412341234123412341234123412341234123412341234123412341234123412341234123412341234123412341234123412341234' exceeds maximum length of 255.].: webob.exc.HTTPBadRequest: Invalid input for target_tenant. Reason: '1234123412341234123412341234123412341234123412341234123412341234123412341234123412341234123412341234123412341234123412341234123412341234123412341234123412341234123412341234123412341234123412341234123412341234123412341234123412341234123412341234123412341234123412341234123412341234123412341234123412341234123412341234123412341234123412341234123412341234123412341234123412341234123412341234123412341234' exceeds maximum length of 255.
2026-09-07 19:37:29.331 9 INFO neutron.api.v2.resource [None req-8fce421d-566e-4518-bda3-b8292a4d78c2 08f9d97e87ed4effa0a9400194887e01 3363a4b036364e9ba3f3b1b2d00d50af - - - -] create failed (client error): Invalid input for target_tenant. Reason: '1234123412341234123412341234123412341234123412341234123412341234123412341234123412341234123412341234123412341234123412341234123412341234123412341234123412341234123412341234123412341234123412341234123412341234123412341234123412341234123412341234123412341234123412341234123412341234123412341234123412341234123412341234123412341234123412341234123412341234123412341234123412341234123412341234123412341234' exceeds maximum length of 255.
2026-09-07 19:37:29.333 9 INFO neutron.wsgi [None req-8fce421d-566e-4518-bda3-b8292a4d78c2 08f9d97e87ed4effa0a9400194887e01 3363a4b036364e9ba3f3b1b2d00d50af - - - -] 10.0.0.71 "POST /v2.0/rbac-policies HTTP/1.1" status: 400 len: 750 time: 0.0123560
2026-09-07 19:37:29.371 10 INFO neutron.wsgi [req-34a0c009-e074-4107-ac6c-f8eee51aed8a req-0d92bf72-8c2d-480c-895c-23afb1956663 be4c7b750f6e4c10b12c5be3e6780054 a1c8faff9dcf4cc99206ef1640c47500 - - default default] 10.0.0.105 "GET /v2.0/security-groups?id=cf70599d-3433-4bdf-a257-6fd37558db09&fields=id&fields=name HTTP/1.1" status: 200 len: 312 time: 0.0435839
2026-09-07 19:37:29.721 10 INFO neutron.wsgi [req-7c8f7036-c2d9-4887-a1db-06380b6eec03 req-5f277d7a-861b-4428-9d72-1fe7f9cb8b52 beb416cb4d6c4c2c86c937c74c4a7d89 f93715a81638435487bc6066a4a8fdcd - - default default] 10.0.0.105 "GET /v2.0/ports?device_id=d4d30848-f344-40ee-9487-5f22eef310b7 HTTP/1.1" status: 200 len: 1170 time: 0.0930924
2026-09-07 19:37:29.726 10 INFO neutron.wsgi [req-b54fa068-ffae-430e-9e51-10c81f4b7413 req-a5524e21-c1ca-4928-8e83-afc06e0c2dba 0e8eb041faf54719b0f59782468b9f0b 0d4ce962add54f139739bc6c4758137b - - 33fbe5dc6d4948b2b237b1c417458761 33fbe5dc6d4948b2b237b1c417458761] 162.253.55.54 "GET /v2.0/ports?tenant_id=f93715a81638435487bc6066a4a8fdcd&device_id=d4d30848-f344-40ee-9487-5f22eef310b7 HTTP/1.1" status: 200 len: 1361 time: 0.0740538
2026-09-07 19:37:29.797 10 INFO neutron.wsgi [req-7c8f7036-c2d9-4887-a1db-06380b6eec03 req-6fba3675-61cd-44bd-9858-46924f283c76 beb416cb4d6c4c2c86c937c74c4a7d89 f93715a81638435487bc6066a4a8fdcd - - default default] 10.0.0.105 "GET /v2.0/security-groups?id=07d13ae8-58ee-4307-9e7d-420cfe0e6113&fields=id&fields=name HTTP/1.1" status: 200 len: 312 time: 0.0702031
2026-09-07 19:37:29.828 10 INFO neutron.wsgi [req-b54fa068-ffae-430e-9e51-10c81f4b7413 req-86e325d3-304e-46fe-97c5-ab0b2320c3a1 0e8eb041faf54719b0f59782468b9f0b 0d4ce962add54f139739bc6c4758137b - - 33fbe5dc6d4948b2b237b1c417458761 33fbe5dc6d4948b2b237b1c417458761] 162.253.55.54 "GET /v2.0/networks?id=ca51d357-56ac-4b9a-a17d-f2c4b9ef25df HTTP/1.1" status: 200 len: 972 time: 0.0817928
2026-09-07 19:37:29.849 9 INFO neutron.services.segments.plugin [-] Segment 57bc7aee-4583-42db-bf10-f35a33a68cc8 resource provider aggregate not found
2026-09-07 19:37:29.853 9 INFO neutron.services.segments.plugin [-] Segment 57bc7aee-4583-42db-bf10-f35a33a68cc8 resource provider aggregate not found
2026-09-07 19:37:29.865 9 INFO neutron.services.segments.plugin [-] Segment 57bc7aee-4583-42db-bf10-f35a33a68cc8 resource provider not found; error: Placement Client Error (4xx): {"errors": [{"status": 404, "title": "Not Found", "detail": "The resource could not be found.\n\n No resource provider with uuid 57bc7aee-4583-42db-bf10-f35a33a68cc8 found for delete ", "request_id": "req-464afa9a-322b-41e7-b08c-245573189f59"}]}
2026-09-07 19:37:29.875 9 INFO neutron.services.segments.plugin [-] Segment 57bc7aee-4583-42db-bf10-f35a33a68cc8 resource provider not found; error: Placement Client Error (4xx): {"errors": [{"status": 404, "title": "Not Found", "detail": "The resource could not be found.\n\n No resource provider with uuid 57bc7aee-4583-42db-bf10-f35a33a68cc8 found for delete ", "request_id": "req-27ab934b-e344-49a5-a4f3-ca822f7c4562"}]}
2026-09-07 19:37:29.885 9 INFO neutron.wsgi [None req-1bece05f-ce5d-4030-9772-4dd25c04e4b9 08f9d97e87ed4effa0a9400194887e01 3363a4b036364e9ba3f3b1b2d00d50af - - - -] 10.0.0.71 "DELETE /v2.0/networks/6a60e91e-71de-4bde-808d-6ec1c0f59c4a HTTP/1.1" status: 204 len: 168 time: 0.5468950
2026-09-07 19:37:29.889 10 INFO neutron.wsgi [req-b54fa068-ffae-430e-9e51-10c81f4b7413 req-2d9608b0-880d-4b89-8ca0-ac93677781ef 0e8eb041faf54719b0f59782468b9f0b 0d4ce962add54f139739bc6c4758137b - - 33fbe5dc6d4948b2b237b1c417458761 33fbe5dc6d4948b2b237b1c417458761] 162.253.55.54 "GET /v2.0/floatingips?fixed_ip_address=10.100.0.3&port_id=a640cdc6-5230-4576-bcd2-f4c9caa18d2a HTTP/1.1" status: 200 len: 1059 time: 0.0527778
2026-09-07 19:37:29.947 10 INFO neutron.wsgi [req-b54fa068-ffae-430e-9e51-10c81f4b7413 req-ce81ac8b-f083-4fe0-bd5b-15d36f6fb389 0e8eb041faf54719b0f59782468b9f0b 0d4ce962add54f139739bc6c4758137b - - 33fbe5dc6d4948b2b237b1c417458761 33fbe5dc6d4948b2b237b1c417458761] 162.253.55.54 "GET /v2.0/subnets?id=abdae909-8886-4ba5-843e-de3c94491696 HTTP/1.1" status: 200 len: 867 time: 0.0403912
2026-09-07 19:37:29.989 10 INFO neutron.wsgi [req-b54fa068-ffae-430e-9e51-10c81f4b7413 req-45fab2c9-135c-44c4-acf0-278a7d5a2314 0e8eb041faf54719b0f59782468b9f0b 0d4ce962add54f139739bc6c4758137b - - 33fbe5dc6d4948b2b237b1c417458761 33fbe5dc6d4948b2b237b1c417458761] 162.253.55.54 "GET /v2.0/ports?network_id=ca51d357-56ac-4b9a-a17d-f2c4b9ef25df&device_owner=network%3Adhcp HTTP/1.1" status: 200 len: 210 time: 0.0355740
2026-09-07 19:37:30.007 9 INFO neutron.db.segments_db [None req-7aeea217-4a66-40e8-a599-c3e9e78d3b79 08f9d97e87ed4effa0a9400194887e01 3363a4b036364e9ba3f3b1b2d00d50af - - - -] Added segment b57cecc5-babf-4534-bd43-df5a7e3e452a of type geneve for network f9947021-1284-4271-a5a7-04e43f11b8cb
2026-09-07 19:37:30.079 10 INFO neutron.wsgi [None req-c5a9d886-c363-4372-b309-3b1924ee73d6 0fd5c463f2904242b325b16562f81f0b 6574f9ca995b4b8fbe53a3a9375f48c5 - - - -] 10.0.0.71 "PUT /v2.0/routers/3b2e27d3-df56-43e6-87af-75c2479c4030/remove_router_interface HTTP/1.1" status: 200 len: 503 time: 0.8243701 /var/lib/openstack/lib/python3.10/site-packages/pycadf/identifier.py:71: UserWarning: Invalid uuid: neutron. To ensure interoperability, identifiers should be a valid uuid. warnings.warn(('Invalid uuid: %s. To ensure interoperability, '
2026-09-07 19:37:30.112 10 INFO neutron.wsgi [req-b54fa068-ffae-430e-9e51-10c81f4b7413 req-089dce13-cbc5-41af-b167-070fcddb5fe8 0e8eb041faf54719b0f59782468b9f0b 0d4ce962add54f139739bc6c4758137b - - 33fbe5dc6d4948b2b237b1c417458761 33fbe5dc6d4948b2b237b1c417458761] 162.253.55.54 "GET /v2.0/networks/ca51d357-56ac-4b9a-a17d-f2c4b9ef25df?fields=segments HTTP/1.1" status: 200 len: 212 time: 0.1053154
2026-09-07 19:37:30.114 10 INFO neutron.wsgi [None req-361d1d70-b309-482d-a46f-04da32363b13 0fd5c463f2904242b325b16562f81f0b 6574f9ca995b4b8fbe53a3a9375f48c5 - - default default] 10.0.0.71 "GET /v2.0/ports?device_id=3b2e27d3-df56-43e6-87af-75c2479c4030 HTTP/1.1" status: 200 len: 205 time: 0.0249231
2026-09-07 19:37:30.197 9 INFO neutron.db.ovn_revision_numbers_db [None req-7aeea217-4a66-40e8-a599-c3e9e78d3b79 08f9d97e87ed4effa0a9400194887e01 3363a4b036364e9ba3f3b1b2d00d50af - - - -] Successfully bumped revision number for resource f9947021-1284-4271-a5a7-04e43f11b8cb (type: networks) to 1
2026-09-07 19:37:30.202 10 INFO neutron.wsgi [req-b54fa068-ffae-430e-9e51-10c81f4b7413 req-213e9009-e087-4ac4-aca4-81ed2e4b3698 0e8eb041faf54719b0f59782468b9f0b 0d4ce962add54f139739bc6c4758137b - - 33fbe5dc6d4948b2b237b1c417458761 33fbe5dc6d4948b2b237b1c417458761] 162.253.55.54 "GET /v2.0/networks/ca51d357-56ac-4b9a-a17d-f2c4b9ef25df?fields=provider%3Aphysical_network&fields=provider%3Anetwork_type HTTP/1.1" status: 200 len: 277 time: 0.0824969
2026-09-07 19:37:30.318 10 INFO neutron.wsgi [None req-c17d6c8d-f7ba-4be0-8f55-e563083c3090 0fd5c463f2904242b325b16562f81f0b 6574f9ca995b4b8fbe53a3a9375f48c5 - - - -] 10.0.0.71 "DELETE /v2.0/routers/3b2e27d3-df56-43e6-87af-75c2479c4030 HTTP/1.1" status: 204 len: 168 time: 0.1979554
2026-09-07 19:37:30.344 9 WARNING neutron.scheduler.dhcp_agent_scheduler [None req-7aeea217-4a66-40e8-a599-c3e9e78d3b79 08f9d97e87ed4effa0a9400194887e01 3363a4b036364e9ba3f3b1b2d00d50af - - - -] No more DHCP agents
2026-09-07 19:37:30.345 9 WARNING neutron.api.rpc.agentnotifiers.dhcp_rpc_agent_api [None req-7aeea217-4a66-40e8-a599-c3e9e78d3b79 08f9d97e87ed4effa0a9400194887e01 3363a4b036364e9ba3f3b1b2d00d50af - - - -] Unable to schedule network f9947021-1284-4271-a5a7-04e43f11b8cb: no agents available; will retry on subsequent port and subnet creation events.
2026-09-07 19:37:30.430 9 INFO neutron.db.ovn_revision_numbers_db [None req-7aeea217-4a66-40e8-a599-c3e9e78d3b79 08f9d97e87ed4effa0a9400194887e01 3363a4b036364e9ba3f3b1b2d00d50af - - - -] Successfully bumped revision number for resource eb8a6b17-cb0b-43ee-894d-a348629a7def (type: ports) to 1
2026-09-07 19:37:30.455 9 INFO neutron.plugins.ml2.drivers.ovn.mech_driver.mech_driver [None req-0242f3b1-08cb-4d5e-af0c-c40e13a1f8d0 - - - - - -] OVN reports status down for port: a640cdc6-5230-4576-bcd2-f4c9caa18d2a
2026-09-07 19:37:30.487 9 INFO neutron.wsgi [None req-7aeea217-4a66-40e8-a599-c3e9e78d3b79 08f9d97e87ed4effa0a9400194887e01 3363a4b036364e9ba3f3b1b2d00d50af - - - -] 10.0.0.71 "POST /v2.0/networks HTTP/1.1" status: 201 len: 928 time: 0.5963168
2026-09-07 19:37:30.520 10 INFO neutron.wsgi [req-62999a52-42ab-4cc6-94a5-63742bb468cf req-30f6e945-ebdd-4d7c-84bf-d16e03833833 be4c7b750f6e4c10b12c5be3e6780054 a1c8faff9dcf4cc99206ef1640c47500 - - default default] 10.0.0.105 "GET /v2.0/ports?device_id=44f98341-c1c5-4482-816f-32f4f70794f7 HTTP/1.1" status: 200 len: 1168 time: 0.0429716
2026-09-07 19:37:30.565 10 INFO neutron.wsgi [req-62999a52-42ab-4cc6-94a5-63742bb468cf req-dcbd461d-33ce-4c9f-bac0-8214770933d6 be4c7b750f6e4c10b12c5be3e6780054 a1c8faff9dcf4cc99206ef1640c47500 - - default default] 10.0.0.105 "GET /v2.0/security-groups?id=cf70599d-3433-4bdf-a257-6fd37558db09&fields=id&fields=name HTTP/1.1" status: 200 len: 312 time: 0.0369501
2026-09-07 19:37:30.580 10 INFO neutron.wsgi [None req-098bd36b-f1e1-423d-81d9-217491b498d1 0fd5c463f2904242b325b16562f81f0b 6574f9ca995b4b8fbe53a3a9375f48c5 - - - -] 10.0.0.71 "DELETE /v2.0/subnets/411809f5-c885-43f2-b1ea-ba2cac85c421 HTTP/1.1" status: 204 len: 168 time: 0.2561691
2026-09-07 19:37:30.679 9 INFO neutron.notifiers.nova [-] Nova event matching ['req-2025ea92-2bcd-4dfd-8e73-9f7b35ff038c'] response: {'server_uuid': 'd4d30848-f344-40ee-9487-5f22eef310b7', 'name': 'network-vif-unplugged', 'status': 'completed', 'tag': 'a640cdc6-5230-4576-bcd2-f4c9caa18d2a', 'code': 200}
2026-09-07 19:37:30.736 9 WARNING neutron.scheduler.dhcp_agent_scheduler [None req-5323275b-cb89-4cc3-af30-bec8c3239868 08f9d97e87ed4effa0a9400194887e01 3363a4b036364e9ba3f3b1b2d00d50af - - - -] No more DHCP agents
2026-09-07 19:37:30.740 9 WARNING neutron.api.rpc.agentnotifiers.dhcp_rpc_agent_api [None req-5323275b-cb89-4cc3-af30-bec8c3239868 08f9d97e87ed4effa0a9400194887e01 3363a4b036364e9ba3f3b1b2d00d50af - - - -] Unable to schedule network f9947021-1284-4271-a5a7-04e43f11b8cb: no agents available; will retry on subsequent port and subnet creation events.
2026-09-07 19:37:30.816 10 INFO neutron.wsgi [None req-914a9f4c-61c7-4018-b46b-8890c9b18adf 0fd5c463f2904242b325b16562f81f0b 6574f9ca995b4b8fbe53a3a9375f48c5 - - - -] 10.0.0.71 "DELETE /v2.0/subnets/0a7429ae-c080-4831-b10b-707cea78406e HTTP/1.1" status: 204 len: 168 time: 0.2293720
2026-09-07 19:37:30.844 9 INFO neutron.db.ovn_revision_numbers_db [None req-0242f3b1-08cb-4d5e-af0c-c40e13a1f8d0 - - - - - -] Successfully bumped revision number for resource a640cdc6-5230-4576-bcd2-f4c9caa18d2a (type: ports) to 5
2026-09-07 19:37:30.941 10 INFO neutron.wsgi [req-8157d660-602e-4779-9355-1c5e1be2038a req-b1d319e9-48ac-4c18-ab4f-774977137fd3 beb416cb4d6c4c2c86c937c74c4a7d89 f93715a81638435487bc6066a4a8fdcd - - default default] 10.0.0.105 "GET /v2.0/ports?device_id=d4d30848-f344-40ee-9487-5f22eef310b7 HTTP/1.1" status: 200 len: 1168 time: 0.0387394
2026-09-07 19:37:31.016 10 INFO neutron.wsgi [req-8157d660-602e-4779-9355-1c5e1be2038a req-86d3d0e6-d52f-47ce-b268-eb2b5c3c1ce6 beb416cb4d6c4c2c86c937c74c4a7d89 f93715a81638435487bc6066a4a8fdcd - - default default] 10.0.0.105 "GET /v2.0/security-groups?id=07d13ae8-58ee-4307-9e7d-420cfe0e6113&fields=id&fields=name HTTP/1.1" status: 200 len: 312 time: 0.0680156
2026-09-07 19:37:31.110 9 INFO neutron.plugins.ml2.drivers.ovn.mech_driver.mech_driver [None req-0242f3b1-08cb-4d5e-af0c-c40e13a1f8d0 - - - - - -] OVN reports status up for port: a640cdc6-5230-4576-bcd2-f4c9caa18d2a
2026-09-07 19:37:31.146 9 INFO neutron.plugins.ml2.plugin [None req-0242f3b1-08cb-4d5e-af0c-c40e13a1f8d0 - - - - - -] Attempt 1 to provision port a640cdc6-5230-4576-bcd2-f4c9caa18d2a
2026-09-07 19:37:31.231 10 INFO neutron.services.segments.plugin [-] Segment 44033b14-47ca-4c42-917c-7e171a1814f3 resource provider aggregate not found
2026-09-07 19:37:31.235 10 INFO neutron.services.segments.plugin [-] Segment 44033b14-47ca-4c42-917c-7e171a1814f3 resource provider aggregate not found
2026-09-07 19:37:31.253 10 INFO neutron.services.segments.plugin [-] Segment 44033b14-47ca-4c42-917c-7e171a1814f3 resource provider not found; error: Placement Client Error (4xx): {"errors": [{"status": 404, "title": "Not Found", "detail": "The resource could not be found.\n\n No resource provider with uuid 44033b14-47ca-4c42-917c-7e171a1814f3 found for delete ", "request_id": "req-dff9233a-9d79-4aa9-98f8-9d8949bfe83a"}]}
2026-09-07 19:37:31.254 10 INFO neutron.services.segments.plugin [-] Segment 44033b14-47ca-4c42-917c-7e171a1814f3 resource provider not found; error: Placement Client Error (4xx): {"errors": [{"status": 404, "title": "Not Found", "detail": "The resource could not be found.\n\n No resource provider with uuid 44033b14-47ca-4c42-917c-7e171a1814f3 found for delete ", "request_id": "req-5978bec9-e2f2-4377-8a55-0218b80e3e54"}]}
2026-09-07 19:37:31.292 10 INFO neutron.wsgi [None req-d6ea093f-98e6-4247-aaae-9c5ba21af5ba 0fd5c463f2904242b325b16562f81f0b 6574f9ca995b4b8fbe53a3a9375f48c5 - - - -] 10.0.0.71 "DELETE /v2.0/networks/9978b4e9-0961-42ee-bd87-3cc2b45d67d4 HTTP/1.1" status: 204 len: 168 time: 0.4696674 /var/lib/openstack/lib/python3.10/site-packages/pycadf/identifier.py:71: UserWarning: Invalid uuid: neutron. To ensure interoperability, identifiers should be a valid uuid. warnings.warn(('Invalid uuid: %s. To ensure interoperability, '
2026-09-07 19:37:31.308 9 INFO neutron.db.ovn_revision_numbers_db [None req-5323275b-cb89-4cc3-af30-bec8c3239868 08f9d97e87ed4effa0a9400194887e01 3363a4b036364e9ba3f3b1b2d00d50af - - - -] Successfully bumped revision number for resource eb8a6b17-cb0b-43ee-894d-a348629a7def (type: ports) to 2
2026-09-07 19:37:31.352 9 INFO neutron.db.ovn_revision_numbers_db [None req-5323275b-cb89-4cc3-af30-bec8c3239868 08f9d97e87ed4effa0a9400194887e01 3363a4b036364e9ba3f3b1b2d00d50af - - - -] Successfully bumped revision number for resource b1ca12f0-893f-42a5-b36c-df4542ba44ea (type: subnets) to 0
2026-09-07 19:37:31.380 9 INFO neutron.wsgi [None req-5323275b-cb89-4cc3-af30-bec8c3239868 08f9d97e87ed4effa0a9400194887e01 3363a4b036364e9ba3f3b1b2d00d50af - - - -] 10.0.0.71 "POST /v2.0/subnets HTTP/1.1" status: 201 len: 822 time: 0.8853176
2026-09-07 19:37:31.688 9 INFO neutron.db.ovn_revision_numbers_db [None req-0242f3b1-08cb-4d5e-af0c-c40e13a1f8d0 - - - - - -] Successfully bumped revision number for resource a640cdc6-5230-4576-bcd2-f4c9caa18d2a (type: ports) to 6
2026-09-07 19:37:31.828 10 INFO neutron.wsgi [req-cac4d9f2-9bbd-4f63-9144-521cb385bc9c req-38b3a086-897c-4804-9ea8-0181fc017e80 be4c7b750f6e4c10b12c5be3e6780054 a1c8faff9dcf4cc99206ef1640c47500 - - default default] 10.0.0.105 "GET /v2.0/ports?device_id=44f98341-c1c5-4482-816f-32f4f70794f7 HTTP/1.1" status: 200 len: 1168 time: 0.1005378
2026-09-07 19:37:31.873 10 INFO neutron.wsgi [req-cac4d9f2-9bbd-4f63-9144-521cb385bc9c req-d7f12c07-c8ab-4e85-8c4a-ca3d1c5db311 be4c7b750f6e4c10b12c5be3e6780054 a1c8faff9dcf4cc99206ef1640c47500 - - default default] 10.0.0.105 "GET /v2.0/security-groups?id=cf70599d-3433-4bdf-a257-6fd37558db09&fields=id&fields=name HTTP/1.1" status: 200 len: 312 time: 0.0355778
2026-09-07 19:37:31.886 9 INFO neutron.services.segments.plugin [-] Segment c3d6c545-26d2-488f-be0c-15571b7e573a resource provider aggregate not found
2026-09-07 19:37:31.900 9 INFO neutron.services.segments.plugin [-] Segment c3d6c545-26d2-488f-be0c-15571b7e573a resource provider aggregate not found
2026-09-07 19:37:31.909 9 INFO neutron.services.segments.plugin [-] Segment c3d6c545-26d2-488f-be0c-15571b7e573a resource provider not found; error: Placement Client Error (4xx): {"errors": [{"status": 404, "title": "Not Found", "detail": "The resource could not be found.\n\n No resource provider with uuid c3d6c545-26d2-488f-be0c-15571b7e573a found for delete ", "request_id": "req-1baca697-7a37-4576-8341-33edfc6b4eda"}]}
2026-09-07 19:37:31.913 9 INFO neutron.wsgi [None req-19cac65c-9780-49d9-9cee-7c16fa8705b4 0fd5c463f2904242b325b16562f81f0b 6574f9ca995b4b8fbe53a3a9375f48c5 - - - -] 10.0.0.71 "DELETE /v2.0/networks/d47b138e-8ccb-4476-8025-8ee7878d8cf1 HTTP/1.1" status: 204 len: 168 time: 0.6156731
2026-09-07 19:37:31.920 9 INFO neutron.services.segments.plugin [-] Segment c3d6c545-26d2-488f-be0c-15571b7e573a resource provider not found; error: Placement Client Error (4xx): {"errors": [{"status": 404, "title": "Not Found", "detail": "The resource could not be found.\n\n No resource provider with uuid c3d6c545-26d2-488f-be0c-15571b7e573a found for delete ", "request_id": "req-af5c0bd8-3f44-4f50-83b7-aabc713084da"}]} /var/lib/openstack/lib/python3.10/site-packages/pycadf/identifier.py:71: UserWarning: Invalid uuid: neutron. To ensure interoperability, identifiers should be a valid uuid. warnings.warn(('Invalid uuid: %s. To ensure interoperability, '
2026-09-07 19:37:31.972 10 INFO neutron.wsgi [None req-0766ac16-f2e6-4b1f-ac70-c62da4bc74bc 08f9d97e87ed4effa0a9400194887e01 3363a4b036364e9ba3f3b1b2d00d50af - - - -] 10.0.0.71 "POST /v2.0/rbac-policies HTTP/1.1" status: 201 len: 523 time: 0.5872808
2026-09-07 19:37:32.003 9 INFO neutron.db.segments_db [None req-d9aa64f8-a94c-4fcc-a6f3-4b128f508ad0 0fd5c463f2904242b325b16562f81f0b 6574f9ca995b4b8fbe53a3a9375f48c5 - - - -] Added segment 0d186a0c-d071-49e3-a29f-cfc2845be7d7 of type geneve for network 757eb6aa-cccf-4fb2-8d06-80d5fa29b54f
2026-09-07 19:37:32.123 9 INFO neutron.db.ovn_revision_numbers_db [None req-d9aa64f8-a94c-4fcc-a6f3-4b128f508ad0 0fd5c463f2904242b325b16562f81f0b 6574f9ca995b4b8fbe53a3a9375f48c5 - - - -] Successfully bumped revision number for resource 757eb6aa-cccf-4fb2-8d06-80d5fa29b54f (type: networks) to 1
2026-09-07 19:37:32.179 10 INFO neutron.wsgi [req-633aa072-9837-419c-be0d-3734085966f6 req-293c12c5-470a-447c-9236-8213ca973050 beb416cb4d6c4c2c86c937c74c4a7d89 f93715a81638435487bc6066a4a8fdcd - - default default] 10.0.0.105 "GET /v2.0/ports?device_id=d4d30848-f344-40ee-9487-5f22eef310b7 HTTP/1.1" status: 200 len: 1170 time: 0.0703094
2026-09-07 19:37:32.235 10 INFO neutron.wsgi [req-633aa072-9837-419c-be0d-3734085966f6 req-8903a00e-80d2-4ab5-ba30-e22d6ac88e26 beb416cb4d6c4c2c86c937c74c4a7d89 f93715a81638435487bc6066a4a8fdcd - - default default] 10.0.0.105 "GET /v2.0/security-groups?id=07d13ae8-58ee-4307-9e7d-420cfe0e6113&fields=id&fields=name HTTP/1.1" status: 200 len: 312 time: 0.0472419
2026-09-07 19:37:32.339 9 WARNING neutron.scheduler.dhcp_agent_scheduler [None req-d9aa64f8-a94c-4fcc-a6f3-4b128f508ad0 0fd5c463f2904242b325b16562f81f0b 6574f9ca995b4b8fbe53a3a9375f48c5 - - - -] No more DHCP agents
2026-09-07 19:37:32.340 9 WARNING neutron.api.rpc.agentnotifiers.dhcp_rpc_agent_api [None req-d9aa64f8-a94c-4fcc-a6f3-4b128f508ad0 0fd5c463f2904242b325b16562f81f0b 6574f9ca995b4b8fbe53a3a9375f48c5 - - - -] Unable to schedule network 757eb6aa-cccf-4fb2-8d06-80d5fa29b54f: no agents available; will retry on subsequent port and subnet creation events.
2026-09-07 19:37:32.399 9 INFO neutron.db.ovn_revision_numbers_db [None req-d9aa64f8-a94c-4fcc-a6f3-4b128f508ad0 0fd5c463f2904242b325b16562f81f0b 6574f9ca995b4b8fbe53a3a9375f48c5 - - - -] Successfully bumped revision number for resource 97104c43-dd00-409a-ae47-fafc3d5389ea (type: ports) to 1
2026-09-07 19:37:32.417 9 INFO neutron.wsgi [None req-d9aa64f8-a94c-4fcc-a6f3-4b128f508ad0 0fd5c463f2904242b325b16562f81f0b 6574f9ca995b4b8fbe53a3a9375f48c5 - - - -] 10.0.0.71 "POST /v2.0/networks HTTP/1.1" status: 201 len: 832 time: 0.4953368
2026-09-07 19:37:32.497 10 INFO neutron.wsgi [None req-95d6550b-14a3-4e93-aa8c-26fbbdb9a0bd ad778e5193f14de2874954a0a8176052 ed8d927647d040db9973683f8cb21a3c - - default default] 10.0.0.71 "GET /v2.0/networks/f9947021-1284-4271-a5a7-04e43f11b8cb HTTP/1.1" status: 200 len: 848 time: 0.1606703
2026-09-07 19:37:32.714 9 WARNING neutron.scheduler.dhcp_agent_scheduler [None req-f9959a64-2f54-4b88-8998-499e66b427e7 0fd5c463f2904242b325b16562f81f0b 6574f9ca995b4b8fbe53a3a9375f48c5 - - - -] No more DHCP agents
2026-09-07 19:37:32.716 9 WARNING neutron.api.rpc.agentnotifiers.dhcp_rpc_agent_api [None req-f9959a64-2f54-4b88-8998-499e66b427e7 0fd5c463f2904242b325b16562f81f0b 6574f9ca995b4b8fbe53a3a9375f48c5 - - - -] Unable to schedule network 757eb6aa-cccf-4fb2-8d06-80d5fa29b54f: no agents available; will retry on subsequent port and subnet creation events.
2026-09-07 19:37:32.731 9 INFO neutron.db.ovn_revision_numbers_db [None req-f9959a64-2f54-4b88-8998-499e66b427e7 0fd5c463f2904242b325b16562f81f0b 6574f9ca995b4b8fbe53a3a9375f48c5 - - - -] Successfully bumped revision number for resource 16502862-09a8-41df-bd89-2dbc66ca239a (type: subnets) to 0
2026-09-07 19:37:32.734 9 INFO neutron.notifiers.nova [-] Nova event matching ['req-f84ff554-d571-4e7a-b46d-eab969c2a6e8'] response: {'server_uuid': 'd4d30848-f344-40ee-9487-5f22eef310b7', 'name': 'network-vif-plugged', 'status': 'completed', 'tag': 'a640cdc6-5230-4576-bcd2-f4c9caa18d2a', 'code': 200}
2026-09-07 19:37:32.735 9 INFO neutron.notifiers.nova [-] Nova event matching ['req-f84ff554-d571-4e7a-b46d-eab969c2a6e8'] response: {'server_uuid': 'd4d30848-f344-40ee-9487-5f22eef310b7', 'name': 'network-vif-plugged', 'status': 'completed', 'tag': 'a640cdc6-5230-4576-bcd2-f4c9caa18d2a', 'code': 200}
2026-09-07 19:37:32.735 9 INFO neutron.notifiers.nova [-] Nova event matching ['req-f84ff554-d571-4e7a-b46d-eab969c2a6e8'] response: {'server_uuid': 'd4d30848-f344-40ee-9487-5f22eef310b7', 'name': 'network-vif-plugged', 'status': 'completed', 'tag': 'a640cdc6-5230-4576-bcd2-f4c9caa18d2a', 'code': 200}
2026-09-07 19:37:32.749 9 INFO neutron.wsgi [None req-f9959a64-2f54-4b88-8998-499e66b427e7 0fd5c463f2904242b325b16562f81f0b 6574f9ca995b4b8fbe53a3a9375f48c5 - - - -] 10.0.0.71 "POST /v2.0/subnets HTTP/1.1" status: 201 len: 821 time: 0.3274057
2026-09-07 19:37:32.918 10 INFO neutron.db.ovn_revision_numbers_db [None req-8ec3e204-19c9-41d7-92c0-ef6b6a01ef46 0fd5c463f2904242b325b16562f81f0b 6574f9ca995b4b8fbe53a3a9375f48c5 - - - -] Successfully bumped revision number for resource a87e9485-3d20-4f4d-af19-cb7369e2071d (type: routers) to 1
2026-09-07 19:37:32.935 10 INFO neutron.wsgi [None req-8ec3e204-19c9-41d7-92c0-ef6b6a01ef46 0fd5c463f2904242b325b16562f81f0b 6574f9ca995b4b8fbe53a3a9375f48c5 - - - -] 10.0.0.71 "POST /v2.0/routers HTTP/1.1" status: 201 len: 691 time: 0.1806979
2026-09-07 19:37:32.983 9 INFO neutron.pecan_wsgi.hooks.translation [None req-7dddf83e-8491-4812-be8f-e7a364557bb9 0907de1d129a4a7fa7b8d037f5477579 d3fcd3c6a3dd4b51b1bf2e0d90b6fbef - - default default] GET failed (client error): The resource could not be found.
2026-09-07 19:37:32.987 9 INFO neutron.wsgi [None req-7dddf83e-8491-4812-be8f-e7a364557bb9 0907de1d129a4a7fa7b8d037f5477579 d3fcd3c6a3dd4b51b1bf2e0d90b6fbef - - default default] 10.0.0.71 "GET /v2.0/networks/f9947021-1284-4271-a5a7-04e43f11b8cb HTTP/1.1" status: 404 len: 339 time: 0.1315343
2026-09-07 19:37:33.036 10 INFO neutron.wsgi [req-2b169f34-62b1-4ec0-951e-b84332c23119 req-e61c6a84-ac16-445a-a311-ea7b5919428b be4c7b750f6e4c10b12c5be3e6780054 a1c8faff9dcf4cc99206ef1640c47500 - - default default] 10.0.0.105 "GET /v2.0/ports?device_id=44f98341-c1c5-4482-816f-32f4f70794f7 HTTP/1.1" status: 200 len: 1168 time: 0.0442722
2026-09-07 19:37:33.079 10 INFO neutron.wsgi [req-2b169f34-62b1-4ec0-951e-b84332c23119 req-ee466e68-a5fd-42ab-a4c1-637d765283ad be4c7b750f6e4c10b12c5be3e6780054 a1c8faff9dcf4cc99206ef1640c47500 - - default default] 10.0.0.105 "GET /v2.0/security-groups?id=cf70599d-3433-4bdf-a257-6fd37558db09&fields=id&fields=name HTTP/1.1" status: 200 len: 312 time: 0.0315292
2026-09-07 19:37:33.280 10 WARNING neutron.scheduler.dhcp_agent_scheduler [None req-4eeddb15-35b2-47d0-b28d-119475ba41b1 0fd5c463f2904242b325b16562f81f0b 6574f9ca995b4b8fbe53a3a9375f48c5 - - - -] No more DHCP agents
2026-09-07 19:37:33.291 10 WARNING neutron.api.rpc.agentnotifiers.dhcp_rpc_agent_api [None req-4eeddb15-35b2-47d0-b28d-119475ba41b1 0fd5c463f2904242b325b16562f81f0b 6574f9ca995b4b8fbe53a3a9375f48c5 - - - -] Unable to schedule network 757eb6aa-cccf-4fb2-8d06-80d5fa29b54f: no agents available; will retry on subsequent port and subnet creation events. /var/lib/openstack/lib/python3.10/site-packages/pycadf/identifier.py:71: UserWarning: Invalid uuid: neutron. To ensure interoperability, identifiers should be a valid uuid. warnings.warn(('Invalid uuid: %s. To ensure interoperability, '
2026-09-07 19:37:33.343 10 INFO neutron.wsgi [req-244e22cf-daad-4b31-bfcd-b946d187eb72 req-fd5dc0db-4021-45fa-b789-b01cd44de95f beb416cb4d6c4c2c86c937c74c4a7d89 f93715a81638435487bc6066a4a8fdcd - - default default] 10.0.0.105 "GET /v2.0/ports?device_id=d4d30848-f344-40ee-9487-5f22eef310b7 HTTP/1.1" status: 200 len: 1170 time: 0.0352430
2026-09-07 19:37:33.399 10 INFO neutron.wsgi [req-244e22cf-daad-4b31-bfcd-b946d187eb72 req-087f92bc-2058-4b97-b920-73f6d437b1cb beb416cb4d6c4c2c86c937c74c4a7d89 f93715a81638435487bc6066a4a8fdcd - - default default] 10.0.0.105 "GET /v2.0/security-groups?id=07d13ae8-58ee-4307-9e7d-420cfe0e6113&fields=id&fields=name HTTP/1.1" status: 200 len: 312 time: 0.0503070
2026-09-07 19:37:33.422 10 INFO neutron.db.ovn_revision_numbers_db [None req-4eeddb15-35b2-47d0-b28d-119475ba41b1 0fd5c463f2904242b325b16562f81f0b 6574f9ca995b4b8fbe53a3a9375f48c5 - - - -] Successfully bumped revision number for resource 61c4b507-c536-46f9-9c85-69bf642a00cf (type: ports) to 1
2026-09-07 19:37:33.443 10 INFO neutron.wsgi [None req-4eeddb15-35b2-47d0-b28d-119475ba41b1 0fd5c463f2904242b325b16562f81f0b 6574f9ca995b4b8fbe53a3a9375f48c5 - - - -] 10.0.0.71 "POST /v2.0/ports HTTP/1.1" status: 201 len: 1163 time: 0.4951322
2026-09-07 19:37:33.672 9 INFO neutron.wsgi [None req-e3b69328-86a2-4bae-a2a6-79922c2402fd 08f9d97e87ed4effa0a9400194887e01 3363a4b036364e9ba3f3b1b2d00d50af - - - -] 10.0.0.71 "DELETE /v2.0/networks/f9947021-1284-4271-a5a7-04e43f11b8cb HTTP/1.1" status: 204 len: 168 time: 0.6732948
2026-09-07 19:37:33.703 10 INFO neutron.pecan_wsgi.hooks.translation [None req-a778e248-2cf0-4806-9d50-78ab38445757 08f9d97e87ed4effa0a9400194887e01 3363a4b036364e9ba3f3b1b2d00d50af - - - -] DELETE failed (client error): The resource could not be found.
2026-09-07 19:37:33.707 10 INFO neutron.wsgi [None req-a778e248-2cf0-4806-9d50-78ab38445757 08f9d97e87ed4effa0a9400194887e01 3363a4b036364e9ba3f3b1b2d00d50af - - - -] 10.0.0.71 "DELETE /v2.0/subnets/6ff60cb0-de28-45c4-9a93-5215de738197 HTTP/1.1" status: 404 len: 337 time: 0.0282295
2026-09-07 19:37:33.732 10 INFO neutron.pecan_wsgi.hooks.translation [None req-f097a17e-40a9-4880-b5ff-1d6f49d2d275 08f9d97e87ed4effa0a9400194887e01 3363a4b036364e9ba3f3b1b2d00d50af - - - -] DELETE failed (client error): The resource could not be found.
2026-09-07 19:37:33.734 10 INFO neutron.wsgi [None req-f097a17e-40a9-4880-b5ff-1d6f49d2d275 08f9d97e87ed4effa0a9400194887e01 3363a4b036364e9ba3f3b1b2d00d50af - - - -] 10.0.0.71 "DELETE /v2.0/subnets/91a4d09a-3b93-4f43-9f7e-14c634175567 HTTP/1.1" status: 404 len: 337 time: 0.0244870
2026-09-07 19:37:33.753 10 INFO neutron.pecan_wsgi.hooks.translation [None req-e6ce0d94-1241-4868-87f4-0c1013357549 08f9d97e87ed4effa0a9400194887e01 3363a4b036364e9ba3f3b1b2d00d50af - - - -] DELETE failed (client error): The resource could not be found.
2026-09-07 19:37:33.756 10 INFO neutron.wsgi [None req-e6ce0d94-1241-4868-87f4-0c1013357549 08f9d97e87ed4effa0a9400194887e01 3363a4b036364e9ba3f3b1b2d00d50af - - - -] 10.0.0.71 "DELETE /v2.0/subnets/b1ca12f0-893f-42a5-b36c-df4542ba44ea HTTP/1.1" status: 404 len: 337 time: 0.0184472
2026-09-07 19:37:33.914 9 INFO neutron.db.ovn_revision_numbers_db [None req-95e73d46-d52e-48fe-8e19-f1af888f88bc 0fd5c463f2904242b325b16562f81f0b 6574f9ca995b4b8fbe53a3a9375f48c5 - - default default] Successfully bumped revision number for resource 61c4b507-c536-46f9-9c85-69bf642a00cf (type: router_ports) to 2
2026-09-07 19:37:33.930 9 INFO neutron.services.segments.plugin [-] Segment b57cecc5-babf-4534-bd43-df5a7e3e452a resource provider aggregate not found
2026-09-07 19:37:33.945 9 INFO neutron.services.segments.plugin [-] Segment b57cecc5-babf-4534-bd43-df5a7e3e452a resource provider not found; error: Placement Client Error (4xx): {"errors": [{"status": 404, "title": "Not Found", "detail": "The resource could not be found.\n\n No resource provider with uuid b57cecc5-babf-4534-bd43-df5a7e3e452a found for delete ", "request_id": "req-16c744dc-d53a-49f3-b16c-6714addc2c65"}]}
2026-09-07 19:37:33.951 9 INFO neutron.services.segments.plugin [-] Segment b57cecc5-babf-4534-bd43-df5a7e3e452a resource provider aggregate not found
2026-09-07 19:37:33.964 9 INFO neutron.services.segments.plugin [-] Segment b57cecc5-babf-4534-bd43-df5a7e3e452a resource provider not found; error: Placement Client Error (4xx): {"errors": [{"status": 404, "title": "Not Found", "detail": "The resource could not be found.\n\n No resource provider with uuid b57cecc5-babf-4534-bd43-df5a7e3e452a found for delete ", "request_id": "req-637a47f5-3a8f-4771-9572-e600c013164c"}]}
2026-09-07 19:37:34.009 10 WARNING neutron.plugins.ml2.drivers.ovn.mech_driver.ovsdb.ovn_client [None req-ea558bcb-47c6-47d1-a81e-eab1a0de4c74 - - - - - -] No port found with ID 1153e66e-b729-43c8-9014-43e06f16e6f1: RuntimeError: No port found with ID 1153e66e-b729-43c8-9014-43e06f16e6f1
2026-09-07 19:37:34.010 10 INFO neutron.plugins.ml2.drivers.ovn.mech_driver.mech_driver [None req-ea558bcb-47c6-47d1-a81e-eab1a0de4c74 - - - - - -] OVN reports status up for port: 26aad9ab-40c9-4c67-96ce-322b93b0bbd8
2026-09-07 19:37:34.021 10 INFO neutron.plugins.ml2.plugin [None req-ea558bcb-47c6-47d1-a81e-eab1a0de4c74 - - - - - -] Attempt 1 to provision port 26aad9ab-40c9-4c67-96ce-322b93b0bbd8
2026-09-07 19:37:34.064 9 INFO neutron.db.ovn_revision_numbers_db [None req-95e73d46-d52e-48fe-8e19-f1af888f88bc 0fd5c463f2904242b325b16562f81f0b 6574f9ca995b4b8fbe53a3a9375f48c5 - - default default] Successfully bumped revision number for resource 61c4b507-c536-46f9-9c85-69bf642a00cf (type: ports) to 2
2026-09-07 19:37:34.148 10 INFO neutron.notifiers.nova [-] Nova event matching ['req-fa9a5719-7baa-4c71-91ed-8024a0bc4ea9'] response: {'server_uuid': '44f98341-c1c5-4482-816f-32f4f70794f7', 'name': 'network-vif-plugged', 'status': 'completed', 'tag': '26aad9ab-40c9-4c67-96ce-322b93b0bbd8', 'code': 200}
2026-09-07 19:37:34.213 10 INFO neutron.wsgi [req-13ad20a6-d15d-4df5-bdfd-6d15f4cb0f8f req-32f22af3-6247-4c81-be24-eaedf6d97b9c be4c7b750f6e4c10b12c5be3e6780054 a1c8faff9dcf4cc99206ef1640c47500 - - default default] 10.0.0.105 "GET /v2.0/ports?device_id=44f98341-c1c5-4482-816f-32f4f70794f7 HTTP/1.1" status: 200 len: 1170 time: 0.0522742
2026-09-07 19:37:34.262 10 INFO neutron.wsgi [req-13ad20a6-d15d-4df5-bdfd-6d15f4cb0f8f req-0b3369af-1326-4e1d-aa17-290978a3c88e be4c7b750f6e4c10b12c5be3e6780054 a1c8faff9dcf4cc99206ef1640c47500 - - default default] 10.0.0.105 "GET /v2.0/security-groups?id=cf70599d-3433-4bdf-a257-6fd37558db09&fields=id&fields=name HTTP/1.1" status: 200 len: 312 time: 0.0404222
