Apr 25 16:20:53.907682 np0000170214 devstack@neutron-api.service[104468]: DEBUG neutron_lib.callbacks.manager [None req-17293e60-b32a-45f6-b949-330aa840084a None None] Subscribe: > router before_create 55550100, False {{(pid=104468) subscribe /opt/stack/data/venv/lib/python3.12/site-packages/neutron_lib/callbacks/manager.py:52}}
Apr 25 16:20:53.907939 np0000170214 devstack@neutron-api.service[104469]: DEBUG neutron.api.extensions [None req-ce5c884f-ed6f-4c49-b288-b0331ced63ba None None] Loading extension file: __pycache__ {{(pid=104469) _load_all_extensions_from_path /opt/stack/neutron/neutron/api/extensions.py:449}}
Apr 25 16:20:53.908460 np0000170214 devstack@neutron-api.service[104468]: DEBUG neutron_lib.callbacks.manager [None req-17293e60-b32a-45f6-b949-330aa840084a None None] Subscribe: > router precommit_delete 55550100, False {{(pid=104468) subscribe /opt/stack/data/venv/lib/python3.12/site-packages/neutron_lib/callbacks/manager.py:52}}
Apr 25 16:20:53.908460 np0000170214 devstack@neutron-api.service[104468]: DEBUG neutron_lib.callbacks.manager [None req-17293e60-b32a-45f6-b949-330aa840084a None None] Subscribe: > router precommit_create 55550100, False {{(pid=104468) subscribe /opt/stack/data/venv/lib/python3.12/site-packages/neutron_lib/callbacks/manager.py:52}}
Apr 25 16:20:53.908739 np0000170214 devstack@neutron-api.service[104469]: DEBUG neutron.api.extensions [None req-ce5c884f-ed6f-4c49-b288-b0331ced63ba None None] Loading extension file: address_group.py {{(pid=104469) _load_all_extensions_from_path /opt/stack/neutron/neutron/api/extensions.py:449}}
Apr 25 16:20:53.908991 np0000170214 devstack@neutron-api.service[104468]: DEBUG neutron_lib.callbacks.manager [None req-17293e60-b32a-45f6-b949-330aa840084a None None] Subscribe: > router precommit_update 55550100, False {{(pid=104468) subscribe /opt/stack/data/venv/lib/python3.12/site-packages/neutron_lib/callbacks/manager.py:52}}
Apr 25 16:20:53.909303 np0000170214 devstack@neutron-api.service[104469]: DEBUG neutron.api.extensions [None req-ce5c884f-ed6f-4c49-b288-b0331ced63ba None None] Ext name="Address group" alias="address-group" description="Support address group" updated="2020-07-15T10:00:00-00:00" {{(pid=104469) _check_extension /opt/stack/neutron/neutron/api/extensions.py:415}}
Apr 25 16:20:53.909303 np0000170214 devstack@neutron-api.service[104469]: INFO neutron.api.extensions [None req-ce5c884f-ed6f-4c49-b288-b0331ced63ba None None] Loaded extension: address-group
Apr 25 16:20:53.909303 np0000170214 devstack@neutron-api.service[104469]: DEBUG neutron.api.extensions [None req-ce5c884f-ed6f-4c49-b288-b0331ced63ba None None] Loading extension file: address_scope.py {{(pid=104469) _load_all_extensions_from_path /opt/stack/neutron/neutron/api/extensions.py:449}}
Apr 25 16:20:53.909303 np0000170214 devstack@neutron-api.service[104469]: DEBUG neutron.api.extensions [None req-ce5c884f-ed6f-4c49-b288-b0331ced63ba None None] Ext name="Address scope" alias="address-scope" description="Address scopes extension." updated="2015-07-26T10:00:00-00:00" {{(pid=104469) _check_extension /opt/stack/neutron/neutron/api/extensions.py:415}}
Apr 25 16:20:53.909303 np0000170214 devstack@neutron-api.service[104469]: INFO neutron.api.extensions [None req-ce5c884f-ed6f-4c49-b288-b0331ced63ba None None] Loaded extension: address-scope
Apr 25 16:20:53.909303 np0000170214 devstack@neutron-api.service[104469]: DEBUG neutron.api.extensions [None req-ce5c884f-ed6f-4c49-b288-b0331ced63ba None None] Loading extension file: admin_state_down_before_update.py {{(pid=104469) _load_all_extensions_from_path /opt/stack/neutron/neutron/api/extensions.py:449}}
Apr 25 16:20:53.909303 np0000170214 devstack@neutron-api.service[104469]: DEBUG neutron.api.extensions [None req-ce5c884f-ed6f-4c49-b288-b0331ced63ba None None] Ext name="Enforce Router's Admin State Down Before Update Extension" alias="router-admin-state-down-before-update" description="Ensure that the admin state of a router is DOWN (admin_state_up=False) before updating the distributed attribute" updated="2019-07-02T15:56:00" {{(pid=104469) _check_extension /opt/stack/neutron/neutron/api/extensions.py:415}}
Apr 25 16:20:53.910318 np0000170214 devstack@neutron-api.service[104469]: INFO neutron.api.extensions [None req-ce5c884f-ed6f-4c49-b288-b0331ced63ba None None] Extension router-admin-state-down-before-update not supported by any of loaded plugins
Apr 25 16:20:53.910318 np0000170214 devstack@neutron-api.service[104469]: DEBUG neutron.api.extensions [None req-ce5c884f-ed6f-4c49-b288-b0331ced63ba None None] Loading extension file: agent.py {{(pid=104469) _load_all_extensions_from_path /opt/stack/neutron/neutron/api/extensions.py:449}}
Apr 25 16:20:53.910318 np0000170214 devstack@neutron-api.service[104469]: DEBUG neutron.api.extensions [None req-ce5c884f-ed6f-4c49-b288-b0331ced63ba None None] Ext name="agent" alias="agent" description="The agent management extension." updated="2013-02-03T10:00:00-00:00" {{(pid=104469) _check_extension /opt/stack/neutron/neutron/api/extensions.py:415}}
Apr 25 16:20:53.910645 np0000170214 devstack@neutron-api.service[104468]: DEBUG neutron.services.provider_configuration [None req-17293e60-b32a-45f6-b949-330aa840084a None None] Service providers = [] {{(pid=104468) parse_service_provider_opt /opt/stack/neutron/neutron/services/provider_configuration.py:170}}
Apr 25 16:20:53.911016 np0000170214 devstack@neutron-api.service[104469]: INFO neutron.api.extensions [None req-ce5c884f-ed6f-4c49-b288-b0331ced63ba None None] Loaded extension: agent
Apr 25 16:20:53.911101 np0000170214 devstack@neutron-api.service[104468]: DEBUG neutron.db.servicetype_db [None req-17293e60-b32a-45f6-b949-330aa840084a None None] Adding provider configuration for service L3_ROUTER_NAT {{(pid=104468) add_provider_configuration /opt/stack/neutron/neutron/db/servicetype_db.py:42}}
Apr 25 16:20:53.911196 np0000170214 devstack@neutron-api.service[104469]: DEBUG neutron.api.extensions [None req-ce5c884f-ed6f-4c49-b288-b0331ced63ba None None] Loading extension file: agent_resources_synced.py {{(pid=104469) _load_all_extensions_from_path /opt/stack/neutron/neutron/api/extensions.py:449}}
Apr 25 16:20:53.911196 np0000170214 devstack@neutron-api.service[104469]: DEBUG neutron.api.extensions [None req-ce5c884f-ed6f-4c49-b288-b0331ced63ba None None] Ext name="Agent's Resource View Synced to Placement" alias="agent-resources-synced" description="Stores success/failure of last sync to Placement" updated="2018-12-19T00:00:00-00:00" {{(pid=104469) _check_extension /opt/stack/neutron/neutron/api/extensions.py:415}}
Apr 25 16:20:53.911196 np0000170214 devstack@neutron-api.service[104469]: INFO neutron.api.extensions [None req-ce5c884f-ed6f-4c49-b288-b0331ced63ba None None] Extension agent-resources-synced not supported by any of loaded plugins
Apr 25 16:20:53.911340 np0000170214 devstack@neutron-api.service[104469]: DEBUG neutron.api.extensions [None req-ce5c884f-ed6f-4c49-b288-b0331ced63ba None None] Loading extension file: allowedaddresspairs.py {{(pid=104469) _load_all_extensions_from_path /opt/stack/neutron/neutron/api/extensions.py:449}}
Apr 25 16:20:53.912383 np0000170214 devstack@neutron-api.service[104470]: DEBUG neutron.common.ovn.hash_ring_manager [None req-a0ea77cc-a067-47d2-91df-f91366db348f None None] Disallow caching, nodes 1<4 {{(pid=104470) _wait_startup_before_caching /opt/stack/neutron/neutron/common/ovn/hash_ring_manager.py:72}}
Apr 25 16:20:53.912686 np0000170214 devstack@neutron-api.service[104468]: DEBUG neutron_lib.callbacks.manager [None req-17293e60-b32a-45f6-b949-330aa840084a None None] Subscribe: > router precommit_create 55549900, False {{(pid=104468) subscribe /opt/stack/data/venv/lib/python3.12/site-packages/neutron_lib/callbacks/manager.py:52}}
Apr 25 16:20:53.913062 np0000170214 devstack@neutron-api.service[104469]: DEBUG neutron.api.extensions [None req-ce5c884f-ed6f-4c49-b288-b0331ced63ba None None] Ext name="Allowed Address Pairs" alias="allowed-address-pairs" description="Provides allowed address pairs" updated="2013-07-23T10:00:00-00:00" {{(pid=104469) _check_extension /opt/stack/neutron/neutron/api/extensions.py:415}}
Apr 25 16:20:53.913211 np0000170214 devstack@neutron-api.service[104468]: DEBUG neutron_lib.callbacks.manager [None req-17293e60-b32a-45f6-b949-330aa840084a None None] Subscribe: > router_interface after_create 55550000, False {{(pid=104468) subscribe /opt/stack/data/venv/lib/python3.12/site-packages/neutron_lib/callbacks/manager.py:52}}
Apr 25 16:20:53.913211 np0000170214 devstack@neutron-api.service[104468]: DEBUG neutron_lib.callbacks.manager [None req-17293e60-b32a-45f6-b949-330aa840084a None None] Subscribe: > floatingip after_create 55550000, False {{(pid=104468) subscribe /opt/stack/data/venv/lib/python3.12/site-packages/neutron_lib/callbacks/manager.py:52}}
Apr 25 16:20:53.913302 np0000170214 devstack@neutron-api.service[104469]: INFO neutron.api.extensions [None req-ce5c884f-ed6f-4c49-b288-b0331ced63ba None None] Loaded extension: allowed-address-pairs
Apr 25 16:20:53.913374 np0000170214 devstack@neutron-api.service[104468]: DEBUG neutron_lib.callbacks.manager [None req-17293e60-b32a-45f6-b949-330aa840084a None None] Subscribe: > floatingip precommit_create 55550000, False {{(pid=104468) subscribe /opt/stack/data/venv/lib/python3.12/site-packages/neutron_lib/callbacks/manager.py:52}}
Apr 25 16:20:53.913374 np0000170214 devstack@neutron-api.service[104468]: DEBUG neutron_lib.callbacks.manager [None req-17293e60-b32a-45f6-b949-330aa840084a None None] Subscribe: > floatingip precommit_update 55550000, False {{(pid=104468) subscribe /opt/stack/data/venv/lib/python3.12/site-packages/neutron_lib/callbacks/manager.py:52}}
Apr 25 16:20:53.913492 np0000170214 devstack@neutron-api.service[104469]: DEBUG neutron.api.extensions [None req-ce5c884f-ed6f-4c49-b288-b0331ced63ba None None] Loading extension file: auto_allocated_topology.py {{(pid=104469) _load_all_extensions_from_path /opt/stack/neutron/neutron/api/extensions.py:449}}
Apr 25 16:20:53.913558 np0000170214 devstack@neutron-api.service[104468]: DEBUG neutron_lib.callbacks.manager [None req-17293e60-b32a-45f6-b949-330aa840084a None None] Subscribe: > floatingip after_delete 55550000, False {{(pid=104468) subscribe /opt/stack/data/venv/lib/python3.12/site-packages/neutron_lib/callbacks/manager.py:52}}
Apr 25 16:20:53.913558 np0000170214 devstack@neutron-api.service[104468]: DEBUG neutron_lib.callbacks.manager [None req-17293e60-b32a-45f6-b949-330aa840084a None None] Subscribe: > floatingip after_status_update 55550000, False {{(pid=104468) subscribe /opt/stack/data/venv/lib/python3.12/site-packages/neutron_lib/callbacks/manager.py:52}}
Apr 25 16:20:53.913558 np0000170214 devstack@neutron-api.service[104468]: DEBUG neutron_lib.callbacks.manager [None req-17293e60-b32a-45f6-b949-330aa840084a None None] Subscribe: > floatingip after_update 55550000, False {{(pid=104468) subscribe /opt/stack/data/venv/lib/python3.12/site-packages/neutron_lib/callbacks/manager.py:52}}
Apr 25 16:20:53.914093 np0000170214 devstack@neutron-api.service[104469]: DEBUG neutron.api.extensions [None req-ce5c884f-ed6f-4c49-b288-b0331ced63ba None None] Ext name="Auto Allocated Topology Services" alias="auto-allocated-topology" description="Auto Allocated Topology Services." updated="2016-01-01T00:00:00-00:00" {{(pid=104469) _check_extension /opt/stack/neutron/neutron/api/extensions.py:415}}
Apr 25 16:20:53.914277 np0000170214 devstack@neutron-api.service[104468]: DEBUG neutron_lib.callbacks.manager [None req-17293e60-b32a-45f6-b949-330aa840084a None None] Subscribe: > port_forwarding after_create 55550000, False {{(pid=104468) subscribe /opt/stack/data/venv/lib/python3.12/site-packages/neutron_lib/callbacks/manager.py:52}}
Apr 25 16:20:53.914277 np0000170214 devstack@neutron-api.service[104468]: DEBUG neutron_lib.callbacks.manager [None req-17293e60-b32a-45f6-b949-330aa840084a None None] Subscribe: > router_interface after_delete 55550000, False {{(pid=104468) subscribe /opt/stack/data/venv/lib/python3.12/site-packages/neutron_lib/callbacks/manager.py:52}}
Apr 25 16:20:53.914381 np0000170214 devstack@neutron-api.service[104469]: INFO neutron.api.extensions [None req-ce5c884f-ed6f-4c49-b288-b0331ced63ba None None] Loaded extension: auto-allocated-topology
Apr 25 16:20:53.914462 np0000170214 devstack@neutron-api.service[104468]: DEBUG neutron_lib.callbacks.manager [None req-17293e60-b32a-45f6-b949-330aa840084a None None] Subscribe: > router after_create 55550000, False {{(pid=104468) subscribe /opt/stack/data/venv/lib/python3.12/site-packages/neutron_lib/callbacks/manager.py:52}}
Apr 25 16:20:53.914537 np0000170214 devstack@neutron-api.service[104469]: DEBUG neutron.api.extensions [None req-ce5c884f-ed6f-4c49-b288-b0331ced63ba None None] Loading extension file: availability_zone.py {{(pid=104469) _load_all_extensions_from_path /opt/stack/neutron/neutron/api/extensions.py:449}}
Apr 25 16:20:53.914614 np0000170214 devstack@neutron-api.service[104468]: DEBUG neutron_lib.callbacks.manager [None req-17293e60-b32a-45f6-b949-330aa840084a None None] Subscribe: > router precommit_create 55550000, False {{(pid=104468) subscribe /opt/stack/data/venv/lib/python3.12/site-packages/neutron_lib/callbacks/manager.py:52}}
Apr 25 16:20:53.914614 np0000170214 devstack@neutron-api.service[104468]: DEBUG neutron_lib.callbacks.manager [None req-17293e60-b32a-45f6-b949-330aa840084a None None] Subscribe: > router after_delete 55550000, False {{(pid=104468) subscribe /opt/stack/data/venv/lib/python3.12/site-packages/neutron_lib/callbacks/manager.py:52}}
Apr 25 16:20:53.914614 np0000170214 devstack@neutron-api.service[104468]: DEBUG neutron_lib.callbacks.manager [None req-17293e60-b32a-45f6-b949-330aa840084a None None] Subscribe: > router after_update 55550000, False {{(pid=104468) subscribe /opt/stack/data/venv/lib/python3.12/site-packages/neutron_lib/callbacks/manager.py:52}}
Apr 25 16:20:53.914725 np0000170214 devstack@neutron-api.service[104469]: DEBUG neutron.api.extensions [None req-ce5c884f-ed6f-4c49-b288-b0331ced63ba None None] Ext name="Availability Zone" alias="availability_zone" description="The availability zone extension." updated="2015-01-01T10:00:00-00:00" {{(pid=104469) _check_extension /opt/stack/neutron/neutron/api/extensions.py:415}}
Apr 25 16:20:53.914794 np0000170214 devstack@neutron-api.service[104468]: DEBUG neutron.services.service_base [None req-17293e60-b32a-45f6-b949-330aa840084a None None] Loaded 'neutron.services.ovn_l3.service_providers.ovn.OvnDriver' provider for service L3_ROUTER_NAT {{(pid=104468) load_drivers /opt/stack/neutron/neutron/services/service_base.py:49}}
Apr 25 16:20:53.914794 np0000170214 devstack@neutron-api.service[104468]: DEBUG neutron_lib.callbacks.manager [None req-17293e60-b32a-45f6-b949-330aa840084a None None] Subscribe: > process after_init 55550001, True {{(pid=104468) subscribe /opt/stack/data/venv/lib/python3.12/site-packages/neutron_lib/callbacks/manager.py:52}}
Apr 25 16:20:53.914890 np0000170214 devstack@neutron-api.service[104469]: INFO neutron.api.extensions [None req-ce5c884f-ed6f-4c49-b288-b0331ced63ba None None] Loaded extension: availability_zone
Apr 25 16:20:53.914958 np0000170214 devstack@neutron-api.service[104468]: DEBUG neutron.manager [None req-17293e60-b32a-45f6-b949-330aa840084a None None] Successfully loaded L3_ROUTER_NAT plugin. Description: L3 Router Service Plugin for basic L3 forwarding using OVN {{(pid=104468) _create_and_add_service_plugin /opt/stack/neutron/neutron/manager.py:239}}
Apr 25 16:20:53.915153 np0000170214 devstack@neutron-api.service[104469]: DEBUG neutron.api.extensions [None req-ce5c884f-ed6f-4c49-b288-b0331ced63ba None None] Loading extension file: availability_zone_filter.py {{(pid=104469) _load_all_extensions_from_path /opt/stack/neutron/neutron/api/extensions.py:449}}
Apr 25 16:20:53.915218 np0000170214 devstack@neutron-api.service[104468]: INFO neutron.manager [None req-17293e60-b32a-45f6-b949-330aa840084a None None] Loading Plugin: auto_allocate
Apr 25 16:20:53.915285 np0000170214 devstack@neutron-api.service[104469]: DEBUG neutron.api.extensions [None req-ce5c884f-ed6f-4c49-b288-b0331ced63ba None None] Ext name="Availability Zone Filter Extension" alias="availability_zone_filter" description="Add filter parameters to AvailabilityZone resource" updated="2018-06-22T10:00:00-00:00" {{(pid=104469) _check_extension /opt/stack/neutron/neutron/api/extensions.py:415}}
Apr 25 16:20:53.915285 np0000170214 devstack@neutron-api.service[104469]: INFO neutron.api.extensions [None req-ce5c884f-ed6f-4c49-b288-b0331ced63ba None None] Extension availability_zone_filter not supported by any of loaded plugins
Apr 25 16:20:53.915285 np0000170214 devstack@neutron-api.service[104469]: DEBUG neutron.api.extensions [None req-ce5c884f-ed6f-4c49-b288-b0331ced63ba None None] Loading extension file: data_plane_status.py {{(pid=104469) _load_all_extensions_from_path /opt/stack/neutron/neutron/api/extensions.py:449}}
Apr 25 16:20:53.915285 np0000170214 devstack@neutron-api.service[104469]: DEBUG neutron.api.extensions [None req-ce5c884f-ed6f-4c49-b288-b0331ced63ba None None] Ext name="Port data plane status extension" alias="data-plane-status" description="Expose status of underlying data plane" updated="2017-01-24T10:00:00-00:00" {{(pid=104469) _check_extension /opt/stack/neutron/neutron/api/extensions.py:415}}
Apr 25 16:20:53.915285 np0000170214 devstack@neutron-api.service[104469]: INFO neutron.api.extensions [None req-ce5c884f-ed6f-4c49-b288-b0331ced63ba None None] Extension data-plane-status not supported by any of loaded plugins
Apr 25 16:20:53.915285 np0000170214 devstack@neutron-api.service[104469]: DEBUG neutron.api.extensions [None req-ce5c884f-ed6f-4c49-b288-b0331ced63ba None None] Loading extension file: default_subnetpools.py {{(pid=104469) _load_all_extensions_from_path /opt/stack/neutron/neutron/api/extensions.py:449}}
Apr 25 16:20:53.915608 np0000170214 devstack@neutron-api.service[104468]: DEBUG neutron_lib.callbacks.manager [None req-17293e60-b32a-45f6-b949-330aa840084a None None] Subscribe: network precommit_update 55550000, False {{(pid=104468) subscribe /opt/stack/data/venv/lib/python3.12/site-packages/neutron_lib/callbacks/manager.py:52}}
Apr 25 16:20:53.915608 np0000170214 devstack@neutron-api.service[104468]: DEBUG neutron_lib.callbacks.manager [None req-17293e60-b32a-45f6-b949-330aa840084a None None] Subscribe: network precommit_create 55550000, False {{(pid=104468) subscribe /opt/stack/data/venv/lib/python3.12/site-packages/neutron_lib/callbacks/manager.py:52}}
Apr 25 16:20:53.915779 np0000170214 devstack@neutron-api.service[104469]: DEBUG neutron.api.extensions [None req-ce5c884f-ed6f-4c49-b288-b0331ced63ba None None] Ext name="Default Subnetpools" alias="default-subnetpools" description="Provides ability to mark and use a subnetpool as the default." updated="2016-02-18T18:00:00-00:00" {{(pid=104469) _check_extension /opt/stack/neutron/neutron/api/extensions.py:415}}
Apr 25 16:20:53.915779 np0000170214 devstack@neutron-api.service[104469]: INFO neutron.api.extensions [None req-ce5c884f-ed6f-4c49-b288-b0331ced63ba None None] Loaded extension: default-subnetpools
Apr 25 16:20:53.915885 np0000170214 devstack@neutron-api.service[104468]: DEBUG neutron.manager [None req-17293e60-b32a-45f6-b949-330aa840084a None None] Successfully loaded auto-allocated-topology plugin. Description: Auto Allocated Topology - aka get me a network. {{(pid=104468) _create_and_add_service_plugin /opt/stack/neutron/neutron/manager.py:239}}
Apr 25 16:20:53.915957 np0000170214 devstack@neutron-api.service[104469]: DEBUG neutron.api.extensions [None req-ce5c884f-ed6f-4c49-b288-b0331ced63ba None None] Loading extension file: dhcpagentscheduler.py {{(pid=104469) _load_all_extensions_from_path /opt/stack/neutron/neutron/api/extensions.py:449}}
Apr 25 16:20:53.916092 np0000170214 devstack@neutron-api.service[104468]: INFO neutron.manager [None req-17293e60-b32a-45f6-b949-330aa840084a None None] Loading Plugin: tag
Apr 25 16:20:53.916219 np0000170214 devstack@neutron-api.service[104469]: DEBUG neutron.api.extensions [None req-ce5c884f-ed6f-4c49-b288-b0331ced63ba None None] Ext name="DHCP Agent Scheduler" alias="dhcp_agent_scheduler" description="Schedule networks among dhcp agents" updated="2013-02-07T10:00:00-00:00" {{(pid=104469) _check_extension /opt/stack/neutron/neutron/api/extensions.py:415}}
Apr 25 16:20:53.916219 np0000170214 devstack@neutron-api.service[104469]: INFO neutron.api.extensions [None req-ce5c884f-ed6f-4c49-b288-b0331ced63ba None None] Loaded extension: dhcp_agent_scheduler
Apr 25 16:20:53.916343 np0000170214 devstack@neutron-api.service[104469]: DEBUG neutron.api.extensions [None req-ce5c884f-ed6f-4c49-b288-b0331ced63ba None None] Loading extension file: dns.py {{(pid=104469) _load_all_extensions_from_path /opt/stack/neutron/neutron/api/extensions.py:449}}
Apr 25 16:20:53.916607 np0000170214 devstack@neutron-api.service[104469]: DEBUG neutron.api.extensions [None req-ce5c884f-ed6f-4c49-b288-b0331ced63ba None None] Ext name="DNS Integration" alias="dns-integration" description="Provides integration with DNS." updated="2015-08-15T18:00:00-00:00" {{(pid=104469) _check_extension /opt/stack/neutron/neutron/api/extensions.py:415}}
Apr 25 16:20:53.916746 np0000170214 devstack@neutron-api.service[104469]: INFO neutron.api.extensions [None req-ce5c884f-ed6f-4c49-b288-b0331ced63ba None None] Loaded extension: dns-integration
Apr 25 16:20:53.916928 np0000170214 devstack@neutron-api.service[104469]: DEBUG neutron.api.extensions [None req-ce5c884f-ed6f-4c49-b288-b0331ced63ba None None] Loading extension file: dns_domain_ports.py {{(pid=104469) _load_all_extensions_from_path /opt/stack/neutron/neutron/api/extensions.py:449}}
Apr 25 16:20:53.917062 np0000170214 devstack@neutron-api.service[104469]: DEBUG neutron.api.extensions [None req-ce5c884f-ed6f-4c49-b288-b0331ced63ba None None] Ext name="dns_domain for ports" alias="dns-domain-ports" description="Allows the DNS domain to be specified for a network port." updated="2017-04-24T10:00:00-00:00" {{(pid=104469) _check_extension /opt/stack/neutron/neutron/api/extensions.py:415}}
Apr 25 16:20:53.917267 np0000170214 devstack@neutron-api.service[104469]: INFO neutron.api.extensions [None req-ce5c884f-ed6f-4c49-b288-b0331ced63ba None None] Loaded extension: dns-domain-ports
Apr 25 16:20:53.917363 np0000170214 devstack@neutron-api.service[104469]: DEBUG neutron.api.extensions [None req-ce5c884f-ed6f-4c49-b288-b0331ced63ba None None] Loading extension file: dns_integration_domain_keywords.py {{(pid=104469) _load_all_extensions_from_path /opt/stack/neutron/neutron/api/extensions.py:449}}
Apr 25 16:20:53.917601 np0000170214 devstack@neutron-api.service[104469]: DEBUG neutron.api.extensions [None req-ce5c884f-ed6f-4c49-b288-b0331ced63ba None None] Ext name="DNS domain names with keywords allowed" alias="dns-integration-domain-keywords" description="Allows to use keywords like , , and as DNS domain name" updated="2020-06-15T18:00:00-00:00" {{(pid=104469) _check_extension /opt/stack/neutron/neutron/api/extensions.py:415}}
Apr 25 16:20:53.917767 np0000170214 devstack@neutron-api.service[104469]: INFO neutron.api.extensions [None req-ce5c884f-ed6f-4c49-b288-b0331ced63ba None None] Loaded extension: dns-integration-domain-keywords
Apr 25 16:20:53.917877 np0000170214 devstack@neutron-api.service[104469]: DEBUG neutron.api.extensions [None req-ce5c884f-ed6f-4c49-b288-b0331ced63ba None None] Loading extension file: dvr.py {{(pid=104469) _load_all_extensions_from_path /opt/stack/neutron/neutron/api/extensions.py:449}}
Apr 25 16:20:53.918130 np0000170214 devstack@neutron-api.service[104469]: DEBUG neutron.api.extensions [None req-ce5c884f-ed6f-4c49-b288-b0331ced63ba None None] Ext name="Distributed Virtual Router" alias="dvr" description="Enables configuration of Distributed Virtual Routers." updated="2014-06-1T10:00:00-00:00" {{(pid=104469) _check_extension /opt/stack/neutron/neutron/api/extensions.py:415}}
Apr 25 16:20:53.918266 np0000170214 devstack@neutron-api.service[104469]: INFO neutron.api.extensions [None req-ce5c884f-ed6f-4c49-b288-b0331ced63ba None None] Extension dvr not supported by any of loaded plugins
Apr 25 16:20:53.918367 np0000170214 devstack@neutron-api.service[104469]: DEBUG neutron.api.extensions [None req-ce5c884f-ed6f-4c49-b288-b0331ced63ba None None] Loading extension file: ecmp_routes.py {{(pid=104469) _load_all_extensions_from_path /opt/stack/neutron/neutron/api/extensions.py:449}}
Apr 25 16:20:53.918642 np0000170214 devstack@neutron-api.service[104469]: DEBUG neutron.api.extensions [None req-ce5c884f-ed6f-4c49-b288-b0331ced63ba None None] Ext name="Equal Cost Multipath Routing" alias="ecmp_routes" description="Allows traffic to reach thesame destination via multiple different links " updated="2020-11-26T18:00:00-00:00" {{(pid=104469) _check_extension /opt/stack/neutron/neutron/api/extensions.py:415}}
Apr 25 16:20:53.918756 np0000170214 devstack@neutron-api.service[104468]: DEBUG neutron.manager [None req-17293e60-b32a-45f6-b949-330aa840084a None None] Successfully loaded TAG plugin. Description: Tag support {{(pid=104468) _create_and_add_service_plugin /opt/stack/neutron/neutron/manager.py:239}}
Apr 25 16:20:53.918756 np0000170214 devstack@neutron-api.service[104468]: INFO neutron.manager [None req-17293e60-b32a-45f6-b949-330aa840084a None None] Loading Plugin: timestamp
Apr 25 16:20:53.918923 np0000170214 devstack@neutron-api.service[104469]: INFO neutron.api.extensions [None req-ce5c884f-ed6f-4c49-b288-b0331ced63ba None None] Extension ecmp_routes not supported by any of loaded plugins
Apr 25 16:20:53.918923 np0000170214 devstack@neutron-api.service[104469]: DEBUG neutron.api.extensions [None req-ce5c884f-ed6f-4c49-b288-b0331ced63ba None None] Loading extension file: empty_string_filtering.py {{(pid=104469) _load_all_extensions_from_path /opt/stack/neutron/neutron/api/extensions.py:449}}
Apr 25 16:20:53.919127 np0000170214 devstack@neutron-api.service[104469]: DEBUG neutron.api.extensions [None req-ce5c884f-ed6f-4c49-b288-b0331ced63ba None None] Ext name="Empty String Filtering Extension" alias="empty-string-filtering" description="Allow filtering by attributes with empty string value" updated="2018-05-01T10:00:00-00:00" {{(pid=104469) _check_extension /opt/stack/neutron/neutron/api/extensions.py:415}}
Apr 25 16:20:53.919734 np0000170214 devstack@neutron-api.service[104469]: INFO neutron.api.extensions [None req-ce5c884f-ed6f-4c49-b288-b0331ced63ba None None] Loaded extension: empty-string-filtering
Apr 25 16:20:53.919734 np0000170214 devstack@neutron-api.service[104469]: DEBUG neutron.api.extensions [None req-ce5c884f-ed6f-4c49-b288-b0331ced63ba None None] Loading extension file: expose_l3_conntrack_helper.py {{(pid=104469) _load_all_extensions_from_path /opt/stack/neutron/neutron/api/extensions.py:449}}
Apr 25 16:20:53.919734 np0000170214 devstack@neutron-api.service[104469]: DEBUG neutron.api.extensions [None req-ce5c884f-ed6f-4c49-b288-b0331ced63ba None None] Ext name="Expose CT target rules for conntrack helper" alias="expose-l3-conntrack-helper" description="Expose allow adding CT target rules for conntrack helper" updated="2019-04-04T10:00:00-00:00" {{(pid=104469) _check_extension /opt/stack/neutron/neutron/api/extensions.py:415}}
Apr 25 16:20:53.919734 np0000170214 devstack@neutron-api.service[104469]: INFO neutron.api.extensions [None req-ce5c884f-ed6f-4c49-b288-b0331ced63ba None None] Extension expose-l3-conntrack-helper not supported by any of loaded plugins
Apr 25 16:20:53.920041 np0000170214 devstack@neutron-api.service[104469]: DEBUG neutron.api.extensions [None req-ce5c884f-ed6f-4c49-b288-b0331ced63ba None None] Loading extension file: expose_port_forwarding_in_fip.py {{(pid=104469) _load_all_extensions_from_path /opt/stack/neutron/neutron/api/extensions.py:449}}
Apr 25 16:20:53.920143 np0000170214 devstack@neutron-api.service[104469]: DEBUG neutron.api.extensions [None req-ce5c884f-ed6f-4c49-b288-b0331ced63ba None None] Ext name="Expose Floating IP port forwardings" alias="expose-port-forwarding-in-fip" description="Expose port forwarding fields in floating IP response" updated="2018-06-28T16:00:00-00:00" {{(pid=104469) _check_extension /opt/stack/neutron/neutron/api/extensions.py:415}}
Apr 25 16:20:53.920222 np0000170214 devstack@neutron-api.service[104468]: DEBUG neutron.manager [None req-17293e60-b32a-45f6-b949-330aa840084a None None] Successfully loaded timestamp plugin. Description: Adds timestamps to Neutron resources with standard attributes {{(pid=104468) _create_and_add_service_plugin /opt/stack/neutron/neutron/manager.py:239}}
Apr 25 16:20:53.920222 np0000170214 devstack@neutron-api.service[104468]: INFO neutron.manager [None req-17293e60-b32a-45f6-b949-330aa840084a None None] Loading Plugin: network_ip_availability
Apr 25 16:20:53.920318 np0000170214 devstack@neutron-api.service[104469]: INFO neutron.api.extensions [None req-ce5c884f-ed6f-4c49-b288-b0331ced63ba None None] Extension expose-port-forwarding-in-fip not supported by any of loaded plugins
Apr 25 16:20:53.920425 np0000170214 devstack@neutron-api.service[104469]: DEBUG neutron.api.extensions [None req-ce5c884f-ed6f-4c49-b288-b0331ced63ba None None] Loading extension file: external_net.py {{(pid=104469) _load_all_extensions_from_path /opt/stack/neutron/neutron/api/extensions.py:449}}
Apr 25 16:20:53.920644 np0000170214 devstack@neutron-api.service[104469]: DEBUG neutron.api.extensions [None req-ce5c884f-ed6f-4c49-b288-b0331ced63ba None None] Ext name="Neutron external network" alias="external-net" description="Adds external network attribute to network resource." updated="2013-01-14T10:00:00-00:00" {{(pid=104469) _check_extension /opt/stack/neutron/neutron/api/extensions.py:415}}
Apr 25 16:20:53.920869 np0000170214 devstack@neutron-api.service[104469]: INFO neutron.api.extensions [None req-ce5c884f-ed6f-4c49-b288-b0331ced63ba None None] Loaded extension: external-net
Apr 25 16:20:53.920869 np0000170214 devstack@neutron-api.service[104469]: DEBUG neutron.api.extensions [None req-ce5c884f-ed6f-4c49-b288-b0331ced63ba None None] Loading extension file: extra_dhcp_opt.py {{(pid=104469) _load_all_extensions_from_path /opt/stack/neutron/neutron/api/extensions.py:449}}
Apr 25 16:20:53.921136 np0000170214 devstack@neutron-api.service[104469]: DEBUG neutron.api.extensions [None req-ce5c884f-ed6f-4c49-b288-b0331ced63ba None None] Ext name="Neutron Extra DHCP options" alias="extra_dhcp_opt" description="Extra options configuration for DHCP. For example PXE boot options to DHCP clients can be specified (e.g. tftp-server, server-ip-address, bootfile-name)" updated="2013-03-17T12:00:00-00:00" {{(pid=104469) _check_extension /opt/stack/neutron/neutron/api/extensions.py:415}}
Apr 25 16:20:53.921287 np0000170214 devstack@neutron-api.service[104469]: INFO neutron.api.extensions [None req-ce5c884f-ed6f-4c49-b288-b0331ced63ba None None] Loaded extension: extra_dhcp_opt
Apr 25 16:20:53.921386 np0000170214 devstack@neutron-api.service[104469]: DEBUG neutron.api.extensions [None req-ce5c884f-ed6f-4c49-b288-b0331ced63ba None None] Loading extension file: extraroute.py {{(pid=104469) _load_all_extensions_from_path /opt/stack/neutron/neutron/api/extensions.py:449}}
Apr 25 16:20:53.921619 np0000170214 devstack@neutron-api.service[104469]: DEBUG neutron.api.extensions [None req-ce5c884f-ed6f-4c49-b288-b0331ced63ba None None] Ext name="Neutron Extra Route" alias="extraroute" description="Extra routes configuration for L3 router" updated="2013-02-01T10:00:00-00:00" {{(pid=104469) _check_extension /opt/stack/neutron/neutron/api/extensions.py:415}}
Apr 25 16:20:53.921825 np0000170214 devstack@neutron-api.service[104469]: INFO neutron.api.extensions [None req-ce5c884f-ed6f-4c49-b288-b0331ced63ba None None] Loaded extension: extraroute
Apr 25 16:20:53.921888 np0000170214 devstack@neutron-api.service[104468]: DEBUG neutron.manager [None req-17293e60-b32a-45f6-b949-330aa840084a None None] Successfully loaded network-ip-availability plugin. Description: Provides IP availability data for each network and subnet. {{(pid=104468) _create_and_add_service_plugin /opt/stack/neutron/neutron/manager.py:239}}
Apr 25 16:20:53.921954 np0000170214 devstack@neutron-api.service[104469]: DEBUG neutron.api.extensions [None req-ce5c884f-ed6f-4c49-b288-b0331ced63ba None None] Loading extension file: extraroute_atomic.py {{(pid=104469) _load_all_extensions_from_path /opt/stack/neutron/neutron/api/extensions.py:449}}
Apr 25 16:20:53.922015 np0000170214 devstack@neutron-api.service[104468]: INFO neutron.manager [None req-17293e60-b32a-45f6-b949-330aa840084a None None] Loading Plugin: flavors
Apr 25 16:20:53.922281 np0000170214 devstack@neutron-api.service[104469]: DEBUG neutron.api.extensions [None req-ce5c884f-ed6f-4c49-b288-b0331ced63ba None None] Ext name="Atomically add/remove extra routes" alias="extraroute-atomic" description="Edit extra routes of a router on server side by atomically adding/removing extra routes" updated="2019-07-10T00:00:00+00:00" {{(pid=104469) _check_extension /opt/stack/neutron/neutron/api/extensions.py:415}}
Apr 25 16:20:53.922568 np0000170214 devstack@neutron-api.service[104469]: INFO neutron.api.extensions [None req-ce5c884f-ed6f-4c49-b288-b0331ced63ba None None] Loaded extension: extraroute-atomic
Apr 25 16:20:53.922568 np0000170214 devstack@neutron-api.service[104469]: DEBUG neutron.api.extensions [None req-ce5c884f-ed6f-4c49-b288-b0331ced63ba None None] Loading extension file: filter_validation.py {{(pid=104469) _load_all_extensions_from_path /opt/stack/neutron/neutron/api/extensions.py:449}}
Apr 25 16:20:53.922862 np0000170214 devstack@neutron-api.service[104469]: DEBUG neutron.api.extensions [None req-ce5c884f-ed6f-4c49-b288-b0331ced63ba None None] Ext name="Filter parameters validation" alias="filter-validation" description="Provides validation on filter parameters." updated="2018-07-04T10:00:00-00:00" {{(pid=104469) _check_extension /opt/stack/neutron/neutron/api/extensions.py:415}}
Apr 25 16:20:53.922932 np0000170214 devstack@neutron-api.service[104468]: DEBUG neutron.manager [None req-17293e60-b32a-45f6-b949-330aa840084a None None] Successfully loaded FLAVORS plugin. Description: Neutron Flavors and Service Profiles manager plugin {{(pid=104468) _create_and_add_service_plugin /opt/stack/neutron/neutron/manager.py:239}}
Apr 25 16:20:53.923001 np0000170214 devstack@neutron-api.service[104468]: INFO neutron.manager [None req-17293e60-b32a-45f6-b949-330aa840084a None None] Loading Plugin: revisions
Apr 25 16:20:53.923069 np0000170214 devstack@neutron-api.service[104469]: INFO neutron.api.extensions [None req-ce5c884f-ed6f-4c49-b288-b0331ced63ba None None] Loaded extension: filter-validation
Apr 25 16:20:53.923069 np0000170214 devstack@neutron-api.service[104469]: DEBUG neutron.api.extensions [None req-ce5c884f-ed6f-4c49-b288-b0331ced63ba None None] Loading extension file: fip_pf_description.py {{(pid=104469) _load_all_extensions_from_path /opt/stack/neutron/neutron/api/extensions.py:449}}
Apr 25 16:20:53.923302 np0000170214 devstack@neutron-api.service[104470]: DEBUG neutron.common.ovn.hash_ring_manager [None req-a0ea77cc-a067-47d2-91df-f91366db348f None None] Hash Ring loaded. 1 active nodes. 0 offline nodes {{(pid=104470) _load_hash_ring /opt/stack/neutron/neutron/common/ovn/hash_ring_manager.py:102}}
Apr 25 16:20:53.923374 np0000170214 devstack@neutron-api.service[104469]: DEBUG neutron.api.extensions [None req-ce5c884f-ed6f-4c49-b288-b0331ced63ba None None] Ext name="Floating IP Port Forwarding new attribute description" alias="floating-ip-port-forwarding-description" description="Add a description field to Port Forwarding rules" updated="2019-11-01T10:00:00-00:00" {{(pid=104469) _check_extension /opt/stack/neutron/neutron/api/extensions.py:415}}
Apr 25 16:20:53.923525 np0000170214 devstack@neutron-api.service[104469]: INFO neutron.api.extensions [None req-ce5c884f-ed6f-4c49-b288-b0331ced63ba None None] Extension floating-ip-port-forwarding-description not supported by any of loaded plugins
Apr 25 16:20:53.923627 np0000170214 devstack@neutron-api.service[104469]: DEBUG neutron.api.extensions [None req-ce5c884f-ed6f-4c49-b288-b0331ced63ba None None] Loading extension file: fip_pf_detail.py {{(pid=104469) _load_all_extensions_from_path /opt/stack/neutron/neutron/api/extensions.py:449}}
Apr 25 16:20:53.923689 np0000170214 devstack@neutron-api.service[104470]: DEBUG neutron.plugins.ml2.drivers.ovn.mech_driver.ovsdb.ovsdb_monitor [None req-a0ea77cc-a067-47d2-91df-f91366db348f None None] Hash Ring: Node ae3a912b003f509b975e4964c3f2f552 (host: np0000170214) handling event "create" for row 70e58f20-7256-4c7d-ab86-a88ac962a7b3 (table: ACL) {{(pid=104470) notify /opt/stack/neutron/neutron/plugins/ml2/drivers/ovn/mech_driver/ovsdb/ovsdb_monitor.py:914}}
Apr 25 16:20:53.923823 np0000170214 devstack@neutron-api.service[104469]: DEBUG neutron.api.extensions [None req-ce5c884f-ed6f-4c49-b288-b0331ced63ba None None] Ext name="Floating IP port forwarding detail" alias="floating-ip-port-forwarding-detail" description="Allow list floating ip return more port forwarding data, include'id' and 'internal_port_id'" updated="2022-05-06T10:00:00-00:00" {{(pid=104469) _check_extension /opt/stack/neutron/neutron/api/extensions.py:415}}
Apr 25 16:20:53.924061 np0000170214 devstack@neutron-api.service[104468]: DEBUG neutron.manager [None req-17293e60-b32a-45f6-b949-330aa840084a None None] Successfully loaded revision_plugin plugin. Description: Adds revision numbers to resources. {{(pid=104468) _create_and_add_service_plugin /opt/stack/neutron/neutron/manager.py:239}}
Apr 25 16:20:53.924123 np0000170214 devstack@neutron-api.service[104469]: INFO neutron.api.extensions [None req-ce5c884f-ed6f-4c49-b288-b0331ced63ba None None] Loaded extension: floating-ip-port-forwarding-detail
Apr 25 16:20:53.924190 np0000170214 devstack@neutron-api.service[104469]: DEBUG neutron.api.extensions [None req-ce5c884f-ed6f-4c49-b288-b0331ced63ba None None] Loading extension file: fip_pf_port_range.py {{(pid=104469) _load_all_extensions_from_path /opt/stack/neutron/neutron/api/extensions.py:449}}
Apr 25 16:20:53.924251 np0000170214 devstack@neutron-api.service[104468]: DEBUG oslo_concurrency.lockutils [None req-17293e60-b32a-45f6-b949-330aa840084a None None] Lock "manager" "released" by "neutron.manager.NeutronManager._create_instance" :: held 14.770s {{(pid=104468) inner /opt/stack/data/venv/lib/python3.12/site-packages/oslo_concurrency/lockutils.py:538}}
Apr 25 16:20:53.924394 np0000170214 devstack@neutron-api.service[104469]: DEBUG neutron.api.extensions [None req-ce5c884f-ed6f-4c49-b288-b0331ced63ba None None] Ext name="Floating IP Port Forwarding support port ranges" alias="floating-ip-port-forwarding-port-ranges" description="Add support to port ranges" updated="2020-07-01T10:00:00-00:00" {{(pid=104469) _check_extension /opt/stack/neutron/neutron/api/extensions.py:415}}
Apr 25 16:20:53.924477 np0000170214 devstack@neutron-api.service[104468]: DEBUG neutron.api.extensions [None req-17293e60-b32a-45f6-b949-330aa840084a None None] get_extension_paths = OrderedDict({'/opt/stack/neutron/neutron/extensions': 1}) {{(pid=104468) get_extensions_path /opt/stack/neutron/neutron/api/extensions.py:640}}
Apr 25 16:20:53.924549 np0000170214 devstack@neutron-api.service[104468]: INFO neutron.api.extensions [None req-17293e60-b32a-45f6-b949-330aa840084a None None] Initializing extension manager.
Apr 25 16:20:53.924653 np0000170214 devstack@neutron-api.service[104469]: INFO neutron.api.extensions [None req-ce5c884f-ed6f-4c49-b288-b0331ced63ba None None] Extension floating-ip-port-forwarding-port-ranges not supported by any of loaded plugins
Apr 25 16:20:53.924653 np0000170214 devstack@neutron-api.service[104469]: DEBUG neutron.api.extensions [None req-ce5c884f-ed6f-4c49-b288-b0331ced63ba None None] Loading extension file: fip_port_details.py {{(pid=104469) _load_all_extensions_from_path /opt/stack/neutron/neutron/api/extensions.py:449}}
Apr 25 16:20:53.924813 np0000170214 devstack@neutron-api.service[104468]: DEBUG neutron.api.extensions [None req-17293e60-b32a-45f6-b949-330aa840084a None None] Loading extension file: __init__.py {{(pid=104468) _load_all_extensions_from_path /opt/stack/neutron/neutron/api/extensions.py:449}}
Apr 25 16:20:53.924879 np0000170214 devstack@neutron-api.service[104468]: DEBUG neutron.api.extensions [None req-17293e60-b32a-45f6-b949-330aa840084a None None] Loading extension file: __pycache__ {{(pid=104468) _load_all_extensions_from_path /opt/stack/neutron/neutron/api/extensions.py:449}}
Apr 25 16:20:53.924940 np0000170214 devstack@neutron-api.service[104469]: DEBUG neutron.api.extensions [None req-ce5c884f-ed6f-4c49-b288-b0331ced63ba None None] Ext name="Floating IP Port Details Extension" alias="fip-port-details" description="Add port_details attribute to Floating IP resource" updated="2018-04-09T10:00:00-00:00" {{(pid=104469) _check_extension /opt/stack/neutron/neutron/api/extensions.py:415}}
Apr 25 16:20:53.925052 np0000170214 devstack@neutron-api.service[104468]: DEBUG neutron.api.extensions [None req-17293e60-b32a-45f6-b949-330aa840084a None None] Loading extension file: address_group.py {{(pid=104468) _load_all_extensions_from_path /opt/stack/neutron/neutron/api/extensions.py:449}}
Apr 25 16:20:53.925124 np0000170214 devstack@neutron-api.service[104469]: INFO neutron.api.extensions [None req-ce5c884f-ed6f-4c49-b288-b0331ced63ba None None] Loaded extension: fip-port-details
Apr 25 16:20:53.925124 np0000170214 devstack@neutron-api.service[104469]: DEBUG neutron.api.extensions [None req-ce5c884f-ed6f-4c49-b288-b0331ced63ba None None] Loading extension file: flavors.py {{(pid=104469) _load_all_extensions_from_path /opt/stack/neutron/neutron/api/extensions.py:449}}
Apr 25 16:20:53.925709 np0000170214 devstack@neutron-api.service[104468]: DEBUG neutron.api.extensions [None req-17293e60-b32a-45f6-b949-330aa840084a None None] Ext name="Address group" alias="address-group" description="Support address group" updated="2020-07-15T10:00:00-00:00" {{(pid=104468) _check_extension /opt/stack/neutron/neutron/api/extensions.py:415}}
Apr 25 16:20:53.925773 np0000170214 devstack@neutron-api.service[104469]: DEBUG neutron.api.extensions [None req-ce5c884f-ed6f-4c49-b288-b0331ced63ba None None] Ext name="Neutron Service Flavors" alias="flavors" description="Flavor specification for Neutron advanced services." updated="2015-09-17T10:00:00-00:00" {{(pid=104469) _check_extension /opt/stack/neutron/neutron/api/extensions.py:415}}
Apr 25 16:20:53.925773 np0000170214 devstack@neutron-api.service[104469]: INFO neutron.api.extensions [None req-ce5c884f-ed6f-4c49-b288-b0331ced63ba None None] Loaded extension: flavors
Apr 25 16:20:53.925865 np0000170214 devstack@neutron-api.service[104468]: INFO neutron.api.extensions [None req-17293e60-b32a-45f6-b949-330aa840084a None None] Loaded extension: address-group
Apr 25 16:20:53.925930 np0000170214 devstack@neutron-api.service[104469]: DEBUG neutron.api.extensions [None req-ce5c884f-ed6f-4c49-b288-b0331ced63ba None None] Loading extension file: floating_ip_port_forwarding.py {{(pid=104469) _load_all_extensions_from_path /opt/stack/neutron/neutron/api/extensions.py:449}}
Apr 25 16:20:53.925996 np0000170214 devstack@neutron-api.service[104468]: DEBUG neutron.api.extensions [None req-17293e60-b32a-45f6-b949-330aa840084a None None] Loading extension file: address_scope.py {{(pid=104468) _load_all_extensions_from_path /opt/stack/neutron/neutron/api/extensions.py:449}}
Apr 25 16:20:53.925996 np0000170214 devstack@neutron-api.service[104468]: DEBUG neutron.api.extensions [None req-17293e60-b32a-45f6-b949-330aa840084a None None] Ext name="Address scope" alias="address-scope" description="Address scopes extension." updated="2015-07-26T10:00:00-00:00" {{(pid=104468) _check_extension /opt/stack/neutron/neutron/api/extensions.py:415}}
Apr 25 16:20:53.926167 np0000170214 devstack@neutron-api.service[104469]: DEBUG neutron.api.extensions [None req-ce5c884f-ed6f-4c49-b288-b0331ced63ba None None] Ext name="Floating IP Port Forwarding" alias="floating-ip-port-forwarding" description="Allow port forwarding from floating IP port to an internal port" updated="2018-01-19T10:00:00-00:00" {{(pid=104469) _check_extension /opt/stack/neutron/neutron/api/extensions.py:415}}
Apr 25 16:20:53.926345 np0000170214 devstack@neutron-api.service[104468]: INFO neutron.api.extensions [None req-17293e60-b32a-45f6-b949-330aa840084a None None] Loaded extension: address-scope
Apr 25 16:20:53.926490 np0000170214 devstack@neutron-api.service[104469]: INFO neutron.api.extensions [None req-ce5c884f-ed6f-4c49-b288-b0331ced63ba None None] Extension floating-ip-port-forwarding not supported by any of loaded plugins
Apr 25 16:20:53.926557 np0000170214 devstack@neutron-api.service[104468]: DEBUG neutron.api.extensions [None req-17293e60-b32a-45f6-b949-330aa840084a None None] Loading extension file: admin_state_down_before_update.py {{(pid=104468) _load_all_extensions_from_path /opt/stack/neutron/neutron/api/extensions.py:449}}
Apr 25 16:20:53.926643 np0000170214 devstack@neutron-api.service[104469]: DEBUG neutron.api.extensions [None req-ce5c884f-ed6f-4c49-b288-b0331ced63ba None None] Loading extension file: floatingip_pools.py {{(pid=104469) _load_all_extensions_from_path /opt/stack/neutron/neutron/api/extensions.py:449}}
Apr 25 16:20:53.926710 np0000170214 devstack@neutron-api.service[104468]: DEBUG neutron.api.extensions [None req-17293e60-b32a-45f6-b949-330aa840084a None None] Ext name="Enforce Router's Admin State Down Before Update Extension" alias="router-admin-state-down-before-update" description="Ensure that the admin state of a router is DOWN (admin_state_up=False) before updating the distributed attribute" updated="2019-07-02T15:56:00" {{(pid=104468) _check_extension /opt/stack/neutron/neutron/api/extensions.py:415}}
Apr 25 16:20:53.926774 np0000170214 devstack@neutron-api.service[104469]: DEBUG neutron.api.extensions [None req-ce5c884f-ed6f-4c49-b288-b0331ced63ba None None] Ext name="Floating IP Pools Extension" alias="floatingip-pools" description="Provides a floating IP pools API." updated="2018-03-21T10:00:00-00:00" {{(pid=104469) _check_extension /opt/stack/neutron/neutron/api/extensions.py:415}}
Apr 25 16:20:53.926851 np0000170214 devstack@neutron-api.service[104468]: INFO neutron.api.extensions [None req-17293e60-b32a-45f6-b949-330aa840084a None None] Extension router-admin-state-down-before-update not supported by any of loaded plugins
Apr 25 16:20:53.926851 np0000170214 devstack@neutron-api.service[104468]: DEBUG neutron.api.extensions [None req-17293e60-b32a-45f6-b949-330aa840084a None None] Loading extension file: agent.py {{(pid=104468) _load_all_extensions_from_path /opt/stack/neutron/neutron/api/extensions.py:449}}
Apr 25 16:20:53.927031 np0000170214 devstack@neutron-api.service[104469]: INFO neutron.api.extensions [None req-ce5c884f-ed6f-4c49-b288-b0331ced63ba None None] Loaded extension: floatingip-pools
Apr 25 16:20:53.927031 np0000170214 devstack@neutron-api.service[104469]: DEBUG neutron.api.extensions [None req-ce5c884f-ed6f-4c49-b288-b0331ced63ba None None] Loading extension file: ip_allocation.py {{(pid=104469) _load_all_extensions_from_path /opt/stack/neutron/neutron/api/extensions.py:449}}
Apr 25 16:20:53.927130 np0000170214 devstack@neutron-api.service[104468]: DEBUG neutron.api.extensions [None req-17293e60-b32a-45f6-b949-330aa840084a None None] Ext name="agent" alias="agent" description="The agent management extension." updated="2013-02-03T10:00:00-00:00" {{(pid=104468) _check_extension /opt/stack/neutron/neutron/api/extensions.py:415}}
Apr 25 16:20:53.927231 np0000170214 devstack@neutron-api.service[104469]: DEBUG neutron.api.extensions [None req-ce5c884f-ed6f-4c49-b288-b0331ced63ba None None] Ext name="IP Allocation" alias="ip_allocation" description="IP allocation extension." updated="2016-06-10T23:00:00-00:00" {{(pid=104469) _check_extension /opt/stack/neutron/neutron/api/extensions.py:415}}
Apr 25 16:20:53.927473 np0000170214 devstack@neutron-api.service[104468]: INFO neutron.api.extensions [None req-17293e60-b32a-45f6-b949-330aa840084a None None] Loaded extension: agent
Apr 25 16:20:53.927615 np0000170214 devstack@neutron-api.service[104469]: INFO neutron.api.extensions [None req-ce5c884f-ed6f-4c49-b288-b0331ced63ba None None] Extension ip_allocation not supported by any of loaded plugins
Apr 25 16:20:53.927695 np0000170214 devstack@neutron-api.service[104468]: DEBUG neutron.api.extensions [None req-17293e60-b32a-45f6-b949-330aa840084a None None] Loading extension file: agent_resources_synced.py {{(pid=104468) _load_all_extensions_from_path /opt/stack/neutron/neutron/api/extensions.py:449}}
Apr 25 16:20:53.927762 np0000170214 devstack@neutron-api.service[104469]: DEBUG neutron.api.extensions [None req-ce5c884f-ed6f-4c49-b288-b0331ced63ba None None] Loading extension file: ip_substring_port_filtering.py {{(pid=104469) _load_all_extensions_from_path /opt/stack/neutron/neutron/api/extensions.py:449}}
Apr 25 16:20:53.927844 np0000170214 devstack@neutron-api.service[104468]: DEBUG neutron.api.extensions [None req-17293e60-b32a-45f6-b949-330aa840084a None None] Ext name="Agent's Resource View Synced to Placement" alias="agent-resources-synced" description="Stores success/failure of last sync to Placement" updated="2018-12-19T00:00:00-00:00" {{(pid=104468) _check_extension /opt/stack/neutron/neutron/api/extensions.py:415}}
