Apr 25 16:20:54.065767 np0000170214 devstack@neutron-api.service[104468]: DEBUG neutron_lib.callbacks.manager [None req-17293e60-b32a-45f6-b949-330aa840084a None None] Publish callbacks ['neutron.plugins.ml2.drivers.ovn.mech_driver.mech_driver.OVNMechanismDriver.pre_fork_initialize-821786'] for process (None), before_spawn {{(pid=104468) _notify_loop /opt/stack/data/venv/lib/python3.12/site-packages/neutron_lib/callbacks/manager.py:184}}
Apr 25 16:20:54.066206 np0000170214 devstack@neutron-api.service[104468]: DEBUG oslo_concurrency.processutils [None req-17293e60-b32a-45f6-b949-330aa840084a None None] Running cmd (subprocess): ovsdb-client transact ssl:199.204.45.23:6641 --timeout 180 -p /opt/stack/data/CA/int-ca/private/devstack-cert.key -c /opt/stack/data/CA/int-ca/devstack-cert.crt -C /opt/stack/data/CA/int-ca/ca-chain.pem ["OVN_Northbound", {"op": "wait", "timeout": 0, "table": "Port_Group", "where": [["name", "==", "neutron_pg_drop"]], "until": "==", "rows": []}, {"op": "insert", "table": "ACL", "row": {"action": "drop", "direction": "to-lport", "match": "outport == @neutron_pg_drop && ip", "priority": 1001}, "uuid-name": "droptoport"}, {"op": "insert", "table": "ACL", "row": {"action": "drop", "direction": "from-lport", "match": "inport == @neutron_pg_drop && ip", "priority": 1001}, "uuid-name": "dropfromport"}, {"op": "insert", "table": "Port_Group", "row": {"name": "neutron_pg_drop", "acls": ["set", [["named-uuid", "droptoport"], ["named-uuid", "dropfromport"]]]}}] {{(pid=104468) execute /opt/stack/data/venv/lib/python3.12/site-packages/oslo_concurrency/processutils.py:440}}
Apr 25 16:20:54.066991 np0000170214 devstack@neutron-api.service[104470]: DEBUG neutron.common.ovn.hash_ring_manager [None req-a0ea77cc-a067-47d2-91df-f91366db348f None None] Hash Ring loaded. 1 active nodes. 0 offline nodes {{(pid=104470) _load_hash_ring /opt/stack/neutron/neutron/common/ovn/hash_ring_manager.py:102}}
Apr 25 16:20:54.067169 np0000170214 devstack@neutron-api.service[104467]: DEBUG neutron.api.v2.resource_helper [None req-e11f5968-421c-4394-bdb5-b88d737e1291 None None] Service L3_ROUTER_NAT assigned prefix: {{(pid=104467) build_resource_info /opt/stack/neutron/neutron/api/v2/resource_helper.py:77}}
Apr 25 16:20:54.067223 np0000170214 devstack@neutron-api.service[104470]: DEBUG neutron.plugins.ml2.drivers.ovn.mech_driver.ovsdb.ovsdb_monitor [None req-a0ea77cc-a067-47d2-91df-f91366db348f None None] Hash Ring: Node ae3a912b003f509b975e4964c3f2f552 (host: np0000170214) handling event "create" for row dda15bb0-0897-46ca-9109-3c9c22e95998 (table: Chassis_Private) {{(pid=104470) notify /opt/stack/neutron/neutron/plugins/ml2/drivers/ovn/mech_driver/ovsdb/ovsdb_monitor.py:914}}
Apr 25 16:20:54.067739 np0000170214 devstack@neutron-api.service[104467]: DEBUG neutron.api.v2.resource_helper [None req-e11f5968-421c-4394-bdb5-b88d737e1291 None None] Service FLAVORS assigned prefix: {{(pid=104467) build_resource_info /opt/stack/neutron/neutron/api/v2/resource_helper.py:77}}
Apr 25 16:20:54.069016 np0000170214 devstack@neutron-api.service[104467]: DEBUG neutron.api.v2.resource_helper [None req-e11f5968-421c-4394-bdb5-b88d737e1291 None None] Service L3_ROUTER_NAT assigned prefix: {{(pid=104467) build_resource_info /opt/stack/neutron/neutron/api/v2/resource_helper.py:77}}
Apr 25 16:20:54.069524 np0000170214 devstack@neutron-api.service[104467]: DEBUG neutron.api.v2.resource_helper [None req-e11f5968-421c-4394-bdb5-b88d737e1291 None None] Service L3_ROUTER_NAT assigned prefix: {{(pid=104467) build_resource_info /opt/stack/neutron/neutron/api/v2/resource_helper.py:77}}
Apr 25 16:20:54.069701 np0000170214 devstack@neutron-api.service[104467]: INFO neutron.quota.resource_registry [None req-e11f5968-421c-4394-bdb5-b88d737e1291 None None] Creating instance of TrackedResource for resource:router
Apr 25 16:20:54.069875 np0000170214 devstack@neutron-api.service[104467]: WARNING neutron.quota.resource_registry [None req-e11f5968-421c-4394-bdb5-b88d737e1291 None None] router is already registered
Apr 25 16:20:54.070411 np0000170214 devstack@neutron-api.service[104467]: INFO neutron.quota.resource_registry [None req-e11f5968-421c-4394-bdb5-b88d737e1291 None None] Creating instance of TrackedResource for resource:floatingip
Apr 25 16:20:54.070602 np0000170214 devstack@neutron-api.service[104467]: WARNING neutron.quota.resource_registry [None req-e11f5968-421c-4394-bdb5-b88d737e1291 None None] floatingip is already registered
Apr 25 16:20:54.072018 np0000170214 devstack@neutron-api.service[104467]: INFO neutron.quota.resource_registry [None req-e11f5968-421c-4394-bdb5-b88d737e1291 None None] Creating instance of CountableResource for resource:rbac_policy
Apr 25 16:20:54.072018 np0000170214 devstack@neutron-api.service[104467]: WARNING neutron.quota.resource_registry [None req-e11f5968-421c-4394-bdb5-b88d737e1291 None None] rbac_policy is already registered
Apr 25 16:20:54.073072 np0000170214 devstack@neutron-api.service[104467]: INFO neutron.quota.resource_registry [None req-e11f5968-421c-4394-bdb5-b88d737e1291 None None] Creating instance of TrackedResource for resource:security_group
Apr 25 16:20:54.073272 np0000170214 devstack@neutron-api.service[104467]: WARNING neutron.quota.resource_registry [None req-e11f5968-421c-4394-bdb5-b88d737e1291 None None] security_group is already registered
Apr 25 16:20:54.073683 np0000170214 devstack@neutron-api.service[104467]: INFO neutron.quota.resource_registry [None req-e11f5968-421c-4394-bdb5-b88d737e1291 None None] Creating instance of TrackedResource for resource:security_group_rule
Apr 25 16:20:54.073864 np0000170214 devstack@neutron-api.service[104467]: WARNING neutron.quota.resource_registry [None req-e11f5968-421c-4394-bdb5-b88d737e1291 None None] security_group_rule is already registered
Apr 25 16:20:54.074099 np0000170214 devstack@neutron-api.service[104470]: DEBUG neutron.common.ovn.hash_ring_manager [None req-a0ea77cc-a067-47d2-91df-f91366db348f None None] Hash Ring loaded. 1 active nodes. 0 offline nodes {{(pid=104470) _load_hash_ring /opt/stack/neutron/neutron/common/ovn/hash_ring_manager.py:102}}
Apr 25 16:20:54.074327 np0000170214 devstack@neutron-api.service[104470]: DEBUG neutron.plugins.ml2.drivers.ovn.mech_driver.ovsdb.ovsdb_monitor [None req-a0ea77cc-a067-47d2-91df-f91366db348f None None] Hash Ring: Node ae3a912b003f509b975e4964c3f2f552 (host: np0000170214) handling event "create" for row b9392c01-bb56-4394-ae60-f2a838ab21c7 (table: Encap) {{(pid=104470) notify /opt/stack/neutron/neutron/plugins/ml2/drivers/ovn/mech_driver/ovsdb/ovsdb_monitor.py:914}}
Apr 25 16:20:54.074826 np0000170214 devstack@neutron-api.service[104467]: DEBUG neutron.api.v2.resource_helper [None req-e11f5968-421c-4394-bdb5-b88d737e1291 None None] Service CORE assigned prefix: {{(pid=104467) build_resource_info /opt/stack/neutron/neutron/api/v2/resource_helper.py:77}}
Apr 25 16:20:54.074826 np0000170214 devstack@neutron-api.service[104467]: INFO neutron.quota.resource_registry [None req-e11f5968-421c-4394-bdb5-b88d737e1291 None None] Creating instance of TrackedResource for resource:subnetpool
Apr 25 16:20:54.075164 np0000170214 devstack@neutron-api.service[104467]: WARNING neutron.quota.resource_registry [None req-e11f5968-421c-4394-bdb5-b88d737e1291 None None] subnetpool is already registered
Apr 25 16:20:54.075513 np0000170214 devstack@neutron-api.service[104467]: DEBUG neutron.api.extensions [None req-e11f5968-421c-4394-bdb5-b88d737e1291 None None] Extended resource: extensions {{(pid=104467) __init__ /opt/stack/neutron/neutron/api/extensions.py:156}}
Apr 25 16:20:54.076037 np0000170214 devstack@neutron-api.service[104470]: INFO neutron.plugins.ml2.drivers.ovn.mech_driver.mech_driver [None req-a0ea77cc-a067-47d2-91df-f91366db348f None None] WorkerService process has finished the post initialization
Apr 25 16:20:54.076428 np0000170214 devstack@neutron-api.service[104467]: DEBUG neutron.api.extensions [None req-e11f5968-421c-4394-bdb5-b88d737e1291 None None] Extended resource: address-groups {{(pid=104467) __init__ /opt/stack/neutron/neutron/api/extensions.py:156}}
Apr 25 16:20:54.077049 np0000170214 devstack@neutron-api.service[104467]: DEBUG neutron.api.extensions [None req-e11f5968-421c-4394-bdb5-b88d737e1291 None None] Extended resource: address-scopes {{(pid=104467) __init__ /opt/stack/neutron/neutron/api/extensions.py:156}}
Apr 25 16:20:54.077781 np0000170214 devstack@neutron-api.service[104467]: DEBUG neutron.api.extensions [None req-e11f5968-421c-4394-bdb5-b88d737e1291 None None] Extended resource: agents {{(pid=104467) __init__ /opt/stack/neutron/neutron/api/extensions.py:156}}
Apr 25 16:20:54.077858 np0000170214 devstack@neutron-api.service[104470]: WSGI app 0 (mountpoint='') ready in 18 seconds on interpreter 0x77822b8a3668 pid: 104470 (default app)
Apr 25 16:20:54.078134 np0000170214 devstack@neutron-api.service[104470]: INFO neutron.plugins.ml2.drivers.ovn.mech_driver.ovsdb.extensions.qos [-] Starting OVNClientQosExtension
Apr 25 16:20:54.078225 np0000170214 devstack@neutron-api.service[104467]: DEBUG neutron.api.extensions [None req-e11f5968-421c-4394-bdb5-b88d737e1291 None None] Extended resource: auto-allocated-topology {{(pid=104467) __init__ /opt/stack/neutron/neutron/api/extensions.py:156}}
Apr 25 16:20:54.078287 np0000170214 devstack@neutron-api.service[104470]: INFO neutron.plugins.ml2.drivers.ovn.mech_driver.ovsdb.extensions.placement [-] Starting OVNClientPlacementExtension
Apr 25 16:20:54.078910 np0000170214 devstack@neutron-api.service[104467]: DEBUG neutron.api.extensions [None req-e11f5968-421c-4394-bdb5-b88d737e1291 None None] Extended resource: availability_zones {{(pid=104467) __init__ /opt/stack/neutron/neutron/api/extensions.py:156}}
Apr 25 16:20:54.079423 np0000170214 devstack@neutron-api.service[104467]: DEBUG neutron.api.extensions [None req-e11f5968-421c-4394-bdb5-b88d737e1291 None None] Extended resource: dhcp-networks {{(pid=104467) __init__ /opt/stack/neutron/neutron/api/extensions.py:156}}
Apr 25 16:20:54.080189 np0000170214 devstack@neutron-api.service[104467]: DEBUG neutron.api.extensions [None req-e11f5968-421c-4394-bdb5-b88d737e1291 None None] Extended resource: dhcp-agents {{(pid=104467) __init__ /opt/stack/neutron/neutron/api/extensions.py:156}}
Apr 25 16:20:54.080883 np0000170214 devstack@neutron-api.service[104467]: DEBUG neutron.api.extensions [None req-e11f5968-421c-4394-bdb5-b88d737e1291 None None] Extended resource: routers {{(pid=104467) __init__ /opt/stack/neutron/neutron/api/extensions.py:156}}
Apr 25 16:20:54.082018 np0000170214 devstack@neutron-api.service[104470]: [pid: 104470|app: 0|req: 1/1] 199.204.45.23 () {62 vars in 981 bytes} [Sat Apr 25 16:20:54 2026] GET /networking => generated 129 bytes in 4 msecs (HTTP/1.1 200) 3 headers in 91 bytes (1 switches on core 0)
Apr 25 16:20:54.083071 np0000170214 devstack@neutron-api.service[104467]: DEBUG neutron.api.extensions [None req-e11f5968-421c-4394-bdb5-b88d737e1291 None None] Extended resource: flavors {{(pid=104467) __init__ /opt/stack/neutron/neutron/api/extensions.py:156}}
Apr 25 16:20:54.083561 np0000170214 devstack@neutron-api.service[104467]: DEBUG neutron.api.extensions [None req-e11f5968-421c-4394-bdb5-b88d737e1291 None None] Extended resource: service_profiles {{(pid=104467) __init__ /opt/stack/neutron/neutron/api/extensions.py:156}}
Apr 25 16:20:54.084475 np0000170214 devstack@neutron-api.service[104467]: DEBUG neutron.api.extensions [None req-e11f5968-421c-4394-bdb5-b88d737e1291 None None] Extended resource: next_providers {{(pid=104467) __init__ /opt/stack/neutron/neutron/api/extensions.py:156}}
Apr 25 16:20:54.084625 np0000170214 devstack@neutron-api.service[104469]: DEBUG oslo_concurrency.processutils [None req-ce5c884f-ed6f-4c49-b288-b0331ced63ba None None] CMD "ovsdb-client transact ssl:199.204.45.23:6641 --timeout 180 -p /opt/stack/data/CA/int-ca/private/devstack-cert.key -c /opt/stack/data/CA/int-ca/devstack-cert.crt -C /opt/stack/data/CA/int-ca/ca-chain.pem ["OVN_Northbound", {"op": "wait", "timeout": 0, "table": "Port_Group", "where": [["name", "==", "neutron_pg_drop"]], "until": "==", "rows": []}, {"op": "insert", "table": "ACL", "row": {"action": "drop", "direction": "to-lport", "match": "outport == @neutron_pg_drop && ip", "priority": 1001}, "uuid-name": "droptoport"}, {"op": "insert", "table": "ACL", "row": {"action": "drop", "direction": "from-lport", "match": "inport == @neutron_pg_drop && ip", "priority": 1001}, "uuid-name": "dropfromport"}, {"op": "insert", "table": "Port_Group", "row": {"name": "neutron_pg_drop", "acls": ["set", [["named-uuid", "droptoport"], ["named-uuid", "dropfromport"]]]}}]" returned: 0 in 0.036s {{(pid=104469) execute /opt/stack/data/venv/lib/python3.12/site-packages/oslo_concurrency/processutils.py:468}}
Apr 25 16:20:54.084625 np0000170214 devstack@neutron-api.service[104469]: DEBUG neutron_lib.callbacks.manager [None req-ce5c884f-ed6f-4c49-b288-b0331ced63ba None None] Publish callbacks ['neutron.plugins.ml2.drivers.ovn.mech_driver.mech_driver.OVNMechanismDriver.post_fork_initialize-821986', 'neutron.services.ovn_l3.plugin.OVNL3RouterPlugin._post_fork_initialize-46161'] for process (None), after_init {{(pid=104469) _notify_loop /opt/stack/data/venv/lib/python3.12/site-packages/neutron_lib/callbacks/manager.py:184}}
Apr 25 16:20:54.084881 np0000170214 devstack@neutron-api.service[104467]: DEBUG neutron.api.extensions [None req-e11f5968-421c-4394-bdb5-b88d737e1291 None None] Extended resource: service_profiles {{(pid=104467) __init__ /opt/stack/neutron/neutron/api/extensions.py:156}}
Apr 25 16:20:54.085060 np0000170214 devstack@neutron-api.service[104469]: DEBUG oslo_concurrency.lockutils [None req-ce5c884f-ed6f-4c49-b288-b0331ced63ba None None] Acquiring lock "singleton_lock" {{(pid=104469) lock /opt/stack/data/venv/lib/python3.12/site-packages/oslo_concurrency/lockutils.py:390}}
Apr 25 16:20:54.085117 np0000170214 devstack@neutron-api.service[104469]: DEBUG oslo_concurrency.lockutils [None req-ce5c884f-ed6f-4c49-b288-b0331ced63ba None None] Acquired lock "singleton_lock" {{(pid=104469) lock /opt/stack/data/venv/lib/python3.12/site-packages/oslo_concurrency/lockutils.py:393}}
Apr 25 16:20:54.085404 np0000170214 devstack@neutron-api.service[104467]: DEBUG neutron.api.extensions [None req-e11f5968-421c-4394-bdb5-b88d737e1291 None None] Extended resource: floatingip-pools {{(pid=104467) __init__ /opt/stack/neutron/neutron/api/extensions.py:156}}
Apr 25 16:20:54.085480 np0000170214 devstack@neutron-api.service[104469]: DEBUG oslo_concurrency.lockutils [None req-ce5c884f-ed6f-4c49-b288-b0331ced63ba None None] Releasing lock "singleton_lock" {{(pid=104469) lock /opt/stack/data/venv/lib/python3.12/site-packages/oslo_concurrency/lockutils.py:413}}
Apr 25 16:20:54.087689 np0000170214 devstack@neutron-api.service[104467]: DEBUG neutron.api.extensions [None req-e11f5968-421c-4394-bdb5-b88d737e1291 None None] Extended resource: routers {{(pid=104467) __init__ /opt/stack/neutron/neutron/api/extensions.py:156}}
Apr 25 16:20:54.087801 np0000170214 devstack@neutron-api.service[104469]: DEBUG neutron.plugins.ml2.drivers.ovn.mech_driver.mech_driver [None req-ce5c884f-ed6f-4c49-b288-b0331ced63ba None None] Hash Ring setup using WSGI start time 2026-04-25 16:20:36+00:00 {{(pid=104469) _init_hash_ring /opt/stack/neutron/neutron/plugins/ml2/drivers/ovn/mech_driver/mech_driver.py:402}}
Apr 25 16:20:54.088687 np0000170214 devstack@neutron-api.service[104467]: DEBUG neutron.api.extensions [None req-e11f5968-421c-4394-bdb5-b88d737e1291 None None] Extended resource: floatingips {{(pid=104467) __init__ /opt/stack/neutron/neutron/api/extensions.py:156}}
Apr 25 16:20:54.089190 np0000170214 devstack@neutron-api.service[104467]: DEBUG neutron.api.extensions [None req-e11f5968-421c-4394-bdb5-b88d737e1291 None None] Extended resource: network-ip-availabilities {{(pid=104467) __init__ /opt/stack/neutron/neutron/api/extensions.py:156}}
Apr 25 16:20:54.089761 np0000170214 devstack@neutron-api.service[104467]: DEBUG neutron.api.extensions [None req-e11f5968-421c-4394-bdb5-b88d737e1291 None None] Extended resource: network-ip-availabilities {{(pid=104467) __init__ /opt/stack/neutron/neutron/api/extensions.py:156}}
Apr 25 16:20:54.090291 np0000170214 devstack@neutron-api.service[104467]: DEBUG neutron.api.extensions [None req-e11f5968-421c-4394-bdb5-b88d737e1291 None None] Extended resource: bindings {{(pid=104467) __init__ /opt/stack/neutron/neutron/api/extensions.py:156}}
Apr 25 16:20:54.091032 np0000170214 devstack@neutron-api.service[104467]: DEBUG neutron.api.extensions [None req-e11f5968-421c-4394-bdb5-b88d737e1291 None None] Extended resource: quotas {{(pid=104467) __init__ /opt/stack/neutron/neutron/api/extensions.py:156}}
Apr 25 16:20:54.091753 np0000170214 devstack@neutron-api.service[104467]: DEBUG neutron.api.extensions [None req-e11f5968-421c-4394-bdb5-b88d737e1291 None None] Extended resource: quotas {{(pid=104467) __init__ /opt/stack/neutron/neutron/api/extensions.py:156}}
Apr 25 16:20:54.092532 np0000170214 devstack@neutron-api.service[104467]: DEBUG neutron.api.extensions [None req-e11f5968-421c-4394-bdb5-b88d737e1291 None None] Extended resource: rbac-policies {{(pid=104467) __init__ /opt/stack/neutron/neutron/api/extensions.py:156}}
Apr 25 16:20:54.093032 np0000170214 devstack@neutron-api.service[104467]: DEBUG neutron.api.extensions [None req-e11f5968-421c-4394-bdb5-b88d737e1291 None None] Extended resource: default-security-group-rules {{(pid=104467) __init__ /opt/stack/neutron/neutron/api/extensions.py:156}}
Apr 25 16:20:54.093620 np0000170214 devstack@neutron-api.service[104467]: DEBUG neutron.api.extensions [None req-e11f5968-421c-4394-bdb5-b88d737e1291 None None] Extended resource: security-groups {{(pid=104467) __init__ /opt/stack/neutron/neutron/api/extensions.py:156}}
Apr 25 16:20:54.094119 np0000170214 devstack@neutron-api.service[104467]: DEBUG neutron.api.extensions [None req-e11f5968-421c-4394-bdb5-b88d737e1291 None None] Extended resource: security-group-rules {{(pid=104467) __init__ /opt/stack/neutron/neutron/api/extensions.py:156}}
Apr 25 16:20:54.094721 np0000170214 devstack@neutron-api.service[104467]: DEBUG neutron.api.extensions [None req-e11f5968-421c-4394-bdb5-b88d737e1291 None None] Extended resource: service-providers {{(pid=104467) __init__ /opt/stack/neutron/neutron/api/extensions.py:156}}
Apr 25 16:20:54.095358 np0000170214 devstack@neutron-api.service[104467]: DEBUG neutron.api.extensions [None req-e11f5968-421c-4394-bdb5-b88d737e1291 None None] Extended resource: subnetpools {{(pid=104467) __init__ /opt/stack/neutron/neutron/api/extensions.py:156}}
Apr 25 16:20:54.096005 np0000170214 devstack@neutron-api.service[104467]: DEBUG neutron.api.extensions [None req-e11f5968-421c-4394-bdb5-b88d737e1291 None None] Extended resource: tags {{(pid=104467) __init__ /opt/stack/neutron/neutron/api/extensions.py:156}}
Apr 25 16:20:54.096814 np0000170214 devstack@neutron-api.service[104467]: DEBUG neutron.api.extensions [None req-e11f5968-421c-4394-bdb5-b88d737e1291 None None] Extended resource: tags {{(pid=104467) __init__ /opt/stack/neutron/neutron/api/extensions.py:156}}
Apr 25 16:20:54.097616 np0000170214 devstack@neutron-api.service[104467]: DEBUG neutron.api.extensions [None req-e11f5968-421c-4394-bdb5-b88d737e1291 None None] Extended resource: tags {{(pid=104467) __init__ /opt/stack/neutron/neutron/api/extensions.py:156}}
Apr 25 16:20:54.097922 np0000170214 devstack@neutron-api.service[104469]: INFO neutron.db.ovn_hash_ring_db [None req-ce5c884f-ed6f-4c49-b288-b0331ced63ba None None] Nodes from host "np0000170214" and group "mechanism_driver" removed from the Hash Ring created at 2026-04-25 16:20:36+00:00
Apr 25 16:20:54.098520 np0000170214 devstack@neutron-api.service[104467]: DEBUG neutron.api.extensions [None req-e11f5968-421c-4394-bdb5-b88d737e1291 None None] Extended resource: tags {{(pid=104467) __init__ /opt/stack/neutron/neutron/api/extensions.py:156}}
Apr 25 16:20:54.099199 np0000170214 devstack@neutron-api.service[104467]: DEBUG neutron.api.extensions [None req-e11f5968-421c-4394-bdb5-b88d737e1291 None None] Extended resource: tags {{(pid=104467) __init__ /opt/stack/neutron/neutron/api/extensions.py:156}}
Apr 25 16:20:54.100158 np0000170214 devstack@neutron-api.service[104467]: DEBUG neutron.api.extensions [None req-e11f5968-421c-4394-bdb5-b88d737e1291 None None] Extended resource: tags {{(pid=104467) __init__ /opt/stack/neutron/neutron/api/extensions.py:156}}
Apr 25 16:20:54.100945 np0000170214 devstack@neutron-api.service[104467]: DEBUG neutron.api.extensions [None req-e11f5968-421c-4394-bdb5-b88d737e1291 None None] Extended resource: tags {{(pid=104467) __init__ /opt/stack/neutron/neutron/api/extensions.py:156}}
Apr 25 16:20:54.102759 np0000170214 devstack@neutron-api.service[104469]: INFO neutron.db.ovn_hash_ring_db [None req-ce5c884f-ed6f-4c49-b288-b0331ced63ba None None] Node 2ab6679bfe0952c994f43ac7f83b4ca3 from host "np0000170214" and group "mechanism_driver" added to the Hash Ring
Apr 25 16:20:54.103264 np0000170214 devstack@neutron-api.service[104467]: DEBUG neutron.api.extensions [None req-e11f5968-421c-4394-bdb5-b88d737e1291 None None] Extended resource: tags {{(pid=104467) __init__ /opt/stack/neutron/neutron/api/extensions.py:156}}
Apr 25 16:20:54.104079 np0000170214 devstack@neutron-api.service[104467]: DEBUG neutron.api.extensions [None req-e11f5968-421c-4394-bdb5-b88d737e1291 None None] Extended resource: tags {{(pid=104467) __init__ /opt/stack/neutron/neutron/api/extensions.py:156}}
Apr 25 16:20:54.105023 np0000170214 devstack@neutron-api.service[104467]: DEBUG neutron.api.extensions [None req-e11f5968-421c-4394-bdb5-b88d737e1291 None None] Extended resource: tags {{(pid=104467) __init__ /opt/stack/neutron/neutron/api/extensions.py:156}}
Apr 25 16:20:54.107763 np0000170214 devstack@neutron-api.service[104468]: DEBUG oslo_concurrency.processutils [None req-17293e60-b32a-45f6-b949-330aa840084a None None] CMD "ovsdb-client transact ssl:199.204.45.23:6641 --timeout 180 -p /opt/stack/data/CA/int-ca/private/devstack-cert.key -c /opt/stack/data/CA/int-ca/devstack-cert.crt -C /opt/stack/data/CA/int-ca/ca-chain.pem ["OVN_Northbound", {"op": "wait", "timeout": 0, "table": "Port_Group", "where": [["name", "==", "neutron_pg_drop"]], "until": "==", "rows": []}, {"op": "insert", "table": "ACL", "row": {"action": "drop", "direction": "to-lport", "match": "outport == @neutron_pg_drop && ip", "priority": 1001}, "uuid-name": "droptoport"}, {"op": "insert", "table": "ACL", "row": {"action": "drop", "direction": "from-lport", "match": "inport == @neutron_pg_drop && ip", "priority": 1001}, "uuid-name": "dropfromport"}, {"op": "insert", "table": "Port_Group", "row": {"name": "neutron_pg_drop", "acls": ["set", [["named-uuid", "droptoport"], ["named-uuid", "dropfromport"]]]}}]" returned: 0 in 0.041s {{(pid=104468) execute /opt/stack/data/venv/lib/python3.12/site-packages/oslo_concurrency/processutils.py:468}}
Apr 25 16:20:54.108356 np0000170214 devstack@neutron-api.service[104468]: DEBUG neutron_lib.callbacks.manager [None req-17293e60-b32a-45f6-b949-330aa840084a None None] Publish callbacks ['neutron.plugins.ml2.drivers.ovn.mech_driver.mech_driver.OVNMechanismDriver.post_fork_initialize-821986', 'neutron.services.ovn_l3.plugin.OVNL3RouterPlugin._post_fork_initialize-46161'] for process (None), after_init {{(pid=104468) _notify_loop /opt/stack/data/venv/lib/python3.12/site-packages/neutron_lib/callbacks/manager.py:184}}
Apr 25 16:20:54.108616 np0000170214 devstack@neutron-api.service[104467]: WARNING keystonemiddleware.auth_token [None req-e11f5968-421c-4394-bdb5-b88d737e1291 None None] AuthToken middleware is set with keystone_authtoken.service_token_roles_required set to False. This is backwards compatible but deprecated behaviour. Please set this to True.
Apr 25 16:20:54.108954 np0000170214 devstack@neutron-api.service[104468]: DEBUG oslo_concurrency.lockutils [None req-17293e60-b32a-45f6-b949-330aa840084a None None] Acquiring lock "singleton_lock" {{(pid=104468) lock /opt/stack/data/venv/lib/python3.12/site-packages/oslo_concurrency/lockutils.py:390}}
Apr 25 16:20:54.109117 np0000170214 devstack@neutron-api.service[104468]: DEBUG oslo_concurrency.lockutils [None req-17293e60-b32a-45f6-b949-330aa840084a None None] Acquired lock "singleton_lock" {{(pid=104468) lock /opt/stack/data/venv/lib/python3.12/site-packages/oslo_concurrency/lockutils.py:393}}
Apr 25 16:20:54.109489 np0000170214 devstack@neutron-api.service[104469]: DEBUG neutron.plugins.ml2.drivers.ovn.mech_driver.mech_driver [None req-ce5c884f-ed6f-4c49-b288-b0331ced63ba None None] Hash Ring setup, this worker has detected 2 OVN hash ring registers in the database {{(pid=104469) _init_hash_ring /opt/stack/neutron/neutron/plugins/ml2/drivers/ovn/mech_driver/mech_driver.py:412}}
Apr 25 16:20:54.109709 np0000170214 devstack@neutron-api.service[104468]: DEBUG oslo_concurrency.lockutils [None req-17293e60-b32a-45f6-b949-330aa840084a None None] Releasing lock "singleton_lock" {{(pid=104468) lock /opt/stack/data/venv/lib/python3.12/site-packages/oslo_concurrency/lockutils.py:413}}
Apr 25 16:20:54.113473 np0000170214 devstack@neutron-api.service[104468]: DEBUG neutron.plugins.ml2.drivers.ovn.mech_driver.mech_driver [None req-17293e60-b32a-45f6-b949-330aa840084a None None] Hash Ring setup using WSGI start time 2026-04-25 16:20:36+00:00 {{(pid=104468) _init_hash_ring /opt/stack/neutron/neutron/plugins/ml2/drivers/ovn/mech_driver/mech_driver.py:402}}
Apr 25 16:20:54.116347 np0000170214 devstack@neutron-api.service[104467]: DEBUG neutron_lib.callbacks.manager [None req-e11f5968-421c-4394-bdb5-b88d737e1291 None None] Publish callbacks ['neutron.plugins.ml2.drivers.ovn.mech_driver.mech_driver.OVNMechanismDriver.pre_fork_initialize-1000555'] for process (None), before_spawn {{(pid=104467) _notify_loop /opt/stack/data/venv/lib/python3.12/site-packages/neutron_lib/callbacks/manager.py:184}}
Apr 25 16:20:54.116845 np0000170214 devstack@neutron-api.service[104467]: DEBUG oslo_concurrency.processutils [None req-e11f5968-421c-4394-bdb5-b88d737e1291 None None] Running cmd (subprocess): ovsdb-client transact ssl:199.204.45.23:6641 --timeout 180 -p /opt/stack/data/CA/int-ca/private/devstack-cert.key -c /opt/stack/data/CA/int-ca/devstack-cert.crt -C /opt/stack/data/CA/int-ca/ca-chain.pem ["OVN_Northbound", {"op": "wait", "timeout": 0, "table": "Port_Group", "where": [["name", "==", "neutron_pg_drop"]], "until": "==", "rows": []}, {"op": "insert", "table": "ACL", "row": {"action": "drop", "direction": "to-lport", "match": "outport == @neutron_pg_drop && ip", "priority": 1001}, "uuid-name": "droptoport"}, {"op": "insert", "table": "ACL", "row": {"action": "drop", "direction": "from-lport", "match": "inport == @neutron_pg_drop && ip", "priority": 1001}, "uuid-name": "dropfromport"}, {"op": "insert", "table": "Port_Group", "row": {"name": "neutron_pg_drop", "acls": ["set", [["named-uuid", "droptoport"], ["named-uuid", "dropfromport"]]]}}] {{(pid=104467) execute /opt/stack/data/venv/lib/python3.12/site-packages/oslo_concurrency/processutils.py:440}}
Apr 25 16:20:54.150955 np0000170214 devstack@neutron-api.service[104467]: DEBUG oslo_concurrency.processutils [None req-e11f5968-421c-4394-bdb5-b88d737e1291 None None] CMD "ovsdb-client transact ssl:199.204.45.23:6641 --timeout 180 -p /opt/stack/data/CA/int-ca/private/devstack-cert.key -c /opt/stack/data/CA/int-ca/devstack-cert.crt -C /opt/stack/data/CA/int-ca/ca-chain.pem ["OVN_Northbound", {"op": "wait", "timeout": 0, "table": "Port_Group", "where": [["name", "==", "neutron_pg_drop"]], "until": "==", "rows": []}, {"op": "insert", "table": "ACL", "row": {"action": "drop", "direction": "to-lport", "match": "outport == @neutron_pg_drop && ip", "priority": 1001}, "uuid-name": "droptoport"}, {"op": "insert", "table": "ACL", "row": {"action": "drop", "direction": "from-lport", "match": "inport == @neutron_pg_drop && ip", "priority": 1001}, "uuid-name": "dropfromport"}, {"op": "insert", "table": "Port_Group", "row": {"name": "neutron_pg_drop", "acls": ["set", [["named-uuid", "droptoport"], ["named-uuid", "dropfromport"]]]}}]" returned: 0 in 0.034s {{(pid=104467) execute /opt/stack/data/venv/lib/python3.12/site-packages/oslo_concurrency/processutils.py:468}}
Apr 25 16:20:54.151465 np0000170214 devstack@neutron-api.service[104467]: DEBUG neutron_lib.callbacks.manager [None req-e11f5968-421c-4394-bdb5-b88d737e1291 None None] Publish callbacks ['neutron.plugins.ml2.drivers.ovn.mech_driver.mech_driver.OVNMechanismDriver.post_fork_initialize-1000579', 'neutron.services.ovn_l3.plugin.OVNL3RouterPlugin._post_fork_initialize-364801'] for process (None), after_init {{(pid=104467) _notify_loop /opt/stack/data/venv/lib/python3.12/site-packages/neutron_lib/callbacks/manager.py:184}}
Apr 25 16:20:54.151949 np0000170214 devstack@neutron-api.service[104467]: DEBUG oslo_concurrency.lockutils [None req-e11f5968-421c-4394-bdb5-b88d737e1291 None None] Acquiring lock "singleton_lock" {{(pid=104467) lock /opt/stack/data/venv/lib/python3.12/site-packages/oslo_concurrency/lockutils.py:390}}
Apr 25 16:20:54.152088 np0000170214 devstack@neutron-api.service[104467]: DEBUG oslo_concurrency.lockutils [None req-e11f5968-421c-4394-bdb5-b88d737e1291 None None] Acquired lock "singleton_lock" {{(pid=104467) lock /opt/stack/data/venv/lib/python3.12/site-packages/oslo_concurrency/lockutils.py:393}}
Apr 25 16:20:54.152422 np0000170214 devstack@neutron-api.service[104467]: DEBUG oslo_concurrency.lockutils [None req-e11f5968-421c-4394-bdb5-b88d737e1291 None None] Releasing lock "singleton_lock" {{(pid=104467) lock /opt/stack/data/venv/lib/python3.12/site-packages/oslo_concurrency/lockutils.py:413}}
Apr 25 16:20:54.155822 np0000170214 devstack@neutron-api.service[104467]: DEBUG neutron.plugins.ml2.drivers.ovn.mech_driver.mech_driver [None req-e11f5968-421c-4394-bdb5-b88d737e1291 None None] Hash Ring setup using WSGI start time 2026-04-25 16:20:36+00:00 {{(pid=104467) _init_hash_ring /opt/stack/neutron/neutron/plugins/ml2/drivers/ovn/mech_driver/mech_driver.py:402}}
Apr 25 16:20:54.368883 np0000170214 devstack@neutron-api.service[104470]: DEBUG neutron.common.ovn.hash_ring_manager [-] Hash Ring loaded. 1 active nodes. 0 offline nodes {{(pid=104470) _load_hash_ring /opt/stack/neutron/neutron/common/ovn/hash_ring_manager.py:102}}
Apr 25 16:20:54.369065 np0000170214 devstack@neutron-api.service[104470]: DEBUG neutron.plugins.ml2.drivers.ovn.mech_driver.ovsdb.ovsdb_monitor [-] Hash Ring: Node ae3a912b003f509b975e4964c3f2f552 (host: np0000170214) handling event "update" for row deb717db-2da1-4b5d-85cb-5f734e314944 (table: Connection) {{(pid=104470) notify /opt/stack/neutron/neutron/plugins/ml2/drivers/ovn/mech_driver/ovsdb/ovsdb_monitor.py:914}}
Apr 25 16:20:54.687524 np0000170214 devstack@neutron-api.service[104468]: INFO neutron.db.ovn_hash_ring_db [None req-17293e60-b32a-45f6-b949-330aa840084a None None] Nodes from host "np0000170214" and group "mechanism_driver" removed from the Hash Ring created at 2026-04-25 16:20:36+00:00
Apr 25 16:20:54.688548 np0000170214 devstack@neutron-api.service[104469]: DEBUG neutron.plugins.ml2.drivers.ovn.mech_driver.ovsdb.maintenance [None req-ce5c884f-ed6f-4c49-b288-b0331ced63ba None None] Periodic task found: HashRingHealthCheckPeriodics.touch_hash_ring_node {{(pid=104469) add_periodics /opt/stack/neutron/neutron/plugins/ml2/drivers/ovn/mech_driver/ovsdb/maintenance.py:148}}
Apr 25 16:20:54.689478 np0000170214 devstack@neutron-api.service[104469]: INFO neutron.plugins.ml2.drivers.ovn.mech_driver.mech_driver [None req-ce5c884f-ed6f-4c49-b288-b0331ced63ba None None] Hash Ring probing thread for node 2ab6679bfe0952c994f43ac7f83b4ca3 has started
Apr 25 16:20:54.690337 np0000170214 devstack@neutron-api.service[104469]: INFO neutron.plugins.ml2.drivers.ovn.mech_driver.ovsdb.impl_idl_ovn [None req-ce5c884f-ed6f-4c49-b288-b0331ced63ba None None] Getting OvsdbNbOvnIdl for WorkerService with retry
Apr 25 16:20:54.691739 np0000170214 devstack@neutron-api.service[104468]: INFO neutron.db.ovn_hash_ring_db [None req-17293e60-b32a-45f6-b949-330aa840084a None None] Node 74748bb7b7bc5a50937f6e403df438bc from host "np0000170214" and group "mechanism_driver" added to the Hash Ring
Apr 25 16:20:54.696556 np0000170214 devstack@neutron-api.service[104468]: DEBUG neutron.plugins.ml2.drivers.ovn.mech_driver.mech_driver [None req-17293e60-b32a-45f6-b949-330aa840084a None None] Hash Ring setup, this worker has detected 3 OVN hash ring registers in the database {{(pid=104468) _init_hash_ring /opt/stack/neutron/neutron/plugins/ml2/drivers/ovn/mech_driver/mech_driver.py:412}}
Apr 25 16:20:54.745278 np0000170214 devstack@neutron-api.service[104469]: DEBUG ovsdbapp.backend.ovs_idl [None req-ce5c884f-ed6f-4c49-b288-b0331ced63ba None None] Created lookup_table index Logical_Switch.name {{(pid=104469) autocreate_indices /opt/stack/data/venv/lib/python3.12/site-packages/ovsdbapp/backend/ovs_idl/__init__.py:87}}
Apr 25 16:20:54.745435 np0000170214 devstack@neutron-api.service[104469]: DEBUG ovsdbapp.backend.ovs_idl [None req-ce5c884f-ed6f-4c49-b288-b0331ced63ba None None] Created lookup_table index Logical_Router.name {{(pid=104469) autocreate_indices /opt/stack/data/venv/lib/python3.12/site-packages/ovsdbapp/backend/ovs_idl/__init__.py:87}}
Apr 25 16:20:54.745657 np0000170214 devstack@neutron-api.service[104469]: DEBUG ovsdbapp.backend.ovs_idl [None req-ce5c884f-ed6f-4c49-b288-b0331ced63ba None None] Created lookup_table index Load_Balancer.name {{(pid=104469) autocreate_indices /opt/stack/data/venv/lib/python3.12/site-packages/ovsdbapp/backend/ovs_idl/__init__.py:87}}
Apr 25 16:20:54.745895 np0000170214 devstack@neutron-api.service[104469]: DEBUG ovsdbapp.backend.ovs_idl [None req-ce5c884f-ed6f-4c49-b288-b0331ced63ba None None] Created schema index Copp.name {{(pid=104469) autocreate_indices /opt/stack/data/venv/lib/python3.12/site-packages/ovsdbapp/backend/ovs_idl/__init__.py:106}}
Apr 25 16:20:54.746025 np0000170214 devstack@neutron-api.service[104469]: DEBUG ovsdbapp.backend.ovs_idl [None req-ce5c884f-ed6f-4c49-b288-b0331ced63ba None None] Created schema index Meter.name {{(pid=104469) autocreate_indices /opt/stack/data/venv/lib/python3.12/site-packages/ovsdbapp/backend/ovs_idl/__init__.py:106}}
Apr 25 16:20:54.746188 np0000170214 devstack@neutron-api.service[104469]: DEBUG ovsdbapp.backend.ovs_idl [None req-ce5c884f-ed6f-4c49-b288-b0331ced63ba None None] Created schema index Load_Balancer_Group.name {{(pid=104469) autocreate_indices /opt/stack/data/venv/lib/python3.12/site-packages/ovsdbapp/backend/ovs_idl/__init__.py:106}}
Apr 25 16:20:54.746318 np0000170214 devstack@neutron-api.service[104469]: DEBUG ovsdbapp.backend.ovs_idl [None req-ce5c884f-ed6f-4c49-b288-b0331ced63ba None None] Created schema index HA_Chassis_Group.name {{(pid=104469) autocreate_indices /opt/stack/data/venv/lib/python3.12/site-packages/ovsdbapp/backend/ovs_idl/__init__.py:106}}
Apr 25 16:20:54.746423 np0000170214 devstack@neutron-api.service[104469]: DEBUG ovsdbapp.backend.ovs_idl [None req-ce5c884f-ed6f-4c49-b288-b0331ced63ba None None] Created schema index Address_Set.name {{(pid=104469) autocreate_indices /opt/stack/data/venv/lib/python3.12/site-packages/ovsdbapp/backend/ovs_idl/__init__.py:106}}
Apr 25 16:20:54.746566 np0000170214 devstack@neutron-api.service[104469]: DEBUG ovsdbapp.backend.ovs_idl [None req-ce5c884f-ed6f-4c49-b288-b0331ced63ba None None] Created schema index Connection.target {{(pid=104469) autocreate_indices /opt/stack/data/venv/lib/python3.12/site-packages/ovsdbapp/backend/ovs_idl/__init__.py:106}}
Apr 25 16:20:54.746716 np0000170214 devstack@neutron-api.service[104469]: DEBUG ovsdbapp.backend.ovs_idl [None req-ce5c884f-ed6f-4c49-b288-b0331ced63ba None None] Created schema index Gateway_Chassis.name {{(pid=104469) autocreate_indices /opt/stack/data/venv/lib/python3.12/site-packages/ovsdbapp/backend/ovs_idl/__init__.py:106}}
Apr 25 16:20:54.746835 np0000170214 devstack@neutron-api.service[104469]: DEBUG ovsdbapp.backend.ovs_idl [None req-ce5c884f-ed6f-4c49-b288-b0331ced63ba None None] Created schema index Mirror.name {{(pid=104469) autocreate_indices /opt/stack/data/venv/lib/python3.12/site-packages/ovsdbapp/backend/ovs_idl/__init__.py:106}}
Apr 25 16:20:54.747277 np0000170214 devstack@neutron-api.service[104469]: DEBUG ovsdbapp.backend.ovs_idl [None req-ce5c884f-ed6f-4c49-b288-b0331ced63ba None None] Created schema index Chassis_Template_Var.chassis {{(pid=104469) autocreate_indices /opt/stack/data/venv/lib/python3.12/site-packages/ovsdbapp/backend/ovs_idl/__init__.py:106}}
Apr 25 16:20:54.747402 np0000170214 devstack@neutron-api.service[104469]: DEBUG ovsdbapp.backend.ovs_idl [None req-ce5c884f-ed6f-4c49-b288-b0331ced63ba None None] Created schema index Logical_Router_Port.name {{(pid=104469) autocreate_indices /opt/stack/data/venv/lib/python3.12/site-packages/ovsdbapp/backend/ovs_idl/__init__.py:106}}
Apr 25 16:20:54.747573 np0000170214 devstack@neutron-api.service[104469]: DEBUG ovsdbapp.backend.ovs_idl [None req-ce5c884f-ed6f-4c49-b288-b0331ced63ba None None] Created schema index Port_Group.name {{(pid=104469) autocreate_indices /opt/stack/data/venv/lib/python3.12/site-packages/ovsdbapp/backend/ovs_idl/__init__.py:106}}
Apr 25 16:20:54.747693 np0000170214 devstack@neutron-api.service[104469]: DEBUG ovsdbapp.backend.ovs_idl [None req-ce5c884f-ed6f-4c49-b288-b0331ced63ba None None] Created schema index Logical_Switch_Port.name {{(pid=104469) autocreate_indices /opt/stack/data/venv/lib/python3.12/site-packages/ovsdbapp/backend/ovs_idl/__init__.py:106}}
Apr 25 16:20:54.750950 np0000170214 devstack@neutron-api.service[104469]: INFO ovsdbapp.backend.ovs_idl.vlog [None req-ce5c884f-ed6f-4c49-b288-b0331ced63ba None None] ssl:199.204.45.23:6641: connecting...
Apr 25 16:20:54.757015 np0000170214 devstack@neutron-api.service[104469]: INFO ovsdbapp.backend.ovs_idl.vlog [None req-ce5c884f-ed6f-4c49-b288-b0331ced63ba None None] ssl:199.204.45.23:6641: connected
Apr 25 16:20:54.792190 np0000170214 devstack@neutron-api.service[104469]: DEBUG neutron.common.ovn.hash_ring_manager [None req-ce5c884f-ed6f-4c49-b288-b0331ced63ba None None] Disallow caching, nodes 2<4 {{(pid=104469) _wait_startup_before_caching /opt/stack/neutron/neutron/common/ovn/hash_ring_manager.py:72}}
Apr 25 16:20:54.798865 np0000170214 devstack@neutron-api.service[104469]: DEBUG neutron.common.ovn.hash_ring_manager [None req-ce5c884f-ed6f-4c49-b288-b0331ced63ba None None] Hash Ring loaded. 2 active nodes. 0 offline nodes {{(pid=104469) _load_hash_ring /opt/stack/neutron/neutron/common/ovn/hash_ring_manager.py:102}}
Apr 25 16:20:54.799185 np0000170214 devstack@neutron-api.service[104469]: DEBUG neutron.plugins.ml2.drivers.ovn.mech_driver.ovsdb.ovsdb_monitor [None req-ce5c884f-ed6f-4c49-b288-b0331ced63ba None None] Hash Ring: Node 2ab6679bfe0952c994f43ac7f83b4ca3 (host: np0000170214) handling event "create" for row 70e58f20-7256-4c7d-ab86-a88ac962a7b3 (table: ACL) {{(pid=104469) notify /opt/stack/neutron/neutron/plugins/ml2/drivers/ovn/mech_driver/ovsdb/ovsdb_monitor.py:914}}
Apr 25 16:20:54.807683 np0000170214 devstack@neutron-api.service[104469]: DEBUG neutron.common.ovn.hash_ring_manager [None req-ce5c884f-ed6f-4c49-b288-b0331ced63ba None None] Hash Ring loaded. 2 active nodes. 0 offline nodes {{(pid=104469) _load_hash_ring /opt/stack/neutron/neutron/common/ovn/hash_ring_manager.py:102}}
Apr 25 16:20:54.807920 np0000170214 devstack@neutron-api.service[104469]: DEBUG neutron.plugins.ml2.drivers.ovn.mech_driver.ovsdb.ovsdb_monitor [None req-ce5c884f-ed6f-4c49-b288-b0331ced63ba None None] Hash Ring: Node 2ab6679bfe0952c994f43ac7f83b4ca3 (host: np0000170214) handling event "create" for row bc2bb357-2174-424a-ac57-0a2e443743b5 (table: ACL) {{(pid=104469) notify /opt/stack/neutron/neutron/plugins/ml2/drivers/ovn/mech_driver/ovsdb/ovsdb_monitor.py:914}}
Apr 25 16:20:54.814399 np0000170214 devstack@neutron-api.service[104469]: DEBUG neutron.common.ovn.hash_ring_manager [None req-ce5c884f-ed6f-4c49-b288-b0331ced63ba None None] Hash Ring loaded. 2 active nodes. 0 offline nodes {{(pid=104469) _load_hash_ring /opt/stack/neutron/neutron/common/ovn/hash_ring_manager.py:102}}
Apr 25 16:20:54.823394 np0000170214 devstack@neutron-api.service[104469]: DEBUG neutron.common.ovn.hash_ring_manager [None req-ce5c884f-ed6f-4c49-b288-b0331ced63ba None None] Hash Ring loaded. 2 active nodes. 0 offline nodes {{(pid=104469) _load_hash_ring /opt/stack/neutron/neutron/common/ovn/hash_ring_manager.py:102}}
Apr 25 16:20:54.830889 np0000170214 devstack@neutron-api.service[104469]: DEBUG neutron.common.ovn.hash_ring_manager [None req-ce5c884f-ed6f-4c49-b288-b0331ced63ba None None] Hash Ring loaded. 2 active nodes. 0 offline nodes {{(pid=104469) _load_hash_ring /opt/stack/neutron/neutron/common/ovn/hash_ring_manager.py:102}}
Apr 25 16:20:54.836629 np0000170214 devstack@neutron-api.service[104469]: DEBUG neutron.common.ovn.hash_ring_manager [None req-ce5c884f-ed6f-4c49-b288-b0331ced63ba None None] Hash Ring loaded. 2 active nodes. 0 offline nodes {{(pid=104469) _load_hash_ring /opt/stack/neutron/neutron/common/ovn/hash_ring_manager.py:102}}
Apr 25 16:20:54.838034 np0000170214 devstack@neutron-api.service[104469]: INFO neutron.plugins.ml2.drivers.ovn.mech_driver.ovsdb.impl_idl_ovn [None req-ce5c884f-ed6f-4c49-b288-b0331ced63ba None None] Getting OvsdbSbOvnIdl for WorkerService with retry
Apr 25 16:20:54.875071 np0000170214 devstack@neutron-api.service[104469]: DEBUG ovsdbapp.backend.ovs_idl [None req-ce5c884f-ed6f-4c49-b288-b0331ced63ba None None] Created lookup_table index Chassis.name {{(pid=104469) autocreate_indices /opt/stack/data/venv/lib/python3.12/site-packages/ovsdbapp/backend/ovs_idl/__init__.py:87}}
Apr 25 16:20:54.875203 np0000170214 devstack@neutron-api.service[104469]: DEBUG ovsdbapp.backend.ovs_idl [None req-ce5c884f-ed6f-4c49-b288-b0331ced63ba None None] Created lookup_table index Port_Binding.logical_port {{(pid=104469) autocreate_indices /opt/stack/data/venv/lib/python3.12/site-packages/ovsdbapp/backend/ovs_idl/__init__.py:87}}
Apr 25 16:20:54.875287 np0000170214 devstack@neutron-api.service[104469]: DEBUG ovsdbapp.backend.ovs_idl [None req-ce5c884f-ed6f-4c49-b288-b0331ced63ba None None] Created schema index Chassis_Private.name {{(pid=104469) autocreate_indices /opt/stack/data/venv/lib/python3.12/site-packages/ovsdbapp/backend/ovs_idl/__init__.py:106}}
Apr 25 16:20:54.875363 np0000170214 devstack@neutron-api.service[104469]: DEBUG ovsdbapp.backend.ovs_idl [None req-ce5c884f-ed6f-4c49-b288-b0331ced63ba None None] Created schema index Datapath_Binding.tunnel_key {{(pid=104469) autocreate_indices /opt/stack/data/venv/lib/python3.12/site-packages/ovsdbapp/backend/ovs_idl/__init__.py:106}}
Apr 25 16:20:54.877580 np0000170214 devstack@neutron-api.service[104469]: INFO ovsdbapp.backend.ovs_idl.vlog [None req-ce5c884f-ed6f-4c49-b288-b0331ced63ba None None] ssl:199.204.45.23:6642: connecting...
Apr 25 16:20:54.882655 np0000170214 devstack@neutron-api.service[104469]: INFO ovsdbapp.backend.ovs_idl.vlog [None req-ce5c884f-ed6f-4c49-b288-b0331ced63ba None None] ssl:199.204.45.23:6642: connected
Apr 25 16:20:54.906799 np0000170214 devstack@neutron-api.service[104469]: DEBUG neutron.common.ovn.hash_ring_manager [None req-ce5c884f-ed6f-4c49-b288-b0331ced63ba None None] Disallow caching, nodes 2<4 {{(pid=104469) _wait_startup_before_caching /opt/stack/neutron/neutron/common/ovn/hash_ring_manager.py:72}}
Apr 25 16:20:54.910233 np0000170214 devstack@neutron-api.service[104469]: DEBUG neutron.common.ovn.hash_ring_manager [None req-ce5c884f-ed6f-4c49-b288-b0331ced63ba None None] Hash Ring loaded. 2 active nodes. 0 offline nodes {{(pid=104469) _load_hash_ring /opt/stack/neutron/neutron/common/ovn/hash_ring_manager.py:102}}
Apr 25 16:20:54.910368 np0000170214 devstack@neutron-api.service[104469]: DEBUG neutron.plugins.ml2.drivers.ovn.mech_driver.ovsdb.ovsdb_monitor [None req-ce5c884f-ed6f-4c49-b288-b0331ced63ba None None] Hash Ring: Node 2ab6679bfe0952c994f43ac7f83b4ca3 (host: np0000170214) handling event "create" for row de90eca7-b1b8-4b26-99fe-a2f120d8296d (table: Chassis) {{(pid=104469) notify /opt/stack/neutron/neutron/plugins/ml2/drivers/ovn/mech_driver/ovsdb/ovsdb_monitor.py:914}}
Apr 25 16:20:54.911120 np0000170214 devstack@neutron-api.service[104469]: DEBUG ovsdbapp.backend.ovs_idl.event [None req-ce5c884f-ed6f-4c49-b288-b0331ced63ba None None] Matched CREATE: ChassisBandwidthConfigEvent(events=('create', 'update'), table='Chassis', conditions=None, old_conditions=None), priority=20 to row=Chassis(uuid=de90eca7-b1b8-4b26-99fe-a2f120d8296d, encaps=[b9392c01-bb56-4394-ae60-f2a838ab21c7], external_ids={}, hostname='np0000170214', name='88f94b11-9cd5-4c34-b8d1-8bfa8174a675', nb_cfg=0, other_config={'ct-commit-nat-v2': 'true', 'ct-commit-to-zone': 'true', 'ct-next-zone': 'true', 'ct-no-masked-label': 'true', 'ct-state-save': 'true', 'datapath-type': 'system', 'fdb-timestamp': 'true', 'iface-types': 'afxdp,afxdp-nonpmd,bareudp,erspan,geneve,gre,gtpu,internal,ip6erspan,ip6gre,lisp,patch,srv6,stt,system,tap,vxlan', 'is-interconn': 'false', 'ls-dpg-column': 'true', 'mac-binding-timestamp': 'true', 'ovn-bridge-mappings': 'public:br-ex', 'ovn-chassis-mac-mappings': '', 'ovn-cms-options': 'enable-chassis-as-gw', 'ovn-ct-lb-related': 'true', 'ovn-enable-lflow-cache': 'true', 'ovn-limit-lflow-cache': '', 'ovn-memlimit-lflow-cache-kb': '', 'ovn-monitor-all': 'false', 'ovn-trim-limit-lflow-cache': '', 'ovn-trim-timeout-ms': '', 'ovn-trim-wmark-perc-lflow-cache': '', 'port-up-notif': 'true'}, transport_zones=[], vtep_logical_switches=[]) old= {{(pid=104469) matches /opt/stack/data/venv/lib/python3.12/site-packages/ovsdbapp/backend/ovs_idl/event.py:55}}
Apr 25 16:20:54.911608 np0000170214 devstack@neutron-api.service[104469]: DEBUG neutron.plugins.ml2.drivers.ovn.mech_driver.ovsdb.ovsdb_monitor [None req-ce5c884f-ed6f-4c49-b288-b0331ced63ba None None] ChassisOVNAgentWriteEvent : Matched Chassis_Private, create, None None {{(pid=104469) matches /opt/stack/neutron/neutron/plugins/ml2/drivers/ovn/mech_driver/ovsdb/ovsdb_monitor.py:64}}
Apr 25 16:20:54.911711 np0000170214 devstack@neutron-api.service[104469]: DEBUG neutron.plugins.ml2.drivers.ovn.mech_driver.ovsdb.ovsdb_monitor [None req-ce5c884f-ed6f-4c49-b288-b0331ced63ba None None] ChassisAgentWriteEvent : Matched Chassis_Private, create, None None {{(pid=104469) matches /opt/stack/neutron/neutron/plugins/ml2/drivers/ovn/mech_driver/ovsdb/ovsdb_monitor.py:64}}
Apr 25 16:20:54.917291 np0000170214 devstack@neutron-api.service[104469]: DEBUG neutron.common.ovn.hash_ring_manager [None req-ce5c884f-ed6f-4c49-b288-b0331ced63ba None None] Hash Ring loaded. 2 active nodes. 0 offline nodes {{(pid=104469) _load_hash_ring /opt/stack/neutron/neutron/common/ovn/hash_ring_manager.py:102}}
Apr 25 16:20:54.921621 np0000170214 devstack@neutron-api.service[104469]: DEBUG neutron.common.ovn.hash_ring_manager [None req-ce5c884f-ed6f-4c49-b288-b0331ced63ba None None] Hash Ring loaded. 2 active nodes. 0 offline nodes {{(pid=104469) _load_hash_ring /opt/stack/neutron/neutron/common/ovn/hash_ring_manager.py:102}}
Apr 25 16:20:54.923080 np0000170214 devstack@neutron-api.service[104469]: INFO neutron.plugins.ml2.drivers.ovn.mech_driver.mech_driver [None req-ce5c884f-ed6f-4c49-b288-b0331ced63ba None None] WorkerService process has finished the post initialization
Apr 25 16:20:54.924050 np0000170214 devstack@neutron-api.service[104469]: INFO neutron.plugins.ml2.drivers.ovn.mech_driver.ovsdb.extensions.qos [-] Starting OVNClientQosExtension
Apr 25 16:20:54.925042 np0000170214 devstack@neutron-api.service[104469]: INFO neutron.plugins.ml2.drivers.ovn.mech_driver.ovsdb.extensions.placement [-] Starting OVNClientPlacementExtension
Apr 25 16:20:54.926435 np0000170214 devstack@neutron-api.service[104469]: WSGI app 0 (mountpoint='') ready in 18 seconds on interpreter 0x77822b8a3668 pid: 104469 (default app)
Apr 25 16:20:55.497714 np0000170214 devstack@neutron-api.service[104467]: INFO neutron.db.ovn_hash_ring_db [None req-e11f5968-421c-4394-bdb5-b88d737e1291 None None] Nodes from host "np0000170214" and group "mechanism_driver" removed from the Hash Ring created at 2026-04-25 16:20:36+00:00
Apr 25 16:20:55.499805 np0000170214 devstack@neutron-api.service[104468]: DEBUG neutron.plugins.ml2.drivers.ovn.mech_driver.ovsdb.maintenance [None req-17293e60-b32a-45f6-b949-330aa840084a None None] Periodic task found: HashRingHealthCheckPeriodics.touch_hash_ring_node {{(pid=104468) add_periodics /opt/stack/neutron/neutron/plugins/ml2/drivers/ovn/mech_driver/ovsdb/maintenance.py:148}}
Apr 25 16:20:55.501387 np0000170214 devstack@neutron-api.service[104468]: INFO neutron.plugins.ml2.drivers.ovn.mech_driver.mech_driver [None req-17293e60-b32a-45f6-b949-330aa840084a None None] Hash Ring probing thread for node 74748bb7b7bc5a50937f6e403df438bc has started
Apr 25 16:20:55.502728 np0000170214 devstack@neutron-api.service[104468]: INFO neutron.plugins.ml2.drivers.ovn.mech_driver.ovsdb.impl_idl_ovn [None req-17293e60-b32a-45f6-b949-330aa840084a None None] Getting OvsdbNbOvnIdl for WorkerService with retry
Apr 25 16:20:55.533975 np0000170214 devstack@neutron-api.service[104467]: INFO neutron.db.ovn_hash_ring_db [None req-e11f5968-421c-4394-bdb5-b88d737e1291 None None] Node 6d4eb795076751c2be0672cac8fdac9e from host "np0000170214" and group "mechanism_driver" added to the Hash Ring
Apr 25 16:20:55.540139 np0000170214 devstack@neutron-api.service[104467]: DEBUG neutron.plugins.ml2.drivers.ovn.mech_driver.mech_driver [None req-e11f5968-421c-4394-bdb5-b88d737e1291 None None] Hash Ring setup, this worker has detected 4 OVN hash ring registers in the database {{(pid=104467) _init_hash_ring /opt/stack/neutron/neutron/plugins/ml2/drivers/ovn/mech_driver/mech_driver.py:412}}
