2026-06-10 08:58:15.875 8 INFO neutron.api.extensions [None req-c9e92bb5-603f-4f6f-a943-31497974ce92 - - - - - -] Loaded extension: net-mtu-writable
2026-06-10 08:58:15.876 8 INFO neutron.api.extensions [None req-c9e92bb5-603f-4f6f-a943-31497974ce92 - - - - - -] Loaded extension: network_availability_zone
2026-06-10 08:58:15.876 7 INFO neutron.api.extensions [None req-09b527ee-0d2a-40ec-ae45-2bc6839544b7 - - - - - -] Loaded extension: vpn-endpoint-groups
2026-06-10 08:58:15.876 8 INFO neutron.api.extensions [None req-c9e92bb5-603f-4f6f-a943-31497974ce92 - - - - - -] Loaded extension: network_ha
2026-06-10 08:58:15.877 7 INFO neutron.api.extensions [None req-09b527ee-0d2a-40ec-ae45-2bc6839544b7 - - - - - -] Loaded extension: vpn-flavors
2026-06-10 08:58:15.877 8 INFO neutron.api.extensions [None req-c9e92bb5-603f-4f6f-a943-31497974ce92 - - - - - -] Loaded extension: network-ip-availability
2026-06-10 08:58:15.878 7 INFO neutron.api.extensions [None req-09b527ee-0d2a-40ec-ae45-2bc6839544b7 - - - - - -] Loaded extension: vpnaas
2026-06-10 08:58:15.878 8 INFO neutron.api.extensions [None req-c9e92bb5-603f-4f6f-a943-31497974ce92 - - - - - -] Extension network-segment-range not supported by any of loaded plugins
2026-06-10 08:58:15.879 8 INFO neutron.api.extensions [None req-c9e92bb5-603f-4f6f-a943-31497974ce92 - - - - - -] Loaded extension: pagination
2026-06-10 08:58:15.879 8 INFO neutron.api.extensions [None req-c9e92bb5-603f-4f6f-a943-31497974ce92 - - - - - -] Loaded extension: port-device-profile
2026-06-10 08:58:15.879 7 INFO neutron.api.extensions [None req-09b527ee-0d2a-40ec-ae45-2bc6839544b7 - - - - - -] Loaded extension: taas
2026-06-10 08:58:15.880 8 INFO neutron.api.extensions [None req-c9e92bb5-603f-4f6f-a943-31497974ce92 - - - - - -] Extension port-hardware-offload-type not supported by any of loaded plugins
2026-06-10 08:58:15.880 8 INFO neutron.api.extensions [None req-c9e92bb5-603f-4f6f-a943-31497974ce92 - - - - - -] Extension port-hint-ovs-tx-steering not supported by any of loaded plugins
2026-06-10 08:58:15.881 7 INFO neutron.api.extensions [None req-09b527ee-0d2a-40ec-ae45-2bc6839544b7 - - - - - -] Loaded extension: tap-mirror
2026-06-10 08:58:15.881 8 INFO neutron.api.extensions [None req-c9e92bb5-603f-4f6f-a943-31497974ce92 - - - - - -] Extension port-hints not supported by any of loaded plugins
2026-06-10 08:58:15.881 7 INFO neutron.api.extensions [None req-09b527ee-0d2a-40ec-ae45-2bc6839544b7 - - - - - -] Loaded extension: taas-vlan-filter
2026-06-10 08:58:15.881 8 INFO neutron.api.extensions [None req-c9e92bb5-603f-4f6f-a943-31497974ce92 - - - - - -] Loaded extension: port-mac-override
2026-06-10 08:58:15.882 8 INFO neutron.api.extensions [None req-c9e92bb5-603f-4f6f-a943-31497974ce92 - - - - - -] Loaded extension: port-mac-address-regenerate
2026-06-10 08:58:15.882 8 INFO neutron.api.extensions [None req-c9e92bb5-603f-4f6f-a943-31497974ce92 - - - - - -] Loaded extension: port-numa-affinity-policy
2026-06-10 08:58:15.883 8 INFO neutron.api.extensions [None req-c9e92bb5-603f-4f6f-a943-31497974ce92 - - - - - -] Loaded extension: port-numa-affinity-policy-socket
2026-06-10 08:58:15.883 8 INFO neutron.api.extensions [None req-c9e92bb5-603f-4f6f-a943-31497974ce92 - - - - - -] Loaded extension: port-resource-request
2026-06-10 08:58:15.884 8 INFO neutron.api.extensions [None req-c9e92bb5-603f-4f6f-a943-31497974ce92 - - - - - -] Loaded extension: port-resource-request-groups
2026-06-10 08:58:15.884 7 INFO neutron.quota.resource_registry [None req-09b527ee-0d2a-40ec-ae45-2bc6839544b7 - - - - - -] Creating instance of TrackedResource for resource:network
2026-06-10 08:58:15.884 7 INFO neutron.quota.resource_registry [None req-09b527ee-0d2a-40ec-ae45-2bc6839544b7 - - - - - -] Creating instance of TrackedResource for resource:subnet
2026-06-10 08:58:15.884 7 INFO neutron.quota.resource_registry [None req-09b527ee-0d2a-40ec-ae45-2bc6839544b7 - - - - - -] Creating instance of TrackedResource for resource:subnetpool
2026-06-10 08:58:15.884 8 INFO neutron.api.extensions [None req-c9e92bb5-603f-4f6f-a943-31497974ce92 - - - - - -] Extension port-trusted-vif not supported by any of loaded plugins
2026-06-10 08:58:15.884 7 INFO neutron.quota.resource_registry [None req-09b527ee-0d2a-40ec-ae45-2bc6839544b7 - - - - - -] Creating instance of TrackedResource for resource:port
2026-06-10 08:58:15.885 8 INFO neutron.api.extensions [None req-c9e92bb5-603f-4f6f-a943-31497974ce92 - - - - - -] Loaded extension: binding
2026-06-10 08:58:15.885 8 INFO neutron.api.extensions [None req-c9e92bb5-603f-4f6f-a943-31497974ce92 - - - - - -] Loaded extension: binding-extended
2026-06-10 08:58:15.886 8 INFO neutron.api.extensions [None req-c9e92bb5-603f-4f6f-a943-31497974ce92 - - - - - -] Loaded extension: port-security
2026-06-10 08:58:15.886 8 INFO neutron.api.extensions [None req-c9e92bb5-603f-4f6f-a943-31497974ce92 - - - - - -] Loaded extension: project-id
2026-06-10 08:58:15.887 8 INFO neutron.api.extensions [None req-c9e92bb5-603f-4f6f-a943-31497974ce92 - - - - - -] Loaded extension: provider
2026-06-10 08:58:15.887 8 INFO neutron.api.extensions [None req-c9e92bb5-603f-4f6f-a943-31497974ce92 - - - - - -] Extension qinq not supported by any of loaded plugins
2026-06-10 08:58:15.888 7 INFO neutron.quota.resource_registry [None req-09b527ee-0d2a-40ec-ae45-2bc6839544b7 - - - - - -] Creating instance of TrackedResource for resource:router
2026-06-10 08:58:15.889 7 INFO neutron.quota.resource_registry [None req-09b527ee-0d2a-40ec-ae45-2bc6839544b7 - - - - - -] Creating instance of TrackedResource for resource:floatingip
2026-06-10 08:58:15.889 8 INFO neutron.api.extensions [None req-c9e92bb5-603f-4f6f-a943-31497974ce92 - - - - - -] Loaded extension: qos
2026-06-10 08:58:15.890 8 INFO neutron.api.extensions [None req-c9e92bb5-603f-4f6f-a943-31497974ce92 - - - - - -] Loaded extension: qos-bw-limit-direction
2026-06-10 08:58:15.891 8 INFO neutron.api.extensions [None req-c9e92bb5-603f-4f6f-a943-31497974ce92 - - - - - -] Loaded extension: qos-bw-minimum-ingress
2026-06-10 08:58:15.891 8 INFO neutron.api.extensions [None req-c9e92bb5-603f-4f6f-a943-31497974ce92 - - - - - -] Loaded extension: qos-default
2026-06-10 08:58:15.892 8 INFO neutron.api.extensions [None req-c9e92bb5-603f-4f6f-a943-31497974ce92 - - - - - -] Loaded extension: qos-fip
2026-06-10 08:58:15.892 8 INFO neutron.api.extensions [None req-c9e92bb5-603f-4f6f-a943-31497974ce92 - - - - - -] Extension qos-fip-network-policy not supported by any of loaded plugins
2026-06-10 08:58:15.893 8 INFO neutron.api.extensions [None req-c9e92bb5-603f-4f6f-a943-31497974ce92 - - - - - -] Loaded extension: qos-gateway-ip
2026-06-10 08:58:15.893 8 INFO neutron.api.extensions [None req-c9e92bb5-603f-4f6f-a943-31497974ce92 - - - - - -] Loaded extension: qos-port-network-policy
2026-06-10 08:58:15.893 7 INFO neutron.quota.resource_registry [None req-09b527ee-0d2a-40ec-ae45-2bc6839544b7 - - - - - -] Creating instance of CountableResource for resource:rbac_policy
2026-06-10 08:58:15.894 8 INFO neutron.api.extensions [None req-c9e92bb5-603f-4f6f-a943-31497974ce92 - - - - - -] Loaded extension: qos-pps-minimum
2026-06-10 08:58:15.894 7 INFO neutron.quota.resource_registry [None req-09b527ee-0d2a-40ec-ae45-2bc6839544b7 - - - - - -] Creating instance of TrackedResource for resource:security_group
2026-06-10 08:58:15.894 8 INFO neutron.api.extensions [None req-c9e92bb5-603f-4f6f-a943-31497974ce92 - - - - - -] Loaded extension: qos-pps-minimum-rule-alias
2026-06-10 08:58:15.894 7 INFO neutron.quota.resource_registry [None req-09b527ee-0d2a-40ec-ae45-2bc6839544b7 - - - - - -] Creating instance of TrackedResource for resource:security_group_rule
2026-06-10 08:58:15.895 8 INFO neutron.api.extensions [None req-c9e92bb5-603f-4f6f-a943-31497974ce92 - - - - - -] Loaded extension: qos-pps
2026-06-10 08:58:15.895 7 INFO neutron.quota.resource_registry [None req-09b527ee-0d2a-40ec-ae45-2bc6839544b7 - - - - - -] Creating instance of TrackedResource for resource:subnetpool
2026-06-10 08:58:15.895 8 INFO neutron.api.extensions [None req-c9e92bb5-603f-4f6f-a943-31497974ce92 - - - - - -] Loaded extension: qos-rule-type-details
2026-06-10 08:58:15.895 7 WARNING neutron.quota.resource_registry [None req-09b527ee-0d2a-40ec-ae45-2bc6839544b7 - - - - - -] subnetpool is already registered
2026-06-10 08:58:15.896 8 INFO neutron.api.extensions [None req-c9e92bb5-603f-4f6f-a943-31497974ce92 - - - - - -] Loaded extension: qos-rule-type-filter
2026-06-10 08:58:15.896 7 INFO neutron.quota.resource_registry [None req-09b527ee-0d2a-40ec-ae45-2bc6839544b7 - - - - - -] Creating instance of TrackedResource for resource:subnetpool
2026-06-10 08:58:15.896 7 WARNING neutron.quota.resource_registry [None req-09b527ee-0d2a-40ec-ae45-2bc6839544b7 - - - - - -] subnetpool is already registered
2026-06-10 08:58:15.896 8 INFO neutron.api.extensions [None req-c9e92bb5-603f-4f6f-a943-31497974ce92 - - - - - -] Loaded extension: qos-rules-alias
2026-06-10 08:58:15.896 7 INFO neutron.quota.resource_registry [None req-09b527ee-0d2a-40ec-ae45-2bc6839544b7 - - - - - -] Creating instance of CountableResource for resource:trunk
2026-06-10 08:58:15.897 7 INFO neutron.quota.resource_registry [None req-09b527ee-0d2a-40ec-ae45-2bc6839544b7 - - - - - -] Creating instance of CountableResource for resource:ikepolicy
2026-06-10 08:58:15.897 8 INFO neutron.api.extensions [None req-c9e92bb5-603f-4f6f-a943-31497974ce92 - - - - - -] Loaded extension: quota-check-limit
2026-06-10 08:58:15.897 7 INFO neutron.quota.resource_registry [None req-09b527ee-0d2a-40ec-ae45-2bc6839544b7 - - - - - -] Creating instance of CountableResource for resource:ipsecpolicy
2026-06-10 08:58:15.898 8 INFO neutron.api.extensions [None req-c9e92bb5-603f-4f6f-a943-31497974ce92 - - - - - -] Loaded extension: quota-check-limit-default
2026-06-10 08:58:15.898 7 INFO neutron.quota.resource_registry [None req-09b527ee-0d2a-40ec-ae45-2bc6839544b7 - - - - - -] Creating instance of CountableResource for resource:endpoint_group
2026-06-10 08:58:15.898 7 INFO neutron.quota.resource_registry [None req-09b527ee-0d2a-40ec-ae45-2bc6839544b7 - - - - - -] Creating instance of CountableResource for resource:vpnservice
2026-06-10 08:58:15.898 7 INFO neutron.quota.resource_registry [None req-09b527ee-0d2a-40ec-ae45-2bc6839544b7 - - - - - -] Creating instance of CountableResource for resource:ipsec_site_connection
2026-06-10 08:58:15.899 7 INFO neutron.quota.resource_registry [None req-09b527ee-0d2a-40ec-ae45-2bc6839544b7 - - - - - -] Creating instance of CountableResource for resource:ipsecpolicy
2026-06-10 08:58:15.899 7 WARNING neutron.quota.resource_registry [None req-09b527ee-0d2a-40ec-ae45-2bc6839544b7 - - - - - -] ipsecpolicy is already registered
2026-06-10 08:58:15.899 7 INFO neutron.quota.resource_registry [None req-09b527ee-0d2a-40ec-ae45-2bc6839544b7 - - - - - -] Creating instance of CountableResource for resource:ikepolicy
2026-06-10 08:58:15.899 7 WARNING neutron.quota.resource_registry [None req-09b527ee-0d2a-40ec-ae45-2bc6839544b7 - - - - - -] ikepolicy is already registered
2026-06-10 08:58:15.900 8 INFO neutron.api.extensions [None req-c9e92bb5-603f-4f6f-a943-31497974ce92 - - - - - -] Loaded extension: quotas
2026-06-10 08:58:15.901 8 INFO neutron.api.extensions [None req-c9e92bb5-603f-4f6f-a943-31497974ce92 - - - - - -] Loaded extension: quota_details
2026-06-10 08:58:15.902 8 INFO neutron.api.extensions [None req-c9e92bb5-603f-4f6f-a943-31497974ce92 - - - - - -] Loaded extension: rbac-policies
2026-06-10 08:58:15.903 8 INFO neutron.api.extensions [None req-c9e92bb5-603f-4f6f-a943-31497974ce92 - - - - - -] Loaded extension: rbac-address-group
2026-06-10 08:58:15.903 8 INFO neutron.api.extensions [None req-c9e92bb5-603f-4f6f-a943-31497974ce92 - - - - - -] Loaded extension: rbac-address-scope
2026-06-10 08:58:15.904 8 INFO neutron.api.extensions [None req-c9e92bb5-603f-4f6f-a943-31497974ce92 - - - - - -] Loaded extension: rbac-security-groups
2026-06-10 08:58:15.904 7 INFO neutron.quota.resource_registry [None req-09b527ee-0d2a-40ec-ae45-2bc6839544b7 - - - - - -] Creating instance of TrackedResource for resource:router
2026-06-10 08:58:15.904 7 WARNING neutron.quota.resource_registry [None req-09b527ee-0d2a-40ec-ae45-2bc6839544b7 - - - - - -] router is already registered
2026-06-10 08:58:15.904 8 INFO neutron.api.extensions [None req-c9e92bb5-603f-4f6f-a943-31497974ce92 - - - - - -] Loaded extension: rbac-subnetpool
2026-06-10 08:58:15.904 8 INFO neutron.api.extensions [None req-c9e92bb5-603f-4f6f-a943-31497974ce92 - - - - - -] Loaded extension: revision-if-match
2026-06-10 08:58:15.904 7 INFO neutron.quota.resource_registry [None req-09b527ee-0d2a-40ec-ae45-2bc6839544b7 - - - - - -] Creating instance of TrackedResource for resource:floatingip
2026-06-10 08:58:15.905 7 WARNING neutron.quota.resource_registry [None req-09b527ee-0d2a-40ec-ae45-2bc6839544b7 - - - - - -] floatingip is already registered
2026-06-10 08:58:15.905 8 INFO neutron.api.extensions [None req-c9e92bb5-603f-4f6f-a943-31497974ce92 - - - - - -] Loaded extension: standard-attr-revisions
2026-06-10 08:58:15.906 8 INFO neutron.api.extensions [None req-c9e92bb5-603f-4f6f-a943-31497974ce92 - - - - - -] Loaded extension: router_availability_zone
2026-06-10 08:58:15.906 8 INFO neutron.api.extensions [None req-c9e92bb5-603f-4f6f-a943-31497974ce92 - - - - - -] Extension router-service-type not supported by any of loaded plugins
2026-06-10 08:58:15.908 8 INFO neutron.api.extensions [None req-c9e92bb5-603f-4f6f-a943-31497974ce92 - - - - - -] Loaded extension: security-groups-default-rules
2026-06-10 08:58:15.908 7 INFO neutron.quota.resource_registry [None req-09b527ee-0d2a-40ec-ae45-2bc6839544b7 - - - - - -] Creating instance of CountableResource for resource:rbac_policy
2026-06-10 08:58:15.908 8 INFO neutron.api.extensions [None req-c9e92bb5-603f-4f6f-a943-31497974ce92 - - - - - -] Loaded extension: security-groups-normalized-cidr
2026-06-10 08:58:15.908 7 WARNING neutron.quota.resource_registry [None req-09b527ee-0d2a-40ec-ae45-2bc6839544b7 - - - - - -] rbac_policy is already registered
2026-06-10 08:58:15.909 8 INFO neutron.api.extensions [None req-c9e92bb5-603f-4f6f-a943-31497974ce92 - - - - - -] Loaded extension: port-security-groups-filtering
2026-06-10 08:58:15.909 7 INFO neutron.quota.resource_registry [None req-09b527ee-0d2a-40ec-ae45-2bc6839544b7 - - - - - -] Creating instance of TrackedResource for resource:security_group
2026-06-10 08:58:15.909 7 WARNING neutron.quota.resource_registry [None req-09b527ee-0d2a-40ec-ae45-2bc6839544b7 - - - - - -] security_group is already registered
2026-06-10 08:58:15.909 8 INFO neutron.api.extensions [None req-c9e92bb5-603f-4f6f-a943-31497974ce92 - - - - - -] Loaded extension: security-groups-remote-address-group
2026-06-10 08:58:15.909 7 INFO neutron.quota.resource_registry [None req-09b527ee-0d2a-40ec-ae45-2bc6839544b7 - - - - - -] Creating instance of TrackedResource for resource:security_group_rule
2026-06-10 08:58:15.910 7 WARNING neutron.quota.resource_registry [None req-09b527ee-0d2a-40ec-ae45-2bc6839544b7 - - - - - -] security_group_rule is already registered
2026-06-10 08:58:15.910 8 INFO neutron.api.extensions [None req-c9e92bb5-603f-4f6f-a943-31497974ce92 - - - - - -] Loaded extension: security-groups-rules-belongs-to-default-sg
2026-06-10 08:58:15.910 8 INFO neutron.api.extensions [None req-c9e92bb5-603f-4f6f-a943-31497974ce92 - - - - - -] Loaded extension: security-groups-shared-filtering
2026-06-10 08:58:15.910 7 INFO neutron.quota.resource_registry [None req-09b527ee-0d2a-40ec-ae45-2bc6839544b7 - - - - - -] Creating instance of TrackedResource for resource:subnetpool
2026-06-10 08:58:15.910 7 WARNING neutron.quota.resource_registry [None req-09b527ee-0d2a-40ec-ae45-2bc6839544b7 - - - - - -] subnetpool is already registered
2026-06-10 08:58:15.911 7 INFO neutron.quota.resource_registry [None req-09b527ee-0d2a-40ec-ae45-2bc6839544b7 - - - - - -] Creating instance of TrackedResource for resource:subnetpool
2026-06-10 08:58:15.911 7 WARNING neutron.quota.resource_registry [None req-09b527ee-0d2a-40ec-ae45-2bc6839544b7 - - - - - -] subnetpool is already registered
2026-06-10 08:58:15.911 7 INFO neutron.quota.resource_registry [None req-09b527ee-0d2a-40ec-ae45-2bc6839544b7 - - - - - -] Creating instance of CountableResource for resource:trunk
2026-06-10 08:58:15.912 7 WARNING neutron.quota.resource_registry [None req-09b527ee-0d2a-40ec-ae45-2bc6839544b7 - - - - - -] trunk is already registered
2026-06-10 08:58:15.912 7 INFO neutron.quota.resource_registry [None req-09b527ee-0d2a-40ec-ae45-2bc6839544b7 - - - - - -] Creating instance of CountableResource for resource:ikepolicy
2026-06-10 08:58:15.912 7 WARNING neutron.quota.resource_registry [None req-09b527ee-0d2a-40ec-ae45-2bc6839544b7 - - - - - -] ikepolicy is already registered
2026-06-10 08:58:15.912 7 INFO neutron.quota.resource_registry [None req-09b527ee-0d2a-40ec-ae45-2bc6839544b7 - - - - - -] Creating instance of CountableResource for resource:ipsecpolicy
2026-06-10 08:58:15.913 7 WARNING neutron.quota.resource_registry [None req-09b527ee-0d2a-40ec-ae45-2bc6839544b7 - - - - - -] ipsecpolicy is already registered
2026-06-10 08:58:15.913 7 INFO neutron.quota.resource_registry [None req-09b527ee-0d2a-40ec-ae45-2bc6839544b7 - - - - - -] Creating instance of CountableResource for resource:endpoint_group
2026-06-10 08:58:15.913 7 WARNING neutron.quota.resource_registry [None req-09b527ee-0d2a-40ec-ae45-2bc6839544b7 - - - - - -] endpoint_group is already registered
2026-06-10 08:58:15.913 7 INFO neutron.quota.resource_registry [None req-09b527ee-0d2a-40ec-ae45-2bc6839544b7 - - - - - -] Creating instance of CountableResource for resource:vpnservice
2026-06-10 08:58:15.914 7 WARNING neutron.quota.resource_registry [None req-09b527ee-0d2a-40ec-ae45-2bc6839544b7 - - - - - -] vpnservice is already registered
2026-06-10 08:58:15.914 7 INFO neutron.quota.resource_registry [None req-09b527ee-0d2a-40ec-ae45-2bc6839544b7 - - - - - -] Creating instance of CountableResource for resource:ipsec_site_connection
2026-06-10 08:58:15.914 7 WARNING neutron.quota.resource_registry [None req-09b527ee-0d2a-40ec-ae45-2bc6839544b7 - - - - - -] ipsec_site_connection is already registered
2026-06-10 08:58:15.914 7 INFO neutron.quota.resource_registry [None req-09b527ee-0d2a-40ec-ae45-2bc6839544b7 - - - - - -] Creating instance of CountableResource for resource:ipsecpolicy
2026-06-10 08:58:15.915 7 WARNING neutron.quota.resource_registry [None req-09b527ee-0d2a-40ec-ae45-2bc6839544b7 - - - - - -] ipsecpolicy is already registered
2026-06-10 08:58:15.915 7 INFO neutron.quota.resource_registry [None req-09b527ee-0d2a-40ec-ae45-2bc6839544b7 - - - - - -] Creating instance of CountableResource for resource:ikepolicy
2026-06-10 08:58:15.915 7 WARNING neutron.quota.resource_registry [None req-09b527ee-0d2a-40ec-ae45-2bc6839544b7 - - - - - -] ikepolicy is already registered
2026-06-10 08:58:15.916 8 INFO neutron.api.extensions [None req-c9e92bb5-603f-4f6f-a943-31497974ce92 - - - - - -] Loaded extension: security-group
2026-06-10 08:58:15.917 8 INFO neutron.api.extensions [None req-c9e92bb5-603f-4f6f-a943-31497974ce92 - - - - - -] Loaded extension: segment
2026-06-10 08:58:15.918 8 INFO neutron.api.extensions [None req-c9e92bb5-603f-4f6f-a943-31497974ce92 - - - - - -] Loaded extension: segments-peer-subnet-host-routes
2026-06-10 08:58:15.919 8 INFO neutron.api.extensions [None req-c9e92bb5-603f-4f6f-a943-31497974ce92 - - - - - -] Loaded extension: service-type
2026-06-10 08:58:15.919 8 INFO neutron.api.extensions [None req-c9e92bb5-603f-4f6f-a943-31497974ce92 - - - - - -] Loaded extension: sorting
2026-06-10 08:58:15.920 8 INFO neutron.api.extensions [None req-c9e92bb5-603f-4f6f-a943-31497974ce92 - - - - - -] Loaded extension: standard-attr-segment
2026-06-10 08:58:15.921 8 INFO neutron.api.extensions [None req-c9e92bb5-603f-4f6f-a943-31497974ce92 - - - - - -] Loaded extension: standard-attr-description
2026-06-10 08:58:15.922 8 INFO neutron.api.extensions [None req-c9e92bb5-603f-4f6f-a943-31497974ce92 - - - - - -] Loaded extension: stateful-security-group
2026-06-10 08:58:15.922 8 WARNING neutron.api.extensions [None req-c9e92bb5-603f-4f6f-a943-31497974ce92 - - - - - -] Did not find expected name "Stdattrs_common" in /var/lib/openstack/lib/python3.12/site-packages/neutron/extensions/stdattrs_common.py
2026-06-10 08:58:15.923 8 INFO neutron.api.extensions [None req-c9e92bb5-603f-4f6f-a943-31497974ce92 - - - - - -] Extension subnet-dns-publish-fixed-ip not supported by any of loaded plugins
2026-06-10 08:58:15.923 8 INFO neutron.api.extensions [None req-c9e92bb5-603f-4f6f-a943-31497974ce92 - - - - - -] Loaded extension: subnet-external-network
2026-06-10 08:58:15.924 8 INFO neutron.api.extensions [None req-c9e92bb5-603f-4f6f-a943-31497974ce92 - - - - - -] Loaded extension: subnet_onboard
2026-06-10 08:58:15.925 8 INFO neutron.api.extensions [None req-c9e92bb5-603f-4f6f-a943-31497974ce92 - - - - - -] Loaded extension: subnet-segmentid-writable
2026-06-10 08:58:15.925 8 INFO neutron.api.extensions [None req-c9e92bb5-603f-4f6f-a943-31497974ce92 - - - - - -] Loaded extension: subnet-service-types
2026-06-10 08:58:15.926 8 INFO neutron.api.extensions [None req-c9e92bb5-603f-4f6f-a943-31497974ce92 - - - - - -] Loaded extension: subnet_allocation
2026-06-10 08:58:15.926 8 INFO neutron.api.extensions [None req-c9e92bb5-603f-4f6f-a943-31497974ce92 - - - - - -] Loaded extension: subnetpool-prefix-ops
2026-06-10 08:58:15.927 8 INFO neutron.api.extensions [None req-c9e92bb5-603f-4f6f-a943-31497974ce92 - - - - - -] Loaded extension: tag-creation
2026-06-10 08:58:15.927 8 INFO neutron.api.extensions [None req-c9e92bb5-603f-4f6f-a943-31497974ce92 - - - - - -] Extension tag-ports-during-bulk-creation not supported by any of loaded plugins
2026-06-10 08:58:15.932 8 INFO neutron.api.extensions [None req-c9e92bb5-603f-4f6f-a943-31497974ce92 - - - - - -] Loaded extension: standard-attr-tag
2026-06-10 08:58:15.933 8 INFO neutron.api.extensions [None req-c9e92bb5-603f-4f6f-a943-31497974ce92 - - - - - -] Loaded extension: standard-attr-timestamp
2026-06-10 08:58:15.933 8 INFO neutron.api.extensions [None req-c9e92bb5-603f-4f6f-a943-31497974ce92 - - - - - -] Loaded extension: trunk
2026-06-10 08:58:15.934 8 INFO neutron.api.extensions [None req-c9e92bb5-603f-4f6f-a943-31497974ce92 - - - - - -] Loaded extension: trunk-details
2026-06-10 08:58:15.934 8 INFO neutron.api.extensions [None req-c9e92bb5-603f-4f6f-a943-31497974ce92 - - - - - -] Extension uplink-status-propagation not supported by any of loaded plugins
2026-06-10 08:58:15.935 8 INFO neutron.api.extensions [None req-c9e92bb5-603f-4f6f-a943-31497974ce92 - - - - - -] Extension uplink-status-propagation-updatable not supported by any of loaded plugins
2026-06-10 08:58:15.936 8 INFO neutron.api.extensions [None req-c9e92bb5-603f-4f6f-a943-31497974ce92 - - - - - -] Extension vlan-transparent not supported by any of loaded plugins
2026-06-10 08:58:15.936 8 INFO neutron.api.extensions [None req-c9e92bb5-603f-4f6f-a943-31497974ce92 - - - - - -] Loaded extension: vpn-aes-ctr
2026-06-10 08:58:15.938 8 INFO neutron.api.extensions [None req-c9e92bb5-603f-4f6f-a943-31497974ce92 - - - - - -] Extension vpn-agent-scheduler not supported by any of loaded plugins
2026-06-10 08:58:15.939 8 INFO neutron.api.extensions [None req-c9e92bb5-603f-4f6f-a943-31497974ce92 - - - - - -] Loaded extension: vpn-endpoint-groups
2026-06-10 08:58:15.940 8 INFO neutron.api.extensions [None req-c9e92bb5-603f-4f6f-a943-31497974ce92 - - - - - -] Loaded extension: vpn-flavors
2026-06-10 08:58:15.943 8 INFO neutron.api.extensions [None req-c9e92bb5-603f-4f6f-a943-31497974ce92 - - - - - -] Loaded extension: vpnaas
2026-06-10 08:58:15.947 8 INFO neutron.api.extensions [None req-c9e92bb5-603f-4f6f-a943-31497974ce92 - - - - - -] Loaded extension: taas
2026-06-10 08:58:15.949 8 INFO neutron.api.extensions [None req-c9e92bb5-603f-4f6f-a943-31497974ce92 - - - - - -] Loaded extension: tap-mirror
2026-06-10 08:58:15.952 8 INFO neutron.api.extensions [None req-c9e92bb5-603f-4f6f-a943-31497974ce92 - - - - - -] Loaded extension: taas-vlan-filter
2026-06-10 08:58:15.955 8 INFO neutron.quota.resource_registry [None req-c9e92bb5-603f-4f6f-a943-31497974ce92 - - - - - -] Creating instance of TrackedResource for resource:network
2026-06-10 08:58:15.955 7 WARNING keystonemiddleware._common.config [None req-09b527ee-0d2a-40ec-ae45-2bc6839544b7 - - - - - -] The option "audit_map_file" is not known to keystonemiddleware
2026-06-10 08:58:15.956 8 INFO neutron.quota.resource_registry [None req-c9e92bb5-603f-4f6f-a943-31497974ce92 - - - - - -] Creating instance of TrackedResource for resource:subnet
2026-06-10 08:58:15.956 8 INFO neutron.quota.resource_registry [None req-c9e92bb5-603f-4f6f-a943-31497974ce92 - - - - - -] Creating instance of TrackedResource for resource:subnetpool
2026-06-10 08:58:15.956 8 INFO neutron.quota.resource_registry [None req-c9e92bb5-603f-4f6f-a943-31497974ce92 - - - - - -] Creating instance of TrackedResource for resource:port
2026-06-10 08:58:15.961 8 INFO neutron.quota.resource_registry [None req-c9e92bb5-603f-4f6f-a943-31497974ce92 - - - - - -] Creating instance of TrackedResource for resource:router
2026-06-10 08:58:15.961 8 INFO neutron.quota.resource_registry [None req-c9e92bb5-603f-4f6f-a943-31497974ce92 - - - - - -] Creating instance of TrackedResource for resource:floatingip
2026-06-10 08:58:15.963 7 WARNING oslo_config.cfg [None req-09b527ee-0d2a-40ec-ae45-2bc6839544b7 - - - - - -] Deprecated: Option "auth_uri" from group "keystone_authtoken" is deprecated. Use option "www_authenticate_uri" from group "keystone_authtoken". WSGI app 0 (mountpoint='') ready in 7 seconds on interpreter 0x7fcf87909668 pid: 7 (default app)
2026-06-10 08:58:15.966 8 INFO neutron.quota.resource_registry [None req-c9e92bb5-603f-4f6f-a943-31497974ce92 - - - - - -] Creating instance of CountableResource for resource:rbac_policy
2026-06-10 08:58:15.967 8 INFO neutron.quota.resource_registry [None req-c9e92bb5-603f-4f6f-a943-31497974ce92 - - - - - -] Creating instance of TrackedResource for resource:security_group
2026-06-10 08:58:15.967 8 INFO neutron.quota.resource_registry [None req-c9e92bb5-603f-4f6f-a943-31497974ce92 - - - - - -] Creating instance of TrackedResource for resource:security_group_rule
2026-06-10 08:58:15.968 8 INFO neutron.quota.resource_registry [None req-c9e92bb5-603f-4f6f-a943-31497974ce92 - - - - - -] Creating instance of TrackedResource for resource:subnetpool
2026-06-10 08:58:15.968 8 WARNING neutron.quota.resource_registry [None req-c9e92bb5-603f-4f6f-a943-31497974ce92 - - - - - -] subnetpool is already registered
2026-06-10 08:58:15.969 8 INFO neutron.quota.resource_registry [None req-c9e92bb5-603f-4f6f-a943-31497974ce92 - - - - - -] Creating instance of TrackedResource for resource:subnetpool
2026-06-10 08:58:15.969 8 WARNING neutron.quota.resource_registry [None req-c9e92bb5-603f-4f6f-a943-31497974ce92 - - - - - -] subnetpool is already registered
2026-06-10 08:58:15.969 8 INFO neutron.quota.resource_registry [None req-c9e92bb5-603f-4f6f-a943-31497974ce92 - - - - - -] Creating instance of CountableResource for resource:trunk
2026-06-10 08:58:15.970 8 INFO neutron.quota.resource_registry [None req-c9e92bb5-603f-4f6f-a943-31497974ce92 - - - - - -] Creating instance of CountableResource for resource:ikepolicy
2026-06-10 08:58:15.970 8 INFO neutron.quota.resource_registry [None req-c9e92bb5-603f-4f6f-a943-31497974ce92 - - - - - -] Creating instance of CountableResource for resource:ipsecpolicy
2026-06-10 08:58:15.970 8 INFO neutron.quota.resource_registry [None req-c9e92bb5-603f-4f6f-a943-31497974ce92 - - - - - -] Creating instance of CountableResource for resource:endpoint_group
2026-06-10 08:58:15.971 8 INFO neutron.quota.resource_registry [None req-c9e92bb5-603f-4f6f-a943-31497974ce92 - - - - - -] Creating instance of CountableResource for resource:vpnservice
2026-06-10 08:58:15.971 8 INFO neutron.quota.resource_registry [None req-c9e92bb5-603f-4f6f-a943-31497974ce92 - - - - - -] Creating instance of CountableResource for resource:ipsec_site_connection
2026-06-10 08:58:15.972 8 INFO neutron.quota.resource_registry [None req-c9e92bb5-603f-4f6f-a943-31497974ce92 - - - - - -] Creating instance of CountableResource for resource:ipsecpolicy
2026-06-10 08:58:15.972 8 WARNING neutron.quota.resource_registry [None req-c9e92bb5-603f-4f6f-a943-31497974ce92 - - - - - -] ipsecpolicy is already registered
2026-06-10 08:58:15.972 8 INFO neutron.quota.resource_registry [None req-c9e92bb5-603f-4f6f-a943-31497974ce92 - - - - - -] Creating instance of CountableResource for resource:ikepolicy
2026-06-10 08:58:15.972 8 WARNING neutron.quota.resource_registry [None req-c9e92bb5-603f-4f6f-a943-31497974ce92 - - - - - -] ikepolicy is already registered
2026-06-10 08:58:15.977 8 INFO neutron.quota.resource_registry [None req-c9e92bb5-603f-4f6f-a943-31497974ce92 - - - - - -] Creating instance of TrackedResource for resource:router
2026-06-10 08:58:15.977 8 WARNING neutron.quota.resource_registry [None req-c9e92bb5-603f-4f6f-a943-31497974ce92 - - - - - -] router is already registered
2026-06-10 08:58:15.977 8 INFO neutron.quota.resource_registry [None req-c9e92bb5-603f-4f6f-a943-31497974ce92 - - - - - -] Creating instance of TrackedResource for resource:floatingip
2026-06-10 08:58:15.978 8 WARNING neutron.quota.resource_registry [None req-c9e92bb5-603f-4f6f-a943-31497974ce92 - - - - - -] floatingip is already registered
2026-06-10 08:58:15.981 8 INFO neutron.quota.resource_registry [None req-c9e92bb5-603f-4f6f-a943-31497974ce92 - - - - - -] Creating instance of CountableResource for resource:rbac_policy
2026-06-10 08:58:15.981 8 WARNING neutron.quota.resource_registry [None req-c9e92bb5-603f-4f6f-a943-31497974ce92 - - - - - -] rbac_policy is already registered
2026-06-10 08:58:15.982 8 INFO neutron.quota.resource_registry [None req-c9e92bb5-603f-4f6f-a943-31497974ce92 - - - - - -] Creating instance of TrackedResource for resource:security_group
2026-06-10 08:58:15.982 8 WARNING neutron.quota.resource_registry [None req-c9e92bb5-603f-4f6f-a943-31497974ce92 - - - - - -] security_group is already registered
2026-06-10 08:58:15.982 8 INFO neutron.quota.resource_registry [None req-c9e92bb5-603f-4f6f-a943-31497974ce92 - - - - - -] Creating instance of TrackedResource for resource:security_group_rule
2026-06-10 08:58:15.982 8 WARNING neutron.quota.resource_registry [None req-c9e92bb5-603f-4f6f-a943-31497974ce92 - - - - - -] security_group_rule is already registered
2026-06-10 08:58:15.983 8 INFO neutron.quota.resource_registry [None req-c9e92bb5-603f-4f6f-a943-31497974ce92 - - - - - -] Creating instance of TrackedResource for resource:subnetpool
2026-06-10 08:58:15.983 8 WARNING neutron.quota.resource_registry [None req-c9e92bb5-603f-4f6f-a943-31497974ce92 - - - - - -] subnetpool is already registered
2026-06-10 08:58:15.984 8 INFO neutron.quota.resource_registry [None req-c9e92bb5-603f-4f6f-a943-31497974ce92 - - - - - -] Creating instance of TrackedResource for resource:subnetpool
2026-06-10 08:58:15.984 8 WARNING neutron.quota.resource_registry [None req-c9e92bb5-603f-4f6f-a943-31497974ce92 - - - - - -] subnetpool is already registered
2026-06-10 08:58:15.984 8 INFO neutron.quota.resource_registry [None req-c9e92bb5-603f-4f6f-a943-31497974ce92 - - - - - -] Creating instance of CountableResource for resource:trunk
2026-06-10 08:58:15.985 8 WARNING neutron.quota.resource_registry [None req-c9e92bb5-603f-4f6f-a943-31497974ce92 - - - - - -] trunk is already registered
2026-06-10 08:58:15.985 8 INFO neutron.quota.resource_registry [None req-c9e92bb5-603f-4f6f-a943-31497974ce92 - - - - - -] Creating instance of CountableResource for resource:ikepolicy
2026-06-10 08:58:15.985 8 WARNING neutron.quota.resource_registry [None req-c9e92bb5-603f-4f6f-a943-31497974ce92 - - - - - -] ikepolicy is already registered
2026-06-10 08:58:15.985 8 INFO neutron.quota.resource_registry [None req-c9e92bb5-603f-4f6f-a943-31497974ce92 - - - - - -] Creating instance of CountableResource for resource:ipsecpolicy
2026-06-10 08:58:15.986 8 WARNING neutron.quota.resource_registry [None req-c9e92bb5-603f-4f6f-a943-31497974ce92 - - - - - -] ipsecpolicy is already registered
2026-06-10 08:58:15.986 8 INFO neutron.quota.resource_registry [None req-c9e92bb5-603f-4f6f-a943-31497974ce92 - - - - - -] Creating instance of CountableResource for resource:endpoint_group
2026-06-10 08:58:15.986 8 WARNING neutron.quota.resource_registry [None req-c9e92bb5-603f-4f6f-a943-31497974ce92 - - - - - -] endpoint_group is already registered
2026-06-10 08:58:15.986 8 INFO neutron.quota.resource_registry [None req-c9e92bb5-603f-4f6f-a943-31497974ce92 - - - - - -] Creating instance of CountableResource for resource:vpnservice
2026-06-10 08:58:15.987 8 WARNING neutron.quota.resource_registry [None req-c9e92bb5-603f-4f6f-a943-31497974ce92 - - - - - -] vpnservice is already registered
2026-06-10 08:58:15.987 8 INFO neutron.quota.resource_registry [None req-c9e92bb5-603f-4f6f-a943-31497974ce92 - - - - - -] Creating instance of CountableResource for resource:ipsec_site_connection
2026-06-10 08:58:15.987 8 WARNING neutron.quota.resource_registry [None req-c9e92bb5-603f-4f6f-a943-31497974ce92 - - - - - -] ipsec_site_connection is already registered
2026-06-10 08:58:15.987 8 INFO neutron.quota.resource_registry [None req-c9e92bb5-603f-4f6f-a943-31497974ce92 - - - - - -] Creating instance of CountableResource for resource:ipsecpolicy
2026-06-10 08:58:15.988 8 WARNING neutron.quota.resource_registry [None req-c9e92bb5-603f-4f6f-a943-31497974ce92 - - - - - -] ipsecpolicy is already registered
2026-06-10 08:58:15.988 8 INFO neutron.quota.resource_registry [None req-c9e92bb5-603f-4f6f-a943-31497974ce92 - - - - - -] Creating instance of CountableResource for resource:ikepolicy
2026-06-10 08:58:15.988 8 WARNING neutron.quota.resource_registry [None req-c9e92bb5-603f-4f6f-a943-31497974ce92 - - - - - -] ikepolicy is already registered
2026-06-10 08:58:16.026 8 WARNING keystonemiddleware._common.config [None req-c9e92bb5-603f-4f6f-a943-31497974ce92 - - - - - -] The option "audit_map_file" is not known to keystonemiddleware
2026-06-10 08:58:16.033 8 WARNING oslo_config.cfg [None req-c9e92bb5-603f-4f6f-a943-31497974ce92 - - - - - -] Deprecated: Option "auth_uri" from group "keystone_authtoken" is deprecated. Use option "www_authenticate_uri" from group "keystone_authtoken". WSGI app 0 (mountpoint='') ready in 8 seconds on interpreter 0x7fcf87909668 pid: 8 (default app) /var/lib/openstack/lib/python3.12/site-packages/pycadf/identifier.py:70: UserWarning: Invalid uuid: unknown. To ensure interoperability, identifiers should be a valid uuid. warnings.warn(('Invalid uuid: %s. To ensure interoperability, '
2026-06-10 08:58:21.832 8 INFO neutron.pecan_wsgi.hooks.translation [None req-a6445334-e38d-4510-9838-f2b3c7588463 b6193b013a6148728df46c5bb7f0cb00 d964c22617754636a927cfae9dc7bddf - - default default] GET failed (client error): The resource could not be found. [pid: 8|app: 0|req: 1/4] 199.204.45.70 () {44 vars in 923 bytes} [Wed Jun 10 08:58:20 2026] GET /v2.0/networks/public => generated 108 bytes in 951 msecs (HTTP/1.1 404) 4 headers in 164 bytes (1 switches on core 0) /var/lib/openstack/lib/python3.12/site-packages/pycadf/identifier.py:70: UserWarning: Invalid uuid: unknown. To ensure interoperability, identifiers should be a valid uuid. warnings.warn(('Invalid uuid: %s. To ensure interoperability, ' [pid: 7|app: 0|req: 4/5] 199.204.45.70 () {44 vars in 945 bytes} [Wed Jun 10 08:58:21 2026] GET /v2.0/networks?name=public => generated 15 bytes in 419 msecs (HTTP/1.1 200) 4 headers in 156 bytes (1 switches on core 0)
2026-06-10 08:58:22.750 8 WARNING neutron.services.revisions.revision_plugin [None req-36c34034-9eae-4177-bb7e-3cbe7f001ace b6193b013a6148728df46c5bb7f0cb00 d964c22617754636a927cfae9dc7bddf - - default default] Could not find related network for resource to bump revision.
2026-06-10 08:58:22.777 8 INFO neutron.db.segments_db [None req-36c34034-9eae-4177-bb7e-3cbe7f001ace b6193b013a6148728df46c5bb7f0cb00 d964c22617754636a927cfae9dc7bddf - - default default] Added segment 4dd8589d-4b9d-4255-94ee-cd20707b702c of type flat for network 04dcacf5-2179-425a-af81-089aa1aa38a5
2026-06-10 08:58:22.834 8 INFO neutron.pecan_wsgi.hooks.translation [None req-36c34034-9eae-4177-bb7e-3cbe7f001ace b6193b013a6148728df46c5bb7f0cb00 d964c22617754636a927cfae9dc7bddf - - default default] POST failed (client error): The resource could not be found. [pid: 8|app: 0|req: 2/6] 199.204.45.70 () {48 vars in 963 bytes} [Wed Jun 10 08:58:22 2026] POST /v2.0/networks => generated 124 bytes in 594 msecs (HTTP/1.1 404) 4 headers in 164 bytes (1 switches on core 0)
2026-06-10 08:58:29.141 7 INFO neutron.pecan_wsgi.hooks.translation [None req-04c331eb-e4b4-419f-8410-f6fd3af0e315 b6193b013a6148728df46c5bb7f0cb00 d964c22617754636a927cfae9dc7bddf - - default default] GET failed (client error): The resource could not be found. [pid: 7|app: 0|req: 5/7] 199.204.45.70 () {44 vars in 923 bytes} [Wed Jun 10 08:58:28 2026] GET /v2.0/networks/public => generated 108 bytes in 426 msecs (HTTP/1.1 404) 4 headers in 164 bytes (1 switches on core 0) [pid: 8|app: 0|req: 3/8] 199.204.45.70 () {44 vars in 945 bytes} [Wed Jun 10 08:58:29 2026] GET /v2.0/networks?name=public => generated 15 bytes in 22 msecs (HTTP/1.1 200) 4 headers in 156 bytes (1 switches on core 0)
2026-06-10 08:58:29.408 7 WARNING neutron.services.revisions.revision_plugin [None req-6618f0e6-b323-4008-be3e-b1e30ce28f3e b6193b013a6148728df46c5bb7f0cb00 d964c22617754636a927cfae9dc7bddf - - default default] Could not find related network for resource to bump revision.
2026-06-10 08:58:29.429 7 INFO neutron.db.segments_db [None req-6618f0e6-b323-4008-be3e-b1e30ce28f3e b6193b013a6148728df46c5bb7f0cb00 d964c22617754636a927cfae9dc7bddf - - default default] Added segment 4d687160-ad72-4cc8-bbfb-9cf8d9049dec of type flat for network 1c765918-f9aa-49b9-ac23-e2d207e6e286
2026-06-10 08:58:29.478 7 INFO neutron.pecan_wsgi.hooks.translation [None req-6618f0e6-b323-4008-be3e-b1e30ce28f3e b6193b013a6148728df46c5bb7f0cb00 d964c22617754636a927cfae9dc7bddf - - default default] POST failed (client error): The resource could not be found. [pid: 7|app: 0|req: 6/9] 199.204.45.70 () {48 vars in 963 bytes} [Wed Jun 10 08:58:29 2026] POST /v2.0/networks => generated 124 bytes in 319 msecs (HTTP/1.1 404) 4 headers in 164 bytes (1 switches on core 0)
2026-06-10 08:58:35.374 7 INFO neutron.pecan_wsgi.hooks.translation [None req-0ce23b7b-7fc9-451a-8ab3-010796bab106 b6193b013a6148728df46c5bb7f0cb00 d964c22617754636a927cfae9dc7bddf - - default default] GET failed (client error): The resource could not be found. [pid: 7|app: 0|req: 7/11] 199.204.45.70 () {44 vars in 923 bytes} [Wed Jun 10 08:58:35 2026] GET /v2.0/networks/public => generated 108 bytes in 49 msecs (HTTP/1.1 404) 4 headers in 164 bytes (1 switches on core 0) [pid: 8|app: 0|req: 5/12] 199.204.45.70 () {44 vars in 945 bytes} [Wed Jun 10 08:58:35 2026] GET /v2.0/networks?name=public => generated 15 bytes in 15 msecs (HTTP/1.1 200) 4 headers in 156 bytes (1 switches on core 0)
2026-06-10 08:58:35.448 7 WARNING neutron.services.revisions.revision_plugin [None req-40fa87f2-3be9-4cec-bae2-226b63282341 b6193b013a6148728df46c5bb7f0cb00 d964c22617754636a927cfae9dc7bddf - - default default] Could not find related network for resource to bump revision.
2026-06-10 08:58:35.464 7 INFO neutron.db.segments_db [None req-40fa87f2-3be9-4cec-bae2-226b63282341 b6193b013a6148728df46c5bb7f0cb00 d964c22617754636a927cfae9dc7bddf - - default default] Added segment a09edd67-7d2f-448b-8568-73f32535fa18 of type flat for network 2940c0fa-b839-4f24-905e-07e7f9bf39c9
2026-06-10 08:58:35.494 7 INFO neutron.pecan_wsgi.hooks.translation [None req-40fa87f2-3be9-4cec-bae2-226b63282341 b6193b013a6148728df46c5bb7f0cb00 d964c22617754636a927cfae9dc7bddf - - default default] POST failed (client error): The resource could not be found. [pid: 7|app: 0|req: 8/13] 199.204.45.70 () {48 vars in 963 bytes} [Wed Jun 10 08:58:35 2026] POST /v2.0/networks => generated 124 bytes in 108 msecs (HTTP/1.1 404) 4 headers in 164 bytes (1 switches on core 0)
2026-06-10 08:58:41.395 8 INFO neutron.pecan_wsgi.hooks.translation [None req-e1e1f8f8-31c1-4d57-9d2d-a5bb40d05f7c b6193b013a6148728df46c5bb7f0cb00 d964c22617754636a927cfae9dc7bddf - - default default] GET failed (client error): The resource could not be found. [pid: 8|app: 0|req: 6/14] 199.204.45.70 () {44 vars in 923 bytes} [Wed Jun 10 08:58:41 2026] GET /v2.0/networks/public => generated 108 bytes in 69 msecs (HTTP/1.1 404) 4 headers in 164 bytes (1 switches on core 0) [pid: 7|app: 0|req: 9/15] 199.204.45.70 () {44 vars in 945 bytes} [Wed Jun 10 08:58:41 2026] GET /v2.0/networks?name=public => generated 15 bytes in 14 msecs (HTTP/1.1 200) 4 headers in 156 bytes (1 switches on core 0)
2026-06-10 08:58:41.488 8 WARNING neutron.services.revisions.revision_plugin [None req-7a753e8f-4e49-430d-8957-f1f060ad23ee b6193b013a6148728df46c5bb7f0cb00 d964c22617754636a927cfae9dc7bddf - - default default] Could not find related network for resource to bump revision.
2026-06-10 08:58:41.505 8 INFO neutron.db.segments_db [None req-7a753e8f-4e49-430d-8957-f1f060ad23ee b6193b013a6148728df46c5bb7f0cb00 d964c22617754636a927cfae9dc7bddf - - default default] Added segment bd479a60-842a-4d17-8d89-2c00f5542350 of type flat for network 5bf34f15-c204-49df-a70d-e7f066988848
2026-06-10 08:58:41.568 8 INFO neutron.pecan_wsgi.hooks.translation [None req-7a753e8f-4e49-430d-8957-f1f060ad23ee b6193b013a6148728df46c5bb7f0cb00 d964c22617754636a927cfae9dc7bddf - - default default] POST failed (client error): The resource could not be found. [pid: 8|app: 0|req: 7/16] 199.204.45.70 () {48 vars in 963 bytes} [Wed Jun 10 08:58:41 2026] POST /v2.0/networks => generated 124 bytes in 159 msecs (HTTP/1.1 404) 4 headers in 164 bytes (1 switches on core 0)
2026-06-10 08:58:47.440 8 INFO neutron.pecan_wsgi.hooks.translation [None req-485a8ca4-a76c-402b-8542-cb85c40fd74f b6193b013a6148728df46c5bb7f0cb00 d964c22617754636a927cfae9dc7bddf - - default default] GET failed (client error): The resource could not be found. [pid: 8|app: 0|req: 8/18] 199.204.45.70 () {44 vars in 923 bytes} [Wed Jun 10 08:58:47 2026] GET /v2.0/networks/public => generated 108 bytes in 45 msecs (HTTP/1.1 404) 4 headers in 164 bytes (1 switches on core 0) [pid: 7|app: 0|req: 11/19] 199.204.45.70 () {44 vars in 945 bytes} [Wed Jun 10 08:58:47 2026] GET /v2.0/networks?name=public => generated 15 bytes in 16 msecs (HTTP/1.1 200) 4 headers in 156 bytes (1 switches on core 0)
2026-06-10 08:58:47.532 8 WARNING neutron.services.revisions.revision_plugin [None req-b32ecca3-ca05-4120-8ae4-0b769eb7c249 b6193b013a6148728df46c5bb7f0cb00 d964c22617754636a927cfae9dc7bddf - - default default] Could not find related network for resource to bump revision.
2026-06-10 08:58:47.546 8 INFO neutron.db.segments_db [None req-b32ecca3-ca05-4120-8ae4-0b769eb7c249 b6193b013a6148728df46c5bb7f0cb00 d964c22617754636a927cfae9dc7bddf - - default default] Added segment 4d2c90e0-6040-4821-89b6-2c021a7b69e0 of type flat for network 923c53d4-28cc-4e63-93e1-b0fb28888f28
2026-06-10 08:58:47.570 8 INFO neutron.pecan_wsgi.hooks.translation [None req-b32ecca3-ca05-4120-8ae4-0b769eb7c249 b6193b013a6148728df46c5bb7f0cb00 d964c22617754636a927cfae9dc7bddf - - default default] POST failed (client error): The resource could not be found. [pid: 8|app: 0|req: 9/20] 199.204.45.70 () {48 vars in 963 bytes} [Wed Jun 10 08:58:47 2026] POST /v2.0/networks => generated 124 bytes in 111 msecs (HTTP/1.1 404) 4 headers in 164 bytes (1 switches on core 0)
2026-06-10 08:58:53.450 7 INFO neutron.pecan_wsgi.hooks.translation [None req-084e10df-f27c-42de-be3d-61e3f0a4ad88 b6193b013a6148728df46c5bb7f0cb00 d964c22617754636a927cfae9dc7bddf - - default default] GET failed (client error): The resource could not be found. [pid: 7|app: 0|req: 12/21] 199.204.45.70 () {44 vars in 923 bytes} [Wed Jun 10 08:58:53 2026] GET /v2.0/networks/public => generated 108 bytes in 45 msecs (HTTP/1.1 404) 4 headers in 164 bytes (1 switches on core 0) [pid: 8|app: 0|req: 10/22] 199.204.45.70 () {44 vars in 945 bytes} [Wed Jun 10 08:58:53 2026] GET /v2.0/networks?name=public => generated 15 bytes in 14 msecs (HTTP/1.1 200) 4 headers in 156 bytes (1 switches on core 0)
2026-06-10 08:58:53.520 7 WARNING neutron.services.revisions.revision_plugin [None req-f5e9109f-93a3-4588-aa4a-d6e1af51a012 b6193b013a6148728df46c5bb7f0cb00 d964c22617754636a927cfae9dc7bddf - - default default] Could not find related network for resource to bump revision.
2026-06-10 08:58:53.540 7 INFO neutron.db.segments_db [None req-f5e9109f-93a3-4588-aa4a-d6e1af51a012 b6193b013a6148728df46c5bb7f0cb00 d964c22617754636a927cfae9dc7bddf - - default default] Added segment b650b649-c446-4681-9926-863118fbeac1 of type flat for network 69f4198f-648c-423f-85c7-ee8da6496d3a
2026-06-10 08:58:53.565 7 INFO neutron.pecan_wsgi.hooks.translation [None req-f5e9109f-93a3-4588-aa4a-d6e1af51a012 b6193b013a6148728df46c5bb7f0cb00 d964c22617754636a927cfae9dc7bddf - - default default] POST failed (client error): The resource could not be found. [pid: 7|app: 0|req: 13/23] 199.204.45.70 () {48 vars in 963 bytes} [Wed Jun 10 08:58:53 2026] POST /v2.0/networks => generated 124 bytes in 103 msecs (HTTP/1.1 404) 4 headers in 164 bytes (1 switches on core 0)
2026-06-10 08:58:59.429 8 INFO neutron.pecan_wsgi.hooks.translation [None req-911f40c5-008b-41c3-965a-1b15cda6ae1e b6193b013a6148728df46c5bb7f0cb00 d964c22617754636a927cfae9dc7bddf - - default default] GET failed (client error): The resource could not be found. [pid: 8|app: 0|req: 11/24] 199.204.45.70 () {44 vars in 923 bytes} [Wed Jun 10 08:58:59 2026] GET /v2.0/networks/public => generated 108 bytes in 41 msecs (HTTP/1.1 404) 4 headers in 164 bytes (1 switches on core 0) [pid: 7|app: 0|req: 14/25] 199.204.45.70 () {44 vars in 945 bytes} [Wed Jun 10 08:58:59 2026] GET /v2.0/networks?name=public => generated 15 bytes in 17 msecs (HTTP/1.1 200) 4 headers in 156 bytes (1 switches on core 0)
2026-06-10 08:58:59.501 8 WARNING neutron.services.revisions.revision_plugin [None req-f7ea6db8-7a56-4b0a-9999-5f12b4625d5d b6193b013a6148728df46c5bb7f0cb00 d964c22617754636a927cfae9dc7bddf - - default default] Could not find related network for resource to bump revision.
2026-06-10 08:58:59.511 8 INFO neutron.db.segments_db [None req-f7ea6db8-7a56-4b0a-9999-5f12b4625d5d b6193b013a6148728df46c5bb7f0cb00 d964c22617754636a927cfae9dc7bddf - - default default] Added segment 37515474-0967-4a44-bef8-b0b5b7f81c44 of type flat for network e9686406-6a59-49ba-a563-7cd4bb2743fe
2026-06-10 08:58:59.529 8 INFO neutron.pecan_wsgi.hooks.translation [None req-f7ea6db8-7a56-4b0a-9999-5f12b4625d5d b6193b013a6148728df46c5bb7f0cb00 d964c22617754636a927cfae9dc7bddf - - default default] POST failed (client error): The resource could not be found. [pid: 8|app: 0|req: 12/26] 199.204.45.70 () {48 vars in 963 bytes} [Wed Jun 10 08:58:59 2026] POST /v2.0/networks => generated 124 bytes in 83 msecs (HTTP/1.1 404) 4 headers in 164 bytes (1 switches on core 0)
2026-06-10 08:59:05.409 8 INFO neutron.pecan_wsgi.hooks.translation [None req-41ba639b-b806-42f3-9790-35297c153ec2 b6193b013a6148728df46c5bb7f0cb00 d964c22617754636a927cfae9dc7bddf - - default default] GET failed (client error): The resource could not be found. [pid: 8|app: 0|req: 13/28] 199.204.45.70 () {44 vars in 923 bytes} [Wed Jun 10 08:59:05 2026] GET /v2.0/networks/public => generated 108 bytes in 50 msecs (HTTP/1.1 404) 4 headers in 164 bytes (1 switches on core 0) [pid: 7|app: 0|req: 16/29] 199.204.45.70 () {44 vars in 945 bytes} [Wed Jun 10 08:59:05 2026] GET /v2.0/networks?name=public => generated 15 bytes in 11 msecs (HTTP/1.1 200) 4 headers in 156 bytes (1 switches on core 0)
2026-06-10 08:59:05.470 8 WARNING neutron.services.revisions.revision_plugin [None req-4cb79607-0656-4dc3-beac-38bdfcb9b4eb b6193b013a6148728df46c5bb7f0cb00 d964c22617754636a927cfae9dc7bddf - - default default] Could not find related network for resource to bump revision.
2026-06-10 08:59:05.481 8 INFO neutron.db.segments_db [None req-4cb79607-0656-4dc3-beac-38bdfcb9b4eb b6193b013a6148728df46c5bb7f0cb00 d964c22617754636a927cfae9dc7bddf - - default default] Added segment 0fcd4996-58ec-4868-ad85-2790104c2f5d of type flat for network 147c6d05-efd2-40b6-9023-da49742f5b78
2026-06-10 08:59:05.500 8 INFO neutron.pecan_wsgi.hooks.translation [None req-4cb79607-0656-4dc3-beac-38bdfcb9b4eb b6193b013a6148728df46c5bb7f0cb00 d964c22617754636a927cfae9dc7bddf - - default default] POST failed (client error): The resource could not be found. [pid: 8|app: 0|req: 14/30] 199.204.45.70 () {48 vars in 963 bytes} [Wed Jun 10 08:59:05 2026] POST /v2.0/networks => generated 124 bytes in 79 msecs (HTTP/1.1 404) 4 headers in 164 bytes (1 switches on core 0)
2026-06-10 08:59:11.394 7 INFO neutron.pecan_wsgi.hooks.translation [None req-dbb14ce8-de39-4646-9fe9-b16ae79b8a76 b6193b013a6148728df46c5bb7f0cb00 d964c22617754636a927cfae9dc7bddf - - default default] GET failed (client error): The resource could not be found. [pid: 7|app: 0|req: 17/31] 199.204.45.70 () {44 vars in 923 bytes} [Wed Jun 10 08:59:11 2026] GET /v2.0/networks/public => generated 108 bytes in 45 msecs (HTTP/1.1 404) 4 headers in 164 bytes (1 switches on core 0) [pid: 8|app: 0|req: 15/32] 199.204.45.70 () {44 vars in 945 bytes} [Wed Jun 10 08:59:11 2026] GET /v2.0/networks?name=public => generated 15 bytes in 15 msecs (HTTP/1.1 200) 4 headers in 156 bytes (1 switches on core 0)
