2026-06-12 04:24:59.453 8 INFO cinder.api.openstack.wsgi [None req-85979cb9-ddd7-4143-9709-40c89d453b19 c49e8a78432a4b33a647b7bd4e3eec14 4dab5ab0fb0b411d982f6887b732a3ff - - default default] http://10.0.0.129:8776/ returned with HTTP 300
2026-06-12 04:24:59.452 7 INFO cinder.api.openstack.wsgi [None req-596bbe08-2fb2-4806-902c-1ef868ad5372 c49e8a78432a4b33a647b7bd4e3eec14 4dab5ab0fb0b411d982f6887b732a3ff - - default default] GET http://10.0.0.129:8776/
2026-06-12 04:24:59.454 7 INFO cinder.api.openstack.wsgi [None req-596bbe08-2fb2-4806-902c-1ef868ad5372 c49e8a78432a4b33a647b7bd4e3eec14 4dab5ab0fb0b411d982f6887b732a3ff - - default default] http://10.0.0.129:8776/ returned with HTTP 300
2026-06-12 04:25:01.250 8 INFO cinder.api.openstack.wsgi [None req-83201349-0eea-4f26-8aee-6ce4c7c0dc52 d6b7e6dbf73a482293120dfcf6f5ab21 98a27345061e4cc5ba49ea50132ad797 - - default default] POST http://cinder-api.openstack.svc.cluster.local:8776/v3/98a27345061e4cc5ba49ea50132ad797/volumes
2026-06-12 04:25:01.254 8 INFO cinder.api.v3.volumes [None req-83201349-0eea-4f26-8aee-6ce4c7c0dc52 d6b7e6dbf73a482293120dfcf6f5ab21 98a27345061e4cc5ba49ea50132ad797 - - default default] Create volume of 1 GB
2026-06-12 04:25:01.287 8 INFO cinder.volume.api [None req-83201349-0eea-4f26-8aee-6ce4c7c0dc52 d6b7e6dbf73a482293120dfcf6f5ab21 98a27345061e4cc5ba49ea50132ad797 - - default default] Availability Zones retrieved successfully.
2026-06-12 04:25:01.569 8 INFO cinder.volume.api [None req-83201349-0eea-4f26-8aee-6ce4c7c0dc52 d6b7e6dbf73a482293120dfcf6f5ab21 98a27345061e4cc5ba49ea50132ad797 - - default default] Create volume request issued successfully.
2026-06-12 04:25:01.571 8 INFO cinder.api.openstack.wsgi [None req-83201349-0eea-4f26-8aee-6ce4c7c0dc52 d6b7e6dbf73a482293120dfcf6f5ab21 98a27345061e4cc5ba49ea50132ad797 - - default default] http://cinder-api.openstack.svc.cluster.local:8776/v3/98a27345061e4cc5ba49ea50132ad797/volumes returned with HTTP 202 [pid: 8|app: 0|req: 370/736] 10.0.0.5 () {34 vars in 720 bytes} [Fri Jun 12 04:25:01 2026] POST /v3/98a27345061e4cc5ba49ea50132ad797/volumes => generated 860 bytes in 437 msecs (HTTP/1.1 202) 7 headers in 291 bytes (1 switches on core 0)
2026-06-12 04:25:01.591 7 INFO cinder.api.openstack.wsgi [None req-fa933057-1d96-477a-b1c0-347829850396 d6b7e6dbf73a482293120dfcf6f5ab21 98a27345061e4cc5ba49ea50132ad797 - - default default] GET http://cinder-api.openstack.svc.cluster.local:8776/v3/98a27345061e4cc5ba49ea50132ad797/volumes/c20e3fdc-60d8-44f3-a5de-c7afc12a437d /var/lib/openstack/lib/python3.12/site-packages/oslo_context/context.py:101: DeprecationWarning: Policy enforcement is depending on the value of is_admin. This key is deprecated. Please update your policy file to use the standard policy values. warnings.warn(
2026-06-12 04:25:01.614 7 INFO cinder.volume.api [None req-fa933057-1d96-477a-b1c0-347829850396 d6b7e6dbf73a482293120dfcf6f5ab21 98a27345061e4cc5ba49ea50132ad797 - - default default] Volume info retrieved successfully.
2026-06-12 04:25:01.623 7 INFO cinder.api.openstack.wsgi [None req-fa933057-1d96-477a-b1c0-347829850396 d6b7e6dbf73a482293120dfcf6f5ab21 98a27345061e4cc5ba49ea50132ad797 - - default default] http://cinder-api.openstack.svc.cluster.local:8776/v3/98a27345061e4cc5ba49ea50132ad797/volumes/c20e3fdc-60d8-44f3-a5de-c7afc12a437d returned with HTTP 200 [pid: 7|app: 0|req: 367/737] 10.0.0.5 () {32 vars in 773 bytes} [Fri Jun 12 04:25:01 2026] GET /v3/98a27345061e4cc5ba49ea50132ad797/volumes/c20e3fdc-60d8-44f3-a5de-c7afc12a437d => generated 928 bytes in 38 msecs (HTTP/1.1 200) 7 headers in 285 bytes (1 switches on core 0) /var/lib/openstack/lib/python3.12/site-packages/pycadf/identifier.py:70: UserWarning: Invalid uuid: cinderv3. To ensure interoperability, identifiers should be a valid uuid. warnings.warn(('Invalid uuid: %s. To ensure interoperability, '
2026-06-12 04:25:02.645 8 INFO cinder.api.openstack.wsgi [None req-be3fe349-27a4-451c-b8ca-0add94ea36b0 d6b7e6dbf73a482293120dfcf6f5ab21 98a27345061e4cc5ba49ea50132ad797 - - default default] GET http://cinder-api.openstack.svc.cluster.local:8776/v3/98a27345061e4cc5ba49ea50132ad797/volumes/c20e3fdc-60d8-44f3-a5de-c7afc12a437d /var/lib/openstack/lib/python3.12/site-packages/oslo_context/context.py:101: DeprecationWarning: Policy enforcement is depending on the value of is_admin. This key is deprecated. Please update your policy file to use the standard policy values. warnings.warn(
2026-06-12 04:25:02.662 8 INFO cinder.volume.api [None req-be3fe349-27a4-451c-b8ca-0add94ea36b0 d6b7e6dbf73a482293120dfcf6f5ab21 98a27345061e4cc5ba49ea50132ad797 - - default default] Volume info retrieved successfully.
2026-06-12 04:25:02.666 8 INFO cinder.api.openstack.wsgi [None req-be3fe349-27a4-451c-b8ca-0add94ea36b0 d6b7e6dbf73a482293120dfcf6f5ab21 98a27345061e4cc5ba49ea50132ad797 - - default default] http://cinder-api.openstack.svc.cluster.local:8776/v3/98a27345061e4cc5ba49ea50132ad797/volumes/c20e3fdc-60d8-44f3-a5de-c7afc12a437d returned with HTTP 200 [pid: 8|app: 0|req: 371/738] 10.0.0.5 () {32 vars in 773 bytes} [Fri Jun 12 04:25:02 2026] GET /v3/98a27345061e4cc5ba49ea50132ad797/volumes/c20e3fdc-60d8-44f3-a5de-c7afc12a437d => generated 953 bytes in 28 msecs (HTTP/1.1 200) 7 headers in 285 bytes (1 switches on core 0) /var/lib/openstack/lib/python3.12/site-packages/pycadf/identifier.py:70: UserWarning: Invalid uuid: cinderv3. To ensure interoperability, identifiers should be a valid uuid. warnings.warn(('Invalid uuid: %s. To ensure interoperability, '
2026-06-12 04:25:04.577 7 INFO cinder.api.openstack.wsgi [None req-dfc6b65a-edd3-45c1-bb19-b4b7e4ba8a05 c49e8a78432a4b33a647b7bd4e3eec14 4dab5ab0fb0b411d982f6887b732a3ff - - default default] GET http://cinder-api.openstack.svc.cluster.local:8776/v3/4dab5ab0fb0b411d982f6887b732a3ff/snapshots?all_tenants=true
2026-06-12 04:25:04.587 7 INFO cinder.volume.api [None req-dfc6b65a-edd3-45c1-bb19-b4b7e4ba8a05 c49e8a78432a4b33a647b7bd4e3eec14 4dab5ab0fb0b411d982f6887b732a3ff - - default default] Get all snapshots completed successfully.
2026-06-12 04:25:04.587 7 INFO cinder.api.openstack.wsgi [None req-dfc6b65a-edd3-45c1-bb19-b4b7e4ba8a05 c49e8a78432a4b33a647b7bd4e3eec14 4dab5ab0fb0b411d982f6887b732a3ff - - default default] http://cinder-api.openstack.svc.cluster.local:8776/v3/4dab5ab0fb0b411d982f6887b732a3ff/snapshots?all_tenants=true returned with HTTP 200 [pid: 7|app: 0|req: 368/739] 10.0.0.4 () {28 vars in 672 bytes} [Fri Jun 12 04:25:04 2026] GET /v3/4dab5ab0fb0b411d982f6887b732a3ff/snapshots?all_tenants=true => generated 17 bytes in 116 msecs (HTTP/1.1 200) 7 headers in 284 bytes (1 switches on core 0) /var/lib/openstack/lib/python3.12/site-packages/pycadf/identifier.py:70: UserWarning: Invalid uuid: cinderv3. To ensure interoperability, identifiers should be a valid uuid. warnings.warn(('Invalid uuid: %s. To ensure interoperability, '
2026-06-12 04:25:04.600 8 INFO cinder.api.openstack.wsgi [None req-8b01cd7e-4efd-4a29-8de2-32a17e3cf5ae c49e8a78432a4b33a647b7bd4e3eec14 4dab5ab0fb0b411d982f6887b732a3ff - - default default] GET http://cinder-api.openstack.svc.cluster.local:8776/v3/4dab5ab0fb0b411d982f6887b732a3ff/scheduler-stats/get_pools?detail=true
2026-06-12 04:25:05.103 8 INFO cinder.api.openstack.wsgi [None req-8b01cd7e-4efd-4a29-8de2-32a17e3cf5ae c49e8a78432a4b33a647b7bd4e3eec14 4dab5ab0fb0b411d982f6887b732a3ff - - default default] http://cinder-api.openstack.svc.cluster.local:8776/v3/4dab5ab0fb0b411d982f6887b732a3ff/scheduler-stats/get_pools?detail=true returned with HTTP 200 [pid: 8|app: 0|req: 372/740] 10.0.0.4 () {28 vars in 694 bytes} [Fri Jun 12 04:25:04 2026] GET /v3/4dab5ab0fb0b411d982f6887b732a3ff/scheduler-stats/get_pools?detail=true => generated 670 bytes in 514 msecs (HTTP/1.1 200) 7 headers in 285 bytes (1 switches on core 0)
2026-06-12 04:25:05.117 7 INFO cinder.api.openstack.wsgi [None req-e65395ea-9311-472b-8daf-d299a0d090f2 c49e8a78432a4b33a647b7bd4e3eec14 4dab5ab0fb0b411d982f6887b732a3ff - - default default] GET http://cinder-api.openstack.svc.cluster.local:8776/v3/4dab5ab0fb0b411d982f6887b732a3ff/volumes/detail?all_tenants=true
2026-06-12 04:25:05.125 7 INFO cinder.volume.api [None req-e65395ea-9311-472b-8daf-d299a0d090f2 c49e8a78432a4b33a647b7bd4e3eec14 4dab5ab0fb0b411d982f6887b732a3ff - - default default] Get all volumes completed successfully. /var/lib/openstack/lib/python3.12/site-packages/oslo_context/context.py:101: DeprecationWarning: Policy enforcement is depending on the value of is_admin. This key is deprecated. Please update your policy file to use the standard policy values. warnings.warn(
2026-06-12 04:25:05.129 7 INFO cinder.api.openstack.wsgi [None req-e65395ea-9311-472b-8daf-d299a0d090f2 c49e8a78432a4b33a647b7bd4e3eec14 4dab5ab0fb0b411d982f6887b732a3ff - - default default] http://cinder-api.openstack.svc.cluster.local:8776/v3/4dab5ab0fb0b411d982f6887b732a3ff/volumes/detail?all_tenants=true returned with HTTP 200 [pid: 7|app: 0|req: 369/741] 10.0.0.4 () {28 vars in 682 bytes} [Fri Jun 12 04:25:05 2026] GET /v3/4dab5ab0fb0b411d982f6887b732a3ff/volumes/detail?all_tenants=true => generated 1121 bytes in 18 msecs (HTTP/1.1 200) 7 headers in 286 bytes (1 switches on core 0)
2026-06-12 04:25:05.255 8 INFO cinder.api.openstack.wsgi [None req-bcfeed0d-dae3-4c5f-a850-bb0ff40339e4 c49e8a78432a4b33a647b7bd4e3eec14 4dab5ab0fb0b411d982f6887b732a3ff - - default default] GET http://cinder-api.openstack.svc.cluster.local:8776/v3/4dab5ab0fb0b411d982f6887b732a3ff/os-quota-sets/47bc4501c3f2468984e5f8a8dd1becea?usage=true
2026-06-12 04:25:05.274 8 INFO cinder.api.openstack.wsgi [None req-bcfeed0d-dae3-4c5f-a850-bb0ff40339e4 c49e8a78432a4b33a647b7bd4e3eec14 4dab5ab0fb0b411d982f6887b732a3ff - - default default] http://cinder-api.openstack.svc.cluster.local:8776/v3/4dab5ab0fb0b411d982f6887b732a3ff/os-quota-sets/47bc4501c3f2468984e5f8a8dd1becea?usage=true returned with HTTP 200 [pid: 8|app: 0|req: 373/742] 10.0.0.4 () {28 vars in 734 bytes} [Fri Jun 12 04:25:05 2026] GET /v3/4dab5ab0fb0b411d982f6887b732a3ff/os-quota-sets/47bc4501c3f2468984e5f8a8dd1becea?usage=true => generated 847 bytes in 26 msecs (HTTP/1.1 200) 7 headers in 285 bytes (1 switches on core 0) /var/lib/openstack/lib/python3.12/site-packages/pycadf/identifier.py:70: UserWarning: Invalid uuid: cinderv3. To ensure interoperability, identifiers should be a valid uuid. warnings.warn(('Invalid uuid: %s. To ensure interoperability, '
2026-06-12 04:25:05.288 7 INFO cinder.api.openstack.wsgi [None req-e166b6e5-bdf5-4fa6-b1a2-8999af38b1fa c49e8a78432a4b33a647b7bd4e3eec14 4dab5ab0fb0b411d982f6887b732a3ff - - default default] GET http://cinder-api.openstack.svc.cluster.local:8776/v3/4dab5ab0fb0b411d982f6887b732a3ff/os-quota-sets/4dab5ab0fb0b411d982f6887b732a3ff?usage=true
2026-06-12 04:25:05.308 7 INFO cinder.api.openstack.wsgi [None req-e166b6e5-bdf5-4fa6-b1a2-8999af38b1fa c49e8a78432a4b33a647b7bd4e3eec14 4dab5ab0fb0b411d982f6887b732a3ff - - default default] http://cinder-api.openstack.svc.cluster.local:8776/v3/4dab5ab0fb0b411d982f6887b732a3ff/os-quota-sets/4dab5ab0fb0b411d982f6887b732a3ff?usage=true returned with HTTP 200 [pid: 7|app: 0|req: 370/743] 10.0.0.4 () {28 vars in 734 bytes} [Fri Jun 12 04:25:05 2026] GET /v3/4dab5ab0fb0b411d982f6887b732a3ff/os-quota-sets/4dab5ab0fb0b411d982f6887b732a3ff?usage=true => generated 845 bytes in 30 msecs (HTTP/1.1 200) 7 headers in 285 bytes (1 switches on core 0)
2026-06-12 04:25:05.322 8 INFO cinder.api.openstack.wsgi [None req-f5e43e87-3911-4e2b-9aea-e3c0859b1fdb c49e8a78432a4b33a647b7bd4e3eec14 4dab5ab0fb0b411d982f6887b732a3ff - - default default] GET http://cinder-api.openstack.svc.cluster.local:8776/v3/4dab5ab0fb0b411d982f6887b732a3ff/os-quota-sets/5cf7cf416edd471d868fb89ecca67784?usage=true
2026-06-12 04:25:05.349 8 INFO cinder.api.openstack.wsgi [None req-f5e43e87-3911-4e2b-9aea-e3c0859b1fdb c49e8a78432a4b33a647b7bd4e3eec14 4dab5ab0fb0b411d982f6887b732a3ff - - default default] http://cinder-api.openstack.svc.cluster.local:8776/v3/4dab5ab0fb0b411d982f6887b732a3ff/os-quota-sets/5cf7cf416edd471d868fb89ecca67784?usage=true returned with HTTP 200 [pid: 8|app: 0|req: 374/744] 10.0.0.4 () {28 vars in 734 bytes} [Fri Jun 12 04:25:05 2026] GET /v3/4dab5ab0fb0b411d982f6887b732a3ff/os-quota-sets/5cf7cf416edd471d868fb89ecca67784?usage=true => generated 847 bytes in 36 msecs (HTTP/1.1 200) 7 headers in 285 bytes (1 switches on core 0)
2026-06-12 04:25:05.370 7 INFO cinder.api.openstack.wsgi [None req-751a71b5-5f7b-4a5f-942c-1a4583008c19 c49e8a78432a4b33a647b7bd4e3eec14 4dab5ab0fb0b411d982f6887b732a3ff - - default default] GET http://cinder-api.openstack.svc.cluster.local:8776/v3/4dab5ab0fb0b411d982f6887b732a3ff/os-quota-sets/977bd2c91ae0463ab3f94a9038945c90?usage=true
2026-06-12 04:25:05.384 7 INFO cinder.api.openstack.wsgi [None req-751a71b5-5f7b-4a5f-942c-1a4583008c19 c49e8a78432a4b33a647b7bd4e3eec14 4dab5ab0fb0b411d982f6887b732a3ff - - default default] http://cinder-api.openstack.svc.cluster.local:8776/v3/4dab5ab0fb0b411d982f6887b732a3ff/os-quota-sets/977bd2c91ae0463ab3f94a9038945c90?usage=true returned with HTTP 200 [pid: 7|app: 0|req: 371/745] 10.0.0.4 () {28 vars in 734 bytes} [Fri Jun 12 04:25:05 2026] GET /v3/4dab5ab0fb0b411d982f6887b732a3ff/os-quota-sets/977bd2c91ae0463ab3f94a9038945c90?usage=true => generated 845 bytes in 19 msecs (HTTP/1.1 200) 7 headers in 285 bytes (1 switches on core 0)
2026-06-12 04:25:05.397 8 INFO cinder.api.openstack.wsgi [None req-9967656d-a6ca-4267-9d3e-01f99e1b3ab1 c49e8a78432a4b33a647b7bd4e3eec14 4dab5ab0fb0b411d982f6887b732a3ff - - default default] GET http://cinder-api.openstack.svc.cluster.local:8776/v3/4dab5ab0fb0b411d982f6887b732a3ff/os-quota-sets/98a27345061e4cc5ba49ea50132ad797?usage=true
2026-06-12 04:25:05.425 8 INFO cinder.api.openstack.wsgi [None req-9967656d-a6ca-4267-9d3e-01f99e1b3ab1 c49e8a78432a4b33a647b7bd4e3eec14 4dab5ab0fb0b411d982f6887b732a3ff - - default default] http://cinder-api.openstack.svc.cluster.local:8776/v3/4dab5ab0fb0b411d982f6887b732a3ff/os-quota-sets/98a27345061e4cc5ba49ea50132ad797?usage=true returned with HTTP 200 [pid: 8|app: 0|req: 375/746] 10.0.0.4 () {28 vars in 734 bytes} [Fri Jun 12 04:25:05 2026] GET /v3/4dab5ab0fb0b411d982f6887b732a3ff/os-quota-sets/98a27345061e4cc5ba49ea50132ad797?usage=true => generated 847 bytes in 37 msecs (HTTP/1.1 200) 7 headers in 285 bytes (1 switches on core 0)
2026-06-12 04:25:05.435 7 INFO cinder.api.openstack.wsgi [None req-699ec23e-dc7c-42f7-b941-2e21915e34f8 c49e8a78432a4b33a647b7bd4e3eec14 4dab5ab0fb0b411d982f6887b732a3ff - - default default] GET http://cinder-api.openstack.svc.cluster.local:8776/v3/4dab5ab0fb0b411d982f6887b732a3ff/os-quota-sets/a49bac96953e4af990e00bf39e312a66?usage=true
2026-06-12 04:25:05.449 7 INFO cinder.api.openstack.wsgi [None req-699ec23e-dc7c-42f7-b941-2e21915e34f8 c49e8a78432a4b33a647b7bd4e3eec14 4dab5ab0fb0b411d982f6887b732a3ff - - default default] http://cinder-api.openstack.svc.cluster.local:8776/v3/4dab5ab0fb0b411d982f6887b732a3ff/os-quota-sets/a49bac96953e4af990e00bf39e312a66?usage=true returned with HTTP 200 [pid: 7|app: 0|req: 372/747] 10.0.0.4 () {28 vars in 734 bytes} [Fri Jun 12 04:25:05 2026] GET /v3/4dab5ab0fb0b411d982f6887b732a3ff/os-quota-sets/a49bac96953e4af990e00bf39e312a66?usage=true => generated 847 bytes in 20 msecs (HTTP/1.1 200) 7 headers in 285 bytes (1 switches on core 0)
2026-06-12 04:25:05.461 8 INFO cinder.api.openstack.wsgi [None req-21791884-1a7c-46cc-9675-94447a93997f c49e8a78432a4b33a647b7bd4e3eec14 4dab5ab0fb0b411d982f6887b732a3ff - - default default] GET http://cinder-api.openstack.svc.cluster.local:8776/v3/4dab5ab0fb0b411d982f6887b732a3ff/os-quota-sets/d390be46d43549ce8b247fba6850059b?usage=true
2026-06-12 04:25:05.502 8 INFO cinder.api.openstack.wsgi [None req-21791884-1a7c-46cc-9675-94447a93997f c49e8a78432a4b33a647b7bd4e3eec14 4dab5ab0fb0b411d982f6887b732a3ff - - default default] http://cinder-api.openstack.svc.cluster.local:8776/v3/4dab5ab0fb0b411d982f6887b732a3ff/os-quota-sets/d390be46d43549ce8b247fba6850059b?usage=true returned with HTTP 200 [pid: 8|app: 0|req: 376/748] 10.0.0.4 () {28 vars in 734 bytes} [Fri Jun 12 04:25:05 2026] GET /v3/4dab5ab0fb0b411d982f6887b732a3ff/os-quota-sets/d390be46d43549ce8b247fba6850059b?usage=true => generated 847 bytes in 50 msecs (HTTP/1.1 200) 7 headers in 285 bytes (1 switches on core 0)
2026-06-12 04:25:05.516 7 INFO cinder.api.openstack.wsgi [None req-078c22fe-d24f-454b-bb17-babe89c2c1dc c49e8a78432a4b33a647b7bd4e3eec14 4dab5ab0fb0b411d982f6887b732a3ff - - default default] GET http://cinder-api.openstack.svc.cluster.local:8776/v3/4dab5ab0fb0b411d982f6887b732a3ff/os-services
2026-06-12 04:25:05.522 7 INFO cinder.api.openstack.wsgi [None req-078c22fe-d24f-454b-bb17-babe89c2c1dc c49e8a78432a4b33a647b7bd4e3eec14 4dab5ab0fb0b411d982f6887b732a3ff - - default default] http://cinder-api.openstack.svc.cluster.local:8776/v3/4dab5ab0fb0b411d982f6887b732a3ff/os-services returned with HTTP 200 [pid: 7|app: 0|req: 373/749] 10.0.0.4 () {28 vars in 643 bytes} [Fri Jun 12 04:25:05 2026] GET /v3/4dab5ab0fb0b411d982f6887b732a3ff/os-services => generated 646 bytes in 14 msecs (HTTP/1.1 200) 7 headers in 285 bytes (1 switches on core 0)
2026-06-12 04:25:05.537 8 INFO cinder.api.openstack.wsgi [None req-04ccf7e9-9f57-4474-a5a7-bff1a1e14039 c49e8a78432a4b33a647b7bd4e3eec14 4dab5ab0fb0b411d982f6887b732a3ff - - default default] GET http://cinder-api.openstack.svc.cluster.local:8776/v3/4dab5ab0fb0b411d982f6887b732a3ff/volumes/detail?all_tenants=true
2026-06-12 04:25:05.558 8 INFO cinder.volume.api [None req-04ccf7e9-9f57-4474-a5a7-bff1a1e14039 c49e8a78432a4b33a647b7bd4e3eec14 4dab5ab0fb0b411d982f6887b732a3ff - - default default] Get all volumes completed successfully. /var/lib/openstack/lib/python3.12/site-packages/oslo_context/context.py:101: DeprecationWarning: Policy enforcement is depending on the value of is_admin. This key is deprecated. Please update your policy file to use the standard policy values. warnings.warn(
2026-06-12 04:25:05.567 8 INFO cinder.api.openstack.wsgi [None req-04ccf7e9-9f57-4474-a5a7-bff1a1e14039 c49e8a78432a4b33a647b7bd4e3eec14 4dab5ab0fb0b411d982f6887b732a3ff - - default default] http://cinder-api.openstack.svc.cluster.local:8776/v3/4dab5ab0fb0b411d982f6887b732a3ff/volumes/detail?all_tenants=true returned with HTTP 200 [pid: 8|app: 0|req: 377/750] 10.0.0.4 () {28 vars in 682 bytes} [Fri Jun 12 04:25:05 2026] GET /v3/4dab5ab0fb0b411d982f6887b732a3ff/volumes/detail?all_tenants=true => generated 1121 bytes in 38 msecs (HTTP/1.1 200) 7 headers in 286 bytes (1 switches on core 0)
2026-06-12 04:25:09.453 7 INFO cinder.api.openstack.wsgi [None req-078c22fe-d24f-454b-bb17-babe89c2c1dc c49e8a78432a4b33a647b7bd4e3eec14 4dab5ab0fb0b411d982f6887b732a3ff - - default default] GET http://10.0.0.129:8776/
2026-06-12 04:25:09.453 8 INFO cinder.api.openstack.wsgi [None req-04ccf7e9-9f57-4474-a5a7-bff1a1e14039 c49e8a78432a4b33a647b7bd4e3eec14 4dab5ab0fb0b411d982f6887b732a3ff - - default default] GET http://10.0.0.129:8776/
2026-06-12 04:25:09.454 7 INFO cinder.api.openstack.wsgi [None req-078c22fe-d24f-454b-bb17-babe89c2c1dc c49e8a78432a4b33a647b7bd4e3eec14 4dab5ab0fb0b411d982f6887b732a3ff - - default default] http://10.0.0.129:8776/ returned with HTTP 300
2026-06-12 04:25:09.454 8 INFO cinder.api.openstack.wsgi [None req-04ccf7e9-9f57-4474-a5a7-bff1a1e14039 c49e8a78432a4b33a647b7bd4e3eec14 4dab5ab0fb0b411d982f6887b732a3ff - - default default] http://10.0.0.129:8776/ returned with HTTP 300
2026-06-12 04:25:13.922 7 INFO cinder.api.openstack.wsgi [req-1c3cc572-da9d-4829-b865-357cb3f0548f req-d8bff3e4-73a7-4a69-8979-dab6f7789a47 6a023aa09f4c422ca6c3e98e3014bdc1 d390be46d43549ce8b247fba6850059b - - default default] GET http://cinder-api.openstack.svc.cluster.local:8776/v3/d390be46d43549ce8b247fba6850059b/attachments?instance_id=dea1efc1-daa1-4104-a081-5a3c07428132
2026-06-12 04:25:13.935 7 INFO cinder.api.openstack.wsgi [req-1c3cc572-da9d-4829-b865-357cb3f0548f req-d8bff3e4-73a7-4a69-8979-dab6f7789a47 6a023aa09f4c422ca6c3e98e3014bdc1 d390be46d43549ce8b247fba6850059b - - default default] http://cinder-api.openstack.svc.cluster.local:8776/v3/d390be46d43549ce8b247fba6850059b/attachments?instance_id=dea1efc1-daa1-4104-a081-5a3c07428132 returned with HTTP 200 [pid: 7|app: 0|req: 375/753] 199.204.45.109 () {36 vars in 1104 bytes} [Fri Jun 12 04:25:13 2026] GET /v3/d390be46d43549ce8b247fba6850059b/attachments?instance_id=dea1efc1-daa1-4104-a081-5a3c07428132 => generated 19 bytes in 21 msecs (HTTP/1.1 200) 7 headers in 285 bytes (1 switches on core 0)
2026-06-12 04:25:19.453 8 INFO cinder.api.openstack.wsgi [None req-04ccf7e9-9f57-4474-a5a7-bff1a1e14039 c49e8a78432a4b33a647b7bd4e3eec14 4dab5ab0fb0b411d982f6887b732a3ff - - default default] GET http://10.0.0.129:8776/
2026-06-12 04:25:19.454 8 INFO cinder.api.openstack.wsgi [None req-04ccf7e9-9f57-4474-a5a7-bff1a1e14039 c49e8a78432a4b33a647b7bd4e3eec14 4dab5ab0fb0b411d982f6887b732a3ff - - default default] http://10.0.0.129:8776/ returned with HTTP 300
2026-06-12 04:25:19.453 7 INFO cinder.api.openstack.wsgi [req-1c3cc572-da9d-4829-b865-357cb3f0548f req-d8bff3e4-73a7-4a69-8979-dab6f7789a47 6a023aa09f4c422ca6c3e98e3014bdc1 d390be46d43549ce8b247fba6850059b - - default default] GET http://10.0.0.129:8776/
2026-06-12 04:25:19.455 7 INFO cinder.api.openstack.wsgi [req-1c3cc572-da9d-4829-b865-357cb3f0548f req-d8bff3e4-73a7-4a69-8979-dab6f7789a47 6a023aa09f4c422ca6c3e98e3014bdc1 d390be46d43549ce8b247fba6850059b - - default default] http://10.0.0.129:8776/ returned with HTTP 300 /var/lib/openstack/lib/python3.12/site-packages/pycadf/identifier.py:70: UserWarning: Invalid uuid: cinderv3. To ensure interoperability, identifiers should be a valid uuid. warnings.warn(('Invalid uuid: %s. To ensure interoperability, '
2026-06-12 04:25:20.066 8 INFO cinder.api.openstack.wsgi [None req-494313a1-9eb0-4c08-8049-bd2468e36ed2 d6b7e6dbf73a482293120dfcf6f5ab21 98a27345061e4cc5ba49ea50132ad797 - - default default] POST http://cinder-api.openstack.svc.cluster.local:8776/v3/98a27345061e4cc5ba49ea50132ad797/volumes/c20e3fdc-60d8-44f3-a5de-c7afc12a437d/action /var/lib/openstack/lib/python3.12/site-packages/oslo_context/context.py:101: DeprecationWarning: Policy enforcement is depending on the value of is_admin. This key is deprecated. Please update your policy file to use the standard policy values. warnings.warn(
2026-06-12 04:25:20.081 8 INFO cinder.volume.api [None req-494313a1-9eb0-4c08-8049-bd2468e36ed2 d6b7e6dbf73a482293120dfcf6f5ab21 98a27345061e4cc5ba49ea50132ad797 - - default default] Volume info retrieved successfully.
2026-06-12 04:25:20.091 8 INFO cinder.volume.api [None req-494313a1-9eb0-4c08-8049-bd2468e36ed2 d6b7e6dbf73a482293120dfcf6f5ab21 98a27345061e4cc5ba49ea50132ad797 - - default default] Update volume admin metadata completed successfully.
2026-06-12 04:25:20.597 8 INFO cinder.volume.api [None req-494313a1-9eb0-4c08-8049-bd2468e36ed2 d6b7e6dbf73a482293120dfcf6f5ab21 98a27345061e4cc5ba49ea50132ad797 - - default default] Attach volume completed successfully.
2026-06-12 04:25:20.599 8 INFO cinder.api.openstack.wsgi [None req-494313a1-9eb0-4c08-8049-bd2468e36ed2 d6b7e6dbf73a482293120dfcf6f5ab21 98a27345061e4cc5ba49ea50132ad797 - - default default] http://cinder-api.openstack.svc.cluster.local:8776/v3/98a27345061e4cc5ba49ea50132ad797/volumes/c20e3fdc-60d8-44f3-a5de-c7afc12a437d/action returned with HTTP 202 [pid: 8|app: 0|req: 380/756] 10.0.0.5 () {34 vars in 808 bytes} [Fri Jun 12 04:25:20 2026] POST /v3/98a27345061e4cc5ba49ea50132ad797/volumes/c20e3fdc-60d8-44f3-a5de-c7afc12a437d/action => generated 0 bytes in 544 msecs (HTTP/1.1 202) 7 headers in 289 bytes (1 switches on core 0)
2026-06-12 04:25:20.618 7 INFO cinder.api.openstack.wsgi [None req-b0c791a9-e6f4-4920-8aa7-bb6adc58145e d6b7e6dbf73a482293120dfcf6f5ab21 98a27345061e4cc5ba49ea50132ad797 - - default default] GET http://cinder-api.openstack.svc.cluster.local:8776/v3/98a27345061e4cc5ba49ea50132ad797/volumes/c20e3fdc-60d8-44f3-a5de-c7afc12a437d /var/lib/openstack/lib/python3.12/site-packages/oslo_context/context.py:101: DeprecationWarning: Policy enforcement is depending on the value of is_admin. This key is deprecated. Please update your policy file to use the standard policy values. warnings.warn(
2026-06-12 04:25:20.653 7 INFO cinder.volume.api [None req-b0c791a9-e6f4-4920-8aa7-bb6adc58145e d6b7e6dbf73a482293120dfcf6f5ab21 98a27345061e4cc5ba49ea50132ad797 - - default default] Volume info retrieved successfully.
2026-06-12 04:25:20.659 7 INFO cinder.api.openstack.wsgi [None req-b0c791a9-e6f4-4920-8aa7-bb6adc58145e d6b7e6dbf73a482293120dfcf6f5ab21 98a27345061e4cc5ba49ea50132ad797 - - default default] http://cinder-api.openstack.svc.cluster.local:8776/v3/98a27345061e4cc5ba49ea50132ad797/volumes/c20e3fdc-60d8-44f3-a5de-c7afc12a437d returned with HTTP 200 [pid: 7|app: 0|req: 377/757] 10.0.0.5 () {32 vars in 773 bytes} [Fri Jun 12 04:25:20 2026] GET /v3/98a27345061e4cc5ba49ea50132ad797/volumes/c20e3fdc-60d8-44f3-a5de-c7afc12a437d => generated 1287 bytes in 50 msecs (HTTP/1.1 200) 7 headers in 286 bytes (1 switches on core 0) /var/lib/openstack/lib/python3.12/site-packages/pycadf/identifier.py:70: UserWarning: Invalid uuid: cinderv3. To ensure interoperability, identifiers should be a valid uuid. warnings.warn(('Invalid uuid: %s. To ensure interoperability, '
2026-06-12 04:25:20.683 8 INFO cinder.api.openstack.wsgi [None req-39459098-a18f-4813-af3d-3604984c6057 d6b7e6dbf73a482293120dfcf6f5ab21 98a27345061e4cc5ba49ea50132ad797 - - default default] POST http://cinder-api.openstack.svc.cluster.local:8776/v3/98a27345061e4cc5ba49ea50132ad797/volumes/c20e3fdc-60d8-44f3-a5de-c7afc12a437d/action /var/lib/openstack/lib/python3.12/site-packages/oslo_context/context.py:101: DeprecationWarning: Policy enforcement is depending on the value of is_admin. This key is deprecated. Please update your policy file to use the standard policy values. warnings.warn(
2026-06-12 04:25:20.696 8 INFO cinder.volume.api [None req-39459098-a18f-4813-af3d-3604984c6057 d6b7e6dbf73a482293120dfcf6f5ab21 98a27345061e4cc5ba49ea50132ad797 - - default default] Volume info retrieved successfully.
2026-06-12 04:25:21.201 8 INFO cinder.volume.api [None req-39459098-a18f-4813-af3d-3604984c6057 d6b7e6dbf73a482293120dfcf6f5ab21 98a27345061e4cc5ba49ea50132ad797 - - default default] Detach volume completed successfully.
2026-06-12 04:25:21.202 8 INFO cinder.api.openstack.wsgi [None req-39459098-a18f-4813-af3d-3604984c6057 d6b7e6dbf73a482293120dfcf6f5ab21 98a27345061e4cc5ba49ea50132ad797 - - default default] http://cinder-api.openstack.svc.cluster.local:8776/v3/98a27345061e4cc5ba49ea50132ad797/volumes/c20e3fdc-60d8-44f3-a5de-c7afc12a437d/action returned with HTTP 202 [pid: 8|app: 0|req: 381/758] 10.0.0.5 () {34 vars in 808 bytes} [Fri Jun 12 04:25:20 2026] POST /v3/98a27345061e4cc5ba49ea50132ad797/volumes/c20e3fdc-60d8-44f3-a5de-c7afc12a437d/action => generated 0 bytes in 525 msecs (HTTP/1.1 202) 7 headers in 289 bytes (1 switches on core 0) /var/lib/openstack/lib/python3.12/site-packages/pycadf/identifier.py:70: UserWarning: Invalid uuid: cinderv3. To ensure interoperability, identifiers should be a valid uuid. warnings.warn(('Invalid uuid: %s. To ensure interoperability, '
2026-06-12 04:25:21.219 7 INFO cinder.api.openstack.wsgi [None req-cdbed6ef-267a-4cc2-b979-8375fcfb1577 d6b7e6dbf73a482293120dfcf6f5ab21 98a27345061e4cc5ba49ea50132ad797 - - default default] GET http://cinder-api.openstack.svc.cluster.local:8776/v3/98a27345061e4cc5ba49ea50132ad797/volumes/c20e3fdc-60d8-44f3-a5de-c7afc12a437d /var/lib/openstack/lib/python3.12/site-packages/oslo_context/context.py:101: DeprecationWarning: Policy enforcement is depending on the value of is_admin. This key is deprecated. Please update your policy file to use the standard policy values. warnings.warn(
2026-06-12 04:25:21.240 7 INFO cinder.volume.api [None req-cdbed6ef-267a-4cc2-b979-8375fcfb1577 d6b7e6dbf73a482293120dfcf6f5ab21 98a27345061e4cc5ba49ea50132ad797 - - default default] Volume info retrieved successfully.
2026-06-12 04:25:21.247 7 INFO cinder.api.openstack.wsgi [None req-cdbed6ef-267a-4cc2-b979-8375fcfb1577 d6b7e6dbf73a482293120dfcf6f5ab21 98a27345061e4cc5ba49ea50132ad797 - - default default] http://cinder-api.openstack.svc.cluster.local:8776/v3/98a27345061e4cc5ba49ea50132ad797/volumes/c20e3fdc-60d8-44f3-a5de-c7afc12a437d returned with HTTP 200 [pid: 7|app: 0|req: 378/759] 10.0.0.5 () {32 vars in 773 bytes} [Fri Jun 12 04:25:21 2026] GET /v3/98a27345061e4cc5ba49ea50132ad797/volumes/c20e3fdc-60d8-44f3-a5de-c7afc12a437d => generated 972 bytes in 35 msecs (HTTP/1.1 200) 7 headers in 285 bytes (1 switches on core 0) /var/lib/openstack/lib/python3.12/site-packages/pycadf/identifier.py:70: UserWarning: Invalid uuid: cinderv3. To ensure interoperability, identifiers should be a valid uuid. warnings.warn(('Invalid uuid: %s. To ensure interoperability, '
2026-06-12 04:25:27.757 8 INFO cinder.api.openstack.wsgi [None req-0c2b2026-701f-4996-bb94-080fde7b25cf d6b7e6dbf73a482293120dfcf6f5ab21 98a27345061e4cc5ba49ea50132ad797 - - default default] GET http://cinder-api.openstack.svc.cluster.local:8776/v3/98a27345061e4cc5ba49ea50132ad797/volumes/c20e3fdc-60d8-44f3-a5de-c7afc12a437d /var/lib/openstack/lib/python3.12/site-packages/oslo_context/context.py:101: DeprecationWarning: Policy enforcement is depending on the value of is_admin. This key is deprecated. Please update your policy file to use the standard policy values. warnings.warn(
2026-06-12 04:25:27.784 8 INFO cinder.volume.api [None req-0c2b2026-701f-4996-bb94-080fde7b25cf d6b7e6dbf73a482293120dfcf6f5ab21 98a27345061e4cc5ba49ea50132ad797 - - default default] Volume info retrieved successfully.
2026-06-12 04:25:27.790 8 INFO cinder.api.openstack.wsgi [None req-0c2b2026-701f-4996-bb94-080fde7b25cf d6b7e6dbf73a482293120dfcf6f5ab21 98a27345061e4cc5ba49ea50132ad797 - - default default] http://cinder-api.openstack.svc.cluster.local:8776/v3/98a27345061e4cc5ba49ea50132ad797/volumes/c20e3fdc-60d8-44f3-a5de-c7afc12a437d returned with HTTP 200 [pid: 8|app: 0|req: 382/760] 10.0.0.5 () {32 vars in 773 bytes} [Fri Jun 12 04:25:27 2026] GET /v3/98a27345061e4cc5ba49ea50132ad797/volumes/c20e3fdc-60d8-44f3-a5de-c7afc12a437d => generated 972 bytes in 41 msecs (HTTP/1.1 200) 7 headers in 285 bytes (1 switches on core 0) /var/lib/openstack/lib/python3.12/site-packages/pycadf/identifier.py:70: UserWarning: Invalid uuid: cinderv3. To ensure interoperability, identifiers should be a valid uuid. warnings.warn(('Invalid uuid: %s. To ensure interoperability, '
2026-06-12 04:25:27.815 7 INFO cinder.api.openstack.wsgi [None req-6e71d7fc-aecd-4ecb-b9b8-c8a415796f04 d6b7e6dbf73a482293120dfcf6f5ab21 98a27345061e4cc5ba49ea50132ad797 - - default default] DELETE http://cinder-api.openstack.svc.cluster.local:8776/v3/98a27345061e4cc5ba49ea50132ad797/volumes/c20e3fdc-60d8-44f3-a5de-c7afc12a437d
2026-06-12 04:25:27.816 7 INFO cinder.api.v3.volumes [None req-6e71d7fc-aecd-4ecb-b9b8-c8a415796f04 d6b7e6dbf73a482293120dfcf6f5ab21 98a27345061e4cc5ba49ea50132ad797 - - default default] Delete volume with id: c20e3fdc-60d8-44f3-a5de-c7afc12a437d /var/lib/openstack/lib/python3.12/site-packages/oslo_context/context.py:101: DeprecationWarning: Policy enforcement is depending on the value of is_admin. This key is deprecated. Please update your policy file to use the standard policy values. warnings.warn(
2026-06-12 04:25:27.829 7 INFO cinder.volume.api [None req-6e71d7fc-aecd-4ecb-b9b8-c8a415796f04 d6b7e6dbf73a482293120dfcf6f5ab21 98a27345061e4cc5ba49ea50132ad797 - - default default] Volume info retrieved successfully.
2026-06-12 04:25:27.855 7 INFO cinder.volume.api [None req-6e71d7fc-aecd-4ecb-b9b8-c8a415796f04 d6b7e6dbf73a482293120dfcf6f5ab21 98a27345061e4cc5ba49ea50132ad797 - - default default] Delete volume request issued successfully.
2026-06-12 04:25:27.856 7 INFO cinder.api.openstack.wsgi [None req-6e71d7fc-aecd-4ecb-b9b8-c8a415796f04 d6b7e6dbf73a482293120dfcf6f5ab21 98a27345061e4cc5ba49ea50132ad797 - - default default] http://cinder-api.openstack.svc.cluster.local:8776/v3/98a27345061e4cc5ba49ea50132ad797/volumes/c20e3fdc-60d8-44f3-a5de-c7afc12a437d returned with HTTP 202 [pid: 7|app: 0|req: 379/761] 10.0.0.5 () {32 vars in 776 bytes} [Fri Jun 12 04:25:27 2026] DELETE /v3/98a27345061e4cc5ba49ea50132ad797/volumes/c20e3fdc-60d8-44f3-a5de-c7afc12a437d => generated 0 bytes in 48 msecs (HTTP/1.1 202) 6 headers in 233 bytes (1 switches on core 0) /var/lib/openstack/lib/python3.12/site-packages/pycadf/identifier.py:70: UserWarning: Invalid uuid: cinderv3. To ensure interoperability, identifiers should be a valid uuid. warnings.warn(('Invalid uuid: %s. To ensure interoperability, '
2026-06-12 04:25:27.868 8 INFO cinder.api.openstack.wsgi [None req-c73213e2-4f5d-4919-baa1-4718b07ca258 d6b7e6dbf73a482293120dfcf6f5ab21 98a27345061e4cc5ba49ea50132ad797 - - default default] GET http://cinder-api.openstack.svc.cluster.local:8776/v3/98a27345061e4cc5ba49ea50132ad797/volumes/c20e3fdc-60d8-44f3-a5de-c7afc12a437d /var/lib/openstack/lib/python3.12/site-packages/oslo_context/context.py:101: DeprecationWarning: Policy enforcement is depending on the value of is_admin. This key is deprecated. Please update your policy file to use the standard policy values. warnings.warn(
2026-06-12 04:25:27.888 8 INFO cinder.volume.api [None req-c73213e2-4f5d-4919-baa1-4718b07ca258 d6b7e6dbf73a482293120dfcf6f5ab21 98a27345061e4cc5ba49ea50132ad797 - - default default] Volume info retrieved successfully.
2026-06-12 04:25:27.894 8 INFO cinder.api.openstack.wsgi [None req-c73213e2-4f5d-4919-baa1-4718b07ca258 d6b7e6dbf73a482293120dfcf6f5ab21 98a27345061e4cc5ba49ea50132ad797 - - default default] http://cinder-api.openstack.svc.cluster.local:8776/v3/98a27345061e4cc5ba49ea50132ad797/volumes/c20e3fdc-60d8-44f3-a5de-c7afc12a437d returned with HTTP 200 [pid: 8|app: 0|req: 383/762] 10.0.0.5 () {32 vars in 773 bytes} [Fri Jun 12 04:25:27 2026] GET /v3/98a27345061e4cc5ba49ea50132ad797/volumes/c20e3fdc-60d8-44f3-a5de-c7afc12a437d => generated 971 bytes in 33 msecs (HTTP/1.1 200) 7 headers in 285 bytes (1 switches on core 0) /var/lib/openstack/lib/python3.12/site-packages/pycadf/identifier.py:70: UserWarning: Invalid uuid: cinderv3. To ensure interoperability, identifiers should be a valid uuid. warnings.warn(('Invalid uuid: %s. To ensure interoperability, '
2026-06-12 04:25:28.914 7 INFO cinder.api.openstack.wsgi [None req-f5b5ea15-cb95-4d97-8ec6-5734c6ea890a d6b7e6dbf73a482293120dfcf6f5ab21 98a27345061e4cc5ba49ea50132ad797 - - default default] GET http://cinder-api.openstack.svc.cluster.local:8776/v3/98a27345061e4cc5ba49ea50132ad797/volumes/c20e3fdc-60d8-44f3-a5de-c7afc12a437d
2026-06-12 04:25:28.922 7 INFO cinder.api.openstack.wsgi [None req-f5b5ea15-cb95-4d97-8ec6-5734c6ea890a d6b7e6dbf73a482293120dfcf6f5ab21 98a27345061e4cc5ba49ea50132ad797 - - default default] http://cinder-api.openstack.svc.cluster.local:8776/v3/98a27345061e4cc5ba49ea50132ad797/volumes/c20e3fdc-60d8-44f3-a5de-c7afc12a437d returned with HTTP 404 [pid: 7|app: 0|req: 380/763] 10.0.0.5 () {32 vars in 773 bytes} [Fri Jun 12 04:25:28 2026] GET /v3/98a27345061e4cc5ba49ea50132ad797/volumes/c20e3fdc-60d8-44f3-a5de-c7afc12a437d => generated 109 bytes in 15 msecs (HTTP/1.1 404) 7 headers in 292 bytes (1 switches on core 0)
2026-06-12 04:25:29.452 8 INFO cinder.api.openstack.wsgi [None req-c73213e2-4f5d-4919-baa1-4718b07ca258 d6b7e6dbf73a482293120dfcf6f5ab21 98a27345061e4cc5ba49ea50132ad797 - - default default] GET http://10.0.0.129:8776/
2026-06-12 04:25:29.455 7 INFO cinder.api.openstack.wsgi [None req-f5b5ea15-cb95-4d97-8ec6-5734c6ea890a d6b7e6dbf73a482293120dfcf6f5ab21 98a27345061e4cc5ba49ea50132ad797 - - default default] GET http://10.0.0.129:8776/
2026-06-12 04:25:29.456 7 INFO cinder.api.openstack.wsgi [None req-f5b5ea15-cb95-4d97-8ec6-5734c6ea890a d6b7e6dbf73a482293120dfcf6f5ab21 98a27345061e4cc5ba49ea50132ad797 - - default default] http://10.0.0.129:8776/ returned with HTTP 300
2026-06-12 04:25:29.454 8 INFO cinder.api.openstack.wsgi [None req-c73213e2-4f5d-4919-baa1-4718b07ca258 d6b7e6dbf73a482293120dfcf6f5ab21 98a27345061e4cc5ba49ea50132ad797 - - default default] http://10.0.0.129:8776/ returned with HTTP 300
2026-06-12 04:25:39.453 7 INFO cinder.api.openstack.wsgi [None req-f5b5ea15-cb95-4d97-8ec6-5734c6ea890a d6b7e6dbf73a482293120dfcf6f5ab21 98a27345061e4cc5ba49ea50132ad797 - - default default] GET http://10.0.0.129:8776/
2026-06-12 04:25:39.454 7 INFO cinder.api.openstack.wsgi [None req-f5b5ea15-cb95-4d97-8ec6-5734c6ea890a d6b7e6dbf73a482293120dfcf6f5ab21 98a27345061e4cc5ba49ea50132ad797 - - default default] http://10.0.0.129:8776/ returned with HTTP 300
2026-06-12 04:25:39.455 8 INFO cinder.api.openstack.wsgi [None req-c73213e2-4f5d-4919-baa1-4718b07ca258 d6b7e6dbf73a482293120dfcf6f5ab21 98a27345061e4cc5ba49ea50132ad797 - - default default] GET http://10.0.0.129:8776/
2026-06-12 04:25:39.456 8 INFO cinder.api.openstack.wsgi [None req-c73213e2-4f5d-4919-baa1-4718b07ca258 d6b7e6dbf73a482293120dfcf6f5ab21 98a27345061e4cc5ba49ea50132ad797 - - default default] http://10.0.0.129:8776/ returned with HTTP 300
2026-06-12 04:25:40.645 7 INFO cinder.api.openstack.wsgi [None req-c440b9a7-41dc-412b-ae50-cd0702ab2250 41e66005d48b42dc96b69a8bc1cc332d 3a074729a8b94cf28298430ad9006b78 - - default default] GET http://cinder-api.openstack.svc.cluster.local:8776/v3/3a074729a8b94cf28298430ad9006b78/volumes
2026-06-12 04:25:40.680 7 INFO cinder.volume.api [None req-c440b9a7-41dc-412b-ae50-cd0702ab2250 41e66005d48b42dc96b69a8bc1cc332d 3a074729a8b94cf28298430ad9006b78 - - default default] Get all volumes completed successfully.
2026-06-12 04:25:40.680 7 INFO cinder.api.openstack.wsgi [None req-c440b9a7-41dc-412b-ae50-cd0702ab2250 41e66005d48b42dc96b69a8bc1cc332d 3a074729a8b94cf28298430ad9006b78 - - default default] http://cinder-api.openstack.svc.cluster.local:8776/v3/3a074729a8b94cf28298430ad9006b78/volumes returned with HTTP 200 [pid: 7|app: 0|req: 383/768] 10.0.0.5 () {32 vars in 699 bytes} [Fri Jun 12 04:25:40 2026] GET /v3/3a074729a8b94cf28298430ad9006b78/volumes => generated 15 bytes in 190 msecs (HTTP/1.1 200) 7 headers in 284 bytes (1 switches on core 0) /var/lib/openstack/lib/python3.12/site-packages/pycadf/identifier.py:70: UserWarning: Invalid uuid: cinderv3. To ensure interoperability, identifiers should be a valid uuid. warnings.warn(('Invalid uuid: %s. To ensure interoperability, '
2026-06-12 04:25:40.695 8 INFO cinder.api.openstack.wsgi [None req-04dba59d-8ae5-4b9f-80b1-f8fca4c4ecad 41e66005d48b42dc96b69a8bc1cc332d 3a074729a8b94cf28298430ad9006b78 - - default default] POST http://cinder-api.openstack.svc.cluster.local:8776/v3/3a074729a8b94cf28298430ad9006b78/volumes
2026-06-12 04:25:40.697 8 INFO cinder.api.v3.volumes [None req-04dba59d-8ae5-4b9f-80b1-f8fca4c4ecad 41e66005d48b42dc96b69a8bc1cc332d 3a074729a8b94cf28298430ad9006b78 - - default default] Create volume of 1 GB
2026-06-12 04:25:40.701 8 INFO cinder.volume.api [None req-04dba59d-8ae5-4b9f-80b1-f8fca4c4ecad 41e66005d48b42dc96b69a8bc1cc332d 3a074729a8b94cf28298430ad9006b78 - - default default] Availability Zones retrieved successfully.
2026-06-12 04:25:40.848 8 INFO cinder.volume.api [None req-04dba59d-8ae5-4b9f-80b1-f8fca4c4ecad 41e66005d48b42dc96b69a8bc1cc332d 3a074729a8b94cf28298430ad9006b78 - - default default] Create volume request issued successfully.
2026-06-12 04:25:40.849 8 INFO cinder.api.openstack.wsgi [None req-04dba59d-8ae5-4b9f-80b1-f8fca4c4ecad 41e66005d48b42dc96b69a8bc1cc332d 3a074729a8b94cf28298430ad9006b78 - - default default] http://cinder-api.openstack.svc.cluster.local:8776/v3/3a074729a8b94cf28298430ad9006b78/volumes returned with HTTP 202 [pid: 8|app: 0|req: 386/769] 10.0.0.5 () {34 vars in 721 bytes} [Fri Jun 12 04:25:40 2026] POST /v3/3a074729a8b94cf28298430ad9006b78/volumes => generated 876 bytes in 159 msecs (HTTP/1.1 202) 7 headers in 291 bytes (1 switches on core 0)
2026-06-12 04:25:40.869 7 INFO cinder.api.openstack.wsgi [None req-fe98461d-9604-43c8-b3ef-1dd45c630594 41e66005d48b42dc96b69a8bc1cc332d 3a074729a8b94cf28298430ad9006b78 - - default default] GET http://cinder-api.openstack.svc.cluster.local:8776/v3/3a074729a8b94cf28298430ad9006b78/volumes/b284d613-275d-4e74-b9e3-e2a99fc1d14d /var/lib/openstack/lib/python3.12/site-packages/oslo_context/context.py:101: DeprecationWarning: Policy enforcement is depending on the value of is_admin. This key is deprecated. Please update your policy file to use the standard policy values. warnings.warn(
2026-06-12 04:25:40.883 7 INFO cinder.volume.api [None req-fe98461d-9604-43c8-b3ef-1dd45c630594 41e66005d48b42dc96b69a8bc1cc332d 3a074729a8b94cf28298430ad9006b78 - - default default] Volume info retrieved successfully.
2026-06-12 04:25:40.887 7 INFO cinder.api.openstack.wsgi [None req-fe98461d-9604-43c8-b3ef-1dd45c630594 41e66005d48b42dc96b69a8bc1cc332d 3a074729a8b94cf28298430ad9006b78 - - default default] http://cinder-api.openstack.svc.cluster.local:8776/v3/3a074729a8b94cf28298430ad9006b78/volumes/b284d613-275d-4e74-b9e3-e2a99fc1d14d returned with HTTP 200 [pid: 7|app: 0|req: 384/770] 10.0.0.5 () {32 vars in 773 bytes} [Fri Jun 12 04:25:40 2026] GET /v3/3a074729a8b94cf28298430ad9006b78/volumes/b284d613-275d-4e74-b9e3-e2a99fc1d14d => generated 944 bytes in 25 msecs (HTTP/1.1 200) 7 headers in 285 bytes (1 switches on core 0) /var/lib/openstack/lib/python3.12/site-packages/pycadf/identifier.py:70: UserWarning: Invalid uuid: cinderv3. To ensure interoperability, identifiers should be a valid uuid. warnings.warn(('Invalid uuid: %s. To ensure interoperability, '
2026-06-12 04:25:41.908 8 INFO cinder.api.openstack.wsgi [None req-ef43efe2-0984-4c4c-acc3-a6a0967452aa 41e66005d48b42dc96b69a8bc1cc332d 3a074729a8b94cf28298430ad9006b78 - - default default] GET http://cinder-api.openstack.svc.cluster.local:8776/v3/3a074729a8b94cf28298430ad9006b78/volumes/b284d613-275d-4e74-b9e3-e2a99fc1d14d /var/lib/openstack/lib/python3.12/site-packages/oslo_context/context.py:101: DeprecationWarning: Policy enforcement is depending on the value of is_admin. This key is deprecated. Please update your policy file to use the standard policy values. warnings.warn(
2026-06-12 04:25:41.924 8 INFO cinder.volume.api [None req-ef43efe2-0984-4c4c-acc3-a6a0967452aa 41e66005d48b42dc96b69a8bc1cc332d 3a074729a8b94cf28298430ad9006b78 - - default default] Volume info retrieved successfully.
2026-06-12 04:25:41.928 8 INFO cinder.api.openstack.wsgi [None req-ef43efe2-0984-4c4c-acc3-a6a0967452aa 41e66005d48b42dc96b69a8bc1cc332d 3a074729a8b94cf28298430ad9006b78 - - default default] http://cinder-api.openstack.svc.cluster.local:8776/v3/3a074729a8b94cf28298430ad9006b78/volumes/b284d613-275d-4e74-b9e3-e2a99fc1d14d returned with HTTP 200 [pid: 8|app: 0|req: 387/771] 10.0.0.5 () {32 vars in 773 bytes} [Fri Jun 12 04:25:41 2026] GET /v3/3a074729a8b94cf28298430ad9006b78/volumes/b284d613-275d-4e74-b9e3-e2a99fc1d14d => generated 969 bytes in 28 msecs (HTTP/1.1 200) 7 headers in 285 bytes (1 switches on core 0) /var/lib/openstack/lib/python3.12/site-packages/pycadf/identifier.py:70: UserWarning: Invalid uuid: cinderv3. To ensure interoperability, identifiers should be a valid uuid. warnings.warn(('Invalid uuid: %s. To ensure interoperability, '
2026-06-12 04:25:41.945 7 INFO cinder.api.openstack.wsgi [None req-4098270e-9677-42df-a5e2-2ed85583848e 41e66005d48b42dc96b69a8bc1cc332d 3a074729a8b94cf28298430ad9006b78 - - default default] GET http://cinder-api.openstack.svc.cluster.local:8776/v3/3a074729a8b94cf28298430ad9006b78/volumes/b284d613-275d-4e74-b9e3-e2a99fc1d14d /var/lib/openstack/lib/python3.12/site-packages/oslo_context/context.py:101: DeprecationWarning: Policy enforcement is depending on the value of is_admin. This key is deprecated. Please update your policy file to use the standard policy values. warnings.warn(
2026-06-12 04:25:41.962 7 INFO cinder.volume.api [None req-4098270e-9677-42df-a5e2-2ed85583848e 41e66005d48b42dc96b69a8bc1cc332d 3a074729a8b94cf28298430ad9006b78 - - default default] Volume info retrieved successfully.
2026-06-12 04:25:41.966 7 INFO cinder.api.openstack.wsgi [None req-4098270e-9677-42df-a5e2-2ed85583848e 41e66005d48b42dc96b69a8bc1cc332d 3a074729a8b94cf28298430ad9006b78 - - default default] http://cinder-api.openstack.svc.cluster.local:8776/v3/3a074729a8b94cf28298430ad9006b78/volumes/b284d613-275d-4e74-b9e3-e2a99fc1d14d returned with HTTP 200 [pid: 7|app: 0|req: 385/772] 10.0.0.5 () {32 vars in 773 bytes} [Fri Jun 12 04:25:41 2026] GET /v3/3a074729a8b94cf28298430ad9006b78/volumes/b284d613-275d-4e74-b9e3-e2a99fc1d14d => generated 969 bytes in 28 msecs (HTTP/1.1 200) 7 headers in 285 bytes (1 switches on core 0) /var/lib/openstack/lib/python3.12/site-packages/pycadf/identifier.py:70: UserWarning: Invalid uuid: cinderv3. To ensure interoperability, identifiers should be a valid uuid. warnings.warn(('Invalid uuid: %s. To ensure interoperability, '
2026-06-12 04:25:41.994 8 INFO cinder.api.openstack.wsgi [None req-f46850be-eeab-46b4-84fe-e9ac35a20a2c 41e66005d48b42dc96b69a8bc1cc332d 3a074729a8b94cf28298430ad9006b78 - - default default] POST http://cinder-api.openstack.svc.cluster.local:8776/v3/3a074729a8b94cf28298430ad9006b78/volumes
2026-06-12 04:25:41.998 8 INFO cinder.api.v3.volumes [None req-f46850be-eeab-46b4-84fe-e9ac35a20a2c 41e66005d48b42dc96b69a8bc1cc332d 3a074729a8b94cf28298430ad9006b78 - - default default] Create volume of 1 GB
2026-06-12 04:25:42.003 8 INFO cinder.volume.api [None req-f46850be-eeab-46b4-84fe-e9ac35a20a2c 41e66005d48b42dc96b69a8bc1cc332d 3a074729a8b94cf28298430ad9006b78 - - default default] Availability Zones retrieved successfully.
2026-06-12 04:25:42.109 8 INFO cinder.volume.api [None req-f46850be-eeab-46b4-84fe-e9ac35a20a2c 41e66005d48b42dc96b69a8bc1cc332d 3a074729a8b94cf28298430ad9006b78 - - default default] Create volume request issued successfully.
2026-06-12 04:25:42.111 8 INFO cinder.api.openstack.wsgi [None req-f46850be-eeab-46b4-84fe-e9ac35a20a2c 41e66005d48b42dc96b69a8bc1cc332d 3a074729a8b94cf28298430ad9006b78 - - default default] http://cinder-api.openstack.svc.cluster.local:8776/v3/3a074729a8b94cf28298430ad9006b78/volumes returned with HTTP 202 [pid: 8|app: 0|req: 388/773] 10.0.0.5 () {34 vars in 721 bytes} [Fri Jun 12 04:25:41 2026] POST /v3/3a074729a8b94cf28298430ad9006b78/volumes => generated 875 bytes in 125 msecs (HTTP/1.1 202) 7 headers in 291 bytes (1 switches on core 0) /var/lib/openstack/lib/python3.12/site-packages/pycadf/identifier.py:70: UserWarning: Invalid uuid: cinderv3. To ensure interoperability, identifiers should be a valid uuid. warnings.warn(('Invalid uuid: %s. To ensure interoperability, '
2026-06-12 04:25:42.133 7 INFO cinder.api.openstack.wsgi [None req-fe11115c-2660-4da9-b434-2d8a049f1145 41e66005d48b42dc96b69a8bc1cc332d 3a074729a8b94cf28298430ad9006b78 - - default default] GET http://cinder-api.openstack.svc.cluster.local:8776/v3/3a074729a8b94cf28298430ad9006b78/volumes/0e09eb3b-6d39-42df-bce6-b66dd7034ef0 /var/lib/openstack/lib/python3.12/site-packages/oslo_context/context.py:101: DeprecationWarning: Policy enforcement is depending on the value of is_admin. This key is deprecated. Please update your policy file to use the standard policy values. warnings.warn(
2026-06-12 04:25:42.147 7 INFO cinder.volume.api [None req-fe11115c-2660-4da9-b434-2d8a049f1145 41e66005d48b42dc96b69a8bc1cc332d 3a074729a8b94cf28298430ad9006b78 - - default default] Volume info retrieved successfully.
2026-06-12 04:25:42.150 7 INFO cinder.api.openstack.wsgi [None req-fe11115c-2660-4da9-b434-2d8a049f1145 41e66005d48b42dc96b69a8bc1cc332d 3a074729a8b94cf28298430ad9006b78 - - default default] http://cinder-api.openstack.svc.cluster.local:8776/v3/3a074729a8b94cf28298430ad9006b78/volumes/0e09eb3b-6d39-42df-bce6-b66dd7034ef0 returned with HTTP 200 [pid: 7|app: 0|req: 386/774] 10.0.0.5 () {32 vars in 773 bytes} [Fri Jun 12 04:25:42 2026] GET /v3/3a074729a8b94cf28298430ad9006b78/volumes/0e09eb3b-6d39-42df-bce6-b66dd7034ef0 => generated 943 bytes in 23 msecs (HTTP/1.1 200) 7 headers in 285 bytes (1 switches on core 0) /var/lib/openstack/lib/python3.12/site-packages/pycadf/identifier.py:70: UserWarning: Invalid uuid: cinderv3. To ensure interoperability, identifiers should be a valid uuid. warnings.warn(('Invalid uuid: %s. To ensure interoperability, '
2026-06-12 04:25:43.174 8 INFO cinder.api.openstack.wsgi [None req-804fdfce-f35f-489b-b0ae-d03a84a92707 41e66005d48b42dc96b69a8bc1cc332d 3a074729a8b94cf28298430ad9006b78 - - default default] GET http://cinder-api.openstack.svc.cluster.local:8776/v3/3a074729a8b94cf28298430ad9006b78/volumes/0e09eb3b-6d39-42df-bce6-b66dd7034ef0 /var/lib/openstack/lib/python3.12/site-packages/oslo_context/context.py:101: DeprecationWarning: Policy enforcement is depending on the value of is_admin. This key is deprecated. Please update your policy file to use the standard policy values. warnings.warn(
2026-06-12 04:25:43.186 8 INFO cinder.volume.api [None req-804fdfce-f35f-489b-b0ae-d03a84a92707 41e66005d48b42dc96b69a8bc1cc332d 3a074729a8b94cf28298430ad9006b78 - - default default] Volume info retrieved successfully.
2026-06-12 04:25:43.191 8 INFO cinder.api.openstack.wsgi [None req-804fdfce-f35f-489b-b0ae-d03a84a92707 41e66005d48b42dc96b69a8bc1cc332d 3a074729a8b94cf28298430ad9006b78 - - default default] http://cinder-api.openstack.svc.cluster.local:8776/v3/3a074729a8b94cf28298430ad9006b78/volumes/0e09eb3b-6d39-42df-bce6-b66dd7034ef0 returned with HTTP 200 [pid: 8|app: 0|req: 389/775] 10.0.0.5 () {32 vars in 773 bytes} [Fri Jun 12 04:25:43 2026] GET /v3/3a074729a8b94cf28298430ad9006b78/volumes/0e09eb3b-6d39-42df-bce6-b66dd7034ef0 => generated 968 bytes in 22 msecs (HTTP/1.1 200) 7 headers in 285 bytes (1 switches on core 0) /var/lib/openstack/lib/python3.12/site-packages/pycadf/identifier.py:70: UserWarning: Invalid uuid: cinderv3. To ensure interoperability, identifiers should be a valid uuid. warnings.warn(('Invalid uuid: %s. To ensure interoperability, '
