2026-06-12 04:28:15.283 7 INFO neutron.db.ovn_revision_numbers_db [None req-22e56335-5b29-49ff-8e4e-6a3db6cd7167 c49e8a78432a4b33a647b7bd4e3eec14 4dab5ab0fb0b411d982f6887b732a3ff - - default default] Successfully bumped revision number for resource e545f1f7-ba46-4d68-9777-570adb306071 (type: security_group_rules) to 0 [pid: 8|app: 0|req: 1513/2887] 10.0.0.5 () {32 vars in 721 bytes} [Fri Jun 12 04:28:15 2026] DELETE /v2.0/subnets/6ce241db-ba76-4a4e-94bb-bba442711960 => generated 0 bytes in 202 msecs (HTTP/1.1 204) 3 headers in 131 bytes (1 switches on core 0) [pid: 7|app: 0|req: 1375/2888] 10.0.0.5 () {32 vars in 771 bytes} [Fri Jun 12 04:28:15 2026] GET /v2.0/security-groups?tenant_id=644f876c027a48b98c5d0caeddbf9c2a&name=default => generated 2929 bytes in 274 msecs (HTTP/1.1 200) 4 headers in 158 bytes (1 switches on core 0)
2026-06-12 04:28:15.454 8 INFO neutron_taas.services.taas.taas_plugin [None req-60a42b3d-8741-47df-a1e4-769b52e52dc5 729497d3c87c4bd0ac7b375f04a8a9e7 2520cb2a1814402b8668fd429a5671b1 - - default default] TaaS: Handle Delete Port: bb7a0ddb-73aa-4e39-9d80-7403b13fd820
2026-06-12 04:28:15.456 8 INFO neutron_taas.services.taas.tap_mirror_plugin [None req-60a42b3d-8741-47df-a1e4-769b52e52dc5 729497d3c87c4bd0ac7b375f04a8a9e7 2520cb2a1814402b8668fd429a5671b1 - - default default] Tap Mirror: Handle Delete Port: bb7a0ddb-73aa-4e39-9d80-7403b13fd820 [pid: 7|app: 0|req: 1376/2889] 10.0.0.5 () {32 vars in 737 bytes} [Fri Jun 12 04:28:15 2026] DELETE /v2.0/security-groups/ea098c7a-0a81-446a-9546-2fad9666db88 => generated 0 bytes in 259 msecs (HTTP/1.1 204) 2 headers in 112 bytes (1 switches on core 0) [pid: 8|app: 0|req: 1514/2890] 10.0.0.5 () {32 vars in 723 bytes} [Fri Jun 12 04:28:15 2026] DELETE /v2.0/networks/ea35bfe4-eb49-4fc8-be41-d0a49ccd31af => generated 0 bytes in 395 msecs (HTTP/1.1 204) 3 headers in 131 bytes (1 switches on core 0)
2026-06-12 04:28:15.784 7 INFO neutron.services.segments.plugin [-] Segment 5272f2c8-a287-4041-98ae-941e46c746ff resource provider aggregate not found
2026-06-12 04:28:15.794 7 INFO neutron.services.segments.plugin [-] Segment 5272f2c8-a287-4041-98ae-941e46c746ff resource provider aggregate not found
2026-06-12 04:28:15.801 7 INFO neutron.services.segments.plugin [-] Segment 5272f2c8-a287-4041-98ae-941e46c746ff resource provider not found; error: Placement Client Error (4xx): {"errors": [{"status": 404, "title": "Not Found", "detail": "The resource could not be found.\n\n No resource provider with uuid 5272f2c8-a287-4041-98ae-941e46c746ff found for delete ", "request_id": "req-acae1a90-c353-41d8-a6b7-9a2dc458bcbf"}]}
2026-06-12 04:28:15.813 7 INFO neutron.services.segments.plugin [-] Segment 5272f2c8-a287-4041-98ae-941e46c746ff resource provider not found; error: Placement Client Error (4xx): {"errors": [{"status": 404, "title": "Not Found", "detail": "The resource could not be found.\n\n No resource provider with uuid 5272f2c8-a287-4041-98ae-941e46c746ff found for delete ", "request_id": "req-341ec8b8-d5cf-4f73-af05-1da1364d3c41"}]}
2026-06-12 04:28:15.924 7 INFO neutron.db.ovn_revision_numbers_db [None req-996b4ae0-9ea4-4293-8d4b-ec5d02a7013d c49e8a78432a4b33a647b7bd4e3eec14 4dab5ab0fb0b411d982f6887b732a3ff - - default default] Successfully bumped revision number for resource 4239a589-61f4-42b1-8a52-4b31c9b435ab (type: security_groups) to 1
2026-06-12 04:28:15.935 7 INFO neutron.db.ovn_revision_numbers_db [None req-996b4ae0-9ea4-4293-8d4b-ec5d02a7013d c49e8a78432a4b33a647b7bd4e3eec14 4dab5ab0fb0b411d982f6887b732a3ff - - default default] Successfully bumped revision number for resource 4fda0302-b8d3-448c-92ec-4fd5a9b1bf94 (type: security_group_rules) to 0
2026-06-12 04:28:15.947 7 INFO neutron.db.ovn_revision_numbers_db [None req-996b4ae0-9ea4-4293-8d4b-ec5d02a7013d c49e8a78432a4b33a647b7bd4e3eec14 4dab5ab0fb0b411d982f6887b732a3ff - - default default] Successfully bumped revision number for resource 759ceaff-2f08-40b6-bc4d-312578ece4e3 (type: security_group_rules) to 0
2026-06-12 04:28:15.957 7 INFO neutron.db.ovn_revision_numbers_db [None req-996b4ae0-9ea4-4293-8d4b-ec5d02a7013d c49e8a78432a4b33a647b7bd4e3eec14 4dab5ab0fb0b411d982f6887b732a3ff - - default default] Successfully bumped revision number for resource b9328b52-c4ec-4eb9-8cd5-98d3ea9fab65 (type: security_group_rules) to 0
2026-06-12 04:28:15.967 7 INFO neutron.db.ovn_revision_numbers_db [None req-996b4ae0-9ea4-4293-8d4b-ec5d02a7013d c49e8a78432a4b33a647b7bd4e3eec14 4dab5ab0fb0b411d982f6887b732a3ff - - default default] Successfully bumped revision number for resource d8def7e6-18f7-4ead-8ef4-643815eefb10 (type: security_group_rules) to 0 [pid: 7|app: 0|req: 1377/2891] 10.0.0.5 () {32 vars in 771 bytes} [Fri Jun 12 04:28:15 2026] GET /v2.0/security-groups?tenant_id=43970cb42fc24affb5d69b5089e47282&name=default => generated 2929 bytes in 409 msecs (HTTP/1.1 200) 4 headers in 158 bytes (1 switches on core 0)
2026-06-12 04:28:16.138 8 INFO neutron.db.ovn_revision_numbers_db [None req-ce4dbb28-f043-4f15-a414-0240d7685209 c49e8a78432a4b33a647b7bd4e3eec14 4dab5ab0fb0b411d982f6887b732a3ff - - default default] Successfully bumped revision number for resource dba76bff-185d-425d-8fbc-7e99cbe1f4fa (type: security_groups) to 1
2026-06-12 04:28:16.154 8 INFO neutron.db.ovn_revision_numbers_db [None req-ce4dbb28-f043-4f15-a414-0240d7685209 c49e8a78432a4b33a647b7bd4e3eec14 4dab5ab0fb0b411d982f6887b732a3ff - - default default] Successfully bumped revision number for resource 320fd783-adb2-4eff-8fde-c124fc909543 (type: security_group_rules) to 0
2026-06-12 04:28:16.166 8 INFO neutron.db.ovn_revision_numbers_db [None req-ce4dbb28-f043-4f15-a414-0240d7685209 c49e8a78432a4b33a647b7bd4e3eec14 4dab5ab0fb0b411d982f6887b732a3ff - - default default] Successfully bumped revision number for resource 48c78ff3-9404-46c2-b65e-48ea33b7d0af (type: security_group_rules) to 0
2026-06-12 04:28:16.194 8 INFO neutron.db.ovn_revision_numbers_db [None req-ce4dbb28-f043-4f15-a414-0240d7685209 c49e8a78432a4b33a647b7bd4e3eec14 4dab5ab0fb0b411d982f6887b732a3ff - - default default] Successfully bumped revision number for resource 8c69d485-c8de-4185-b490-3a96e01fe4a4 (type: security_group_rules) to 0
2026-06-12 04:28:16.228 8 INFO neutron.db.ovn_revision_numbers_db [None req-ce4dbb28-f043-4f15-a414-0240d7685209 c49e8a78432a4b33a647b7bd4e3eec14 4dab5ab0fb0b411d982f6887b732a3ff - - default default] Successfully bumped revision number for resource cc96a992-bb34-4ff6-baa9-e454050ffa3a (type: security_group_rules) to 0 [pid: 7|app: 0|req: 1378/2892] 10.0.0.5 () {32 vars in 737 bytes} [Fri Jun 12 04:28:16 2026] DELETE /v2.0/security-groups/4239a589-61f4-42b1-8a52-4b31c9b435ab => generated 0 bytes in 228 msecs (HTTP/1.1 204) 2 headers in 112 bytes (1 switches on core 0) [pid: 8|app: 0|req: 1515/2893] 10.0.0.5 () {32 vars in 771 bytes} [Fri Jun 12 04:28:15 2026] GET /v2.0/security-groups?tenant_id=290b4341b1b6454ab7d15acedda3e6d9&name=default => generated 2929 bytes in 427 msecs (HTTP/1.1 200) 4 headers in 158 bytes (1 switches on core 0) [pid: 8|app: 0|req: 1516/2894] 10.0.0.5 () {32 vars in 771 bytes} [Fri Jun 12 04:28:16 2026] GET /v2.0/security-groups?tenant_id=5af5e5d24540441b9616630ee06ebbee&name=default => generated 2929 bytes in 38 msecs (HTTP/1.1 200) 4 headers in 158 bytes (1 switches on core 0)
2026-06-12 04:28:16.465 8 INFO neutron.services.segments.plugin [-] Segment 9bccbcd0-c55c-45d3-948a-3928c9347e62 resource provider aggregate not found
2026-06-12 04:28:16.487 8 INFO neutron.services.segments.plugin [-] Segment 9bccbcd0-c55c-45d3-948a-3928c9347e62 resource provider aggregate not found
2026-06-12 04:28:16.493 8 INFO neutron.services.segments.plugin [-] Segment 9bccbcd0-c55c-45d3-948a-3928c9347e62 resource provider not found; error: Placement Client Error (4xx): {"errors": [{"status": 404, "title": "Not Found", "detail": "The resource could not be found.\n\n No resource provider with uuid 9bccbcd0-c55c-45d3-948a-3928c9347e62 found for delete ", "request_id": "req-5685ac1c-5bde-4cc2-98d1-55224c568372"}]}
2026-06-12 04:28:16.510 8 INFO neutron.services.segments.plugin [-] Segment 9bccbcd0-c55c-45d3-948a-3928c9347e62 resource provider not found; error: Placement Client Error (4xx): {"errors": [{"status": 404, "title": "Not Found", "detail": "The resource could not be found.\n\n No resource provider with uuid 9bccbcd0-c55c-45d3-948a-3928c9347e62 found for delete ", "request_id": "req-c1db33a8-aba2-4350-9b27-0f0b603ba89d"}]} [pid: 7|app: 0|req: 1379/2895] 10.0.0.5 () {32 vars in 737 bytes} [Fri Jun 12 04:28:16 2026] DELETE /v2.0/security-groups/dba76bff-185d-425d-8fbc-7e99cbe1f4fa => generated 0 bytes in 240 msecs (HTTP/1.1 204) 2 headers in 112 bytes (1 switches on core 0) [pid: 8|app: 0|req: 1517/2896] 10.0.0.5 () {32 vars in 737 bytes} [Fri Jun 12 04:28:16 2026] DELETE /v2.0/security-groups/f595cb07-12aa-4ea0-916b-c29c141d1c95 => generated 0 bytes in 253 msecs (HTTP/1.1 204) 2 headers in 112 bytes (1 switches on core 0) [pid: 8|app: 0|req: 1518/2897] 10.0.0.5 () {32 vars in 771 bytes} [Fri Jun 12 04:28:16 2026] GET /v2.0/security-groups?tenant_id=ce79468211c34875adfe20eea12ba8f9&name=default => generated 2929 bytes in 25 msecs (HTTP/1.1 200) 4 headers in 158 bytes (1 switches on core 0) [pid: 7|app: 0|req: 1380/2898] 10.0.0.5 () {32 vars in 771 bytes} [Fri Jun 12 04:28:16 2026] GET /v2.0/security-groups?tenant_id=2520cb2a1814402b8668fd429a5671b1&name=default => generated 2929 bytes in 208 msecs (HTTP/1.1 200) 4 headers in 158 bytes (1 switches on core 0) [pid: 8|app: 0|req: 1519/2899] 10.0.0.5 () {32 vars in 737 bytes} [Fri Jun 12 04:28:16 2026] DELETE /v2.0/security-groups/19559912-85b3-4e4d-902e-9aab29042922 => generated 0 bytes in 207 msecs (HTTP/1.1 204) 2 headers in 112 bytes (1 switches on core 0) [pid: 7|app: 0|req: 1381/2900] 10.0.0.5 () {32 vars in 737 bytes} [Fri Jun 12 04:28:16 2026] DELETE /v2.0/security-groups/ac82f97c-162b-401f-a621-3e4ce8a6b206 => generated 0 bytes in 235 msecs (HTTP/1.1 204) 2 headers in 112 bytes (1 switches on core 0)
2026-06-12 04:28:17.217 8 INFO neutron.db.ovn_revision_numbers_db [None req-ad2c699e-ea6e-407a-93fc-6740e8e1ed9a c49e8a78432a4b33a647b7bd4e3eec14 4dab5ab0fb0b411d982f6887b732a3ff - - default default] Successfully bumped revision number for resource 23ea5864-e70a-4d6e-a4b9-291a45916da7 (type: security_groups) to 1
2026-06-12 04:28:17.231 8 INFO neutron.db.ovn_revision_numbers_db [None req-ad2c699e-ea6e-407a-93fc-6740e8e1ed9a c49e8a78432a4b33a647b7bd4e3eec14 4dab5ab0fb0b411d982f6887b732a3ff - - default default] Successfully bumped revision number for resource 02033e9e-9934-4c9d-b41d-466729200031 (type: security_group_rules) to 0
2026-06-12 04:28:17.247 8 INFO neutron.db.ovn_revision_numbers_db [None req-ad2c699e-ea6e-407a-93fc-6740e8e1ed9a c49e8a78432a4b33a647b7bd4e3eec14 4dab5ab0fb0b411d982f6887b732a3ff - - default default] Successfully bumped revision number for resource 09352f15-86eb-42e9-b1d4-703dc0f1e10f (type: security_group_rules) to 0
2026-06-12 04:28:17.261 8 INFO neutron.db.ovn_revision_numbers_db [None req-ad2c699e-ea6e-407a-93fc-6740e8e1ed9a c49e8a78432a4b33a647b7bd4e3eec14 4dab5ab0fb0b411d982f6887b732a3ff - - default default] Successfully bumped revision number for resource bc663285-ff66-49f6-9a65-88b2317cba5c (type: security_group_rules) to 0
2026-06-12 04:28:17.277 8 INFO neutron.db.ovn_revision_numbers_db [None req-ad2c699e-ea6e-407a-93fc-6740e8e1ed9a c49e8a78432a4b33a647b7bd4e3eec14 4dab5ab0fb0b411d982f6887b732a3ff - - default default] Successfully bumped revision number for resource c759c5e9-b6c2-4687-8a1b-e826a20ababa (type: security_group_rules) to 0 [pid: 8|app: 0|req: 1520/2901] 10.0.0.5 () {32 vars in 771 bytes} [Fri Jun 12 04:28:17 2026] GET /v2.0/security-groups?tenant_id=d747aa2b6a564d49a027610fce3d8e65&name=default => generated 2929 bytes in 265 msecs (HTTP/1.1 200) 4 headers in 158 bytes (1 switches on core 0) [pid: 7|app: 0|req: 1382/2904] 10.0.0.5 () {32 vars in 737 bytes} [Fri Jun 12 04:28:17 2026] DELETE /v2.0/security-groups/23ea5864-e70a-4d6e-a4b9-291a45916da7 => generated 0 bytes in 227 msecs (HTTP/1.1 204) 2 headers in 112 bytes (1 switches on core 0)
2026-06-12 04:28:21.050 8 INFO neutron.db.ovn_revision_numbers_db [None req-3ce4dd2f-2fa0-4868-8b41-f6c42cc43e9a 129957abe6d743ad9e560d1a727bdd9f d8afa16f45414523804ef8ffd7ac5772 - - default default] Successfully bumped revision number for resource 4aa230e6-d0c1-4970-a526-528ea0edb7b8 (type: security_groups) to 1
2026-06-12 04:28:21.062 8 INFO neutron.db.ovn_revision_numbers_db [None req-3ce4dd2f-2fa0-4868-8b41-f6c42cc43e9a 129957abe6d743ad9e560d1a727bdd9f d8afa16f45414523804ef8ffd7ac5772 - - default default] Successfully bumped revision number for resource 3e6f6aab-cb53-4731-91df-db7d9da8211a (type: security_group_rules) to 0
2026-06-12 04:28:21.074 8 INFO neutron.db.ovn_revision_numbers_db [None req-3ce4dd2f-2fa0-4868-8b41-f6c42cc43e9a 129957abe6d743ad9e560d1a727bdd9f d8afa16f45414523804ef8ffd7ac5772 - - default default] Successfully bumped revision number for resource 843a8ea2-81b9-47cf-bc47-d6f5101c8bf3 (type: security_group_rules) to 0
2026-06-12 04:28:21.086 8 INFO neutron.db.ovn_revision_numbers_db [None req-3ce4dd2f-2fa0-4868-8b41-f6c42cc43e9a 129957abe6d743ad9e560d1a727bdd9f d8afa16f45414523804ef8ffd7ac5772 - - default default] Successfully bumped revision number for resource f0a490d0-5b0c-444f-b09c-cfd77dbbb8ee (type: security_group_rules) to 0
2026-06-12 04:28:21.099 8 INFO neutron.db.ovn_revision_numbers_db [None req-3ce4dd2f-2fa0-4868-8b41-f6c42cc43e9a 129957abe6d743ad9e560d1a727bdd9f d8afa16f45414523804ef8ffd7ac5772 - - default default] Successfully bumped revision number for resource fee91fa3-58a5-4c76-bc9e-72ecb89ea66b (type: security_group_rules) to 0
2026-06-12 04:28:21.184 8 INFO neutron.db.segments_db [None req-3ce4dd2f-2fa0-4868-8b41-f6c42cc43e9a 129957abe6d743ad9e560d1a727bdd9f d8afa16f45414523804ef8ffd7ac5772 - - default default] Added segment 76269951-dd09-4c73-8f36-097183df7db0 of type geneve for network 990df43f-0d0c-4da4-a585-ddbf257a887f
2026-06-12 04:28:21.309 8 INFO neutron.db.ovn_revision_numbers_db [None req-3ce4dd2f-2fa0-4868-8b41-f6c42cc43e9a 129957abe6d743ad9e560d1a727bdd9f d8afa16f45414523804ef8ffd7ac5772 - - default default] Successfully bumped revision number for resource 990df43f-0d0c-4da4-a585-ddbf257a887f (type: networks) to 1
2026-06-12 04:28:21.470 8 WARNING neutron.scheduler.dhcp_agent_scheduler [None req-3ce4dd2f-2fa0-4868-8b41-f6c42cc43e9a 129957abe6d743ad9e560d1a727bdd9f d8afa16f45414523804ef8ffd7ac5772 - - default default] No more DHCP agents
2026-06-12 04:28:21.471 8 WARNING neutron.api.rpc.agentnotifiers.dhcp_rpc_agent_api [None req-3ce4dd2f-2fa0-4868-8b41-f6c42cc43e9a 129957abe6d743ad9e560d1a727bdd9f d8afa16f45414523804ef8ffd7ac5772 - - default default] Unable to schedule network 990df43f-0d0c-4da4-a585-ddbf257a887f: no agents available; will retry on subsequent port and subnet creation events.
2026-06-12 04:28:21.526 8 INFO neutron.plugins.ml2.drivers.ovn.mech_driver.mech_driver [None req-3f97b6fe-871e-40e1-a684-97ea44773663 - - - - - -] OVN reports status down for port: be63823d-fbc7-4cf8-9707-277f8ba4a19b
2026-06-12 04:28:21.601 8 INFO neutron.db.ovn_revision_numbers_db [None req-3ce4dd2f-2fa0-4868-8b41-f6c42cc43e9a 129957abe6d743ad9e560d1a727bdd9f d8afa16f45414523804ef8ffd7ac5772 - - default default] Successfully bumped revision number for resource be63823d-fbc7-4cf8-9707-277f8ba4a19b (type: ports) to 1 [pid: 8|app: 0|req: 1523/2905] 10.0.0.5 () {34 vars in 667 bytes} [Fri Jun 12 04:28:20 2026] POST /v2.0/networks => generated 651 bytes in 906 msecs (HTTP/1.1 201) 4 headers in 162 bytes (1 switches on core 0)
2026-06-12 04:28:21.891 7 WARNING neutron.scheduler.dhcp_agent_scheduler [None req-68b224f9-a727-4440-a842-c51b92b8234e 129957abe6d743ad9e560d1a727bdd9f d8afa16f45414523804ef8ffd7ac5772 - - default default] No more DHCP agents
2026-06-12 04:28:21.892 7 WARNING neutron.api.rpc.agentnotifiers.dhcp_rpc_agent_api [None req-68b224f9-a727-4440-a842-c51b92b8234e 129957abe6d743ad9e560d1a727bdd9f d8afa16f45414523804ef8ffd7ac5772 - - default default] Unable to schedule network 990df43f-0d0c-4da4-a585-ddbf257a887f: no agents available; will retry on subsequent port and subnet creation events.
2026-06-12 04:28:21.945 8 INFO neutron.plugins.ml2.drivers.ovn.mech_driver.mech_driver [None req-3f97b6fe-871e-40e1-a684-97ea44773663 - - - - - -] OVN reports status down for port: cb704cba-a786-4f26-9a27-c6d36f5a2698
2026-06-12 04:28:21.980 7 INFO neutron.db.ovn_revision_numbers_db [None req-68b224f9-a727-4440-a842-c51b92b8234e 129957abe6d743ad9e560d1a727bdd9f d8afa16f45414523804ef8ffd7ac5772 - - default default] Successfully bumped revision number for resource cb704cba-a786-4f26-9a27-c6d36f5a2698 (type: ports) to 1 [pid: 7|app: 0|req: 1383/2906] 10.0.0.5 () {34 vars in 661 bytes} [Fri Jun 12 04:28:21 2026] POST /v2.0/ports => generated 743 bytes in 365 msecs (HTTP/1.1 201) 4 headers in 162 bytes (1 switches on core 0) [pid: 8|app: 0|req: 1524/2907] 10.0.0.5 () {34 vars in 663 bytes} [Fri Jun 12 04:28:22 2026] POST /v2.0/trunks => generated 409 bytes in 260 msecs (HTTP/1.1 201) 4 headers in 162 bytes (1 switches on core 0) /var/lib/openstack/lib/python3.12/site-packages/pycadf/identifier.py:70: UserWarning: Invalid uuid: neutron. To ensure interoperability, identifiers should be a valid uuid. warnings.warn(('Invalid uuid: %s. To ensure interoperability, ' [pid: 7|app: 0|req: 1384/2908] 10.0.0.5 () {34 vars in 746 bytes} [Fri Jun 12 04:28:22 2026] PUT /v2.0/trunks/e1d0f673-b37f-460a-abae-94b5b5e096b4/tags => generated 25 bytes in 37 msecs (HTTP/1.1 200) 4 headers in 156 bytes (1 switches on core 0) [pid: 8|app: 0|req: 1525/2909] 10.0.0.5 () {32 vars in 726 bytes} [Fri Jun 12 04:28:22 2026] GET /v2.0/trunks/e1d0f673-b37f-460a-abae-94b5b5e096b4/tags => generated 25 bytes in 32 msecs (HTTP/1.1 200) 4 headers in 156 bytes (1 switches on core 0) [pid: 7|app: 0|req: 1385/2910] 10.0.0.5 () {34 vars in 757 bytes} [Fri Jun 12 04:28:22 2026] PUT /v2.0/trunks/e1d0f673-b37f-460a-abae-94b5b5e096b4/tags/green => generated 4 bytes in 39 msecs (HTTP/1.1 201) 4 headers in 160 bytes (1 switches on core 0) [pid: 8|app: 0|req: 1526/2911] 10.0.0.5 () {32 vars in 726 bytes} [Fri Jun 12 04:28:22 2026] GET /v2.0/trunks/e1d0f673-b37f-460a-abae-94b5b5e096b4/tags => generated 34 bytes in 14 msecs (HTTP/1.1 200) 4 headers in 156 bytes (1 switches on core 0) [pid: 7|app: 0|req: 1386/2912] 10.0.0.5 () {34 vars in 753 bytes} [Fri Jun 12 04:28:22 2026] PUT /v2.0/trunks/e1d0f673-b37f-460a-abae-94b5b5e096b4/tags/red => generated 4 bytes in 28 msecs (HTTP/1.1 201) 4 headers in 160 bytes (1 switches on core 0) [pid: 8|app: 0|req: 1527/2913] 10.0.0.5 () {32 vars in 726 bytes} [Fri Jun 12 04:28:22 2026] GET /v2.0/trunks/e1d0f673-b37f-460a-abae-94b5b5e096b4/tags => generated 34 bytes in 13 msecs (HTTP/1.1 200) 4 headers in 156 bytes (1 switches on core 0) [pid: 7|app: 0|req: 1387/2914] 10.0.0.5 () {34 vars in 775 bytes} [Fri Jun 12 04:28:22 2026] PUT /v2.0/trunks/e1d0f673-b37f-460a-abae-94b5b5e096b4/tags/black.or.white => generated 4 bytes in 39 msecs (HTTP/1.1 201) 4 headers in 160 bytes (1 switches on core 0) [pid: 8|app: 0|req: 1528/2915] 10.0.0.5 () {32 vars in 726 bytes} [Fri Jun 12 04:28:22 2026] GET /v2.0/trunks/e1d0f673-b37f-460a-abae-94b5b5e096b4/tags => generated 52 bytes in 18 msecs (HTTP/1.1 200) 4 headers in 156 bytes (1 switches on core 0) [pid: 7|app: 0|req: 1388/2916] 10.0.0.5 () {34 vars in 746 bytes} [Fri Jun 12 04:28:22 2026] PUT /v2.0/trunks/e1d0f673-b37f-460a-abae-94b5b5e096b4/tags => generated 37 bytes in 40 msecs (HTTP/1.1 200) 4 headers in 156 bytes (1 switches on core 0) [pid: 8|app: 0|req: 1529/2917] 10.0.0.5 () {32 vars in 726 bytes} [Fri Jun 12 04:28:22 2026] GET /v2.0/trunks/e1d0f673-b37f-460a-abae-94b5b5e096b4/tags => generated 37 bytes in 14 msecs (HTTP/1.1 200) 4 headers in 156 bytes (1 switches on core 0) [pid: 7|app: 0|req: 1389/2918] 10.0.0.5 () {32 vars in 734 bytes} [Fri Jun 12 04:28:22 2026] GET /v2.0/trunks/e1d0f673-b37f-460a-abae-94b5b5e096b4/tags/red => generated 0 bytes in 21 msecs (HTTP/1.1 204) 2 headers in 112 bytes (1 switches on core 0)
2026-06-12 04:28:22.659 8 INFO neutron.api.v2.resource [None req-ad6ce288-3eb1-40da-9513-d9b73855b6f7 129957abe6d743ad9e560d1a727bdd9f d8afa16f45414523804ef8ffd7ac5772 - - default default] show failed (client error): The resource could not be found. [pid: 8|app: 0|req: 1530/2919] 10.0.0.5 () {32 vars in 738 bytes} [Fri Jun 12 04:28:22 2026] GET /v2.0/trunks/e1d0f673-b37f-460a-abae-94b5b5e096b4/tags/green => generated 99 bytes in 13 msecs (HTTP/1.1 404) 4 headers in 163 bytes (1 switches on core 0) [pid: 7|app: 0|req: 1390/2920] 10.0.0.5 () {32 vars in 737 bytes} [Fri Jun 12 04:28:22 2026] DELETE /v2.0/trunks/e1d0f673-b37f-460a-abae-94b5b5e096b4/tags/red => generated 0 bytes in 35 msecs (HTTP/1.1 204) 2 headers in 112 bytes (1 switches on core 0) [pid: 8|app: 0|req: 1531/2921] 10.0.0.5 () {32 vars in 726 bytes} [Fri Jun 12 04:28:22 2026] GET /v2.0/trunks/e1d0f673-b37f-460a-abae-94b5b5e096b4/tags => generated 30 bytes in 14 msecs (HTTP/1.1 200) 4 headers in 156 bytes (1 switches on core 0)
2026-06-12 04:28:22.747 7 INFO neutron.api.v2.resource [None req-b74fd7ea-6635-4a81-a762-81d64d7bea9c 129957abe6d743ad9e560d1a727bdd9f d8afa16f45414523804ef8ffd7ac5772 - - default default] delete failed (client error): The resource could not be found. [pid: 7|app: 0|req: 1391/2922] 10.0.0.5 () {32 vars in 741 bytes} [Fri Jun 12 04:28:22 2026] DELETE /v2.0/trunks/e1d0f673-b37f-460a-abae-94b5b5e096b4/tags/green => generated 99 bytes in 26 msecs (HTTP/1.1 404) 4 headers in 163 bytes (1 switches on core 0) [pid: 8|app: 0|req: 1532/2923] 10.0.0.5 () {32 vars in 729 bytes} [Fri Jun 12 04:28:22 2026] DELETE /v2.0/trunks/e1d0f673-b37f-460a-abae-94b5b5e096b4/tags => generated 0 bytes in 39 msecs (HTTP/1.1 204) 2 headers in 112 bytes (1 switches on core 0) [pid: 7|app: 0|req: 1392/2924] 10.0.0.5 () {32 vars in 726 bytes} [Fri Jun 12 04:28:22 2026] GET /v2.0/trunks/e1d0f673-b37f-460a-abae-94b5b5e096b4/tags => generated 12 bytes in 25 msecs (HTTP/1.1 200) 4 headers in 156 bytes (1 switches on core 0) [pid: 8|app: 0|req: 1533/2925] 10.0.0.5 () {32 vars in 716 bytes} [Fri Jun 12 04:28:22 2026] GET /v2.0/trunks/e1d0f673-b37f-460a-abae-94b5b5e096b4 => generated 409 bytes in 18 msecs (HTTP/1.1 200) 4 headers in 157 bytes (1 switches on core 0) [pid: 7|app: 0|req: 1393/2926] 10.0.0.5 () {32 vars in 714 bytes} [Fri Jun 12 04:28:22 2026] GET /v2.0/ports/cb704cba-a786-4f26-9a27-c6d36f5a2698 => generated 826 bytes in 94 msecs (HTTP/1.1 200) 4 headers in 157 bytes (1 switches on core 0) [pid: 8|app: 0|req: 1534/2927] 10.0.0.5 () {32 vars in 719 bytes} [Fri Jun 12 04:28:22 2026] DELETE /v2.0/trunks/e1d0f673-b37f-460a-abae-94b5b5e096b4 => generated 0 bytes in 137 msecs (HTTP/1.1 204) 2 headers in 112 bytes (1 switches on core 0)
2026-06-12 04:28:23.256 7 INFO neutron_taas.services.taas.taas_plugin [None req-2befa175-1921-4c9e-9047-d7bae7a5e1fb 129957abe6d743ad9e560d1a727bdd9f d8afa16f45414523804ef8ffd7ac5772 - - default default] TaaS: Handle Delete Port: cb704cba-a786-4f26-9a27-c6d36f5a2698
2026-06-12 04:28:23.259 7 INFO neutron_taas.services.taas.tap_mirror_plugin [None req-2befa175-1921-4c9e-9047-d7bae7a5e1fb 129957abe6d743ad9e560d1a727bdd9f d8afa16f45414523804ef8ffd7ac5772 - - default default] Tap Mirror: Handle Delete Port: cb704cba-a786-4f26-9a27-c6d36f5a2698 [pid: 7|app: 0|req: 1394/2928] 10.0.0.5 () {32 vars in 717 bytes} [Fri Jun 12 04:28:23 2026] DELETE /v2.0/ports/cb704cba-a786-4f26-9a27-c6d36f5a2698 => generated 0 bytes in 296 msecs (HTTP/1.1 204) 3 headers in 131 bytes (1 switches on core 0)
2026-06-12 04:28:23.536 8 INFO neutron_taas.services.taas.taas_plugin [None req-38953508-97c8-4326-a718-e441b022c1b4 129957abe6d743ad9e560d1a727bdd9f d8afa16f45414523804ef8ffd7ac5772 - - default default] TaaS: Handle Delete Port: be63823d-fbc7-4cf8-9707-277f8ba4a19b
2026-06-12 04:28:23.539 8 INFO neutron_taas.services.taas.tap_mirror_plugin [None req-38953508-97c8-4326-a718-e441b022c1b4 129957abe6d743ad9e560d1a727bdd9f d8afa16f45414523804ef8ffd7ac5772 - - default default] Tap Mirror: Handle Delete Port: be63823d-fbc7-4cf8-9707-277f8ba4a19b
2026-06-12 04:28:23.759 8 INFO neutron.services.segments.plugin [-] Segment 76269951-dd09-4c73-8f36-097183df7db0 resource provider aggregate not found
2026-06-12 04:28:23.769 8 INFO neutron.services.segments.plugin [-] Segment 76269951-dd09-4c73-8f36-097183df7db0 resource provider aggregate not found
2026-06-12 04:28:23.792 8 INFO neutron.services.segments.plugin [-] Segment 76269951-dd09-4c73-8f36-097183df7db0 resource provider not found; error: Placement Client Error (4xx): {"errors": [{"status": 404, "title": "Not Found", "detail": "The resource could not be found.\n\n No resource provider with uuid 76269951-dd09-4c73-8f36-097183df7db0 found for delete ", "request_id": "req-d5ded9bf-9a98-444f-8294-852228ecd787"}]}
2026-06-12 04:28:23.800 8 INFO neutron.services.segments.plugin [-] Segment 76269951-dd09-4c73-8f36-097183df7db0 resource provider not found; error: Placement Client Error (4xx): {"errors": [{"status": 404, "title": "Not Found", "detail": "The resource could not be found.\n\n No resource provider with uuid 76269951-dd09-4c73-8f36-097183df7db0 found for delete ", "request_id": "req-40f62db7-1639-46a8-8146-91e4f60e928b"}]} [pid: 8|app: 0|req: 1535/2929] 10.0.0.5 () {32 vars in 723 bytes} [Fri Jun 12 04:28:23 2026] DELETE /v2.0/networks/990df43f-0d0c-4da4-a585-ddbf257a887f => generated 0 bytes in 420 msecs (HTTP/1.1 204) 3 headers in 131 bytes (1 switches on core 0)
2026-06-12 04:28:24.781 7 INFO neutron.db.ovn_revision_numbers_db [None req-6c5c7ed9-d54f-4759-83d3-ed2fded14e57 c49e8a78432a4b33a647b7bd4e3eec14 4dab5ab0fb0b411d982f6887b732a3ff - - default default] Successfully bumped revision number for resource f3165cd7-f365-47be-ac13-eec1c167c1ae (type: security_groups) to 1
2026-06-12 04:28:24.795 7 INFO neutron.db.ovn_revision_numbers_db [None req-6c5c7ed9-d54f-4759-83d3-ed2fded14e57 c49e8a78432a4b33a647b7bd4e3eec14 4dab5ab0fb0b411d982f6887b732a3ff - - default default] Successfully bumped revision number for resource 0aa0cc17-bf2d-43e6-8422-467f2bb2d8e7 (type: security_group_rules) to 0
2026-06-12 04:28:24.807 7 INFO neutron.db.ovn_revision_numbers_db [None req-6c5c7ed9-d54f-4759-83d3-ed2fded14e57 c49e8a78432a4b33a647b7bd4e3eec14 4dab5ab0fb0b411d982f6887b732a3ff - - default default] Successfully bumped revision number for resource 1286cfc7-138d-4e7c-acdc-c7a4870f55e0 (type: security_group_rules) to 0
2026-06-12 04:28:24.817 7 INFO neutron.db.ovn_revision_numbers_db [None req-6c5c7ed9-d54f-4759-83d3-ed2fded14e57 c49e8a78432a4b33a647b7bd4e3eec14 4dab5ab0fb0b411d982f6887b732a3ff - - default default] Successfully bumped revision number for resource 60d741bf-e139-4e45-8581-7c059e27e8d7 (type: security_group_rules) to 0
2026-06-12 04:28:24.830 7 INFO neutron.db.ovn_revision_numbers_db [None req-6c5c7ed9-d54f-4759-83d3-ed2fded14e57 c49e8a78432a4b33a647b7bd4e3eec14 4dab5ab0fb0b411d982f6887b732a3ff - - default default] Successfully bumped revision number for resource 843c7f52-8f74-483e-9fe9-9c6f60bf12fc (type: security_group_rules) to 0 [pid: 7|app: 0|req: 1395/2930] 10.0.0.5 () {32 vars in 771 bytes} [Fri Jun 12 04:28:24 2026] GET /v2.0/security-groups?tenant_id=f24c88b73b11417fa658459d11b8cbc6&name=default => generated 2929 bytes in 314 msecs (HTTP/1.1 200) 4 headers in 158 bytes (1 switches on core 0)
2026-06-12 04:28:24.935 8 INFO neutron.db.ovn_revision_numbers_db [None req-01d47198-eb20-4f2f-a5b6-2cab81cc9906 df397d5afc324540999f9e890b2c7cc7 a261dfc82c254764a08eaadf7bf1920e - - default default] Successfully bumped revision number for resource 1f872134-6e36-4935-97d4-567767a5b037 (type: security_groups) to 1
2026-06-12 04:28:24.948 8 INFO neutron.db.ovn_revision_numbers_db [None req-01d47198-eb20-4f2f-a5b6-2cab81cc9906 df397d5afc324540999f9e890b2c7cc7 a261dfc82c254764a08eaadf7bf1920e - - default default] Successfully bumped revision number for resource 36b22a6f-2488-4f1a-89db-1d55633a241d (type: security_group_rules) to 0
2026-06-12 04:28:24.960 8 INFO neutron.db.ovn_revision_numbers_db [None req-01d47198-eb20-4f2f-a5b6-2cab81cc9906 df397d5afc324540999f9e890b2c7cc7 a261dfc82c254764a08eaadf7bf1920e - - default default] Successfully bumped revision number for resource 7ce66892-5881-4e9f-a965-dbe8ae6a0848 (type: security_group_rules) to 0
2026-06-12 04:28:24.971 8 INFO neutron.db.ovn_revision_numbers_db [None req-01d47198-eb20-4f2f-a5b6-2cab81cc9906 df397d5afc324540999f9e890b2c7cc7 a261dfc82c254764a08eaadf7bf1920e - - default default] Successfully bumped revision number for resource 7f00d35a-3c8c-424d-a2d7-612900bd88fa (type: security_group_rules) to 0
2026-06-12 04:28:24.979 8 INFO neutron.db.ovn_revision_numbers_db [None req-01d47198-eb20-4f2f-a5b6-2cab81cc9906 df397d5afc324540999f9e890b2c7cc7 a261dfc82c254764a08eaadf7bf1920e - - default default] Successfully bumped revision number for resource d955a573-35d2-4d59-aae9-b89f400eaa6d (type: security_group_rules) to 0
2026-06-12 04:28:25.063 8 INFO neutron.db.segments_db [None req-01d47198-eb20-4f2f-a5b6-2cab81cc9906 df397d5afc324540999f9e890b2c7cc7 a261dfc82c254764a08eaadf7bf1920e - - default default] Added segment 2c256e2e-c021-42da-a7eb-cae4542a8fb5 of type geneve for network 8f7fa58c-46c3-4661-acde-b6bf0b513134 [pid: 7|app: 0|req: 1396/2931] 10.0.0.5 () {32 vars in 737 bytes} [Fri Jun 12 04:28:24 2026] DELETE /v2.0/security-groups/f3165cd7-f365-47be-ac13-eec1c167c1ae => generated 0 bytes in 233 msecs (HTTP/1.1 204) 2 headers in 112 bytes (1 switches on core 0)
2026-06-12 04:28:25.178 8 INFO neutron.db.ovn_revision_numbers_db [None req-01d47198-eb20-4f2f-a5b6-2cab81cc9906 df397d5afc324540999f9e890b2c7cc7 a261dfc82c254764a08eaadf7bf1920e - - default default] Successfully bumped revision number for resource 8f7fa58c-46c3-4661-acde-b6bf0b513134 (type: networks) to 1 [pid: 7|app: 0|req: 1397/2932] 10.0.0.5 () {32 vars in 771 bytes} [Fri Jun 12 04:28:25 2026] GET /v2.0/security-groups?tenant_id=d8afa16f45414523804ef8ffd7ac5772&name=default => generated 2929 bytes in 45 msecs (HTTP/1.1 200) 4 headers in 158 bytes (1 switches on core 0)
2026-06-12 04:28:25.371 8 WARNING neutron.scheduler.dhcp_agent_scheduler [None req-01d47198-eb20-4f2f-a5b6-2cab81cc9906 df397d5afc324540999f9e890b2c7cc7 a261dfc82c254764a08eaadf7bf1920e - - default default] No more DHCP agents
2026-06-12 04:28:25.374 8 WARNING neutron.api.rpc.agentnotifiers.dhcp_rpc_agent_api [None req-01d47198-eb20-4f2f-a5b6-2cab81cc9906 df397d5afc324540999f9e890b2c7cc7 a261dfc82c254764a08eaadf7bf1920e - - default default] Unable to schedule network 8f7fa58c-46c3-4661-acde-b6bf0b513134: no agents available; will retry on subsequent port and subnet creation events.
2026-06-12 04:28:25.437 7 INFO neutron.plugins.ml2.drivers.ovn.mech_driver.mech_driver [None req-38011285-b440-4ade-82c8-e5e3497b10ba - - - - - -] OVN reports status down for port: 797efc6f-084f-4974-8a97-9b25e121424c
2026-06-12 04:28:25.447 8 INFO neutron.db.ovn_revision_numbers_db [None req-01d47198-eb20-4f2f-a5b6-2cab81cc9906 df397d5afc324540999f9e890b2c7cc7 a261dfc82c254764a08eaadf7bf1920e - - default default] Successfully bumped revision number for resource 797efc6f-084f-4974-8a97-9b25e121424c (type: ports) to 1 [pid: 8|app: 0|req: 1536/2933] 10.0.0.5 () {34 vars in 667 bytes} [Fri Jun 12 04:28:24 2026] POST /v2.0/networks => generated 658 bytes in 771 msecs (HTTP/1.1 201) 4 headers in 162 bytes (1 switches on core 0) [pid: 7|app: 0|req: 1398/2934] 10.0.0.5 () {32 vars in 737 bytes} [Fri Jun 12 04:28:25 2026] DELETE /v2.0/security-groups/4aa230e6-d0c1-4970-a526-528ea0edb7b8 => generated 0 bytes in 326 msecs (HTTP/1.1 204) 2 headers in 112 bytes (1 switches on core 0)
2026-06-12 04:28:25.659 8 WARNING neutron.scheduler.dhcp_agent_scheduler [None req-9991d7de-1bd9-4075-8fe6-07347c635160 df397d5afc324540999f9e890b2c7cc7 a261dfc82c254764a08eaadf7bf1920e - - default default] No more DHCP agents
2026-06-12 04:28:25.660 8 WARNING neutron.api.rpc.agentnotifiers.dhcp_rpc_agent_api [None req-9991d7de-1bd9-4075-8fe6-07347c635160 df397d5afc324540999f9e890b2c7cc7 a261dfc82c254764a08eaadf7bf1920e - - default default] Unable to schedule network 8f7fa58c-46c3-4661-acde-b6bf0b513134: no agents available; will retry on subsequent port and subnet creation events.
2026-06-12 04:28:26.097 8 INFO neutron.db.ovn_revision_numbers_db [None req-e2d85bb1-1a80-4fe5-a5c4-9b3ac400ba55 - - - - - -] Successfully bumped revision number for resource 797efc6f-084f-4974-8a97-9b25e121424c (type: ports) to 2
2026-06-12 04:28:26.130 8 INFO neutron.db.ovn_revision_numbers_db [None req-e2d85bb1-1a80-4fe5-a5c4-9b3ac400ba55 - - - - - -] Successfully bumped revision number for resource f5dea9c1-f200-42fb-b6da-e1baa4898c73 (type: subnets) to 0 [pid: 8|app: 0|req: 1537/2935] 10.0.0.5 () {34 vars in 666 bytes} [Fri Jun 12 04:28:25 2026] POST /v2.0/subnets => generated 658 bytes in 670 msecs (HTTP/1.1 201) 4 headers in 162 bytes (1 switches on core 0) [pid: 7|app: 0|req: 1399/2936] 10.0.0.5 () {32 vars in 719 bytes} [Fri Jun 12 04:28:26 2026] GET /v2.0/subnetpools?name=shared-default-subnetpool-v6 => generated 19 bytes in 171 msecs (HTTP/1.1 200) 4 headers in 156 bytes (1 switches on core 0)
2026-06-12 04:28:26.525 8 WARNING neutron.scheduler.dhcp_agent_scheduler [None req-b0676d77-669c-48cd-b924-4b6811fae0bc df397d5afc324540999f9e890b2c7cc7 a261dfc82c254764a08eaadf7bf1920e - - default default] No more DHCP agents
2026-06-12 04:28:26.526 8 WARNING neutron.api.rpc.agentnotifiers.dhcp_rpc_agent_api [None req-b0676d77-669c-48cd-b924-4b6811fae0bc df397d5afc324540999f9e890b2c7cc7 a261dfc82c254764a08eaadf7bf1920e - - default default] Unable to schedule network 8f7fa58c-46c3-4661-acde-b6bf0b513134: no agents available; will retry on subsequent port and subnet creation events.
2026-06-12 04:28:26.552 8 INFO neutron.db.ovn_revision_numbers_db [None req-b0676d77-669c-48cd-b924-4b6811fae0bc df397d5afc324540999f9e890b2c7cc7 a261dfc82c254764a08eaadf7bf1920e - - default default] Successfully bumped revision number for resource 73134287-4dcb-47d8-a0ab-cb14d29dcc1b (type: subnets) to 0 [pid: 8|app: 0|req: 1538/2937] 10.0.0.5 () {34 vars in 666 bytes} [Fri Jun 12 04:28:26 2026] POST /v2.0/subnets => generated 732 bytes in 239 msecs (HTTP/1.1 201) 4 headers in 162 bytes (1 switches on core 0)
2026-06-12 04:28:26.663 7 INFO neutron.db.segments_db [None req-b688c5ce-1af9-4c61-873a-7d494223d113 df397d5afc324540999f9e890b2c7cc7 a261dfc82c254764a08eaadf7bf1920e - - default default] Added segment 58c92aa7-7d6a-4371-9781-505da99cc5a4 of type geneve for network bdd3cfab-7f9e-4cc8-908c-36bf857a1bd0
2026-06-12 04:28:26.772 7 INFO neutron.db.ovn_revision_numbers_db [None req-b688c5ce-1af9-4c61-873a-7d494223d113 df397d5afc324540999f9e890b2c7cc7 a261dfc82c254764a08eaadf7bf1920e - - default default] Successfully bumped revision number for resource bdd3cfab-7f9e-4cc8-908c-36bf857a1bd0 (type: networks) to 1
2026-06-12 04:28:26.950 7 WARNING neutron.scheduler.dhcp_agent_scheduler [None req-b688c5ce-1af9-4c61-873a-7d494223d113 df397d5afc324540999f9e890b2c7cc7 a261dfc82c254764a08eaadf7bf1920e - - default default] No more DHCP agents
2026-06-12 04:28:26.951 7 WARNING neutron.api.rpc.agentnotifiers.dhcp_rpc_agent_api [None req-b688c5ce-1af9-4c61-873a-7d494223d113 df397d5afc324540999f9e890b2c7cc7 a261dfc82c254764a08eaadf7bf1920e - - default default] Unable to schedule network bdd3cfab-7f9e-4cc8-908c-36bf857a1bd0: no agents available; will retry on subsequent port and subnet creation events.
2026-06-12 04:28:27.031 8 INFO neutron.plugins.ml2.drivers.ovn.mech_driver.mech_driver [None req-3f97b6fe-871e-40e1-a684-97ea44773663 - - - - - -] OVN reports status down for port: 478abf0e-c379-44d1-bc8c-e0b28c6c8b2a
2026-06-12 04:28:27.036 7 INFO neutron.db.ovn_revision_numbers_db [None req-b688c5ce-1af9-4c61-873a-7d494223d113 df397d5afc324540999f9e890b2c7cc7 a261dfc82c254764a08eaadf7bf1920e - - default default] Successfully bumped revision number for resource 478abf0e-c379-44d1-bc8c-e0b28c6c8b2a (type: ports) to 1 [pid: 7|app: 0|req: 1400/2938] 10.0.0.5 () {34 vars in 667 bytes} [Fri Jun 12 04:28:26 2026] POST /v2.0/networks => generated 656 bytes in 486 msecs (HTTP/1.1 201) 4 headers in 162 bytes (1 switches on core 0)
2026-06-12 04:28:27.299 8 WARNING neutron.scheduler.dhcp_agent_scheduler [None req-211cec21-68b8-4486-ac48-a464d5a07be6 df397d5afc324540999f9e890b2c7cc7 a261dfc82c254764a08eaadf7bf1920e - - default default] No more DHCP agents
2026-06-12 04:28:27.300 8 WARNING neutron.api.rpc.agentnotifiers.dhcp_rpc_agent_api [None req-211cec21-68b8-4486-ac48-a464d5a07be6 df397d5afc324540999f9e890b2c7cc7 a261dfc82c254764a08eaadf7bf1920e - - default default] Unable to schedule network bdd3cfab-7f9e-4cc8-908c-36bf857a1bd0: no agents available; will retry on subsequent port and subnet creation events.
2026-06-12 04:28:27.634 8 INFO neutron.db.ovn_revision_numbers_db [None req-78ecb2ac-bde0-4881-9086-3c7f1226b6fe - - - - - -] Successfully bumped revision number for resource 478abf0e-c379-44d1-bc8c-e0b28c6c8b2a (type: ports) to 2
2026-06-12 04:28:27.668 8 INFO neutron.db.ovn_revision_numbers_db [None req-78ecb2ac-bde0-4881-9086-3c7f1226b6fe - - - - - -] Successfully bumped revision number for resource bf061119-a95f-4bfb-bd8e-7a7f667f86eb (type: subnets) to 0 [pid: 8|app: 0|req: 1539/2939] 10.0.0.5 () {34 vars in 666 bytes} [Fri Jun 12 04:28:27 2026] POST /v2.0/subnets => generated 655 bytes in 620 msecs (HTTP/1.1 201) 4 headers in 162 bytes (1 switches on core 0)
2026-06-12 04:28:27.938 7 WARNING neutron.scheduler.dhcp_agent_scheduler [None req-8c6176cf-5ce8-4371-b608-e4ca1259fcdb df397d5afc324540999f9e890b2c7cc7 a261dfc82c254764a08eaadf7bf1920e - - default default] No more DHCP agents
2026-06-12 04:28:27.939 7 WARNING neutron.api.rpc.agentnotifiers.dhcp_rpc_agent_api [None req-8c6176cf-5ce8-4371-b608-e4ca1259fcdb df397d5afc324540999f9e890b2c7cc7 a261dfc82c254764a08eaadf7bf1920e - - default default] Unable to schedule network bdd3cfab-7f9e-4cc8-908c-36bf857a1bd0: no agents available; will retry on subsequent port and subnet creation events.
2026-06-12 04:28:27.965 7 INFO neutron.db.ovn_revision_numbers_db [None req-8c6176cf-5ce8-4371-b608-e4ca1259fcdb df397d5afc324540999f9e890b2c7cc7 a261dfc82c254764a08eaadf7bf1920e - - default default] Successfully bumped revision number for resource e20ebd6b-7b58-4661-90fb-ffa944442210 (type: subnets) to 0 [pid: 7|app: 0|req: 1401/2940] 10.0.0.5 () {34 vars in 666 bytes} [Fri Jun 12 04:28:27 2026] POST /v2.0/subnets => generated 724 bytes in 296 msecs (HTTP/1.1 201) 4 headers in 162 bytes (1 switches on core 0)
2026-06-12 04:28:28.080 8 INFO neutron.db.segments_db [None req-e8018b97-21bd-4c8f-a8a9-4a6f8454617b df397d5afc324540999f9e890b2c7cc7 a261dfc82c254764a08eaadf7bf1920e - - default default] Added segment cf889ec0-0d2e-4884-b4b5-69f0abc27020 of type geneve for network 0728549d-ab8f-4d7a-8398-4f4d85f2a56f
2026-06-12 04:28:28.198 8 INFO neutron.db.ovn_revision_numbers_db [None req-e8018b97-21bd-4c8f-a8a9-4a6f8454617b df397d5afc324540999f9e890b2c7cc7 a261dfc82c254764a08eaadf7bf1920e - - default default] Successfully bumped revision number for resource 0728549d-ab8f-4d7a-8398-4f4d85f2a56f (type: networks) to 1
2026-06-12 04:28:28.401 8 WARNING neutron.scheduler.dhcp_agent_scheduler [None req-e8018b97-21bd-4c8f-a8a9-4a6f8454617b df397d5afc324540999f9e890b2c7cc7 a261dfc82c254764a08eaadf7bf1920e - - default default] No more DHCP agents
2026-06-12 04:28:28.402 8 WARNING neutron.api.rpc.agentnotifiers.dhcp_rpc_agent_api [None req-e8018b97-21bd-4c8f-a8a9-4a6f8454617b df397d5afc324540999f9e890b2c7cc7 a261dfc82c254764a08eaadf7bf1920e - - default default] Unable to schedule network 0728549d-ab8f-4d7a-8398-4f4d85f2a56f: no agents available; will retry on subsequent port and subnet creation events.
2026-06-12 04:28:28.457 7 INFO neutron.plugins.ml2.drivers.ovn.mech_driver.mech_driver [None req-38011285-b440-4ade-82c8-e5e3497b10ba - - - - - -] OVN reports status down for port: 6dc59509-270d-4551-aac1-fcafbee37186
2026-06-12 04:28:28.495 8 INFO neutron.db.ovn_revision_numbers_db [None req-e8018b97-21bd-4c8f-a8a9-4a6f8454617b df397d5afc324540999f9e890b2c7cc7 a261dfc82c254764a08eaadf7bf1920e - - default default] Successfully bumped revision number for resource 6dc59509-270d-4551-aac1-fcafbee37186 (type: ports) to 1 [pid: 8|app: 0|req: 1540/2941] 10.0.0.5 () {34 vars in 667 bytes} [Fri Jun 12 04:28:27 2026] POST /v2.0/networks => generated 656 bytes in 537 msecs (HTTP/1.1 201) 4 headers in 162 bytes (1 switches on core 0)
2026-06-12 04:28:28.735 7 WARNING neutron.scheduler.dhcp_agent_scheduler [None req-1a0ce67c-d4f5-40d6-b9db-1ab915fba94c df397d5afc324540999f9e890b2c7cc7 a261dfc82c254764a08eaadf7bf1920e - - default default] No more DHCP agents
2026-06-12 04:28:28.736 7 WARNING neutron.api.rpc.agentnotifiers.dhcp_rpc_agent_api [None req-1a0ce67c-d4f5-40d6-b9db-1ab915fba94c df397d5afc324540999f9e890b2c7cc7 a261dfc82c254764a08eaadf7bf1920e - - default default] Unable to schedule network 0728549d-ab8f-4d7a-8398-4f4d85f2a56f: no agents available; will retry on subsequent port and subnet creation events.
2026-06-12 04:28:29.168 7 INFO neutron.db.ovn_revision_numbers_db [None req-d9653a3b-970a-4261-9e00-c7dd2c8fa1ed - - - - - -] Successfully bumped revision number for resource 6dc59509-270d-4551-aac1-fcafbee37186 (type: ports) to 2
2026-06-12 04:28:29.199 7 INFO neutron.db.ovn_revision_numbers_db [None req-d9653a3b-970a-4261-9e00-c7dd2c8fa1ed - - - - - -] Successfully bumped revision number for resource 2b362457-164b-4498-b3a5-aab87944ab14 (type: subnets) to 0 [pid: 7|app: 0|req: 1402/2942] 10.0.0.5 () {34 vars in 666 bytes} [Fri Jun 12 04:28:28 2026] POST /v2.0/subnets => generated 656 bytes in 684 msecs (HTTP/1.1 201) 4 headers in 162 bytes (1 switches on core 0)
2026-06-12 04:28:29.439 8 WARNING neutron.scheduler.dhcp_agent_scheduler [None req-6a2dd392-5607-4674-8383-4ff384340e6f df397d5afc324540999f9e890b2c7cc7 a261dfc82c254764a08eaadf7bf1920e - - default default] No more DHCP agents
2026-06-12 04:28:29.440 8 WARNING neutron.api.rpc.agentnotifiers.dhcp_rpc_agent_api [None req-6a2dd392-5607-4674-8383-4ff384340e6f df397d5afc324540999f9e890b2c7cc7 a261dfc82c254764a08eaadf7bf1920e - - default default] Unable to schedule network 0728549d-ab8f-4d7a-8398-4f4d85f2a56f: no agents available; will retry on subsequent port and subnet creation events.
2026-06-12 04:28:29.476 8 INFO neutron.db.ovn_revision_numbers_db [None req-6a2dd392-5607-4674-8383-4ff384340e6f df397d5afc324540999f9e890b2c7cc7 a261dfc82c254764a08eaadf7bf1920e - - default default] Successfully bumped revision number for resource 9a62da35-a847-4d45-9cd1-0c47bc66d211 (type: subnets) to 0 [pid: 8|app: 0|req: 1541/2943] 10.0.0.5 () {34 vars in 666 bytes} [Fri Jun 12 04:28:29 2026] POST /v2.0/subnets => generated 730 bytes in 267 msecs (HTTP/1.1 201) 4 headers in 162 bytes (1 switches on core 0)
2026-06-12 04:28:29.889 7 WARNING neutron.scheduler.dhcp_agent_scheduler [None req-c3847030-2f08-496b-bc5b-ff6930094e7c df397d5afc324540999f9e890b2c7cc7 a261dfc82c254764a08eaadf7bf1920e - - default default] No more DHCP agents
2026-06-12 04:28:29.890 7 WARNING neutron.api.rpc.agentnotifiers.dhcp_rpc_agent_api [None req-c3847030-2f08-496b-bc5b-ff6930094e7c df397d5afc324540999f9e890b2c7cc7 a261dfc82c254764a08eaadf7bf1920e - - default default] Unable to schedule network cdc51ee5-f40b-4795-bac3-92cefd49ba1e: no agents available; will retry on subsequent port and subnet creation events.
2026-06-12 04:28:29.992 7 INFO neutron.plugins.ml2.drivers.ovn.mech_driver.mech_driver [None req-38011285-b440-4ade-82c8-e5e3497b10ba - - - - - -] OVN reports status down for port: ebcde46e-bdeb-460d-b8f5-bf107f89c981
2026-06-12 04:28:30.054 7 INFO neutron.db.ovn_revision_numbers_db [None req-c3847030-2f08-496b-bc5b-ff6930094e7c df397d5afc324540999f9e890b2c7cc7 a261dfc82c254764a08eaadf7bf1920e - - default default] Successfully bumped revision number for resource ebcde46e-bdeb-460d-b8f5-bf107f89c981 (type: ports) to 1
2026-06-12 04:28:30.702 7 INFO neutron.plugins.ml2.drivers.ovn.mech_driver.ovsdb.commands [None req-0f301ae5-885a-4bf2-9059-142926ec6cf1 - - - - - -] Schedule LRP lrp-ebcde46e-bdeb-460d-b8f5-bf107f89c981 on gateway a0320e4e-265c-4638-a479-61de058397ef with priority 1
2026-06-12 04:28:30.744 7 INFO neutron.plugins.ml2.drivers.ovn.mech_driver.ovsdb.ovsdb_monitor [None req-313c3d0d-2811-40fa-863a-0c38cb5cea18 - - - - - -] Router 28883940-6a27-4c5d-b27c-cc28b22fa55e is bound to host instance
2026-06-12 04:28:30.809 7 INFO neutron.plugins.ml2.drivers.ovn.mech_driver.mech_driver [None req-38011285-b440-4ade-82c8-e5e3497b10ba - - - - - -] OVN reports status up for port: ebcde46e-bdeb-460d-b8f5-bf107f89c981
2026-06-12 04:28:31.818 7 INFO neutron.plugins.ml2.plugin [None req-38011285-b440-4ade-82c8-e5e3497b10ba - - - - - -] Attempt 1 to provision port ebcde46e-bdeb-460d-b8f5-bf107f89c981
2026-06-12 04:28:31.875 7 INFO neutron.db.ovn_revision_numbers_db [None req-c3847030-2f08-496b-bc5b-ff6930094e7c df397d5afc324540999f9e890b2c7cc7 a261dfc82c254764a08eaadf7bf1920e - - default default] Successfully bumped revision number for resource ebcde46e-bdeb-460d-b8f5-bf107f89c981 (type: router_ports) to 1
2026-06-12 04:28:32.048 7 INFO neutron.db.ovn_revision_numbers_db [None req-c3847030-2f08-496b-bc5b-ff6930094e7c df397d5afc324540999f9e890b2c7cc7 a261dfc82c254764a08eaadf7bf1920e - - default default] Successfully bumped revision number for resource 28883940-6a27-4c5d-b27c-cc28b22fa55e (type: routers) to 2 [pid: 7|app: 0|req: 1403/2944] 10.0.0.5 () {34 vars in 666 bytes} [Fri Jun 12 04:28:29 2026] POST /v2.0/routers => generated 945 bytes in 2584 msecs (HTTP/1.1 201) 4 headers in 162 bytes (1 switches on core 0)
2026-06-12 04:28:32.537 8 WARNING neutron.scheduler.dhcp_agent_scheduler [None req-ec5a6549-c4d3-4b75-8533-0c9c442ec39c df397d5afc324540999f9e890b2c7cc7 a261dfc82c254764a08eaadf7bf1920e - - default default] No more DHCP agents
2026-06-12 04:28:32.538 8 WARNING neutron.api.rpc.agentnotifiers.dhcp_rpc_agent_api [None req-ec5a6549-c4d3-4b75-8533-0c9c442ec39c df397d5afc324540999f9e890b2c7cc7 a261dfc82c254764a08eaadf7bf1920e - - default default] Unable to schedule network 8f7fa58c-46c3-4661-acde-b6bf0b513134: no agents available; will retry on subsequent port and subnet creation events.
2026-06-12 04:28:32.685 8 INFO neutron.db.ovn_revision_numbers_db [None req-ec5a6549-c4d3-4b75-8533-0c9c442ec39c df397d5afc324540999f9e890b2c7cc7 a261dfc82c254764a08eaadf7bf1920e - - default default] Successfully bumped revision number for resource 55df8c19-256d-40fd-b150-50a6cd04ed6b (type: ports) to 1
2026-06-12 04:28:32.787 7 INFO neutron.db.ovn_revision_numbers_db [None req-359bb915-1d38-44bb-a387-a3fbf236a141 - - - - - -] Successfully bumped revision number for resource ebcde46e-bdeb-460d-b8f5-bf107f89c981 (type: ports) to 4
2026-06-12 04:28:33.117 7 INFO neutron.db.ovn_revision_numbers_db [None req-359bb915-1d38-44bb-a387-a3fbf236a141 - - - - - -] Successfully bumped revision number for resource ebcde46e-bdeb-460d-b8f5-bf107f89c981 (type: ports) to 5
2026-06-12 04:28:33.567 8 WARNING neutron.scheduler.dhcp_agent_scheduler [None req-ec5a6549-c4d3-4b75-8533-0c9c442ec39c df397d5afc324540999f9e890b2c7cc7 a261dfc82c254764a08eaadf7bf1920e - - default default] No more DHCP agents
2026-06-12 04:28:33.569 8 WARNING neutron.api.rpc.agentnotifiers.dhcp_rpc_agent_api [None req-ec5a6549-c4d3-4b75-8533-0c9c442ec39c df397d5afc324540999f9e890b2c7cc7 a261dfc82c254764a08eaadf7bf1920e - - default default] Unable to schedule network 8f7fa58c-46c3-4661-acde-b6bf0b513134: no agents available; will retry on subsequent port and subnet creation events.
2026-06-12 04:28:33.897 8 INFO neutron.db.ovn_revision_numbers_db [None req-ec5a6549-c4d3-4b75-8533-0c9c442ec39c df397d5afc324540999f9e890b2c7cc7 a261dfc82c254764a08eaadf7bf1920e - - default default] Successfully bumped revision number for resource 55df8c19-256d-40fd-b150-50a6cd04ed6b (type: router_ports) to 1 [pid: 8|app: 0|req: 1542/2947] 10.0.0.5 () {34 vars in 780 bytes} [Fri Jun 12 04:28:32 2026] PUT /v2.0/routers/28883940-6a27-4c5d-b27c-cc28b22fa55e/add_router_interface => generated 309 bytes in 1816 msecs (HTTP/1.1 200) 4 headers in 157 bytes (1 switches on core 0)
2026-06-12 04:28:34.473 7 WARNING neutron.scheduler.dhcp_agent_scheduler [None req-fe3b9696-2ed3-411e-8cab-13e1b94d6dd9 df397d5afc324540999f9e890b2c7cc7 a261dfc82c254764a08eaadf7bf1920e - - default default] No more DHCP agents
2026-06-12 04:28:34.474 7 WARNING neutron.api.rpc.agentnotifiers.dhcp_rpc_agent_api [None req-fe3b9696-2ed3-411e-8cab-13e1b94d6dd9 df397d5afc324540999f9e890b2c7cc7 a261dfc82c254764a08eaadf7bf1920e - - default default] Unable to schedule network bdd3cfab-7f9e-4cc8-908c-36bf857a1bd0: no agents available; will retry on subsequent port and subnet creation events.
2026-06-12 04:28:34.622 7 INFO neutron.db.ovn_revision_numbers_db [None req-fe3b9696-2ed3-411e-8cab-13e1b94d6dd9 df397d5afc324540999f9e890b2c7cc7 a261dfc82c254764a08eaadf7bf1920e - - default default] Successfully bumped revision number for resource 1a1b6cdb-2330-40a4-8a18-12fe49950814 (type: ports) to 1
2026-06-12 04:28:35.082 7 INFO neutron.plugins.ml2.drivers.ovn.mech_driver.mech_driver [None req-38011285-b440-4ade-82c8-e5e3497b10ba - - - - - -] OVN reports status down for port: 55df8c19-256d-40fd-b150-50a6cd04ed6b
2026-06-12 04:28:35.201 7 WARNING neutron.plugins.ml2.drivers.ovn.mech_driver.ovsdb.ovn_client [None req-38011285-b440-4ade-82c8-e5e3497b10ba - - - - - -] Logical_Switch_Port %s host information not removed, the port state is up
2026-06-12 04:28:35.204 7 INFO neutron.plugins.ml2.drivers.ovn.mech_driver.mech_driver [None req-38011285-b440-4ade-82c8-e5e3497b10ba - - - - - -] OVN reports status up for port: 55df8c19-256d-40fd-b150-50a6cd04ed6b
