2026-06-12 04:24:52.088 7 INFO neutron.db.ovn_revision_numbers_db [None req-b269874f-d4d1-4027-b24a-d607e06c32b3 c49e8a78432a4b33a647b7bd4e3eec14 4dab5ab0fb0b411d982f6887b732a3ff - - default default] Successfully bumped revision number for resource a9d5f1b5-26cb-4859-b7a1-2846c4cfe372 (type: security_group_rules) to 0
2026-06-12 04:24:52.089 8 WARNING neutron.scheduler.dhcp_agent_scheduler [None req-51721e67-2362-40e2-b6e7-ce5ca715bad6 dac7c2fd0ecb406b98eb50181ba1c619 47bc4501c3f2468984e5f8a8dd1becea - - default default] No more DHCP agents
2026-06-12 04:24:52.092 8 WARNING neutron.api.rpc.agentnotifiers.dhcp_rpc_agent_api [None req-51721e67-2362-40e2-b6e7-ce5ca715bad6 dac7c2fd0ecb406b98eb50181ba1c619 47bc4501c3f2468984e5f8a8dd1becea - - default default] Unable to schedule network ee958727-e78a-4a6c-a296-54b540bc0864: no agents available; will retry on subsequent port and subnet creation events. [pid: 7|app: 0|req: 631/1299] 10.0.0.5 () {32 vars in 771 bytes} [Fri Jun 12 04:24:51 2026] GET /v2.0/security-groups?tenant_id=a2d065e8e3e145fa83854e78387ebe03&name=default => generated 2925 bytes in 255 msecs (HTTP/1.1 200) 4 headers in 158 bytes (1 switches on core 0) [pid: 7|app: 0|req: 632/1300] 10.0.0.5 () {32 vars in 737 bytes} [Fri Jun 12 04:24:52 2026] DELETE /v2.0/security-groups/87045f19-3aa7-4046-9cc4-e6dd67e2d154 => generated 0 bytes in 284 msecs (HTTP/1.1 204) 2 headers in 112 bytes (1 switches on core 0)
2026-06-12 04:24:52.655 8 INFO neutron.db.ovn_revision_numbers_db [None req-b1c158f4-37f5-4c9e-9cfa-c719cf73564d - - - - - -] Successfully bumped revision number for resource 37afdeb4-4050-46c7-8130-5463ed9081a8 (type: ports) to 2
2026-06-12 04:24:52.689 8 INFO neutron.db.ovn_revision_numbers_db [None req-b1c158f4-37f5-4c9e-9cfa-c719cf73564d - - - - - -] Successfully bumped revision number for resource d3a4e768-cba8-4795-851b-315d1ae1b1f5 (type: subnets) to 0 [pid: 8|app: 0|req: 669/1301] 10.0.0.5 () {34 vars in 666 bytes} [Fri Jun 12 04:24:51 2026] POST /v2.0/subnets => generated 626 bytes in 1123 msecs (HTTP/1.1 201) 4 headers in 162 bytes (1 switches on core 0)
2026-06-12 04:24:52.947 7 WARNING neutron.scheduler.dhcp_agent_scheduler [None req-cdd99f82-193e-48f7-aaf8-3e06b3489d25 dac7c2fd0ecb406b98eb50181ba1c619 47bc4501c3f2468984e5f8a8dd1becea - - default default] No more DHCP agents
2026-06-12 04:24:52.948 7 WARNING neutron.api.rpc.agentnotifiers.dhcp_rpc_agent_api [None req-cdd99f82-193e-48f7-aaf8-3e06b3489d25 dac7c2fd0ecb406b98eb50181ba1c619 47bc4501c3f2468984e5f8a8dd1becea - - default default] Unable to schedule network f98d2ce7-7504-4400-bfff-c55fe5165ce7: no agents available; will retry on subsequent port and subnet creation events. /var/lib/openstack/lib/python3.12/site-packages/pycadf/identifier.py:70: UserWarning: Invalid uuid: neutron. To ensure interoperability, identifiers should be a valid uuid. warnings.warn(('Invalid uuid: %s. To ensure interoperability, '
2026-06-12 04:24:53.158 8 INFO neutron.db.ovn_revision_numbers_db [None req-7446d31e-0bba-49da-a217-72fd9cd2ec81 c49e8a78432a4b33a647b7bd4e3eec14 4dab5ab0fb0b411d982f6887b732a3ff - - default default] Successfully bumped revision number for resource faaf802d-b608-46f6-b7fa-020591ac56a7 (type: security_groups) to 1
2026-06-12 04:24:53.168 8 INFO neutron.db.ovn_revision_numbers_db [None req-7446d31e-0bba-49da-a217-72fd9cd2ec81 c49e8a78432a4b33a647b7bd4e3eec14 4dab5ab0fb0b411d982f6887b732a3ff - - default default] Successfully bumped revision number for resource 5c358fa1-d421-48ea-8306-863abf255d66 (type: security_group_rules) to 0
2026-06-12 04:24:53.179 8 INFO neutron.db.ovn_revision_numbers_db [None req-7446d31e-0bba-49da-a217-72fd9cd2ec81 c49e8a78432a4b33a647b7bd4e3eec14 4dab5ab0fb0b411d982f6887b732a3ff - - default default] Successfully bumped revision number for resource d1467f03-a851-41f9-bd2b-c20ec11276d3 (type: security_group_rules) to 0
2026-06-12 04:24:53.194 8 INFO neutron.db.ovn_revision_numbers_db [None req-7446d31e-0bba-49da-a217-72fd9cd2ec81 c49e8a78432a4b33a647b7bd4e3eec14 4dab5ab0fb0b411d982f6887b732a3ff - - default default] Successfully bumped revision number for resource e8fcdf51-be5c-4d64-8d40-204a676206b4 (type: security_group_rules) to 0
2026-06-12 04:24:53.222 8 INFO neutron.db.ovn_revision_numbers_db [None req-7446d31e-0bba-49da-a217-72fd9cd2ec81 c49e8a78432a4b33a647b7bd4e3eec14 4dab5ab0fb0b411d982f6887b732a3ff - - default default] Successfully bumped revision number for resource f0af8d3e-afec-4969-a9b6-8ace06cc7a07 (type: security_group_rules) to 0 [pid: 8|app: 0|req: 670/1302] 10.0.0.5 () {32 vars in 771 bytes} [Fri Jun 12 04:24:52 2026] GET /v2.0/security-groups?tenant_id=e02e943e70844114a9308a57b60b8339&name=default => generated 2925 bytes in 484 msecs (HTTP/1.1 200) 4 headers in 158 bytes (1 switches on core 0) [pid: 8|app: 0|req: 671/1303] 10.0.0.97 () {34 vars in 988 bytes} [Fri Jun 12 04:24:53 2026] GET /v2.0/ports?device_id=dea1efc1-daa1-4104-a081-5a3c07428132 => generated 971 bytes in 91 msecs (HTTP/1.1 200) 4 headers in 157 bytes (1 switches on core 0)
2026-06-12 04:24:53.415 7 INFO neutron.db.ovn_revision_numbers_db [None req-a9edb9c6-1b74-4d99-b74f-aa500cdd26b3 - - - - - -] Successfully bumped revision number for resource d9536f00-a0f8-4f2f-b017-60b899f75925 (type: ports) to 2
2026-06-12 04:24:53.444 7 INFO neutron.db.ovn_revision_numbers_db [None req-a9edb9c6-1b74-4d99-b74f-aa500cdd26b3 - - - - - -] Successfully bumped revision number for resource b2f1f693-8cd3-4327-abcd-8e38a7743930 (type: subnets) to 0 [pid: 7|app: 0|req: 633/1304] 10.0.0.5 () {34 vars in 666 bytes} [Fri Jun 12 04:24:52 2026] POST /v2.0/subnets => generated 626 bytes in 752 msecs (HTTP/1.1 201) 4 headers in 162 bytes (1 switches on core 0) [pid: 7|app: 0|req: 634/1305] 10.0.0.97 () {34 vars in 1038 bytes} [Fri Jun 12 04:24:53 2026] GET /v2.0/security-groups?id=7ce3373d-d522-4a3b-8a4c-af4864cc7932&fields=id&fields=name => generated 114 bytes in 38 msecs (HTTP/1.1 200) 4 headers in 157 bytes (1 switches on core 0)
2026-06-12 04:24:53.611 7 INFO neutron.db.ovn_revision_numbers_db [None req-be6d123a-f3ae-4a51-a793-fe6d12838e79 dac7c2fd0ecb406b98eb50181ba1c619 47bc4501c3f2468984e5f8a8dd1becea - - default default] Successfully bumped revision number for resource b9b443a4-5f5e-43d2-bd09-1b37ee27b6e6 (type: routers) to 1 [pid: 7|app: 0|req: 635/1306] 10.0.0.5 () {34 vars in 666 bytes} [Fri Jun 12 04:24:53 2026] POST /v2.0/routers => generated 603 bytes in 125 msecs (HTTP/1.1 201) 4 headers in 162 bytes (1 switches on core 0) [pid: 8|app: 0|req: 672/1307] 10.0.0.5 () {32 vars in 737 bytes} [Fri Jun 12 04:24:53 2026] DELETE /v2.0/security-groups/faaf802d-b608-46f6-b7fa-020591ac56a7 => generated 0 bytes in 307 msecs (HTTP/1.1 204) 2 headers in 112 bytes (1 switches on core 0)
2026-06-12 04:24:53.738 8 INFO neutron.notifiers.nova [-] Nova event matching ['req-b5d4d8f9-abda-4d79-9e58-cbc8a8d9353f'] response: {'server_uuid': 'dea1efc1-daa1-4104-a081-5a3c07428132', 'name': 'network-vif-plugged', 'status': 'completed', 'tag': 'ddae435d-4458-4943-b8f1-7a599e65e510', 'code': 200}
2026-06-12 04:24:53.979 7 WARNING neutron.scheduler.dhcp_agent_scheduler [None req-2390a898-e1aa-4cd0-9066-57719ada0320 dac7c2fd0ecb406b98eb50181ba1c619 47bc4501c3f2468984e5f8a8dd1becea - - default default] No more DHCP agents
2026-06-12 04:24:53.980 7 WARNING neutron.api.rpc.agentnotifiers.dhcp_rpc_agent_api [None req-2390a898-e1aa-4cd0-9066-57719ada0320 dac7c2fd0ecb406b98eb50181ba1c619 47bc4501c3f2468984e5f8a8dd1becea - - default default] Unable to schedule network ee958727-e78a-4a6c-a296-54b540bc0864: no agents available; will retry on subsequent port and subnet creation events.
2026-06-12 04:24:54.082 7 INFO neutron.plugins.ml2.drivers.ovn.mech_driver.mech_driver [None req-7b31b9d6-fd91-47b9-881f-6c31ffc77ae7 - - - - - -] OVN reports status down for port: 7b42fed3-f33c-488d-875c-8ba5107cc9c0
2026-06-12 04:24:54.147 7 INFO neutron.db.ovn_revision_numbers_db [None req-2390a898-e1aa-4cd0-9066-57719ada0320 dac7c2fd0ecb406b98eb50181ba1c619 47bc4501c3f2468984e5f8a8dd1becea - - default default] Successfully bumped revision number for resource 7b42fed3-f33c-488d-875c-8ba5107cc9c0 (type: ports) to 1 [pid: 8|app: 0|req: 673/1308] 10.0.0.97 () {34 vars in 988 bytes} [Fri Jun 12 04:24:54 2026] GET /v2.0/ports?device_id=dea1efc1-daa1-4104-a081-5a3c07428132 => generated 971 bytes in 52 msecs (HTTP/1.1 200) 4 headers in 157 bytes (1 switches on core 0) [pid: 8|app: 0|req: 674/1309] 10.0.0.97 () {34 vars in 1038 bytes} [Fri Jun 12 04:24:54 2026] GET /v2.0/security-groups?id=7ce3373d-d522-4a3b-8a4c-af4864cc7932&fields=id&fields=name => generated 114 bytes in 33 msecs (HTTP/1.1 200) 4 headers in 157 bytes (1 switches on core 0)
2026-06-12 04:24:54.766 7 INFO neutron.plugins.ml2.drivers.ovn.mech_driver.mech_driver [None req-7b31b9d6-fd91-47b9-881f-6c31ffc77ae7 - - - - - -] OVN reports status up for port: 7b42fed3-f33c-488d-875c-8ba5107cc9c0
2026-06-12 04:24:54.782 7 INFO neutron.plugins.ml2.plugin [None req-7b31b9d6-fd91-47b9-881f-6c31ffc77ae7 - - - - - -] Attempt 1 to provision port 7b42fed3-f33c-488d-875c-8ba5107cc9c0 [pid: 8|app: 0|req: 675/1310] 10.0.0.97 () {34 vars in 988 bytes} [Fri Jun 12 04:24:54 2026] GET /v2.0/ports?device_id=dea1efc1-daa1-4104-a081-5a3c07428132 => generated 971 bytes in 41 msecs (HTTP/1.1 200) 4 headers in 157 bytes (1 switches on core 0)
2026-06-12 04:24:54.936 7 WARNING neutron.scheduler.dhcp_agent_scheduler [None req-2390a898-e1aa-4cd0-9066-57719ada0320 dac7c2fd0ecb406b98eb50181ba1c619 47bc4501c3f2468984e5f8a8dd1becea - - default default] No more DHCP agents
2026-06-12 04:24:54.939 7 WARNING neutron.api.rpc.agentnotifiers.dhcp_rpc_agent_api [None req-2390a898-e1aa-4cd0-9066-57719ada0320 dac7c2fd0ecb406b98eb50181ba1c619 47bc4501c3f2468984e5f8a8dd1becea - - default default] Unable to schedule network ee958727-e78a-4a6c-a296-54b540bc0864: no agents available; will retry on subsequent port and subnet creation events.
2026-06-12 04:24:55.357 8 INFO neutron.db.ovn_revision_numbers_db [None req-e6174c9c-8776-4e26-a03c-ac1467340f9b 6a023aa09f4c422ca6c3e98e3014bdc1 d390be46d43549ce8b247fba6850059b - - default default] Successfully bumped revision number for resource dc5d8fb9-cc48-4bfb-9f26-54a488bde707 (type: floatingips) to 1
2026-06-12 04:24:55.371 7 INFO neutron.db.ovn_revision_numbers_db [None req-2390a898-e1aa-4cd0-9066-57719ada0320 dac7c2fd0ecb406b98eb50181ba1c619 47bc4501c3f2468984e5f8a8dd1becea - - default default] Successfully bumped revision number for resource 7b42fed3-f33c-488d-875c-8ba5107cc9c0 (type: router_ports) to 1 [pid: 7|app: 0|req: 636/1311] 10.0.0.5 () {34 vars in 780 bytes} [Fri Jun 12 04:24:53 2026] PUT /v2.0/routers/b9b443a4-5f5e-43d2-bd09-1b37ee27b6e6/add_router_interface => generated 309 bytes in 1750 msecs (HTTP/1.1 200) 4 headers in 157 bytes (1 switches on core 0)
2026-06-12 04:24:55.482 8 INFO neutron.db.ovn_revision_numbers_db [None req-e6174c9c-8776-4e26-a03c-ac1467340f9b 6a023aa09f4c422ca6c3e98e3014bdc1 d390be46d43549ce8b247fba6850059b - - default default] Successfully bumped revision number for resource dc5d8fb9-cc48-4bfb-9f26-54a488bde707 (type: floatingips) to 2
2026-06-12 04:24:55.482 8 INFO neutron.db.l3_db [None req-e6174c9c-8776-4e26-a03c-ac1467340f9b 6a023aa09f4c422ca6c3e98e3014bdc1 d390be46d43549ce8b247fba6850059b - - default default] Floating IP dc5d8fb9-cc48-4bfb-9f26-54a488bde707 associated. External IP: 10.96.250.215, port: ddae435d-4458-4943-b8f1-7a599e65e510. [pid: 8|app: 0|req: 676/1312] 10.0.0.5 () {34 vars in 746 bytes} [Fri Jun 12 04:24:54 2026] PUT /v2.0/floatingips/dc5d8fb9-cc48-4bfb-9f26-54a488bde707 => generated 855 bytes in 700 msecs (HTTP/1.1 200) 4 headers in 157 bytes (1 switches on core 0) [pid: 7|app: 0|req: 637/1313] 10.0.0.5 () {32 vars in 714 bytes} [Fri Jun 12 04:24:55 2026] GET /v2.0/ports/7b42fed3-f33c-488d-875c-8ba5107cc9c0 => generated 943 bytes in 168 msecs (HTTP/1.1 200) 4 headers in 157 bytes (1 switches on core 0)
2026-06-12 04:24:55.581 7 INFO neutron.db.ovn_revision_numbers_db [None req-7b31b9d6-fd91-47b9-881f-6c31ffc77ae7 - - - - - -] Successfully bumped revision number for resource 7b42fed3-f33c-488d-875c-8ba5107cc9c0 (type: ports) to 2
2026-06-12 04:24:55.783 8 INFO neutron.notifiers.nova [-] Nova event matching ['req-e93f5c90-e90d-4eb9-a6de-d1c7fd167132'] response: {'name': 'network-changed', 'server_uuid': 'dea1efc1-daa1-4104-a081-5a3c07428132', 'tag': 'ddae435d-4458-4943-b8f1-7a599e65e510', 'status': 'completed', 'code': 200}
2026-06-12 04:24:55.812 8 INFO neutron.db.ovn_revision_numbers_db [None req-b0368103-3271-49c6-b91b-fc325464b5d0 c49e8a78432a4b33a647b7bd4e3eec14 4dab5ab0fb0b411d982f6887b732a3ff - - default default] Successfully bumped revision number for resource 97d79b15-2806-49c1-80a3-1c8969c3de13 (type: security_groups) to 1
2026-06-12 04:24:55.824 8 INFO neutron.db.ovn_revision_numbers_db [None req-b0368103-3271-49c6-b91b-fc325464b5d0 c49e8a78432a4b33a647b7bd4e3eec14 4dab5ab0fb0b411d982f6887b732a3ff - - default default] Successfully bumped revision number for resource 796e8f3a-e40b-4878-8939-823c5433d80e (type: security_group_rules) to 0
2026-06-12 04:24:55.836 8 INFO neutron.db.ovn_revision_numbers_db [None req-b0368103-3271-49c6-b91b-fc325464b5d0 c49e8a78432a4b33a647b7bd4e3eec14 4dab5ab0fb0b411d982f6887b732a3ff - - default default] Successfully bumped revision number for resource 7d9f2e00-b8dd-4861-99e4-3681359f7437 (type: security_group_rules) to 0
2026-06-12 04:24:55.848 8 INFO neutron.db.ovn_revision_numbers_db [None req-b0368103-3271-49c6-b91b-fc325464b5d0 c49e8a78432a4b33a647b7bd4e3eec14 4dab5ab0fb0b411d982f6887b732a3ff - - default default] Successfully bumped revision number for resource 9e1c3992-4574-4444-bf47-246e539fc260 (type: security_group_rules) to 0
2026-06-12 04:24:55.863 8 INFO neutron.db.ovn_revision_numbers_db [None req-b0368103-3271-49c6-b91b-fc325464b5d0 c49e8a78432a4b33a647b7bd4e3eec14 4dab5ab0fb0b411d982f6887b732a3ff - - default default] Successfully bumped revision number for resource ed6db0ab-b196-4a14-bcb5-b9c24537e964 (type: security_group_rules) to 0
2026-06-12 04:24:55.936 8 INFO neutron.db.segments_db [None req-b0368103-3271-49c6-b91b-fc325464b5d0 c49e8a78432a4b33a647b7bd4e3eec14 4dab5ab0fb0b411d982f6887b732a3ff - - default default] Added segment 3694065e-5968-4fb0-94f1-5cd8f9c03675 of type geneve for network 7f78ea40-2fcd-4033-9330-0c208617d376
2026-06-12 04:24:56.049 7 WARNING neutron.scheduler.dhcp_agent_scheduler [None req-7a5b2a1c-c445-4575-ae51-a806c9c2c229 dac7c2fd0ecb406b98eb50181ba1c619 47bc4501c3f2468984e5f8a8dd1becea - - default default] No more DHCP agents
2026-06-12 04:24:56.051 7 WARNING neutron.api.rpc.agentnotifiers.dhcp_rpc_agent_api [None req-7a5b2a1c-c445-4575-ae51-a806c9c2c229 dac7c2fd0ecb406b98eb50181ba1c619 47bc4501c3f2468984e5f8a8dd1becea - - default default] Unable to schedule network f98d2ce7-7504-4400-bfff-c55fe5165ce7: no agents available; will retry on subsequent port and subnet creation events.
2026-06-12 04:24:56.052 8 INFO neutron.db.ovn_revision_numbers_db [None req-b0368103-3271-49c6-b91b-fc325464b5d0 c49e8a78432a4b33a647b7bd4e3eec14 4dab5ab0fb0b411d982f6887b732a3ff - - default default] Successfully bumped revision number for resource 7f78ea40-2fcd-4033-9330-0c208617d376 (type: networks) to 1
2026-06-12 04:24:56.206 7 INFO neutron.db.ovn_revision_numbers_db [None req-7a5b2a1c-c445-4575-ae51-a806c9c2c229 dac7c2fd0ecb406b98eb50181ba1c619 47bc4501c3f2468984e5f8a8dd1becea - - default default] Successfully bumped revision number for resource 9cfb2642-2d7e-481f-b99b-6ad82b9a5c10 (type: ports) to 1
2026-06-12 04:24:56.256 8 WARNING neutron.scheduler.dhcp_agent_scheduler [None req-b0368103-3271-49c6-b91b-fc325464b5d0 c49e8a78432a4b33a647b7bd4e3eec14 4dab5ab0fb0b411d982f6887b732a3ff - - default default] No more DHCP agents
2026-06-12 04:24:56.258 8 WARNING neutron.api.rpc.agentnotifiers.dhcp_rpc_agent_api [None req-b0368103-3271-49c6-b91b-fc325464b5d0 c49e8a78432a4b33a647b7bd4e3eec14 4dab5ab0fb0b411d982f6887b732a3ff - - default default] Unable to schedule network 7f78ea40-2fcd-4033-9330-0c208617d376: no agents available; will retry on subsequent port and subnet creation events.
2026-06-12 04:24:56.349 8 INFO neutron.db.ovn_revision_numbers_db [None req-b0368103-3271-49c6-b91b-fc325464b5d0 c49e8a78432a4b33a647b7bd4e3eec14 4dab5ab0fb0b411d982f6887b732a3ff - - default default] Successfully bumped revision number for resource d19ad052-392e-4388-9c96-aa649ebad9c4 (type: ports) to 1 [pid: 8|app: 0|req: 677/1314] 10.0.0.5 () {34 vars in 668 bytes} [Fri Jun 12 04:24:55 2026] POST /v2.0/networks => generated 762 bytes in 858 msecs (HTTP/1.1 201) 4 headers in 162 bytes (1 switches on core 0) [pid: 8|app: 0|req: 678/1315] 199.204.45.109 () {34 vars in 1079 bytes} [Fri Jun 12 04:24:56 2026] GET /v2.0/ports?tenant_id=d390be46d43549ce8b247fba6850059b&device_id=dea1efc1-daa1-4104-a081-5a3c07428132 => generated 1209 bytes in 33 msecs (HTTP/1.1 200) 4 headers in 158 bytes (1 switches on core 0)
2026-06-12 04:24:56.534 8 WARNING neutron.scheduler.dhcp_agent_scheduler [None req-b889c871-ff46-477e-a69d-770bc25401fc c49e8a78432a4b33a647b7bd4e3eec14 4dab5ab0fb0b411d982f6887b732a3ff - - default default] No more DHCP agents
2026-06-12 04:24:56.535 8 WARNING neutron.api.rpc.agentnotifiers.dhcp_rpc_agent_api [None req-b889c871-ff46-477e-a69d-770bc25401fc c49e8a78432a4b33a647b7bd4e3eec14 4dab5ab0fb0b411d982f6887b732a3ff - - default default] Unable to schedule network 7f78ea40-2fcd-4033-9330-0c208617d376: no agents available; will retry on subsequent port and subnet creation events.
2026-06-12 04:24:56.934 7 WARNING neutron.scheduler.dhcp_agent_scheduler [None req-7a5b2a1c-c445-4575-ae51-a806c9c2c229 dac7c2fd0ecb406b98eb50181ba1c619 47bc4501c3f2468984e5f8a8dd1becea - - default default] No more DHCP agents
2026-06-12 04:24:56.935 7 WARNING neutron.api.rpc.agentnotifiers.dhcp_rpc_agent_api [None req-7a5b2a1c-c445-4575-ae51-a806c9c2c229 dac7c2fd0ecb406b98eb50181ba1c619 47bc4501c3f2468984e5f8a8dd1becea - - default default] Unable to schedule network f98d2ce7-7504-4400-bfff-c55fe5165ce7: no agents available; will retry on subsequent port and subnet creation events.
2026-06-12 04:24:57.046 8 INFO neutron.db.ovn_revision_numbers_db [None req-b8fc0e75-b1f3-4a0a-925c-846a918473b4 - - - - - -] Successfully bumped revision number for resource d19ad052-392e-4388-9c96-aa649ebad9c4 (type: ports) to 2
2026-06-12 04:24:57.078 8 INFO neutron.db.ovn_revision_numbers_db [None req-b8fc0e75-b1f3-4a0a-925c-846a918473b4 - - - - - -] Successfully bumped revision number for resource 30ddd13c-57b6-4055-8381-53fe93668268 (type: subnets) to 0 [pid: 8|app: 0|req: 679/1316] 10.0.0.5 () {34 vars in 666 bytes} [Fri Jun 12 04:24:56 2026] POST /v2.0/subnets => generated 687 bytes in 692 msecs (HTTP/1.1 201) 4 headers in 162 bytes (1 switches on core 0) [pid: 8|app: 0|req: 680/1317] 199.204.45.109 () {34 vars in 985 bytes} [Fri Jun 12 04:24:57 2026] GET /v2.0/networks?id=5543f84b-b15e-4e97-ad49-d52aa4220918 => generated 812 bytes in 67 msecs (HTTP/1.1 200) 4 headers in 157 bytes (1 switches on core 0)
2026-06-12 04:24:57.200 7 INFO neutron.db.ovn_revision_numbers_db [None req-7a5b2a1c-c445-4575-ae51-a806c9c2c229 dac7c2fd0ecb406b98eb50181ba1c619 47bc4501c3f2468984e5f8a8dd1becea - - default default] Successfully bumped revision number for resource 9cfb2642-2d7e-481f-b99b-6ad82b9a5c10 (type: router_ports) to 1 [pid: 7|app: 0|req: 638/1318] 10.0.0.5 () {34 vars in 780 bytes} [Fri Jun 12 04:24:55 2026] PUT /v2.0/routers/b9b443a4-5f5e-43d2-bd09-1b37ee27b6e6/add_router_interface => generated 309 bytes in 1647 msecs (HTTP/1.1 200) 4 headers in 157 bytes (1 switches on core 0)
2026-06-12 04:24:57.440 8 INFO neutron.db.ovn_revision_numbers_db [None req-b2f20f4b-6df6-4d48-84c9-21289eae3103 c49e8a78432a4b33a647b7bd4e3eec14 4dab5ab0fb0b411d982f6887b732a3ff - - default default] Successfully bumped revision number for resource e013bcad-11db-4e77-b3b1-f30a1c9b575e (type: security_groups) to 1
2026-06-12 04:24:57.451 8 INFO neutron.db.ovn_revision_numbers_db [None req-b2f20f4b-6df6-4d48-84c9-21289eae3103 c49e8a78432a4b33a647b7bd4e3eec14 4dab5ab0fb0b411d982f6887b732a3ff - - default default] Successfully bumped revision number for resource 2f8adbc4-29ad-4925-85b1-d3bbeaddcacb (type: security_group_rules) to 0
2026-06-12 04:24:57.462 8 INFO neutron.db.ovn_revision_numbers_db [None req-b2f20f4b-6df6-4d48-84c9-21289eae3103 c49e8a78432a4b33a647b7bd4e3eec14 4dab5ab0fb0b411d982f6887b732a3ff - - default default] Successfully bumped revision number for resource 33676fae-f537-4be9-bd4a-451068a07bc8 (type: security_group_rules) to 0
2026-06-12 04:24:57.473 8 INFO neutron.db.ovn_revision_numbers_db [None req-b2f20f4b-6df6-4d48-84c9-21289eae3103 c49e8a78432a4b33a647b7bd4e3eec14 4dab5ab0fb0b411d982f6887b732a3ff - - default default] Successfully bumped revision number for resource b8ddfe29-f68d-4202-aac1-82cc6bd2423a (type: security_group_rules) to 0
2026-06-12 04:24:57.485 8 INFO neutron.db.ovn_revision_numbers_db [None req-b2f20f4b-6df6-4d48-84c9-21289eae3103 c49e8a78432a4b33a647b7bd4e3eec14 4dab5ab0fb0b411d982f6887b732a3ff - - default default] Successfully bumped revision number for resource ba2ea6f4-70c5-45d5-9eb4-b8aa665701da (type: security_group_rules) to 0 [pid: 8|app: 0|req: 681/1319] 10.0.0.5 () {32 vars in 771 bytes} [Fri Jun 12 04:24:57 2026] GET /v2.0/security-groups?tenant_id=37969008402d4a799aa8a0ebe1e0c2c1&name=default => generated 2925 bytes in 363 msecs (HTTP/1.1 200) 4 headers in 158 bytes (1 switches on core 0) [pid: 8|app: 0|req: 682/1320] 199.204.45.109 () {34 vars in 1057 bytes} [Fri Jun 12 04:24:57 2026] GET /v2.0/floatingips?fixed_ip_address=10.100.0.8&port_id=ddae435d-4458-4943-b8f1-7a599e65e510 => generated 860 bytes in 41 msecs (HTTP/1.1 200) 4 headers in 157 bytes (1 switches on core 0) [pid: 8|app: 0|req: 683/1321] 10.0.0.5 () {32 vars in 714 bytes} [Fri Jun 12 04:24:57 2026] GET /v2.0/ports/9cfb2642-2d7e-481f-b99b-6ad82b9a5c10 => generated 941 bytes in 75 msecs (HTTP/1.1 200) 4 headers in 157 bytes (1 switches on core 0)
2026-06-12 04:24:57.656 7 WARNING neutron.scheduler.dhcp_agent_scheduler [None req-2e051d75-98c7-42fa-bc97-8e341bda2776 c49e8a78432a4b33a647b7bd4e3eec14 4dab5ab0fb0b411d982f6887b732a3ff - - default default] No more DHCP agents
2026-06-12 04:24:57.657 7 WARNING neutron.api.rpc.agentnotifiers.dhcp_rpc_agent_api [None req-2e051d75-98c7-42fa-bc97-8e341bda2776 c49e8a78432a4b33a647b7bd4e3eec14 4dab5ab0fb0b411d982f6887b732a3ff - - default default] Unable to schedule network cdc51ee5-f40b-4795-bac3-92cefd49ba1e: no agents available; will retry on subsequent port and subnet creation events.
2026-06-12 04:24:57.774 8 INFO neutron.plugins.ml2.drivers.ovn.mech_driver.mech_driver [None req-80b63335-d521-4f2c-af7b-2d3641f6d044 - - - - - -] OVN reports status down for port: ff5bcd97-fe45-44ef-b684-b6d10c630592
2026-06-12 04:24:57.797 7 INFO neutron.db.ovn_revision_numbers_db [None req-2e051d75-98c7-42fa-bc97-8e341bda2776 c49e8a78432a4b33a647b7bd4e3eec14 4dab5ab0fb0b411d982f6887b732a3ff - - default default] Successfully bumped revision number for resource ff5bcd97-fe45-44ef-b684-b6d10c630592 (type: ports) to 1 [pid: 8|app: 0|req: 684/1322] 10.0.0.5 () {32 vars in 737 bytes} [Fri Jun 12 04:24:57 2026] DELETE /v2.0/security-groups/e013bcad-11db-4e77-b3b1-f30a1c9b575e => generated 0 bytes in 338 msecs (HTTP/1.1 204) 2 headers in 112 bytes (1 switches on core 0) [pid: 8|app: 0|req: 685/1323] 199.204.45.109 () {34 vars in 983 bytes} [Fri Jun 12 04:24:57 2026] GET /v2.0/subnets?id=926881f3-304d-4830-b24f-86866166f988 => generated 693 bytes in 33 msecs (HTTP/1.1 200) 4 headers in 157 bytes (1 switches on core 0) [pid: 8|app: 0|req: 686/1324] 10.0.0.5 () {32 vars in 714 bytes} [Fri Jun 12 04:24:58 2026] GET /v2.0/ports/9cfb2642-2d7e-481f-b99b-6ad82b9a5c10 => generated 941 bytes in 52 msecs (HTTP/1.1 200) 4 headers in 157 bytes (1 switches on core 0) [pid: 8|app: 0|req: 687/1325] 199.204.45.109 () {34 vars in 1051 bytes} [Fri Jun 12 04:24:58 2026] GET /v2.0/ports?network_id=5543f84b-b15e-4e97-ad49-d52aa4220918&device_owner=network%3Adhcp => generated 12 bytes in 17 msecs (HTTP/1.1 200) 4 headers in 156 bytes (1 switches on core 0) [pid: 8|app: 0|req: 688/1326] 199.204.45.109 () {34 vars in 1011 bytes} [Fri Jun 12 04:24:58 2026] GET /v2.0/networks/5543f84b-b15e-4e97-ad49-d52aa4220918?fields=segments => generated 14 bytes in 38 msecs (HTTP/1.1 200) 4 headers in 156 bytes (1 switches on core 0) [pid: 8|app: 0|req: 689/1327] 199.204.45.109 () {34 vars in 1111 bytes} [Fri Jun 12 04:24:58 2026] GET /v2.0/networks/5543f84b-b15e-4e97-ad49-d52aa4220918?fields=provider%3Aphysical_network&fields=provider%3Anetwork_type => generated 79 bytes in 39 msecs (HTTP/1.1 200) 4 headers in 156 bytes (1 switches on core 0)
2026-06-12 04:24:58.406 7 INFO neutron.plugins.ml2.drivers.ovn.mech_driver.ovsdb.commands [None req-0f301ae5-885a-4bf2-9059-142926ec6cf1 - - - - - -] Schedule LRP lrp-ff5bcd97-fe45-44ef-b684-b6d10c630592 on gateway a0320e4e-265c-4638-a479-61de058397ef with priority 1
2026-06-12 04:24:58.460 8 INFO neutron.plugins.ml2.drivers.ovn.mech_driver.mech_driver [None req-80b63335-d521-4f2c-af7b-2d3641f6d044 - - - - - -] OVN reports status up for port: ff5bcd97-fe45-44ef-b684-b6d10c630592
2026-06-12 04:24:58.474 8 INFO neutron.plugins.ml2.plugin [None req-80b63335-d521-4f2c-af7b-2d3641f6d044 - - - - - -] Attempt 1 to provision port ff5bcd97-fe45-44ef-b684-b6d10c630592
2026-06-12 04:24:58.515 7 INFO neutron.db.ovn_revision_numbers_db [None req-2e051d75-98c7-42fa-bc97-8e341bda2776 c49e8a78432a4b33a647b7bd4e3eec14 4dab5ab0fb0b411d982f6887b732a3ff - - default default] Successfully bumped revision number for resource ff5bcd97-fe45-44ef-b684-b6d10c630592 (type: router_ports) to 1
2026-06-12 04:24:58.519 7 INFO neutron.plugins.ml2.drivers.ovn.mech_driver.ovsdb.ovsdb_monitor [None req-b086253d-1472-4cb2-8890-9b1fbcedbb6b - - - - - -] Router ebd55f7b-26a3-498c-8e3a-137dd3254ca5 is bound to host instance
2026-06-12 04:24:58.647 7 INFO neutron.db.ovn_revision_numbers_db [None req-2e051d75-98c7-42fa-bc97-8e341bda2776 c49e8a78432a4b33a647b7bd4e3eec14 4dab5ab0fb0b411d982f6887b732a3ff - - default default] Successfully bumped revision number for resource ebd55f7b-26a3-498c-8e3a-137dd3254ca5 (type: routers) to 2 [pid: 7|app: 0|req: 639/1328] 10.0.0.5 () {34 vars in 666 bytes} [Fri Jun 12 04:24:57 2026] POST /v2.0/routers => generated 965 bytes in 1473 msecs (HTTP/1.1 201) 4 headers in 162 bytes (1 switches on core 0)
2026-06-12 04:24:59.242 8 WARNING neutron.scheduler.dhcp_agent_scheduler [None req-4f5c3619-cf53-4bba-960d-5e307be3948d c49e8a78432a4b33a647b7bd4e3eec14 4dab5ab0fb0b411d982f6887b732a3ff - - default default] No more DHCP agents
2026-06-12 04:24:59.244 8 WARNING neutron.api.rpc.agentnotifiers.dhcp_rpc_agent_api [None req-4f5c3619-cf53-4bba-960d-5e307be3948d c49e8a78432a4b33a647b7bd4e3eec14 4dab5ab0fb0b411d982f6887b732a3ff - - default default] Unable to schedule network 7f78ea40-2fcd-4033-9330-0c208617d376: no agents available; will retry on subsequent port and subnet creation events. [pid: 7|app: 0|req: 640/1329] 10.0.0.5 () {32 vars in 714 bytes} [Fri Jun 12 04:24:59 2026] GET /v2.0/ports/9cfb2642-2d7e-481f-b99b-6ad82b9a5c10 => generated 941 bytes in 166 msecs (HTTP/1.1 200) 4 headers in 157 bytes (1 switches on core 0)
2026-06-12 04:24:59.405 8 INFO neutron.db.ovn_revision_numbers_db [None req-4f5c3619-cf53-4bba-960d-5e307be3948d c49e8a78432a4b33a647b7bd4e3eec14 4dab5ab0fb0b411d982f6887b732a3ff - - default default] Successfully bumped revision number for resource ad75b15d-ec4c-4be4-bc9d-fb78e5ead956 (type: ports) to 1
2026-06-12 04:25:00.059 8 WARNING neutron.scheduler.dhcp_agent_scheduler [None req-4f5c3619-cf53-4bba-960d-5e307be3948d c49e8a78432a4b33a647b7bd4e3eec14 4dab5ab0fb0b411d982f6887b732a3ff - - default default] No more DHCP agents
2026-06-12 04:25:00.061 8 WARNING neutron.api.rpc.agentnotifiers.dhcp_rpc_agent_api [None req-4f5c3619-cf53-4bba-960d-5e307be3948d c49e8a78432a4b33a647b7bd4e3eec14 4dab5ab0fb0b411d982f6887b732a3ff - - default default] Unable to schedule network 7f78ea40-2fcd-4033-9330-0c208617d376: no agents available; will retry on subsequent port and subnet creation events.
2026-06-12 04:25:00.199 7 INFO neutron.db.ovn_revision_numbers_db [None req-dd8963f6-a376-40a3-b594-87705eeabaee - - - - - -] Successfully bumped revision number for resource ff5bcd97-fe45-44ef-b684-b6d10c630592 (type: ports) to 4 [pid: 7|app: 0|req: 641/1330] 10.0.0.5 () {32 vars in 714 bytes} [Fri Jun 12 04:25:00 2026] GET /v2.0/ports/9cfb2642-2d7e-481f-b99b-6ad82b9a5c10 => generated 941 bytes in 101 msecs (HTTP/1.1 200) 4 headers in 157 bytes (1 switches on core 0)
2026-06-12 04:25:00.726 7 WARNING neutron.plugins.ml2.drivers.ovn.mech_driver.ovsdb.ovn_client [None req-ba9ffc75-b8d1-4f60-9c38-a29ed6f1bb0d - - - - - -] No hosting information found for port 7b42fed3-f33c-488d-875c-8ba5107cc9c0: RuntimeError: No hosting information found for port 7b42fed3-f33c-488d-875c-8ba5107cc9c0
2026-06-12 04:25:00.729 8 INFO neutron.db.ovn_revision_numbers_db [None req-4f5c3619-cf53-4bba-960d-5e307be3948d c49e8a78432a4b33a647b7bd4e3eec14 4dab5ab0fb0b411d982f6887b732a3ff - - default default] Successfully bumped revision number for resource ad75b15d-ec4c-4be4-bc9d-fb78e5ead956 (type: router_ports) to 1 [pid: 8|app: 0|req: 690/1331] 10.0.0.5 () {34 vars in 780 bytes} [Fri Jun 12 04:24:58 2026] PUT /v2.0/routers/ebd55f7b-26a3-498c-8e3a-137dd3254ca5/add_router_interface => generated 309 bytes in 2049 msecs (HTTP/1.1 200) 4 headers in 157 bytes (1 switches on core 0)
2026-06-12 04:25:01.020 7 INFO neutron.db.ovn_revision_numbers_db [None req-dd8963f6-a376-40a3-b594-87705eeabaee - - - - - -] Successfully bumped revision number for resource ff5bcd97-fe45-44ef-b684-b6d10c630592 (type: ports) to 5
2026-06-12 04:25:01.043 7 INFO neutron.db.ovn_revision_numbers_db [None req-ba9ffc75-b8d1-4f60-9c38-a29ed6f1bb0d - - - - - -] Successfully bumped revision number for resource 7b42fed3-f33c-488d-875c-8ba5107cc9c0 (type: router_ports) to 2
2026-06-12 04:25:01.191 7 INFO neutron.db.ovn_revision_numbers_db [None req-4bd2ad1b-2b15-4fed-be51-18272cf0afb2 c49e8a78432a4b33a647b7bd4e3eec14 4dab5ab0fb0b411d982f6887b732a3ff - - default default] Successfully bumped revision number for resource 9cc35012-69d7-4dbf-8ff0-a9b230441b2d (type: security_groups) to 1
2026-06-12 04:25:01.234 7 INFO neutron.db.ovn_revision_numbers_db [None req-4bd2ad1b-2b15-4fed-be51-18272cf0afb2 c49e8a78432a4b33a647b7bd4e3eec14 4dab5ab0fb0b411d982f6887b732a3ff - - default default] Successfully bumped revision number for resource 903ff630-b748-4fc4-be4d-fa3aae6c9ae4 (type: security_group_rules) to 0
2026-06-12 04:25:01.260 7 INFO neutron.plugins.ml2.drivers.ovn.mech_driver.mech_driver [None req-ba9ffc75-b8d1-4f60-9c38-a29ed6f1bb0d - - - - - -] OVN reports status down for port: 9cfb2642-2d7e-481f-b99b-6ad82b9a5c10
2026-06-12 04:25:01.272 7 INFO neutron.db.ovn_revision_numbers_db [None req-4bd2ad1b-2b15-4fed-be51-18272cf0afb2 c49e8a78432a4b33a647b7bd4e3eec14 4dab5ab0fb0b411d982f6887b732a3ff - - default default] Successfully bumped revision number for resource a59b9617-96ac-4367-a044-3f09229d4aa6 (type: security_group_rules) to 0
2026-06-12 04:25:01.344 7 INFO neutron.db.ovn_revision_numbers_db [None req-4bd2ad1b-2b15-4fed-be51-18272cf0afb2 c49e8a78432a4b33a647b7bd4e3eec14 4dab5ab0fb0b411d982f6887b732a3ff - - default default] Successfully bumped revision number for resource b757e996-b914-44d0-a117-568fe8a4b005 (type: security_group_rules) to 0
2026-06-12 04:25:01.383 7 INFO neutron.db.ovn_revision_numbers_db [None req-4bd2ad1b-2b15-4fed-be51-18272cf0afb2 c49e8a78432a4b33a647b7bd4e3eec14 4dab5ab0fb0b411d982f6887b732a3ff - - default default] Successfully bumped revision number for resource b9ab1552-a446-458e-812b-5a31820eec31 (type: security_group_rules) to 0
2026-06-12 04:25:01.417 7 WARNING neutron.plugins.ml2.drivers.ovn.mech_driver.ovsdb.ovn_client [None req-ba9ffc75-b8d1-4f60-9c38-a29ed6f1bb0d - - - - - -] Logical_Switch_Port %s host information not removed, the port state is up
2026-06-12 04:25:01.422 7 INFO neutron.plugins.ml2.drivers.ovn.mech_driver.mech_driver [None req-ba9ffc75-b8d1-4f60-9c38-a29ed6f1bb0d - - - - - -] OVN reports status down for port: d19ad052-392e-4388-9c96-aa649ebad9c4 [pid: 8|app: 0|req: 691/1332] 10.0.0.5 () {32 vars in 714 bytes} [Fri Jun 12 04:25:01 2026] GET /v2.0/ports/9cfb2642-2d7e-481f-b99b-6ad82b9a5c10 => generated 941 bytes in 48 msecs (HTTP/1.1 200) 4 headers in 157 bytes (1 switches on core 0) [pid: 7|app: 0|req: 642/1333] 10.0.0.5 () {32 vars in 771 bytes} [Fri Jun 12 04:25:00 2026] GET /v2.0/security-groups?tenant_id=957ab5c570c640c19554e347f6e94e2c&name=default => generated 2925 bytes in 1099 msecs (HTTP/1.1 200) 4 headers in 158 bytes (1 switches on core 0)
2026-06-12 04:25:01.498 7 INFO neutron.plugins.ml2.drivers.ovn.mech_driver.mech_driver [None req-ba9ffc75-b8d1-4f60-9c38-a29ed6f1bb0d - - - - - -] OVN reports status up for port: 9cfb2642-2d7e-481f-b99b-6ad82b9a5c10
2026-06-12 04:25:01.511 7 INFO neutron.plugins.ml2.plugin [None req-ba9ffc75-b8d1-4f60-9c38-a29ed6f1bb0d - - - - - -] Attempt 1 to provision port 9cfb2642-2d7e-481f-b99b-6ad82b9a5c10 [pid: 8|app: 0|req: 692/1334] 10.0.0.5 () {32 vars in 737 bytes} [Fri Jun 12 04:25:01 2026] DELETE /v2.0/security-groups/9cc35012-69d7-4dbf-8ff0-a9b230441b2d => generated 0 bytes in 230 msecs (HTTP/1.1 204) 2 headers in 112 bytes (1 switches on core 0)
2026-06-12 04:25:01.907 7 INFO neutron.db.ovn_revision_numbers_db [None req-ba9ffc75-b8d1-4f60-9c38-a29ed6f1bb0d - - - - - -] Successfully bumped revision number for resource 9cfb2642-2d7e-481f-b99b-6ad82b9a5c10 (type: ports) to 2 /var/lib/openstack/lib/python3.12/site-packages/pycadf/identifier.py:70: UserWarning: Invalid uuid: neutron. To ensure interoperability, identifiers should be a valid uuid. warnings.warn(('Invalid uuid: %s. To ensure interoperability, ' [pid: 7|app: 0|req: 643/1335] 10.0.0.5 () {32 vars in 714 bytes} [Fri Jun 12 04:25:02 2026] GET /v2.0/ports/9cfb2642-2d7e-481f-b99b-6ad82b9a5c10 => generated 943 bytes in 33 msecs (HTTP/1.1 200) 4 headers in 157 bytes (1 switches on core 0)
2026-06-12 04:25:02.753 8 INFO neutron_taas.services.taas.taas_plugin [None req-7d858a2a-233a-4823-96ff-4a0cb5d2ed0f dac7c2fd0ecb406b98eb50181ba1c619 47bc4501c3f2468984e5f8a8dd1becea - - default default] TaaS: Handle Delete Port: 9cfb2642-2d7e-481f-b99b-6ad82b9a5c10
2026-06-12 04:25:02.758 8 INFO neutron_taas.services.taas.tap_mirror_plugin [None req-7d858a2a-233a-4823-96ff-4a0cb5d2ed0f dac7c2fd0ecb406b98eb50181ba1c619 47bc4501c3f2468984e5f8a8dd1becea - - default default] Tap Mirror: Handle Delete Port: 9cfb2642-2d7e-481f-b99b-6ad82b9a5c10 [pid: 8|app: 0|req: 693/1338] 10.0.0.5 () {34 vars in 786 bytes} [Fri Jun 12 04:25:02 2026] PUT /v2.0/routers/b9b443a4-5f5e-43d2-bd09-1b37ee27b6e6/remove_router_interface => generated 309 bytes in 614 msecs (HTTP/1.1 200) 4 headers in 157 bytes (1 switches on core 0) /var/lib/openstack/lib/python3.12/site-packages/pycadf/identifier.py:70: UserWarning: Invalid uuid: neutron. To ensure interoperability, identifiers should be a valid uuid. warnings.warn(('Invalid uuid: %s. To ensure interoperability, ' [pid: 8|app: 0|req: 694/1339] 10.0.0.97 () {34 vars in 980 bytes} [Fri Jun 12 04:25:03 2026] GET /v2.0/networks?id=7f78ea40-2fcd-4033-9330-0c208617d376 => generated 710 bytes in 57 msecs (HTTP/1.1 200) 4 headers in 157 bytes (1 switches on core 0) [pid: 7|app: 0|req: 646/1340] 10.0.0.5 () {32 vars in 714 bytes} [Fri Jun 12 04:25:03 2026] GET /v2.0/ports/7b42fed3-f33c-488d-875c-8ba5107cc9c0 => generated 943 bytes in 83 msecs (HTTP/1.1 200) 4 headers in 157 bytes (1 switches on core 0) [pid: 8|app: 0|req: 695/1341] 10.0.0.97 () {34 vars in 963 bytes} [Fri Jun 12 04:25:03 2026] GET /v2.0/quotas/98a27345061e4cc5ba49ea50132ad797 => generated 292 bytes in 13 msecs (HTTP/1.1 200) 4 headers in 157 bytes (1 switches on core 0) [pid: 8|app: 0|req: 696/1342] 10.0.0.97 () {34 vars in 1000 bytes} [Fri Jun 12 04:25:03 2026] GET /v2.0/ports?tenant_id=98a27345061e4cc5ba49ea50132ad797&fields=id => generated 103 bytes in 94 msecs (HTTP/1.1 200) 4 headers in 157 bytes (1 switches on core 0) [pid: 8|app: 0|req: 697/1343] 10.0.0.97 () {34 vars in 1006 bytes} [Fri Jun 12 04:25:03 2026] GET /v2.0/networks/7f78ea40-2fcd-4033-9330-0c208617d376?fields=segments => generated 14 bytes in 53 msecs (HTTP/1.1 200) 4 headers in 156 bytes (1 switches on core 0) [pid: 8|app: 0|req: 698/1344] 10.0.0.97 () {34 vars in 1106 bytes} [Fri Jun 12 04:25:03 2026] GET /v2.0/networks/7f78ea40-2fcd-4033-9330-0c208617d376?fields=provider%3Aphysical_network&fields=provider%3Anetwork_type => generated 79 bytes in 56 msecs (HTTP/1.1 200) 4 headers in 156 bytes (1 switches on core 0)
2026-06-12 04:25:03.489 7 INFO neutron_taas.services.taas.taas_plugin [None req-defe15c2-8ad5-4406-a5da-b8e486b2ff8d dac7c2fd0ecb406b98eb50181ba1c619 47bc4501c3f2468984e5f8a8dd1becea - - default default] TaaS: Handle Delete Port: 7b42fed3-f33c-488d-875c-8ba5107cc9c0
