2026-06-12 04:25:54.684 7 WARNING neutron.api.rpc.agentnotifiers.dhcp_rpc_agent_api [None req-26d0597a-6c15-465a-a7eb-c3e50066acc3 ff12e827d1084142a16018de7a40c9cf 360cfa3b530540e99128d9bb34229564 - - default default] Unable to schedule network cdb5f23a-c247-4817-8448-e39cfb44a4fa: no agents available; will retry on subsequent port and subnet creation events.
2026-06-12 04:25:54.709 8 INFO neutron.services.segments.plugin [-] Segment b9630c2e-cdb6-4d09-b096-d0cfd02e380b resource provider aggregate not found
2026-06-12 04:25:54.715 8 INFO neutron.services.segments.plugin [-] Segment b9630c2e-cdb6-4d09-b096-d0cfd02e380b resource provider aggregate not found
2026-06-12 04:25:54.735 8 INFO neutron.services.segments.plugin [-] Segment b9630c2e-cdb6-4d09-b096-d0cfd02e380b resource provider not found; error: Placement Client Error (4xx): {"errors": [{"status": 404, "title": "Not Found", "detail": "The resource could not be found.\n\n No resource provider with uuid b9630c2e-cdb6-4d09-b096-d0cfd02e380b found for delete ", "request_id": "req-447697a7-83c0-4958-8992-bab939d5647e"}]}
2026-06-12 04:25:54.737 8 INFO neutron.services.segments.plugin [-] Segment b9630c2e-cdb6-4d09-b096-d0cfd02e380b resource provider not found; error: Placement Client Error (4xx): {"errors": [{"status": 404, "title": "Not Found", "detail": "The resource could not be found.\n\n No resource provider with uuid b9630c2e-cdb6-4d09-b096-d0cfd02e380b found for delete ", "request_id": "req-07c1bcac-e5b7-40e2-be9d-5b2e4c662886"}]}
2026-06-12 04:25:54.746 7 INFO neutron.plugins.ml2.drivers.ovn.mech_driver.mech_driver [None req-a47da63f-105d-4cd9-b943-5efc9024e711 - - - - - -] OVN reports status down for port: 3b2c3b0a-4fd8-413f-9fdf-b7f0529e2783 [pid: 8|app: 0|req: 940/1769] 10.0.0.5 () {32 vars in 723 bytes} [Fri Jun 12 04:25:54 2026] DELETE /v2.0/networks/3519b7ad-e58c-4f64-90ea-e96f3a4385e2 => generated 0 bytes in 465 msecs (HTTP/1.1 204) 3 headers in 131 bytes (1 switches on core 0)
2026-06-12 04:25:54.810 7 INFO neutron.db.ovn_revision_numbers_db [None req-26d0597a-6c15-465a-a7eb-c3e50066acc3 ff12e827d1084142a16018de7a40c9cf 360cfa3b530540e99128d9bb34229564 - - default default] Successfully bumped revision number for resource 3b2c3b0a-4fd8-413f-9fdf-b7f0529e2783 (type: ports) to 1 [pid: 8|app: 0|req: 941/1770] 10.0.0.97 () {34 vars in 988 bytes} [Fri Jun 12 04:25:54 2026] GET /v2.0/ports?device_id=ea6295de-0ad3-42a1-ad9e-6730a5ab6f54 => generated 973 bytes in 39 msecs (HTTP/1.1 200) 4 headers in 157 bytes (1 switches on core 0) [pid: 7|app: 0|req: 830/1771] 10.0.0.5 () {34 vars in 667 bytes} [Fri Jun 12 04:25:53 2026] POST /v2.0/networks => generated 651 bytes in 1021 msecs (HTTP/1.1 201) 4 headers in 162 bytes (1 switches on core 0) [pid: 7|app: 0|req: 831/1772] 10.0.0.97 () {34 vars in 1038 bytes} [Fri Jun 12 04:25:54 2026] GET /v2.0/security-groups?id=7eb4eb2d-67f9-4ba7-9696-416a16e67fce&fields=id&fields=name => generated 114 bytes in 38 msecs (HTTP/1.1 200) 4 headers in 157 bytes (1 switches on core 0)
2026-06-12 04:25:54.907 8 INFO neutron.db.segments_db [None req-daadac23-8a5a-428b-b9ad-70bed8741b39 c2ccf36c5752454f9974c4d50d37520c 78889bc14d974e8cadee3a488b1a3566 - - default default] Added segment d839ff5d-564c-4c02-b33f-6e3246a42cde of type geneve for network 98a8f8bd-f80e-4490-9c42-266854fac16d
2026-06-12 04:25:55.021 8 INFO neutron.db.ovn_revision_numbers_db [None req-daadac23-8a5a-428b-b9ad-70bed8741b39 c2ccf36c5752454f9974c4d50d37520c 78889bc14d974e8cadee3a488b1a3566 - - default default] Successfully bumped revision number for resource 98a8f8bd-f80e-4490-9c42-266854fac16d (type: networks) to 1
2026-06-12 04:25:55.083 7 WARNING neutron.scheduler.dhcp_agent_scheduler [None req-c94c3497-36b1-44b9-ad57-e1d5109dec2c ff12e827d1084142a16018de7a40c9cf 360cfa3b530540e99128d9bb34229564 - - default default] No more DHCP agents
2026-06-12 04:25:55.084 7 WARNING neutron.api.rpc.agentnotifiers.dhcp_rpc_agent_api [None req-c94c3497-36b1-44b9-ad57-e1d5109dec2c ff12e827d1084142a16018de7a40c9cf 360cfa3b530540e99128d9bb34229564 - - default default] Unable to schedule network cdb5f23a-c247-4817-8448-e39cfb44a4fa: no agents available; will retry on subsequent port and subnet creation events.
2026-06-12 04:25:55.176 8 WARNING neutron.scheduler.dhcp_agent_scheduler [None req-daadac23-8a5a-428b-b9ad-70bed8741b39 c2ccf36c5752454f9974c4d50d37520c 78889bc14d974e8cadee3a488b1a3566 - - default default] No more DHCP agents
2026-06-12 04:25:55.178 8 WARNING neutron.api.rpc.agentnotifiers.dhcp_rpc_agent_api [None req-daadac23-8a5a-428b-b9ad-70bed8741b39 c2ccf36c5752454f9974c4d50d37520c 78889bc14d974e8cadee3a488b1a3566 - - default default] Unable to schedule network 98a8f8bd-f80e-4490-9c42-266854fac16d: no agents available; will retry on subsequent port and subnet creation events.
2026-06-12 04:25:55.283 7 INFO neutron.plugins.ml2.drivers.ovn.mech_driver.mech_driver [None req-a47da63f-105d-4cd9-b943-5efc9024e711 - - - - - -] OVN reports status down for port: f8c72566-d40d-4e21-a81f-792649993779
2026-06-12 04:25:55.294 8 INFO neutron.db.ovn_revision_numbers_db [None req-daadac23-8a5a-428b-b9ad-70bed8741b39 c2ccf36c5752454f9974c4d50d37520c 78889bc14d974e8cadee3a488b1a3566 - - default default] Successfully bumped revision number for resource f8c72566-d40d-4e21-a81f-792649993779 (type: ports) to 1 [pid: 8|app: 0|req: 942/1773] 10.0.0.5 () {34 vars in 667 bytes} [Fri Jun 12 04:25:54 2026] POST /v2.0/networks => generated 653 bytes in 517 msecs (HTTP/1.1 201) 4 headers in 162 bytes (1 switches on core 0)
2026-06-12 04:25:55.504 8 WARNING neutron.scheduler.dhcp_agent_scheduler [None req-d41b3217-e72d-4933-9e68-b33c15f9656d c2ccf36c5752454f9974c4d50d37520c 78889bc14d974e8cadee3a488b1a3566 - - default default] No more DHCP agents
2026-06-12 04:25:55.505 8 WARNING neutron.api.rpc.agentnotifiers.dhcp_rpc_agent_api [None req-d41b3217-e72d-4933-9e68-b33c15f9656d c2ccf36c5752454f9974c4d50d37520c 78889bc14d974e8cadee3a488b1a3566 - - default default] Unable to schedule network 98a8f8bd-f80e-4490-9c42-266854fac16d: no agents available; will retry on subsequent port and subnet creation events.
2026-06-12 04:25:55.529 8 INFO neutron.db.ovn_revision_numbers_db [None req-d41b3217-e72d-4933-9e68-b33c15f9656d c2ccf36c5752454f9974c4d50d37520c 78889bc14d974e8cadee3a488b1a3566 - - default default] Successfully bumped revision number for resource 598fca4e-58bb-46fc-9ff2-464346391022 (type: subnets) to 0 [pid: 8|app: 0|req: 943/1774] 10.0.0.5 () {34 vars in 666 bytes} [Fri Jun 12 04:25:55 2026] POST /v2.0/subnets => generated 646 bytes in 206 msecs (HTTP/1.1 201) 4 headers in 162 bytes (1 switches on core 0)
2026-06-12 04:25:55.616 7 INFO neutron.db.ovn_revision_numbers_db [None req-8fe755d3-43b4-4de7-9e30-7c71217d5d39 - - - - - -] Successfully bumped revision number for resource 3b2c3b0a-4fd8-413f-9fdf-b7f0529e2783 (type: ports) to 2
2026-06-12 04:25:55.648 7 INFO neutron.db.ovn_revision_numbers_db [None req-8fe755d3-43b4-4de7-9e30-7c71217d5d39 - - - - - -] Successfully bumped revision number for resource 5fc0bb9c-323f-4e07-97a1-d0d086afeb0d (type: subnets) to 0 [pid: 7|app: 0|req: 832/1775] 10.0.0.5 () {34 vars in 666 bytes} [Fri Jun 12 04:25:54 2026] POST /v2.0/subnets => generated 626 bytes in 767 msecs (HTTP/1.1 201) 4 headers in 162 bytes (1 switches on core 0)
2026-06-12 04:25:55.775 8 INFO neutron.db.ovn_revision_numbers_db [None req-5afea2f7-ca81-427c-81a5-aa30c8720d98 c49e8a78432a4b33a647b7bd4e3eec14 4dab5ab0fb0b411d982f6887b732a3ff - - default default] Successfully bumped revision number for resource 095447a2-57b4-4856-af24-b9152a9117f6 (type: security_groups) to 1
2026-06-12 04:25:55.788 8 INFO neutron.db.ovn_revision_numbers_db [None req-5afea2f7-ca81-427c-81a5-aa30c8720d98 c49e8a78432a4b33a647b7bd4e3eec14 4dab5ab0fb0b411d982f6887b732a3ff - - default default] Successfully bumped revision number for resource 0ab32169-4385-4785-9a0f-f28e4f53a749 (type: security_group_rules) to 0
2026-06-12 04:25:55.799 8 INFO neutron.db.ovn_revision_numbers_db [None req-5afea2f7-ca81-427c-81a5-aa30c8720d98 c49e8a78432a4b33a647b7bd4e3eec14 4dab5ab0fb0b411d982f6887b732a3ff - - default default] Successfully bumped revision number for resource 197af41f-8d00-4779-ab5e-2641e5e7a568 (type: security_group_rules) to 0
2026-06-12 04:25:55.805 7 INFO neutron.db.ovn_revision_numbers_db [None req-8ea6441f-fcf9-4208-ad89-bb0dfcb3c8c1 c2ccf36c5752454f9974c4d50d37520c 78889bc14d974e8cadee3a488b1a3566 - - default default] Successfully bumped revision number for resource 83a276ce-1495-451a-9887-c7dedfb33023 (type: routers) to 1
2026-06-12 04:25:55.810 8 INFO neutron.db.ovn_revision_numbers_db [None req-5afea2f7-ca81-427c-81a5-aa30c8720d98 c49e8a78432a4b33a647b7bd4e3eec14 4dab5ab0fb0b411d982f6887b732a3ff - - default default] Successfully bumped revision number for resource 81829c98-e329-4809-917d-6100f04b0ff1 (type: security_group_rules) to 0
2026-06-12 04:25:55.821 8 INFO neutron.db.ovn_revision_numbers_db [None req-5afea2f7-ca81-427c-81a5-aa30c8720d98 c49e8a78432a4b33a647b7bd4e3eec14 4dab5ab0fb0b411d982f6887b732a3ff - - default default] Successfully bumped revision number for resource 880f4684-fe0f-4780-8dbf-257a4664d839 (type: security_group_rules) to 0 [pid: 7|app: 0|req: 833/1776] 10.0.0.5 () {34 vars in 666 bytes} [Fri Jun 12 04:25:55 2026] POST /v2.0/routers => generated 607 bytes in 160 msecs (HTTP/1.1 201) 4 headers in 162 bytes (1 switches on core 0) [pid: 8|app: 0|req: 944/1777] 10.0.0.5 () {32 vars in 771 bytes} [Fri Jun 12 04:25:55 2026] GET /v2.0/security-groups?tenant_id=25498904aa56457d8e9584aa1dac5116&name=default => generated 2925 bytes in 314 msecs (HTTP/1.1 200) 4 headers in 158 bytes (1 switches on core 0)
2026-06-12 04:25:55.911 7 INFO neutron.db.segments_db [None req-9fd506f2-7a2d-477e-8fdd-c23f7e1818c6 ff12e827d1084142a16018de7a40c9cf 360cfa3b530540e99128d9bb34229564 - - default default] Added segment c34a87e2-c3b7-489e-bee2-41a7cb00ed3c of type geneve for network 5d855cf2-2ac3-432d-8e82-3b68714f0a46
2026-06-12 04:25:56.020 7 INFO neutron.db.ovn_revision_numbers_db [None req-9fd506f2-7a2d-477e-8fdd-c23f7e1818c6 ff12e827d1084142a16018de7a40c9cf 360cfa3b530540e99128d9bb34229564 - - default default] Successfully bumped revision number for resource 5d855cf2-2ac3-432d-8e82-3b68714f0a46 (type: networks) to 1
2026-06-12 04:25:56.186 7 WARNING neutron.scheduler.dhcp_agent_scheduler [None req-9fd506f2-7a2d-477e-8fdd-c23f7e1818c6 ff12e827d1084142a16018de7a40c9cf 360cfa3b530540e99128d9bb34229564 - - default default] No more DHCP agents
2026-06-12 04:25:56.190 7 WARNING neutron.api.rpc.agentnotifiers.dhcp_rpc_agent_api [None req-9fd506f2-7a2d-477e-8fdd-c23f7e1818c6 ff12e827d1084142a16018de7a40c9cf 360cfa3b530540e99128d9bb34229564 - - default default] Unable to schedule network 5d855cf2-2ac3-432d-8e82-3b68714f0a46: no agents available; will retry on subsequent port and subnet creation events.
2026-06-12 04:25:56.190 8 WARNING neutron.scheduler.dhcp_agent_scheduler [None req-1af0518f-008d-4c92-bcb6-8e88114915f0 c2ccf36c5752454f9974c4d50d37520c 78889bc14d974e8cadee3a488b1a3566 - - default default] No more DHCP agents
2026-06-12 04:25:56.191 8 WARNING neutron.api.rpc.agentnotifiers.dhcp_rpc_agent_api [None req-1af0518f-008d-4c92-bcb6-8e88114915f0 c2ccf36c5752454f9974c4d50d37520c 78889bc14d974e8cadee3a488b1a3566 - - default default] Unable to schedule network 98a8f8bd-f80e-4490-9c42-266854fac16d: no agents available; will retry on subsequent port and subnet creation events.
2026-06-12 04:25:56.267 7 INFO neutron.plugins.ml2.drivers.ovn.mech_driver.mech_driver [None req-a47da63f-105d-4cd9-b943-5efc9024e711 - - - - - -] OVN reports status down for port: febae646-8095-4994-941c-78c4bf2c4530
2026-06-12 04:25:56.330 8 INFO neutron.db.ovn_revision_numbers_db [None req-1af0518f-008d-4c92-bcb6-8e88114915f0 c2ccf36c5752454f9974c4d50d37520c 78889bc14d974e8cadee3a488b1a3566 - - default default] Successfully bumped revision number for resource 768fedee-dd3b-4f48-aad9-f54eee70896b (type: ports) to 1
2026-06-12 04:25:56.367 7 INFO neutron.db.ovn_revision_numbers_db [None req-9fd506f2-7a2d-477e-8fdd-c23f7e1818c6 ff12e827d1084142a16018de7a40c9cf 360cfa3b530540e99128d9bb34229564 - - default default] Successfully bumped revision number for resource febae646-8095-4994-941c-78c4bf2c4530 (type: ports) to 1
2026-06-12 04:25:56.412 7 INFO neutron.plugins.ml2.drivers.ovn.mech_driver.mech_driver [None req-a47da63f-105d-4cd9-b943-5efc9024e711 - - - - - -] OVN reports status down for port: 768fedee-dd3b-4f48-aad9-f54eee70896b [pid: 7|app: 0|req: 834/1778] 10.0.0.5 () {34 vars in 667 bytes} [Fri Jun 12 04:25:55 2026] POST /v2.0/networks => generated 651 bytes in 605 msecs (HTTP/1.1 201) 4 headers in 162 bytes (1 switches on core 0)
2026-06-12 04:25:56.606 7 INFO neutron.plugins.ml2.drivers.ovn.mech_driver.mech_driver [None req-a47da63f-105d-4cd9-b943-5efc9024e711 - - - - - -] OVN reports status up for port: 6594faab-a1a6-4484-8a42-e94b05ccb1f4
2026-06-12 04:25:56.628 7 INFO neutron.plugins.ml2.plugin [None req-a47da63f-105d-4cd9-b943-5efc9024e711 - - - - - -] Attempt 1 to provision port 6594faab-a1a6-4484-8a42-e94b05ccb1f4
2026-06-12 04:25:56.818 7 INFO neutron.notifiers.nova [-] Nova event matching ['req-16c629df-7062-44b6-a1c2-7fe097649fe4'] response: {'server_uuid': 'ea6295de-0ad3-42a1-ad9e-6730a5ab6f54', 'name': 'network-vif-plugged', 'status': 'completed', 'tag': '6594faab-a1a6-4484-8a42-e94b05ccb1f4', 'code': 200} [pid: 7|app: 0|req: 835/1779] 10.0.0.5 () {32 vars in 737 bytes} [Fri Jun 12 04:25:56 2026] DELETE /v2.0/security-groups/095447a2-57b4-4856-af24-b9152a9117f6 => generated 0 bytes in 439 msecs (HTTP/1.1 204) 2 headers in 112 bytes (1 switches on core 0)
2026-06-12 04:25:56.930 8 WARNING neutron.scheduler.dhcp_agent_scheduler [None req-1af0518f-008d-4c92-bcb6-8e88114915f0 c2ccf36c5752454f9974c4d50d37520c 78889bc14d974e8cadee3a488b1a3566 - - default default] No more DHCP agents
2026-06-12 04:25:56.932 8 WARNING neutron.api.rpc.agentnotifiers.dhcp_rpc_agent_api [None req-1af0518f-008d-4c92-bcb6-8e88114915f0 c2ccf36c5752454f9974c4d50d37520c 78889bc14d974e8cadee3a488b1a3566 - - default default] Unable to schedule network 98a8f8bd-f80e-4490-9c42-266854fac16d: no agents available; will retry on subsequent port and subnet creation events. [pid: 7|app: 0|req: 836/1780] 10.0.0.97 () {34 vars in 988 bytes} [Fri Jun 12 04:25:56 2026] GET /v2.0/ports?device_id=ea6295de-0ad3-42a1-ad9e-6730a5ab6f54 => generated 975 bytes in 162 msecs (HTTP/1.1 200) 4 headers in 157 bytes (1 switches on core 0)
2026-06-12 04:25:57.100 7 INFO neutron.db.ovn_revision_numbers_db [None req-a47da63f-105d-4cd9-b943-5efc9024e711 - - - - - -] Successfully bumped revision number for resource 6594faab-a1a6-4484-8a42-e94b05ccb1f4 (type: ports) to 5
2026-06-12 04:25:57.131 8 INFO neutron.db.ovn_revision_numbers_db [None req-1af0518f-008d-4c92-bcb6-8e88114915f0 c2ccf36c5752454f9974c4d50d37520c 78889bc14d974e8cadee3a488b1a3566 - - default default] Successfully bumped revision number for resource 768fedee-dd3b-4f48-aad9-f54eee70896b (type: router_ports) to 1 [pid: 8|app: 0|req: 945/1781] 10.0.0.5 () {34 vars in 780 bytes} [Fri Jun 12 04:25:55 2026] PUT /v2.0/routers/83a276ce-1495-451a-9887-c7dedfb33023/add_router_interface => generated 309 bytes in 1278 msecs (HTTP/1.1 200) 4 headers in 157 bytes (1 switches on core 0)
2026-06-12 04:25:57.259 8 INFO neutron.db.ovn_revision_numbers_db [None req-b7dd4d32-55a2-48d7-b907-17ea31bc8355 c49e8a78432a4b33a647b7bd4e3eec14 4dab5ab0fb0b411d982f6887b732a3ff - - default default] Successfully bumped revision number for resource a8cc855d-a412-4d41-ab1f-90906772cceb (type: security_groups) to 1
2026-06-12 04:25:57.275 8 INFO neutron.db.ovn_revision_numbers_db [None req-b7dd4d32-55a2-48d7-b907-17ea31bc8355 c49e8a78432a4b33a647b7bd4e3eec14 4dab5ab0fb0b411d982f6887b732a3ff - - default default] Successfully bumped revision number for resource 31484329-a998-40d6-bd38-bb1ce52763f2 (type: security_group_rules) to 0
2026-06-12 04:25:57.298 8 INFO neutron.db.ovn_revision_numbers_db [None req-b7dd4d32-55a2-48d7-b907-17ea31bc8355 c49e8a78432a4b33a647b7bd4e3eec14 4dab5ab0fb0b411d982f6887b732a3ff - - default default] Successfully bumped revision number for resource 9130b6ab-513f-47fa-b0b5-00a3d67e7cf5 (type: security_group_rules) to 0
2026-06-12 04:25:57.313 8 INFO neutron.db.ovn_revision_numbers_db [None req-b7dd4d32-55a2-48d7-b907-17ea31bc8355 c49e8a78432a4b33a647b7bd4e3eec14 4dab5ab0fb0b411d982f6887b732a3ff - - default default] Successfully bumped revision number for resource d1d2c0d5-0aec-47cb-8a5a-d5ea7ab142e2 (type: security_group_rules) to 0
2026-06-12 04:25:57.325 7 INFO neutron.plugins.ml2.drivers.ovn.mech_driver.mech_driver [None req-b41174fb-a880-4e77-8a36-321dc40776a2 - - - - - -] OVN reports status up for port: 768fedee-dd3b-4f48-aad9-f54eee70896b
2026-06-12 04:25:57.326 8 INFO neutron.db.ovn_revision_numbers_db [None req-b7dd4d32-55a2-48d7-b907-17ea31bc8355 c49e8a78432a4b33a647b7bd4e3eec14 4dab5ab0fb0b411d982f6887b732a3ff - - default default] Successfully bumped revision number for resource eccf3e7b-f2d8-4f7a-9afc-02bbd8208413 (type: security_group_rules) to 0
2026-06-12 04:25:57.359 7 INFO neutron.plugins.ml2.plugin [None req-b41174fb-a880-4e77-8a36-321dc40776a2 - - - - - -] Attempt 1 to provision port 768fedee-dd3b-4f48-aad9-f54eee70896b [pid: 8|app: 0|req: 946/1782] 10.0.0.5 () {32 vars in 771 bytes} [Fri Jun 12 04:25:57 2026] GET /v2.0/security-groups?tenant_id=dbd7f53ff09b4b30bf3bf1a9602e1920&name=default => generated 2925 bytes in 237 msecs (HTTP/1.1 200) 4 headers in 158 bytes (1 switches on core 0) [pid: 8|app: 0|req: 947/1783] 10.0.0.97 () {34 vars in 1038 bytes} [Fri Jun 12 04:25:57 2026] GET /v2.0/security-groups?id=7eb4eb2d-67f9-4ba7-9696-416a16e67fce&fields=id&fields=name => generated 114 bytes in 32 msecs (HTTP/1.1 200) 4 headers in 157 bytes (1 switches on core 0) [pid: 8|app: 0|req: 948/1784] 10.0.0.5 () {32 vars in 714 bytes} [Fri Jun 12 04:25:57 2026] GET /v2.0/ports/768fedee-dd3b-4f48-aad9-f54eee70896b => generated 945 bytes in 37 msecs (HTTP/1.1 200) 4 headers in 157 bytes (1 switches on core 0)
2026-06-12 04:25:57.491 7 WARNING neutron.scheduler.dhcp_agent_scheduler [None req-9eb63e05-50f2-4905-a425-efe0680a5091 ff12e827d1084142a16018de7a40c9cf 360cfa3b530540e99128d9bb34229564 - - default default] No more DHCP agents
2026-06-12 04:25:57.495 7 WARNING neutron.api.rpc.agentnotifiers.dhcp_rpc_agent_api [None req-9eb63e05-50f2-4905-a425-efe0680a5091 ff12e827d1084142a16018de7a40c9cf 360cfa3b530540e99128d9bb34229564 - - default default] Unable to schedule network 5d855cf2-2ac3-432d-8e82-3b68714f0a46: no agents available; will retry on subsequent port and subnet creation events.
2026-06-12 04:25:57.647 8 WARNING neutron.plugins.ml2.drivers.ovn.mech_driver.ovsdb.ovn_client [None req-ea42c072-2e02-4057-9785-c4ac596ab75c - - - - - -] No hosting information found for port c5360463-64d7-44a3-a3bc-0fd5840a2869: RuntimeError: No hosting information found for port c5360463-64d7-44a3-a3bc-0fd5840a2869
2026-06-12 04:25:57.775 8 INFO neutron.db.ovn_revision_numbers_db [None req-ea42c072-2e02-4057-9785-c4ac596ab75c - - - - - -] Successfully bumped revision number for resource c5360463-64d7-44a3-a3bc-0fd5840a2869 (type: router_ports) to 2
2026-06-12 04:25:57.792 8 INFO neutron.plugins.ml2.drivers.ovn.mech_driver.mech_driver [None req-ea42c072-2e02-4057-9785-c4ac596ab75c - - - - - -] OVN reports status down for port: 14e0ec93-cb39-47da-8a85-59896286ef82
2026-06-12 04:25:57.804 8 INFO neutron.plugins.ml2.drivers.ovn.mech_driver.mech_driver [None req-ea42c072-2e02-4057-9785-c4ac596ab75c - - - - - -] OVN reports status down for port: ba57663d-7004-4701-ac70-e71abb3732ac [pid: 8|app: 0|req: 949/1785] 10.0.0.5 () {32 vars in 737 bytes} [Fri Jun 12 04:25:57 2026] DELETE /v2.0/security-groups/a8cc855d-a412-4d41-ab1f-90906772cceb => generated 0 bytes in 409 msecs (HTTP/1.1 204) 2 headers in 112 bytes (1 switches on core 0)
2026-06-12 04:25:57.884 8 INFO neutron.plugins.ml2.drivers.ovn.mech_driver.mech_driver [None req-ea42c072-2e02-4057-9785-c4ac596ab75c - - - - - -] OVN reports status up for port: ba57663d-7004-4701-ac70-e71abb3732ac [pid: 8|app: 0|req: 950/1786] 10.0.0.5 () {32 vars in 714 bytes} [Fri Jun 12 04:25:57 2026] GET /v2.0/ports/768fedee-dd3b-4f48-aad9-f54eee70896b => generated 947 bytes in 68 msecs (HTTP/1.1 200) 4 headers in 157 bytes (1 switches on core 0)
2026-06-12 04:25:58.125 7 INFO neutron.db.ovn_revision_numbers_db [None req-b41174fb-a880-4e77-8a36-321dc40776a2 - - - - - -] Successfully bumped revision number for resource 768fedee-dd3b-4f48-aad9-f54eee70896b (type: ports) to 2
2026-06-12 04:25:58.231 8 INFO neutron_taas.services.taas.taas_plugin [None req-f8be0a8a-d150-4321-98ec-d7ce4af13bc0 c2ccf36c5752454f9974c4d50d37520c 78889bc14d974e8cadee3a488b1a3566 - - default default] TaaS: Handle Delete Port: 768fedee-dd3b-4f48-aad9-f54eee70896b
2026-06-12 04:25:58.234 8 INFO neutron_taas.services.taas.tap_mirror_plugin [None req-f8be0a8a-d150-4321-98ec-d7ce4af13bc0 c2ccf36c5752454f9974c4d50d37520c 78889bc14d974e8cadee3a488b1a3566 - - default default] Tap Mirror: Handle Delete Port: 768fedee-dd3b-4f48-aad9-f54eee70896b
2026-06-12 04:25:58.384 7 INFO neutron.db.ovn_revision_numbers_db [None req-7faf590f-b75c-4bc8-8a63-3c08c368bbc3 - - - - - -] Successfully bumped revision number for resource febae646-8095-4994-941c-78c4bf2c4530 (type: ports) to 2
2026-06-12 04:25:58.454 7 INFO neutron.db.ovn_revision_numbers_db [None req-7faf590f-b75c-4bc8-8a63-3c08c368bbc3 - - - - - -] Successfully bumped revision number for resource 05c1199a-ef9e-4c4c-95f2-6714f5e18af3 (type: subnets) to 0 [pid: 7|app: 0|req: 837/1787] 10.0.0.5 () {34 vars in 666 bytes} [Fri Jun 12 04:25:57 2026] POST /v2.0/subnets => generated 629 bytes in 1436 msecs (HTTP/1.1 201) 4 headers in 162 bytes (1 switches on core 0) /var/lib/openstack/lib/python3.12/site-packages/pycadf/identifier.py:70: UserWarning: Invalid uuid: neutron. To ensure interoperability, identifiers should be a valid uuid. warnings.warn(('Invalid uuid: %s. To ensure interoperability, '
2026-06-12 04:25:58.570 7 INFO neutron.db.segments_db [None req-fe312144-369c-4415-842f-ded756cb0895 ff12e827d1084142a16018de7a40c9cf 360cfa3b530540e99128d9bb34229564 - - default default] Added segment 2b0e0c97-8ebe-4e6e-b505-b97f02d8d9a0 of type geneve for network 629ec0f5-bc00-4cc0-998f-a5d19ef12532 [pid: 8|app: 0|req: 951/1788] 10.0.0.5 () {34 vars in 786 bytes} [Fri Jun 12 04:25:57 2026] PUT /v2.0/routers/83a276ce-1495-451a-9887-c7dedfb33023/remove_router_interface => generated 309 bytes in 650 msecs (HTTP/1.1 200) 4 headers in 157 bytes (1 switches on core 0) /var/lib/openstack/lib/python3.12/site-packages/pycadf/identifier.py:70: UserWarning: Invalid uuid: neutron. To ensure interoperability, identifiers should be a valid uuid. warnings.warn(('Invalid uuid: %s. To ensure interoperability, ' [pid: 8|app: 0|req: 952/1789] 10.0.0.97 () {34 vars in 988 bytes} [Fri Jun 12 04:25:58 2026] GET /v2.0/ports?device_id=ea6295de-0ad3-42a1-ad9e-6730a5ab6f54 => generated 975 bytes in 97 msecs (HTTP/1.1 200) 4 headers in 157 bytes (1 switches on core 0) [pid: 8|app: 0|req: 953/1790] 10.0.0.5 () {32 vars in 733 bytes} [Fri Jun 12 04:25:58 2026] GET /v2.0/ports?device_id=83a276ce-1495-451a-9887-c7dedfb33023 => generated 12 bytes in 17 msecs (HTTP/1.1 200) 4 headers in 156 bytes (1 switches on core 0)
2026-06-12 04:25:58.693 7 INFO neutron.db.ovn_revision_numbers_db [None req-fe312144-369c-4415-842f-ded756cb0895 ff12e827d1084142a16018de7a40c9cf 360cfa3b530540e99128d9bb34229564 - - default default] Successfully bumped revision number for resource 629ec0f5-bc00-4cc0-998f-a5d19ef12532 (type: networks) to 1 [pid: 8|app: 0|req: 954/1791] 10.0.0.97 () {34 vars in 1038 bytes} [Fri Jun 12 04:25:58 2026] GET /v2.0/security-groups?id=7eb4eb2d-67f9-4ba7-9696-416a16e67fce&fields=id&fields=name => generated 114 bytes in 31 msecs (HTTP/1.1 200) 4 headers in 157 bytes (1 switches on core 0)
2026-06-12 04:25:58.865 7 INFO neutron.notifiers.nova [-] Nova event matching ['req-5dc02c3b-05af-4ae7-a60b-654d8a42a5fd'] response: {'server_uuid': 'ea6295de-0ad3-42a1-ad9e-6730a5ab6f54', 'name': 'network-vif-plugged', 'status': 'completed', 'tag': '6594faab-a1a6-4484-8a42-e94b05ccb1f4', 'code': 200}
2026-06-12 04:25:58.911 7 WARNING neutron.scheduler.dhcp_agent_scheduler [None req-fe312144-369c-4415-842f-ded756cb0895 ff12e827d1084142a16018de7a40c9cf 360cfa3b530540e99128d9bb34229564 - - default default] No more DHCP agents
2026-06-12 04:25:58.912 7 WARNING neutron.api.rpc.agentnotifiers.dhcp_rpc_agent_api [None req-fe312144-369c-4415-842f-ded756cb0895 ff12e827d1084142a16018de7a40c9cf 360cfa3b530540e99128d9bb34229564 - - default default] Unable to schedule network 629ec0f5-bc00-4cc0-998f-a5d19ef12532: no agents available; will retry on subsequent port and subnet creation events. [pid: 8|app: 0|req: 955/1792] 10.0.0.5 () {32 vars in 721 bytes} [Fri Jun 12 04:25:58 2026] DELETE /v2.0/routers/83a276ce-1495-451a-9887-c7dedfb33023 => generated 0 bytes in 233 msecs (HTTP/1.1 204) 2 headers in 112 bytes (1 switches on core 0)
2026-06-12 04:25:59.015 7 INFO neutron.db.ovn_revision_numbers_db [None req-fe312144-369c-4415-842f-ded756cb0895 ff12e827d1084142a16018de7a40c9cf 360cfa3b530540e99128d9bb34229564 - - default default] Successfully bumped revision number for resource 29bec7c5-b918-409e-aa17-050086005d25 (type: ports) to 1
2026-06-12 04:25:59.035 8 INFO neutron.plugins.ml2.drivers.ovn.mech_driver.mech_driver [None req-ea42c072-2e02-4057-9785-c4ac596ab75c - - - - - -] OVN reports status down for port: 29bec7c5-b918-409e-aa17-050086005d25 [pid: 7|app: 0|req: 838/1793] 10.0.0.5 () {34 vars in 667 bytes} [Fri Jun 12 04:25:58 2026] POST /v2.0/networks => generated 651 bytes in 564 msecs (HTTP/1.1 201) 4 headers in 162 bytes (1 switches on core 0) [pid: 8|app: 0|req: 956/1794] 10.0.0.97 () {34 vars in 988 bytes} [Fri Jun 12 04:25:58 2026] GET /v2.0/ports?device_id=ea6295de-0ad3-42a1-ad9e-6730a5ab6f54 => generated 975 bytes in 92 msecs (HTTP/1.1 200) 4 headers in 157 bytes (1 switches on core 0) [pid: 7|app: 0|req: 839/1795] 10.0.0.5 () {32 vars in 721 bytes} [Fri Jun 12 04:25:59 2026] DELETE /v2.0/subnets/598fca4e-58bb-46fc-9ff2-464346391022 => generated 0 bytes in 133 msecs (HTTP/1.1 204) 3 headers in 131 bytes (1 switches on core 0) [pid: 7|app: 0|req: 840/1796] 10.0.0.97 () {34 vars in 1038 bytes} [Fri Jun 12 04:25:59 2026] GET /v2.0/security-groups?id=7eb4eb2d-67f9-4ba7-9696-416a16e67fce&fields=id&fields=name => generated 114 bytes in 35 msecs (HTTP/1.1 200) 4 headers in 157 bytes (1 switches on core 0)
2026-06-12 04:25:59.352 8 WARNING neutron.scheduler.dhcp_agent_scheduler [None req-8c6ef230-c193-47f5-8d9a-d7d2d9b2faef ff12e827d1084142a16018de7a40c9cf 360cfa3b530540e99128d9bb34229564 - - default default] No more DHCP agents
2026-06-12 04:25:59.353 8 WARNING neutron.api.rpc.agentnotifiers.dhcp_rpc_agent_api [None req-8c6ef230-c193-47f5-8d9a-d7d2d9b2faef ff12e827d1084142a16018de7a40c9cf 360cfa3b530540e99128d9bb34229564 - - default default] Unable to schedule network 629ec0f5-bc00-4cc0-998f-a5d19ef12532: no agents available; will retry on subsequent port and subnet creation events.
2026-06-12 04:25:59.363 7 INFO neutron_taas.services.taas.taas_plugin [None req-cdaefc05-0b8a-4e9c-ab76-84af790dbeec c2ccf36c5752454f9974c4d50d37520c 78889bc14d974e8cadee3a488b1a3566 - - default default] TaaS: Handle Delete Port: f8c72566-d40d-4e21-a81f-792649993779
2026-06-12 04:25:59.366 7 INFO neutron_taas.services.taas.tap_mirror_plugin [None req-cdaefc05-0b8a-4e9c-ab76-84af790dbeec c2ccf36c5752454f9974c4d50d37520c 78889bc14d974e8cadee3a488b1a3566 - - default default] Tap Mirror: Handle Delete Port: f8c72566-d40d-4e21-a81f-792649993779
2026-06-12 04:25:59.584 7 INFO neutron.services.segments.plugin [-] Segment d839ff5d-564c-4c02-b33f-6e3246a42cde resource provider aggregate not found
2026-06-12 04:25:59.588 7 INFO neutron.services.segments.plugin [-] Segment d839ff5d-564c-4c02-b33f-6e3246a42cde resource provider aggregate not found
2026-06-12 04:25:59.607 7 INFO neutron.services.segments.plugin [-] Segment d839ff5d-564c-4c02-b33f-6e3246a42cde resource provider not found; error: Placement Client Error (4xx): {"errors": [{"status": 404, "title": "Not Found", "detail": "The resource could not be found.\n\n No resource provider with uuid d839ff5d-564c-4c02-b33f-6e3246a42cde found for delete ", "request_id": "req-75675255-9d50-4275-be96-71d489d35592"}]}
2026-06-12 04:25:59.609 7 INFO neutron.services.segments.plugin [-] Segment d839ff5d-564c-4c02-b33f-6e3246a42cde resource provider not found; error: Placement Client Error (4xx): {"errors": [{"status": 404, "title": "Not Found", "detail": "The resource could not be found.\n\n No resource provider with uuid d839ff5d-564c-4c02-b33f-6e3246a42cde found for delete ", "request_id": "req-1675650e-dd7f-40fd-ba1e-359fdae143c9"}]} [pid: 7|app: 0|req: 841/1797] 10.0.0.5 () {32 vars in 723 bytes} [Fri Jun 12 04:25:59 2026] DELETE /v2.0/networks/98a8f8bd-f80e-4490-9c42-266854fac16d => generated 0 bytes in 427 msecs (HTTP/1.1 204) 3 headers in 131 bytes (1 switches on core 0) [pid: 7|app: 0|req: 842/1798] 10.0.0.5 () {32 vars in 733 bytes} [Fri Jun 12 04:25:59 2026] GET /v2.0/ports?device_id=ea6295de-0ad3-42a1-ad9e-6730a5ab6f54 => generated 1213 bytes in 51 msecs (HTTP/1.1 200) 4 headers in 158 bytes (1 switches on core 0)
2026-06-12 04:25:59.864 8 INFO neutron.db.ovn_revision_numbers_db [None req-05f92688-d7dc-416a-910f-4cc433ab0ab8 - - - - - -] Successfully bumped revision number for resource 29bec7c5-b918-409e-aa17-050086005d25 (type: ports) to 2
2026-06-12 04:25:59.897 8 INFO neutron.db.ovn_revision_numbers_db [None req-05f92688-d7dc-416a-910f-4cc433ab0ab8 - - - - - -] Successfully bumped revision number for resource 37ad7e13-41e2-45ef-b895-74e13640f167 (type: subnets) to 0 [pid: 8|app: 0|req: 957/1799] 10.0.0.5 () {34 vars in 666 bytes} [Fri Jun 12 04:25:59 2026] POST /v2.0/subnets => generated 629 bytes in 867 msecs (HTTP/1.1 201) 4 headers in 162 bytes (1 switches on core 0)
2026-06-12 04:26:00.129 7 WARNING neutron.scheduler.dhcp_agent_scheduler [None req-3854161b-9499-4e17-a9ad-700640df0dbe c2ccf36c5752454f9974c4d50d37520c 78889bc14d974e8cadee3a488b1a3566 - - default default] No more DHCP agents
2026-06-12 04:26:00.131 7 WARNING neutron.api.rpc.agentnotifiers.dhcp_rpc_agent_api [None req-3854161b-9499-4e17-a9ad-700640df0dbe c2ccf36c5752454f9974c4d50d37520c 78889bc14d974e8cadee3a488b1a3566 - - default default] Unable to schedule network cdc51ee5-f40b-4795-bac3-92cefd49ba1e: no agents available; will retry on subsequent port and subnet creation events.
2026-06-12 04:26:00.159 8 WARNING neutron.scheduler.dhcp_agent_scheduler [None req-903509b9-bfd7-4daf-b863-bc3528053ebb 78c4644b0e054ec7bb2dd11d36540471 72d2161d80a0426e9ed07ed258e21ef8 - - default default] No more DHCP agents
2026-06-12 04:26:00.160 8 WARNING neutron.api.rpc.agentnotifiers.dhcp_rpc_agent_api [None req-903509b9-bfd7-4daf-b863-bc3528053ebb 78c4644b0e054ec7bb2dd11d36540471 72d2161d80a0426e9ed07ed258e21ef8 - - default default] Unable to schedule network cdc51ee5-f40b-4795-bac3-92cefd49ba1e: no agents available; will retry on subsequent port and subnet creation events.
2026-06-12 04:26:00.282 8 INFO neutron.plugins.ml2.drivers.ovn.mech_driver.mech_driver [None req-ea42c072-2e02-4057-9785-c4ac596ab75c - - - - - -] OVN reports status down for port: b248af45-9212-43dc-b1ac-fd6df838c510
2026-06-12 04:26:00.288 7 INFO neutron.db.ovn_revision_numbers_db [None req-3854161b-9499-4e17-a9ad-700640df0dbe c2ccf36c5752454f9974c4d50d37520c 78889bc14d974e8cadee3a488b1a3566 - - default default] Successfully bumped revision number for resource b248af45-9212-43dc-b1ac-fd6df838c510 (type: ports) to 1
2026-06-12 04:26:01.121 8 INFO neutron.db.ovn_revision_numbers_db [None req-903509b9-bfd7-4daf-b863-bc3528053ebb 78c4644b0e054ec7bb2dd11d36540471 72d2161d80a0426e9ed07ed258e21ef8 - - default default] Successfully bumped revision number for resource 5be316e3-7ee3-4922-8879-f2824e3c7b36 (type: floatingips) to 1
2026-06-12 04:26:01.122 8 INFO neutron.db.l3_db [None req-903509b9-bfd7-4daf-b863-bc3528053ebb 78c4644b0e054ec7bb2dd11d36540471 72d2161d80a0426e9ed07ed258e21ef8 - - default default] Floating IP 5be316e3-7ee3-4922-8879-f2824e3c7b36 associated. External IP: 10.96.250.204, port: 6594faab-a1a6-4484-8a42-e94b05ccb1f4. [pid: 8|app: 0|req: 958/1800] 10.0.0.5 () {34 vars in 674 bytes} [Fri Jun 12 04:25:59 2026] POST /v2.0/floatingips => generated 856 bytes in 1251 msecs (HTTP/1.1 201) 4 headers in 162 bytes (1 switches on core 0) /var/lib/openstack/lib/python3.12/site-packages/pycadf/identifier.py:70: UserWarning: Invalid uuid: neutron. To ensure interoperability, identifiers should be a valid uuid. warnings.warn(('Invalid uuid: %s. To ensure interoperability, '
2026-06-12 04:26:01.230 8 INFO neutron.notifiers.nova [-] Nova event matching ['req-c073080d-ddcb-432c-8558-5cc12b05929f'] response: {'name': 'network-changed', 'server_uuid': 'ea6295de-0ad3-42a1-ad9e-6730a5ab6f54', 'tag': '6594faab-a1a6-4484-8a42-e94b05ccb1f4', 'status': 'completed', 'code': 200}
2026-06-12 04:26:01.299 8 INFO neutron.db.segments_db [None req-08553e92-f8d7-4aa5-9d7f-e8eb9efd7433 ff12e827d1084142a16018de7a40c9cf 360cfa3b530540e99128d9bb34229564 - - default default] Added segment 042f838b-348d-4f5e-b11a-d37397600480 of type geneve for network 8f324e9f-3458-4346-bcde-1ac31f452475
2026-06-12 04:26:01.427 8 INFO neutron.db.ovn_revision_numbers_db [None req-08553e92-f8d7-4aa5-9d7f-e8eb9efd7433 ff12e827d1084142a16018de7a40c9cf 360cfa3b530540e99128d9bb34229564 - - default default] Successfully bumped revision number for resource 8f324e9f-3458-4346-bcde-1ac31f452475 (type: networks) to 1
2026-06-12 04:26:01.595 8 WARNING neutron.scheduler.dhcp_agent_scheduler [None req-08553e92-f8d7-4aa5-9d7f-e8eb9efd7433 ff12e827d1084142a16018de7a40c9cf 360cfa3b530540e99128d9bb34229564 - - default default] No more DHCP agents
2026-06-12 04:26:01.597 8 WARNING neutron.api.rpc.agentnotifiers.dhcp_rpc_agent_api [None req-08553e92-f8d7-4aa5-9d7f-e8eb9efd7433 ff12e827d1084142a16018de7a40c9cf 360cfa3b530540e99128d9bb34229564 - - default default] Unable to schedule network 8f324e9f-3458-4346-bcde-1ac31f452475: no agents available; will retry on subsequent port and subnet creation events.
2026-06-12 04:26:01.684 8 INFO neutron.db.ovn_revision_numbers_db [None req-08553e92-f8d7-4aa5-9d7f-e8eb9efd7433 ff12e827d1084142a16018de7a40c9cf 360cfa3b530540e99128d9bb34229564 - - default default] Successfully bumped revision number for resource d9b26b6a-9849-415c-afa9-b6d4ebcd7f41 (type: ports) to 1 [pid: 8|app: 0|req: 959/1801] 10.0.0.5 () {34 vars in 667 bytes} [Fri Jun 12 04:26:01 2026] POST /v2.0/networks => generated 650 bytes in 538 msecs (HTTP/1.1 201) 4 headers in 162 bytes (1 switches on core 0)
2026-06-12 04:26:01.709 7 INFO neutron.plugins.ml2.drivers.ovn.mech_driver.ovsdb.commands [None req-0f301ae5-885a-4bf2-9059-142926ec6cf1 - - - - - -] Schedule LRP lrp-b248af45-9212-43dc-b1ac-fd6df838c510 on gateway a0320e4e-265c-4638-a479-61de058397ef with priority 1 [pid: 8|app: 0|req: 960/1802] 10.0.0.5 () {32 vars in 726 bytes} [Fri Jun 12 04:26:01 2026] GET /v2.0/floatingips/5be316e3-7ee3-4922-8879-f2824e3c7b36 => generated 858 bytes in 69 msecs (HTTP/1.1 200) 4 headers in 157 bytes (1 switches on core 0)
2026-06-12 04:26:01.780 8 INFO neutron.plugins.ml2.drivers.ovn.mech_driver.mech_driver [None req-ea42c072-2e02-4057-9785-c4ac596ab75c - - - - - -] OVN reports status up for port: b248af45-9212-43dc-b1ac-fd6df838c510
2026-06-12 04:26:01.782 7 INFO neutron.db.ovn_revision_numbers_db [None req-3854161b-9499-4e17-a9ad-700640df0dbe c2ccf36c5752454f9974c4d50d37520c 78889bc14d974e8cadee3a488b1a3566 - - default default] Successfully bumped revision number for resource b248af45-9212-43dc-b1ac-fd6df838c510 (type: router_ports) to 1
2026-06-12 04:26:01.817 8 INFO neutron.plugins.ml2.plugin [None req-ea42c072-2e02-4057-9785-c4ac596ab75c - - - - - -] Attempt 1 to provision port b248af45-9212-43dc-b1ac-fd6df838c510
2026-06-12 04:26:01.868 7 INFO neutron.db.ovn_revision_numbers_db [None req-3854161b-9499-4e17-a9ad-700640df0dbe c2ccf36c5752454f9974c4d50d37520c 78889bc14d974e8cadee3a488b1a3566 - - default default] Successfully bumped revision number for resource 697abc21-a39f-426f-ac59-daaf1c9fc532 (type: routers) to 2 [pid: 7|app: 0|req: 843/1803] 10.0.0.5 () {34 vars in 666 bytes} [Fri Jun 12 04:25:59 2026] POST /v2.0/routers => generated 951 bytes in 2201 msecs (HTTP/1.1 201) 4 headers in 162 bytes (1 switches on core 0) [pid: 7|app: 0|req: 844/1804] 199.204.45.109 () {34 vars in 1079 bytes} [Fri Jun 12 04:26:01 2026] GET /v2.0/ports?tenant_id=72d2161d80a0426e9ed07ed258e21ef8&device_id=ea6295de-0ad3-42a1-ad9e-6730a5ab6f54 => generated 1213 bytes in 40 msecs (HTTP/1.1 200) 4 headers in 158 bytes (1 switches on core 0) [pid: 7|app: 0|req: 845/1805] 10.0.0.5 () {32 vars in 718 bytes} [Fri Jun 12 04:26:01 2026] GET /v2.0/routers/697abc21-a39f-426f-ac59-daaf1c9fc532 => generated 957 bytes in 59 msecs (HTTP/1.1 200) 4 headers in 157 bytes (1 switches on core 0)
2026-06-12 04:26:02.000 8 WARNING neutron.scheduler.dhcp_agent_scheduler [None req-27534ef1-80f3-4855-961a-57e53ce233d0 ff12e827d1084142a16018de7a40c9cf 360cfa3b530540e99128d9bb34229564 - - default default] No more DHCP agents
2026-06-12 04:26:02.002 8 WARNING neutron.api.rpc.agentnotifiers.dhcp_rpc_agent_api [None req-27534ef1-80f3-4855-961a-57e53ce233d0 ff12e827d1084142a16018de7a40c9cf 360cfa3b530540e99128d9bb34229564 - - default default] Unable to schedule network 8f324e9f-3458-4346-bcde-1ac31f452475: no agents available; will retry on subsequent port and subnet creation events. [pid: 7|app: 0|req: 846/1806] 199.204.45.109 () {34 vars in 985 bytes} [Fri Jun 12 04:26:01 2026] GET /v2.0/networks?id=0828d35e-66db-4fe8-ab0a-a795bf76036f => generated 798 bytes in 39 msecs (HTTP/1.1 200) 4 headers in 157 bytes (1 switches on core 0) [pid: 7|app: 0|req: 847/1807] 10.0.0.5 () {32 vars in 644 bytes} [Fri Jun 12 04:26:02 2026] GET /v2.0/routers => generated 960 bytes in 92 msecs (HTTP/1.1 200) 4 headers in 157 bytes (1 switches on core 0) [pid: 7|app: 0|req: 848/1808] 199.204.45.109 () {34 vars in 1059 bytes} [Fri Jun 12 04:26:02 2026] GET /v2.0/floatingips?fixed_ip_address=10.100.0.13&port_id=6594faab-a1a6-4484-8a42-e94b05ccb1f4 => generated 861 bytes in 33 msecs (HTTP/1.1 200) 4 headers in 157 bytes (1 switches on core 0)
2026-06-12 04:26:02.464 8 INFO neutron.db.ovn_revision_numbers_db [None req-b5237080-7e42-448b-bd0c-8547a729f408 - - - - - -] Successfully bumped revision number for resource d9b26b6a-9849-415c-afa9-b6d4ebcd7f41 (type: ports) to 2
2026-06-12 04:26:02.491 8 INFO neutron.db.ovn_revision_numbers_db [None req-b5237080-7e42-448b-bd0c-8547a729f408 - - - - - -] Successfully bumped revision number for resource c95076df-8a52-476a-a63f-b7a86f8fc4f2 (type: subnets) to 0 [pid: 8|app: 0|req: 961/1809] 10.0.0.5 () {34 vars in 666 bytes} [Fri Jun 12 04:26:01 2026] POST /v2.0/subnets => generated 629 bytes in 735 msecs (HTTP/1.1 201) 4 headers in 162 bytes (1 switches on core 0) [pid: 8|app: 0|req: 962/1810] 199.204.45.109 () {34 vars in 983 bytes} [Fri Jun 12 04:26:02 2026] GET /v2.0/subnets?id=ac7c003e-f891-4ff7-ac91-de34c3cd13dc => generated 677 bytes in 26 msecs (HTTP/1.1 200) 4 headers in 157 bytes (1 switches on core 0)
2026-06-12 04:26:02.638 7 INFO neutron.db.ovn_revision_numbers_db [None req-23abc3bd-fd62-44a5-a890-4918ff95d58e c2ccf36c5752454f9974c4d50d37520c 78889bc14d974e8cadee3a488b1a3566 - - default default] Successfully bumped revision number for resource 697abc21-a39f-426f-ac59-daaf1c9fc532 (type: routers) to 3 [pid: 7|app: 0|req: 849/1811] 10.0.0.5 () {34 vars in 738 bytes} [Fri Jun 12 04:26:02 2026] PUT /v2.0/routers/697abc21-a39f-426f-ac59-daaf1c9fc532 => generated 964 bytes in 490 msecs (HTTP/1.1 200) 4 headers in 157 bytes (1 switches on core 0)
2026-06-12 04:26:02.736 7 INFO neutron.db.segments_db [None req-2959bbe5-37c3-430d-af34-4582c3f607d3 ff12e827d1084142a16018de7a40c9cf 360cfa3b530540e99128d9bb34229564 - - default default] Added segment 086e5abb-b95e-4bd1-8fd1-0508433ab06d of type geneve for network 8c8fddc8-d4a7-414d-a587-97494980bd1b
2026-06-12 04:26:02.831 8 INFO neutron.db.ovn_revision_numbers_db [None req-5e81289c-475c-4a93-89c1-4b082988566e c49e8a78432a4b33a647b7bd4e3eec14 4dab5ab0fb0b411d982f6887b732a3ff - - default default] Successfully bumped revision number for resource f0b9103a-66cf-4ec8-9c4d-f35be0356024 (type: security_groups) to 1
2026-06-12 04:26:02.847 8 INFO neutron.db.ovn_revision_numbers_db [None req-5e81289c-475c-4a93-89c1-4b082988566e c49e8a78432a4b33a647b7bd4e3eec14 4dab5ab0fb0b411d982f6887b732a3ff - - default default] Successfully bumped revision number for resource 1eb135e1-8049-42d8-a31c-e43e83299328 (type: security_group_rules) to 0
2026-06-12 04:26:02.866 8 INFO neutron.db.ovn_revision_numbers_db [None req-5e81289c-475c-4a93-89c1-4b082988566e c49e8a78432a4b33a647b7bd4e3eec14 4dab5ab0fb0b411d982f6887b732a3ff - - default default] Successfully bumped revision number for resource 3df054d9-d67a-48e1-94f4-99295dbbb2ab (type: security_group_rules) to 0
2026-06-12 04:26:02.878 8 INFO neutron.db.ovn_revision_numbers_db [None req-5e81289c-475c-4a93-89c1-4b082988566e c49e8a78432a4b33a647b7bd4e3eec14 4dab5ab0fb0b411d982f6887b732a3ff - - default default] Successfully bumped revision number for resource a6b29690-c72b-4dd7-ab7d-961153b3130d (type: security_group_rules) to 0
2026-06-12 04:26:02.880 7 INFO neutron.db.ovn_revision_numbers_db [None req-2959bbe5-37c3-430d-af34-4582c3f607d3 ff12e827d1084142a16018de7a40c9cf 360cfa3b530540e99128d9bb34229564 - - default default] Successfully bumped revision number for resource 8c8fddc8-d4a7-414d-a587-97494980bd1b (type: networks) to 1
2026-06-12 04:26:02.889 8 INFO neutron.db.ovn_revision_numbers_db [None req-5e81289c-475c-4a93-89c1-4b082988566e c49e8a78432a4b33a647b7bd4e3eec14 4dab5ab0fb0b411d982f6887b732a3ff - - default default] Successfully bumped revision number for resource fcf04ab1-c0bc-4e22-95a0-d77e28ddad45 (type: security_group_rules) to 0 [pid: 8|app: 0|req: 963/1812] 10.0.0.5 () {32 vars in 771 bytes} [Fri Jun 12 04:26:02 2026] GET /v2.0/security-groups?tenant_id=e404c022b6dd42758f6ffb660d2f45bc&name=default => generated 2925 bytes in 393 msecs (HTTP/1.1 200) 4 headers in 158 bytes (1 switches on core 0) [pid: 8|app: 0|req: 964/1813] 199.204.45.109 () {34 vars in 1051 bytes} [Fri Jun 12 04:26:02 2026] GET /v2.0/ports?network_id=0828d35e-66db-4fe8-ab0a-a795bf76036f&device_owner=network%3Adhcp => generated 12 bytes in 18 msecs (HTTP/1.1 200) 4 headers in 156 bytes (1 switches on core 0) [pid: 8|app: 0|req: 967/1816] 10.0.0.5 () {32 vars in 718 bytes} [Fri Jun 12 04:26:02 2026] GET /v2.0/routers/697abc21-a39f-426f-ac59-daaf1c9fc532 => generated 964 bytes in 63 msecs (HTTP/1.1 200) 4 headers in 157 bytes (1 switches on core 0)
2026-06-12 04:26:03.038 7 WARNING neutron.scheduler.dhcp_agent_scheduler [None req-2959bbe5-37c3-430d-af34-4582c3f607d3 ff12e827d1084142a16018de7a40c9cf 360cfa3b530540e99128d9bb34229564 - - default default] No more DHCP agents
2026-06-12 04:26:03.040 7 WARNING neutron.api.rpc.agentnotifiers.dhcp_rpc_agent_api [None req-2959bbe5-37c3-430d-af34-4582c3f607d3 ff12e827d1084142a16018de7a40c9cf 360cfa3b530540e99128d9bb34229564 - - default default] Unable to schedule network 8c8fddc8-d4a7-414d-a587-97494980bd1b: no agents available; will retry on subsequent port and subnet creation events.
2026-06-12 04:26:03.121 7 INFO neutron.db.ovn_revision_numbers_db [None req-2959bbe5-37c3-430d-af34-4582c3f607d3 ff12e827d1084142a16018de7a40c9cf 360cfa3b530540e99128d9bb34229564 - - default default] Successfully bumped revision number for resource beaa9f79-539e-4b0a-b4f2-812e79931883 (type: ports) to 1 [pid: 7|app: 0|req: 850/1817] 10.0.0.5 () {34 vars in 667 bytes} [Fri Jun 12 04:26:02 2026] POST /v2.0/networks => generated 651 bytes in 497 msecs (HTTP/1.1 201) 4 headers in 162 bytes (1 switches on core 0) [pid: 7|app: 0|req: 851/1818] 199.204.45.109 () {34 vars in 1011 bytes} [Fri Jun 12 04:26:03 2026] GET /v2.0/networks/0828d35e-66db-4fe8-ab0a-a795bf76036f?fields=segments => generated 14 bytes in 48 msecs (HTTP/1.1 200) 4 headers in 156 bytes (1 switches on core 0) [pid: 7|app: 0|req: 852/1819] 10.0.0.5 () {32 vars in 733 bytes} [Fri Jun 12 04:26:03 2026] GET /v2.0/ports?device_id=697abc21-a39f-426f-ac59-daaf1c9fc532 => generated 12 bytes in 18 msecs (HTTP/1.1 200) 4 headers in 156 bytes (1 switches on core 0) [pid: 8|app: 0|req: 968/1820] 10.0.0.5 () {32 vars in 737 bytes} [Fri Jun 12 04:26:03 2026] DELETE /v2.0/security-groups/f0b9103a-66cf-4ec8-9c4d-f35be0356024 => generated 0 bytes in 270 msecs (HTTP/1.1 204) 2 headers in 112 bytes (1 switches on core 0) [pid: 8|app: 0|req: 969/1821] 199.204.45.109 () {34 vars in 1111 bytes} [Fri Jun 12 04:26:03 2026] GET /v2.0/networks/0828d35e-66db-4fe8-ab0a-a795bf76036f?fields=provider%3Aphysical_network&fields=provider%3Anetwork_type => generated 79 bytes in 55 msecs (HTTP/1.1 200) 4 headers in 156 bytes (1 switches on core 0)
2026-06-12 04:26:03.361 7 WARNING neutron.plugins.ml2.drivers.ovn.mech_driver.ovsdb.ovn_client [None req-bfa677bb-739b-4225-b7b0-01b3fe998467 - - - - - -] No port found with ID 768fedee-dd3b-4f48-aad9-f54eee70896b: RuntimeError: No port found with ID 768fedee-dd3b-4f48-aad9-f54eee70896b
2026-06-12 04:26:03.401 7 INFO neutron.plugins.ml2.drivers.ovn.mech_driver.mech_driver [None req-bfa677bb-739b-4225-b7b0-01b3fe998467 - - - - - -] OVN reports status down for port: d9b26b6a-9849-415c-afa9-b6d4ebcd7f41
2026-06-12 04:26:03.522 7 WARNING neutron.scheduler.dhcp_agent_scheduler [None req-f83ce416-7b35-4da1-a3e4-8bbda592ba2c ff12e827d1084142a16018de7a40c9cf 360cfa3b530540e99128d9bb34229564 - - default default] No more DHCP agents
2026-06-12 04:26:03.523 7 WARNING neutron.api.rpc.agentnotifiers.dhcp_rpc_agent_api [None req-f83ce416-7b35-4da1-a3e4-8bbda592ba2c ff12e827d1084142a16018de7a40c9cf 360cfa3b530540e99128d9bb34229564 - - default default] Unable to schedule network 8c8fddc8-d4a7-414d-a587-97494980bd1b: no agents available; will retry on subsequent port and subnet creation events.
2026-06-12 04:26:03.653 8 INFO neutron_taas.services.taas.taas_plugin [None req-17a90af4-8b09-482f-96ed-ec9364e23364 c2ccf36c5752454f9974c4d50d37520c 78889bc14d974e8cadee3a488b1a3566 - - default default] TaaS: Handle Delete Port: b248af45-9212-43dc-b1ac-fd6df838c510
2026-06-12 04:26:03.657 8 INFO neutron_taas.services.taas.tap_mirror_plugin [None req-17a90af4-8b09-482f-96ed-ec9364e23364 c2ccf36c5752454f9974c4d50d37520c 78889bc14d974e8cadee3a488b1a3566 - - default default] Tap Mirror: Handle Delete Port: b248af45-9212-43dc-b1ac-fd6df838c510
2026-06-12 04:26:03.985 7 INFO neutron.db.ovn_revision_numbers_db [None req-a5bbe373-7609-4ddb-93bd-57b4c0f75659 - - - - - -] Successfully bumped revision number for resource beaa9f79-539e-4b0a-b4f2-812e79931883 (type: ports) to 2
2026-06-12 04:26:04.017 7 INFO neutron.db.ovn_revision_numbers_db [None req-a5bbe373-7609-4ddb-93bd-57b4c0f75659 - - - - - -] Successfully bumped revision number for resource ef5d218e-570f-4f83-b296-45688838001b (type: subnets) to 0 [pid: 7|app: 0|req: 853/1822] 10.0.0.5 () {34 vars in 666 bytes} [Fri Jun 12 04:26:03 2026] POST /v2.0/subnets => generated 629 bytes in 825 msecs (HTTP/1.1 201) 4 headers in 162 bytes (1 switches on core 0) [pid: 8|app: 0|req: 970/1823] 10.0.0.5 () {32 vars in 721 bytes} [Fri Jun 12 04:26:03 2026] DELETE /v2.0/routers/697abc21-a39f-426f-ac59-daaf1c9fc532 => generated 0 bytes in 752 msecs (HTTP/1.1 204) 2 headers in 112 bytes (1 switches on core 0) [pid: 8|app: 0|req: 971/1824] 10.0.0.5 () {34 vars in 748 bytes} [Fri Jun 12 04:26:04 2026] PUT /v2.0/subnets/5fc0bb9c-323f-4e07-97a1-d0d086afeb0d/tags => generated 17 bytes in 70 msecs (HTTP/1.1 200) 4 headers in 156 bytes (1 switches on core 0)
2026-06-12 04:26:04.179 7 INFO neutron.db.ovn_revision_numbers_db [None req-ef19de8e-2725-46e4-8e7f-26467ece17b1 c49e8a78432a4b33a647b7bd4e3eec14 4dab5ab0fb0b411d982f6887b732a3ff - - default default] Successfully bumped revision number for resource aee0c3ac-0f89-4f5e-8d47-9ad80bfc240a (type: security_groups) to 1
2026-06-12 04:26:04.192 7 INFO neutron.db.ovn_revision_numbers_db [None req-ef19de8e-2725-46e4-8e7f-26467ece17b1 c49e8a78432a4b33a647b7bd4e3eec14 4dab5ab0fb0b411d982f6887b732a3ff - - default default] Successfully bumped revision number for resource 6d073ccf-dff3-411d-bc4d-1e92019b00d6 (type: security_group_rules) to 0 [pid: 8|app: 0|req: 972/1825] 10.0.0.5 () {32 vars in 733 bytes} [Fri Jun 12 04:26:04 2026] GET /v2.0/ports?device_id=697abc21-a39f-426f-ac59-daaf1c9fc532 => generated 12 bytes in 35 msecs (HTTP/1.1 200) 4 headers in 156 bytes (1 switches on core 0)
2026-06-12 04:26:04.207 7 INFO neutron.db.ovn_revision_numbers_db [None req-ef19de8e-2725-46e4-8e7f-26467ece17b1 c49e8a78432a4b33a647b7bd4e3eec14 4dab5ab0fb0b411d982f6887b732a3ff - - default default] Successfully bumped revision number for resource 7e02477f-07ef-4b43-9a52-5a4305c7a35b (type: security_group_rules) to 0
2026-06-12 04:26:04.221 7 INFO neutron.db.ovn_revision_numbers_db [None req-ef19de8e-2725-46e4-8e7f-26467ece17b1 c49e8a78432a4b33a647b7bd4e3eec14 4dab5ab0fb0b411d982f6887b732a3ff - - default default] Successfully bumped revision number for resource 8faef948-6e4e-4436-976f-a94956039207 (type: security_group_rules) to 0
