2026-06-12 04:26:28.196 7 WARNING neutron.api.rpc.agentnotifiers.dhcp_rpc_agent_api [None req-3cba42d8-5a45-46ed-a83c-300e943a1d93 425e43dedc064578aa184d569f32df4e 2b7f498906b8464882f94ab85a993142 - - default default] Unable to schedule network d6aabd06-55ba-40a9-88c5-04e213d20f4a: no agents available; will retry on subsequent port and subnet creation events.
2026-06-12 04:26:28.276 7 INFO neutron.plugins.ml2.drivers.ovn.mech_driver.mech_driver [None req-bfa677bb-739b-4225-b7b0-01b3fe998467 - - - - - -] OVN reports status down for port: cdbc906a-4ca7-4c6d-aec8-b5930a57dfa8
2026-06-12 04:26:28.341 7 INFO neutron.db.ovn_revision_numbers_db [None req-3cba42d8-5a45-46ed-a83c-300e943a1d93 425e43dedc064578aa184d569f32df4e 2b7f498906b8464882f94ab85a993142 - - default default] Successfully bumped revision number for resource cdbc906a-4ca7-4c6d-aec8-b5930a57dfa8 (type: ports) to 1 [pid: 8|app: 0|req: 1106/2057] 10.0.0.5 () {32 vars in 771 bytes} [Fri Jun 12 04:26:28 2026] GET /v2.0/security-groups?tenant_id=4badc1450bf94c68a204cdee9cd08955&name=default => generated 2925 bytes in 209 msecs (HTTP/1.1 200) 4 headers in 158 bytes (1 switches on core 0)
2026-06-12 04:26:28.465 7 INFO neutron.db.ovn_revision_numbers_db [None req-3cba42d8-5a45-46ed-a83c-300e943a1d93 425e43dedc064578aa184d569f32df4e 2b7f498906b8464882f94ab85a993142 - - default default] Successfully bumped revision number for resource 2da2ce78-b2ca-4fc5-a757-6c401e06832f (type: networks) to 1
2026-06-12 04:26:28.484 8 INFO neutron.services.segments.plugin [-] Segment 6da5d241-12e9-46db-917d-2c4141c1c258 resource provider aggregate not found
2026-06-12 04:26:28.510 8 INFO neutron.services.segments.plugin [-] Segment 6da5d241-12e9-46db-917d-2c4141c1c258 resource provider aggregate not found
2026-06-12 04:26:28.512 8 INFO neutron.services.segments.plugin [-] Segment 6da5d241-12e9-46db-917d-2c4141c1c258 resource provider not found; error: Placement Client Error (4xx): {"errors": [{"status": 404, "title": "Not Found", "detail": "The resource could not be found.\n\n No resource provider with uuid 6da5d241-12e9-46db-917d-2c4141c1c258 found for delete ", "request_id": "req-ece9f79e-e054-421c-a50e-3234641b0654"}]}
2026-06-12 04:26:28.528 8 INFO neutron.services.segments.plugin [-] Segment 6da5d241-12e9-46db-917d-2c4141c1c258 resource provider not found; error: Placement Client Error (4xx): {"errors": [{"status": 404, "title": "Not Found", "detail": "The resource could not be found.\n\n No resource provider with uuid 6da5d241-12e9-46db-917d-2c4141c1c258 found for delete ", "request_id": "req-d11416cd-dc85-4ee4-a9eb-9c1003a80fb6"}]}
2026-06-12 04:26:28.604 8 INFO neutron.db.ovn_revision_numbers_db [None req-8c387be1-e939-4594-9466-2c8df4cc1738 c49e8a78432a4b33a647b7bd4e3eec14 4dab5ab0fb0b411d982f6887b732a3ff - - default default] Successfully bumped revision number for resource b6f0722d-8f20-474e-bec8-9cd4f62a2582 (type: security_groups) to 1
2026-06-12 04:26:28.614 8 INFO neutron.db.ovn_revision_numbers_db [None req-8c387be1-e939-4594-9466-2c8df4cc1738 c49e8a78432a4b33a647b7bd4e3eec14 4dab5ab0fb0b411d982f6887b732a3ff - - default default] Successfully bumped revision number for resource 0c55f232-474c-42c0-a40a-e5d9a73eb847 (type: security_group_rules) to 0
2026-06-12 04:26:28.627 8 INFO neutron.db.ovn_revision_numbers_db [None req-8c387be1-e939-4594-9466-2c8df4cc1738 c49e8a78432a4b33a647b7bd4e3eec14 4dab5ab0fb0b411d982f6887b732a3ff - - default default] Successfully bumped revision number for resource 9b490d47-ec7b-4cdd-a82f-24edba754ef4 (type: security_group_rules) to 0
2026-06-12 04:26:28.645 8 INFO neutron.db.ovn_revision_numbers_db [None req-8c387be1-e939-4594-9466-2c8df4cc1738 c49e8a78432a4b33a647b7bd4e3eec14 4dab5ab0fb0b411d982f6887b732a3ff - - default default] Successfully bumped revision number for resource a0af7116-11ec-487f-8f41-b950e6918043 (type: security_group_rules) to 0
2026-06-12 04:26:28.662 8 INFO neutron.db.ovn_revision_numbers_db [None req-8c387be1-e939-4594-9466-2c8df4cc1738 c49e8a78432a4b33a647b7bd4e3eec14 4dab5ab0fb0b411d982f6887b732a3ff - - default default] Successfully bumped revision number for resource c3a5a236-966d-48dc-b620-3a6f1ca5332f (type: security_group_rules) to 0
2026-06-12 04:26:28.670 7 WARNING neutron.scheduler.dhcp_agent_scheduler [None req-3cba42d8-5a45-46ed-a83c-300e943a1d93 425e43dedc064578aa184d569f32df4e 2b7f498906b8464882f94ab85a993142 - - default default] No more DHCP agents
2026-06-12 04:26:28.692 7 WARNING neutron.api.rpc.agentnotifiers.dhcp_rpc_agent_api [None req-3cba42d8-5a45-46ed-a83c-300e943a1d93 425e43dedc064578aa184d569f32df4e 2b7f498906b8464882f94ab85a993142 - - default default] Unable to schedule network 2da2ce78-b2ca-4fc5-a757-6c401e06832f: no agents available; will retry on subsequent port and subnet creation events.
2026-06-12 04:26:28.764 8 INFO neutron.db.segments_db [None req-8c387be1-e939-4594-9466-2c8df4cc1738 c49e8a78432a4b33a647b7bd4e3eec14 4dab5ab0fb0b411d982f6887b732a3ff - - default default] Added segment f1fdc046-764e-432b-87dd-4d5f4845099b of type geneve for network 7035c15f-207a-4f8d-998f-4bc8ce7d127b
2026-06-12 04:26:28.768 8 INFO neutron.plugins.ml2.drivers.ovn.mech_driver.mech_driver [None req-8b3cfab2-afa5-476f-8d24-ef1bbe0ec9fa - - - - - -] OVN reports status down for port: 60a720bc-e3cd-4033-b589-0c72174fb8e8
2026-06-12 04:26:28.800 7 INFO neutron.db.ovn_revision_numbers_db [None req-3cba42d8-5a45-46ed-a83c-300e943a1d93 425e43dedc064578aa184d569f32df4e 2b7f498906b8464882f94ab85a993142 - - default default] Successfully bumped revision number for resource 60a720bc-e3cd-4033-b589-0c72174fb8e8 (type: ports) to 1 [pid: 7|app: 0|req: 952/2058] 10.0.0.5 () {34 vars in 667 bytes} [Fri Jun 12 04:26:27 2026] POST /v2.0/networks => generated 1284 bytes in 1527 msecs (HTTP/1.1 201) 4 headers in 163 bytes (1 switches on core 0)
2026-06-12 04:26:28.945 8 INFO neutron.db.ovn_revision_numbers_db [None req-8c387be1-e939-4594-9466-2c8df4cc1738 c49e8a78432a4b33a647b7bd4e3eec14 4dab5ab0fb0b411d982f6887b732a3ff - - default default] Successfully bumped revision number for resource 7035c15f-207a-4f8d-998f-4bc8ce7d127b (type: networks) to 1 [pid: 7|app: 0|req: 953/2059] 10.0.0.5 () {32 vars in 737 bytes} [Fri Jun 12 04:26:28 2026] DELETE /v2.0/security-groups/27990a9e-2fc7-43d9-a330-fbc3eae6fb19 => generated 0 bytes in 240 msecs (HTTP/1.1 204) 2 headers in 112 bytes (1 switches on core 0) [pid: 7|app: 0|req: 954/2060] 10.0.0.97 () {34 vars in 988 bytes} [Fri Jun 12 04:26:29 2026] GET /v2.0/ports?device_id=a139060d-7336-48d3-b0c3-6635ff7b60ae => generated 971 bytes in 32 msecs (HTTP/1.1 200) 4 headers in 157 bytes (1 switches on core 0) [pid: 7|app: 0|req: 955/2061] 10.0.0.5 () {32 vars in 646 bytes} [Fri Jun 12 04:26:29 2026] GET /v2.0/networks => generated 1971 bytes in 36 msecs (HTTP/1.1 200) 4 headers in 158 bytes (1 switches on core 0)
2026-06-12 04:26:29.170 8 WARNING neutron.scheduler.dhcp_agent_scheduler [None req-8c387be1-e939-4594-9466-2c8df4cc1738 c49e8a78432a4b33a647b7bd4e3eec14 4dab5ab0fb0b411d982f6887b732a3ff - - default default] No more DHCP agents
2026-06-12 04:26:29.172 8 WARNING neutron.api.rpc.agentnotifiers.dhcp_rpc_agent_api [None req-8c387be1-e939-4594-9466-2c8df4cc1738 c49e8a78432a4b33a647b7bd4e3eec14 4dab5ab0fb0b411d982f6887b732a3ff - - default default] Unable to schedule network 7035c15f-207a-4f8d-998f-4bc8ce7d127b: no agents available; will retry on subsequent port and subnet creation events. [pid: 7|app: 0|req: 956/2062] 10.0.0.97 () {34 vars in 1038 bytes} [Fri Jun 12 04:26:29 2026] GET /v2.0/security-groups?id=be872e4c-aade-4772-bf72-c757520d77b3&fields=id&fields=name => generated 114 bytes in 49 msecs (HTTP/1.1 200) 4 headers in 157 bytes (1 switches on core 0)
2026-06-12 04:26:29.227 8 INFO neutron.plugins.ml2.drivers.ovn.mech_driver.mech_driver [None req-8b3cfab2-afa5-476f-8d24-ef1bbe0ec9fa - - - - - -] OVN reports status down for port: 43a1686d-6e83-43fe-8afa-0deb8acff066
2026-06-12 04:26:29.300 8 INFO neutron.db.ovn_revision_numbers_db [None req-8c387be1-e939-4594-9466-2c8df4cc1738 c49e8a78432a4b33a647b7bd4e3eec14 4dab5ab0fb0b411d982f6887b732a3ff - - default default] Successfully bumped revision number for resource 43a1686d-6e83-43fe-8afa-0deb8acff066 (type: ports) to 1 [pid: 8|app: 0|req: 1107/2063] 10.0.0.5 () {34 vars in 668 bytes} [Fri Jun 12 04:26:28 2026] POST /v2.0/networks => generated 763 bytes in 991 msecs (HTTP/1.1 201) 4 headers in 162 bytes (1 switches on core 0)
2026-06-12 04:26:29.376 7 INFO neutron_taas.services.taas.taas_plugin [None req-9e70522e-8072-4013-b733-2ec9520d2201 425e43dedc064578aa184d569f32df4e 2b7f498906b8464882f94ab85a993142 - - default default] TaaS: Handle Delete Port: cdbc906a-4ca7-4c6d-aec8-b5930a57dfa8
2026-06-12 04:26:29.379 7 INFO neutron_taas.services.taas.tap_mirror_plugin [None req-9e70522e-8072-4013-b733-2ec9520d2201 425e43dedc064578aa184d569f32df4e 2b7f498906b8464882f94ab85a993142 - - default default] Tap Mirror: Handle Delete Port: cdbc906a-4ca7-4c6d-aec8-b5930a57dfa8
2026-06-12 04:26:29.495 8 INFO neutron.db.ovn_revision_numbers_db [None req-cec5736f-dd81-4610-9fbf-510680c76712 c49e8a78432a4b33a647b7bd4e3eec14 4dab5ab0fb0b411d982f6887b732a3ff - - default default] Successfully bumped revision number for resource 22260f00-6b1f-4f52-942a-41abdf3614e1 (type: security_groups) to 1
2026-06-12 04:26:29.528 8 INFO neutron.db.ovn_revision_numbers_db [None req-cec5736f-dd81-4610-9fbf-510680c76712 c49e8a78432a4b33a647b7bd4e3eec14 4dab5ab0fb0b411d982f6887b732a3ff - - default default] Successfully bumped revision number for resource 4b6ba5aa-dc7b-4771-b160-813778e6f4e4 (type: security_group_rules) to 0
2026-06-12 04:26:29.549 8 INFO neutron.db.ovn_revision_numbers_db [None req-cec5736f-dd81-4610-9fbf-510680c76712 c49e8a78432a4b33a647b7bd4e3eec14 4dab5ab0fb0b411d982f6887b732a3ff - - default default] Successfully bumped revision number for resource d2ea0da8-4554-44e7-8366-cc450d2aed69 (type: security_group_rules) to 0
2026-06-12 04:26:29.583 8 INFO neutron.db.ovn_revision_numbers_db [None req-cec5736f-dd81-4610-9fbf-510680c76712 c49e8a78432a4b33a647b7bd4e3eec14 4dab5ab0fb0b411d982f6887b732a3ff - - default default] Successfully bumped revision number for resource d96bc306-79b0-4399-8dcf-1ac9ccb29639 (type: security_group_rules) to 0
2026-06-12 04:26:29.603 8 INFO neutron.db.ovn_revision_numbers_db [None req-cec5736f-dd81-4610-9fbf-510680c76712 c49e8a78432a4b33a647b7bd4e3eec14 4dab5ab0fb0b411d982f6887b732a3ff - - default default] Successfully bumped revision number for resource db63bc8b-bdd8-40dc-9bf9-fd79df180da3 (type: security_group_rules) to 0
2026-06-12 04:26:29.655 7 INFO neutron.services.segments.plugin [-] Segment 518f9e0a-0ee9-42c4-a589-e88b77627530 resource provider aggregate not found
2026-06-12 04:26:29.661 7 INFO neutron.services.segments.plugin [-] Segment 518f9e0a-0ee9-42c4-a589-e88b77627530 resource provider aggregate not found [pid: 8|app: 0|req: 1108/2064] 10.0.0.5 () {32 vars in 771 bytes} [Fri Jun 12 04:26:29 2026] GET /v2.0/security-groups?tenant_id=f522a28c2a8a45d1913cd819cbddbff6&name=default => generated 2925 bytes in 318 msecs (HTTP/1.1 200) 4 headers in 158 bytes (1 switches on core 0)
2026-06-12 04:26:29.691 7 INFO neutron.services.segments.plugin [-] Segment 518f9e0a-0ee9-42c4-a589-e88b77627530 resource provider not found; error: Placement Client Error (4xx): {"errors": [{"status": 404, "title": "Not Found", "detail": "The resource could not be found.\n\n No resource provider with uuid 518f9e0a-0ee9-42c4-a589-e88b77627530 found for delete ", "request_id": "req-4ae0dee6-16e0-4207-bfcf-604978af0922"}]}
2026-06-12 04:26:29.692 7 INFO neutron.services.segments.plugin [-] Segment 518f9e0a-0ee9-42c4-a589-e88b77627530 resource provider not found; error: Placement Client Error (4xx): {"errors": [{"status": 404, "title": "Not Found", "detail": "The resource could not be found.\n\n No resource provider with uuid 518f9e0a-0ee9-42c4-a589-e88b77627530 found for delete ", "request_id": "req-76f5daa3-4216-4b02-846b-a7f21e28cdc2"}]} [pid: 8|app: 0|req: 1109/2065] 10.0.0.97 () {34 vars in 988 bytes} [Fri Jun 12 04:26:29 2026] GET /v2.0/ports?device_id=a139060d-7336-48d3-b0c3-6635ff7b60ae => generated 971 bytes in 47 msecs (HTTP/1.1 200) 4 headers in 157 bytes (1 switches on core 0) [pid: 7|app: 0|req: 957/2066] 10.0.0.5 () {32 vars in 723 bytes} [Fri Jun 12 04:26:29 2026] DELETE /v2.0/networks/d6aabd06-55ba-40a9-88c5-04e213d20f4a => generated 0 bytes in 527 msecs (HTTP/1.1 204) 3 headers in 131 bytes (1 switches on core 0)
2026-06-12 04:26:29.864 8 WARNING neutron.scheduler.dhcp_agent_scheduler [None req-ef01a942-64b4-477c-b22d-0b65c3388d7c c49e8a78432a4b33a647b7bd4e3eec14 4dab5ab0fb0b411d982f6887b732a3ff - - default default] No more DHCP agents
2026-06-12 04:26:29.865 8 WARNING neutron.api.rpc.agentnotifiers.dhcp_rpc_agent_api [None req-ef01a942-64b4-477c-b22d-0b65c3388d7c c49e8a78432a4b33a647b7bd4e3eec14 4dab5ab0fb0b411d982f6887b732a3ff - - default default] Unable to schedule network 7035c15f-207a-4f8d-998f-4bc8ce7d127b: no agents available; will retry on subsequent port and subnet creation events. [pid: 7|app: 0|req: 958/2067] 10.0.0.5 () {32 vars in 737 bytes} [Fri Jun 12 04:26:29 2026] DELETE /v2.0/security-groups/22260f00-6b1f-4f52-942a-41abdf3614e1 => generated 0 bytes in 303 msecs (HTTP/1.1 204) 2 headers in 112 bytes (1 switches on core 0) [pid: 7|app: 0|req: 959/2068] 10.0.0.97 () {34 vars in 1038 bytes} [Fri Jun 12 04:26:30 2026] GET /v2.0/security-groups?id=be872e4c-aade-4772-bf72-c757520d77b3&fields=id&fields=name => generated 114 bytes in 30 msecs (HTTP/1.1 200) 4 headers in 157 bytes (1 switches on core 0)
2026-06-12 04:26:30.214 7 INFO neutron_taas.services.taas.taas_plugin [None req-4c08abc2-5d8c-4487-ab04-c6d7181677ff 425e43dedc064578aa184d569f32df4e 2b7f498906b8464882f94ab85a993142 - - default default] TaaS: Handle Delete Port: 60a720bc-e3cd-4033-b589-0c72174fb8e8
2026-06-12 04:26:30.221 7 INFO neutron_taas.services.taas.tap_mirror_plugin [None req-4c08abc2-5d8c-4487-ab04-c6d7181677ff 425e43dedc064578aa184d569f32df4e 2b7f498906b8464882f94ab85a993142 - - default default] Tap Mirror: Handle Delete Port: 60a720bc-e3cd-4033-b589-0c72174fb8e8
2026-06-12 04:26:30.417 8 INFO neutron.db.ovn_revision_numbers_db [None req-aa9e248d-3bad-4f61-8117-552a8fd61c99 - - - - - -] Successfully bumped revision number for resource 43a1686d-6e83-43fe-8afa-0deb8acff066 (type: ports) to 2
2026-06-12 04:26:30.465 8 INFO neutron.db.ovn_revision_numbers_db [None req-aa9e248d-3bad-4f61-8117-552a8fd61c99 - - - - - -] Successfully bumped revision number for resource 10c38ee3-77de-4340-a453-adbf5399c9a3 (type: subnets) to 0 [pid: 7|app: 0|req: 960/2069] 10.0.0.5 () {32 vars in 723 bytes} [Fri Jun 12 04:26:30 2026] DELETE /v2.0/networks/2da2ce78-b2ca-4fc5-a757-6c401e06832f => generated 0 bytes in 421 msecs (HTTP/1.1 204) 3 headers in 131 bytes (1 switches on core 0) [pid: 8|app: 0|req: 1110/2070] 10.0.0.5 () {34 vars in 666 bytes} [Fri Jun 12 04:26:29 2026] POST /v2.0/subnets => generated 688 bytes in 768 msecs (HTTP/1.1 201) 4 headers in 162 bytes (1 switches on core 0) [pid: 7|app: 0|req: 961/2071] 10.0.0.5 () {32 vars in 733 bytes} [Fri Jun 12 04:26:30 2026] GET /v2.0/ports?device_id=a139060d-7336-48d3-b0c3-6635ff7b60ae => generated 1209 bytes in 29 msecs (HTTP/1.1 200) 4 headers in 158 bytes (1 switches on core 0) [pid: 7|app: 0|req: 962/2072] 10.0.0.5 () {32 vars in 646 bytes} [Fri Jun 12 04:26:30 2026] GET /v2.0/networks => generated 689 bytes in 44 msecs (HTTP/1.1 200) 4 headers in 157 bytes (1 switches on core 0)
2026-06-12 04:26:30.649 8 INFO neutron.db.ovn_revision_numbers_db [None req-caa7e929-ffcb-49db-b015-f7c79e53f5c8 c49e8a78432a4b33a647b7bd4e3eec14 4dab5ab0fb0b411d982f6887b732a3ff - - default default] Successfully bumped revision number for resource 0beb487a-3a6f-418c-b57a-2e5437f84e46 (type: security_groups) to 1
2026-06-12 04:26:30.663 8 INFO neutron.db.ovn_revision_numbers_db [None req-caa7e929-ffcb-49db-b015-f7c79e53f5c8 c49e8a78432a4b33a647b7bd4e3eec14 4dab5ab0fb0b411d982f6887b732a3ff - - default default] Successfully bumped revision number for resource 563b64f6-52b9-4c88-9dfb-269dceef3da1 (type: security_group_rules) to 0
2026-06-12 04:26:30.686 8 INFO neutron.db.ovn_revision_numbers_db [None req-caa7e929-ffcb-49db-b015-f7c79e53f5c8 c49e8a78432a4b33a647b7bd4e3eec14 4dab5ab0fb0b411d982f6887b732a3ff - - default default] Successfully bumped revision number for resource 8752d985-04a3-4cd8-ae33-3c3c3ba87412 (type: security_group_rules) to 0
2026-06-12 04:26:30.702 8 INFO neutron.db.ovn_revision_numbers_db [None req-caa7e929-ffcb-49db-b015-f7c79e53f5c8 c49e8a78432a4b33a647b7bd4e3eec14 4dab5ab0fb0b411d982f6887b732a3ff - - default default] Successfully bumped revision number for resource eb41d253-89ee-4cc3-931f-ac11153dabe2 (type: security_group_rules) to 0
2026-06-12 04:26:30.713 8 INFO neutron.db.ovn_revision_numbers_db [None req-caa7e929-ffcb-49db-b015-f7c79e53f5c8 c49e8a78432a4b33a647b7bd4e3eec14 4dab5ab0fb0b411d982f6887b732a3ff - - default default] Successfully bumped revision number for resource f8692545-2411-4530-b7e7-2c17d39a0cd8 (type: security_group_rules) to 0 [pid: 8|app: 0|req: 1111/2073] 10.0.0.5 () {32 vars in 771 bytes} [Fri Jun 12 04:26:30 2026] GET /v2.0/security-groups?tenant_id=bfbff643b5f24c36a9f7c7500a5d244c&name=default => generated 2925 bytes in 262 msecs (HTTP/1.1 200) 4 headers in 158 bytes (1 switches on core 0)
2026-06-12 04:26:30.986 7 WARNING neutron.scheduler.dhcp_agent_scheduler [None req-e7660252-5dfb-434a-808d-db8a1a9eccf8 c49e8a78432a4b33a647b7bd4e3eec14 4dab5ab0fb0b411d982f6887b732a3ff - - default default] No more DHCP agents
2026-06-12 04:26:30.988 7 WARNING neutron.api.rpc.agentnotifiers.dhcp_rpc_agent_api [None req-e7660252-5dfb-434a-808d-db8a1a9eccf8 c49e8a78432a4b33a647b7bd4e3eec14 4dab5ab0fb0b411d982f6887b732a3ff - - default default] Unable to schedule network cdc51ee5-f40b-4795-bac3-92cefd49ba1e: no agents available; will retry on subsequent port and subnet creation events.
2026-06-12 04:26:31.085 7 INFO neutron.plugins.ml2.drivers.ovn.mech_driver.mech_driver [None req-bfa677bb-739b-4225-b7b0-01b3fe998467 - - - - - -] OVN reports status down for port: c361e1c8-b641-43e1-9d5a-796d10bf0734
2026-06-12 04:26:31.141 7 INFO neutron.db.ovn_revision_numbers_db [None req-e7660252-5dfb-434a-808d-db8a1a9eccf8 c49e8a78432a4b33a647b7bd4e3eec14 4dab5ab0fb0b411d982f6887b732a3ff - - default default] Successfully bumped revision number for resource c361e1c8-b641-43e1-9d5a-796d10bf0734 (type: ports) to 1
2026-06-12 04:26:31.306 8 INFO neutron.db.ovn_revision_numbers_db [None req-73e83bb0-a7cb-4d75-94ff-189704b2a0b9 78c4644b0e054ec7bb2dd11d36540471 72d2161d80a0426e9ed07ed258e21ef8 - - default default] Successfully bumped revision number for resource 5be316e3-7ee3-4922-8879-f2824e3c7b36 (type: floatingips) to 4
2026-06-12 04:26:31.445 8 INFO neutron.db.ovn_revision_numbers_db [None req-73e83bb0-a7cb-4d75-94ff-189704b2a0b9 78c4644b0e054ec7bb2dd11d36540471 72d2161d80a0426e9ed07ed258e21ef8 - - default default] Successfully bumped revision number for resource 5be316e3-7ee3-4922-8879-f2824e3c7b36 (type: floatingips) to 5
2026-06-12 04:26:31.446 8 INFO neutron.db.l3_db [None req-73e83bb0-a7cb-4d75-94ff-189704b2a0b9 78c4644b0e054ec7bb2dd11d36540471 72d2161d80a0426e9ed07ed258e21ef8 - - default default] Floating IP 5be316e3-7ee3-4922-8879-f2824e3c7b36 associated. External IP: 10.96.250.204, port: 90ef9832-6639-4059-98e5-5e74d79cb4b9. [pid: 8|app: 0|req: 1112/2074] 10.0.0.5 () {34 vars in 746 bytes} [Fri Jun 12 04:26:30 2026] PUT /v2.0/floatingips/5be316e3-7ee3-4922-8879-f2824e3c7b36 => generated 855 bytes in 722 msecs (HTTP/1.1 200) 4 headers in 157 bytes (1 switches on core 0) /var/lib/openstack/lib/python3.12/site-packages/pycadf/identifier.py:70: UserWarning: Invalid uuid: neutron. To ensure interoperability, identifiers should be a valid uuid. warnings.warn(('Invalid uuid: %s. To ensure interoperability, '
2026-06-12 04:26:31.523 8 INFO neutron.notifiers.nova [-] Nova event matching ['req-6ff7e72a-bf24-48e8-9cc3-ec04f2e630d0'] response: {'name': 'network-changed', 'server_uuid': 'a139060d-7336-48d3-b0c3-6635ff7b60ae', 'tag': '90ef9832-6639-4059-98e5-5e74d79cb4b9', 'status': 'completed', 'code': 200}
2026-06-12 04:26:31.600 8 INFO neutron.db.segments_db [None req-c9e1c2c7-159b-45e4-b511-1def36e7176e 425e43dedc064578aa184d569f32df4e 2b7f498906b8464882f94ab85a993142 - - default default] Added segment ca99bbfd-35fe-4a3d-bb9d-cb0f34db058f of type geneve for network faf1246f-a2fd-46f4-8c7b-6a81ef07c0f4
2026-06-12 04:26:31.697 8 INFO neutron.db.ovn_revision_numbers_db [None req-c9e1c2c7-159b-45e4-b511-1def36e7176e 425e43dedc064578aa184d569f32df4e 2b7f498906b8464882f94ab85a993142 - - default default] Successfully bumped revision number for resource faf1246f-a2fd-46f4-8c7b-6a81ef07c0f4 (type: networks) to 1
2026-06-12 04:26:31.729 7 INFO neutron.services.segments.plugin [-] Segment c09de5a8-13d7-4237-bf4d-36d78380296d resource provider aggregate not found
2026-06-12 04:26:31.734 7 INFO neutron.services.segments.plugin [-] Segment c09de5a8-13d7-4237-bf4d-36d78380296d resource provider aggregate not found
2026-06-12 04:26:31.746 7 INFO neutron.services.segments.plugin [-] Segment c09de5a8-13d7-4237-bf4d-36d78380296d resource provider not found; error: Placement Client Error (4xx): {"errors": [{"status": 404, "title": "Not Found", "detail": "The resource could not be found.\n\n No resource provider with uuid c09de5a8-13d7-4237-bf4d-36d78380296d found for delete ", "request_id": "req-fff0f3ec-0005-4f8b-86c3-1802a7b9fab8"}]}
2026-06-12 04:26:31.756 7 INFO neutron.services.segments.plugin [-] Segment c09de5a8-13d7-4237-bf4d-36d78380296d resource provider not found; error: Placement Client Error (4xx): {"errors": [{"status": 404, "title": "Not Found", "detail": "The resource could not be found.\n\n No resource provider with uuid c09de5a8-13d7-4237-bf4d-36d78380296d found for delete ", "request_id": "req-d6136c81-ea45-4163-9dd6-9737e1066020"}]}
2026-06-12 04:26:31.843 8 WARNING neutron.scheduler.dhcp_agent_scheduler [None req-c9e1c2c7-159b-45e4-b511-1def36e7176e 425e43dedc064578aa184d569f32df4e 2b7f498906b8464882f94ab85a993142 - - default default] No more DHCP agents
2026-06-12 04:26:31.844 8 WARNING neutron.api.rpc.agentnotifiers.dhcp_rpc_agent_api [None req-c9e1c2c7-159b-45e4-b511-1def36e7176e 425e43dedc064578aa184d569f32df4e 2b7f498906b8464882f94ab85a993142 - - default default] Unable to schedule network faf1246f-a2fd-46f4-8c7b-6a81ef07c0f4: no agents available; will retry on subsequent port and subnet creation events.
2026-06-12 04:26:31.904 7 INFO neutron.plugins.ml2.drivers.ovn.mech_driver.ovsdb.commands [None req-0f301ae5-885a-4bf2-9059-142926ec6cf1 - - - - - -] Schedule LRP lrp-c361e1c8-b641-43e1-9d5a-796d10bf0734 on gateway a0320e4e-265c-4638-a479-61de058397ef with priority 1
2026-06-12 04:26:31.905 8 INFO neutron.plugins.ml2.drivers.ovn.mech_driver.mech_driver [None req-8b3cfab2-afa5-476f-8d24-ef1bbe0ec9fa - - - - - -] OVN reports status down for port: dea444a4-17bb-44a8-ba1f-b2915eb37336
2026-06-12 04:26:31.949 7 INFO neutron.plugins.ml2.drivers.ovn.mech_driver.mech_driver [None req-bfa677bb-739b-4225-b7b0-01b3fe998467 - - - - - -] OVN reports status up for port: c361e1c8-b641-43e1-9d5a-796d10bf0734
2026-06-12 04:26:31.967 7 INFO neutron.plugins.ml2.drivers.ovn.mech_driver.ovsdb.ovsdb_monitor [None req-f722f3d3-f42f-4106-90aa-deb855b449bb - - - - - -] Router 926dc29f-d631-41bd-a4e7-9daa1828dd11 is bound to host instance
2026-06-12 04:26:31.992 7 INFO neutron.plugins.ml2.plugin [None req-bfa677bb-739b-4225-b7b0-01b3fe998467 - - - - - -] Attempt 1 to provision port c361e1c8-b641-43e1-9d5a-796d10bf0734
2026-06-12 04:26:32.002 8 INFO neutron.db.ovn_revision_numbers_db [None req-c9e1c2c7-159b-45e4-b511-1def36e7176e 425e43dedc064578aa184d569f32df4e 2b7f498906b8464882f94ab85a993142 - - default default] Successfully bumped revision number for resource dea444a4-17bb-44a8-ba1f-b2915eb37336 (type: ports) to 1
2026-06-12 04:26:32.042 7 INFO neutron.db.ovn_revision_numbers_db [None req-e7660252-5dfb-434a-808d-db8a1a9eccf8 c49e8a78432a4b33a647b7bd4e3eec14 4dab5ab0fb0b411d982f6887b732a3ff - - default default] Successfully bumped revision number for resource c361e1c8-b641-43e1-9d5a-796d10bf0734 (type: router_ports) to 1 [pid: 8|app: 0|req: 1113/2075] 10.0.0.5 () {34 vars in 667 bytes} [Fri Jun 12 04:26:31 2026] POST /v2.0/networks => generated 668 bytes in 588 msecs (HTTP/1.1 201) 4 headers in 162 bytes (1 switches on core 0)
2026-06-12 04:26:32.169 7 INFO neutron.db.ovn_revision_numbers_db [None req-e7660252-5dfb-434a-808d-db8a1a9eccf8 c49e8a78432a4b33a647b7bd4e3eec14 4dab5ab0fb0b411d982f6887b732a3ff - - default default] Successfully bumped revision number for resource 926dc29f-d631-41bd-a4e7-9daa1828dd11 (type: routers) to 2 [pid: 7|app: 0|req: 963/2076] 10.0.0.5 () {34 vars in 666 bytes} [Fri Jun 12 04:26:30 2026] POST /v2.0/routers => generated 966 bytes in 1652 msecs (HTTP/1.1 201) 4 headers in 162 bytes (1 switches on core 0) [pid: 8|app: 0|req: 1114/2077] 10.0.0.5 () {32 vars in 737 bytes} [Fri Jun 12 04:26:32 2026] DELETE /v2.0/security-groups/0beb487a-3a6f-418c-b57a-2e5437f84e46 => generated 0 bytes in 253 msecs (HTTP/1.1 204) 2 headers in 112 bytes (1 switches on core 0) [pid: 7|app: 0|req: 964/2078] 10.0.0.5 () {32 vars in 726 bytes} [Fri Jun 12 04:26:32 2026] GET /v2.0/floatingips/5be316e3-7ee3-4922-8879-f2824e3c7b36 => generated 857 bytes in 136 msecs (HTTP/1.1 200) 4 headers in 157 bytes (1 switches on core 0) [pid: 8|app: 0|req: 1115/2079] 199.204.45.109 () {34 vars in 1079 bytes} [Fri Jun 12 04:26:32 2026] GET /v2.0/ports?tenant_id=72d2161d80a0426e9ed07ed258e21ef8&device_id=a139060d-7336-48d3-b0c3-6635ff7b60ae => generated 1209 bytes in 44 msecs (HTTP/1.1 200) 4 headers in 158 bytes (1 switches on core 0)
2026-06-12 04:26:32.482 7 INFO neutron.db.segments_db [None req-31968e73-e8cd-4aae-bc02-d4f39f891efe 425e43dedc064578aa184d569f32df4e 2b7f498906b8464882f94ab85a993142 - - default default] Added segment 2cf9ed98-bcf7-430d-8f58-8b0d0f260e52 of type geneve for network 17f1d526-d5f1-4757-a2f1-030fe77d8c59
2026-06-12 04:26:32.672 7 INFO neutron.db.ovn_revision_numbers_db [None req-31968e73-e8cd-4aae-bc02-d4f39f891efe 425e43dedc064578aa184d569f32df4e 2b7f498906b8464882f94ab85a993142 - - default default] Successfully bumped revision number for resource 17f1d526-d5f1-4757-a2f1-030fe77d8c59 (type: networks) to 1
2026-06-12 04:26:32.766 8 WARNING neutron.scheduler.dhcp_agent_scheduler [None req-1ed5ba6e-fc50-4fa4-8d35-e5732d0b0869 c49e8a78432a4b33a647b7bd4e3eec14 4dab5ab0fb0b411d982f6887b732a3ff - - default default] No more DHCP agents
2026-06-12 04:26:32.767 8 WARNING neutron.api.rpc.agentnotifiers.dhcp_rpc_agent_api [None req-1ed5ba6e-fc50-4fa4-8d35-e5732d0b0869 c49e8a78432a4b33a647b7bd4e3eec14 4dab5ab0fb0b411d982f6887b732a3ff - - default default] Unable to schedule network 7035c15f-207a-4f8d-998f-4bc8ce7d127b: no agents available; will retry on subsequent port and subnet creation events.
2026-06-12 04:26:32.895 8 INFO neutron.plugins.ml2.drivers.ovn.mech_driver.mech_driver [None req-8b3cfab2-afa5-476f-8d24-ef1bbe0ec9fa - - - - - -] OVN reports status down for port: eae344eb-9c35-40f9-91d3-229f210243b2
2026-06-12 04:26:32.969 8 INFO neutron.db.ovn_revision_numbers_db [None req-1ed5ba6e-fc50-4fa4-8d35-e5732d0b0869 c49e8a78432a4b33a647b7bd4e3eec14 4dab5ab0fb0b411d982f6887b732a3ff - - default default] Successfully bumped revision number for resource eae344eb-9c35-40f9-91d3-229f210243b2 (type: ports) to 1
2026-06-12 04:26:32.975 7 WARNING neutron.scheduler.dhcp_agent_scheduler [None req-31968e73-e8cd-4aae-bc02-d4f39f891efe 425e43dedc064578aa184d569f32df4e 2b7f498906b8464882f94ab85a993142 - - default default] No more DHCP agents
2026-06-12 04:26:32.977 7 WARNING neutron.api.rpc.agentnotifiers.dhcp_rpc_agent_api [None req-31968e73-e8cd-4aae-bc02-d4f39f891efe 425e43dedc064578aa184d569f32df4e 2b7f498906b8464882f94ab85a993142 - - default default] Unable to schedule network 17f1d526-d5f1-4757-a2f1-030fe77d8c59: no agents available; will retry on subsequent port and subnet creation events.
2026-06-12 04:26:33.105 8 INFO neutron.plugins.ml2.drivers.ovn.mech_driver.mech_driver [None req-8b3cfab2-afa5-476f-8d24-ef1bbe0ec9fa - - - - - -] OVN reports status down for port: e6e1b88b-ddf3-44a6-ace3-815ad9c48cdb
2026-06-12 04:26:33.113 7 INFO neutron.db.ovn_revision_numbers_db [None req-31968e73-e8cd-4aae-bc02-d4f39f891efe 425e43dedc064578aa184d569f32df4e 2b7f498906b8464882f94ab85a993142 - - default default] Successfully bumped revision number for resource e6e1b88b-ddf3-44a6-ace3-815ad9c48cdb (type: ports) to 1 [pid: 7|app: 0|req: 965/2080] 10.0.0.5 () {34 vars in 667 bytes} [Fri Jun 12 04:26:32 2026] POST /v2.0/networks => generated 668 bytes in 808 msecs (HTTP/1.1 201) 4 headers in 162 bytes (1 switches on core 0) [pid: 7|app: 0|req: 966/2081] 199.204.45.109 () {34 vars in 985 bytes} [Fri Jun 12 04:26:33 2026] GET /v2.0/networks?id=0828d35e-66db-4fe8-ab0a-a795bf76036f => generated 798 bytes in 66 msecs (HTTP/1.1 200) 4 headers in 157 bytes (1 switches on core 0)
2026-06-12 04:26:33.639 7 INFO neutron.db.ovn_revision_numbers_db [None req-313c3d0d-2811-40fa-863a-0c38cb5cea18 - - - - - -] Successfully bumped revision number for resource c361e1c8-b641-43e1-9d5a-796d10bf0734 (type: ports) to 4
2026-06-12 04:26:33.737 8 INFO neutron.plugins.ml2.drivers.ovn.mech_driver.mech_driver [None req-8b3cfab2-afa5-476f-8d24-ef1bbe0ec9fa - - - - - -] OVN reports status up for port: eae344eb-9c35-40f9-91d3-229f210243b2
2026-06-12 04:26:33.773 8 INFO neutron.plugins.ml2.plugin [None req-8b3cfab2-afa5-476f-8d24-ef1bbe0ec9fa - - - - - -] Attempt 1 to provision port eae344eb-9c35-40f9-91d3-229f210243b2
2026-06-12 04:26:33.899 8 WARNING neutron.scheduler.dhcp_agent_scheduler [None req-1ed5ba6e-fc50-4fa4-8d35-e5732d0b0869 c49e8a78432a4b33a647b7bd4e3eec14 4dab5ab0fb0b411d982f6887b732a3ff - - default default] No more DHCP agents
2026-06-12 04:26:33.904 8 WARNING neutron.api.rpc.agentnotifiers.dhcp_rpc_agent_api [None req-1ed5ba6e-fc50-4fa4-8d35-e5732d0b0869 c49e8a78432a4b33a647b7bd4e3eec14 4dab5ab0fb0b411d982f6887b732a3ff - - default default] Unable to schedule network 7035c15f-207a-4f8d-998f-4bc8ce7d127b: no agents available; will retry on subsequent port and subnet creation events.
2026-06-12 04:26:34.002 7 WARNING neutron.scheduler.dhcp_agent_scheduler [None req-115db3f1-ee67-422e-817c-7e9d516b8846 425e43dedc064578aa184d569f32df4e 2b7f498906b8464882f94ab85a993142 - - default default] No more DHCP agents
2026-06-12 04:26:34.006 7 WARNING neutron.api.rpc.agentnotifiers.dhcp_rpc_agent_api [None req-115db3f1-ee67-422e-817c-7e9d516b8846 425e43dedc064578aa184d569f32df4e 2b7f498906b8464882f94ab85a993142 - - default default] Unable to schedule network faf1246f-a2fd-46f4-8c7b-6a81ef07c0f4: no agents available; will retry on subsequent port and subnet creation events.
2026-06-12 04:26:34.175 7 INFO neutron.db.ovn_revision_numbers_db [None req-115db3f1-ee67-422e-817c-7e9d516b8846 425e43dedc064578aa184d569f32df4e 2b7f498906b8464882f94ab85a993142 - - default default] Successfully bumped revision number for resource 9c878fe8-4be5-4f16-a4c3-0b14db090891 (type: ports) to 1
2026-06-12 04:26:34.250 7 INFO neutron.db.ovn_revision_numbers_db [None req-313c3d0d-2811-40fa-863a-0c38cb5cea18 - - - - - -] Successfully bumped revision number for resource c361e1c8-b641-43e1-9d5a-796d10bf0734 (type: ports) to 5
2026-06-12 04:26:34.293 7 WARNING neutron.scheduler.dhcp_agent_scheduler [None req-115db3f1-ee67-422e-817c-7e9d516b8846 425e43dedc064578aa184d569f32df4e 2b7f498906b8464882f94ab85a993142 - - default default] No more DHCP agents
2026-06-12 04:26:34.295 7 WARNING neutron.api.rpc.agentnotifiers.dhcp_rpc_agent_api [None req-115db3f1-ee67-422e-817c-7e9d516b8846 425e43dedc064578aa184d569f32df4e 2b7f498906b8464882f94ab85a993142 - - default default] Unable to schedule network 17f1d526-d5f1-4757-a2f1-030fe77d8c59: no agents available; will retry on subsequent port and subnet creation events.
2026-06-12 04:26:34.428 7 INFO neutron.db.ovn_revision_numbers_db [None req-115db3f1-ee67-422e-817c-7e9d516b8846 425e43dedc064578aa184d569f32df4e 2b7f498906b8464882f94ab85a993142 - - default default] Successfully bumped revision number for resource 3ef89579-b143-417c-96a8-0a7c7799109e (type: ports) to 1
2026-06-12 04:26:34.528 7 INFO neutron.plugins.ml2.drivers.ovn.mech_driver.mech_driver [None req-bfa677bb-739b-4225-b7b0-01b3fe998467 - - - - - -] OVN reports status down for port: 9c878fe8-4be5-4f16-a4c3-0b14db090891
2026-06-12 04:26:34.538 8 INFO neutron.db.ovn_revision_numbers_db [None req-8b3cfab2-afa5-476f-8d24-ef1bbe0ec9fa - - - - - -] Successfully bumped revision number for resource eae344eb-9c35-40f9-91d3-229f210243b2 (type: ports) to 2 [pid: 7|app: 0|req: 969/2084] 10.0.0.5 () {34 vars in 662 bytes} [Fri Jun 12 04:26:33 2026] POST /v2.0/ports => generated 1505 bytes in 1322 msecs (HTTP/1.1 201) 4 headers in 163 bytes (1 switches on core 0) /var/lib/openstack/lib/python3.12/site-packages/pycadf/identifier.py:70: UserWarning: Invalid uuid: neutron. To ensure interoperability, identifiers should be a valid uuid. warnings.warn(('Invalid uuid: %s. To ensure interoperability, ' [pid: 7|app: 0|req: 970/2085] 199.204.45.109 () {34 vars in 1057 bytes} [Fri Jun 12 04:26:34 2026] GET /v2.0/floatingips?fixed_ip_address=10.100.0.8&port_id=90ef9832-6639-4059-98e5-5e74d79cb4b9 => generated 860 bytes in 61 msecs (HTTP/1.1 200) 4 headers in 157 bytes (1 switches on core 0) [pid: 7|app: 0|req: 971/2086] 10.0.0.5 () {32 vars in 640 bytes} [Fri Jun 12 04:26:34 2026] GET /v2.0/ports => generated 3017 bytes in 49 msecs (HTTP/1.1 200) 4 headers in 158 bytes (1 switches on core 0) [pid: 7|app: 0|req: 972/2087] 199.204.45.109 () {34 vars in 983 bytes} [Fri Jun 12 04:26:34 2026] GET /v2.0/subnets?id=ac7c003e-f891-4ff7-ac91-de34c3cd13dc => generated 677 bytes in 22 msecs (HTTP/1.1 200) 4 headers in 157 bytes (1 switches on core 0)
2026-06-12 04:26:34.831 7 INFO neutron_taas.services.taas.taas_plugin [None req-4f42131e-47c7-4dfe-aca4-68b71b1704b2 425e43dedc064578aa184d569f32df4e 2b7f498906b8464882f94ab85a993142 - - default default] TaaS: Handle Delete Port: 9c878fe8-4be5-4f16-a4c3-0b14db090891
2026-06-12 04:26:34.833 7 INFO neutron_taas.services.taas.tap_mirror_plugin [None req-4f42131e-47c7-4dfe-aca4-68b71b1704b2 425e43dedc064578aa184d569f32df4e 2b7f498906b8464882f94ab85a993142 - - default default] Tap Mirror: Handle Delete Port: 9c878fe8-4be5-4f16-a4c3-0b14db090891
2026-06-12 04:26:34.844 8 INFO neutron.db.ovn_revision_numbers_db [None req-1ed5ba6e-fc50-4fa4-8d35-e5732d0b0869 c49e8a78432a4b33a647b7bd4e3eec14 4dab5ab0fb0b411d982f6887b732a3ff - - default default] Successfully bumped revision number for resource eae344eb-9c35-40f9-91d3-229f210243b2 (type: router_ports) to 1 [pid: 8|app: 0|req: 1116/2088] 10.0.0.5 () {34 vars in 780 bytes} [Fri Jun 12 04:26:32 2026] PUT /v2.0/routers/926dc29f-d631-41bd-a4e7-9daa1828dd11/add_router_interface => generated 309 bytes in 2490 msecs (HTTP/1.1 200) 4 headers in 157 bytes (1 switches on core 0) [pid: 8|app: 0|req: 1117/2089] 199.204.45.109 () {34 vars in 1051 bytes} [Fri Jun 12 04:26:34 2026] GET /v2.0/ports?network_id=0828d35e-66db-4fe8-ab0a-a795bf76036f&device_owner=network%3Adhcp => generated 12 bytes in 18 msecs (HTTP/1.1 200) 4 headers in 156 bytes (1 switches on core 0) [pid: 8|app: 0|req: 1118/2090] 199.204.45.109 () {34 vars in 1011 bytes} [Fri Jun 12 04:26:34 2026] GET /v2.0/networks/0828d35e-66db-4fe8-ab0a-a795bf76036f?fields=segments => generated 14 bytes in 55 msecs (HTTP/1.1 200) 4 headers in 156 bytes (1 switches on core 0) [pid: 7|app: 0|req: 973/2091] 10.0.0.5 () {32 vars in 717 bytes} [Fri Jun 12 04:26:34 2026] DELETE /v2.0/ports/9c878fe8-4be5-4f16-a4c3-0b14db090891 => generated 0 bytes in 296 msecs (HTTP/1.1 204) 3 headers in 131 bytes (1 switches on core 0) [pid: 8|app: 0|req: 1119/2092] 199.204.45.109 () {34 vars in 1111 bytes} [Fri Jun 12 04:26:34 2026] GET /v2.0/networks/0828d35e-66db-4fe8-ab0a-a795bf76036f?fields=provider%3Aphysical_network&fields=provider%3Anetwork_type => generated 79 bytes in 77 msecs (HTTP/1.1 200) 4 headers in 156 bytes (1 switches on core 0)
2026-06-12 04:26:35.127 7 INFO neutron_taas.services.taas.taas_plugin [None req-b2c35665-7bd8-40cd-842c-92c3f498417d 425e43dedc064578aa184d569f32df4e 2b7f498906b8464882f94ab85a993142 - - default default] TaaS: Handle Delete Port: 3ef89579-b143-417c-96a8-0a7c7799109e
2026-06-12 04:26:35.131 7 INFO neutron_taas.services.taas.tap_mirror_plugin [None req-b2c35665-7bd8-40cd-842c-92c3f498417d 425e43dedc064578aa184d569f32df4e 2b7f498906b8464882f94ab85a993142 - - default default] Tap Mirror: Handle Delete Port: 3ef89579-b143-417c-96a8-0a7c7799109e [pid: 7|app: 0|req: 974/2093] 10.0.0.5 () {32 vars in 717 bytes} [Fri Jun 12 04:26:34 2026] DELETE /v2.0/ports/3ef89579-b143-417c-96a8-0a7c7799109e => generated 0 bytes in 241 msecs (HTTP/1.1 204) 3 headers in 131 bytes (1 switches on core 0) [pid: 8|app: 0|req: 1120/2094] 10.0.0.5 () {32 vars in 640 bytes} [Fri Jun 12 04:26:35 2026] GET /v2.0/ports => generated 1523 bytes in 107 msecs (HTTP/1.1 200) 4 headers in 158 bytes (1 switches on core 0)
2026-06-12 04:26:35.455 7 INFO neutron.db.segments_db [None req-0d40a47f-bef8-4938-a8d4-560e9fd220a4 425e43dedc064578aa184d569f32df4e 2b7f498906b8464882f94ab85a993142 - - default default] Added segment 8b5d8736-f374-4470-af82-2be04b7fc650 of type geneve for network b7691e13-dc6f-4415-b1a0-ee13e2ea72b2
2026-06-12 04:26:35.570 7 INFO neutron.db.ovn_revision_numbers_db [None req-0d40a47f-bef8-4938-a8d4-560e9fd220a4 425e43dedc064578aa184d569f32df4e 2b7f498906b8464882f94ab85a993142 - - default default] Successfully bumped revision number for resource b7691e13-dc6f-4415-b1a0-ee13e2ea72b2 (type: networks) to 1
2026-06-12 04:26:35.724 7 WARNING neutron.scheduler.dhcp_agent_scheduler [None req-0d40a47f-bef8-4938-a8d4-560e9fd220a4 425e43dedc064578aa184d569f32df4e 2b7f498906b8464882f94ab85a993142 - - default default] No more DHCP agents
2026-06-12 04:26:35.725 7 WARNING neutron.api.rpc.agentnotifiers.dhcp_rpc_agent_api [None req-0d40a47f-bef8-4938-a8d4-560e9fd220a4 425e43dedc064578aa184d569f32df4e 2b7f498906b8464882f94ab85a993142 - - default default] Unable to schedule network b7691e13-dc6f-4415-b1a0-ee13e2ea72b2: no agents available; will retry on subsequent port and subnet creation events.
2026-06-12 04:26:35.780 7 INFO neutron.plugins.ml2.drivers.ovn.mech_driver.mech_driver [None req-bfa677bb-739b-4225-b7b0-01b3fe998467 - - - - - -] OVN reports status down for port: e6dd7277-aa51-4615-aa21-13297015697a
2026-06-12 04:26:35.832 8 WARNING neutron.scheduler.dhcp_agent_scheduler [None req-42b06e94-0887-4093-8165-c09a4673426d 4311754233b44f6484903c9dbca454e1 a7debc3abcb14dacbe41ee3e36917ad9 - - default default] No more DHCP agents
2026-06-12 04:26:35.833 8 WARNING neutron.api.rpc.agentnotifiers.dhcp_rpc_agent_api [None req-42b06e94-0887-4093-8165-c09a4673426d 4311754233b44f6484903c9dbca454e1 a7debc3abcb14dacbe41ee3e36917ad9 - - default default] Unable to schedule network cdc51ee5-f40b-4795-bac3-92cefd49ba1e: no agents available; will retry on subsequent port and subnet creation events.
2026-06-12 04:26:35.842 7 INFO neutron.db.ovn_revision_numbers_db [None req-0d40a47f-bef8-4938-a8d4-560e9fd220a4 425e43dedc064578aa184d569f32df4e 2b7f498906b8464882f94ab85a993142 - - default default] Successfully bumped revision number for resource e6dd7277-aa51-4615-aa21-13297015697a (type: ports) to 1 [pid: 7|app: 0|req: 975/2095] 10.0.0.5 () {34 vars in 667 bytes} [Fri Jun 12 04:26:35 2026] POST /v2.0/networks => generated 669 bytes in 520 msecs (HTTP/1.1 201) 4 headers in 162 bytes (1 switches on core 0)
2026-06-12 04:26:35.995 7 INFO neutron.db.segments_db [None req-33f700d3-7fce-4ddc-8ffd-1068802e75da 425e43dedc064578aa184d569f32df4e 2b7f498906b8464882f94ab85a993142 - - default default] Added segment 1694af35-db99-49da-af19-206b72834a66 of type geneve for network 88fe1926-e3be-4476-b0fd-3f762c0d045e
2026-06-12 04:26:36.111 7 INFO neutron.db.ovn_revision_numbers_db [None req-33f700d3-7fce-4ddc-8ffd-1068802e75da 425e43dedc064578aa184d569f32df4e 2b7f498906b8464882f94ab85a993142 - - default default] Successfully bumped revision number for resource 88fe1926-e3be-4476-b0fd-3f762c0d045e (type: networks) to 1 [pid: 8|app: 0|req: 1121/2096] 10.0.0.5 () {34 vars in 673 bytes} [Fri Jun 12 04:26:35 2026] POST /v2.0/floatingips => generated 552 bytes in 724 msecs (HTTP/1.1 201) 4 headers in 162 bytes (1 switches on core 0)
2026-06-12 04:26:36.297 8 INFO neutron.db.ovn_revision_numbers_db [None req-4fd6eaad-7c23-41a2-9b99-9289230283a1 c49e8a78432a4b33a647b7bd4e3eec14 4dab5ab0fb0b411d982f6887b732a3ff - - default default] Successfully bumped revision number for resource a306ed46-fcaa-43d8-9115-47c7dea6d0f9 (type: security_groups) to 1
2026-06-12 04:26:36.302 7 WARNING neutron.scheduler.dhcp_agent_scheduler [None req-33f700d3-7fce-4ddc-8ffd-1068802e75da 425e43dedc064578aa184d569f32df4e 2b7f498906b8464882f94ab85a993142 - - default default] No more DHCP agents
2026-06-12 04:26:36.304 7 WARNING neutron.api.rpc.agentnotifiers.dhcp_rpc_agent_api [None req-33f700d3-7fce-4ddc-8ffd-1068802e75da 425e43dedc064578aa184d569f32df4e 2b7f498906b8464882f94ab85a993142 - - default default] Unable to schedule network 88fe1926-e3be-4476-b0fd-3f762c0d045e: no agents available; will retry on subsequent port and subnet creation events.
2026-06-12 04:26:36.312 8 INFO neutron.db.ovn_revision_numbers_db [None req-4fd6eaad-7c23-41a2-9b99-9289230283a1 c49e8a78432a4b33a647b7bd4e3eec14 4dab5ab0fb0b411d982f6887b732a3ff - - default default] Successfully bumped revision number for resource 28cc4850-e74a-4808-9497-c57e9647c0a0 (type: security_group_rules) to 0
2026-06-12 04:26:36.326 8 INFO neutron.db.ovn_revision_numbers_db [None req-4fd6eaad-7c23-41a2-9b99-9289230283a1 c49e8a78432a4b33a647b7bd4e3eec14 4dab5ab0fb0b411d982f6887b732a3ff - - default default] Successfully bumped revision number for resource 6fa1ef96-5d7d-452f-8fe1-92be2d85263d (type: security_group_rules) to 0
2026-06-12 04:26:36.342 8 INFO neutron.db.ovn_revision_numbers_db [None req-4fd6eaad-7c23-41a2-9b99-9289230283a1 c49e8a78432a4b33a647b7bd4e3eec14 4dab5ab0fb0b411d982f6887b732a3ff - - default default] Successfully bumped revision number for resource ab372d6d-2432-4fd1-a389-a1019ba70af7 (type: security_group_rules) to 0
2026-06-12 04:26:36.376 8 INFO neutron.db.ovn_revision_numbers_db [None req-4fd6eaad-7c23-41a2-9b99-9289230283a1 c49e8a78432a4b33a647b7bd4e3eec14 4dab5ab0fb0b411d982f6887b732a3ff - - default default] Successfully bumped revision number for resource e5958cc5-35a3-4253-b0a1-47b3913fd374 (type: security_group_rules) to 0
2026-06-12 04:26:36.399 7 INFO neutron.db.ovn_revision_numbers_db [None req-33f700d3-7fce-4ddc-8ffd-1068802e75da 425e43dedc064578aa184d569f32df4e 2b7f498906b8464882f94ab85a993142 - - default default] Successfully bumped revision number for resource 8d603d96-abd2-4545-91c8-5109877e20d0 (type: ports) to 1 [pid: 7|app: 0|req: 976/2097] 10.0.0.5 () {34 vars in 667 bytes} [Fri Jun 12 04:26:35 2026] POST /v2.0/networks => generated 668 bytes in 535 msecs (HTTP/1.1 201) 4 headers in 162 bytes (1 switches on core 0)
2026-06-12 04:26:36.461 8 INFO neutron.db.segments_db [None req-4fd6eaad-7c23-41a2-9b99-9289230283a1 c49e8a78432a4b33a647b7bd4e3eec14 4dab5ab0fb0b411d982f6887b732a3ff - - default default] Added segment cb71f02e-7b86-436e-8640-0e0b1ae1992f of type geneve for network c1332d32-6f1f-47af-ac50-3b3c6c3a2f0c [pid: 7|app: 0|req: 977/2098] 10.0.0.5 () {34 vars in 756 bytes} [Fri Jun 12 04:26:36 2026] PUT /v2.0/floatingips/4cadf721-f1bc-485b-a3b3-ee70a0f3db40/tags => generated 25 bytes in 69 msecs (HTTP/1.1 200) 4 headers in 156 bytes (1 switches on core 0)
2026-06-12 04:26:36.577 8 INFO neutron.db.ovn_revision_numbers_db [None req-4fd6eaad-7c23-41a2-9b99-9289230283a1 c49e8a78432a4b33a647b7bd4e3eec14 4dab5ab0fb0b411d982f6887b732a3ff - - default default] Successfully bumped revision number for resource c1332d32-6f1f-47af-ac50-3b3c6c3a2f0c (type: networks) to 1
2026-06-12 04:26:36.719 8 WARNING neutron.scheduler.dhcp_agent_scheduler [None req-4fd6eaad-7c23-41a2-9b99-9289230283a1 c49e8a78432a4b33a647b7bd4e3eec14 4dab5ab0fb0b411d982f6887b732a3ff - - default default] No more DHCP agents
2026-06-12 04:26:36.720 8 WARNING neutron.api.rpc.agentnotifiers.dhcp_rpc_agent_api [None req-4fd6eaad-7c23-41a2-9b99-9289230283a1 c49e8a78432a4b33a647b7bd4e3eec14 4dab5ab0fb0b411d982f6887b732a3ff - - default default] Unable to schedule network c1332d32-6f1f-47af-ac50-3b3c6c3a2f0c: no agents available; will retry on subsequent port and subnet creation events.
2026-06-12 04:26:36.810 8 INFO neutron.db.ovn_revision_numbers_db [None req-4fd6eaad-7c23-41a2-9b99-9289230283a1 c49e8a78432a4b33a647b7bd4e3eec14 4dab5ab0fb0b411d982f6887b732a3ff - - default default] Successfully bumped revision number for resource b52f984f-fbee-4cc0-a844-c2b8f1c1c8b0 (type: ports) to 1 [pid: 8|app: 0|req: 1122/2099] 10.0.0.5 () {34 vars in 668 bytes} [Fri Jun 12 04:26:36 2026] POST /v2.0/networks => generated 762 bytes in 709 msecs (HTTP/1.1 201) 4 headers in 162 bytes (1 switches on core 0)
2026-06-12 04:26:36.836 7 WARNING neutron.scheduler.dhcp_agent_scheduler [None req-29f69178-3fbf-4056-9941-95d57dbbd3cc 425e43dedc064578aa184d569f32df4e 2b7f498906b8464882f94ab85a993142 - - default default] No more DHCP agents
2026-06-12 04:26:36.838 7 WARNING neutron.api.rpc.agentnotifiers.dhcp_rpc_agent_api [None req-29f69178-3fbf-4056-9941-95d57dbbd3cc 425e43dedc064578aa184d569f32df4e 2b7f498906b8464882f94ab85a993142 - - default default] Unable to schedule network b7691e13-dc6f-4415-b1a0-ee13e2ea72b2: no agents available; will retry on subsequent port and subnet creation events. [pid: 8|app: 0|req: 1123/2100] 10.0.0.5 () {32 vars in 736 bytes} [Fri Jun 12 04:26:36 2026] GET /v2.0/floatingips/4cadf721-f1bc-485b-a3b3-ee70a0f3db40/tags => generated 25 bytes in 95 msecs (HTTP/1.1 200) 4 headers in 156 bytes (1 switches on core 0)
2026-06-12 04:26:37.073 8 WARNING neutron.scheduler.dhcp_agent_scheduler [None req-4fdb6ae5-4a24-4094-9893-608ed0fcaf9f c49e8a78432a4b33a647b7bd4e3eec14 4dab5ab0fb0b411d982f6887b732a3ff - - default default] No more DHCP agents
2026-06-12 04:26:37.074 8 WARNING neutron.api.rpc.agentnotifiers.dhcp_rpc_agent_api [None req-4fdb6ae5-4a24-4094-9893-608ed0fcaf9f c49e8a78432a4b33a647b7bd4e3eec14 4dab5ab0fb0b411d982f6887b732a3ff - - default default] Unable to schedule network c1332d32-6f1f-47af-ac50-3b3c6c3a2f0c: no agents available; will retry on subsequent port and subnet creation events.
2026-06-12 04:26:37.311 7 INFO neutron.db.ovn_revision_numbers_db [None req-346ab79c-25b4-45bd-9e2e-0e17ec8c443e - - - - - -] Successfully bumped revision number for resource e6dd7277-aa51-4615-aa21-13297015697a (type: ports) to 2
2026-06-12 04:26:37.362 7 INFO neutron.db.ovn_revision_numbers_db [None req-346ab79c-25b4-45bd-9e2e-0e17ec8c443e - - - - - -] Successfully bumped revision number for resource bceda1d1-1418-4324-86bc-1de54c48d38a (type: subnets) to 0
2026-06-12 04:26:37.390 7 WARNING neutron.scheduler.dhcp_agent_scheduler [None req-29f69178-3fbf-4056-9941-95d57dbbd3cc 425e43dedc064578aa184d569f32df4e 2b7f498906b8464882f94ab85a993142 - - default default] No more DHCP agents
2026-06-12 04:26:37.391 7 WARNING neutron.api.rpc.agentnotifiers.dhcp_rpc_agent_api [None req-29f69178-3fbf-4056-9941-95d57dbbd3cc 425e43dedc064578aa184d569f32df4e 2b7f498906b8464882f94ab85a993142 - - default default] Unable to schedule network 88fe1926-e3be-4476-b0fd-3f762c0d045e: no agents available; will retry on subsequent port and subnet creation events.
2026-06-12 04:26:37.553 8 INFO neutron.db.ovn_revision_numbers_db [None req-11c3e104-006b-41dd-b11c-9a7f10bc9e40 - - - - - -] Successfully bumped revision number for resource b52f984f-fbee-4cc0-a844-c2b8f1c1c8b0 (type: ports) to 2
2026-06-12 04:26:37.579 8 INFO neutron.db.ovn_revision_numbers_db [None req-11c3e104-006b-41dd-b11c-9a7f10bc9e40 - - - - - -] Successfully bumped revision number for resource 8eee055c-e802-46df-8a21-a86cf991374e (type: subnets) to 0 [pid: 8|app: 0|req: 1124/2101] 10.0.0.5 () {34 vars in 666 bytes} [Fri Jun 12 04:26:36 2026] POST /v2.0/subnets => generated 687 bytes in 662 msecs (HTTP/1.1 201) 4 headers in 162 bytes (1 switches on core 0) [pid: 8|app: 0|req: 1125/2102] 10.0.0.5 () {34 vars in 767 bytes} [Fri Jun 12 04:26:37 2026] PUT /v2.0/floatingips/4cadf721-f1bc-485b-a3b3-ee70a0f3db40/tags/green => generated 4 bytes in 51 msecs (HTTP/1.1 201) 4 headers in 160 bytes (1 switches on core 0)
2026-06-12 04:26:37.851 7 INFO neutron.db.ovn_revision_numbers_db [None req-c6d8616b-bcc2-478a-8e98-d26fa86fc93c - - - - - -] Successfully bumped revision number for resource 8d603d96-abd2-4545-91c8-5109877e20d0 (type: ports) to 2
