2026-05-06 15:32:36.219 7 INFO neutron.plugins.ml2.drivers.ovn.mech_driver.mech_driver [None req-7bf2d68a-1fb7-4821-ad58-a27077624ac2 - - - - - -] OVN reports status down for port: 88eb2f59-7be6-441a-8815-5ed118e44ad3 [pid: 8|app: 0|req: 794/1482] 10.0.0.33 () {34 vars in 664 bytes} [Wed May 6 15:32:35 2026] POST /v2.0/ports => generated 775 bytes in 366 msecs (HTTP/1.1 201) 4 headers in 162 bytes (1 switches on core 0) /var/lib/openstack/lib/python3.12/site-packages/pycadf/identifier.py:70: UserWarning: Invalid uuid: neutron. To ensure interoperability, identifiers should be a valid uuid. warnings.warn(('Invalid uuid: %s. To ensure interoperability, ' [pid: 8|app: 0|req: 795/1483] 10.0.0.33 () {32 vars in 672 bytes} [Wed May 6 15:32:36 2026] GET /v2.0/security-group-rules => generated 4138 bytes in 69 msecs (HTTP/1.1 200) 4 headers in 158 bytes (1 switches on core 0)
2026-05-06 15:32:36.368 7 WARNING neutron.scheduler.dhcp_agent_scheduler [None req-226bba83-1802-40db-a934-b7b6e0d45474 8e89cf70b7ab49ae918991ec7b09f5da 2782134ad02c461191044a18eeae2462 - - default default] No more DHCP agents
2026-05-06 15:32:36.369 7 WARNING neutron.api.rpc.agentnotifiers.dhcp_rpc_agent_api [None req-226bba83-1802-40db-a934-b7b6e0d45474 8e89cf70b7ab49ae918991ec7b09f5da 2782134ad02c461191044a18eeae2462 - - default default] Unable to schedule network 5d84d965-9fc8-4f77-8134-18da0f68b27a: no agents available; will retry on subsequent port and subnet creation events.
2026-05-06 15:32:36.375 8 INFO neutron.db.segments_db [None req-8336de21-6515-42e0-8f62-db4d08174e32 963ec6f418c146d6a7762b1ace84f169 d1fbb0dd3c3c447eafdcfb7753400e69 - - default default] Added segment 999e09bb-4211-4b05-a66c-31efde8c7965 of type geneve for network 2e1bdb4a-2210-4fd0-a2a7-062bbeb605fc
2026-05-06 15:32:36.456 8 INFO neutron.db.ovn_revision_numbers_db [None req-8336de21-6515-42e0-8f62-db4d08174e32 963ec6f418c146d6a7762b1ace84f169 d1fbb0dd3c3c447eafdcfb7753400e69 - - default default] Successfully bumped revision number for resource 2e1bdb4a-2210-4fd0-a2a7-062bbeb605fc (type: networks) to 1
2026-05-06 15:32:36.601 8 WARNING neutron.scheduler.dhcp_agent_scheduler [None req-8336de21-6515-42e0-8f62-db4d08174e32 963ec6f418c146d6a7762b1ace84f169 d1fbb0dd3c3c447eafdcfb7753400e69 - - default default] No more DHCP agents
2026-05-06 15:32:36.602 8 WARNING neutron.api.rpc.agentnotifiers.dhcp_rpc_agent_api [None req-8336de21-6515-42e0-8f62-db4d08174e32 963ec6f418c146d6a7762b1ace84f169 d1fbb0dd3c3c447eafdcfb7753400e69 - - default default] Unable to schedule network 2e1bdb4a-2210-4fd0-a2a7-062bbeb605fc: no agents available; will retry on subsequent port and subnet creation events.
2026-05-06 15:32:36.653 8 INFO neutron.plugins.ml2.drivers.ovn.mech_driver.mech_driver [None req-b6299d09-76fd-4e0c-ad83-135fe6ba74f6 - - - - - -] OVN reports status down for port: f6dca370-4b9a-4fbe-9a4c-b7798e0f87ad
2026-05-06 15:32:36.709 8 INFO neutron.db.ovn_revision_numbers_db [None req-8336de21-6515-42e0-8f62-db4d08174e32 963ec6f418c146d6a7762b1ace84f169 d1fbb0dd3c3c447eafdcfb7753400e69 - - default default] Successfully bumped revision number for resource f6dca370-4b9a-4fbe-9a4c-b7798e0f87ad (type: ports) to 1 [pid: 8|app: 0|req: 796/1484] 10.0.0.33 () {34 vars in 669 bytes} [Wed May 6 15:32:36 2026] POST /v2.0/networks => generated 670 bytes in 446 msecs (HTTP/1.1 201) 4 headers in 162 bytes (1 switches on core 0) [pid: 8|app: 0|req: 797/1485] 10.0.0.33 () {32 vars in 749 bytes} [Wed May 6 15:32:36 2026] DELETE /v2.0/security-group-rules/f667b834-5d31-42f5-9653-b18fab3675e6 => generated 0 bytes in 118 msecs (HTTP/1.1 204) 2 headers in 112 bytes (1 switches on core 0)
2026-05-06 15:32:36.877 7 INFO neutron.db.ovn_revision_numbers_db [None req-226bba83-1802-40db-a934-b7b6e0d45474 8e89cf70b7ab49ae918991ec7b09f5da 2782134ad02c461191044a18eeae2462 - - default default] Successfully bumped revision number for resource 6333c968-7013-46c7-a530-7c814185edbb (type: ports) to 2
2026-05-06 15:32:36.912 7 INFO neutron.db.ovn_revision_numbers_db [None req-226bba83-1802-40db-a934-b7b6e0d45474 8e89cf70b7ab49ae918991ec7b09f5da 2782134ad02c461191044a18eeae2462 - - default default] Successfully bumped revision number for resource fa53c458-985c-4a0c-8e61-8156e6c64081 (type: subnets) to 0 [pid: 7|app: 0|req: 689/1486] 10.0.0.33 () {34 vars in 668 bytes} [Wed May 6 15:32:36 2026] POST /v2.0/subnets => generated 691 bytes in 741 msecs (HTTP/1.1 201) 4 headers in 162 bytes (1 switches on core 0)
2026-05-06 15:32:37.119 7 WARNING neutron.scheduler.dhcp_agent_scheduler [None req-435f2615-215a-4d5b-9d18-c614c8edc974 963ec6f418c146d6a7762b1ace84f169 d1fbb0dd3c3c447eafdcfb7753400e69 - - default default] No more DHCP agents
2026-05-06 15:32:37.120 7 WARNING neutron.api.rpc.agentnotifiers.dhcp_rpc_agent_api [None req-435f2615-215a-4d5b-9d18-c614c8edc974 963ec6f418c146d6a7762b1ace84f169 d1fbb0dd3c3c447eafdcfb7753400e69 - - default default] Unable to schedule network 2e1bdb4a-2210-4fd0-a2a7-062bbeb605fc: no agents available; will retry on subsequent port and subnet creation events.
2026-05-06 15:32:37.128 8 WARNING neutron.scheduler.dhcp_agent_scheduler [None req-dd546a54-c21b-4917-a77d-ea4941e08b43 2e16db0728e042e2a8a5c319c84b38ce 82e952d5e22849d2beae602ff6c12857 - - default default] No more DHCP agents
2026-05-06 15:32:37.129 8 WARNING neutron.api.rpc.agentnotifiers.dhcp_rpc_agent_api [None req-dd546a54-c21b-4917-a77d-ea4941e08b43 2e16db0728e042e2a8a5c319c84b38ce 82e952d5e22849d2beae602ff6c12857 - - default default] Unable to schedule network bc394b19-e026-4542-b342-6cd6597eddc5: no agents available; will retry on subsequent port and subnet creation events. [pid: 8|app: 0|req: 798/1487] 10.0.0.33 () {34 vars in 675 bytes} [Wed May 6 15:32:36 2026] POST /v2.0/floatingips => generated 552 bytes in 517 msecs (HTTP/1.1 201) 4 headers in 162 bytes (1 switches on core 0) [pid: 8|app: 0|req: 799/1488] 10.0.0.33 () {32 vars in 672 bytes} [Wed May 6 15:32:37 2026] GET /v2.0/security-group-rules => generated 3560 bytes in 50 msecs (HTTP/1.1 200) 4 headers in 158 bytes (1 switches on core 0)
2026-05-06 15:32:37.576 7 INFO neutron.db.ovn_revision_numbers_db [None req-435f2615-215a-4d5b-9d18-c614c8edc974 963ec6f418c146d6a7762b1ace84f169 d1fbb0dd3c3c447eafdcfb7753400e69 - - default default] Successfully bumped revision number for resource f6dca370-4b9a-4fbe-9a4c-b7798e0f87ad (type: ports) to 2
2026-05-06 15:32:37.604 7 INFO neutron.db.ovn_revision_numbers_db [None req-435f2615-215a-4d5b-9d18-c614c8edc974 963ec6f418c146d6a7762b1ace84f169 d1fbb0dd3c3c447eafdcfb7753400e69 - - default default] Successfully bumped revision number for resource b4312038-5f4c-479a-8706-e90ddd024ea7 (type: subnets) to 0 [pid: 7|app: 0|req: 690/1489] 10.0.0.33 () {34 vars in 668 bytes} [Wed May 6 15:32:36 2026] POST /v2.0/subnets => generated 626 bytes in 692 msecs (HTTP/1.1 201) 4 headers in 162 bytes (1 switches on core 0) [pid: 7|app: 0|req: 691/1490] 10.0.0.248 () {28 vars in 583 bytes} [Wed May 6 15:32:37 2026] GET /v2.0/subnets => generated 2623 bytes in 74 msecs (HTTP/1.1 200) 4 headers in 158 bytes (1 switches on core 0)
2026-05-06 15:32:37.797 8 WARNING neutron.scheduler.dhcp_agent_scheduler [None req-abbb3f6f-dfbd-47bd-a546-6d2f92b01d0c 8e89cf70b7ab49ae918991ec7b09f5da 2782134ad02c461191044a18eeae2462 - - default default] No more DHCP agents
2026-05-06 15:32:37.798 8 WARNING neutron.api.rpc.agentnotifiers.dhcp_rpc_agent_api [None req-abbb3f6f-dfbd-47bd-a546-6d2f92b01d0c 8e89cf70b7ab49ae918991ec7b09f5da 2782134ad02c461191044a18eeae2462 - - default default] Unable to schedule network bc394b19-e026-4542-b342-6cd6597eddc5: no agents available; will retry on subsequent port and subnet creation events.
2026-05-06 15:32:37.904 8 INFO neutron.plugins.ml2.drivers.ovn.mech_driver.mech_driver [None req-b6299d09-76fd-4e0c-ad83-135fe6ba74f6 - - - - - -] OVN reports status down for port: 20ae9470-2686-4276-9f9c-f11b78b016d1
2026-05-06 15:32:37.954 7 WARNING neutron.scheduler.dhcp_agent_scheduler [None req-9fdb6500-2856-40c1-9cfe-4536ad6ca328 2e16db0728e042e2a8a5c319c84b38ce 82e952d5e22849d2beae602ff6c12857 - - default default] No more DHCP agents
2026-05-06 15:32:37.956 7 WARNING neutron.api.rpc.agentnotifiers.dhcp_rpc_agent_api [None req-9fdb6500-2856-40c1-9cfe-4536ad6ca328 2e16db0728e042e2a8a5c319c84b38ce 82e952d5e22849d2beae602ff6c12857 - - default default] Unable to schedule network bc394b19-e026-4542-b342-6cd6597eddc5: no agents available; will retry on subsequent port and subnet creation events.
2026-05-06 15:32:37.969 8 INFO neutron.db.ovn_revision_numbers_db [None req-abbb3f6f-dfbd-47bd-a546-6d2f92b01d0c 8e89cf70b7ab49ae918991ec7b09f5da 2782134ad02c461191044a18eeae2462 - - default default] Successfully bumped revision number for resource 20ae9470-2686-4276-9f9c-f11b78b016d1 (type: ports) to 1 [pid: 7|app: 0|req: 692/1491] 10.0.0.33 () {34 vars in 675 bytes} [Wed May 6 15:32:37 2026] POST /v2.0/floatingips => generated 552 bytes in 531 msecs (HTTP/1.1 201) 4 headers in 162 bytes (1 switches on core 0)
2026-05-06 15:32:38.316 7 INFO neutron.db.ovn_revision_numbers_db [None req-fd6be81d-443f-4d60-9c1e-e38bd4a1e26b 34f7c0cd764b49d09354bca06fe5a8da da6af2aa86ae401f99387fe1e9165b6b - - default default] Successfully bumped revision number for resource e93b8677-1359-4141-896d-f02416b5e192 (type: security_group_rules) to 0 [pid: 7|app: 0|req: 693/1492] 10.0.0.33 () {34 vars in 694 bytes} [Wed May 6 15:32:38 2026] POST /v2.0/security-group-rules => generated 601 bytes in 114 msecs (HTTP/1.1 201) 4 headers in 162 bytes (1 switches on core 0)
2026-05-06 15:32:38.528 8 INFO neutron.plugins.ml2.drivers.ovn.mech_driver.mech_driver [None req-b6299d09-76fd-4e0c-ad83-135fe6ba74f6 - - - - - -] OVN reports status up for port: 20ae9470-2686-4276-9f9c-f11b78b016d1
2026-05-06 15:32:38.561 8 INFO neutron.plugins.ml2.plugin [None req-b6299d09-76fd-4e0c-ad83-135fe6ba74f6 - - - - - -] Attempt 1 to provision port 20ae9470-2686-4276-9f9c-f11b78b016d1
2026-05-06 15:32:38.594 7 WARNING neutron.scheduler.dhcp_agent_scheduler [None req-0c708188-e1f6-449a-8604-2f7dd1c4237c 963ec6f418c146d6a7762b1ace84f169 d1fbb0dd3c3c447eafdcfb7753400e69 - - default default] No more DHCP agents
2026-05-06 15:32:38.595 7 WARNING neutron.api.rpc.agentnotifiers.dhcp_rpc_agent_api [None req-0c708188-e1f6-449a-8604-2f7dd1c4237c 963ec6f418c146d6a7762b1ace84f169 d1fbb0dd3c3c447eafdcfb7753400e69 - - default default] Unable to schedule network 2e1bdb4a-2210-4fd0-a2a7-062bbeb605fc: no agents available; will retry on subsequent port and subnet creation events.
2026-05-06 15:32:38.600 8 INFO neutron.plugins.ml2.drivers.ovn.mech_driver.ovsdb.ovsdb_monitor [None req-1d4ed151-d7ac-484a-8dd4-3d1efae3013c - - - - - -] Router ebf22a3a-3346-4bf7-840e-9649e1121bfa is bound to host instance
2026-05-06 15:32:38.601 8 INFO neutron.db.ovn_revision_numbers_db [None req-abbb3f6f-dfbd-47bd-a546-6d2f92b01d0c 8e89cf70b7ab49ae918991ec7b09f5da 2782134ad02c461191044a18eeae2462 - - default default] Successfully bumped revision number for resource 20ae9470-2686-4276-9f9c-f11b78b016d1 (type: router_ports) to 1
2026-05-06 15:32:38.737 7 INFO neutron.db.ovn_revision_numbers_db [None req-0c708188-e1f6-449a-8604-2f7dd1c4237c 963ec6f418c146d6a7762b1ace84f169 d1fbb0dd3c3c447eafdcfb7753400e69 - - default default] Successfully bumped revision number for resource f4eaab69-6bfc-4327-8131-3fc510be7a39 (type: ports) to 1 [pid: 7|app: 0|req: 694/1493] 10.0.0.33 () {34 vars in 664 bytes} [Wed May 6 15:32:38 2026] POST /v2.0/ports => generated 949 bytes in 413 msecs (HTTP/1.1 201) 4 headers in 162 bytes (1 switches on core 0) /var/lib/openstack/lib/python3.12/site-packages/pycadf/identifier.py:70: UserWarning: Invalid uuid: neutron. To ensure interoperability, identifiers should be a valid uuid. warnings.warn(('Invalid uuid: %s. To ensure interoperability, '
2026-05-06 15:32:38.789 8 INFO neutron.db.ovn_revision_numbers_db [None req-abbb3f6f-dfbd-47bd-a546-6d2f92b01d0c 8e89cf70b7ab49ae918991ec7b09f5da 2782134ad02c461191044a18eeae2462 - - default default] Successfully bumped revision number for resource ebf22a3a-3346-4bf7-840e-9649e1121bfa (type: routers) to 2 [pid: 8|app: 0|req: 800/1494] 10.0.0.33 () {34 vars in 668 bytes} [Wed May 6 15:32:37 2026] POST /v2.0/routers => generated 990 bytes in 1394 msecs (HTTP/1.1 201) 4 headers in 162 bytes (1 switches on core 0) [pid: 7|app: 0|req: 695/1495] 10.0.0.248 () {28 vars in 579 bytes} [Wed May 6 15:32:38 2026] GET /v2.0/ports => generated 13134 bytes in 74 msecs (HTTP/1.1 200) 4 headers in 159 bytes (1 switches on core 0) [pid: 7|app: 0|req: 696/1496] 10.0.0.33 () {32 vars in 746 bytes} [Wed May 6 15:32:38 2026] GET /v2.0/security-group-rules/e93b8677-1359-4141-896d-f02416b5e192 => generated 601 bytes in 14 msecs (HTTP/1.1 200) 4 headers in 157 bytes (1 switches on core 0)
2026-05-06 15:32:38.946 7 INFO neutron_taas.services.taas.taas_plugin [None req-f8a073d3-8a23-4916-b6c5-41344ddfc5d3 963ec6f418c146d6a7762b1ace84f169 d1fbb0dd3c3c447eafdcfb7753400e69 - - default default] TaaS: Handle Delete Port: f4eaab69-6bfc-4327-8131-3fc510be7a39
2026-05-06 15:32:38.949 7 INFO neutron_taas.services.taas.tap_mirror_plugin [None req-f8a073d3-8a23-4916-b6c5-41344ddfc5d3 963ec6f418c146d6a7762b1ace84f169 d1fbb0dd3c3c447eafdcfb7753400e69 - - default default] Tap Mirror: Handle Delete Port: f4eaab69-6bfc-4327-8131-3fc510be7a39 [pid: 7|app: 0|req: 697/1497] 10.0.0.33 () {32 vars in 719 bytes} [Wed May 6 15:32:38 2026] DELETE /v2.0/ports/f4eaab69-6bfc-4327-8131-3fc510be7a39 => generated 0 bytes in 228 msecs (HTTP/1.1 204) 3 headers in 131 bytes (1 switches on core 0)
2026-05-06 15:32:39.243 8 WARNING neutron.scheduler.dhcp_agent_scheduler [None req-bf553dea-2993-4613-9896-62ff613053c5 2e16db0728e042e2a8a5c319c84b38ce 82e952d5e22849d2beae602ff6c12857 - - default default] No more DHCP agents
2026-05-06 15:32:39.246 8 WARNING neutron.api.rpc.agentnotifiers.dhcp_rpc_agent_api [None req-bf553dea-2993-4613-9896-62ff613053c5 2e16db0728e042e2a8a5c319c84b38ce 82e952d5e22849d2beae602ff6c12857 - - default default] Unable to schedule network bc394b19-e026-4542-b342-6cd6597eddc5: no agents available; will retry on subsequent port and subnet creation events.
2026-05-06 15:32:39.488 7 WARNING neutron.scheduler.dhcp_agent_scheduler [None req-99f3f89d-14e5-4394-8b46-b42b7c8f0205 8e89cf70b7ab49ae918991ec7b09f5da 2782134ad02c461191044a18eeae2462 - - default default] No more DHCP agents
2026-05-06 15:32:39.488 7 WARNING neutron.api.rpc.agentnotifiers.dhcp_rpc_agent_api [None req-99f3f89d-14e5-4394-8b46-b42b7c8f0205 8e89cf70b7ab49ae918991ec7b09f5da 2782134ad02c461191044a18eeae2462 - - default default] Unable to schedule network 5d84d965-9fc8-4f77-8134-18da0f68b27a: no agents available; will retry on subsequent port and subnet creation events.
2026-05-06 15:32:39.612 7 INFO neutron.db.ovn_revision_numbers_db [None req-99f3f89d-14e5-4394-8b46-b42b7c8f0205 8e89cf70b7ab49ae918991ec7b09f5da 2782134ad02c461191044a18eeae2462 - - default default] Successfully bumped revision number for resource 5062e3e8-b2c6-4bcb-b7fd-d10a4ff48d3e (type: ports) to 1 [pid: 8|app: 0|req: 801/1498] 10.0.0.33 () {34 vars in 675 bytes} [Wed May 6 15:32:38 2026] POST /v2.0/floatingips => generated 552 bytes in 969 msecs (HTTP/1.1 201) 4 headers in 162 bytes (1 switches on core 0) [pid: 8|app: 0|req: 802/1499] 10.0.0.248 () {28 vars in 581 bytes} [Wed May 6 15:32:39 2026] GET /v2.0/agents => generated 1214 bytes in 30 msecs (HTTP/1.1 200) 4 headers in 158 bytes (1 switches on core 0) [pid: 8|app: 0|req: 803/1500] 10.0.0.33 () {32 vars in 672 bytes} [Wed May 6 15:32:39 2026] GET /v2.0/security-group-rules => generated 4138 bytes in 102 msecs (HTTP/1.1 200) 4 headers in 158 bytes (1 switches on core 0)
2026-05-06 15:32:39.968 8 INFO neutron.pecan_wsgi.hooks.translation [None req-26a8082c-2920-44bb-9b53-bde2d153d6f3 963ec6f418c146d6a7762b1ace84f169 d1fbb0dd3c3c447eafdcfb7753400e69 - - default default] DELETE failed (client error): The resource could not be found. [pid: 8|app: 0|req: 804/1501] 10.0.0.33 () {32 vars in 719 bytes} [Wed May 6 15:32:39 2026] DELETE /v2.0/ports/f4eaab69-6bfc-4327-8131-3fc510be7a39 => generated 132 bytes in 41 msecs (HTTP/1.1 404) 4 headers in 164 bytes (1 switches on core 0)
2026-05-06 15:32:40.057 8 INFO neutron.db.ovn_revision_numbers_db [None req-8f46e240-7e21-442b-9c6e-ad8a19f058d8 - - - - - -] Successfully bumped revision number for resource 20ae9470-2686-4276-9f9c-f11b78b016d1 (type: ports) to 4
2026-05-06 15:32:40.224 7 WARNING neutron.scheduler.dhcp_agent_scheduler [None req-99f3f89d-14e5-4394-8b46-b42b7c8f0205 8e89cf70b7ab49ae918991ec7b09f5da 2782134ad02c461191044a18eeae2462 - - default default] No more DHCP agents
2026-05-06 15:32:40.225 7 WARNING neutron.api.rpc.agentnotifiers.dhcp_rpc_agent_api [None req-99f3f89d-14e5-4394-8b46-b42b7c8f0205 8e89cf70b7ab49ae918991ec7b09f5da 2782134ad02c461191044a18eeae2462 - - default default] Unable to schedule network 5d84d965-9fc8-4f77-8134-18da0f68b27a: no agents available; will retry on subsequent port and subnet creation events.
2026-05-06 15:32:40.404 8 WARNING neutron.scheduler.dhcp_agent_scheduler [None req-afc153ce-05f8-4e75-8574-aac2441c18d7 2e16db0728e042e2a8a5c319c84b38ce 82e952d5e22849d2beae602ff6c12857 - - default default] No more DHCP agents
2026-05-06 15:32:40.407 8 WARNING neutron.api.rpc.agentnotifiers.dhcp_rpc_agent_api [None req-afc153ce-05f8-4e75-8574-aac2441c18d7 2e16db0728e042e2a8a5c319c84b38ce 82e952d5e22849d2beae602ff6c12857 - - default default] Unable to schedule network bc394b19-e026-4542-b342-6cd6597eddc5: no agents available; will retry on subsequent port and subnet creation events.
2026-05-06 15:32:40.630 7 INFO neutron.db.ovn_revision_numbers_db [None req-99f3f89d-14e5-4394-8b46-b42b7c8f0205 8e89cf70b7ab49ae918991ec7b09f5da 2782134ad02c461191044a18eeae2462 - - default default] Successfully bumped revision number for resource 5062e3e8-b2c6-4bcb-b7fd-d10a4ff48d3e (type: router_ports) to 1 [pid: 7|app: 0|req: 698/1502] 10.0.0.33 () {34 vars in 782 bytes} [Wed May 6 15:32:39 2026] PUT /v2.0/routers/ebf22a3a-3346-4bf7-840e-9649e1121bfa/add_router_interface => generated 310 bytes in 1560 msecs (HTTP/1.1 200) 4 headers in 157 bytes (1 switches on core 0) [pid: 7|app: 0|req: 699/1503] 10.0.0.248 () {28 vars in 585 bytes} [Wed May 6 15:32:40 2026] GET /v2.0/networks => generated 4626 bytes in 46 msecs (HTTP/1.1 200) 4 headers in 158 bytes (1 switches on core 0) [pid: 7|app: 0|req: 700/1504] 10.0.0.33 () {32 vars in 749 bytes} [Wed May 6 15:32:40 2026] DELETE /v2.0/security-group-rules/e93b8677-1359-4141-896d-f02416b5e192 => generated 0 bytes in 107 msecs (HTTP/1.1 204) 2 headers in 112 bytes (1 switches on core 0)
2026-05-06 15:32:40.803 7 INFO neutron.pecan_wsgi.hooks.translation [None req-cc69b381-ed76-40f5-bb2c-69599ed89686 963ec6f418c146d6a7762b1ace84f169 d1fbb0dd3c3c447eafdcfb7753400e69 - - default default] GET failed (client error): The resource could not be found. [pid: 7|app: 0|req: 701/1505] 10.0.0.33 () {32 vars in 716 bytes} [Wed May 6 15:32:40 2026] GET /v2.0/ports/f4eaab69-6bfc-4327-8131-3fc510be7a39 => generated 132 bytes in 15 msecs (HTTP/1.1 404) 4 headers in 164 bytes (1 switches on core 0)
2026-05-06 15:32:40.815 8 INFO neutron.db.ovn_revision_numbers_db [None req-8f46e240-7e21-442b-9c6e-ad8a19f058d8 - - - - - -] Successfully bumped revision number for resource 20ae9470-2686-4276-9f9c-f11b78b016d1 (type: ports) to 5 [pid: 7|app: 0|req: 702/1506] 10.0.0.248 () {28 vars in 599 bytes} [Wed May 6 15:32:40 2026] GET /v2.0/security-groups => generated 27718 bytes in 27 msecs (HTTP/1.1 200) 4 headers in 159 bytes (1 switches on core 0) [pid: 7|app: 0|req: 703/1507] 10.0.0.33 () {32 vars in 672 bytes} [Wed May 6 15:32:40 2026] GET /v2.0/security-group-rules => generated 3560 bytes in 54 msecs (HTTP/1.1 200) 4 headers in 158 bytes (1 switches on core 0) [pid: 8|app: 0|req: 805/1508] 10.0.0.33 () {34 vars in 675 bytes} [Wed May 6 15:32:39 2026] POST /v2.0/floatingips => generated 552 bytes in 994 msecs (HTTP/1.1 201) 4 headers in 162 bytes (1 switches on core 0) [pid: 8|app: 0|req: 806/1509] 10.0.0.248 () {28 vars in 619 bytes} [Wed May 6 15:32:40 2026] GET /v2.0/network-ip-availabilities => generated 3793 bytes in 28 msecs (HTTP/1.1 200) 4 headers in 158 bytes (1 switches on core 0) [pid: 7|app: 0|req: 704/1510] 10.0.0.33 () {32 vars in 723 bytes} [Wed May 6 15:32:40 2026] DELETE /v2.0/subnets/b4312038-5f4c-479a-8706-e90ddd024ea7 => generated 0 bytes in 131 msecs (HTTP/1.1 204) 3 headers in 131 bytes (1 switches on core 0)
2026-05-06 15:32:41.040 8 INFO neutron.db.securitygroups_db [None req-ef0846c7-cebd-4f04-8e5a-680adde263cc 34f7c0cd764b49d09354bca06fe5a8da da6af2aa86ae401f99387fe1e9165b6b - - default default] Project da6af2aa86ae401f99387fe1e9165b6b added a security group rule with legacy IPv6 ICMP protocol name icmp, ipv6-icmp should be used instead. It was automatically converted.
2026-05-06 15:32:41.100 8 INFO neutron.db.ovn_revision_numbers_db [None req-ef0846c7-cebd-4f04-8e5a-680adde263cc 34f7c0cd764b49d09354bca06fe5a8da da6af2aa86ae401f99387fe1e9165b6b - - default default] Successfully bumped revision number for resource 8abc2ac6-c4fe-48c3-91f9-93fc5843c200 (type: security_group_rules) to 0 [pid: 8|app: 0|req: 807/1511] 10.0.0.33 () {34 vars in 694 bytes} [Wed May 6 15:32:40 2026] POST /v2.0/security-group-rules => generated 607 bytes in 130 msecs (HTTP/1.1 201) 4 headers in 162 bytes (1 switches on core 0) [pid: 8|app: 0|req: 808/1512] 10.0.0.248 () {28 vars in 583 bytes} [Wed May 6 15:32:41 2026] GET /v2.0/subnets => generated 1989 bytes in 26 msecs (HTTP/1.1 200) 4 headers in 158 bytes (1 switches on core 0)
2026-05-06 15:32:41.192 7 WARNING neutron.scheduler.dhcp_agent_scheduler [None req-9b5326d9-e6bb-4231-9fd8-d1793b4d695f 2e16db0728e042e2a8a5c319c84b38ce 82e952d5e22849d2beae602ff6c12857 - - default default] No more DHCP agents
2026-05-06 15:32:41.193 7 WARNING neutron.api.rpc.agentnotifiers.dhcp_rpc_agent_api [None req-9b5326d9-e6bb-4231-9fd8-d1793b4d695f 2e16db0728e042e2a8a5c319c84b38ce 82e952d5e22849d2beae602ff6c12857 - - default default] Unable to schedule network bc394b19-e026-4542-b342-6cd6597eddc5: no agents available; will retry on subsequent port and subnet creation events.
2026-05-06 15:32:41.300 8 INFO neutron_taas.services.taas.taas_plugin [None req-df09484e-dc2f-40e4-a59e-e8244715db6c 963ec6f418c146d6a7762b1ace84f169 d1fbb0dd3c3c447eafdcfb7753400e69 - - default default] TaaS: Handle Delete Port: f6dca370-4b9a-4fbe-9a4c-b7798e0f87ad
2026-05-06 15:32:41.302 8 INFO neutron_taas.services.taas.tap_mirror_plugin [None req-df09484e-dc2f-40e4-a59e-e8244715db6c 963ec6f418c146d6a7762b1ace84f169 d1fbb0dd3c3c447eafdcfb7753400e69 - - default default] Tap Mirror: Handle Delete Port: f6dca370-4b9a-4fbe-9a4c-b7798e0f87ad
2026-05-06 15:32:41.445 8 INFO neutron.services.segments.plugin [-] Segment 999e09bb-4211-4b05-a66c-31efde8c7965 resource provider aggregate not found
2026-05-06 15:32:41.447 8 INFO neutron.services.segments.plugin [-] Segment 999e09bb-4211-4b05-a66c-31efde8c7965 resource provider aggregate not found
2026-05-06 15:32:41.462 8 INFO neutron.services.segments.plugin [-] Segment 999e09bb-4211-4b05-a66c-31efde8c7965 resource provider not found; error: Placement Client Error (4xx): {"errors": [{"status": 404, "title": "Not Found", "detail": "The resource could not be found.\n\n No resource provider with uuid 999e09bb-4211-4b05-a66c-31efde8c7965 found for delete ", "request_id": "req-743fb358-39f0-4a34-bb2f-3b2b96b6633f"}]}
2026-05-06 15:32:41.465 8 INFO neutron.services.segments.plugin [-] Segment 999e09bb-4211-4b05-a66c-31efde8c7965 resource provider not found; error: Placement Client Error (4xx): {"errors": [{"status": 404, "title": "Not Found", "detail": "The resource could not be found.\n\n No resource provider with uuid 999e09bb-4211-4b05-a66c-31efde8c7965 found for delete ", "request_id": "req-3152153e-c294-4d20-bd97-6daa400e04e0"}]} [pid: 7|app: 0|req: 705/1513] 10.0.0.33 () {34 vars in 675 bytes} [Wed May 6 15:32:41 2026] POST /v2.0/floatingips => generated 552 bytes in 463 msecs (HTTP/1.1 201) 4 headers in 162 bytes (1 switches on core 0) [pid: 8|app: 0|req: 809/1514] 10.0.0.33 () {32 vars in 725 bytes} [Wed May 6 15:32:41 2026] DELETE /v2.0/networks/2e1bdb4a-2210-4fd0-a2a7-062bbeb605fc => generated 0 bytes in 336 msecs (HTTP/1.1 204) 3 headers in 131 bytes (1 switches on core 0) [pid: 7|app: 0|req: 706/1515] 10.0.0.33 () {32 vars in 746 bytes} [Wed May 6 15:32:41 2026] GET /v2.0/security-group-rules/8abc2ac6-c4fe-48c3-91f9-93fc5843c200 => generated 607 bytes in 19 msecs (HTTP/1.1 200) 4 headers in 157 bytes (1 switches on core 0) [pid: 7|app: 0|req: 707/1516] 10.0.0.248 () {28 vars in 591 bytes} [Wed May 6 15:32:41 2026] GET /v2.0/subnetpools => generated 19 bytes in 6 msecs (HTTP/1.1 200) 4 headers in 156 bytes (1 switches on core 0)
2026-05-06 15:32:41.526 7 WARNING tagging [None req-7da1e509-d865-426b-a895-8691a105b9b9 2e16db0728e042e2a8a5c319c84b38ce 82e952d5e22849d2beae602ff6c12857 - - default default] project_id key not found in request, using tenant_id instead. This support has been deprecated and will be removed in a future release. [pid: 7|app: 0|req: 708/1517] 10.0.0.33 () {34 vars in 758 bytes} [Wed May 6 15:32:41 2026] PUT /v2.0/floatingips/edb41d76-608f-4da7-8ab8-4f50eba520e6/tags => generated 17 bytes in 61 msecs (HTTP/1.1 200) 4 headers in 156 bytes (1 switches on core 0)
2026-05-06 15:32:41.618 8 INFO neutron.db.ovn_revision_numbers_db [None req-a173d849-94dc-4c5b-a264-b482fde21d7c 5b8974318a20452fb5add962fc16c4a0 6b8000df15924fb986e809330554ff62 - - default default] Successfully bumped revision number for resource 043a8de9-0406-41a3-8656-277c20001fa3 (type: security_groups) to 1
2026-05-06 15:32:41.630 8 INFO neutron.db.ovn_revision_numbers_db [None req-a173d849-94dc-4c5b-a264-b482fde21d7c 5b8974318a20452fb5add962fc16c4a0 6b8000df15924fb986e809330554ff62 - - default default] Successfully bumped revision number for resource 1d266ab8-27e3-40cb-b287-99bd8014a83f (type: security_group_rules) to 0
2026-05-06 15:32:41.645 8 INFO neutron.db.ovn_revision_numbers_db [None req-a173d849-94dc-4c5b-a264-b482fde21d7c 5b8974318a20452fb5add962fc16c4a0 6b8000df15924fb986e809330554ff62 - - default default] Successfully bumped revision number for resource 5bc573a2-c401-43a7-8619-04798f67569c (type: security_group_rules) to 0
2026-05-06 15:32:41.675 7 INFO neutron.db.segments_db [None req-8705f12a-3811-4e3f-ad7a-3044fa6b7959 963ec6f418c146d6a7762b1ace84f169 d1fbb0dd3c3c447eafdcfb7753400e69 - - default default] Added segment b3d5f6d1-1f18-46a4-bd1d-8a8383f0144a of type geneve for network 5e8bf466-f9cd-4526-b678-c62944628e0d [pid: 8|app: 0|req: 810/1518] 10.0.0.33 () {34 vars in 684 bytes} [Wed May 6 15:32:41 2026] POST /v2.0/security-groups => generated 1660 bytes in 188 msecs (HTTP/1.1 201) 4 headers in 163 bytes (1 switches on core 0)
2026-05-06 15:32:41.752 8 INFO neutron.plugins.ml2.drivers.ovn.mech_driver.mech_driver [None req-b6299d09-76fd-4e0c-ad83-135fe6ba74f6 - - - - - -] OVN reports status down for port: f4eaab69-6bfc-4327-8131-3fc510be7a39
2026-05-06 15:32:41.766 8 INFO neutron.plugins.ml2.drivers.ovn.mech_driver.mech_driver [None req-b6299d09-76fd-4e0c-ad83-135fe6ba74f6 - - - - - -] OVN reports status down for port: 5062e3e8-b2c6-4bcb-b7fd-d10a4ff48d3e [pid: 8|app: 0|req: 811/1519] 10.0.0.33 () {32 vars in 672 bytes} [Wed May 6 15:32:41 2026] GET /v2.0/security-group-rules => generated 4144 bytes in 100 msecs (HTTP/1.1 200) 4 headers in 158 bytes (1 switches on core 0)
2026-05-06 15:32:41.796 7 INFO neutron.db.ovn_revision_numbers_db [None req-8705f12a-3811-4e3f-ad7a-3044fa6b7959 963ec6f418c146d6a7762b1ace84f169 d1fbb0dd3c3c447eafdcfb7753400e69 - - default default] Successfully bumped revision number for resource 5e8bf466-f9cd-4526-b678-c62944628e0d (type: networks) to 1 [pid: 8|app: 0|req: 812/1520] 10.0.0.248 () {28 vars in 591 bytes} [Wed May 6 15:32:41 2026] GET /v2.0/floatingips => generated 2712 bytes in 49 msecs (HTTP/1.1 200) 4 headers in 158 bytes (1 switches on core 0)
2026-05-06 15:32:41.868 8 WARNING tagging [None req-b3213ab9-bd6b-4d59-951d-6ff4988b0fde 2e16db0728e042e2a8a5c319c84b38ce 82e952d5e22849d2beae602ff6c12857 - - default default] project_id key not found in request, using tenant_id instead. This support has been deprecated and will be removed in a future release.
2026-05-06 15:32:41.901 8 WARNING neutron.plugins.ml2.drivers.ovn.mech_driver.ovsdb.ovn_client [None req-b6299d09-76fd-4e0c-ad83-135fe6ba74f6 - - - - - -] Logical_Switch_Port 5062e3e8-b2c6-4bcb-b7fd-d10a4ff48d3e host information not removed, the port state is up
2026-05-06 15:32:41.902 8 INFO neutron.plugins.ml2.drivers.ovn.mech_driver.mech_driver [None req-b6299d09-76fd-4e0c-ad83-135fe6ba74f6 - - - - - -] OVN reports status up for port: 5062e3e8-b2c6-4bcb-b7fd-d10a4ff48d3e
2026-05-06 15:32:41.931 8 INFO neutron.plugins.ml2.plugin [None req-b6299d09-76fd-4e0c-ad83-135fe6ba74f6 - - - - - -] Attempt 1 to provision port 5062e3e8-b2c6-4bcb-b7fd-d10a4ff48d3e
2026-05-06 15:32:41.942 7 WARNING neutron.scheduler.dhcp_agent_scheduler [None req-8705f12a-3811-4e3f-ad7a-3044fa6b7959 963ec6f418c146d6a7762b1ace84f169 d1fbb0dd3c3c447eafdcfb7753400e69 - - default default] No more DHCP agents [pid: 8|app: 0|req: 813/1521] 10.0.0.33 () {34 vars in 758 bytes} [Wed May 6 15:32:41 2026] PUT /v2.0/floatingips/b8c3f0fb-4d4c-4546-8189-eb752bcd9950/tags => generated 25 bytes in 116 msecs (HTTP/1.1 200) 4 headers in 156 bytes (1 switches on core 0)
2026-05-06 15:32:41.943 7 WARNING neutron.api.rpc.agentnotifiers.dhcp_rpc_agent_api [None req-8705f12a-3811-4e3f-ad7a-3044fa6b7959 963ec6f418c146d6a7762b1ace84f169 d1fbb0dd3c3c447eafdcfb7753400e69 - - default default] Unable to schedule network 5e8bf466-f9cd-4526-b678-c62944628e0d: no agents available; will retry on subsequent port and subnet creation events.
2026-05-06 15:32:42.015 7 INFO neutron.db.ovn_revision_numbers_db [None req-8705f12a-3811-4e3f-ad7a-3044fa6b7959 963ec6f418c146d6a7762b1ace84f169 d1fbb0dd3c3c447eafdcfb7753400e69 - - default default] Successfully bumped revision number for resource 6c01b719-c0a9-43d9-bf8d-4f3d37b615f6 (type: ports) to 1 [pid: 7|app: 0|req: 709/1522] 10.0.0.33 () {34 vars in 669 bytes} [Wed May 6 15:32:41 2026] POST /v2.0/networks => generated 669 bytes in 467 msecs (HTTP/1.1 201) 4 headers in 162 bytes (1 switches on core 0) [pid: 7|app: 0|req: 710/1523] 10.0.0.33 () {32 vars in 749 bytes} [Wed May 6 15:32:42 2026] DELETE /v2.0/security-group-rules/8abc2ac6-c4fe-48c3-91f9-93fc5843c200 => generated 0 bytes in 102 msecs (HTTP/1.1 204) 2 headers in 112 bytes (1 switches on core 0)
2026-05-06 15:32:42.157 8 INFO neutron.db.ovn_revision_numbers_db [None req-c0433990-0f8a-4d44-8213-7c0dda416393 5b8974318a20452fb5add962fc16c4a0 6b8000df15924fb986e809330554ff62 - - default default] Successfully bumped revision number for resource b2ae14d4-3ee4-4b5e-adcc-77bc0f213d41 (type: security_group_rules) to 0 [pid: 8|app: 0|req: 814/1524] 10.0.0.33 () {34 vars in 694 bytes} [Wed May 6 15:32:41 2026] POST /v2.0/security-group-rules => generated 597 bytes in 256 msecs (HTTP/1.1 201) 4 headers in 162 bytes (1 switches on core 0) [pid: 7|app: 0|req: 711/1525] 10.0.0.248 () {28 vars in 583 bytes} [Wed May 6 15:32:42 2026] GET /v2.0/routers => generated 999 bytes in 59 msecs (HTTP/1.1 200) 4 headers in 157 bytes (1 switches on core 0)
2026-05-06 15:32:42.228 8 WARNING tagging [None req-4806d841-cf93-49dd-9454-37bd30611cf8 2e16db0728e042e2a8a5c319c84b38ce 82e952d5e22849d2beae602ff6c12857 - - default default] project_id key not found in request, using tenant_id instead. This support has been deprecated and will be removed in a future release. [pid: 8|app: 0|req: 815/1526] 10.0.0.33 () {34 vars in 758 bytes} [Wed May 6 15:32:42 2026] PUT /v2.0/floatingips/15362e2e-53b8-4324-9689-8f37ebdd9cce/tags => generated 34 bytes in 79 msecs (HTTP/1.1 200) 4 headers in 156 bytes (1 switches on core 0)
2026-05-06 15:32:42.364 7 WARNING neutron.scheduler.dhcp_agent_scheduler [None req-8ef74679-84bf-4425-a2ce-c7fe679d7bbc 963ec6f418c146d6a7762b1ace84f169 d1fbb0dd3c3c447eafdcfb7753400e69 - - default default] No more DHCP agents
2026-05-06 15:32:42.365 7 WARNING neutron.api.rpc.agentnotifiers.dhcp_rpc_agent_api [None req-8ef74679-84bf-4425-a2ce-c7fe679d7bbc 963ec6f418c146d6a7762b1ace84f169 d1fbb0dd3c3c447eafdcfb7753400e69 - - default default] Unable to schedule network 5e8bf466-f9cd-4526-b678-c62944628e0d: no agents available; will retry on subsequent port and subnet creation events. [pid: 8|app: 0|req: 816/1527] 10.0.0.33 () {32 vars in 672 bytes} [Wed May 6 15:32:42 2026] GET /v2.0/security-group-rules => generated 3560 bytes in 93 msecs (HTTP/1.1 200) 4 headers in 158 bytes (1 switches on core 0)
2026-05-06 15:32:42.559 8 INFO neutron.db.ovn_revision_numbers_db [None req-b6299d09-76fd-4e0c-ad83-135fe6ba74f6 - - - - - -] Successfully bumped revision number for resource 5062e3e8-b2c6-4bcb-b7fd-d10a4ff48d3e (type: ports) to 2
2026-05-06 15:32:42.567 8 INFO neutron.db.ovn_revision_numbers_db [None req-e00d730e-76db-4c79-9417-61843bd70911 5b8974318a20452fb5add962fc16c4a0 6b8000df15924fb986e809330554ff62 - - default default] Successfully bumped revision number for resource 90f31dbc-8644-4600-957e-f05fd6a9be75 (type: security_group_rules) to 0 [pid: 8|app: 0|req: 817/1528] 10.0.0.33 () {34 vars in 694 bytes} [Wed May 6 15:32:42 2026] POST /v2.0/security-group-rules => generated 602 bytes in 256 msecs (HTTP/1.1 201) 4 headers in 162 bytes (1 switches on core 0) [pid: 8|app: 0|req: 818/1529] 10.0.0.248 () {28 vars in 624 bytes} [Wed May 6 15:32:42 2026] GET /v2.0/agents?binary=ovn-controller => generated 416 bytes in 24 msecs (HTTP/1.1 200) 4 headers in 157 bytes (1 switches on core 0)
2026-05-06 15:32:42.695 8 WARNING tagging [None req-56223815-7877-4648-ad2a-0a1d2b2f599f 2e16db0728e042e2a8a5c319c84b38ce 82e952d5e22849d2beae602ff6c12857 - - default default] project_id key not found in request, using tenant_id instead. This support has been deprecated and will be removed in a future release. [pid: 8|app: 0|req: 819/1530] 10.0.0.33 () {34 vars in 758 bytes} [Wed May 6 15:32:42 2026] PUT /v2.0/floatingips/533a96a4-8084-44fc-a392-5d275e1b8526/tags => generated 19 bytes in 79 msecs (HTTP/1.1 200) 4 headers in 156 bytes (1 switches on core 0)
2026-05-06 15:32:42.779 7 INFO neutron.db.ovn_revision_numbers_db [None req-8ef74679-84bf-4425-a2ce-c7fe679d7bbc 963ec6f418c146d6a7762b1ace84f169 d1fbb0dd3c3c447eafdcfb7753400e69 - - default default] Successfully bumped revision number for resource 6c01b719-c0a9-43d9-bf8d-4f3d37b615f6 (type: ports) to 2
2026-05-06 15:32:42.804 7 INFO neutron.db.ovn_revision_numbers_db [None req-8ef74679-84bf-4425-a2ce-c7fe679d7bbc 963ec6f418c146d6a7762b1ace84f169 d1fbb0dd3c3c447eafdcfb7753400e69 - - default default] Successfully bumped revision number for resource 2f48fea7-1d0a-4de7-bec5-1287667986a2 (type: subnets) to 0 [pid: 7|app: 0|req: 712/1531] 10.0.0.33 () {34 vars in 668 bytes} [Wed May 6 15:32:42 2026] POST /v2.0/subnets => generated 626 bytes in 618 msecs (HTTP/1.1 201) 4 headers in 162 bytes (1 switches on core 0) [pid: 8|app: 0|req: 820/1532] 10.0.0.33 () {32 vars in 739 bytes} [Wed May 6 15:32:42 2026] DELETE /v2.0/security-groups/fcc3c79d-b217-4725-9c8a-42f82420c196 => generated 0 bytes in 132 msecs (HTTP/1.1 204) 2 headers in 112 bytes (1 switches on core 0) [pid: 8|app: 0|req: 821/1533] 10.0.0.33 () {32 vars in 671 bytes} [Wed May 6 15:32:42 2026] GET /v2.0/floatingips?tags=red => generated 1671 bytes in 43 msecs (HTTP/1.1 200) 4 headers in 158 bytes (1 switches on core 0)
2026-05-06 15:32:43.045 7 WARNING neutron.scheduler.dhcp_agent_scheduler [None req-c2199b56-5b35-4508-97d3-eb21506ba2f5 5b8974318a20452fb5add962fc16c4a0 6b8000df15924fb986e809330554ff62 - - default default] No more DHCP agents
2026-05-06 15:32:43.047 7 WARNING neutron.api.rpc.agentnotifiers.dhcp_rpc_agent_api [None req-c2199b56-5b35-4508-97d3-eb21506ba2f5 5b8974318a20452fb5add962fc16c4a0 6b8000df15924fb986e809330554ff62 - - default default] Unable to schedule network bc394b19-e026-4542-b342-6cd6597eddc5: no agents available; will retry on subsequent port and subnet creation events.
2026-05-06 15:32:43.132 8 WARNING neutron.scheduler.dhcp_agent_scheduler [None req-9e476b1e-2120-48a0-8a6d-8b13e591b63a 963ec6f418c146d6a7762b1ace84f169 d1fbb0dd3c3c447eafdcfb7753400e69 - - default default] No more DHCP agents
2026-05-06 15:32:43.133 8 WARNING neutron.api.rpc.agentnotifiers.dhcp_rpc_agent_api [None req-9e476b1e-2120-48a0-8a6d-8b13e591b63a 963ec6f418c146d6a7762b1ace84f169 d1fbb0dd3c3c447eafdcfb7753400e69 - - default default] Unable to schedule network 5e8bf466-f9cd-4526-b678-c62944628e0d: no agents available; will retry on subsequent port and subnet creation events.
2026-05-06 15:32:43.281 8 INFO neutron.db.ovn_revision_numbers_db [None req-9e476b1e-2120-48a0-8a6d-8b13e591b63a 963ec6f418c146d6a7762b1ace84f169 d1fbb0dd3c3c447eafdcfb7753400e69 - - default default] Successfully bumped revision number for resource 066dc5a5-2aa3-4d91-9b94-4cd4d7eca4e5 (type: ports) to 1 [pid: 7|app: 0|req: 713/1534] 10.0.0.33 () {34 vars in 675 bytes} [Wed May 6 15:32:42 2026] POST /v2.0/floatingips => generated 552 bytes in 506 msecs (HTTP/1.1 201) 4 headers in 162 bytes (1 switches on core 0) [pid: 8|app: 0|req: 822/1535] 10.0.0.33 () {34 vars in 664 bytes} [Wed May 6 15:32:42 2026] POST /v2.0/ports => generated 912 bytes in 435 msecs (HTTP/1.1 201) 4 headers in 162 bytes (1 switches on core 0) [pid: 7|app: 0|req: 714/1536] 10.0.0.33 () {32 vars in 662 bytes} [Wed May 6 15:32:43 2026] GET /v2.0/security-groups => generated 2925 bytes in 29 msecs (HTTP/1.1 200) 4 headers in 158 bytes (1 switches on core 0) [pid: 8|app: 0|req: 823/1537] 10.0.0.33 () {32 vars in 685 bytes} [Wed May 6 15:32:43 2026] GET /v2.0/floatingips?tags=red%2Cblue => generated 1128 bytes in 58 msecs (HTTP/1.1 200) 4 headers in 158 bytes (1 switches on core 0) [pid: 8|app: 0|req: 824/1538] 10.0.0.33 () {32 vars in 662 bytes} [Wed May 6 15:32:43 2026] GET /v2.0/security-groups => generated 2925 bytes in 35 msecs (HTTP/1.1 200) 4 headers in 158 bytes (1 switches on core 0) [pid: 8|app: 0|req: 825/1539] 10.0.0.33 () {32 vars in 681 bytes} [Wed May 6 15:32:43 2026] GET /v2.0/floatingips?tags-any=blue => generated 1128 bytes in 42 msecs (HTTP/1.1 200) 4 headers in 158 bytes (1 switches on core 0)
2026-05-06 15:32:43.491 7 INFO neutron_taas.services.taas.taas_plugin [None req-e37f0b49-a36f-4fa8-8bc1-4f6af33bd572 963ec6f418c146d6a7762b1ace84f169 d1fbb0dd3c3c447eafdcfb7753400e69 - - default default] TaaS: Handle Delete Port: 066dc5a5-2aa3-4d91-9b94-4cd4d7eca4e5
2026-05-06 15:32:43.494 7 INFO neutron_taas.services.taas.tap_mirror_plugin [None req-e37f0b49-a36f-4fa8-8bc1-4f6af33bd572 963ec6f418c146d6a7762b1ace84f169 d1fbb0dd3c3c447eafdcfb7753400e69 - - default default] Tap Mirror: Handle Delete Port: 066dc5a5-2aa3-4d91-9b94-4cd4d7eca4e5 [pid: 8|app: 0|req: 826/1540] 10.0.0.33 () {32 vars in 693 bytes} [Wed May 6 15:32:43 2026] GET /v2.0/floatingips?tags-any=red%2Cblue => generated 1671 bytes in 24 msecs (HTTP/1.1 200) 4 headers in 158 bytes (1 switches on core 0) [pid: 8|app: 0|req: 827/1541] 10.0.0.33 () {32 vars in 679 bytes} [Wed May 6 15:32:43 2026] GET /v2.0/floatingips?not-tags=red => generated 1100 bytes in 44 msecs (HTTP/1.1 200) 4 headers in 158 bytes (1 switches on core 0) [pid: 8|app: 0|req: 828/1542] 10.0.0.33 () {32 vars in 693 bytes} [Wed May 6 15:32:43 2026] GET /v2.0/floatingips?not-tags=red%2Cblue => generated 1643 bytes in 43 msecs (HTTP/1.1 200) 4 headers in 158 bytes (1 switches on core 0) [pid: 7|app: 0|req: 715/1543] 10.0.0.33 () {32 vars in 719 bytes} [Wed May 6 15:32:43 2026] DELETE /v2.0/ports/066dc5a5-2aa3-4d91-9b94-4cd4d7eca4e5 => generated 0 bytes in 289 msecs (HTTP/1.1 204) 3 headers in 131 bytes (1 switches on core 0)
2026-05-06 15:32:43.666 7 INFO neutron.pecan_wsgi.hooks.translation [None req-5b02ed1a-9beb-485b-b1e4-635cd2b7783f 963ec6f418c146d6a7762b1ace84f169 d1fbb0dd3c3c447eafdcfb7753400e69 - - default default] GET failed (client error): The resource could not be found. [pid: 7|app: 0|req: 716/1544] 10.0.0.33 () {32 vars in 716 bytes} [Wed May 6 15:32:43 2026] GET /v2.0/ports/066dc5a5-2aa3-4d91-9b94-4cd4d7eca4e5 => generated 132 bytes in 17 msecs (HTTP/1.1 404) 4 headers in 164 bytes (1 switches on core 0) [pid: 8|app: 0|req: 829/1545] 10.0.0.33 () {32 vars in 689 bytes} [Wed May 6 15:32:43 2026] GET /v2.0/floatingips?not-tags-any=blue => generated 1643 bytes in 54 msecs (HTTP/1.1 200) 4 headers in 158 bytes (1 switches on core 0) [pid: 8|app: 0|req: 830/1546] 10.0.0.33 () {32 vars in 701 bytes} [Wed May 6 15:32:43 2026] GET /v2.0/floatingips?not-tags-any=red%2Cblue => generated 1100 bytes in 24 msecs (HTTP/1.1 200) 4 headers in 158 bytes (1 switches on core 0) [pid: 7|app: 0|req: 717/1547] 10.0.0.33 () {32 vars in 723 bytes} [Wed May 6 15:32:43 2026] DELETE /v2.0/subnets/2f48fea7-1d0a-4de7-bec5-1287667986a2 => generated 0 bytes in 157 msecs (HTTP/1.1 204) 3 headers in 131 bytes (1 switches on core 0)
2026-05-06 15:32:43.834 7 WARNING neutron.db.securitygroups_db [req-fffb6ce7-4532-4829-a601-e0de52bcd8b3 req-d9236562-9d45-4249-bfd6-be8c8f22f044 5b8974318a20452fb5add962fc16c4a0 6b8000df15924fb986e809330554ff62 - - default default] project_id key not found in filters, using tenant_id instead. This support has been deprecated and will be removed in a future release.
2026-05-06 15:32:43.859 8 INFO neutron_taas.services.taas.taas_plugin [None req-bb87abd5-3ca1-42f6-b616-ce19b236621b 2e16db0728e042e2a8a5c319c84b38ce 82e952d5e22849d2beae602ff6c12857 - - default default] TaaS: Handle Delete Port: f8eab01e-0057-4768-9d60-1ccb132efca8 [pid: 7|app: 0|req: 718/1548] 10.0.0.200 () {34 vars in 1098 bytes} [Wed May 6 15:32:43 2026] GET /v2.0/security-groups?name=tempest-securitygroup--710520225&fields=id&tenant_id=6b8000df15924fb986e809330554ff62 => generated 69 bytes in 32 msecs (HTTP/1.1 200) 4 headers in 156 bytes (1 switches on core 0)
2026-05-06 15:32:43.862 8 INFO neutron_taas.services.taas.tap_mirror_plugin [None req-bb87abd5-3ca1-42f6-b616-ce19b236621b 2e16db0728e042e2a8a5c319c84b38ce 82e952d5e22849d2beae602ff6c12857 - - default default] Tap Mirror: Handle Delete Port: f8eab01e-0057-4768-9d60-1ccb132efca8
2026-05-06 15:32:43.991 7 INFO neutron_taas.services.taas.taas_plugin [None req-7bdc9bef-66e0-4997-bdef-7732bf4df012 963ec6f418c146d6a7762b1ace84f169 d1fbb0dd3c3c447eafdcfb7753400e69 - - default default] TaaS: Handle Delete Port: 6c01b719-c0a9-43d9-bf8d-4f3d37b615f6
2026-05-06 15:32:43.996 7 INFO neutron_taas.services.taas.tap_mirror_plugin [None req-7bdc9bef-66e0-4997-bdef-7732bf4df012 963ec6f418c146d6a7762b1ace84f169 d1fbb0dd3c3c447eafdcfb7753400e69 - - default default] Tap Mirror: Handle Delete Port: 6c01b719-c0a9-43d9-bf8d-4f3d37b615f6 [pid: 8|app: 0|req: 831/1549] 10.0.0.33 () {32 vars in 731 bytes} [Wed May 6 15:32:43 2026] DELETE /v2.0/floatingips/edb41d76-608f-4da7-8ab8-4f50eba520e6 => generated 0 bytes in 330 msecs (HTTP/1.1 204) 2 headers in 112 bytes (1 switches on core 0)
2026-05-06 15:32:44.186 8 WARNING neutron.db.securitygroups_db [None req-c3e70954-abb8-49a1-be1c-4807340483c4 8e89cf70b7ab49ae918991ec7b09f5da 2782134ad02c461191044a18eeae2462 - - default default] project_id key not found in filters, using tenant_id instead. This support has been deprecated and will be removed in a future release.
2026-05-06 15:32:44.209 7 INFO neutron.services.segments.plugin [-] Segment b3d5f6d1-1f18-46a4-bd1d-8a8383f0144a resource provider aggregate not found
2026-05-06 15:32:44.215 7 INFO neutron.services.segments.plugin [-] Segment b3d5f6d1-1f18-46a4-bd1d-8a8383f0144a resource provider aggregate not found [pid: 8|app: 0|req: 832/1550] 10.0.0.33 () {32 vars in 773 bytes} [Wed May 6 15:32:44 2026] GET /v2.0/security-groups?tenant_id=da6af2aa86ae401f99387fe1e9165b6b&name=default => generated 2925 bytes in 183 msecs (HTTP/1.1 200) 4 headers in 158 bytes (1 switches on core 0)
2026-05-06 15:32:44.234 7 INFO neutron.services.segments.plugin [-] Segment b3d5f6d1-1f18-46a4-bd1d-8a8383f0144a resource provider not found; error: Placement Client Error (4xx): {"errors": [{"status": 404, "title": "Not Found", "detail": "The resource could not be found.\n\n No resource provider with uuid b3d5f6d1-1f18-46a4-bd1d-8a8383f0144a found for delete ", "request_id": "req-634dc083-52c8-4985-9193-88e45f1be160"}]}
2026-05-06 15:32:44.246 7 INFO neutron.services.segments.plugin [-] Segment b3d5f6d1-1f18-46a4-bd1d-8a8383f0144a resource provider not found; error: Placement Client Error (4xx): {"errors": [{"status": 404, "title": "Not Found", "detail": "The resource could not be found.\n\n No resource provider with uuid b3d5f6d1-1f18-46a4-bd1d-8a8383f0144a found for delete ", "request_id": "req-1d7621a9-6f75-468f-873f-70634afa8434"}]} [pid: 7|app: 0|req: 719/1551] 10.0.0.33 () {32 vars in 725 bytes} [Wed May 6 15:32:43 2026] DELETE /v2.0/networks/5e8bf466-f9cd-4526-b678-c62944628e0d => generated 0 bytes in 399 msecs (HTTP/1.1 204) 3 headers in 131 bytes (1 switches on core 0) [pid: 8|app: 0|req: 833/1552] 10.0.0.200 () {34 vars in 982 bytes} [Wed May 6 15:32:44 2026] GET /v2.0/networks?id=5d84d965-9fc8-4f77-8134-18da0f68b27a => generated 714 bytes in 56 msecs (HTTP/1.1 200) 4 headers in 157 bytes (1 switches on core 0)
2026-05-06 15:32:44.395 7 INFO neutron_taas.services.taas.taas_plugin [None req-463da0a2-93f3-436d-a9b9-918c52f3e735 2e16db0728e042e2a8a5c319c84b38ce 82e952d5e22849d2beae602ff6c12857 - - default default] TaaS: Handle Delete Port: 3be7ac87-5625-4d41-a1dc-e686add452fa
2026-05-06 15:32:44.398 7 INFO neutron_taas.services.taas.tap_mirror_plugin [None req-463da0a2-93f3-436d-a9b9-918c52f3e735 2e16db0728e042e2a8a5c319c84b38ce 82e952d5e22849d2beae602ff6c12857 - - default default] Tap Mirror: Handle Delete Port: 3be7ac87-5625-4d41-a1dc-e686add452fa [pid: 8|app: 0|req: 834/1553] 10.0.0.33 () {32 vars in 739 bytes} [Wed May 6 15:32:44 2026] DELETE /v2.0/security-groups/ab9513b9-0b74-4fb7-9f92-fd85b4742745 => generated 0 bytes in 129 msecs (HTTP/1.1 204) 2 headers in 112 bytes (1 switches on core 0) [pid: 7|app: 0|req: 720/1554] 10.0.0.33 () {32 vars in 731 bytes} [Wed May 6 15:32:44 2026] DELETE /v2.0/floatingips/b8c3f0fb-4d4c-4546-8189-eb752bcd9950 => generated 0 bytes in 300 msecs (HTTP/1.1 204) 2 headers in 112 bytes (1 switches on core 0) [pid: 7|app: 0|req: 721/1555] 10.0.0.200 () {34 vars in 965 bytes} [Wed May 6 15:32:44 2026] GET /v2.0/quotas/6b8000df15924fb986e809330554ff62 => generated 292 bytes in 13 msecs (HTTP/1.1 200) 4 headers in 157 bytes (1 switches on core 0)
2026-05-06 15:32:44.601 8 WARNING neutron.scheduler.dhcp_agent_scheduler [None req-de620823-450c-463e-bd88-d544b7ffedef 963ec6f418c146d6a7762b1ace84f169 d1fbb0dd3c3c447eafdcfb7753400e69 - - default default] No more DHCP agents
2026-05-06 15:32:44.602 8 WARNING neutron.api.rpc.agentnotifiers.dhcp_rpc_agent_api [None req-de620823-450c-463e-bd88-d544b7ffedef 963ec6f418c146d6a7762b1ace84f169 d1fbb0dd3c3c447eafdcfb7753400e69 - - default default] Unable to schedule network cf035b65-6c36-4203-b3ea-d3bd64d8352a: no agents available; will retry on subsequent port and subnet creation events.
2026-05-06 15:32:44.644 7 INFO neutron.plugins.ml2.drivers.ovn.mech_driver.mech_driver [None req-7bf2d68a-1fb7-4821-ad58-a27077624ac2 - - - - - -] OVN reports status down for port: 6777f349-1f64-4902-b91a-7b5f9c71d55a
2026-05-06 15:32:44.660 8 INFO neutron.db.ovn_revision_numbers_db [None req-de620823-450c-463e-bd88-d544b7ffedef 963ec6f418c146d6a7762b1ace84f169 d1fbb0dd3c3c447eafdcfb7753400e69 - - default default] Successfully bumped revision number for resource 6777f349-1f64-4902-b91a-7b5f9c71d55a (type: ports) to 1 [pid: 8|app: 0|req: 835/1556] 10.0.0.33 () {34 vars in 664 bytes} [Wed May 6 15:32:44 2026] POST /v2.0/ports => generated 774 bytes in 287 msecs (HTTP/1.1 201) 4 headers in 162 bytes (1 switches on core 0) /var/lib/openstack/lib/python3.12/site-packages/pycadf/identifier.py:70: UserWarning: Invalid uuid: neutron. To ensure interoperability, identifiers should be a valid uuid. warnings.warn(('Invalid uuid: %s. To ensure interoperability, '
2026-05-06 15:32:44.746 7 INFO neutron_taas.services.taas.taas_plugin [None req-4649824f-99b7-49e0-bafa-32c772535f68 2e16db0728e042e2a8a5c319c84b38ce 82e952d5e22849d2beae602ff6c12857 - - default default] TaaS: Handle Delete Port: 12806d7d-1d0f-419b-aa6f-f61285530ac7
2026-05-06 15:32:44.749 7 INFO neutron_taas.services.taas.tap_mirror_plugin [None req-4649824f-99b7-49e0-bafa-32c772535f68 2e16db0728e042e2a8a5c319c84b38ce 82e952d5e22849d2beae602ff6c12857 - - default default] Tap Mirror: Handle Delete Port: 12806d7d-1d0f-419b-aa6f-f61285530ac7 [pid: 8|app: 0|req: 836/1557] 10.0.0.200 () {34 vars in 1002 bytes} [Wed May 6 15:32:44 2026] GET /v2.0/ports?tenant_id=6b8000df15924fb986e809330554ff62&fields=id => generated 103 bytes in 58 msecs (HTTP/1.1 200) 4 headers in 157 bytes (1 switches on core 0) [pid: 7|app: 0|req: 722/1558] 10.0.0.33 () {32 vars in 731 bytes} [Wed May 6 15:32:44 2026] DELETE /v2.0/floatingips/15362e2e-53b8-4324-9689-8f37ebdd9cce => generated 0 bytes in 292 msecs (HTTP/1.1 204) 2 headers in 112 bytes (1 switches on core 0)
2026-05-06 15:32:44.928 7 INFO neutron.plugins.ml2.drivers.ovn.mech_driver.mech_driver [None req-7bf2d68a-1fb7-4821-ad58-a27077624ac2 - - - - - -] OVN reports status down for port: 6777f349-1f64-4902-b91a-7b5f9c71d55a [pid: 7|app: 0|req: 723/1559] 10.0.0.200 () {34 vars in 1008 bytes} [Wed May 6 15:32:44 2026] GET /v2.0/networks/5d84d965-9fc8-4f77-8134-18da0f68b27a?fields=segments => generated 14 bytes in 66 msecs (HTTP/1.1 200) 4 headers in 156 bytes (1 switches on core 0)
