2026-05-06 15:34:27.229 7 INFO neutron.db.ovn_revision_numbers_db [None req-bf5f933b-7adb-4395-84f7-e1e789e85c62 8f5dad96ddff4169b3a2c76b8987cb31 7c20ac594ca54332add17d15d5757b5f - - default default] Successfully bumped revision number for resource f1fbb211-b39d-4a1f-9be7-37beb89a5e85 (type: networks) to 1
2026-05-06 15:34:27.293 8 INFO neutron.db.ovn_revision_numbers_db [None req-cea71121-550f-42bb-a9a8-6e3edd870233 8ad093f403344eaa842a27e3694615ca 27126ff5516b4313a0ef64cd5d328be6 - - default default] Successfully bumped revision number for resource afe118b1-235f-4b44-9ff2-cb079daf297b (type: router_ports) to 1 [pid: 8|app: 0|req: 1199/2302] 10.0.0.33 () {34 vars in 782 bytes} [Wed May 6 15:34:25 2026] PUT /v2.0/routers/4110cd68-6a1e-4d9f-a517-0ca1133295ee/add_router_interface => generated 310 bytes in 1409 msecs (HTTP/1.1 200) 4 headers in 157 bytes (1 switches on core 0) [pid: 8|app: 0|req: 1200/2303] 10.0.0.33 () {32 vars in 716 bytes} [Wed May 6 15:34:27 2026] GET /v2.0/ports/afe118b1-235f-4b44-9ff2-cb079daf297b => generated 941 bytes in 29 msecs (HTTP/1.1 200) 4 headers in 157 bytes (1 switches on core 0) [pid: 8|app: 0|req: 1201/2304] 10.0.0.33 () {32 vars in 716 bytes} [Wed May 6 15:34:27 2026] GET /v2.0/ports/afe118b1-235f-4b44-9ff2-cb079daf297b => generated 941 bytes in 27 msecs (HTTP/1.1 200) 4 headers in 157 bytes (1 switches on core 0)
2026-05-06 15:34:27.433 7 WARNING neutron.scheduler.dhcp_agent_scheduler [None req-bf5f933b-7adb-4395-84f7-e1e789e85c62 8f5dad96ddff4169b3a2c76b8987cb31 7c20ac594ca54332add17d15d5757b5f - - default default] No more DHCP agents
2026-05-06 15:34:27.435 7 WARNING neutron.api.rpc.agentnotifiers.dhcp_rpc_agent_api [None req-bf5f933b-7adb-4395-84f7-e1e789e85c62 8f5dad96ddff4169b3a2c76b8987cb31 7c20ac594ca54332add17d15d5757b5f - - default default] Unable to schedule network f1fbb211-b39d-4a1f-9be7-37beb89a5e85: no agents available; will retry on subsequent port and subnet creation events.
2026-05-06 15:34:27.524 7 INFO neutron.db.ovn_revision_numbers_db [None req-bf5f933b-7adb-4395-84f7-e1e789e85c62 8f5dad96ddff4169b3a2c76b8987cb31 7c20ac594ca54332add17d15d5757b5f - - default default] Successfully bumped revision number for resource 489cff83-a1d0-441b-b6ec-c5d43e7a764e (type: ports) to 1 [pid: 7|app: 0|req: 1104/2305] 10.0.0.33 () {34 vars in 669 bytes} [Wed May 6 15:34:27 2026] POST /v2.0/networks => generated 670 bytes in 530 msecs (HTTP/1.1 201) 4 headers in 162 bytes (1 switches on core 0)
2026-05-06 15:34:27.724 8 WARNING neutron.scheduler.dhcp_agent_scheduler [None req-d2c8cef4-fa31-4ad3-8b71-584d4fa74229 8f5dad96ddff4169b3a2c76b8987cb31 7c20ac594ca54332add17d15d5757b5f - - default default] No more DHCP agents
2026-05-06 15:34:27.725 8 WARNING neutron.api.rpc.agentnotifiers.dhcp_rpc_agent_api [None req-d2c8cef4-fa31-4ad3-8b71-584d4fa74229 8f5dad96ddff4169b3a2c76b8987cb31 7c20ac594ca54332add17d15d5757b5f - - default default] Unable to schedule network f1fbb211-b39d-4a1f-9be7-37beb89a5e85: no agents available; will retry on subsequent port and subnet creation events.
2026-05-06 15:34:27.743 7 WARNING neutron.plugins.ml2.drivers.ovn.mech_driver.ovsdb.ovn_client [None req-f013de8c-7701-4167-91e6-df71da77b306 - - - - - -] No port found with ID 2d377432-7eda-4927-b0a5-32e65292d767: RuntimeError: No port found with ID 2d377432-7eda-4927-b0a5-32e65292d767
2026-05-06 15:34:27.761 7 INFO neutron.plugins.ml2.drivers.ovn.mech_driver.mech_driver [None req-f013de8c-7701-4167-91e6-df71da77b306 - - - - - -] OVN reports status down for port: c095f13e-7d36-4217-90c3-646ee629cb5a
2026-05-06 15:34:27.803 8 INFO neutron.db.ovn_revision_numbers_db [None req-d2c8cef4-fa31-4ad3-8b71-584d4fa74229 8f5dad96ddff4169b3a2c76b8987cb31 7c20ac594ca54332add17d15d5757b5f - - default default] Successfully bumped revision number for resource 9a126a13-9f0d-44fd-a6c2-54c116c01709 (type: ports) to 1 [pid: 8|app: 0|req: 1202/2306] 10.0.0.33 () {34 vars in 663 bytes} [Wed May 6 15:34:27 2026] POST /v2.0/ports => generated 743 bytes in 287 msecs (HTTP/1.1 201) 4 headers in 162 bytes (1 switches on core 0)
2026-05-06 15:34:27.839 7 INFO neutron.plugins.ml2.drivers.ovn.mech_driver.mech_driver [None req-f013de8c-7701-4167-91e6-df71da77b306 - - - - - -] OVN reports status down for port: 8787c8a5-6c1b-4e50-aa53-10fca69824d4
2026-05-06 15:34:27.937 7 INFO neutron.plugins.ml2.drivers.ovn.mech_driver.mech_driver [None req-f013de8c-7701-4167-91e6-df71da77b306 - - - - - -] OVN reports status down for port: d2e9ab47-5f49-48c5-bbd6-162103ff98ce
2026-05-06 15:34:28.027 7 INFO neutron.plugins.ml2.drivers.ovn.mech_driver.mech_driver [None req-f013de8c-7701-4167-91e6-df71da77b306 - - - - - -] OVN reports status down for port: 0240ef50-2c54-43bf-b508-0642f43c5bdf [pid: 7|app: 0|req: 1105/2307] 10.0.0.33 () {34 vars in 665 bytes} [Wed May 6 15:34:27 2026] POST /v2.0/trunks => generated 409 bytes in 255 msecs (HTTP/1.1 201) 4 headers in 162 bytes (1 switches on core 0) /var/lib/openstack/lib/python3.12/site-packages/pycadf/identifier.py:70: UserWarning: Invalid uuid: neutron. To ensure interoperability, identifiers should be a valid uuid. warnings.warn(('Invalid uuid: %s. To ensure interoperability, '
2026-05-06 15:34:28.110 7 INFO neutron.plugins.ml2.drivers.ovn.mech_driver.mech_driver [None req-f013de8c-7701-4167-91e6-df71da77b306 - - - - - -] OVN reports status down for port: afe118b1-235f-4b44-9ff2-cb079daf297b
2026-05-06 15:34:28.114 8 WARNING tagging [None req-f3dd4fea-c6f1-4fc1-ae55-ae43bc0cd832 8f5dad96ddff4169b3a2c76b8987cb31 7c20ac594ca54332add17d15d5757b5f - - default default] project_id key not found in request, using tenant_id instead. This support has been deprecated and will be removed in a future release. [pid: 8|app: 0|req: 1203/2308] 10.0.0.33 () {34 vars in 748 bytes} [Wed May 6 15:34:28 2026] PUT /v2.0/trunks/c1341f1e-97b1-4b0f-835c-344ca28c7aa2/tags => generated 17 bytes in 32 msecs (HTTP/1.1 200) 4 headers in 156 bytes (1 switches on core 0)
2026-05-06 15:34:28.165 7 WARNING tagging [None req-486b0cfa-46ea-4215-bf85-f4205282cb41 8f5dad96ddff4169b3a2c76b8987cb31 7c20ac594ca54332add17d15d5757b5f - - default default] project_id key not found in request, using tenant_id instead. This support has been deprecated and will be removed in a future release.
2026-05-06 15:34:28.170 7 WARNING neutron.plugins.ml2.drivers.ovn.mech_driver.ovsdb.ovn_client [None req-f013de8c-7701-4167-91e6-df71da77b306 - - - - - -] Logical_Switch_Port afe118b1-235f-4b44-9ff2-cb079daf297b host information not removed, the port state is up
2026-05-06 15:34:28.170 7 INFO neutron.plugins.ml2.drivers.ovn.mech_driver.mech_driver [None req-f013de8c-7701-4167-91e6-df71da77b306 - - - - - -] OVN reports status down for port: 641ae1d0-4b8b-4c1a-ac82-46459fd1a3f5 [pid: 7|app: 0|req: 1106/2309] 10.0.0.33 () {34 vars in 748 bytes} [Wed May 6 15:34:28 2026] PUT /v2.0/trunks/8ae4655a-e24f-41fb-b8b1-d590fb76ba9a/tags => generated 25 bytes in 66 msecs (HTTP/1.1 200) 4 headers in 156 bytes (1 switches on core 0)
2026-05-06 15:34:28.222 8 WARNING tagging [None req-5f5b016f-704d-4e20-b835-32f1a3eee38d 8f5dad96ddff4169b3a2c76b8987cb31 7c20ac594ca54332add17d15d5757b5f - - default default] project_id key not found in request, using tenant_id instead. This support has been deprecated and will be removed in a future release. [pid: 8|app: 0|req: 1204/2310] 10.0.0.33 () {34 vars in 748 bytes} [Wed May 6 15:34:28 2026] PUT /v2.0/trunks/939affad-cb8e-4d08-876b-b6d00c3122e6/tags => generated 34 bytes in 30 msecs (HTTP/1.1 200) 4 headers in 156 bytes (1 switches on core 0)
2026-05-06 15:34:28.241 7 INFO neutron.plugins.ml2.drivers.ovn.mech_driver.mech_driver [None req-f013de8c-7701-4167-91e6-df71da77b306 - - - - - -] OVN reports status up for port: afe118b1-235f-4b44-9ff2-cb079daf297b
2026-05-06 15:34:28.261 7 WARNING tagging [None req-4b014e9f-8456-48c2-97df-22ddb28e268a 8f5dad96ddff4169b3a2c76b8987cb31 7c20ac594ca54332add17d15d5757b5f - - default default] project_id key not found in request, using tenant_id instead. This support has been deprecated and will be removed in a future release.
2026-05-06 15:34:28.264 7 INFO neutron.plugins.ml2.plugin [None req-f013de8c-7701-4167-91e6-df71da77b306 - - - - - -] Attempt 1 to provision port afe118b1-235f-4b44-9ff2-cb079daf297b [pid: 7|app: 0|req: 1107/2311] 10.0.0.33 () {34 vars in 748 bytes} [Wed May 6 15:34:28 2026] PUT /v2.0/trunks/d6b04b85-7fe1-4518-b1c4-d2d6b5232fab/tags => generated 19 bytes in 48 msecs (HTTP/1.1 200) 4 headers in 156 bytes (1 switches on core 0) [pid: 8|app: 0|req: 1205/2312] 10.0.0.33 () {32 vars in 661 bytes} [Wed May 6 15:34:28 2026] GET /v2.0/trunks?tags=red => generated 1252 bytes in 18 msecs (HTTP/1.1 200) 4 headers in 158 bytes (1 switches on core 0) [pid: 7|app: 0|req: 1108/2313] 10.0.0.33 () {32 vars in 675 bytes} [Wed May 6 15:34:28 2026] GET /v2.0/trunks?tags=red%2Cblue => generated 847 bytes in 40 msecs (HTTP/1.1 200) 4 headers in 157 bytes (1 switches on core 0) [pid: 8|app: 0|req: 1206/2314] 10.0.0.33 () {32 vars in 671 bytes} [Wed May 6 15:34:28 2026] GET /v2.0/trunks?tags-any=blue => generated 847 bytes in 17 msecs (HTTP/1.1 200) 4 headers in 157 bytes (1 switches on core 0) [pid: 8|app: 0|req: 1207/2315] 10.0.0.33 () {32 vars in 683 bytes} [Wed May 6 15:34:28 2026] GET /v2.0/trunks?tags-any=red%2Cblue => generated 1252 bytes in 15 msecs (HTTP/1.1 200) 4 headers in 158 bytes (1 switches on core 0) [pid: 8|app: 0|req: 1208/2316] 10.0.0.33 () {32 vars in 669 bytes} [Wed May 6 15:34:28 2026] GET /v2.0/trunks?not-tags=red => generated 819 bytes in 15 msecs (HTTP/1.1 200) 4 headers in 157 bytes (1 switches on core 0) [pid: 8|app: 0|req: 1209/2317] 10.0.0.33 () {32 vars in 683 bytes} [Wed May 6 15:34:28 2026] GET /v2.0/trunks?not-tags=red%2Cblue => generated 1224 bytes in 17 msecs (HTTP/1.1 200) 4 headers in 158 bytes (1 switches on core 0) [pid: 8|app: 0|req: 1210/2318] 10.0.0.33 () {32 vars in 679 bytes} [Wed May 6 15:34:28 2026] GET /v2.0/trunks?not-tags-any=blue => generated 1224 bytes in 16 msecs (HTTP/1.1 200) 4 headers in 158 bytes (1 switches on core 0) [pid: 8|app: 0|req: 1211/2319] 10.0.0.33 () {32 vars in 691 bytes} [Wed May 6 15:34:28 2026] GET /v2.0/trunks?not-tags-any=red%2Cblue => generated 819 bytes in 13 msecs (HTTP/1.1 200) 4 headers in 157 bytes (1 switches on core 0) [pid: 8|app: 0|req: 1212/2320] 10.0.0.33 () {32 vars in 718 bytes} [Wed May 6 15:34:28 2026] GET /v2.0/trunks/c1341f1e-97b1-4b0f-835c-344ca28c7aa2 => generated 414 bytes in 12 msecs (HTTP/1.1 200) 4 headers in 157 bytes (1 switches on core 0) [pid: 7|app: 0|req: 1109/2321] 10.0.0.33 () {32 vars in 716 bytes} [Wed May 6 15:34:28 2026] GET /v2.0/ports/afe118b1-235f-4b44-9ff2-cb079daf297b => generated 941 bytes in 151 msecs (HTTP/1.1 200) 4 headers in 157 bytes (1 switches on core 0) [pid: 8|app: 0|req: 1213/2322] 10.0.0.33 () {32 vars in 716 bytes} [Wed May 6 15:34:28 2026] GET /v2.0/ports/c095f13e-7d36-4217-90c3-646ee629cb5a => generated 826 bytes in 74 msecs (HTTP/1.1 200) 4 headers in 157 bytes (1 switches on core 0) [pid: 7|app: 0|req: 1110/2323] 10.0.0.33 () {32 vars in 721 bytes} [Wed May 6 15:34:28 2026] DELETE /v2.0/trunks/c1341f1e-97b1-4b0f-835c-344ca28c7aa2 => generated 0 bytes in 185 msecs (HTTP/1.1 204) 2 headers in 112 bytes (1 switches on core 0) [pid: 8|app: 0|req: 1214/2324] 10.0.0.33 () {32 vars in 718 bytes} [Wed May 6 15:34:28 2026] GET /v2.0/trunks/8ae4655a-e24f-41fb-b8b1-d590fb76ba9a => generated 422 bytes in 16 msecs (HTTP/1.1 200) 4 headers in 157 bytes (1 switches on core 0)
2026-05-06 15:34:28.917 7 INFO neutron.db.ovn_revision_numbers_db [None req-f013de8c-7701-4167-91e6-df71da77b306 - - - - - -] Successfully bumped revision number for resource afe118b1-235f-4b44-9ff2-cb079daf297b (type: ports) to 2 [pid: 7|app: 0|req: 1111/2325] 10.0.0.33 () {32 vars in 716 bytes} [Wed May 6 15:34:28 2026] GET /v2.0/ports/8787c8a5-6c1b-4e50-aa53-10fca69824d4 => generated 826 bytes in 164 msecs (HTTP/1.1 200) 4 headers in 157 bytes (1 switches on core 0) [pid: 8|app: 0|req: 1215/2326] 10.0.0.33 () {32 vars in 721 bytes} [Wed May 6 15:34:28 2026] DELETE /v2.0/trunks/8ae4655a-e24f-41fb-b8b1-d590fb76ba9a => generated 0 bytes in 68 msecs (HTTP/1.1 204) 2 headers in 112 bytes (1 switches on core 0) [pid: 8|app: 0|req: 1216/2327] 10.0.0.33 () {32 vars in 718 bytes} [Wed May 6 15:34:29 2026] GET /v2.0/trunks/939affad-cb8e-4d08-876b-b6d00c3122e6 => generated 431 bytes in 12 msecs (HTTP/1.1 200) 4 headers in 157 bytes (1 switches on core 0) [pid: 8|app: 0|req: 1217/2328] 10.0.0.33 () {32 vars in 716 bytes} [Wed May 6 15:34:29 2026] GET /v2.0/ports/0240ef50-2c54-43bf-b508-0642f43c5bdf => generated 826 bytes in 57 msecs (HTTP/1.1 200) 4 headers in 157 bytes (1 switches on core 0) [pid: 8|app: 0|req: 1218/2329] 10.0.0.33 () {32 vars in 721 bytes} [Wed May 6 15:34:29 2026] DELETE /v2.0/trunks/939affad-cb8e-4d08-876b-b6d00c3122e6 => generated 0 bytes in 48 msecs (HTTP/1.1 204) 2 headers in 112 bytes (1 switches on core 0) [pid: 8|app: 0|req: 1219/2330] 10.0.0.33 () {32 vars in 718 bytes} [Wed May 6 15:34:29 2026] GET /v2.0/trunks/d6b04b85-7fe1-4518-b1c4-d2d6b5232fab => generated 416 bytes in 9 msecs (HTTP/1.1 200) 4 headers in 157 bytes (1 switches on core 0) [pid: 8|app: 0|req: 1220/2331] 10.0.0.33 () {32 vars in 716 bytes} [Wed May 6 15:34:29 2026] GET /v2.0/ports/641ae1d0-4b8b-4c1a-ac82-46459fd1a3f5 => generated 826 bytes in 49 msecs (HTTP/1.1 200) 4 headers in 157 bytes (1 switches on core 0) [pid: 8|app: 0|req: 1221/2332] 10.0.0.33 () {32 vars in 721 bytes} [Wed May 6 15:34:29 2026] DELETE /v2.0/trunks/d6b04b85-7fe1-4518-b1c4-d2d6b5232fab => generated 0 bytes in 62 msecs (HTTP/1.1 204) 2 headers in 112 bytes (1 switches on core 0) [pid: 8|app: 0|req: 1222/2333] 10.0.0.33 () {32 vars in 718 bytes} [Wed May 6 15:34:29 2026] GET /v2.0/trunks/03d86445-1015-47e9-a60a-7f12b9138e02 => generated 409 bytes in 16 msecs (HTTP/1.1 200) 4 headers in 157 bytes (1 switches on core 0)
2026-05-06 15:34:29.312 7 INFO neutron.db.ovn_revision_numbers_db [None req-b6da4ea3-2255-411a-a23f-2ff6f101b637 25afa7e909a441728458d22f9898ee68 63633338db2c49c1b292aa38305ef64f - - default default] Successfully bumped revision number for resource 078753fb-2d84-4616-98b6-597905a08f9f (type: security_groups) to 1
2026-05-06 15:34:29.322 7 INFO neutron.db.ovn_revision_numbers_db [None req-b6da4ea3-2255-411a-a23f-2ff6f101b637 25afa7e909a441728458d22f9898ee68 63633338db2c49c1b292aa38305ef64f - - default default] Successfully bumped revision number for resource 649b7200-f8c0-4130-820a-5f0cf7482279 (type: security_group_rules) to 0
2026-05-06 15:34:29.332 7 INFO neutron.db.ovn_revision_numbers_db [None req-b6da4ea3-2255-411a-a23f-2ff6f101b637 25afa7e909a441728458d22f9898ee68 63633338db2c49c1b292aa38305ef64f - - default default] Successfully bumped revision number for resource d09b9f6c-84f3-47ab-a29b-41dea6932053 (type: security_group_rules) to 0
2026-05-06 15:34:29.343 7 INFO neutron.db.ovn_revision_numbers_db [None req-b6da4ea3-2255-411a-a23f-2ff6f101b637 25afa7e909a441728458d22f9898ee68 63633338db2c49c1b292aa38305ef64f - - default default] Successfully bumped revision number for resource faaf9a28-7615-43f9-8d21-3629095b4db9 (type: security_group_rules) to 0 [pid: 8|app: 0|req: 1223/2334] 10.0.0.33 () {32 vars in 716 bytes} [Wed May 6 15:34:29 2026] GET /v2.0/ports/9a126a13-9f0d-44fd-a6c2-54c116c01709 => generated 826 bytes in 43 msecs (HTTP/1.1 200) 4 headers in 157 bytes (1 switches on core 0)
2026-05-06 15:34:29.359 7 INFO neutron.db.ovn_revision_numbers_db [None req-b6da4ea3-2255-411a-a23f-2ff6f101b637 25afa7e909a441728458d22f9898ee68 63633338db2c49c1b292aa38305ef64f - - default default] Successfully bumped revision number for resource fc703a94-c9f0-44a5-870f-464049ba382b (type: security_group_rules) to 0 [pid: 8|app: 0|req: 1224/2335] 10.0.0.33 () {32 vars in 721 bytes} [Wed May 6 15:34:29 2026] DELETE /v2.0/trunks/03d86445-1015-47e9-a60a-7f12b9138e02 => generated 0 bytes in 50 msecs (HTTP/1.1 204) 2 headers in 112 bytes (1 switches on core 0)
2026-05-06 15:34:29.427 7 INFO neutron.db.segments_db [None req-b6da4ea3-2255-411a-a23f-2ff6f101b637 25afa7e909a441728458d22f9898ee68 63633338db2c49c1b292aa38305ef64f - - default default] Added segment 91e68327-e5f4-41e0-b5d5-fb1f16b6f29f of type geneve for network 4252abc2-d662-45cf-993a-5afb7a2ac750
2026-05-06 15:34:29.524 8 INFO neutron_taas.services.taas.taas_plugin [None req-d7f7ada5-602e-48fd-86ae-847ca74833ed 8f5dad96ddff4169b3a2c76b8987cb31 7c20ac594ca54332add17d15d5757b5f - - default default] TaaS: Handle Delete Port: c095f13e-7d36-4217-90c3-646ee629cb5a
2026-05-06 15:34:29.527 8 INFO neutron_taas.services.taas.tap_mirror_plugin [None req-d7f7ada5-602e-48fd-86ae-847ca74833ed 8f5dad96ddff4169b3a2c76b8987cb31 7c20ac594ca54332add17d15d5757b5f - - default default] Tap Mirror: Handle Delete Port: c095f13e-7d36-4217-90c3-646ee629cb5a
2026-05-06 15:34:29.535 7 INFO neutron.db.ovn_revision_numbers_db [None req-b6da4ea3-2255-411a-a23f-2ff6f101b637 25afa7e909a441728458d22f9898ee68 63633338db2c49c1b292aa38305ef64f - - default default] Successfully bumped revision number for resource 4252abc2-d662-45cf-993a-5afb7a2ac750 (type: networks) to 1 [pid: 8|app: 0|req: 1225/2336] 10.0.0.33 () {32 vars in 719 bytes} [Wed May 6 15:34:29 2026] DELETE /v2.0/ports/c095f13e-7d36-4217-90c3-646ee629cb5a => generated 0 bytes in 219 msecs (HTTP/1.1 204) 3 headers in 131 bytes (1 switches on core 0) [pid: 8|app: 0|req: 1226/2337] 10.0.0.33 () {32 vars in 716 bytes} [Wed May 6 15:34:29 2026] GET /v2.0/ports/afe118b1-235f-4b44-9ff2-cb079daf297b => generated 943 bytes in 29 msecs (HTTP/1.1 200) 4 headers in 157 bytes (1 switches on core 0)
2026-05-06 15:34:29.720 7 WARNING neutron.scheduler.dhcp_agent_scheduler [None req-b6da4ea3-2255-411a-a23f-2ff6f101b637 25afa7e909a441728458d22f9898ee68 63633338db2c49c1b292aa38305ef64f - - default default] No more DHCP agents
2026-05-06 15:34:29.721 7 WARNING neutron.api.rpc.agentnotifiers.dhcp_rpc_agent_api [None req-b6da4ea3-2255-411a-a23f-2ff6f101b637 25afa7e909a441728458d22f9898ee68 63633338db2c49c1b292aa38305ef64f - - default default] Unable to schedule network 4252abc2-d662-45cf-993a-5afb7a2ac750: no agents available; will retry on subsequent port and subnet creation events.
2026-05-06 15:34:29.790 8 INFO neutron.plugins.ml2.drivers.ovn.mech_driver.mech_driver [None req-e07a5026-ece7-46ac-9d76-531eea6999ab - - - - - -] OVN reports status down for port: 0ac9ae4d-281d-4318-ae15-bb1a8bf79207
2026-05-06 15:34:29.798 7 INFO neutron.db.ovn_revision_numbers_db [None req-b6da4ea3-2255-411a-a23f-2ff6f101b637 25afa7e909a441728458d22f9898ee68 63633338db2c49c1b292aa38305ef64f - - default default] Successfully bumped revision number for resource 0ac9ae4d-281d-4318-ae15-bb1a8bf79207 (type: ports) to 1 [pid: 7|app: 0|req: 1112/2338] 10.0.0.33 () {34 vars in 669 bytes} [Wed May 6 15:34:29 2026] POST /v2.0/networks => generated 669 bytes in 804 msecs (HTTP/1.1 201) 4 headers in 162 bytes (1 switches on core 0)
2026-05-06 15:34:29.837 8 INFO neutron_taas.services.taas.taas_plugin [None req-40e9bbd3-4b40-4625-ac7a-020ff78d5a22 8f5dad96ddff4169b3a2c76b8987cb31 7c20ac594ca54332add17d15d5757b5f - - default default] TaaS: Handle Delete Port: 8787c8a5-6c1b-4e50-aa53-10fca69824d4
2026-05-06 15:34:29.841 8 INFO neutron_taas.services.taas.tap_mirror_plugin [None req-40e9bbd3-4b40-4625-ac7a-020ff78d5a22 8f5dad96ddff4169b3a2c76b8987cb31 7c20ac594ca54332add17d15d5757b5f - - default default] Tap Mirror: Handle Delete Port: 8787c8a5-6c1b-4e50-aa53-10fca69824d4 [pid: 8|app: 0|req: 1227/2339] 10.0.0.33 () {32 vars in 719 bytes} [Wed May 6 15:34:29 2026] DELETE /v2.0/ports/8787c8a5-6c1b-4e50-aa53-10fca69824d4 => generated 0 bytes in 314 msecs (HTTP/1.1 204) 3 headers in 131 bytes (1 switches on core 0)
2026-05-06 15:34:30.064 7 INFO neutron_taas.services.taas.taas_plugin [None req-1146201a-e190-4e17-98d6-6c9a812e610b 8ad093f403344eaa842a27e3694615ca 27126ff5516b4313a0ef64cd5d328be6 - - default default] TaaS: Handle Delete Port: afe118b1-235f-4b44-9ff2-cb079daf297b
2026-05-06 15:34:30.079 7 INFO neutron_taas.services.taas.tap_mirror_plugin [None req-1146201a-e190-4e17-98d6-6c9a812e610b 8ad093f403344eaa842a27e3694615ca 27126ff5516b4313a0ef64cd5d328be6 - - default default] Tap Mirror: Handle Delete Port: afe118b1-235f-4b44-9ff2-cb079daf297b
2026-05-06 15:34:30.171 8 WARNING neutron.scheduler.dhcp_agent_scheduler [None req-0d51b844-85b8-4691-8a8a-c3d584cc599f 25afa7e909a441728458d22f9898ee68 63633338db2c49c1b292aa38305ef64f - - default default] No more DHCP agents
2026-05-06 15:34:30.172 8 WARNING neutron.api.rpc.agentnotifiers.dhcp_rpc_agent_api [None req-0d51b844-85b8-4691-8a8a-c3d584cc599f 25afa7e909a441728458d22f9898ee68 63633338db2c49c1b292aa38305ef64f - - default default] Unable to schedule network 4252abc2-d662-45cf-993a-5afb7a2ac750: no agents available; will retry on subsequent port and subnet creation events. [pid: 7|app: 0|req: 1113/2340] 10.0.0.33 () {34 vars in 788 bytes} [Wed May 6 15:34:29 2026] PUT /v2.0/routers/4110cd68-6a1e-4d9f-a517-0ca1133295ee/remove_router_interface => generated 310 bytes in 492 msecs (HTTP/1.1 200) 4 headers in 157 bytes (1 switches on core 0) /var/lib/openstack/lib/python3.12/site-packages/pycadf/identifier.py:70: UserWarning: Invalid uuid: neutron. To ensure interoperability, identifiers should be a valid uuid. warnings.warn(('Invalid uuid: %s. To ensure interoperability, '
2026-05-06 15:34:30.419 7 INFO neutron_taas.services.taas.taas_plugin [None req-18bb3920-9c83-4f98-83ad-7e89c57e032e 8f5dad96ddff4169b3a2c76b8987cb31 7c20ac594ca54332add17d15d5757b5f - - default default] TaaS: Handle Delete Port: 0240ef50-2c54-43bf-b508-0642f43c5bdf
2026-05-06 15:34:30.423 7 INFO neutron_taas.services.taas.tap_mirror_plugin [None req-18bb3920-9c83-4f98-83ad-7e89c57e032e 8f5dad96ddff4169b3a2c76b8987cb31 7c20ac594ca54332add17d15d5757b5f - - default default] Tap Mirror: Handle Delete Port: 0240ef50-2c54-43bf-b508-0642f43c5bdf [pid: 7|app: 0|req: 1114/2341] 10.0.0.33 () {32 vars in 719 bytes} [Wed May 6 15:34:30 2026] DELETE /v2.0/ports/0240ef50-2c54-43bf-b508-0642f43c5bdf => generated 0 bytes in 219 msecs (HTTP/1.1 204) 3 headers in 131 bytes (1 switches on core 0) [pid: 7|app: 0|req: 1115/2342] 10.0.0.33 () {32 vars in 735 bytes} [Wed May 6 15:34:30 2026] GET /v2.0/ports?device_id=4110cd68-6a1e-4d9f-a517-0ca1133295ee => generated 12 bytes in 15 msecs (HTTP/1.1 200) 4 headers in 156 bytes (1 switches on core 0)
2026-05-06 15:34:30.622 8 INFO neutron.db.ovn_revision_numbers_db [None req-0d51b844-85b8-4691-8a8a-c3d584cc599f 25afa7e909a441728458d22f9898ee68 63633338db2c49c1b292aa38305ef64f - - default default] Successfully bumped revision number for resource 0ac9ae4d-281d-4318-ae15-bb1a8bf79207 (type: ports) to 2
2026-05-06 15:34:30.654 8 INFO neutron.db.ovn_revision_numbers_db [None req-0d51b844-85b8-4691-8a8a-c3d584cc599f 25afa7e909a441728458d22f9898ee68 63633338db2c49c1b292aa38305ef64f - - default default] Successfully bumped revision number for resource 9605fc8e-08ff-49ea-b570-2981eb8588b5 (type: subnets) to 0
2026-05-06 15:34:30.661 7 INFO neutron_taas.services.taas.taas_plugin [None req-213217b6-dd24-4d1d-861a-10ccdb62e243 8f5dad96ddff4169b3a2c76b8987cb31 7c20ac594ca54332add17d15d5757b5f - - default default] TaaS: Handle Delete Port: 641ae1d0-4b8b-4c1a-ac82-46459fd1a3f5
2026-05-06 15:34:30.664 7 INFO neutron_taas.services.taas.tap_mirror_plugin [None req-213217b6-dd24-4d1d-861a-10ccdb62e243 8f5dad96ddff4169b3a2c76b8987cb31 7c20ac594ca54332add17d15d5757b5f - - default default] Tap Mirror: Handle Delete Port: 641ae1d0-4b8b-4c1a-ac82-46459fd1a3f5 [pid: 8|app: 0|req: 1228/2343] 10.0.0.33 () {34 vars in 668 bytes} [Wed May 6 15:34:29 2026] POST /v2.0/subnets => generated 626 bytes in 691 msecs (HTTP/1.1 201) 4 headers in 162 bytes (1 switches on core 0) [pid: 7|app: 0|req: 1116/2344] 10.0.0.33 () {32 vars in 719 bytes} [Wed May 6 15:34:30 2026] DELETE /v2.0/ports/641ae1d0-4b8b-4c1a-ac82-46459fd1a3f5 => generated 0 bytes in 225 msecs (HTTP/1.1 204) 3 headers in 131 bytes (1 switches on core 0)
2026-05-06 15:34:30.851 7 INFO neutron.db.segments_db [None req-864d2186-91bf-4ff7-ad25-1f30966d102e 25afa7e909a441728458d22f9898ee68 63633338db2c49c1b292aa38305ef64f - - default default] Added segment 884141b2-c528-4fbe-abd3-336c3cc264fb of type geneve for network 9d423e9f-8627-43b9-8a7b-78d16200de29 [pid: 8|app: 0|req: 1229/2345] 10.0.0.33 () {32 vars in 723 bytes} [Wed May 6 15:34:30 2026] DELETE /v2.0/routers/4110cd68-6a1e-4d9f-a517-0ca1133295ee => generated 0 bytes in 193 msecs (HTTP/1.1 204) 2 headers in 112 bytes (1 switches on core 0)
2026-05-06 15:34:30.972 7 INFO neutron.db.ovn_revision_numbers_db [None req-864d2186-91bf-4ff7-ad25-1f30966d102e 25afa7e909a441728458d22f9898ee68 63633338db2c49c1b292aa38305ef64f - - default default] Successfully bumped revision number for resource 9d423e9f-8627-43b9-8a7b-78d16200de29 (type: networks) to 1
2026-05-06 15:34:30.991 8 INFO neutron_taas.services.taas.taas_plugin [None req-27666f17-2724-4f0f-9e97-829a545157af 8f5dad96ddff4169b3a2c76b8987cb31 7c20ac594ca54332add17d15d5757b5f - - default default] TaaS: Handle Delete Port: 9a126a13-9f0d-44fd-a6c2-54c116c01709
2026-05-06 15:34:30.995 8 INFO neutron_taas.services.taas.tap_mirror_plugin [None req-27666f17-2724-4f0f-9e97-829a545157af 8f5dad96ddff4169b3a2c76b8987cb31 7c20ac594ca54332add17d15d5757b5f - - default default] Tap Mirror: Handle Delete Port: 9a126a13-9f0d-44fd-a6c2-54c116c01709 [pid: 8|app: 0|req: 1230/2346] 10.0.0.33 () {32 vars in 719 bytes} [Wed May 6 15:34:30 2026] DELETE /v2.0/ports/9a126a13-9f0d-44fd-a6c2-54c116c01709 => generated 0 bytes in 233 msecs (HTTP/1.1 204) 3 headers in 131 bytes (1 switches on core 0)
2026-05-06 15:34:31.149 7 WARNING neutron.scheduler.dhcp_agent_scheduler [None req-864d2186-91bf-4ff7-ad25-1f30966d102e 25afa7e909a441728458d22f9898ee68 63633338db2c49c1b292aa38305ef64f - - default default] No more DHCP agents
2026-05-06 15:34:31.151 7 WARNING neutron.api.rpc.agentnotifiers.dhcp_rpc_agent_api [None req-864d2186-91bf-4ff7-ad25-1f30966d102e 25afa7e909a441728458d22f9898ee68 63633338db2c49c1b292aa38305ef64f - - default default] Unable to schedule network 9d423e9f-8627-43b9-8a7b-78d16200de29: no agents available; will retry on subsequent port and subnet creation events.
2026-05-06 15:34:31.222 8 INFO neutron.plugins.ml2.drivers.ovn.mech_driver.mech_driver [None req-e07a5026-ece7-46ac-9d76-531eea6999ab - - - - - -] OVN reports status down for port: 4ddf8b79-02f8-418a-8e82-6b74191b8a4b
2026-05-06 15:34:31.248 7 INFO neutron.db.ovn_revision_numbers_db [None req-864d2186-91bf-4ff7-ad25-1f30966d102e 25afa7e909a441728458d22f9898ee68 63633338db2c49c1b292aa38305ef64f - - default default] Successfully bumped revision number for resource 4ddf8b79-02f8-418a-8e82-6b74191b8a4b (type: ports) to 1 [pid: 7|app: 0|req: 1117/2347] 10.0.0.33 () {34 vars in 669 bytes} [Wed May 6 15:34:30 2026] POST /v2.0/networks => generated 670 bytes in 501 msecs (HTTP/1.1 201) 4 headers in 162 bytes (1 switches on core 0) [pid: 8|app: 0|req: 1231/2348] 10.0.0.33 () {32 vars in 723 bytes} [Wed May 6 15:34:31 2026] DELETE /v2.0/subnets/9987f5a8-36b8-405a-ab37-e20e9da655b7 => generated 0 bytes in 242 msecs (HTTP/1.1 204) 3 headers in 131 bytes (1 switches on core 0)
2026-05-06 15:34:31.398 7 INFO neutron_taas.services.taas.taas_plugin [None req-a2dd440e-c0c0-47b5-8908-f6d7df94e46e 8f5dad96ddff4169b3a2c76b8987cb31 7c20ac594ca54332add17d15d5757b5f - - default default] TaaS: Handle Delete Port: 98df17b8-cac1-40d1-9b9d-441c61b434e9
2026-05-06 15:34:31.401 7 INFO neutron_taas.services.taas.tap_mirror_plugin [None req-a2dd440e-c0c0-47b5-8908-f6d7df94e46e 8f5dad96ddff4169b3a2c76b8987cb31 7c20ac594ca54332add17d15d5757b5f - - default default] Tap Mirror: Handle Delete Port: 98df17b8-cac1-40d1-9b9d-441c61b434e9
2026-05-06 15:34:31.525 8 WARNING neutron.scheduler.dhcp_agent_scheduler [None req-412f9c63-ed5f-407b-85f3-5cda8443ffcd 25afa7e909a441728458d22f9898ee68 63633338db2c49c1b292aa38305ef64f - - default default] No more DHCP agents
2026-05-06 15:34:31.526 8 WARNING neutron.api.rpc.agentnotifiers.dhcp_rpc_agent_api [None req-412f9c63-ed5f-407b-85f3-5cda8443ffcd 25afa7e909a441728458d22f9898ee68 63633338db2c49c1b292aa38305ef64f - - default default] Unable to schedule network 9d423e9f-8627-43b9-8a7b-78d16200de29: no agents available; will retry on subsequent port and subnet creation events.
2026-05-06 15:34:31.575 7 INFO neutron.services.segments.plugin [-] Segment 07aabdd5-8203-4372-9f8d-59d242877832 resource provider aggregate not found
2026-05-06 15:34:31.580 7 INFO neutron.services.segments.plugin [-] Segment 07aabdd5-8203-4372-9f8d-59d242877832 resource provider aggregate not found
2026-05-06 15:34:31.595 7 INFO neutron.services.segments.plugin [-] Segment 07aabdd5-8203-4372-9f8d-59d242877832 resource provider not found; error: Placement Client Error (4xx): {"errors": [{"status": 404, "title": "Not Found", "detail": "The resource could not be found.\n\n No resource provider with uuid 07aabdd5-8203-4372-9f8d-59d242877832 found for delete ", "request_id": "req-9cebf820-b13c-4117-aee6-19e6c518b5de"}]}
2026-05-06 15:34:31.600 7 INFO neutron.services.segments.plugin [-] Segment 07aabdd5-8203-4372-9f8d-59d242877832 resource provider not found; error: Placement Client Error (4xx): {"errors": [{"status": 404, "title": "Not Found", "detail": "The resource could not be found.\n\n No resource provider with uuid 07aabdd5-8203-4372-9f8d-59d242877832 found for delete ", "request_id": "req-17f7f427-d282-4e53-8f91-bb34a34cbaea"}]} [pid: 7|app: 0|req: 1118/2349] 10.0.0.33 () {32 vars in 725 bytes} [Wed May 6 15:34:31 2026] DELETE /v2.0/networks/50fa7cb7-8704-4c52-bb56-0602688f21a8 => generated 0 bytes in 350 msecs (HTTP/1.1 204) 3 headers in 131 bytes (1 switches on core 0)
2026-05-06 15:34:31.735 7 INFO neutron_taas.services.taas.taas_plugin [None req-21521aae-eef7-4358-bff4-5d1fd4f90baf 8ad093f403344eaa842a27e3694615ca 27126ff5516b4313a0ef64cd5d328be6 - - default default] TaaS: Handle Delete Port: 33194353-1aa5-4b2d-84d3-d6de8420ebd0
2026-05-06 15:34:31.737 7 INFO neutron_taas.services.taas.tap_mirror_plugin [None req-21521aae-eef7-4358-bff4-5d1fd4f90baf 8ad093f403344eaa842a27e3694615ca 27126ff5516b4313a0ef64cd5d328be6 - - default default] Tap Mirror: Handle Delete Port: 33194353-1aa5-4b2d-84d3-d6de8420ebd0 [pid: 7|app: 0|req: 1119/2350] 10.0.0.33 () {32 vars in 725 bytes} [Wed May 6 15:34:31 2026] DELETE /v2.0/networks/6026afd0-d05d-4601-9afc-93b3a907875a => generated 0 bytes in 346 msecs (HTTP/1.1 204) 3 headers in 131 bytes (1 switches on core 0)
2026-05-06 15:34:31.981 8 INFO neutron.db.ovn_revision_numbers_db [None req-412f9c63-ed5f-407b-85f3-5cda8443ffcd 25afa7e909a441728458d22f9898ee68 63633338db2c49c1b292aa38305ef64f - - default default] Successfully bumped revision number for resource 4ddf8b79-02f8-418a-8e82-6b74191b8a4b (type: ports) to 2
2026-05-06 15:34:32.013 8 INFO neutron.db.ovn_revision_numbers_db [None req-412f9c63-ed5f-407b-85f3-5cda8443ffcd 25afa7e909a441728458d22f9898ee68 63633338db2c49c1b292aa38305ef64f - - default default] Successfully bumped revision number for resource 0bae362f-2953-4f69-8f3f-39a0b418fbd9 (type: subnets) to 0 [pid: 8|app: 0|req: 1232/2351] 10.0.0.33 () {34 vars in 668 bytes} [Wed May 6 15:34:31 2026] POST /v2.0/subnets => generated 629 bytes in 686 msecs (HTTP/1.1 201) 4 headers in 162 bytes (1 switches on core 0)
2026-05-06 15:34:32.059 7 INFO neutron_taas.services.taas.taas_plugin [None req-d0bbffb2-1a9f-4369-a827-ba91a9979599 8f5dad96ddff4169b3a2c76b8987cb31 7c20ac594ca54332add17d15d5757b5f - - default default] TaaS: Handle Delete Port: 69791225-c2e6-4eaa-b386-b581cd9499fb
2026-05-06 15:34:32.062 7 INFO neutron_taas.services.taas.tap_mirror_plugin [None req-d0bbffb2-1a9f-4369-a827-ba91a9979599 8f5dad96ddff4169b3a2c76b8987cb31 7c20ac594ca54332add17d15d5757b5f - - default default] Tap Mirror: Handle Delete Port: 69791225-c2e6-4eaa-b386-b581cd9499fb [pid: 7|app: 0|req: 1120/2352] 10.0.0.33 () {32 vars in 725 bytes} [Wed May 6 15:34:31 2026] DELETE /v2.0/networks/dea5e524-5510-4560-9a3a-11ed0062aaa8 => generated 0 bytes in 286 msecs (HTTP/1.1 204) 3 headers in 131 bytes (1 switches on core 0)
2026-05-06 15:34:32.354 7 INFO neutron.db.segments_db [None req-c79f76e6-d786-48ab-a800-63c02dc8b7e4 25afa7e909a441728458d22f9898ee68 63633338db2c49c1b292aa38305ef64f - - default default] Added segment 03db7edf-0cef-410b-86d7-69c6c0bf51ca of type geneve for network 2d8609eb-a864-41ce-acbc-06731729629c
2026-05-06 15:34:32.397 8 WARNING neutron.scheduler.dhcp_agent_scheduler [None req-e7f690d2-1df8-4161-b273-c72282c85a25 8ad093f403344eaa842a27e3694615ca 27126ff5516b4313a0ef64cd5d328be6 - - default default] No more DHCP agents
2026-05-06 15:34:32.398 8 WARNING neutron.api.rpc.agentnotifiers.dhcp_rpc_agent_api [None req-e7f690d2-1df8-4161-b273-c72282c85a25 8ad093f403344eaa842a27e3694615ca 27126ff5516b4313a0ef64cd5d328be6 - - default default] Unable to schedule network bc394b19-e026-4542-b342-6cd6597eddc5: no agents available; will retry on subsequent port and subnet creation events.
2026-05-06 15:34:32.468 7 INFO neutron.db.ovn_revision_numbers_db [None req-c79f76e6-d786-48ab-a800-63c02dc8b7e4 25afa7e909a441728458d22f9898ee68 63633338db2c49c1b292aa38305ef64f - - default default] Successfully bumped revision number for resource 2d8609eb-a864-41ce-acbc-06731729629c (type: networks) to 1
2026-05-06 15:34:32.526 8 INFO neutron.plugins.ml2.drivers.ovn.mech_driver.mech_driver [None req-e07a5026-ece7-46ac-9d76-531eea6999ab - - - - - -] OVN reports status down for port: 40fba446-5597-4707-a43f-b1f9293e3068
2026-05-06 15:34:32.581 8 INFO neutron.db.ovn_revision_numbers_db [None req-e7f690d2-1df8-4161-b273-c72282c85a25 8ad093f403344eaa842a27e3694615ca 27126ff5516b4313a0ef64cd5d328be6 - - default default] Successfully bumped revision number for resource 40fba446-5597-4707-a43f-b1f9293e3068 (type: ports) to 1
2026-05-06 15:34:32.646 7 WARNING neutron.scheduler.dhcp_agent_scheduler [None req-c79f76e6-d786-48ab-a800-63c02dc8b7e4 25afa7e909a441728458d22f9898ee68 63633338db2c49c1b292aa38305ef64f - - default default] No more DHCP agents
2026-05-06 15:34:32.648 7 WARNING neutron.api.rpc.agentnotifiers.dhcp_rpc_agent_api [None req-c79f76e6-d786-48ab-a800-63c02dc8b7e4 25afa7e909a441728458d22f9898ee68 63633338db2c49c1b292aa38305ef64f - - default default] Unable to schedule network 2d8609eb-a864-41ce-acbc-06731729629c: no agents available; will retry on subsequent port and subnet creation events.
2026-05-06 15:34:32.718 8 INFO neutron.plugins.ml2.drivers.ovn.mech_driver.mech_driver [None req-e07a5026-ece7-46ac-9d76-531eea6999ab - - - - - -] OVN reports status down for port: b61e9733-c673-495f-86b3-f01114c76cc8
2026-05-06 15:34:32.727 7 INFO neutron.db.ovn_revision_numbers_db [None req-c79f76e6-d786-48ab-a800-63c02dc8b7e4 25afa7e909a441728458d22f9898ee68 63633338db2c49c1b292aa38305ef64f - - default default] Successfully bumped revision number for resource b61e9733-c673-495f-86b3-f01114c76cc8 (type: ports) to 1 [pid: 7|app: 0|req: 1121/2353] 10.0.0.33 () {34 vars in 669 bytes} [Wed May 6 15:34:32 2026] POST /v2.0/networks => generated 670 bytes in 491 msecs (HTTP/1.1 201) 4 headers in 162 bytes (1 switches on core 0)
2026-05-06 15:34:32.867 7 INFO neutron_taas.services.taas.taas_plugin [None req-14edde24-efe2-499c-a257-6d9a773788c1 8f5dad96ddff4169b3a2c76b8987cb31 7c20ac594ca54332add17d15d5757b5f - - default default] TaaS: Handle Delete Port: d2e9ab47-5f49-48c5-bbd6-162103ff98ce
2026-05-06 15:34:32.871 7 INFO neutron_taas.services.taas.tap_mirror_plugin [None req-14edde24-efe2-499c-a257-6d9a773788c1 8f5dad96ddff4169b3a2c76b8987cb31 7c20ac594ca54332add17d15d5757b5f - - default default] Tap Mirror: Handle Delete Port: d2e9ab47-5f49-48c5-bbd6-162103ff98ce [pid: 7|app: 0|req: 1122/2354] 10.0.0.33 () {32 vars in 725 bytes} [Wed May 6 15:34:32 2026] DELETE /v2.0/networks/74baae07-2948-444f-a1bc-55bb49cc6317 => generated 0 bytes in 339 msecs (HTTP/1.1 204) 3 headers in 131 bytes (1 switches on core 0)
2026-05-06 15:34:33.243 8 INFO neutron.plugins.ml2.drivers.ovn.mech_driver.mech_driver [None req-e07a5026-ece7-46ac-9d76-531eea6999ab - - - - - -] OVN reports status up for port: 40fba446-5597-4707-a43f-b1f9293e3068
2026-05-06 15:34:33.264 8 INFO neutron.plugins.ml2.plugin [None req-e07a5026-ece7-46ac-9d76-531eea6999ab - - - - - -] Attempt 1 to provision port 40fba446-5597-4707-a43f-b1f9293e3068
2026-05-06 15:34:33.290 8 INFO neutron.db.ovn_revision_numbers_db [None req-e7f690d2-1df8-4161-b273-c72282c85a25 8ad093f403344eaa842a27e3694615ca 27126ff5516b4313a0ef64cd5d328be6 - - default default] Successfully bumped revision number for resource 40fba446-5597-4707-a43f-b1f9293e3068 (type: router_ports) to 1
2026-05-06 15:34:33.299 7 WARNING neutron.scheduler.dhcp_agent_scheduler [None req-f9f30b6a-59f5-4415-9763-f80b83b8ddca 25afa7e909a441728458d22f9898ee68 63633338db2c49c1b292aa38305ef64f - - default default] No more DHCP agents
2026-05-06 15:34:33.300 7 WARNING neutron.api.rpc.agentnotifiers.dhcp_rpc_agent_api [None req-f9f30b6a-59f5-4415-9763-f80b83b8ddca 25afa7e909a441728458d22f9898ee68 63633338db2c49c1b292aa38305ef64f - - default default] Unable to schedule network 2d8609eb-a864-41ce-acbc-06731729629c: no agents available; will retry on subsequent port and subnet creation events.
2026-05-06 15:34:33.382 8 INFO neutron.db.ovn_revision_numbers_db [None req-e7f690d2-1df8-4161-b273-c72282c85a25 8ad093f403344eaa842a27e3694615ca 27126ff5516b4313a0ef64cd5d328be6 - - default default] Successfully bumped revision number for resource e94e575d-2a70-4ad4-8af8-17b40562efcb (type: routers) to 2 [pid: 8|app: 0|req: 1233/2355] 10.0.0.33 () {34 vars in 668 bytes} [Wed May 6 15:34:32 2026] POST /v2.0/routers => generated 968 bytes in 1370 msecs (HTTP/1.1 201) 4 headers in 162 bytes (1 switches on core 0)
2026-05-06 15:34:33.513 8 INFO neutron_taas.services.taas.taas_plugin [None req-d57951eb-aa0b-4d30-8f64-224853f3ce77 8f5dad96ddff4169b3a2c76b8987cb31 7c20ac594ca54332add17d15d5757b5f - - default default] TaaS: Handle Delete Port: e9e1757f-0e86-44d4-a721-b0923b99dccd
2026-05-06 15:34:33.517 8 INFO neutron_taas.services.taas.tap_mirror_plugin [None req-d57951eb-aa0b-4d30-8f64-224853f3ce77 8f5dad96ddff4169b3a2c76b8987cb31 7c20ac594ca54332add17d15d5757b5f - - default default] Tap Mirror: Handle Delete Port: e9e1757f-0e86-44d4-a721-b0923b99dccd
2026-05-06 15:34:33.621 7 INFO neutron.services.segments.plugin [-] Segment b63789c6-c2c8-415c-931b-b31cfbcfa1f5 resource provider aggregate not found
2026-05-06 15:34:33.626 7 INFO neutron.services.segments.plugin [-] Segment b63789c6-c2c8-415c-931b-b31cfbcfa1f5 resource provider aggregate not found
2026-05-06 15:34:33.642 7 INFO neutron.services.segments.plugin [-] Segment b63789c6-c2c8-415c-931b-b31cfbcfa1f5 resource provider not found; error: Placement Client Error (4xx): {"errors": [{"status": 404, "title": "Not Found", "detail": "The resource could not be found.\n\n No resource provider with uuid b63789c6-c2c8-415c-931b-b31cfbcfa1f5 found for delete ", "request_id": "req-2aa2ff7a-a4ab-4181-a665-c4d0c8c803a5"}]}
2026-05-06 15:34:33.648 7 INFO neutron.services.segments.plugin [-] Segment b63789c6-c2c8-415c-931b-b31cfbcfa1f5 resource provider not found; error: Placement Client Error (4xx): {"errors": [{"status": 404, "title": "Not Found", "detail": "The resource could not be found.\n\n No resource provider with uuid b63789c6-c2c8-415c-931b-b31cfbcfa1f5 found for delete ", "request_id": "req-2ce67e92-e5bc-42d0-b836-1417bd76ef86"}]}
2026-05-06 15:34:33.656 7 INFO neutron.services.segments.plugin [-] Segment 4b1d9815-778f-4143-8d61-4c1580207b5f resource provider aggregate not found
2026-05-06 15:34:33.663 7 INFO neutron.services.segments.plugin [-] Segment 4b1d9815-778f-4143-8d61-4c1580207b5f resource provider aggregate not found
2026-05-06 15:34:33.674 7 INFO neutron.services.segments.plugin [-] Segment 4b1d9815-778f-4143-8d61-4c1580207b5f resource provider not found; error: Placement Client Error (4xx): {"errors": [{"status": 404, "title": "Not Found", "detail": "The resource could not be found.\n\n No resource provider with uuid 4b1d9815-778f-4143-8d61-4c1580207b5f found for delete ", "request_id": "req-a39e9b17-7f55-4dd6-8e46-b0492040d07f"}]}
2026-05-06 15:34:33.679 8 INFO neutron.services.segments.plugin [-] Segment 29ce5172-3e37-4c29-a53c-cbe4f0456909 resource provider aggregate not found
2026-05-06 15:34:33.680 7 INFO neutron.services.segments.plugin [-] Segment 4b1d9815-778f-4143-8d61-4c1580207b5f resource provider not found; error: Placement Client Error (4xx): {"errors": [{"status": 404, "title": "Not Found", "detail": "The resource could not be found.\n\n No resource provider with uuid 4b1d9815-778f-4143-8d61-4c1580207b5f found for delete ", "request_id": "req-c1bf9c3a-9f0a-466b-8c03-9083c7e9b8fa"}]}
2026-05-06 15:34:33.685 8 INFO neutron.services.segments.plugin [-] Segment 29ce5172-3e37-4c29-a53c-cbe4f0456909 resource provider aggregate not found
2026-05-06 15:34:33.692 7 INFO neutron.services.segments.plugin [-] Segment a55474e2-a02c-4c47-964a-5a3b58f0aa27 resource provider aggregate not found
2026-05-06 15:34:33.694 8 INFO neutron.services.segments.plugin [-] Segment 29ce5172-3e37-4c29-a53c-cbe4f0456909 resource provider not found; error: Placement Client Error (4xx): {"errors": [{"status": 404, "title": "Not Found", "detail": "The resource could not be found.\n\n No resource provider with uuid 29ce5172-3e37-4c29-a53c-cbe4f0456909 found for delete ", "request_id": "req-5bfbb2af-0fa3-40c8-b104-a9075d215f83"}]}
2026-05-06 15:34:33.702 8 INFO neutron.services.segments.plugin [-] Segment 29ce5172-3e37-4c29-a53c-cbe4f0456909 resource provider not found; error: Placement Client Error (4xx): {"errors": [{"status": 404, "title": "Not Found", "detail": "The resource could not be found.\n\n No resource provider with uuid 29ce5172-3e37-4c29-a53c-cbe4f0456909 found for delete ", "request_id": "req-9dcf3179-f5e0-4756-b415-308e69caae0c"}]}
2026-05-06 15:34:33.703 7 INFO neutron.services.segments.plugin [-] Segment a55474e2-a02c-4c47-964a-5a3b58f0aa27 resource provider aggregate not found
2026-05-06 15:34:33.712 7 INFO neutron.services.segments.plugin [-] Segment a55474e2-a02c-4c47-964a-5a3b58f0aa27 resource provider not found; error: Placement Client Error (4xx): {"errors": [{"status": 404, "title": "Not Found", "detail": "The resource could not be found.\n\n No resource provider with uuid a55474e2-a02c-4c47-964a-5a3b58f0aa27 found for delete ", "request_id": "req-1485d309-b569-4496-8b2b-1a490bfd6c20"}]} [pid: 8|app: 0|req: 1234/2356] 10.0.0.33 () {32 vars in 725 bytes} [Wed May 6 15:34:33 2026] DELETE /v2.0/networks/facde9ad-f28e-46db-b7a4-e182a588bf41 => generated 0 bytes in 325 msecs (HTTP/1.1 204) 3 headers in 131 bytes (1 switches on core 0)
2026-05-06 15:34:33.752 7 INFO neutron.services.segments.plugin [-] Segment a55474e2-a02c-4c47-964a-5a3b58f0aa27 resource provider not found; error: Placement Client Error (4xx): {"errors": [{"status": 404, "title": "Not Found", "detail": "The resource could not be found.\n\n No resource provider with uuid a55474e2-a02c-4c47-964a-5a3b58f0aa27 found for delete ", "request_id": "req-ec549d6c-f6c5-44cc-8447-bf2b467353cb"}]}
2026-05-06 15:34:33.778 7 INFO neutron.db.ovn_revision_numbers_db [None req-f9f30b6a-59f5-4415-9763-f80b83b8ddca 25afa7e909a441728458d22f9898ee68 63633338db2c49c1b292aa38305ef64f - - default default] Successfully bumped revision number for resource b61e9733-c673-495f-86b3-f01114c76cc8 (type: ports) to 2 [pid: 8|app: 0|req: 1235/2357] 10.0.0.33 () {32 vars in 720 bytes} [Wed May 6 15:34:33 2026] GET /v2.0/routers/e94e575d-2a70-4ad4-8af8-17b40562efcb => generated 974 bytes in 60 msecs (HTTP/1.1 200) 4 headers in 157 bytes (1 switches on core 0)
2026-05-06 15:34:33.812 7 INFO neutron.db.ovn_revision_numbers_db [None req-f9f30b6a-59f5-4415-9763-f80b83b8ddca 25afa7e909a441728458d22f9898ee68 63633338db2c49c1b292aa38305ef64f - - default default] Successfully bumped revision number for resource a3498f97-bed3-40b6-b7f0-e07d5482d136 (type: subnets) to 0 [pid: 7|app: 0|req: 1123/2358] 10.0.0.33 () {34 vars in 668 bytes} [Wed May 6 15:34:33 2026] POST /v2.0/subnets => generated 629 bytes in 740 msecs (HTTP/1.1 201) 4 headers in 162 bytes (1 switches on core 0)
2026-05-06 15:34:33.886 8 INFO neutron_taas.services.taas.taas_plugin [None req-faec9543-030c-46a6-88ed-8b4f65a2f68c 8f5dad96ddff4169b3a2c76b8987cb31 7c20ac594ca54332add17d15d5757b5f - - default default] TaaS: Handle Delete Port: 489cff83-a1d0-441b-b6ec-c5d43e7a764e
2026-05-06 15:34:33.888 8 INFO neutron_taas.services.taas.tap_mirror_plugin [None req-faec9543-030c-46a6-88ed-8b4f65a2f68c 8f5dad96ddff4169b3a2c76b8987cb31 7c20ac594ca54332add17d15d5757b5f - - default default] Tap Mirror: Handle Delete Port: 489cff83-a1d0-441b-b6ec-c5d43e7a764e [pid: 7|app: 0|req: 1124/2359] 10.0.0.33 () {32 vars in 646 bytes} [Wed May 6 15:34:33 2026] GET /v2.0/routers => generated 977 bytes in 89 msecs (HTTP/1.1 200) 4 headers in 157 bytes (1 switches on core 0)
2026-05-06 15:34:33.995 7 INFO neutron.db.segments_db [None req-02133dc6-bb59-405e-ae7e-648177f1b42f 25afa7e909a441728458d22f9898ee68 63633338db2c49c1b292aa38305ef64f - - default default] Added segment 303523da-7265-43d9-97bc-0e5195562dfa of type geneve for network 3935edd8-ed50-4b84-a18a-c68916e7b00c [pid: 8|app: 0|req: 1236/2360] 10.0.0.33 () {32 vars in 725 bytes} [Wed May 6 15:34:33 2026] DELETE /v2.0/networks/f1fbb211-b39d-4a1f-9be7-37beb89a5e85 => generated 0 bytes in 301 msecs (HTTP/1.1 204) 3 headers in 131 bytes (1 switches on core 0)
2026-05-06 15:34:34.123 7 INFO neutron.db.ovn_revision_numbers_db [None req-02133dc6-bb59-405e-ae7e-648177f1b42f 25afa7e909a441728458d22f9898ee68 63633338db2c49c1b292aa38305ef64f - - default default] Successfully bumped revision number for resource 3935edd8-ed50-4b84-a18a-c68916e7b00c (type: networks) to 1
2026-05-06 15:34:34.229 7 WARNING neutron.plugins.ml2.drivers.ovn.mech_driver.ovsdb.ovn_client [None req-ca822197-b90e-418c-9b4e-2514be3b9a60 - - - - - -] No port found with ID afe118b1-235f-4b44-9ff2-cb079daf297b: RuntimeError: No port found with ID afe118b1-235f-4b44-9ff2-cb079daf297b
2026-05-06 15:34:34.243 7 INFO neutron.plugins.ml2.drivers.ovn.mech_driver.mech_driver [None req-ca822197-b90e-418c-9b4e-2514be3b9a60 - - - - - -] OVN reports status down for port: 489cff83-a1d0-441b-b6ec-c5d43e7a764e
2026-05-06 15:34:34.256 7 INFO neutron.plugins.ml2.drivers.ovn.mech_driver.mech_driver [None req-ca822197-b90e-418c-9b4e-2514be3b9a60 - - - - - -] OVN reports status down for port: 9a126a13-9f0d-44fd-a6c2-54c116c01709
2026-05-06 15:34:34.315 7 WARNING neutron.scheduler.dhcp_agent_scheduler [None req-02133dc6-bb59-405e-ae7e-648177f1b42f 25afa7e909a441728458d22f9898ee68 63633338db2c49c1b292aa38305ef64f - - default default] No more DHCP agents
2026-05-06 15:34:34.317 7 WARNING neutron.api.rpc.agentnotifiers.dhcp_rpc_agent_api [None req-02133dc6-bb59-405e-ae7e-648177f1b42f 25afa7e909a441728458d22f9898ee68 63633338db2c49c1b292aa38305ef64f - - default default] Unable to schedule network 3935edd8-ed50-4b84-a18a-c68916e7b00c: no agents available; will retry on subsequent port and subnet creation events.
2026-05-06 15:34:34.389 7 INFO neutron.db.ovn_revision_numbers_db [None req-02133dc6-bb59-405e-ae7e-648177f1b42f 25afa7e909a441728458d22f9898ee68 63633338db2c49c1b292aa38305ef64f - - default default] Successfully bumped revision number for resource c512f2e3-e8f0-4b88-97e2-d374406304aa (type: ports) to 1 [pid: 7|app: 0|req: 1125/2361] 10.0.0.33 () {34 vars in 669 bytes} [Wed May 6 15:34:33 2026] POST /v2.0/networks => generated 670 bytes in 495 msecs (HTTP/1.1 201) 4 headers in 162 bytes (1 switches on core 0)
2026-05-06 15:34:34.534 8 INFO neutron.db.ovn_revision_numbers_db [None req-34eb110c-b94e-45b6-a961-10b5ee1a9f2f 8ad093f403344eaa842a27e3694615ca 27126ff5516b4313a0ef64cd5d328be6 - - default default] Successfully bumped revision number for resource e94e575d-2a70-4ad4-8af8-17b40562efcb (type: routers) to 3 [pid: 8|app: 0|req: 1237/2362] 10.0.0.33 () {34 vars in 740 bytes} [Wed May 6 15:34:34 2026] PUT /v2.0/routers/e94e575d-2a70-4ad4-8af8-17b40562efcb => generated 981 bytes in 452 msecs (HTTP/1.1 200) 4 headers in 157 bytes (1 switches on core 0) [pid: 8|app: 0|req: 1238/2363] 10.0.0.33 () {32 vars in 720 bytes} [Wed May 6 15:34:34 2026] GET /v2.0/routers/e94e575d-2a70-4ad4-8af8-17b40562efcb => generated 981 bytes in 61 msecs (HTTP/1.1 200) 4 headers in 157 bytes (1 switches on core 0)
2026-05-06 15:34:34.628 7 WARNING neutron.scheduler.dhcp_agent_scheduler [None req-483cbf25-d253-42df-bc7a-ad143750b539 25afa7e909a441728458d22f9898ee68 63633338db2c49c1b292aa38305ef64f - - default default] No more DHCP agents
2026-05-06 15:34:34.629 7 WARNING neutron.api.rpc.agentnotifiers.dhcp_rpc_agent_api [None req-483cbf25-d253-42df-bc7a-ad143750b539 25afa7e909a441728458d22f9898ee68 63633338db2c49c1b292aa38305ef64f - - default default] Unable to schedule network 3935edd8-ed50-4b84-a18a-c68916e7b00c: no agents available; will retry on subsequent port and subnet creation events. [pid: 8|app: 0|req: 1239/2364] 10.0.0.33 () {32 vars in 735 bytes} [Wed May 6 15:34:34 2026] GET /v2.0/ports?device_id=e94e575d-2a70-4ad4-8af8-17b40562efcb => generated 12 bytes in 21 msecs (HTTP/1.1 200) 4 headers in 156 bytes (1 switches on core 0)
2026-05-06 15:34:34.925 8 INFO neutron_taas.services.taas.taas_plugin [None req-ec31278f-10d6-45da-83e1-6fd06af8e093 8ad093f403344eaa842a27e3694615ca 27126ff5516b4313a0ef64cd5d328be6 - - default default] TaaS: Handle Delete Port: 40fba446-5597-4707-a43f-b1f9293e3068
2026-05-06 15:34:34.929 8 INFO neutron_taas.services.taas.tap_mirror_plugin [None req-ec31278f-10d6-45da-83e1-6fd06af8e093 8ad093f403344eaa842a27e3694615ca 27126ff5516b4313a0ef64cd5d328be6 - - default default] Tap Mirror: Handle Delete Port: 40fba446-5597-4707-a43f-b1f9293e3068
