2026-05-06 15:40:07.411 7 WARNING neutron.db.securitygroups_db [None req-a9793d7e-c60d-40b1-a33a-450f4dfed241 8e89cf70b7ab49ae918991ec7b09f5da 2782134ad02c461191044a18eeae2462 - - default default] project_id key not found in filters, using tenant_id instead. This support has been deprecated and will be removed in a future release.
2026-05-06 15:40:07.539 7 INFO neutron.db.ovn_revision_numbers_db [None req-a9793d7e-c60d-40b1-a33a-450f4dfed241 8e89cf70b7ab49ae918991ec7b09f5da 2782134ad02c461191044a18eeae2462 - - default default] Successfully bumped revision number for resource 6943ee50-7249-4dc4-bfb0-9dd7c1ed606c (type: security_groups) to 1
2026-05-06 15:40:07.550 7 INFO neutron.db.ovn_revision_numbers_db [None req-a9793d7e-c60d-40b1-a33a-450f4dfed241 8e89cf70b7ab49ae918991ec7b09f5da 2782134ad02c461191044a18eeae2462 - - default default] Successfully bumped revision number for resource 233639ce-622f-4470-a8a5-ce76515bee55 (type: security_group_rules) to 0
2026-05-06 15:40:07.561 7 INFO neutron.db.ovn_revision_numbers_db [None req-a9793d7e-c60d-40b1-a33a-450f4dfed241 8e89cf70b7ab49ae918991ec7b09f5da 2782134ad02c461191044a18eeae2462 - - default default] Successfully bumped revision number for resource 3acd1587-edcf-47ad-a1e3-1272182c329f (type: security_group_rules) to 0
2026-05-06 15:40:07.574 7 INFO neutron.db.ovn_revision_numbers_db [None req-a9793d7e-c60d-40b1-a33a-450f4dfed241 8e89cf70b7ab49ae918991ec7b09f5da 2782134ad02c461191044a18eeae2462 - - default default] Successfully bumped revision number for resource a9e6fef8-8a1b-41ce-837a-7303348b5334 (type: security_group_rules) to 0
2026-05-06 15:40:07.585 7 INFO neutron.db.ovn_revision_numbers_db [None req-a9793d7e-c60d-40b1-a33a-450f4dfed241 8e89cf70b7ab49ae918991ec7b09f5da 2782134ad02c461191044a18eeae2462 - - default default] Successfully bumped revision number for resource c43cf288-59df-4ce6-bf30-b9a04515e590 (type: security_group_rules) to 0 [pid: 7|app: 0|req: 1676/3420] 10.0.0.33 () {32 vars in 773 bytes} [Wed May 6 15:40:07 2026] GET /v2.0/security-groups?tenant_id=a95e7f0d14244896bab716f5405c9343&name=default => generated 2929 bytes in 219 msecs (HTTP/1.1 200) 4 headers in 158 bytes (1 switches on core 0) [pid: 8|app: 0|req: 1745/3421] 10.0.0.33 () {32 vars in 739 bytes} [Wed May 6 15:40:07 2026] DELETE /v2.0/security-groups/6943ee50-7249-4dc4-bfb0-9dd7c1ed606c => generated 0 bytes in 180 msecs (HTTP/1.1 204) 2 headers in 112 bytes (1 switches on core 0)
2026-05-06 15:40:07.948 7 WARNING neutron.db.securitygroups_db [None req-1745cb18-e388-45e8-82a6-7d93691d4e49 8e89cf70b7ab49ae918991ec7b09f5da 2782134ad02c461191044a18eeae2462 - - default default] project_id key not found in filters, using tenant_id instead. This support has been deprecated and will be removed in a future release.
2026-05-06 15:40:08.076 7 INFO neutron.db.ovn_revision_numbers_db [None req-1745cb18-e388-45e8-82a6-7d93691d4e49 8e89cf70b7ab49ae918991ec7b09f5da 2782134ad02c461191044a18eeae2462 - - default default] Successfully bumped revision number for resource 5d26d446-8f02-41fb-bd89-6f34b48d4c3c (type: security_groups) to 1
2026-05-06 15:40:08.089 7 INFO neutron.db.ovn_revision_numbers_db [None req-1745cb18-e388-45e8-82a6-7d93691d4e49 8e89cf70b7ab49ae918991ec7b09f5da 2782134ad02c461191044a18eeae2462 - - default default] Successfully bumped revision number for resource 1aa1c0a2-8d09-45c3-a70a-327d1e73ecc6 (type: security_group_rules) to 0
2026-05-06 15:40:08.101 7 INFO neutron.db.ovn_revision_numbers_db [None req-1745cb18-e388-45e8-82a6-7d93691d4e49 8e89cf70b7ab49ae918991ec7b09f5da 2782134ad02c461191044a18eeae2462 - - default default] Successfully bumped revision number for resource 29d4f136-3470-4202-b326-847375ebc4ea (type: security_group_rules) to 0
2026-05-06 15:40:08.113 7 INFO neutron.db.ovn_revision_numbers_db [None req-1745cb18-e388-45e8-82a6-7d93691d4e49 8e89cf70b7ab49ae918991ec7b09f5da 2782134ad02c461191044a18eeae2462 - - default default] Successfully bumped revision number for resource 41e40545-8457-4d40-821e-5c3492a40582 (type: security_group_rules) to 0
2026-05-06 15:40:08.132 7 INFO neutron.db.ovn_revision_numbers_db [None req-1745cb18-e388-45e8-82a6-7d93691d4e49 8e89cf70b7ab49ae918991ec7b09f5da 2782134ad02c461191044a18eeae2462 - - default default] Successfully bumped revision number for resource 98556c86-1a1a-4257-9c0c-794bdf20f22e (type: security_group_rules) to 0 [pid: 7|app: 0|req: 1677/3422] 10.0.0.33 () {32 vars in 773 bytes} [Wed May 6 15:40:07 2026] GET /v2.0/security-groups?tenant_id=6c64068caf5e4b6f9905289d7fefbfb4&name=default => generated 2929 bytes in 232 msecs (HTTP/1.1 200) 4 headers in 158 bytes (1 switches on core 0) [pid: 8|app: 0|req: 1746/3423] 10.0.0.33 () {32 vars in 739 bytes} [Wed May 6 15:40:08 2026] DELETE /v2.0/security-groups/5d26d446-8f02-41fb-bd89-6f34b48d4c3c => generated 0 bytes in 170 msecs (HTTP/1.1 204) 2 headers in 112 bytes (1 switches on core 0)
2026-05-06 15:40:08.483 7 WARNING neutron.db.securitygroups_db [None req-db878301-d49d-4155-aa24-8639d724d0ce 8e89cf70b7ab49ae918991ec7b09f5da 2782134ad02c461191044a18eeae2462 - - default default] project_id key not found in filters, using tenant_id instead. This support has been deprecated and will be removed in a future release.
2026-05-06 15:40:08.596 7 INFO neutron.db.ovn_revision_numbers_db [None req-db878301-d49d-4155-aa24-8639d724d0ce 8e89cf70b7ab49ae918991ec7b09f5da 2782134ad02c461191044a18eeae2462 - - default default] Successfully bumped revision number for resource 69e52a33-7e9d-4cb4-830f-2ce9e6a092d3 (type: security_groups) to 1
2026-05-06 15:40:08.606 7 INFO neutron.db.ovn_revision_numbers_db [None req-db878301-d49d-4155-aa24-8639d724d0ce 8e89cf70b7ab49ae918991ec7b09f5da 2782134ad02c461191044a18eeae2462 - - default default] Successfully bumped revision number for resource 2c2fa4fe-dbd7-4bc6-9cb3-1a61c7b6087b (type: security_group_rules) to 0
2026-05-06 15:40:08.618 7 INFO neutron.db.ovn_revision_numbers_db [None req-db878301-d49d-4155-aa24-8639d724d0ce 8e89cf70b7ab49ae918991ec7b09f5da 2782134ad02c461191044a18eeae2462 - - default default] Successfully bumped revision number for resource 3297c570-db9d-48e0-bc13-05a668fba96f (type: security_group_rules) to 0
2026-05-06 15:40:08.629 7 INFO neutron.db.ovn_revision_numbers_db [None req-db878301-d49d-4155-aa24-8639d724d0ce 8e89cf70b7ab49ae918991ec7b09f5da 2782134ad02c461191044a18eeae2462 - - default default] Successfully bumped revision number for resource 6fb543d5-3ff5-47e1-bd4e-1ab395acf7ac (type: security_group_rules) to 0
2026-05-06 15:40:08.639 7 INFO neutron.db.ovn_revision_numbers_db [None req-db878301-d49d-4155-aa24-8639d724d0ce 8e89cf70b7ab49ae918991ec7b09f5da 2782134ad02c461191044a18eeae2462 - - default default] Successfully bumped revision number for resource f9f8420c-fd3b-4a7a-b0f3-03454920841c (type: security_group_rules) to 0 [pid: 7|app: 0|req: 1678/3424] 10.0.0.33 () {32 vars in 773 bytes} [Wed May 6 15:40:08 2026] GET /v2.0/security-groups?tenant_id=ee38d3dbfbbd4af59222cb9037d140c2&name=default => generated 2929 bytes in 200 msecs (HTTP/1.1 200) 4 headers in 158 bytes (1 switches on core 0) [pid: 8|app: 0|req: 1747/3425] 10.0.0.33 () {32 vars in 739 bytes} [Wed May 6 15:40:08 2026] DELETE /v2.0/security-groups/69e52a33-7e9d-4cb4-830f-2ce9e6a092d3 => generated 0 bytes in 170 msecs (HTTP/1.1 204) 2 headers in 112 bytes (1 switches on core 0)
2026-05-06 15:40:09.013 7 WARNING neutron.db.securitygroups_db [None req-b9df3041-d6da-44e2-9021-26fdbeb166e3 8e89cf70b7ab49ae918991ec7b09f5da 2782134ad02c461191044a18eeae2462 - - default default] project_id key not found in filters, using tenant_id instead. This support has been deprecated and will be removed in a future release.
2026-05-06 15:40:09.168 7 INFO neutron.db.ovn_revision_numbers_db [None req-b9df3041-d6da-44e2-9021-26fdbeb166e3 8e89cf70b7ab49ae918991ec7b09f5da 2782134ad02c461191044a18eeae2462 - - default default] Successfully bumped revision number for resource a06f4dfb-984b-4add-b4c1-c36f19dc3cdc (type: security_groups) to 1
2026-05-06 15:40:09.179 7 INFO neutron.db.ovn_revision_numbers_db [None req-b9df3041-d6da-44e2-9021-26fdbeb166e3 8e89cf70b7ab49ae918991ec7b09f5da 2782134ad02c461191044a18eeae2462 - - default default] Successfully bumped revision number for resource 30c16cb8-b973-42c3-a1be-32eaed6daddd (type: security_group_rules) to 0
2026-05-06 15:40:09.191 7 INFO neutron.db.ovn_revision_numbers_db [None req-b9df3041-d6da-44e2-9021-26fdbeb166e3 8e89cf70b7ab49ae918991ec7b09f5da 2782134ad02c461191044a18eeae2462 - - default default] Successfully bumped revision number for resource 5ac717bf-ece3-4db2-b582-4be496dff65e (type: security_group_rules) to 0
2026-05-06 15:40:09.204 7 INFO neutron.db.ovn_revision_numbers_db [None req-b9df3041-d6da-44e2-9021-26fdbeb166e3 8e89cf70b7ab49ae918991ec7b09f5da 2782134ad02c461191044a18eeae2462 - - default default] Successfully bumped revision number for resource 7df0731d-1340-4c37-be69-0ef71099ab70 (type: security_group_rules) to 0
2026-05-06 15:40:09.216 7 INFO neutron.db.ovn_revision_numbers_db [None req-b9df3041-d6da-44e2-9021-26fdbeb166e3 8e89cf70b7ab49ae918991ec7b09f5da 2782134ad02c461191044a18eeae2462 - - default default] Successfully bumped revision number for resource d7c84b45-e16c-44f7-9360-5893da3c0693 (type: security_group_rules) to 0 [pid: 7|app: 0|req: 1679/3426] 10.0.0.33 () {32 vars in 773 bytes} [Wed May 6 15:40:09 2026] GET /v2.0/security-groups?tenant_id=7e5780efc8f3477baa3de47d9f8ca835&name=default => generated 2929 bytes in 250 msecs (HTTP/1.1 200) 4 headers in 158 bytes (1 switches on core 0) [pid: 8|app: 0|req: 1748/3427] 10.0.0.33 () {32 vars in 739 bytes} [Wed May 6 15:40:09 2026] DELETE /v2.0/security-groups/a06f4dfb-984b-4add-b4c1-c36f19dc3cdc => generated 0 bytes in 220 msecs (HTTP/1.1 204) 2 headers in 112 bytes (1 switches on core 0)
2026-05-06 15:40:13.672 7 INFO neutron.db.ovn_revision_numbers_db [None req-49931044-edf7-43ea-8f8b-e7773a742d18 7d995783e9fc432481738bfb24b512af d3f584cf8dec4941985d777de0674d35 - - default default] Successfully bumped revision number for resource b30f801d-183e-4ef8-aa79-2594ddf6aeb1 (type: security_groups) to 1
2026-05-06 15:40:13.683 7 INFO neutron.db.ovn_revision_numbers_db [None req-49931044-edf7-43ea-8f8b-e7773a742d18 7d995783e9fc432481738bfb24b512af d3f584cf8dec4941985d777de0674d35 - - default default] Successfully bumped revision number for resource 1a19da04-ee44-42fb-b5ee-ebd30881620c (type: security_group_rules) to 0
2026-05-06 15:40:13.692 7 INFO neutron.db.ovn_revision_numbers_db [None req-49931044-edf7-43ea-8f8b-e7773a742d18 7d995783e9fc432481738bfb24b512af d3f584cf8dec4941985d777de0674d35 - - default default] Successfully bumped revision number for resource 617dc1fa-6221-4b20-ae8a-4ff9fd4f4049 (type: security_group_rules) to 0
2026-05-06 15:40:13.703 7 INFO neutron.db.ovn_revision_numbers_db [None req-49931044-edf7-43ea-8f8b-e7773a742d18 7d995783e9fc432481738bfb24b512af d3f584cf8dec4941985d777de0674d35 - - default default] Successfully bumped revision number for resource 63f22c6a-5a2c-41b6-b359-5ab2f8123c3e (type: security_group_rules) to 0
2026-05-06 15:40:13.716 7 INFO neutron.db.ovn_revision_numbers_db [None req-49931044-edf7-43ea-8f8b-e7773a742d18 7d995783e9fc432481738bfb24b512af d3f584cf8dec4941985d777de0674d35 - - default default] Successfully bumped revision number for resource c0abde45-3755-4ff5-b5bf-6c1313186b09 (type: security_group_rules) to 0
2026-05-06 15:40:13.786 7 INFO neutron.db.segments_db [None req-49931044-edf7-43ea-8f8b-e7773a742d18 7d995783e9fc432481738bfb24b512af d3f584cf8dec4941985d777de0674d35 - - default default] Added segment bdbfd4ad-d43b-4d8f-bb62-e83e91b01f4a of type geneve for network 71732352-e4f6-4368-870f-0f10be97d707
2026-05-06 15:40:13.918 7 INFO neutron.db.ovn_revision_numbers_db [None req-49931044-edf7-43ea-8f8b-e7773a742d18 7d995783e9fc432481738bfb24b512af d3f584cf8dec4941985d777de0674d35 - - default default] Successfully bumped revision number for resource 71732352-e4f6-4368-870f-0f10be97d707 (type: networks) to 1
2026-05-06 15:40:14.073 7 WARNING neutron.scheduler.dhcp_agent_scheduler [None req-49931044-edf7-43ea-8f8b-e7773a742d18 7d995783e9fc432481738bfb24b512af d3f584cf8dec4941985d777de0674d35 - - default default] No more DHCP agents
2026-05-06 15:40:14.074 7 WARNING neutron.api.rpc.agentnotifiers.dhcp_rpc_agent_api [None req-49931044-edf7-43ea-8f8b-e7773a742d18 7d995783e9fc432481738bfb24b512af d3f584cf8dec4941985d777de0674d35 - - default default] Unable to schedule network 71732352-e4f6-4368-870f-0f10be97d707: no agents available; will retry on subsequent port and subnet creation events.
2026-05-06 15:40:14.130 7 INFO neutron.plugins.ml2.drivers.ovn.mech_driver.mech_driver [None req-0deb99ef-e632-46a0-8e90-d8b41aa19b85 - - - - - -] OVN reports status down for port: f8ef5e9e-3b18-4086-8020-730e889782c1
2026-05-06 15:40:14.178 7 INFO neutron.db.ovn_revision_numbers_db [None req-49931044-edf7-43ea-8f8b-e7773a742d18 7d995783e9fc432481738bfb24b512af d3f584cf8dec4941985d777de0674d35 - - default default] Successfully bumped revision number for resource f8ef5e9e-3b18-4086-8020-730e889782c1 (type: ports) to 1 [pid: 7|app: 0|req: 1680/3428] 10.0.0.33 () {34 vars in 669 bytes} [Wed May 6 15:40:13 2026] POST /v2.0/networks => generated 768 bytes in 801 msecs (HTTP/1.1 201) 4 headers in 162 bytes (1 switches on core 0)
2026-05-06 15:40:14.336 8 WARNING neutron.scheduler.dhcp_agent_scheduler [None req-f60106d1-4169-4459-b6ae-db22fb0bbc17 7d995783e9fc432481738bfb24b512af d3f584cf8dec4941985d777de0674d35 - - default default] No more DHCP agents
2026-05-06 15:40:14.337 8 WARNING neutron.api.rpc.agentnotifiers.dhcp_rpc_agent_api [None req-f60106d1-4169-4459-b6ae-db22fb0bbc17 7d995783e9fc432481738bfb24b512af d3f584cf8dec4941985d777de0674d35 - - default default] Unable to schedule network 71732352-e4f6-4368-870f-0f10be97d707: no agents available; will retry on subsequent port and subnet creation events.
2026-05-06 15:40:14.783 8 INFO neutron.db.ovn_revision_numbers_db [None req-f60106d1-4169-4459-b6ae-db22fb0bbc17 7d995783e9fc432481738bfb24b512af d3f584cf8dec4941985d777de0674d35 - - default default] Successfully bumped revision number for resource f8ef5e9e-3b18-4086-8020-730e889782c1 (type: ports) to 2
2026-05-06 15:40:14.815 8 INFO neutron.db.ovn_revision_numbers_db [None req-f60106d1-4169-4459-b6ae-db22fb0bbc17 7d995783e9fc432481738bfb24b512af d3f584cf8dec4941985d777de0674d35 - - default default] Successfully bumped revision number for resource 74352c2b-7c51-40b0-8d02-0316d140e04a (type: subnets) to 0 [pid: 8|app: 0|req: 1749/3429] 10.0.0.33 () {34 vars in 668 bytes} [Wed May 6 15:40:14 2026] POST /v2.0/subnets => generated 644 bytes in 618 msecs (HTTP/1.1 201) 4 headers in 162 bytes (1 switches on core 0)
2026-05-06 15:40:14.843 7 WARNING neutron.api.v2.base [None req-e5e71727-4053-40c0-80ad-bff2dd0e6616 7d995783e9fc432481738bfb24b512af d3f584cf8dec4941985d777de0674d35 - - default default] An exception happened while processing the request body. The exception message is [Invalid input for target_tenant. Reason: 'None' is not a valid string.].: webob.exc.HTTPBadRequest: Invalid input for target_tenant. Reason: 'None' is not a valid string.
2026-05-06 15:40:14.844 7 INFO neutron.api.v2.resource [None req-e5e71727-4053-40c0-80ad-bff2dd0e6616 7d995783e9fc432481738bfb24b512af d3f584cf8dec4941985d777de0674d35 - - default default] create failed (client error): Invalid input for target_tenant. Reason: 'None' is not a valid string. [pid: 7|app: 0|req: 1681/3430] 10.0.0.33 () {34 vars in 680 bytes} [Wed May 6 15:40:14 2026] POST /v2.0/rbac-policies => generated 143 bytes in 10 msecs (HTTP/1.1 400) 4 headers in 166 bytes (1 switches on core 0)
2026-05-06 15:40:14.972 8 INFO neutron_taas.services.taas.taas_plugin [None req-ab8aa613-4657-4acc-b3ef-8fd84d765673 7d995783e9fc432481738bfb24b512af d3f584cf8dec4941985d777de0674d35 - - default default] TaaS: Handle Delete Port: f8ef5e9e-3b18-4086-8020-730e889782c1
2026-05-06 15:40:14.975 8 INFO neutron_taas.services.taas.tap_mirror_plugin [None req-ab8aa613-4657-4acc-b3ef-8fd84d765673 7d995783e9fc432481738bfb24b512af d3f584cf8dec4941985d777de0674d35 - - default default] Tap Mirror: Handle Delete Port: f8ef5e9e-3b18-4086-8020-730e889782c1
2026-05-06 15:40:15.274 8 INFO neutron.services.segments.plugin [-] Segment bdbfd4ad-d43b-4d8f-bb62-e83e91b01f4a resource provider aggregate not found
2026-05-06 15:40:15.281 8 INFO neutron.services.segments.plugin [-] Segment bdbfd4ad-d43b-4d8f-bb62-e83e91b01f4a resource provider aggregate not found
2026-05-06 15:40:15.290 8 INFO neutron.services.segments.plugin [-] Segment bdbfd4ad-d43b-4d8f-bb62-e83e91b01f4a resource provider not found; error: Placement Client Error (4xx): {"errors": [{"status": 404, "title": "Not Found", "detail": "The resource could not be found.\n\n No resource provider with uuid bdbfd4ad-d43b-4d8f-bb62-e83e91b01f4a found for delete ", "request_id": "req-5d2c34b1-fe2a-4a5b-a8f4-7cf085a36d1d"}]}
2026-05-06 15:40:15.300 8 INFO neutron.services.segments.plugin [-] Segment bdbfd4ad-d43b-4d8f-bb62-e83e91b01f4a resource provider not found; error: Placement Client Error (4xx): {"errors": [{"status": 404, "title": "Not Found", "detail": "The resource could not be found.\n\n No resource provider with uuid bdbfd4ad-d43b-4d8f-bb62-e83e91b01f4a found for delete ", "request_id": "req-07e06dc7-adec-4d9e-a0ef-1da73e5becf2"}]} [pid: 8|app: 0|req: 1750/3431] 10.0.0.33 () {32 vars in 725 bytes} [Wed May 6 15:40:14 2026] DELETE /v2.0/networks/71732352-e4f6-4368-870f-0f10be97d707 => generated 0 bytes in 477 msecs (HTTP/1.1 204) 3 headers in 131 bytes (1 switches on core 0)
2026-05-06 15:40:15.417 7 INFO neutron.db.segments_db [None req-6ea867c6-809d-4251-90a2-70a88b1f2185 7d995783e9fc432481738bfb24b512af d3f584cf8dec4941985d777de0674d35 - - default default] Added segment 7e64943e-6e43-408c-9cc6-4ff025eb3415 of type geneve for network f8e6b05e-3099-4efb-9bbc-db7bd139d75a
2026-05-06 15:40:15.534 7 INFO neutron.db.ovn_revision_numbers_db [None req-6ea867c6-809d-4251-90a2-70a88b1f2185 7d995783e9fc432481738bfb24b512af d3f584cf8dec4941985d777de0674d35 - - default default] Successfully bumped revision number for resource f8e6b05e-3099-4efb-9bbc-db7bd139d75a (type: networks) to 1
2026-05-06 15:40:15.651 7 WARNING neutron.scheduler.dhcp_agent_scheduler [None req-6ea867c6-809d-4251-90a2-70a88b1f2185 7d995783e9fc432481738bfb24b512af d3f584cf8dec4941985d777de0674d35 - - default default] No more DHCP agents
2026-05-06 15:40:15.652 7 WARNING neutron.api.rpc.agentnotifiers.dhcp_rpc_agent_api [None req-6ea867c6-809d-4251-90a2-70a88b1f2185 7d995783e9fc432481738bfb24b512af d3f584cf8dec4941985d777de0674d35 - - default default] Unable to schedule network f8e6b05e-3099-4efb-9bbc-db7bd139d75a: no agents available; will retry on subsequent port and subnet creation events.
2026-05-06 15:40:15.700 8 INFO neutron.plugins.ml2.drivers.ovn.mech_driver.mech_driver [None req-be53cb95-aca7-4d89-8f50-802059710f13 - - - - - -] OVN reports status down for port: 60d538d8-b89c-4daa-bdd2-f65aa698729b
2026-05-06 15:40:15.715 7 INFO neutron.db.ovn_revision_numbers_db [None req-6ea867c6-809d-4251-90a2-70a88b1f2185 7d995783e9fc432481738bfb24b512af d3f584cf8dec4941985d777de0674d35 - - default default] Successfully bumped revision number for resource 60d538d8-b89c-4daa-bdd2-f65aa698729b (type: ports) to 1 [pid: 7|app: 0|req: 1682/3432] 10.0.0.33 () {34 vars in 669 bytes} [Wed May 6 15:40:15 2026] POST /v2.0/networks => generated 768 bytes in 400 msecs (HTTP/1.1 201) 4 headers in 162 bytes (1 switches on core 0)
2026-05-06 15:40:15.849 8 WARNING neutron.scheduler.dhcp_agent_scheduler [None req-15971297-6290-4ec9-9971-ec3dab66a988 7d995783e9fc432481738bfb24b512af d3f584cf8dec4941985d777de0674d35 - - default default] No more DHCP agents
2026-05-06 15:40:15.850 8 WARNING neutron.api.rpc.agentnotifiers.dhcp_rpc_agent_api [None req-15971297-6290-4ec9-9971-ec3dab66a988 7d995783e9fc432481738bfb24b512af d3f584cf8dec4941985d777de0674d35 - - default default] Unable to schedule network f8e6b05e-3099-4efb-9bbc-db7bd139d75a: no agents available; will retry on subsequent port and subnet creation events.
2026-05-06 15:40:16.264 8 INFO neutron.db.ovn_revision_numbers_db [None req-15971297-6290-4ec9-9971-ec3dab66a988 7d995783e9fc432481738bfb24b512af d3f584cf8dec4941985d777de0674d35 - - default default] Successfully bumped revision number for resource 60d538d8-b89c-4daa-bdd2-f65aa698729b (type: ports) to 2
2026-05-06 15:40:16.293 8 INFO neutron.db.ovn_revision_numbers_db [None req-15971297-6290-4ec9-9971-ec3dab66a988 7d995783e9fc432481738bfb24b512af d3f584cf8dec4941985d777de0674d35 - - default default] Successfully bumped revision number for resource b37cdcdf-4561-46ab-a7d1-5db39a2ade06 (type: subnets) to 0 [pid: 8|app: 0|req: 1751/3433] 10.0.0.33 () {34 vars in 668 bytes} [Wed May 6 15:40:15 2026] POST /v2.0/subnets => generated 647 bytes in 570 msecs (HTTP/1.1 201) 4 headers in 162 bytes (1 switches on core 0)
2026-05-06 15:40:16.320 7 WARNING neutron.api.v2.base [None req-a58474f4-aeaf-403b-8252-03c558095ead 7d995783e9fc432481738bfb24b512af d3f584cf8dec4941985d777de0674d35 - - default default] An exception happened while processing the request body. The exception message is [Invalid input for target_tenant. Reason: '1234123412341234123412341234123412341234123412341234123412341234123412341234123412341234123412341234123412341234123412341234123412341234123412341234123412341234123412341234123412341234123412341234123412341234123412341234123412341234123412341234123412341234123412341234123412341234123412341234123412341234123412341234123412341234123412341234123412341234123412341234123412341234123412341234123412341234' exceeds maximum length of 255.].: webob.exc.HTTPBadRequest: Invalid input for target_tenant. Reason: '1234123412341234123412341234123412341234123412341234123412341234123412341234123412341234123412341234123412341234123412341234123412341234123412341234123412341234123412341234123412341234123412341234123412341234123412341234123412341234123412341234123412341234123412341234123412341234123412341234123412341234123412341234123412341234123412341234123412341234123412341234123412341234123412341234123412341234' exceeds maximum length of 255.
2026-05-06 15:40:16.321 7 INFO neutron.api.v2.resource [None req-a58474f4-aeaf-403b-8252-03c558095ead 7d995783e9fc432481738bfb24b512af d3f584cf8dec4941985d777de0674d35 - - default default] create failed (client error): Invalid input for target_tenant. Reason: '1234123412341234123412341234123412341234123412341234123412341234123412341234123412341234123412341234123412341234123412341234123412341234123412341234123412341234123412341234123412341234123412341234123412341234123412341234123412341234123412341234123412341234123412341234123412341234123412341234123412341234123412341234123412341234123412341234123412341234123412341234123412341234123412341234123412341234' exceeds maximum length of 255. [pid: 7|app: 0|req: 1683/3434] 10.0.0.33 () {34 vars in 680 bytes} [Wed May 6 15:40:16 2026] POST /v2.0/rbac-policies => generated 547 bytes in 7 msecs (HTTP/1.1 400) 4 headers in 166 bytes (1 switches on core 0)
2026-05-06 15:40:16.457 8 INFO neutron_taas.services.taas.taas_plugin [None req-00f614bd-8444-48cd-985a-bbbf3da585c1 7d995783e9fc432481738bfb24b512af d3f584cf8dec4941985d777de0674d35 - - default default] TaaS: Handle Delete Port: 60d538d8-b89c-4daa-bdd2-f65aa698729b
2026-05-06 15:40:16.460 8 INFO neutron_taas.services.taas.tap_mirror_plugin [None req-00f614bd-8444-48cd-985a-bbbf3da585c1 7d995783e9fc432481738bfb24b512af d3f584cf8dec4941985d777de0674d35 - - default default] Tap Mirror: Handle Delete Port: 60d538d8-b89c-4daa-bdd2-f65aa698729b [pid: 8|app: 0|req: 1752/3435] 10.0.0.33 () {32 vars in 725 bytes} [Wed May 6 15:40:16 2026] DELETE /v2.0/networks/f8e6b05e-3099-4efb-9bbc-db7bd139d75a => generated 0 bytes in 479 msecs (HTTP/1.1 204) 3 headers in 131 bytes (1 switches on core 0)
2026-05-06 15:40:16.898 7 INFO neutron.db.segments_db [None req-e3efe757-6b15-46b4-bd65-04060a3f31f3 7d995783e9fc432481738bfb24b512af d3f584cf8dec4941985d777de0674d35 - - default default] Added segment 6ffe1e6d-9e7b-493c-9171-e279645495c4 of type geneve for network 07f6505e-2790-4abf-849d-b535c5ac4823
2026-05-06 15:40:17.008 7 INFO neutron.db.ovn_revision_numbers_db [None req-e3efe757-6b15-46b4-bd65-04060a3f31f3 7d995783e9fc432481738bfb24b512af d3f584cf8dec4941985d777de0674d35 - - default default] Successfully bumped revision number for resource 07f6505e-2790-4abf-849d-b535c5ac4823 (type: networks) to 1
2026-05-06 15:40:17.155 7 WARNING neutron.scheduler.dhcp_agent_scheduler [None req-e3efe757-6b15-46b4-bd65-04060a3f31f3 7d995783e9fc432481738bfb24b512af d3f584cf8dec4941985d777de0674d35 - - default default] No more DHCP agents
2026-05-06 15:40:17.156 7 WARNING neutron.api.rpc.agentnotifiers.dhcp_rpc_agent_api [None req-e3efe757-6b15-46b4-bd65-04060a3f31f3 7d995783e9fc432481738bfb24b512af d3f584cf8dec4941985d777de0674d35 - - default default] Unable to schedule network 07f6505e-2790-4abf-849d-b535c5ac4823: no agents available; will retry on subsequent port and subnet creation events.
2026-05-06 15:40:17.207 7 INFO neutron.plugins.ml2.drivers.ovn.mech_driver.mech_driver [None req-0deb99ef-e632-46a0-8e90-d8b41aa19b85 - - - - - -] OVN reports status down for port: 579d45de-675f-4389-ba21-b110c09c4bc6
2026-05-06 15:40:17.273 7 INFO neutron.db.ovn_revision_numbers_db [None req-e3efe757-6b15-46b4-bd65-04060a3f31f3 7d995783e9fc432481738bfb24b512af d3f584cf8dec4941985d777de0674d35 - - default default] Successfully bumped revision number for resource 579d45de-675f-4389-ba21-b110c09c4bc6 (type: ports) to 1
2026-05-06 15:40:17.308 8 INFO neutron.services.segments.plugin [-] Segment 7e64943e-6e43-408c-9cc6-4ff025eb3415 resource provider aggregate not found
2026-05-06 15:40:17.315 8 INFO neutron.services.segments.plugin [-] Segment 7e64943e-6e43-408c-9cc6-4ff025eb3415 resource provider aggregate not found [pid: 7|app: 0|req: 1684/3436] 10.0.0.33 () {34 vars in 669 bytes} [Wed May 6 15:40:16 2026] POST /v2.0/networks => generated 767 bytes in 504 msecs (HTTP/1.1 201) 4 headers in 162 bytes (1 switches on core 0)
2026-05-06 15:40:17.319 8 INFO neutron.services.segments.plugin [-] Segment 7e64943e-6e43-408c-9cc6-4ff025eb3415 resource provider not found; error: Placement Client Error (4xx): {"errors": [{"status": 404, "title": "Not Found", "detail": "The resource could not be found.\n\n No resource provider with uuid 7e64943e-6e43-408c-9cc6-4ff025eb3415 found for delete ", "request_id": "req-e9004bb8-90d2-4f5a-a842-c69a1c5d6de4"}]}
2026-05-06 15:40:17.329 8 INFO neutron.services.segments.plugin [-] Segment 7e64943e-6e43-408c-9cc6-4ff025eb3415 resource provider not found; error: Placement Client Error (4xx): {"errors": [{"status": 404, "title": "Not Found", "detail": "The resource could not be found.\n\n No resource provider with uuid 7e64943e-6e43-408c-9cc6-4ff025eb3415 found for delete ", "request_id": "req-83cc6867-d5bd-4b1b-a459-c002ad7ea6cb"}]}
2026-05-06 15:40:17.439 8 WARNING neutron.scheduler.dhcp_agent_scheduler [None req-a254b730-4dd0-4e2c-981f-4307adf6c19c 7d995783e9fc432481738bfb24b512af d3f584cf8dec4941985d777de0674d35 - - default default] No more DHCP agents
2026-05-06 15:40:17.441 8 WARNING neutron.api.rpc.agentnotifiers.dhcp_rpc_agent_api [None req-a254b730-4dd0-4e2c-981f-4307adf6c19c 7d995783e9fc432481738bfb24b512af d3f584cf8dec4941985d777de0674d35 - - default default] Unable to schedule network 07f6505e-2790-4abf-849d-b535c5ac4823: no agents available; will retry on subsequent port and subnet creation events.
2026-05-06 15:40:17.808 8 INFO neutron.db.ovn_revision_numbers_db [None req-a254b730-4dd0-4e2c-981f-4307adf6c19c 7d995783e9fc432481738bfb24b512af d3f584cf8dec4941985d777de0674d35 - - default default] Successfully bumped revision number for resource 579d45de-675f-4389-ba21-b110c09c4bc6 (type: ports) to 2
2026-05-06 15:40:17.839 8 INFO neutron.db.ovn_revision_numbers_db [None req-a254b730-4dd0-4e2c-981f-4307adf6c19c 7d995783e9fc432481738bfb24b512af d3f584cf8dec4941985d777de0674d35 - - default default] Successfully bumped revision number for resource 3ee38c67-f50c-4459-9ae2-fb2214fa88f3 (type: subnets) to 0 [pid: 8|app: 0|req: 1753/3437] 10.0.0.33 () {34 vars in 668 bytes} [Wed May 6 15:40:17 2026] POST /v2.0/subnets => generated 647 bytes in 535 msecs (HTTP/1.1 201) 4 headers in 162 bytes (1 switches on core 0) [pid: 7|app: 0|req: 1685/3438] 10.0.0.33 () {34 vars in 680 bytes} [Wed May 6 15:40:17 2026] POST /v2.0/rbac-policies => generated 324 bytes in 169 msecs (HTTP/1.1 201) 4 headers in 162 bytes (1 switches on core 0) [pid: 8|app: 0|req: 1754/3439] 10.0.0.33 () {32 vars in 722 bytes} [Wed May 6 15:40:18 2026] GET /v2.0/networks/07f6505e-2790-4abf-849d-b535c5ac4823 => generated 692 bytes in 95 msecs (HTTP/1.1 200) 4 headers in 157 bytes (1 switches on core 0)
2026-05-06 15:40:18.888 7 INFO neutron.pecan_wsgi.hooks.translation [None req-0bb0ac33-1fbe-43fa-b6b5-c40a13f91309 30c9364b19ba4a43aff1f2b2b5d7a93b 74c702ef63154156805fa71024b93d3b - - default default] GET failed (client error): The resource could not be found. [pid: 7|app: 0|req: 1686/3440] 10.0.0.33 () {32 vars in 722 bytes} [Wed May 6 15:40:18 2026] GET /v2.0/networks/07f6505e-2790-4abf-849d-b535c5ac4823 => generated 138 bytes in 52 msecs (HTTP/1.1 404) 4 headers in 164 bytes (1 switches on core 0)
2026-05-06 15:40:19.017 8 INFO neutron_taas.services.taas.taas_plugin [None req-78ff4213-cc14-41c9-87c1-c0aaca77b389 7d995783e9fc432481738bfb24b512af d3f584cf8dec4941985d777de0674d35 - - default default] TaaS: Handle Delete Port: 579d45de-675f-4389-ba21-b110c09c4bc6
2026-05-06 15:40:19.020 8 INFO neutron_taas.services.taas.tap_mirror_plugin [None req-78ff4213-cc14-41c9-87c1-c0aaca77b389 7d995783e9fc432481738bfb24b512af d3f584cf8dec4941985d777de0674d35 - - default default] Tap Mirror: Handle Delete Port: 579d45de-675f-4389-ba21-b110c09c4bc6 [pid: 8|app: 0|req: 1755/3441] 10.0.0.33 () {32 vars in 725 bytes} [Wed May 6 15:40:18 2026] DELETE /v2.0/networks/07f6505e-2790-4abf-849d-b535c5ac4823 => generated 0 bytes in 448 msecs (HTTP/1.1 204) 3 headers in 131 bytes (1 switches on core 0)
2026-05-06 15:40:19.347 8 INFO neutron.services.segments.plugin [-] Segment 6ffe1e6d-9e7b-493c-9171-e279645495c4 resource provider aggregate not found
2026-05-06 15:40:19.351 8 INFO neutron.services.segments.plugin [-] Segment 6ffe1e6d-9e7b-493c-9171-e279645495c4 resource provider aggregate not found
2026-05-06 15:40:19.362 7 INFO neutron.pecan_wsgi.hooks.translation [None req-492e6771-a911-4a97-9ada-3fd6c9bdf927 7d995783e9fc432481738bfb24b512af d3f584cf8dec4941985d777de0674d35 - - default default] DELETE failed (client error): The resource could not be found. [pid: 7|app: 0|req: 1687/3442] 10.0.0.33 () {32 vars in 723 bytes} [Wed May 6 15:40:19 2026] DELETE /v2.0/subnets/74352c2b-7c51-40b0-8d02-0316d140e04a => generated 136 bytes in 16 msecs (HTTP/1.1 404) 4 headers in 164 bytes (1 switches on core 0)
2026-05-06 15:40:19.367 8 INFO neutron.services.segments.plugin [-] Segment 6ffe1e6d-9e7b-493c-9171-e279645495c4 resource provider not found; error: Placement Client Error (4xx): {"errors": [{"status": 404, "title": "Not Found", "detail": "The resource could not be found.\n\n No resource provider with uuid 6ffe1e6d-9e7b-493c-9171-e279645495c4 found for delete ", "request_id": "req-61b0d556-9dd7-4ed5-92c7-c55fe6bb1102"}]}
2026-05-06 15:40:19.367 8 INFO neutron.services.segments.plugin [-] Segment 6ffe1e6d-9e7b-493c-9171-e279645495c4 resource provider not found; error: Placement Client Error (4xx): {"errors": [{"status": 404, "title": "Not Found", "detail": "The resource could not be found.\n\n No resource provider with uuid 6ffe1e6d-9e7b-493c-9171-e279645495c4 found for delete ", "request_id": "req-385744fe-cf7e-43c1-bd97-7bc11ff87a49"}]}
2026-05-06 15:40:19.382 8 INFO neutron.pecan_wsgi.hooks.translation [None req-5f42daaa-b2f2-410c-8cbe-843045b96dca 7d995783e9fc432481738bfb24b512af d3f584cf8dec4941985d777de0674d35 - - default default] DELETE failed (client error): The resource could not be found. [pid: 8|app: 0|req: 1756/3443] 10.0.0.33 () {32 vars in 723 bytes} [Wed May 6 15:40:19 2026] DELETE /v2.0/subnets/b37cdcdf-4561-46ab-a7d1-5db39a2ade06 => generated 136 bytes in 15 msecs (HTTP/1.1 404) 4 headers in 164 bytes (1 switches on core 0)
2026-05-06 15:40:19.401 7 INFO neutron.pecan_wsgi.hooks.translation [None req-7dd9ccdb-6182-4a70-93da-550d799ca56e 7d995783e9fc432481738bfb24b512af d3f584cf8dec4941985d777de0674d35 - - default default] DELETE failed (client error): The resource could not be found. [pid: 7|app: 0|req: 1688/3444] 10.0.0.33 () {32 vars in 723 bytes} [Wed May 6 15:40:19 2026] DELETE /v2.0/subnets/3ee38c67-f50c-4459-9ae2-fb2214fa88f3 => generated 136 bytes in 15 msecs (HTTP/1.1 404) 4 headers in 164 bytes (1 switches on core 0)
2026-05-06 15:40:20.309 8 WARNING neutron.db.securitygroups_db [None req-9c51ea52-81c7-4325-bab0-9dd8d143fbb4 8e89cf70b7ab49ae918991ec7b09f5da 2782134ad02c461191044a18eeae2462 - - default default] project_id key not found in filters, using tenant_id instead. This support has been deprecated and will be removed in a future release. [pid: 8|app: 0|req: 1757/3445] 10.0.0.33 () {32 vars in 773 bytes} [Wed May 6 15:40:20 2026] GET /v2.0/security-groups?tenant_id=d3f584cf8dec4941985d777de0674d35&name=default => generated 2929 bytes in 164 msecs (HTTP/1.1 200) 4 headers in 158 bytes (1 switches on core 0) [pid: 7|app: 0|req: 1689/3448] 10.0.0.33 () {32 vars in 739 bytes} [Wed May 6 15:40:20 2026] DELETE /v2.0/security-groups/b30f801d-183e-4ef8-aa79-2594ddf6aeb1 => generated 0 bytes in 168 msecs (HTTP/1.1 204) 2 headers in 112 bytes (1 switches on core 0)
2026-05-06 15:40:20.621 8 WARNING neutron.db.securitygroups_db [None req-7266dd43-b837-49fa-be1c-bffa65237dbb 8e89cf70b7ab49ae918991ec7b09f5da 2782134ad02c461191044a18eeae2462 - - default default] project_id key not found in filters, using tenant_id instead. This support has been deprecated and will be removed in a future release.
2026-05-06 15:40:20.718 8 INFO neutron.db.ovn_revision_numbers_db [None req-7266dd43-b837-49fa-be1c-bffa65237dbb 8e89cf70b7ab49ae918991ec7b09f5da 2782134ad02c461191044a18eeae2462 - - default default] Successfully bumped revision number for resource 45debf87-18c6-420e-a844-0c0dca087d35 (type: security_groups) to 1
2026-05-06 15:40:20.729 8 INFO neutron.db.ovn_revision_numbers_db [None req-7266dd43-b837-49fa-be1c-bffa65237dbb 8e89cf70b7ab49ae918991ec7b09f5da 2782134ad02c461191044a18eeae2462 - - default default] Successfully bumped revision number for resource 2db4b45a-131b-4e4d-8802-46d8632dbb51 (type: security_group_rules) to 0
2026-05-06 15:40:20.740 8 INFO neutron.db.ovn_revision_numbers_db [None req-7266dd43-b837-49fa-be1c-bffa65237dbb 8e89cf70b7ab49ae918991ec7b09f5da 2782134ad02c461191044a18eeae2462 - - default default] Successfully bumped revision number for resource 92ea82d6-c8cf-4d99-81f0-6cba840f13b4 (type: security_group_rules) to 0
2026-05-06 15:40:20.754 8 INFO neutron.db.ovn_revision_numbers_db [None req-7266dd43-b837-49fa-be1c-bffa65237dbb 8e89cf70b7ab49ae918991ec7b09f5da 2782134ad02c461191044a18eeae2462 - - default default] Successfully bumped revision number for resource cc8100ff-d311-47f0-a13a-6ba1cbef4dfa (type: security_group_rules) to 0
2026-05-06 15:40:20.769 8 INFO neutron.db.ovn_revision_numbers_db [None req-7266dd43-b837-49fa-be1c-bffa65237dbb 8e89cf70b7ab49ae918991ec7b09f5da 2782134ad02c461191044a18eeae2462 - - default default] Successfully bumped revision number for resource e4e959dd-c45b-445b-b176-e911ccb59705 (type: security_group_rules) to 0 [pid: 8|app: 0|req: 1760/3449] 10.0.0.33 () {32 vars in 773 bytes} [Wed May 6 15:40:20 2026] GET /v2.0/security-groups?tenant_id=74c702ef63154156805fa71024b93d3b&name=default => generated 2929 bytes in 200 msecs (HTTP/1.1 200) 4 headers in 158 bytes (1 switches on core 0) [pid: 7|app: 0|req: 1690/3450] 10.0.0.33 () {32 vars in 739 bytes} [Wed May 6 15:40:20 2026] DELETE /v2.0/security-groups/45debf87-18c6-420e-a844-0c0dca087d35 => generated 0 bytes in 183 msecs (HTTP/1.1 204) 2 headers in 112 bytes (1 switches on core 0)
2026-05-06 15:40:21.158 8 WARNING neutron.db.securitygroups_db [None req-78be1ecf-70bf-4524-b360-ae9df37eb965 8e89cf70b7ab49ae918991ec7b09f5da 2782134ad02c461191044a18eeae2462 - - default default] project_id key not found in filters, using tenant_id instead. This support has been deprecated and will be removed in a future release.
2026-05-06 15:40:21.310 8 INFO neutron.db.ovn_revision_numbers_db [None req-78be1ecf-70bf-4524-b360-ae9df37eb965 8e89cf70b7ab49ae918991ec7b09f5da 2782134ad02c461191044a18eeae2462 - - default default] Successfully bumped revision number for resource 4e03f3f0-9dee-437d-a481-010980c95d5e (type: security_groups) to 1
2026-05-06 15:40:21.322 8 INFO neutron.db.ovn_revision_numbers_db [None req-78be1ecf-70bf-4524-b360-ae9df37eb965 8e89cf70b7ab49ae918991ec7b09f5da 2782134ad02c461191044a18eeae2462 - - default default] Successfully bumped revision number for resource 3a7094a9-35b7-47b6-ad15-7eb5a5643e94 (type: security_group_rules) to 0
2026-05-06 15:40:21.338 8 INFO neutron.db.ovn_revision_numbers_db [None req-78be1ecf-70bf-4524-b360-ae9df37eb965 8e89cf70b7ab49ae918991ec7b09f5da 2782134ad02c461191044a18eeae2462 - - default default] Successfully bumped revision number for resource 5b021a42-87e7-47d6-aef4-b7b56fa5f82d (type: security_group_rules) to 0
2026-05-06 15:40:21.354 8 INFO neutron.db.ovn_revision_numbers_db [None req-78be1ecf-70bf-4524-b360-ae9df37eb965 8e89cf70b7ab49ae918991ec7b09f5da 2782134ad02c461191044a18eeae2462 - - default default] Successfully bumped revision number for resource a04ca397-b930-43ec-ac91-4cee3491c24a (type: security_group_rules) to 0
2026-05-06 15:40:21.363 8 INFO neutron.db.ovn_revision_numbers_db [None req-78be1ecf-70bf-4524-b360-ae9df37eb965 8e89cf70b7ab49ae918991ec7b09f5da 2782134ad02c461191044a18eeae2462 - - default default] Successfully bumped revision number for resource ef28a21f-9373-4f49-b59e-30ab2be71921 (type: security_group_rules) to 0 [pid: 8|app: 0|req: 1761/3451] 10.0.0.33 () {32 vars in 773 bytes} [Wed May 6 15:40:21 2026] GET /v2.0/security-groups?tenant_id=1e23087a49a04178888315fd999087be&name=default => generated 2929 bytes in 250 msecs (HTTP/1.1 200) 4 headers in 158 bytes (1 switches on core 0) [pid: 7|app: 0|req: 1691/3452] 10.0.0.33 () {32 vars in 739 bytes} [Wed May 6 15:40:21 2026] DELETE /v2.0/security-groups/4e03f3f0-9dee-437d-a481-010980c95d5e => generated 0 bytes in 196 msecs (HTTP/1.1 204) 2 headers in 112 bytes (1 switches on core 0)
2026-05-06 15:40:25.646 8 INFO neutron.db.ovn_revision_numbers_db [None req-15af5d66-598f-4c53-8c54-e1080f79d220 ddbd5c17d6bf4af3a13efd2ac14ddcd6 4f418b2975f64741b0673c2799f026e6 - - default default] Successfully bumped revision number for resource 1b255567-7356-4fbc-92b7-4d132d7f603b (type: routers) to 1 [pid: 8|app: 0|req: 1762/3453] 10.0.0.33 () {34 vars in 667 bytes} [Wed May 6 15:40:25 2026] POST /v2.0/routers => generated 591 bytes in 272 msecs (HTTP/1.1 201) 4 headers in 162 bytes (1 switches on core 0)
2026-05-06 15:40:25.810 7 INFO neutron.db.ovn_revision_numbers_db [None req-2d5369c6-9826-4f34-8543-8be0fcb44bdd ddbd5c17d6bf4af3a13efd2ac14ddcd6 4f418b2975f64741b0673c2799f026e6 - - default default] Successfully bumped revision number for resource 345234c9-6081-4a82-98ed-3406f8211ae5 (type: routers) to 1 [pid: 7|app: 0|req: 1692/3454] 10.0.0.33 () {34 vars in 667 bytes} [Wed May 6 15:40:25 2026] POST /v2.0/routers => generated 591 bytes in 158 msecs (HTTP/1.1 201) 4 headers in 162 bytes (1 switches on core 0)
2026-05-06 15:40:25.941 8 INFO neutron.db.ovn_revision_numbers_db [None req-bb20fede-c494-43d4-b0ed-cb2d5e46f765 ddbd5c17d6bf4af3a13efd2ac14ddcd6 4f418b2975f64741b0673c2799f026e6 - - default default] Successfully bumped revision number for resource 07010dfc-0897-4018-94ef-c2e5164dd7c3 (type: routers) to 1 [pid: 8|app: 0|req: 1763/3455] 10.0.0.33 () {34 vars in 667 bytes} [Wed May 6 15:40:25 2026] POST /v2.0/routers => generated 591 bytes in 131 msecs (HTTP/1.1 201) 4 headers in 162 bytes (1 switches on core 0)
2026-05-06 15:40:26.078 7 INFO neutron.db.ovn_revision_numbers_db [None req-8fd921a1-f5a4-4052-a429-f8ff626eaf65 ddbd5c17d6bf4af3a13efd2ac14ddcd6 4f418b2975f64741b0673c2799f026e6 - - default default] Successfully bumped revision number for resource feaeea7f-ce8d-476c-8193-e101095a864b (type: routers) to 1 [pid: 7|app: 0|req: 1693/3456] 10.0.0.33 () {34 vars in 667 bytes} [Wed May 6 15:40:25 2026] POST /v2.0/routers => generated 591 bytes in 129 msecs (HTTP/1.1 201) 4 headers in 162 bytes (1 switches on core 0)
2026-05-06 15:40:26.208 8 INFO neutron.db.ovn_revision_numbers_db [None req-a4f8ac8a-743c-44fa-b693-068216b3ac2b ddbd5c17d6bf4af3a13efd2ac14ddcd6 4f418b2975f64741b0673c2799f026e6 - - default default] Successfully bumped revision number for resource 9bde8606-302b-4e2f-b287-2d4fe8cf5c33 (type: routers) to 1 [pid: 8|app: 0|req: 1764/3457] 10.0.0.33 () {34 vars in 667 bytes} [Wed May 6 15:40:26 2026] POST /v2.0/routers => generated 591 bytes in 126 msecs (HTTP/1.1 201) 4 headers in 162 bytes (1 switches on core 0)
2026-05-06 15:40:26.264 7 WARNING tagging [None req-5bb9d252-4de2-42f6-a6f5-60ea9b15ec06 ddbd5c17d6bf4af3a13efd2ac14ddcd6 4f418b2975f64741b0673c2799f026e6 - - default default] project_id key not found in request, using tenant_id instead. This support has been deprecated and will be removed in a future release. [pid: 7|app: 0|req: 1694/3458] 10.0.0.33 () {34 vars in 750 bytes} [Wed May 6 15:40:26 2026] PUT /v2.0/routers/1b255567-7356-4fbc-92b7-4d132d7f603b/tags => generated 17 bytes in 72 msecs (HTTP/1.1 200) 4 headers in 156 bytes (1 switches on core 0)
2026-05-06 15:40:26.338 8 WARNING tagging [None req-dfed627e-8e47-40d2-990f-727cf9158f05 ddbd5c17d6bf4af3a13efd2ac14ddcd6 4f418b2975f64741b0673c2799f026e6 - - default default] project_id key not found in request, using tenant_id instead. This support has been deprecated and will be removed in a future release. [pid: 8|app: 0|req: 1765/3459] 10.0.0.33 () {34 vars in 750 bytes} [Wed May 6 15:40:26 2026] PUT /v2.0/routers/345234c9-6081-4a82-98ed-3406f8211ae5/tags => generated 25 bytes in 62 msecs (HTTP/1.1 200) 4 headers in 156 bytes (1 switches on core 0)
2026-05-06 15:40:26.403 7 WARNING tagging [None req-fc2a42eb-d74f-40f0-81fc-2dddc5abde4a ddbd5c17d6bf4af3a13efd2ac14ddcd6 4f418b2975f64741b0673c2799f026e6 - - default default] project_id key not found in request, using tenant_id instead. This support has been deprecated and will be removed in a future release. [pid: 7|app: 0|req: 1695/3460] 10.0.0.33 () {34 vars in 750 bytes} [Wed May 6 15:40:26 2026] PUT /v2.0/routers/07010dfc-0897-4018-94ef-c2e5164dd7c3/tags => generated 34 bytes in 63 msecs (HTTP/1.1 200) 4 headers in 156 bytes (1 switches on core 0)
2026-05-06 15:40:26.474 8 WARNING tagging [None req-8c8ccc1a-c267-46a2-a907-ce92a6a2b220 ddbd5c17d6bf4af3a13efd2ac14ddcd6 4f418b2975f64741b0673c2799f026e6 - - default default] project_id key not found in request, using tenant_id instead. This support has been deprecated and will be removed in a future release. [pid: 8|app: 0|req: 1766/3461] 10.0.0.33 () {34 vars in 750 bytes} [Wed May 6 15:40:26 2026] PUT /v2.0/routers/feaeea7f-ce8d-476c-8193-e101095a864b/tags => generated 19 bytes in 74 msecs (HTTP/1.1 200) 4 headers in 156 bytes (1 switches on core 0) [pid: 7|app: 0|req: 1696/3462] 10.0.0.33 () {32 vars in 663 bytes} [Wed May 6 15:40:26 2026] GET /v2.0/routers?tags=red => generated 1814 bytes in 59 msecs (HTTP/1.1 200) 4 headers in 158 bytes (1 switches on core 0) [pid: 8|app: 0|req: 1767/3463] 10.0.0.33 () {32 vars in 677 bytes} [Wed May 6 15:40:26 2026] GET /v2.0/routers?tags=red%2Cblue => generated 1222 bytes in 60 msecs (HTTP/1.1 200) 4 headers in 158 bytes (1 switches on core 0) [pid: 7|app: 0|req: 1697/3464] 10.0.0.33 () {32 vars in 673 bytes} [Wed May 6 15:40:26 2026] GET /v2.0/routers?tags-any=blue => generated 1222 bytes in 61 msecs (HTTP/1.1 200) 4 headers in 158 bytes (1 switches on core 0) [pid: 8|app: 0|req: 1768/3465] 10.0.0.33 () {32 vars in 685 bytes} [Wed May 6 15:40:26 2026] GET /v2.0/routers?tags-any=red%2Cblue => generated 1814 bytes in 64 msecs (HTTP/1.1 200) 4 headers in 158 bytes (1 switches on core 0) [pid: 7|app: 0|req: 1698/3466] 10.0.0.33 () {32 vars in 671 bytes} [Wed May 6 15:40:26 2026] GET /v2.0/routers?not-tags=red => generated 1194 bytes in 69 msecs (HTTP/1.1 200) 4 headers in 158 bytes (1 switches on core 0) [pid: 8|app: 0|req: 1769/3467] 10.0.0.33 () {32 vars in 685 bytes} [Wed May 6 15:40:26 2026] GET /v2.0/routers?not-tags=red%2Cblue => generated 1786 bytes in 60 msecs (HTTP/1.1 200) 4 headers in 158 bytes (1 switches on core 0) [pid: 7|app: 0|req: 1699/3468] 10.0.0.33 () {32 vars in 681 bytes} [Wed May 6 15:40:26 2026] GET /v2.0/routers?not-tags-any=blue => generated 1786 bytes in 60 msecs (HTTP/1.1 200) 4 headers in 158 bytes (1 switches on core 0) [pid: 8|app: 0|req: 1770/3469] 10.0.0.33 () {32 vars in 693 bytes} [Wed May 6 15:40:26 2026] GET /v2.0/routers?not-tags-any=red%2Cblue => generated 1194 bytes in 57 msecs (HTTP/1.1 200) 4 headers in 158 bytes (1 switches on core 0) [pid: 7|app: 0|req: 1700/3470] 10.0.0.33 () {32 vars in 720 bytes} [Wed May 6 15:40:27 2026] GET /v2.0/routers/1b255567-7356-4fbc-92b7-4d132d7f603b => generated 602 bytes in 38 msecs (HTTP/1.1 200) 4 headers in 157 bytes (1 switches on core 0)
2026-05-06 15:40:27.365 8 INFO neutron.db.ovn_revision_numbers_db [None req-3ab0e038-f513-459e-b172-e3ad83203092 ddbd5c17d6bf4af3a13efd2ac14ddcd6 4f418b2975f64741b0673c2799f026e6 - - default default] Successfully bumped revision number for resource 1b255567-7356-4fbc-92b7-4d132d7f603b (type: routers) to 2 [pid: 8|app: 0|req: 1771/3471] 10.0.0.33 () {34 vars in 741 bytes} [Wed May 6 15:40:27 2026] PUT /v2.0/routers/1b255567-7356-4fbc-92b7-4d132d7f603b => generated 602 bytes in 285 msecs (HTTP/1.1 200) 4 headers in 157 bytes (1 switches on core 0) [pid: 7|app: 0|req: 1701/3472] 10.0.0.33 () {32 vars in 735 bytes} [Wed May 6 15:40:27 2026] GET /v2.0/ports?device_id=1b255567-7356-4fbc-92b7-4d132d7f603b => generated 12 bytes in 17 msecs (HTTP/1.1 200) 4 headers in 156 bytes (1 switches on core 0) [pid: 8|app: 0|req: 1772/3473] 10.0.0.33 () {32 vars in 723 bytes} [Wed May 6 15:40:27 2026] DELETE /v2.0/routers/1b255567-7356-4fbc-92b7-4d132d7f603b => generated 0 bytes in 168 msecs (HTTP/1.1 204) 2 headers in 112 bytes (1 switches on core 0) [pid: 7|app: 0|req: 1702/3474] 10.0.0.33 () {32 vars in 720 bytes} [Wed May 6 15:40:27 2026] GET /v2.0/routers/345234c9-6081-4a82-98ed-3406f8211ae5 => generated 610 bytes in 33 msecs (HTTP/1.1 200) 4 headers in 157 bytes (1 switches on core 0)
2026-05-06 15:40:27.858 8 INFO neutron.db.ovn_revision_numbers_db [None req-6d1fe2ad-c798-4b08-b0c9-9218646e65e6 ddbd5c17d6bf4af3a13efd2ac14ddcd6 4f418b2975f64741b0673c2799f026e6 - - default default] Successfully bumped revision number for resource 345234c9-6081-4a82-98ed-3406f8211ae5 (type: routers) to 2 [pid: 8|app: 0|req: 1773/3475] 10.0.0.33 () {34 vars in 741 bytes} [Wed May 6 15:40:27 2026] PUT /v2.0/routers/345234c9-6081-4a82-98ed-3406f8211ae5 => generated 610 bytes in 254 msecs (HTTP/1.1 200) 4 headers in 157 bytes (1 switches on core 0) [pid: 7|app: 0|req: 1703/3476] 10.0.0.33 () {32 vars in 735 bytes} [Wed May 6 15:40:27 2026] GET /v2.0/ports?device_id=345234c9-6081-4a82-98ed-3406f8211ae5 => generated 12 bytes in 21 msecs (HTTP/1.1 200) 4 headers in 156 bytes (1 switches on core 0) [pid: 8|app: 0|req: 1774/3477] 10.0.0.33 () {32 vars in 723 bytes} [Wed May 6 15:40:27 2026] DELETE /v2.0/routers/345234c9-6081-4a82-98ed-3406f8211ae5 => generated 0 bytes in 169 msecs (HTTP/1.1 204) 2 headers in 112 bytes (1 switches on core 0) [pid: 7|app: 0|req: 1704/3478] 10.0.0.33 () {32 vars in 720 bytes} [Wed May 6 15:40:28 2026] GET /v2.0/routers/07010dfc-0897-4018-94ef-c2e5164dd7c3 => generated 619 bytes in 35 msecs (HTTP/1.1 200) 4 headers in 157 bytes (1 switches on core 0)
2026-05-06 15:40:28.358 8 INFO neutron.db.ovn_revision_numbers_db [None req-9089f89a-5ee0-4570-9670-39451f640336 ddbd5c17d6bf4af3a13efd2ac14ddcd6 4f418b2975f64741b0673c2799f026e6 - - default default] Successfully bumped revision number for resource 07010dfc-0897-4018-94ef-c2e5164dd7c3 (type: routers) to 2 [pid: 8|app: 0|req: 1775/3479] 10.0.0.33 () {34 vars in 741 bytes} [Wed May 6 15:40:28 2026] PUT /v2.0/routers/07010dfc-0897-4018-94ef-c2e5164dd7c3 => generated 619 bytes in 256 msecs (HTTP/1.1 200) 4 headers in 157 bytes (1 switches on core 0) [pid: 7|app: 0|req: 1705/3480] 10.0.0.33 () {32 vars in 735 bytes} [Wed May 6 15:40:28 2026] GET /v2.0/ports?device_id=07010dfc-0897-4018-94ef-c2e5164dd7c3 => generated 12 bytes in 20 msecs (HTTP/1.1 200) 4 headers in 156 bytes (1 switches on core 0) [pid: 8|app: 0|req: 1776/3481] 10.0.0.33 () {32 vars in 723 bytes} [Wed May 6 15:40:28 2026] DELETE /v2.0/routers/07010dfc-0897-4018-94ef-c2e5164dd7c3 => generated 0 bytes in 169 msecs (HTTP/1.1 204) 2 headers in 112 bytes (1 switches on core 0) [pid: 7|app: 0|req: 1706/3482] 10.0.0.33 () {32 vars in 720 bytes} [Wed May 6 15:40:28 2026] GET /v2.0/routers/feaeea7f-ce8d-476c-8193-e101095a864b => generated 604 bytes in 37 msecs (HTTP/1.1 200) 4 headers in 157 bytes (1 switches on core 0)
