2026-04-14 08:47:19.457 8 INFO neutron.db.segments_db [None req-41905492-35a7-4d93-877f-fc3d4513f41c d7981994ac4f4343a7591bfe3d61cd7a 03f84ba658734192a601eb7f944710b6 - - default default] Added segment cbcc27f2-b54b-4dc6-bf9b-15bba73e4090 of type geneve for network 4b198a6b-8e69-49fa-b12b-f7c65d246837 [pid: 9|app: 0|req: 1014/1973] 10.0.0.220 () {34 vars in 990 bytes} [Tue Apr 14 08:47:19 2026] GET /v2.0/ports?device_id=4b9458fd-c858-41ae-92ff-6b7360e5be90 => generated 975 bytes in 53 msecs (HTTP/1.1 200) 4 headers in 157 bytes (1 switches on core 0) [pid: 9|app: 0|req: 1015/1974] 10.0.0.220 () {34 vars in 1040 bytes} [Tue Apr 14 08:47:19 2026] GET /v2.0/security-groups?id=89ade936-34b2-49d4-825d-ebf900323d08&fields=id&fields=name => generated 113 bytes in 36 msecs (HTTP/1.1 200) 4 headers in 157 bytes (1 switches on core 0)
2026-04-14 08:47:19.583 8 INFO neutron.db.ovn_revision_numbers_db [None req-41905492-35a7-4d93-877f-fc3d4513f41c d7981994ac4f4343a7591bfe3d61cd7a 03f84ba658734192a601eb7f944710b6 - - default default] Successfully bumped revision number for resource 4b198a6b-8e69-49fa-b12b-f7c65d246837 (type: networks) to 1
2026-04-14 08:47:19.789 8 WARNING neutron.scheduler.dhcp_agent_scheduler [None req-41905492-35a7-4d93-877f-fc3d4513f41c d7981994ac4f4343a7591bfe3d61cd7a 03f84ba658734192a601eb7f944710b6 - - default default] No more DHCP agents
2026-04-14 08:47:19.790 8 WARNING neutron.api.rpc.agentnotifiers.dhcp_rpc_agent_api [None req-41905492-35a7-4d93-877f-fc3d4513f41c d7981994ac4f4343a7591bfe3d61cd7a 03f84ba658734192a601eb7f944710b6 - - default default] Unable to schedule network 4b198a6b-8e69-49fa-b12b-f7c65d246837: no agents available; will retry on subsequent port and subnet creation events.
2026-04-14 08:47:19.854 8 INFO neutron.plugins.ml2.drivers.ovn.mech_driver.mech_driver [None req-1415355b-dd87-458a-8936-f6bee9a6ed4b - - - - - -] OVN reports status down for port: d0040d5b-894f-4282-9dae-94b40f34ca39
2026-04-14 08:47:19.865 8 INFO neutron.notifiers.nova [-] Nova event matching ['req-98dc16ed-1edc-4b63-8ce4-715a38a16939'] response: {'server_uuid': '4b9458fd-c858-41ae-92ff-6b7360e5be90', 'name': 'network-vif-plugged', 'status': 'completed', 'tag': '9dc2e21f-5b61-4476-81e9-4584636bfded', 'code': 200}
2026-04-14 08:47:19.913 8 INFO neutron.db.ovn_revision_numbers_db [None req-41905492-35a7-4d93-877f-fc3d4513f41c d7981994ac4f4343a7591bfe3d61cd7a 03f84ba658734192a601eb7f944710b6 - - default default] Successfully bumped revision number for resource d0040d5b-894f-4282-9dae-94b40f34ca39 (type: ports) to 1 [pid: 8|app: 0|req: 960/1975] 10.0.0.6 () {34 vars in 668 bytes} [Tue Apr 14 08:47:18 2026] POST /v2.0/networks => generated 645 bytes in 1011 msecs (HTTP/1.1 201) 4 headers in 162 bytes (1 switches on core 0)
2026-04-14 08:47:20.220 9 WARNING neutron.scheduler.dhcp_agent_scheduler [None req-88085f6c-d4e6-4a25-a632-ab760bd0d2a2 d7981994ac4f4343a7591bfe3d61cd7a 03f84ba658734192a601eb7f944710b6 - - default default] No more DHCP agents
2026-04-14 08:47:20.223 9 WARNING neutron.api.rpc.agentnotifiers.dhcp_rpc_agent_api [None req-88085f6c-d4e6-4a25-a632-ab760bd0d2a2 d7981994ac4f4343a7591bfe3d61cd7a 03f84ba658734192a601eb7f944710b6 - - default default] Unable to schedule network 4b198a6b-8e69-49fa-b12b-f7c65d246837: no agents available; will retry on subsequent port and subnet creation events. [pid: 8|app: 0|req: 961/1976] 10.0.0.6 () {32 vars in 772 bytes} [Tue Apr 14 08:47:20 2026] GET /v2.0/security-groups?tenant_id=2efd5834d4e64362a1d642e41525347b&name=default => generated 2925 bytes in 254 msecs (HTTP/1.1 200) 4 headers in 158 bytes (1 switches on core 0)
2026-04-14 08:47:20.295 8 INFO neutron.plugins.ml2.drivers.ovn.mech_driver.mech_driver [None req-1415355b-dd87-458a-8936-f6bee9a6ed4b - - - - - -] OVN reports status down for port: 22004f5a-0740-4234-ba02-fc2b9869cad9
2026-04-14 08:47:20.335 9 INFO neutron.db.ovn_revision_numbers_db [None req-88085f6c-d4e6-4a25-a632-ab760bd0d2a2 d7981994ac4f4343a7591bfe3d61cd7a 03f84ba658734192a601eb7f944710b6 - - default default] Successfully bumped revision number for resource 22004f5a-0740-4234-ba02-fc2b9869cad9 (type: ports) to 1 [pid: 9|app: 0|req: 1016/1977] 10.0.0.6 () {34 vars in 663 bytes} [Tue Apr 14 08:47:19 2026] POST /v2.0/ports => generated 774 bytes in 418 msecs (HTTP/1.1 201) 4 headers in 162 bytes (1 switches on core 0) /var/lib/openstack/lib/python3.12/site-packages/pycadf/identifier.py:70: UserWarning: Invalid uuid: neutron. To ensure interoperability, identifiers should be a valid uuid. warnings.warn(('Invalid uuid: %s. To ensure interoperability, '
2026-04-14 08:47:20.498 9 INFO neutron.db.segments_db [None req-0e567239-c0cf-4737-bca8-7c9940ac2162 d7981994ac4f4343a7591bfe3d61cd7a 03f84ba658734192a601eb7f944710b6 - - default default] Added segment fcedd8e6-c842-4dbf-a54f-9db7229b9a7c of type geneve for network 9195df24-fe48-4f70-8161-6c7a21196483 [pid: 8|app: 0|req: 962/1978] 10.0.0.6 () {32 vars in 738 bytes} [Tue Apr 14 08:47:20 2026] DELETE /v2.0/security-groups/6455afb6-039d-438e-958b-cdf5404408af => generated 0 bytes in 313 msecs (HTTP/1.1 204) 2 headers in 112 bytes (1 switches on core 0)
2026-04-14 08:47:20.649 9 INFO neutron.db.ovn_revision_numbers_db [None req-0e567239-c0cf-4737-bca8-7c9940ac2162 d7981994ac4f4343a7591bfe3d61cd7a 03f84ba658734192a601eb7f944710b6 - - default default] Successfully bumped revision number for resource 9195df24-fe48-4f70-8161-6c7a21196483 (type: networks) to 1 [pid: 8|app: 0|req: 963/1979] 10.0.0.220 () {34 vars in 990 bytes} [Tue Apr 14 08:47:20 2026] GET /v2.0/ports?device_id=4b9458fd-c858-41ae-92ff-6b7360e5be90 => generated 975 bytes in 41 msecs (HTTP/1.1 200) 4 headers in 157 bytes (1 switches on core 0) [pid: 8|app: 0|req: 964/1980] 10.0.0.220 () {34 vars in 1040 bytes} [Tue Apr 14 08:47:20 2026] GET /v2.0/security-groups?id=89ade936-34b2-49d4-825d-ebf900323d08&fields=id&fields=name => generated 113 bytes in 35 msecs (HTTP/1.1 200) 4 headers in 157 bytes (1 switches on core 0)
2026-04-14 08:47:20.869 9 WARNING neutron.scheduler.dhcp_agent_scheduler [None req-0e567239-c0cf-4737-bca8-7c9940ac2162 d7981994ac4f4343a7591bfe3d61cd7a 03f84ba658734192a601eb7f944710b6 - - default default] No more DHCP agents
2026-04-14 08:47:20.871 9 WARNING neutron.api.rpc.agentnotifiers.dhcp_rpc_agent_api [None req-0e567239-c0cf-4737-bca8-7c9940ac2162 d7981994ac4f4343a7591bfe3d61cd7a 03f84ba658734192a601eb7f944710b6 - - default default] Unable to schedule network 9195df24-fe48-4f70-8161-6c7a21196483: no agents available; will retry on subsequent port and subnet creation events.
2026-04-14 08:47:20.924 9 INFO neutron.plugins.ml2.drivers.ovn.mech_driver.mech_driver [None req-4edc304b-1849-4f71-94d9-14953bfc9fc2 - - - - - -] OVN reports status down for port: ded5447e-0cf6-4837-88a0-85a370763c3e
2026-04-14 08:47:20.975 9 INFO neutron.db.ovn_revision_numbers_db [None req-0e567239-c0cf-4737-bca8-7c9940ac2162 d7981994ac4f4343a7591bfe3d61cd7a 03f84ba658734192a601eb7f944710b6 - - default default] Successfully bumped revision number for resource ded5447e-0cf6-4837-88a0-85a370763c3e (type: ports) to 1 [pid: 9|app: 0|req: 1017/1981] 10.0.0.6 () {34 vars in 668 bytes} [Tue Apr 14 08:47:20 2026] POST /v2.0/networks => generated 632 bytes in 633 msecs (HTTP/1.1 201) 4 headers in 162 bytes (1 switches on core 0)
2026-04-14 08:47:21.030 8 INFO neutron.db.ovn_revision_numbers_db [None req-0a943e07-bb44-4b2e-ae1d-9500740c5dd0 f8560daab29d4b189881be4ed12ad3dc 9abf9132fa4b419ba1dd0b8cacf1f07f - - default default] Successfully bumped revision number for resource 2ac090c7-8a52-4e3f-804e-54a8afe79449 (type: security_groups) to 1
2026-04-14 08:47:21.048 8 INFO neutron.db.ovn_revision_numbers_db [None req-0a943e07-bb44-4b2e-ae1d-9500740c5dd0 f8560daab29d4b189881be4ed12ad3dc 9abf9132fa4b419ba1dd0b8cacf1f07f - - default default] Successfully bumped revision number for resource 0837d58d-e59f-4d62-b521-bb8968396057 (type: security_group_rules) to 0
2026-04-14 08:47:21.062 8 INFO neutron.db.ovn_revision_numbers_db [None req-0a943e07-bb44-4b2e-ae1d-9500740c5dd0 f8560daab29d4b189881be4ed12ad3dc 9abf9132fa4b419ba1dd0b8cacf1f07f - - default default] Successfully bumped revision number for resource 40fb3bc5-69ee-4647-95be-0abea944bfc7 (type: security_group_rules) to 0
2026-04-14 08:47:21.076 8 INFO neutron.db.ovn_revision_numbers_db [None req-0a943e07-bb44-4b2e-ae1d-9500740c5dd0 f8560daab29d4b189881be4ed12ad3dc 9abf9132fa4b419ba1dd0b8cacf1f07f - - default default] Successfully bumped revision number for resource 854a60fb-b3c1-49a3-9688-f94a94f290ab (type: security_group_rules) to 0 [pid: 9|app: 0|req: 1018/1982] 10.0.0.220 () {34 vars in 990 bytes} [Tue Apr 14 08:47:21 2026] GET /v2.0/ports?device_id=4b9458fd-c858-41ae-92ff-6b7360e5be90 => generated 975 bytes in 55 msecs (HTTP/1.1 200) 4 headers in 157 bytes (1 switches on core 0)
2026-04-14 08:47:21.089 8 INFO neutron.db.ovn_revision_numbers_db [None req-0a943e07-bb44-4b2e-ae1d-9500740c5dd0 f8560daab29d4b189881be4ed12ad3dc 9abf9132fa4b419ba1dd0b8cacf1f07f - - default default] Successfully bumped revision number for resource d95dba9a-f6d9-4b63-91c0-bffdcbb80172 (type: security_group_rules) to 0
2026-04-14 08:47:21.174 8 INFO neutron.db.segments_db [None req-0a943e07-bb44-4b2e-ae1d-9500740c5dd0 f8560daab29d4b189881be4ed12ad3dc 9abf9132fa4b419ba1dd0b8cacf1f07f - - default default] Added segment 7a2e9346-0f5e-49da-848a-8f9e5b1fbdb9 of type geneve for network df0a2dbd-23eb-4a3a-b4d9-878ef279f2dc
2026-04-14 08:47:21.229 9 INFO neutron.db.ovn_revision_numbers_db [None req-a3aa2687-6a2b-4bc0-b6f9-89603e643c84 64c6d8c4004844cd877071774a2861b8 9f22f159725f4537b7b2d8cb515ef739 - - default default] Successfully bumped revision number for resource d2919593-dfa8-4aae-a397-818cc5c744a0 (type: security_groups) to 1
2026-04-14 08:47:21.244 9 INFO neutron.db.ovn_revision_numbers_db [None req-a3aa2687-6a2b-4bc0-b6f9-89603e643c84 64c6d8c4004844cd877071774a2861b8 9f22f159725f4537b7b2d8cb515ef739 - - default default] Successfully bumped revision number for resource 35f40110-6f1b-41fc-b848-520462e841c8 (type: security_group_rules) to 0
2026-04-14 08:47:21.258 9 INFO neutron.db.ovn_revision_numbers_db [None req-a3aa2687-6a2b-4bc0-b6f9-89603e643c84 64c6d8c4004844cd877071774a2861b8 9f22f159725f4537b7b2d8cb515ef739 - - default default] Successfully bumped revision number for resource 615c34dc-7dce-47b3-8fe7-2caa354416c1 (type: security_group_rules) to 0
2026-04-14 08:47:21.279 9 INFO neutron.db.ovn_revision_numbers_db [None req-a3aa2687-6a2b-4bc0-b6f9-89603e643c84 64c6d8c4004844cd877071774a2861b8 9f22f159725f4537b7b2d8cb515ef739 - - default default] Successfully bumped revision number for resource 80db60da-4ce7-435f-a873-86150b37b1c1 (type: security_group_rules) to 0
2026-04-14 08:47:21.299 8 INFO neutron.db.ovn_revision_numbers_db [None req-0a943e07-bb44-4b2e-ae1d-9500740c5dd0 f8560daab29d4b189881be4ed12ad3dc 9abf9132fa4b419ba1dd0b8cacf1f07f - - default default] Successfully bumped revision number for resource df0a2dbd-23eb-4a3a-b4d9-878ef279f2dc (type: networks) to 1
2026-04-14 08:47:21.303 9 INFO neutron.db.ovn_revision_numbers_db [None req-a3aa2687-6a2b-4bc0-b6f9-89603e643c84 64c6d8c4004844cd877071774a2861b8 9f22f159725f4537b7b2d8cb515ef739 - - default default] Successfully bumped revision number for resource b31e9f2f-4676-47b3-b811-c6c27e098f05 (type: security_group_rules) to 0 [pid: 9|app: 0|req: 1019/1983] 10.0.0.6 () {32 vars in 772 bytes} [Tue Apr 14 08:47:21 2026] GET /v2.0/security-groups?tenant_id=73703f90838a4a58b5343fad2e55eb8c&name=default => generated 2925 bytes in 275 msecs (HTTP/1.1 200) 4 headers in 158 bytes (1 switches on core 0)
2026-04-14 08:47:21.505 8 WARNING neutron.scheduler.dhcp_agent_scheduler [None req-0a943e07-bb44-4b2e-ae1d-9500740c5dd0 f8560daab29d4b189881be4ed12ad3dc 9abf9132fa4b419ba1dd0b8cacf1f07f - - default default] No more DHCP agents
2026-04-14 08:47:21.507 8 WARNING neutron.api.rpc.agentnotifiers.dhcp_rpc_agent_api [None req-0a943e07-bb44-4b2e-ae1d-9500740c5dd0 f8560daab29d4b189881be4ed12ad3dc 9abf9132fa4b419ba1dd0b8cacf1f07f - - default default] Unable to schedule network df0a2dbd-23eb-4a3a-b4d9-878ef279f2dc: no agents available; will retry on subsequent port and subnet creation events.
2026-04-14 08:47:21.575 8 INFO neutron.plugins.ml2.drivers.ovn.mech_driver.mech_driver [None req-1415355b-dd87-458a-8936-f6bee9a6ed4b - - - - - -] OVN reports status down for port: df485da9-ed69-4744-81fb-f37b504c5db5
2026-04-14 08:47:21.605 9 WARNING neutron.scheduler.dhcp_agent_scheduler [None req-8422bf7f-e119-466d-9f13-17de35f248ce d7981994ac4f4343a7591bfe3d61cd7a 03f84ba658734192a601eb7f944710b6 - - default default] No more DHCP agents
2026-04-14 08:47:21.607 9 WARNING neutron.api.rpc.agentnotifiers.dhcp_rpc_agent_api [None req-8422bf7f-e119-466d-9f13-17de35f248ce d7981994ac4f4343a7591bfe3d61cd7a 03f84ba658734192a601eb7f944710b6 - - default default] Unable to schedule network 9195df24-fe48-4f70-8161-6c7a21196483: no agents available; will retry on subsequent port and subnet creation events.
2026-04-14 08:47:21.647 8 INFO neutron.db.ovn_revision_numbers_db [None req-0a943e07-bb44-4b2e-ae1d-9500740c5dd0 f8560daab29d4b189881be4ed12ad3dc 9abf9132fa4b419ba1dd0b8cacf1f07f - - default default] Successfully bumped revision number for resource df485da9-ed69-4744-81fb-f37b504c5db5 (type: ports) to 1 [pid: 8|app: 0|req: 965/1984] 10.0.0.6 () {34 vars in 668 bytes} [Tue Apr 14 08:47:20 2026] POST /v2.0/networks => generated 630 bytes in 989 msecs (HTTP/1.1 201) 4 headers in 162 bytes (1 switches on core 0) [pid: 8|app: 0|req: 966/1985] 10.0.0.220 () {34 vars in 1040 bytes} [Tue Apr 14 08:47:21 2026] GET /v2.0/security-groups?id=89ade936-34b2-49d4-825d-ebf900323d08&fields=id&fields=name => generated 113 bytes in 35 msecs (HTTP/1.1 200) 4 headers in 157 bytes (1 switches on core 0) [pid: 8|app: 0|req: 967/1986] 10.0.0.6 () {32 vars in 738 bytes} [Tue Apr 14 08:47:21 2026] DELETE /v2.0/security-groups/d2919593-dfa8-4aae-a397-818cc5c744a0 => generated 0 bytes in 272 msecs (HTTP/1.1 204) 2 headers in 112 bytes (1 switches on core 0)
2026-04-14 08:47:22.119 8 INFO neutron.db.segments_db [None req-6f20b111-9c02-46ae-87b1-11039e611f03 f8560daab29d4b189881be4ed12ad3dc 9abf9132fa4b419ba1dd0b8cacf1f07f - - default default] Added segment 5c55dff2-de2d-4b0b-b617-678a2e6b3e9f of type geneve for network edf0c7e3-f449-417e-adfa-cd7e3c4f468d
2026-04-14 08:47:22.203 9 INFO neutron.db.ovn_revision_numbers_db [None req-19e8bc17-b7f2-4f41-bc22-99abb779558f - - - - - -] Successfully bumped revision number for resource ded5447e-0cf6-4837-88a0-85a370763c3e (type: ports) to 2
2026-04-14 08:47:22.257 9 INFO neutron.db.ovn_revision_numbers_db [None req-19e8bc17-b7f2-4f41-bc22-99abb779558f - - - - - -] Successfully bumped revision number for resource f49698dd-b322-4837-a1d1-44283d285889 (type: subnets) to 0 [pid: 9|app: 0|req: 1020/1987] 10.0.0.6 () {34 vars in 667 bytes} [Tue Apr 14 08:47:21 2026] POST /v2.0/subnets => generated 626 bytes in 919 msecs (HTTP/1.1 201) 4 headers in 162 bytes (1 switches on core 0)
2026-04-14 08:47:22.290 8 INFO neutron.db.ovn_revision_numbers_db [None req-6f20b111-9c02-46ae-87b1-11039e611f03 f8560daab29d4b189881be4ed12ad3dc 9abf9132fa4b419ba1dd0b8cacf1f07f - - default default] Successfully bumped revision number for resource edf0c7e3-f449-417e-adfa-cd7e3c4f468d (type: networks) to 1 [pid: 9|app: 0|req: 1021/1988] 10.0.0.6 () {32 vars in 734 bytes} [Tue Apr 14 08:47:22 2026] GET /v2.0/ports?device_id=4b9458fd-c858-41ae-92ff-6b7360e5be90 => generated 1213 bytes in 43 msecs (HTTP/1.1 200) 4 headers in 158 bytes (1 switches on core 0)
2026-04-14 08:47:22.469 8 WARNING neutron.scheduler.dhcp_agent_scheduler [None req-6f20b111-9c02-46ae-87b1-11039e611f03 f8560daab29d4b189881be4ed12ad3dc 9abf9132fa4b419ba1dd0b8cacf1f07f - - default default] No more DHCP agents
2026-04-14 08:47:22.471 8 WARNING neutron.api.rpc.agentnotifiers.dhcp_rpc_agent_api [None req-6f20b111-9c02-46ae-87b1-11039e611f03 f8560daab29d4b189881be4ed12ad3dc 9abf9132fa4b419ba1dd0b8cacf1f07f - - default default] Unable to schedule network edf0c7e3-f449-417e-adfa-cd7e3c4f468d: no agents available; will retry on subsequent port and subnet creation events.
2026-04-14 08:47:22.530 9 INFO neutron.plugins.ml2.drivers.ovn.mech_driver.mech_driver [None req-4edc304b-1849-4f71-94d9-14953bfc9fc2 - - - - - -] OVN reports status down for port: d8adb9b7-bd93-4c63-b67f-83cb0004c913
2026-04-14 08:47:22.595 8 INFO neutron.db.ovn_revision_numbers_db [None req-6f20b111-9c02-46ae-87b1-11039e611f03 f8560daab29d4b189881be4ed12ad3dc 9abf9132fa4b419ba1dd0b8cacf1f07f - - default default] Successfully bumped revision number for resource d8adb9b7-bd93-4c63-b67f-83cb0004c913 (type: ports) to 1 [pid: 8|app: 0|req: 968/1989] 10.0.0.6 () {34 vars in 668 bytes} [Tue Apr 14 08:47:22 2026] POST /v2.0/networks => generated 630 bytes in 604 msecs (HTTP/1.1 201) 4 headers in 162 bytes (1 switches on core 0)
2026-04-14 08:47:22.715 9 WARNING neutron.scheduler.dhcp_agent_scheduler [None req-c96a154b-d68b-405e-9c68-10d49d6b20be d7981994ac4f4343a7591bfe3d61cd7a 03f84ba658734192a601eb7f944710b6 - - default default] No more DHCP agents
2026-04-14 08:47:22.717 9 WARNING neutron.api.rpc.agentnotifiers.dhcp_rpc_agent_api [None req-c96a154b-d68b-405e-9c68-10d49d6b20be d7981994ac4f4343a7591bfe3d61cd7a 03f84ba658734192a601eb7f944710b6 - - default default] Unable to schedule network 9195df24-fe48-4f70-8161-6c7a21196483: no agents available; will retry on subsequent port and subnet creation events.
2026-04-14 08:47:22.841 9 INFO neutron.plugins.ml2.drivers.ovn.mech_driver.mech_driver [None req-4edc304b-1849-4f71-94d9-14953bfc9fc2 - - - - - -] OVN reports status down for port: f65134c0-4283-429a-afde-ab8005581d94
2026-04-14 08:47:22.923 9 INFO neutron.db.ovn_revision_numbers_db [None req-c96a154b-d68b-405e-9c68-10d49d6b20be d7981994ac4f4343a7591bfe3d61cd7a 03f84ba658734192a601eb7f944710b6 - - default default] Successfully bumped revision number for resource f65134c0-4283-429a-afde-ab8005581d94 (type: ports) to 1
2026-04-14 08:47:22.934 8 WARNING neutron.scheduler.dhcp_agent_scheduler [None req-f835f0d2-5ede-4a46-8b60-51ad38333b96 12b0a3b91ce5483799fc8df2810b8a93 9b21d8f116fd4daab5526eef158d1dda - - default default] No more DHCP agents
2026-04-14 08:47:22.935 8 WARNING neutron.api.rpc.agentnotifiers.dhcp_rpc_agent_api [None req-f835f0d2-5ede-4a46-8b60-51ad38333b96 12b0a3b91ce5483799fc8df2810b8a93 9b21d8f116fd4daab5526eef158d1dda - - default default] Unable to schedule network d4578ee7-724b-48d9-bfc2-073e5a8eb638: no agents available; will retry on subsequent port and subnet creation events. [pid: 9|app: 0|req: 1022/1990] 10.0.0.6 () {34 vars in 663 bytes} [Tue Apr 14 08:47:22 2026] POST /v2.0/ports => generated 954 bytes in 647 msecs (HTTP/1.1 201) 4 headers in 162 bytes (1 switches on core 0) /var/lib/openstack/lib/python3.12/site-packages/pycadf/identifier.py:70: UserWarning: Invalid uuid: neutron. To ensure interoperability, identifiers should be a valid uuid. warnings.warn(('Invalid uuid: %s. To ensure interoperability, '
2026-04-14 08:47:23.185 9 WARNING neutron.scheduler.dhcp_agent_scheduler [None req-959cdd33-2328-42c5-9531-3b7811e534f8 f8560daab29d4b189881be4ed12ad3dc 9abf9132fa4b419ba1dd0b8cacf1f07f - - default default] No more DHCP agents
2026-04-14 08:47:23.186 9 WARNING neutron.api.rpc.agentnotifiers.dhcp_rpc_agent_api [None req-959cdd33-2328-42c5-9531-3b7811e534f8 f8560daab29d4b189881be4ed12ad3dc 9abf9132fa4b419ba1dd0b8cacf1f07f - - default default] Unable to schedule network df0a2dbd-23eb-4a3a-b4d9-878ef279f2dc: no agents available; will retry on subsequent port and subnet creation events.
2026-04-14 08:47:23.659 9 INFO neutron.db.ovn_revision_numbers_db [None req-8d7c7180-16d7-475d-be42-5ef6ceaecdcf - - - - - -] Successfully bumped revision number for resource df485da9-ed69-4744-81fb-f37b504c5db5 (type: ports) to 2
2026-04-14 08:47:23.692 9 INFO neutron.db.ovn_revision_numbers_db [None req-8d7c7180-16d7-475d-be42-5ef6ceaecdcf - - - - - -] Successfully bumped revision number for resource 2f70b5eb-2bec-4fb1-8787-9bae4a97335e (type: subnets) to 0 [pid: 9|app: 0|req: 1023/1991] 10.0.0.6 () {34 vars in 667 bytes} [Tue Apr 14 08:47:22 2026] POST /v2.0/subnets => generated 626 bytes in 742 msecs (HTTP/1.1 201) 4 headers in 162 bytes (1 switches on core 0)
2026-04-14 08:47:23.744 8 INFO neutron.db.ovn_revision_numbers_db [None req-f835f0d2-5ede-4a46-8b60-51ad38333b96 12b0a3b91ce5483799fc8df2810b8a93 9b21d8f116fd4daab5526eef158d1dda - - default default] Successfully bumped revision number for resource 26b2be43-a768-4615-904b-8ef89372ff24 (type: floatingips) to 1
2026-04-14 08:47:23.745 8 INFO neutron.db.l3_db [None req-f835f0d2-5ede-4a46-8b60-51ad38333b96 12b0a3b91ce5483799fc8df2810b8a93 9b21d8f116fd4daab5526eef158d1dda - - default default] Floating IP 26b2be43-a768-4615-904b-8ef89372ff24 associated. External IP: 10.96.250.209, port: 9dc2e21f-5b61-4476-81e9-4584636bfded. [pid: 8|app: 0|req: 969/1992] 10.0.0.6 () {34 vars in 675 bytes} [Tue Apr 14 08:47:22 2026] POST /v2.0/floatingips => generated 856 bytes in 1167 msecs (HTTP/1.1 201) 4 headers in 162 bytes (1 switches on core 0) /var/lib/openstack/lib/python3.12/site-packages/pycadf/identifier.py:70: UserWarning: Invalid uuid: neutron. To ensure interoperability, identifiers should be a valid uuid. warnings.warn(('Invalid uuid: %s. To ensure interoperability, '
2026-04-14 08:47:23.831 8 INFO neutron.notifiers.nova [-] Nova event matching ['req-96404096-f7ed-4b2b-bed3-8105f22314f0'] response: {'name': 'network-changed', 'server_uuid': '4b9458fd-c858-41ae-92ff-6b7360e5be90', 'tag': '9dc2e21f-5b61-4476-81e9-4584636bfded', 'status': 'completed', 'code': 200}
2026-04-14 08:47:23.850 9 INFO neutron_taas.services.taas.taas_plugin [None req-3ba0cd00-879f-4015-aba5-785231ff119b d7981994ac4f4343a7591bfe3d61cd7a 03f84ba658734192a601eb7f944710b6 - - default default] TaaS: Handle Delete Port: f65134c0-4283-429a-afde-ab8005581d94
2026-04-14 08:47:23.853 9 INFO neutron_taas.services.taas.tap_mirror_plugin [None req-3ba0cd00-879f-4015-aba5-785231ff119b d7981994ac4f4343a7591bfe3d61cd7a 03f84ba658734192a601eb7f944710b6 - - default default] Tap Mirror: Handle Delete Port: f65134c0-4283-429a-afde-ab8005581d94
2026-04-14 08:47:23.994 8 WARNING neutron.scheduler.dhcp_agent_scheduler [None req-44a5196f-c685-4fcf-a341-9465b45ea6b3 f8560daab29d4b189881be4ed12ad3dc 9abf9132fa4b419ba1dd0b8cacf1f07f - - default default] No more DHCP agents
2026-04-14 08:47:23.995 8 WARNING neutron.api.rpc.agentnotifiers.dhcp_rpc_agent_api [None req-44a5196f-c685-4fcf-a341-9465b45ea6b3 f8560daab29d4b189881be4ed12ad3dc 9abf9132fa4b419ba1dd0b8cacf1f07f - - default default] Unable to schedule network edf0c7e3-f449-417e-adfa-cd7e3c4f468d: no agents available; will retry on subsequent port and subnet creation events. [pid: 9|app: 0|req: 1024/1993] 10.0.0.6 () {32 vars in 718 bytes} [Tue Apr 14 08:47:23 2026] DELETE /v2.0/ports/f65134c0-4283-429a-afde-ab8005581d94 => generated 0 bytes in 323 msecs (HTTP/1.1 204) 3 headers in 131 bytes (1 switches on core 0) [pid: 9|app: 0|req: 1025/1994] 10.0.0.6 () {32 vars in 727 bytes} [Tue Apr 14 08:47:24 2026] GET /v2.0/floatingips/26b2be43-a768-4615-904b-8ef89372ff24 => generated 858 bytes in 42 msecs (HTTP/1.1 200) 4 headers in 157 bytes (1 switches on core 0)
2026-04-14 08:47:24.091 9 INFO neutron.pecan_wsgi.hooks.translation [None req-f9634829-2d09-44d7-8064-a7c07da24e3a d7981994ac4f4343a7591bfe3d61cd7a 03f84ba658734192a601eb7f944710b6 - - default default] DELETE failed (client error): The resource could not be found. [pid: 9|app: 0|req: 1026/1995] 10.0.0.6 () {32 vars in 718 bytes} [Tue Apr 14 08:47:24 2026] DELETE /v2.0/ports/f65134c0-4283-429a-afde-ab8005581d94 => generated 132 bytes in 15 msecs (HTTP/1.1 404) 4 headers in 164 bytes (1 switches on core 0)
2026-04-14 08:47:24.116 9 INFO neutron.pecan_wsgi.hooks.translation [None req-1bde28f5-4cd7-4e2f-8cc3-aed319b44efa d7981994ac4f4343a7591bfe3d61cd7a 03f84ba658734192a601eb7f944710b6 - - default default] GET failed (client error): The resource could not be found. [pid: 9|app: 0|req: 1027/1996] 10.0.0.6 () {32 vars in 715 bytes} [Tue Apr 14 08:47:24 2026] GET /v2.0/ports/f65134c0-4283-429a-afde-ab8005581d94 => generated 132 bytes in 18 msecs (HTTP/1.1 404) 4 headers in 164 bytes (1 switches on core 0) [pid: 9|app: 0|req: 1028/1997] 10.0.0.6 () {32 vars in 722 bytes} [Tue Apr 14 08:47:24 2026] DELETE /v2.0/subnets/f49698dd-b322-4837-a1d1-44283d285889 => generated 0 bytes in 175 msecs (HTTP/1.1 204) 3 headers in 131 bytes (1 switches on core 0)
2026-04-14 08:47:24.457 9 INFO neutron_taas.services.taas.taas_plugin [None req-8a629087-4335-42e5-80e3-7974458671b9 d7981994ac4f4343a7591bfe3d61cd7a 03f84ba658734192a601eb7f944710b6 - - default default] TaaS: Handle Delete Port: ded5447e-0cf6-4837-88a0-85a370763c3e
2026-04-14 08:47:24.467 9 INFO neutron_taas.services.taas.tap_mirror_plugin [None req-8a629087-4335-42e5-80e3-7974458671b9 d7981994ac4f4343a7591bfe3d61cd7a 03f84ba658734192a601eb7f944710b6 - - default default] Tap Mirror: Handle Delete Port: ded5447e-0cf6-4837-88a0-85a370763c3e
2026-04-14 08:47:24.503 8 INFO neutron.db.ovn_revision_numbers_db [None req-e5b4ce36-3882-49f3-833c-0a9b544f9b94 - - - - - -] Successfully bumped revision number for resource d8adb9b7-bd93-4c63-b67f-83cb0004c913 (type: ports) to 2
2026-04-14 08:47:24.553 8 INFO neutron.db.ovn_revision_numbers_db [None req-e5b4ce36-3882-49f3-833c-0a9b544f9b94 - - - - - -] Successfully bumped revision number for resource 5f78dce0-81ad-4818-bf79-06c734a7af93 (type: subnets) to 0 [pid: 8|app: 0|req: 970/1998] 10.0.0.6 () {34 vars in 667 bytes} [Tue Apr 14 08:47:23 2026] POST /v2.0/subnets => generated 626 bytes in 787 msecs (HTTP/1.1 201) 4 headers in 162 bytes (1 switches on core 0) [pid: 8|app: 0|req: 971/1999] 199.204.45.216 () {34 vars in 1080 bytes} [Tue Apr 14 08:47:24 2026] GET /v2.0/ports?tenant_id=9b21d8f116fd4daab5526eef158d1dda&device_id=4b9458fd-c858-41ae-92ff-6b7360e5be90 => generated 1213 bytes in 38 msecs (HTTP/1.1 200) 4 headers in 158 bytes (1 switches on core 0)
2026-04-14 08:47:24.669 9 INFO neutron.services.segments.plugin [-] Segment fcedd8e6-c842-4dbf-a54f-9db7229b9a7c resource provider aggregate not found
2026-04-14 08:47:24.678 9 INFO neutron.services.segments.plugin [-] Segment fcedd8e6-c842-4dbf-a54f-9db7229b9a7c resource provider aggregate not found
2026-04-14 08:47:24.690 9 INFO neutron.services.segments.plugin [-] Segment fcedd8e6-c842-4dbf-a54f-9db7229b9a7c resource provider not found; error: Placement Client Error (4xx): {"errors": [{"status": 404, "title": "Not Found", "detail": "The resource could not be found.\n\n No resource provider with uuid fcedd8e6-c842-4dbf-a54f-9db7229b9a7c found for delete ", "request_id": "req-b88abd3c-a17d-40ac-90e1-79c9f3926c51"}]}
2026-04-14 08:47:24.696 9 INFO neutron.services.segments.plugin [-] Segment fcedd8e6-c842-4dbf-a54f-9db7229b9a7c resource provider not found; error: Placement Client Error (4xx): {"errors": [{"status": 404, "title": "Not Found", "detail": "The resource could not be found.\n\n No resource provider with uuid fcedd8e6-c842-4dbf-a54f-9db7229b9a7c found for delete ", "request_id": "req-e689d22d-d817-4e70-a29b-934483a131a9"}]} [pid: 9|app: 0|req: 1029/2002] 10.0.0.6 () {32 vars in 724 bytes} [Tue Apr 14 08:47:24 2026] DELETE /v2.0/networks/9195df24-fe48-4f70-8161-6c7a21196483 => generated 0 bytes in 420 msecs (HTTP/1.1 204) 3 headers in 131 bytes (1 switches on core 0) [pid: 9|app: 0|req: 1030/2003] 199.204.45.216 () {34 vars in 986 bytes} [Tue Apr 14 08:47:24 2026] GET /v2.0/networks?id=d56b71cb-4696-4a41-83be-fba06d4d848e => generated 760 bytes in 59 msecs (HTTP/1.1 200) 4 headers in 157 bytes (1 switches on core 0)
2026-04-14 08:47:24.808 8 INFO neutron.db.ovn_revision_numbers_db [None req-79ea6cc8-132d-4e61-b5bf-5e22dbcc43b9 f8560daab29d4b189881be4ed12ad3dc 9abf9132fa4b419ba1dd0b8cacf1f07f - - default default] Successfully bumped revision number for resource e4a87529-3a0a-4e3c-93e5-3db3ef41ccb8 (type: routers) to 1 [pid: 8|app: 0|req: 974/2004] 10.0.0.6 () {34 vars in 667 bytes} [Tue Apr 14 08:47:24 2026] POST /v2.0/routers => generated 603 bytes in 209 msecs (HTTP/1.1 201) 4 headers in 162 bytes (1 switches on core 0) [pid: 8|app: 0|req: 975/2005] 199.204.45.216 () {34 vars in 1060 bytes} [Tue Apr 14 08:47:24 2026] GET /v2.0/floatingips?fixed_ip_address=10.100.0.10&port_id=9dc2e21f-5b61-4476-81e9-4584636bfded => generated 861 bytes in 40 msecs (HTTP/1.1 200) 4 headers in 157 bytes (1 switches on core 0)
2026-04-14 08:47:24.895 9 INFO neutron.db.segments_db [None req-4d5b81f1-80f2-43f6-bd05-57682757e0c5 d7981994ac4f4343a7591bfe3d61cd7a 03f84ba658734192a601eb7f944710b6 - - default default] Added segment 31b7876a-db47-4792-87c9-b79ea6a29263 of type geneve for network a681945c-e96b-4f18-bdc6-3264510868b7
2026-04-14 08:47:25.013 9 INFO neutron.db.ovn_revision_numbers_db [None req-4d5b81f1-80f2-43f6-bd05-57682757e0c5 d7981994ac4f4343a7591bfe3d61cd7a 03f84ba658734192a601eb7f944710b6 - - default default] Successfully bumped revision number for resource a681945c-e96b-4f18-bdc6-3264510868b7 (type: networks) to 1
2026-04-14 08:47:25.233 9 WARNING neutron.scheduler.dhcp_agent_scheduler [None req-4d5b81f1-80f2-43f6-bd05-57682757e0c5 d7981994ac4f4343a7591bfe3d61cd7a 03f84ba658734192a601eb7f944710b6 - - default default] No more DHCP agents
2026-04-14 08:47:25.235 9 WARNING neutron.api.rpc.agentnotifiers.dhcp_rpc_agent_api [None req-4d5b81f1-80f2-43f6-bd05-57682757e0c5 d7981994ac4f4343a7591bfe3d61cd7a 03f84ba658734192a601eb7f944710b6 - - default default] Unable to schedule network a681945c-e96b-4f18-bdc6-3264510868b7: no agents available; will retry on subsequent port and subnet creation events.
2026-04-14 08:47:25.299 9 INFO neutron.plugins.ml2.drivers.ovn.mech_driver.mech_driver [None req-4edc304b-1849-4f71-94d9-14953bfc9fc2 - - - - - -] OVN reports status down for port: 626ae953-b219-4b3f-ad93-f1aa63243046
2026-04-14 08:47:25.307 8 WARNING neutron.scheduler.dhcp_agent_scheduler [None req-bb7da1aa-8af3-41ec-ad3e-8633255530f4 f8560daab29d4b189881be4ed12ad3dc 9abf9132fa4b419ba1dd0b8cacf1f07f - - default default] No more DHCP agents
2026-04-14 08:47:25.309 8 WARNING neutron.api.rpc.agentnotifiers.dhcp_rpc_agent_api [None req-bb7da1aa-8af3-41ec-ad3e-8633255530f4 f8560daab29d4b189881be4ed12ad3dc 9abf9132fa4b419ba1dd0b8cacf1f07f - - default default] Unable to schedule network df0a2dbd-23eb-4a3a-b4d9-878ef279f2dc: no agents available; will retry on subsequent port and subnet creation events.
2026-04-14 08:47:25.357 9 INFO neutron.db.ovn_revision_numbers_db [None req-4d5b81f1-80f2-43f6-bd05-57682757e0c5 d7981994ac4f4343a7591bfe3d61cd7a 03f84ba658734192a601eb7f944710b6 - - default default] Successfully bumped revision number for resource 626ae953-b219-4b3f-ad93-f1aa63243046 (type: ports) to 1 [pid: 9|app: 0|req: 1031/2006] 10.0.0.6 () {34 vars in 668 bytes} [Tue Apr 14 08:47:24 2026] POST /v2.0/networks => generated 632 bytes in 648 msecs (HTTP/1.1 201) 4 headers in 162 bytes (1 switches on core 0)
2026-04-14 08:47:25.454 8 INFO neutron.db.ovn_revision_numbers_db [None req-bb7da1aa-8af3-41ec-ad3e-8633255530f4 f8560daab29d4b189881be4ed12ad3dc 9abf9132fa4b419ba1dd0b8cacf1f07f - - default default] Successfully bumped revision number for resource ec7af858-0e19-4a8d-9f3c-5fae29f39f70 (type: ports) to 1
2026-04-14 08:47:25.468 9 INFO neutron.plugins.ml2.drivers.ovn.mech_driver.mech_driver [None req-4edc304b-1849-4f71-94d9-14953bfc9fc2 - - - - - -] OVN reports status down for port: ec7af858-0e19-4a8d-9f3c-5fae29f39f70 [pid: 9|app: 0|req: 1032/2007] 199.204.45.216 () {34 vars in 984 bytes} [Tue Apr 14 08:47:25 2026] GET /v2.0/subnets?id=0a404c25-239c-4362-9e03-e4bce0310e63 => generated 677 bytes in 48 msecs (HTTP/1.1 200) 4 headers in 157 bytes (1 switches on core 0)
2026-04-14 08:47:25.749 9 WARNING neutron.scheduler.dhcp_agent_scheduler [None req-d822fd4e-2e85-41e9-b4e7-a85313fa1d82 d7981994ac4f4343a7591bfe3d61cd7a 03f84ba658734192a601eb7f944710b6 - - default default] No more DHCP agents
2026-04-14 08:47:25.751 9 WARNING neutron.api.rpc.agentnotifiers.dhcp_rpc_agent_api [None req-d822fd4e-2e85-41e9-b4e7-a85313fa1d82 d7981994ac4f4343a7591bfe3d61cd7a 03f84ba658734192a601eb7f944710b6 - - default default] Unable to schedule network a681945c-e96b-4f18-bdc6-3264510868b7: no agents available; will retry on subsequent port and subnet creation events.
2026-04-14 08:47:25.967 9 INFO neutron.plugins.ml2.drivers.ovn.mech_driver.mech_driver [None req-4edc304b-1849-4f71-94d9-14953bfc9fc2 - - - - - -] OVN reports status up for port: ec7af858-0e19-4a8d-9f3c-5fae29f39f70
2026-04-14 08:47:25.990 9 INFO neutron.plugins.ml2.plugin [None req-4edc304b-1849-4f71-94d9-14953bfc9fc2 - - - - - -] Attempt 1 to provision port ec7af858-0e19-4a8d-9f3c-5fae29f39f70
2026-04-14 08:47:26.018 8 WARNING neutron.scheduler.dhcp_agent_scheduler [None req-bb7da1aa-8af3-41ec-ad3e-8633255530f4 f8560daab29d4b189881be4ed12ad3dc 9abf9132fa4b419ba1dd0b8cacf1f07f - - default default] No more DHCP agents
2026-04-14 08:47:26.021 8 WARNING neutron.api.rpc.agentnotifiers.dhcp_rpc_agent_api [None req-bb7da1aa-8af3-41ec-ad3e-8633255530f4 f8560daab29d4b189881be4ed12ad3dc 9abf9132fa4b419ba1dd0b8cacf1f07f - - default default] Unable to schedule network df0a2dbd-23eb-4a3a-b4d9-878ef279f2dc: no agents available; will retry on subsequent port and subnet creation events.
2026-04-14 08:47:26.235 8 INFO neutron.db.ovn_revision_numbers_db [None req-bb7da1aa-8af3-41ec-ad3e-8633255530f4 f8560daab29d4b189881be4ed12ad3dc 9abf9132fa4b419ba1dd0b8cacf1f07f - - default default] Successfully bumped revision number for resource ec7af858-0e19-4a8d-9f3c-5fae29f39f70 (type: router_ports) to 1 [pid: 8|app: 0|req: 976/2008] 10.0.0.6 () {34 vars in 781 bytes} [Tue Apr 14 08:47:24 2026] PUT /v2.0/routers/e4a87529-3a0a-4e3c-93e5-3db3ef41ccb8/add_router_interface => generated 309 bytes in 1371 msecs (HTTP/1.1 200) 4 headers in 157 bytes (1 switches on core 0) [pid: 8|app: 0|req: 977/2009] 199.204.45.216 () {34 vars in 1052 bytes} [Tue Apr 14 08:47:26 2026] GET /v2.0/ports?network_id=d56b71cb-4696-4a41-83be-fba06d4d848e&device_owner=network%3Adhcp => generated 12 bytes in 24 msecs (HTTP/1.1 200) 4 headers in 156 bytes (1 switches on core 0) [pid: 8|app: 0|req: 978/2010] 10.0.0.6 () {32 vars in 715 bytes} [Tue Apr 14 08:47:26 2026] GET /v2.0/ports/ec7af858-0e19-4a8d-9f3c-5fae29f39f70 => generated 943 bytes in 78 msecs (HTTP/1.1 200) 4 headers in 157 bytes (1 switches on core 0) [pid: 8|app: 0|req: 979/2011] 199.204.45.216 () {34 vars in 1012 bytes} [Tue Apr 14 08:47:26 2026] GET /v2.0/networks/d56b71cb-4696-4a41-83be-fba06d4d848e?fields=segments => generated 14 bytes in 51 msecs (HTTP/1.1 200) 4 headers in 156 bytes (1 switches on core 0)
2026-04-14 08:47:26.605 9 INFO neutron.db.ovn_revision_numbers_db [None req-e3f031cb-f7a8-43fb-8adc-9bd4aa94bc59 - - - - - -] Successfully bumped revision number for resource 626ae953-b219-4b3f-ad93-f1aa63243046 (type: ports) to 2
2026-04-14 08:47:26.694 9 INFO neutron.db.ovn_revision_numbers_db [None req-e3f031cb-f7a8-43fb-8adc-9bd4aa94bc59 - - - - - -] Successfully bumped revision number for resource 1aa33322-7b00-4ff8-a088-15781b53b0d4 (type: subnets) to 0 [pid: 9|app: 0|req: 1033/2012] 10.0.0.6 () {34 vars in 667 bytes} [Tue Apr 14 08:47:25 2026] POST /v2.0/subnets => generated 626 bytes in 1252 msecs (HTTP/1.1 201) 4 headers in 162 bytes (1 switches on core 0)
2026-04-14 08:47:26.765 9 INFO neutron.db.ovn_revision_numbers_db [None req-4edc304b-1849-4f71-94d9-14953bfc9fc2 - - - - - -] Successfully bumped revision number for resource ec7af858-0e19-4a8d-9f3c-5fae29f39f70 (type: ports) to 2 [pid: 9|app: 0|req: 1034/2013] 199.204.45.216 () {34 vars in 1112 bytes} [Tue Apr 14 08:47:26 2026] GET /v2.0/networks/d56b71cb-4696-4a41-83be-fba06d4d848e?fields=provider%3Aphysical_network&fields=provider%3Anetwork_type => generated 79 bytes in 81 msecs (HTTP/1.1 200) 4 headers in 156 bytes (1 switches on core 0)
2026-04-14 08:47:27.197 9 WARNING neutron.scheduler.dhcp_agent_scheduler [None req-3caf0773-3055-473c-bdc4-88acf771e19b d7981994ac4f4343a7591bfe3d61cd7a 03f84ba658734192a601eb7f944710b6 - - default default] No more DHCP agents
2026-04-14 08:47:27.199 9 WARNING neutron.api.rpc.agentnotifiers.dhcp_rpc_agent_api [None req-3caf0773-3055-473c-bdc4-88acf771e19b d7981994ac4f4343a7591bfe3d61cd7a 03f84ba658734192a601eb7f944710b6 - - default default] Unable to schedule network a681945c-e96b-4f18-bdc6-3264510868b7: no agents available; will retry on subsequent port and subnet creation events.
2026-04-14 08:47:27.369 9 INFO neutron.db.ovn_revision_numbers_db [None req-3caf0773-3055-473c-bdc4-88acf771e19b d7981994ac4f4343a7591bfe3d61cd7a 03f84ba658734192a601eb7f944710b6 - - default default] Successfully bumped revision number for resource 6723b846-8d32-4684-bf89-82d6dc3f8a38 (type: ports) to 1 [pid: 9|app: 0|req: 1035/2014] 10.0.0.6 () {34 vars in 663 bytes} [Tue Apr 14 08:47:26 2026] POST /v2.0/ports => generated 911 bytes in 578 msecs (HTTP/1.1 201) 4 headers in 162 bytes (1 switches on core 0)
2026-04-14 08:47:27.550 9 INFO neutron_taas.services.taas.taas_plugin [None req-cd39f463-fc50-4c3f-afff-b32f72af34b0 d7981994ac4f4343a7591bfe3d61cd7a 03f84ba658734192a601eb7f944710b6 - - default default] TaaS: Handle Delete Port: 6723b846-8d32-4684-bf89-82d6dc3f8a38
2026-04-14 08:47:27.553 9 INFO neutron_taas.services.taas.tap_mirror_plugin [None req-cd39f463-fc50-4c3f-afff-b32f72af34b0 d7981994ac4f4343a7591bfe3d61cd7a 03f84ba658734192a601eb7f944710b6 - - default default] Tap Mirror: Handle Delete Port: 6723b846-8d32-4684-bf89-82d6dc3f8a38
2026-04-14 08:47:27.565 8 WARNING neutron.scheduler.dhcp_agent_scheduler [None req-b2cfbe17-ad13-4d22-b5bf-7c833a8719ae f8560daab29d4b189881be4ed12ad3dc 9abf9132fa4b419ba1dd0b8cacf1f07f - - default default] No more DHCP agents
2026-04-14 08:47:27.566 8 WARNING neutron.api.rpc.agentnotifiers.dhcp_rpc_agent_api [None req-b2cfbe17-ad13-4d22-b5bf-7c833a8719ae f8560daab29d4b189881be4ed12ad3dc 9abf9132fa4b419ba1dd0b8cacf1f07f - - default default] Unable to schedule network edf0c7e3-f449-417e-adfa-cd7e3c4f468d: no agents available; will retry on subsequent port and subnet creation events.
2026-04-14 08:47:27.720 8 INFO neutron.db.ovn_revision_numbers_db [None req-b2cfbe17-ad13-4d22-b5bf-7c833a8719ae f8560daab29d4b189881be4ed12ad3dc 9abf9132fa4b419ba1dd0b8cacf1f07f - - default default] Successfully bumped revision number for resource 59a74600-f153-4f29-ba92-b116b263c728 (type: ports) to 1 [pid: 9|app: 0|req: 1036/2015] 10.0.0.6 () {32 vars in 718 bytes} [Tue Apr 14 08:47:27 2026] DELETE /v2.0/ports/6723b846-8d32-4684-bf89-82d6dc3f8a38 => generated 0 bytes in 368 msecs (HTTP/1.1 204) 3 headers in 131 bytes (1 switches on core 0)
2026-04-14 08:47:27.790 9 INFO neutron.pecan_wsgi.hooks.translation [None req-d92765a7-6c0a-429f-bab6-e988951361d6 d7981994ac4f4343a7591bfe3d61cd7a 03f84ba658734192a601eb7f944710b6 - - default default] GET failed (client error): The resource could not be found. [pid: 9|app: 0|req: 1037/2016] 10.0.0.6 () {32 vars in 715 bytes} [Tue Apr 14 08:47:27 2026] GET /v2.0/ports/6723b846-8d32-4684-bf89-82d6dc3f8a38 => generated 132 bytes in 22 msecs (HTTP/1.1 404) 4 headers in 164 bytes (1 switches on core 0) [pid: 9|app: 0|req: 1038/2017] 10.0.0.6 () {32 vars in 722 bytes} [Tue Apr 14 08:47:27 2026] DELETE /v2.0/subnets/1aa33322-7b00-4ff8-a088-15781b53b0d4 => generated 0 bytes in 222 msecs (HTTP/1.1 204) 3 headers in 131 bytes (1 switches on core 0)
2026-04-14 08:47:28.175 9 INFO neutron_taas.services.taas.taas_plugin [None req-a8b7df3a-7390-414c-a03c-0319abb43199 d7981994ac4f4343a7591bfe3d61cd7a 03f84ba658734192a601eb7f944710b6 - - default default] TaaS: Handle Delete Port: 626ae953-b219-4b3f-ad93-f1aa63243046
2026-04-14 08:47:28.178 9 INFO neutron_taas.services.taas.tap_mirror_plugin [None req-a8b7df3a-7390-414c-a03c-0319abb43199 d7981994ac4f4343a7591bfe3d61cd7a 03f84ba658734192a601eb7f944710b6 - - default default] Tap Mirror: Handle Delete Port: 626ae953-b219-4b3f-ad93-f1aa63243046
2026-04-14 08:47:28.394 9 INFO neutron.services.segments.plugin [-] Segment 31b7876a-db47-4792-87c9-b79ea6a29263 resource provider aggregate not found
2026-04-14 08:47:28.400 9 INFO neutron.services.segments.plugin [-] Segment 31b7876a-db47-4792-87c9-b79ea6a29263 resource provider aggregate not found
2026-04-14 08:47:28.422 9 INFO neutron.services.segments.plugin [-] Segment 31b7876a-db47-4792-87c9-b79ea6a29263 resource provider not found; error: Placement Client Error (4xx): {"errors": [{"status": 404, "title": "Not Found", "detail": "The resource could not be found.\n\n No resource provider with uuid 31b7876a-db47-4792-87c9-b79ea6a29263 found for delete ", "request_id": "req-9a8a1db7-9479-4709-8531-179ff0e104c1"}]}
2026-04-14 08:47:28.423 9 INFO neutron.services.segments.plugin [-] Segment 31b7876a-db47-4792-87c9-b79ea6a29263 resource provider not found; error: Placement Client Error (4xx): {"errors": [{"status": 404, "title": "Not Found", "detail": "The resource could not be found.\n\n No resource provider with uuid 31b7876a-db47-4792-87c9-b79ea6a29263 found for delete ", "request_id": "req-f88cef47-dad9-40c9-8367-35c95ac6a403"}]}
2026-04-14 08:47:28.458 8 WARNING neutron.scheduler.dhcp_agent_scheduler [None req-b2cfbe17-ad13-4d22-b5bf-7c833a8719ae f8560daab29d4b189881be4ed12ad3dc 9abf9132fa4b419ba1dd0b8cacf1f07f - - default default] No more DHCP agents
2026-04-14 08:47:28.460 8 WARNING neutron.api.rpc.agentnotifiers.dhcp_rpc_agent_api [None req-b2cfbe17-ad13-4d22-b5bf-7c833a8719ae f8560daab29d4b189881be4ed12ad3dc 9abf9132fa4b419ba1dd0b8cacf1f07f - - default default] Unable to schedule network edf0c7e3-f449-417e-adfa-cd7e3c4f468d: no agents available; will retry on subsequent port and subnet creation events. [pid: 9|app: 0|req: 1039/2018] 10.0.0.6 () {32 vars in 724 bytes} [Tue Apr 14 08:47:28 2026] DELETE /v2.0/networks/a681945c-e96b-4f18-bdc6-3264510868b7 => generated 0 bytes in 444 msecs (HTTP/1.1 204) 3 headers in 131 bytes (1 switches on core 0)
2026-04-14 08:47:28.672 8 INFO neutron.db.ovn_revision_numbers_db [None req-b2cfbe17-ad13-4d22-b5bf-7c833a8719ae f8560daab29d4b189881be4ed12ad3dc 9abf9132fa4b419ba1dd0b8cacf1f07f - - default default] Successfully bumped revision number for resource 59a74600-f153-4f29-ba92-b116b263c728 (type: router_ports) to 1 [pid: 8|app: 0|req: 980/2019] 10.0.0.6 () {34 vars in 781 bytes} [Tue Apr 14 08:47:26 2026] PUT /v2.0/routers/e4a87529-3a0a-4e3c-93e5-3db3ef41ccb8/add_router_interface => generated 309 bytes in 2282 msecs (HTTP/1.1 200) 4 headers in 157 bytes (1 switches on core 0) [pid: 8|app: 0|req: 981/2020] 10.0.0.6 () {32 vars in 715 bytes} [Tue Apr 14 08:47:28 2026] GET /v2.0/ports/59a74600-f153-4f29-ba92-b116b263c728 => generated 941 bytes in 37 msecs (HTTP/1.1 200) 4 headers in 157 bytes (1 switches on core 0) [pid: 8|app: 0|req: 982/2021] 10.0.0.6 () {32 vars in 715 bytes} [Tue Apr 14 08:47:28 2026] GET /v2.0/ports/59a74600-f153-4f29-ba92-b116b263c728 => generated 941 bytes in 40 msecs (HTTP/1.1 200) 4 headers in 157 bytes (1 switches on core 0)
2026-04-14 08:47:28.793 9 WARNING neutron.scheduler.dhcp_agent_scheduler [None req-3f49b5d2-f2dc-493d-a3e5-5d8e65643ed9 d7981994ac4f4343a7591bfe3d61cd7a 03f84ba658734192a601eb7f944710b6 - - default default] No more DHCP agents
2026-04-14 08:47:28.795 9 WARNING neutron.api.rpc.agentnotifiers.dhcp_rpc_agent_api [None req-3f49b5d2-f2dc-493d-a3e5-5d8e65643ed9 d7981994ac4f4343a7591bfe3d61cd7a 03f84ba658734192a601eb7f944710b6 - - default default] Unable to schedule network 4b198a6b-8e69-49fa-b12b-f7c65d246837: no agents available; will retry on subsequent port and subnet creation events.
2026-04-14 08:47:28.847 8 INFO neutron.plugins.ml2.drivers.ovn.mech_driver.mech_driver [None req-1415355b-dd87-458a-8936-f6bee9a6ed4b - - - - - -] OVN reports status down for port: 61a2bbaf-8ec8-4223-a56b-bde8936bbd93
2026-04-14 08:47:28.895 9 INFO neutron.db.ovn_revision_numbers_db [None req-3f49b5d2-f2dc-493d-a3e5-5d8e65643ed9 d7981994ac4f4343a7591bfe3d61cd7a 03f84ba658734192a601eb7f944710b6 - - default default] Successfully bumped revision number for resource 61a2bbaf-8ec8-4223-a56b-bde8936bbd93 (type: ports) to 1 [pid: 9|app: 0|req: 1040/2022] 10.0.0.6 () {34 vars in 663 bytes} [Tue Apr 14 08:47:28 2026] POST /v2.0/ports => generated 775 bytes in 482 msecs (HTTP/1.1 201) 4 headers in 162 bytes (1 switches on core 0)
2026-04-14 08:47:29.204 8 INFO neutron.plugins.ml2.drivers.ovn.mech_driver.mech_driver [None req-1415355b-dd87-458a-8936-f6bee9a6ed4b - - - - - -] OVN reports status down for port: 61a2bbaf-8ec8-4223-a56b-bde8936bbd93
2026-04-14 08:47:29.271 8 INFO neutron.db.ovn_revision_numbers_db [None req-7cd9a119-c016-4d7b-b4d7-e772adb10b0c d7981994ac4f4343a7591bfe3d61cd7a 03f84ba658734192a601eb7f944710b6 - - default default] Successfully bumped revision number for resource 61a2bbaf-8ec8-4223-a56b-bde8936bbd93 (type: ports) to 2 [pid: 8|app: 0|req: 983/2023] 10.0.0.6 () {34 vars in 735 bytes} [Tue Apr 14 08:47:28 2026] PUT /v2.0/ports/61a2bbaf-8ec8-4223-a56b-bde8936bbd93 => generated 752 bytes in 379 msecs (HTTP/1.1 200) 4 headers in 157 bytes (1 switches on core 0) /var/lib/openstack/lib/python3.12/site-packages/pycadf/identifier.py:70: UserWarning: Invalid uuid: neutron. To ensure interoperability, identifiers should be a valid uuid. warnings.warn(('Invalid uuid: %s. To ensure interoperability, '
2026-04-14 08:47:29.477 9 INFO neutron_taas.services.taas.taas_plugin [None req-960a3b50-4c87-48c1-a015-87a9cf991cca d7981994ac4f4343a7591bfe3d61cd7a 03f84ba658734192a601eb7f944710b6 - - default default] TaaS: Handle Delete Port: 61a2bbaf-8ec8-4223-a56b-bde8936bbd93
2026-04-14 08:47:29.481 9 INFO neutron_taas.services.taas.tap_mirror_plugin [None req-960a3b50-4c87-48c1-a015-87a9cf991cca d7981994ac4f4343a7591bfe3d61cd7a 03f84ba658734192a601eb7f944710b6 - - default default] Tap Mirror: Handle Delete Port: 61a2bbaf-8ec8-4223-a56b-bde8936bbd93 [pid: 9|app: 0|req: 1041/2024] 10.0.0.6 () {32 vars in 718 bytes} [Tue Apr 14 08:47:29 2026] DELETE /v2.0/ports/61a2bbaf-8ec8-4223-a56b-bde8936bbd93 => generated 0 bytes in 278 msecs (HTTP/1.1 204) 3 headers in 131 bytes (1 switches on core 0) /var/lib/openstack/lib/python3.12/site-packages/pycadf/identifier.py:70: UserWarning: Invalid uuid: neutron. To ensure interoperability, identifiers should be a valid uuid. warnings.warn(('Invalid uuid: %s. To ensure interoperability, ' [pid: 8|app: 0|req: 984/2025] 10.0.0.6 () {32 vars in 641 bytes} [Tue Apr 14 08:47:29 2026] GET /v2.0/ports => generated 1533 bytes in 49 msecs (HTTP/1.1 200) 4 headers in 158 bytes (1 switches on core 0)
2026-04-14 08:47:29.693 9 INFO neutron.pecan_wsgi.hooks.translation [None req-f2dc59e3-a731-49b0-95f2-fe38de377b04 d7981994ac4f4343a7591bfe3d61cd7a 03f84ba658734192a601eb7f944710b6 - - default default] GET failed (client error): The resource could not be found. [pid: 9|app: 0|req: 1042/2026] 10.0.0.6 () {32 vars in 715 bytes} [Tue Apr 14 08:47:29 2026] GET /v2.0/ports/61a2bbaf-8ec8-4223-a56b-bde8936bbd93 => generated 132 bytes in 17 msecs (HTTP/1.1 404) 4 headers in 164 bytes (1 switches on core 0) [pid: 8|app: 0|req: 985/2027] 10.0.0.6 () {32 vars in 641 bytes} [Tue Apr 14 08:47:29 2026] GET /v2.0/ports => generated 1533 bytes in 43 msecs (HTTP/1.1 200) 4 headers in 158 bytes (1 switches on core 0) [pid: 9|app: 0|req: 1043/2028] 10.0.0.6 () {32 vars in 715 bytes} [Tue Apr 14 08:47:29 2026] GET /v2.0/ports/22004f5a-0740-4234-ba02-fc2b9869cad9 => generated 774 bytes in 42 msecs (HTTP/1.1 200) 4 headers in 157 bytes (1 switches on core 0)
2026-04-14 08:47:29.819 9 INFO neutron.pecan_wsgi.hooks.translation [None req-315dd2d2-ba3c-4435-8fc0-874d0030da94 d7981994ac4f4343a7591bfe3d61cd7a 03f84ba658734192a601eb7f944710b6 - - default default] DELETE failed (client error): The resource could not be found. [pid: 9|app: 0|req: 1044/2029] 10.0.0.6 () {32 vars in 718 bytes} [Tue Apr 14 08:47:29 2026] DELETE /v2.0/ports/6723b846-8d32-4684-bf89-82d6dc3f8a38 => generated 132 bytes in 24 msecs (HTTP/1.1 404) 4 headers in 164 bytes (1 switches on core 0)
2026-04-14 08:47:29.843 9 INFO neutron.pecan_wsgi.hooks.translation [None req-b33be180-6bb3-4199-b9c8-50aa52b66820 d7981994ac4f4343a7591bfe3d61cd7a 03f84ba658734192a601eb7f944710b6 - - default default] DELETE failed (client error): The resource could not be found. [pid: 9|app: 0|req: 1045/2030] 10.0.0.6 () {32 vars in 722 bytes} [Tue Apr 14 08:47:29 2026] DELETE /v2.0/subnets/1aa33322-7b00-4ff8-a088-15781b53b0d4 => generated 136 bytes in 18 msecs (HTTP/1.1 404) 4 headers in 164 bytes (1 switches on core 0) [pid: 8|app: 0|req: 986/2031] 10.0.0.6 () {32 vars in 715 bytes} [Tue Apr 14 08:47:29 2026] GET /v2.0/ports/59a74600-f153-4f29-ba92-b116b263c728 => generated 941 bytes in 83 msecs (HTTP/1.1 200) 4 headers in 157 bytes (1 switches on core 0)
2026-04-14 08:47:29.867 9 INFO neutron.pecan_wsgi.hooks.translation [None req-a283a74b-e83a-430b-a708-ad3935f1651b d7981994ac4f4343a7591bfe3d61cd7a 03f84ba658734192a601eb7f944710b6 - - default default] DELETE failed (client error): The resource could not be found. [pid: 9|app: 0|req: 1046/2032] 10.0.0.6 () {32 vars in 722 bytes} [Tue Apr 14 08:47:29 2026] DELETE /v2.0/subnets/f49698dd-b322-4837-a1d1-44283d285889 => generated 136 bytes in 21 msecs (HTTP/1.1 404) 4 headers in 164 bytes (1 switches on core 0)
2026-04-14 08:47:30.006 8 INFO neutron_taas.services.taas.taas_plugin [None req-4d15944d-701a-41b6-9d7d-8ef373ffbb4c d7981994ac4f4343a7591bfe3d61cd7a 03f84ba658734192a601eb7f944710b6 - - default default] TaaS: Handle Delete Port: 22004f5a-0740-4234-ba02-fc2b9869cad9
