2026-04-14 08:54:38.908 9 INFO neutron.api.v2.resource [None req-8c7c4195-2b38-49c2-be4d-b64e4483a6fd c8abb62fc68d4959993eecca10cdca16 615ad2679eea44e2b2fb00403aa41f12 - - default default] show failed (client error): The resource could not be found. [pid: 9|app: 0|req: 1883/3693] 10.0.0.6 () {32 vars in 727 bytes} [Tue Apr 14 08:54:38 2026] GET /v2.0/floatingips/f9b7f66c-73e1-4e85-9b3d-280fddb05cbc => generated 144 bytes in 33 msecs (HTTP/1.1 404) 4 headers in 164 bytes (1 switches on core 0) [pid: 8|app: 0|req: 1811/3694] 10.0.0.220 () {34 vars in 990 bytes} [Tue Apr 14 08:54:39 2026] GET /v2.0/ports?device_id=5f56b41e-30ee-4bbf-949a-78e8adf7835f => generated 1196 bytes in 92 msecs (HTTP/1.1 200) 4 headers in 158 bytes (1 switches on core 0) [pid: 9|app: 0|req: 1884/3695] 10.0.0.220 () {34 vars in 1040 bytes} [Tue Apr 14 08:54:39 2026] GET /v2.0/security-groups?id=f776aa6e-f746-43b0-93fc-49d89c5588a0&fields=id&fields=name => generated 112 bytes in 43 msecs (HTTP/1.1 200) 4 headers in 157 bytes (1 switches on core 0) [pid: 8|app: 0|req: 1812/3696] 199.204.45.216 () {34 vars in 1080 bytes} [Tue Apr 14 08:54:39 2026] GET /v2.0/ports?tenant_id=615ad2679eea44e2b2fb00403aa41f12&device_id=5f56b41e-30ee-4bbf-949a-78e8adf7835f => generated 1434 bytes in 36 msecs (HTTP/1.1 200) 4 headers in 158 bytes (1 switches on core 0) [pid: 9|app: 0|req: 1885/3699] 199.204.45.216 () {34 vars in 986 bytes} [Tue Apr 14 08:54:39 2026] GET /v2.0/networks?id=4e69d50c-0bdb-474b-9259-daaf88c14c0e => generated 802 bytes in 54 msecs (HTTP/1.1 200) 4 headers in 157 bytes (1 switches on core 0) [pid: 8|app: 0|req: 1815/3700] 199.204.45.216 () {34 vars in 1056 bytes} [Tue Apr 14 08:54:39 2026] GET /v2.0/floatingips?fixed_ip_address=10.2.1.85&port_id=2f2bfdfc-8f98-4832-af61-a5bbbabb7160 => generated 19 bytes in 20 msecs (HTTP/1.1 200) 4 headers in 156 bytes (1 switches on core 0) [pid: 9|app: 0|req: 1886/3701] 199.204.45.216 () {34 vars in 1104 bytes} [Tue Apr 14 08:54:39 2026] GET /v2.0/floatingips?fixed_ip_address=fd7b%3Af9f7%3Afff%3A4eca%3A%3A13e&port_id=2f2bfdfc-8f98-4832-af61-a5bbbabb7160 => generated 19 bytes in 21 msecs (HTTP/1.1 200) 4 headers in 156 bytes (1 switches on core 0) [pid: 8|app: 0|req: 1816/3702] 199.204.45.216 () {34 vars in 1064 bytes} [Tue Apr 14 08:54:39 2026] GET /v2.0/subnets?id=a4878d69-f1b5-4b66-9e5b-aec72fa30833&id=f561d718-4be5-4391-8bdb-d855778c0be6 => generated 1411 bytes in 33 msecs (HTTP/1.1 200) 4 headers in 158 bytes (1 switches on core 0) [pid: 9|app: 0|req: 1887/3703] 199.204.45.216 () {34 vars in 1052 bytes} [Tue Apr 14 08:54:39 2026] GET /v2.0/ports?network_id=4e69d50c-0bdb-474b-9259-daaf88c14c0e&device_owner=network%3Adhcp => generated 12 bytes in 18 msecs (HTTP/1.1 200) 4 headers in 156 bytes (1 switches on core 0) [pid: 8|app: 0|req: 1817/3704] 199.204.45.216 () {34 vars in 1052 bytes} [Tue Apr 14 08:54:39 2026] GET /v2.0/ports?network_id=4e69d50c-0bdb-474b-9259-daaf88c14c0e&device_owner=network%3Adhcp => generated 12 bytes in 21 msecs (HTTP/1.1 200) 4 headers in 156 bytes (1 switches on core 0) [pid: 9|app: 0|req: 1888/3705] 199.204.45.216 () {34 vars in 1012 bytes} [Tue Apr 14 08:54:39 2026] GET /v2.0/networks/4e69d50c-0bdb-474b-9259-daaf88c14c0e?fields=segments => generated 14 bytes in 53 msecs (HTTP/1.1 200) 4 headers in 156 bytes (1 switches on core 0) [pid: 8|app: 0|req: 1818/3706] 199.204.45.216 () {34 vars in 1112 bytes} [Tue Apr 14 08:54:39 2026] GET /v2.0/networks/4e69d50c-0bdb-474b-9259-daaf88c14c0e?fields=provider%3Aphysical_network&fields=provider%3Anetwork_type => generated 79 bytes in 44 msecs (HTTP/1.1 200) 4 headers in 156 bytes (1 switches on core 0)
2026-04-14 08:54:40.143 9 INFO neutron.plugins.ml2.drivers.ovn.mech_driver.mech_driver [None req-ba8ca36f-5b1b-4d19-b59d-c3a54211a179 - - - - - -] OVN reports status down for port: 2f2bfdfc-8f98-4832-af61-a5bbbabb7160
2026-04-14 08:54:40.287 9 INFO neutron.notifiers.nova [-] Nova event matching ['req-3930aae6-c4fa-4906-b557-92b3fad03304'] response: {'server_uuid': '5f56b41e-30ee-4bbf-949a-78e8adf7835f', 'name': 'network-vif-unplugged', 'status': 'completed', 'tag': '2f2bfdfc-8f98-4832-af61-a5bbbabb7160', 'code': 200}
2026-04-14 08:54:40.444 9 INFO neutron.db.ovn_revision_numbers_db [None req-ba8ca36f-5b1b-4d19-b59d-c3a54211a179 - - - - - -] Successfully bumped revision number for resource 2f2bfdfc-8f98-4832-af61-a5bbbabb7160 (type: ports) to 6 /var/lib/openstack/lib/python3.12/site-packages/pycadf/identifier.py:70: UserWarning: Invalid uuid: neutron. To ensure interoperability, identifiers should be a valid uuid. warnings.warn(('Invalid uuid: %s. To ensure interoperability, ' [pid: 9|app: 0|req: 1889/3707] 199.204.45.216 () {34 vars in 994 bytes} [Tue Apr 14 08:54:41 2026] GET /v2.0/ports?device_id=5f56b41e-30ee-4bbf-949a-78e8adf7835f => generated 1194 bytes in 82 msecs (HTTP/1.1 200) 4 headers in 158 bytes (1 switches on core 0)
2026-04-14 08:54:41.564 8 INFO neutron_taas.services.taas.taas_plugin [req-17e0c56f-6d71-4078-9222-bf6541c9f645 req-f3f2904a-9e6f-4e3d-8c96-26a90826bc74 c8abb62fc68d4959993eecca10cdca16 615ad2679eea44e2b2fb00403aa41f12 - - default default] TaaS: Handle Delete Port: 2f2bfdfc-8f98-4832-af61-a5bbbabb7160
2026-04-14 08:54:41.567 8 INFO neutron_taas.services.taas.tap_mirror_plugin [req-17e0c56f-6d71-4078-9222-bf6541c9f645 req-f3f2904a-9e6f-4e3d-8c96-26a90826bc74 c8abb62fc68d4959993eecca10cdca16 615ad2679eea44e2b2fb00403aa41f12 - - default default] Tap Mirror: Handle Delete Port: 2f2bfdfc-8f98-4832-af61-a5bbbabb7160 [pid: 8|app: 0|req: 1819/3708] 199.204.45.216 () {36 vars in 997 bytes} [Tue Apr 14 08:54:41 2026] DELETE /v2.0/ports/2f2bfdfc-8f98-4832-af61-a5bbbabb7160 => generated 0 bytes in 325 msecs (HTTP/1.1 204) 3 headers in 131 bytes (1 switches on core 0)
2026-04-14 08:54:41.759 8 INFO neutron.notifiers.nova [-] Nova event matching ['req-2c59a9df-95a3-4e69-b21b-9ff7a0ee37cf'] response: {'server_uuid': '5f56b41e-30ee-4bbf-949a-78e8adf7835f', 'name': 'network-vif-deleted', 'tag': '2f2bfdfc-8f98-4832-af61-a5bbbabb7160', 'status': 'completed', 'code': 200}
2026-04-14 08:54:42.319 9 INFO neutron.notifiers.nova [-] Nova event matching ['req-ffbf472a-453d-47da-8142-0b5e36239255'] response: {'server_uuid': '5f56b41e-30ee-4bbf-949a-78e8adf7835f', 'name': 'network-vif-unplugged', 'status': 'completed', 'tag': '2f2bfdfc-8f98-4832-af61-a5bbbabb7160', 'code': 200} [pid: 9|app: 0|req: 1890/3709] 10.0.0.220 () {34 vars in 990 bytes} [Tue Apr 14 08:54:44 2026] GET /v2.0/ports?device_id=5f56b41e-30ee-4bbf-949a-78e8adf7835f => generated 12 bytes in 28 msecs (HTTP/1.1 200) 4 headers in 156 bytes (1 switches on core 0) [pid: 8|app: 0|req: 1820/3710] 10.0.0.6 () {32 vars in 748 bytes} [Tue Apr 14 08:54:49 2026] DELETE /v2.0/security-group-rules/579548f9-4bab-431c-9db4-4a315d382b71 => generated 0 bytes in 155 msecs (HTTP/1.1 204) 2 headers in 112 bytes (1 switches on core 0)
2026-04-14 08:54:49.544 9 INFO neutron.api.v2.resource [None req-a865b6d8-ee3e-4090-b7e7-e78d5c4b45b5 c8abb62fc68d4959993eecca10cdca16 615ad2679eea44e2b2fb00403aa41f12 - - default default] show failed (client error): The resource could not be found. [pid: 9|app: 0|req: 1891/3711] 10.0.0.6 () {32 vars in 745 bytes} [Tue Apr 14 08:54:49 2026] GET /v2.0/security-group-rules/579548f9-4bab-431c-9db4-4a315d382b71 => generated 155 bytes in 12 msecs (HTTP/1.1 404) 4 headers in 164 bytes (1 switches on core 0) [pid: 8|app: 0|req: 1821/3712] 10.0.0.6 () {32 vars in 748 bytes} [Tue Apr 14 08:54:49 2026] DELETE /v2.0/security-group-rules/372c26ac-83f8-488c-9b9f-42e1f0f91370 => generated 0 bytes in 141 msecs (HTTP/1.1 204) 2 headers in 112 bytes (1 switches on core 0)
2026-04-14 08:54:49.710 9 INFO neutron.api.v2.resource [None req-b8fb2729-083e-4904-bc53-4b6eff09cdfe c8abb62fc68d4959993eecca10cdca16 615ad2679eea44e2b2fb00403aa41f12 - - default default] show failed (client error): The resource could not be found. [pid: 9|app: 0|req: 1892/3713] 10.0.0.6 () {32 vars in 745 bytes} [Tue Apr 14 08:54:49 2026] GET /v2.0/security-group-rules/372c26ac-83f8-488c-9b9f-42e1f0f91370 => generated 155 bytes in 15 msecs (HTTP/1.1 404) 4 headers in 164 bytes (1 switches on core 0) [pid: 8|app: 0|req: 1822/3714] 10.0.0.6 () {32 vars in 748 bytes} [Tue Apr 14 08:54:49 2026] DELETE /v2.0/security-group-rules/9229705a-e243-4256-8b6a-3c6d94ac643a => generated 0 bytes in 135 msecs (HTTP/1.1 204) 2 headers in 112 bytes (1 switches on core 0)
2026-04-14 08:54:49.871 9 INFO neutron.api.v2.resource [None req-468af8b8-b22c-49f3-b0ab-1545e7b46819 c8abb62fc68d4959993eecca10cdca16 615ad2679eea44e2b2fb00403aa41f12 - - default default] show failed (client error): The resource could not be found. [pid: 9|app: 0|req: 1893/3715] 10.0.0.6 () {32 vars in 745 bytes} [Tue Apr 14 08:54:49 2026] GET /v2.0/security-group-rules/9229705a-e243-4256-8b6a-3c6d94ac643a => generated 155 bytes in 14 msecs (HTTP/1.1 404) 4 headers in 164 bytes (1 switches on core 0) [pid: 8|app: 0|req: 1823/3716] 10.0.0.6 () {32 vars in 748 bytes} [Tue Apr 14 08:54:49 2026] DELETE /v2.0/security-group-rules/4fad7b9e-9acf-467e-bbc6-5a3ec3cab527 => generated 0 bytes in 121 msecs (HTTP/1.1 204) 2 headers in 112 bytes (1 switches on core 0)
2026-04-14 08:54:50.013 9 INFO neutron.api.v2.resource [None req-f47a83c6-6398-4bd3-857c-62229bd1d12c c8abb62fc68d4959993eecca10cdca16 615ad2679eea44e2b2fb00403aa41f12 - - default default] show failed (client error): The resource could not be found. [pid: 9|app: 0|req: 1894/3717] 10.0.0.6 () {32 vars in 745 bytes} [Tue Apr 14 08:54:50 2026] GET /v2.0/security-group-rules/4fad7b9e-9acf-467e-bbc6-5a3ec3cab527 => generated 155 bytes in 13 msecs (HTTP/1.1 404) 4 headers in 164 bytes (1 switches on core 0) [pid: 8|app: 0|req: 1824/3718] 10.0.0.6 () {32 vars in 748 bytes} [Tue Apr 14 08:54:50 2026] DELETE /v2.0/security-group-rules/912706a8-1502-4400-9e52-9831bc7f64a4 => generated 0 bytes in 155 msecs (HTTP/1.1 204) 2 headers in 112 bytes (1 switches on core 0)
2026-04-14 08:54:50.193 9 INFO neutron.api.v2.resource [None req-abef03a0-c11e-4a0d-84b2-9a790adf3046 c8abb62fc68d4959993eecca10cdca16 615ad2679eea44e2b2fb00403aa41f12 - - default default] show failed (client error): The resource could not be found. [pid: 9|app: 0|req: 1895/3719] 10.0.0.6 () {32 vars in 745 bytes} [Tue Apr 14 08:54:50 2026] GET /v2.0/security-group-rules/912706a8-1502-4400-9e52-9831bc7f64a4 => generated 155 bytes in 16 msecs (HTTP/1.1 404) 4 headers in 164 bytes (1 switches on core 0) [pid: 8|app: 0|req: 1825/3720] 10.0.0.6 () {32 vars in 748 bytes} [Tue Apr 14 08:54:50 2026] DELETE /v2.0/security-group-rules/27b330e5-6e41-44d8-a924-a3bc5f2db6d7 => generated 0 bytes in 139 msecs (HTTP/1.1 204) 2 headers in 112 bytes (1 switches on core 0)
2026-04-14 08:54:50.357 9 INFO neutron.api.v2.resource [None req-7dbe4822-1bc7-49c9-8f2d-d7e2f3a69ede c8abb62fc68d4959993eecca10cdca16 615ad2679eea44e2b2fb00403aa41f12 - - default default] show failed (client error): The resource could not be found. [pid: 9|app: 0|req: 1896/3721] 10.0.0.6 () {32 vars in 745 bytes} [Tue Apr 14 08:54:50 2026] GET /v2.0/security-group-rules/27b330e5-6e41-44d8-a924-a3bc5f2db6d7 => generated 155 bytes in 15 msecs (HTTP/1.1 404) 4 headers in 164 bytes (1 switches on core 0) [pid: 8|app: 0|req: 1826/3722] 10.0.0.6 () {32 vars in 748 bytes} [Tue Apr 14 08:54:50 2026] DELETE /v2.0/security-group-rules/af9137f3-4e40-4a62-805e-7d47bf50f649 => generated 0 bytes in 141 msecs (HTTP/1.1 204) 2 headers in 112 bytes (1 switches on core 0)
2026-04-14 08:54:50.518 9 INFO neutron.api.v2.resource [None req-cd220a58-96f7-413a-b21b-9ba8d4ab9e47 c8abb62fc68d4959993eecca10cdca16 615ad2679eea44e2b2fb00403aa41f12 - - default default] show failed (client error): The resource could not be found. [pid: 9|app: 0|req: 1897/3723] 10.0.0.6 () {32 vars in 745 bytes} [Tue Apr 14 08:54:50 2026] GET /v2.0/security-group-rules/af9137f3-4e40-4a62-805e-7d47bf50f649 => generated 155 bytes in 11 msecs (HTTP/1.1 404) 4 headers in 164 bytes (1 switches on core 0) [pid: 8|app: 0|req: 1827/3724] 10.0.0.6 () {32 vars in 748 bytes} [Tue Apr 14 08:54:50 2026] DELETE /v2.0/security-group-rules/ee494ad3-019e-40bd-8cb6-813675446f67 => generated 0 bytes in 118 msecs (HTTP/1.1 204) 2 headers in 112 bytes (1 switches on core 0)
2026-04-14 08:54:50.660 9 INFO neutron.api.v2.resource [None req-d7474834-7864-47ad-aff7-53aa0f346ce0 c8abb62fc68d4959993eecca10cdca16 615ad2679eea44e2b2fb00403aa41f12 - - default default] show failed (client error): The resource could not be found. [pid: 9|app: 0|req: 1898/3725] 10.0.0.6 () {32 vars in 745 bytes} [Tue Apr 14 08:54:50 2026] GET /v2.0/security-group-rules/ee494ad3-019e-40bd-8cb6-813675446f67 => generated 155 bytes in 13 msecs (HTTP/1.1 404) 4 headers in 164 bytes (1 switches on core 0) [pid: 8|app: 0|req: 1828/3726] 10.0.0.6 () {32 vars in 748 bytes} [Tue Apr 14 08:54:50 2026] DELETE /v2.0/security-group-rules/d273cd0f-3631-4374-a696-b6de96718f1c => generated 0 bytes in 102 msecs (HTTP/1.1 204) 2 headers in 112 bytes (1 switches on core 0)
2026-04-14 08:54:50.782 9 INFO neutron.api.v2.resource [None req-1210618c-efd4-41bd-925c-d96415ef690e c8abb62fc68d4959993eecca10cdca16 615ad2679eea44e2b2fb00403aa41f12 - - default default] show failed (client error): The resource could not be found. [pid: 9|app: 0|req: 1899/3727] 10.0.0.6 () {32 vars in 745 bytes} [Tue Apr 14 08:54:50 2026] GET /v2.0/security-group-rules/d273cd0f-3631-4374-a696-b6de96718f1c => generated 155 bytes in 11 msecs (HTTP/1.1 404) 4 headers in 164 bytes (1 switches on core 0) [pid: 8|app: 0|req: 1829/3728] 10.0.0.6 () {32 vars in 748 bytes} [Tue Apr 14 08:54:50 2026] DELETE /v2.0/security-group-rules/b8efeed0-5b14-43db-acbd-296b9509517b => generated 0 bytes in 111 msecs (HTTP/1.1 204) 2 headers in 112 bytes (1 switches on core 0)
2026-04-14 08:54:50.919 9 INFO neutron.api.v2.resource [None req-8706c82b-82fc-41d4-9f5e-62561f97adf8 c8abb62fc68d4959993eecca10cdca16 615ad2679eea44e2b2fb00403aa41f12 - - default default] show failed (client error): The resource could not be found. [pid: 9|app: 0|req: 1900/3729] 10.0.0.6 () {32 vars in 745 bytes} [Tue Apr 14 08:54:50 2026] GET /v2.0/security-group-rules/b8efeed0-5b14-43db-acbd-296b9509517b => generated 155 bytes in 16 msecs (HTTP/1.1 404) 4 headers in 164 bytes (1 switches on core 0) [pid: 8|app: 0|req: 1830/3730] 10.0.0.6 () {32 vars in 748 bytes} [Tue Apr 14 08:54:50 2026] DELETE /v2.0/security-group-rules/dffcf64e-f4c5-4ed8-b914-699c5b8ce1d7 => generated 0 bytes in 113 msecs (HTTP/1.1 204) 2 headers in 112 bytes (1 switches on core 0)
2026-04-14 08:54:51.056 9 INFO neutron.api.v2.resource [None req-7dd02a10-5bb5-41da-848a-f3b5ccfac42a c8abb62fc68d4959993eecca10cdca16 615ad2679eea44e2b2fb00403aa41f12 - - default default] show failed (client error): The resource could not be found. [pid: 9|app: 0|req: 1901/3731] 10.0.0.6 () {32 vars in 745 bytes} [Tue Apr 14 08:54:51 2026] GET /v2.0/security-group-rules/dffcf64e-f4c5-4ed8-b914-699c5b8ce1d7 => generated 155 bytes in 15 msecs (HTTP/1.1 404) 4 headers in 164 bytes (1 switches on core 0) [pid: 8|app: 0|req: 1831/3732] 10.0.0.6 () {32 vars in 738 bytes} [Tue Apr 14 08:54:51 2026] DELETE /v2.0/security-groups/f776aa6e-f746-43b0-93fc-49d89c5588a0 => generated 0 bytes in 113 msecs (HTTP/1.1 204) 2 headers in 112 bytes (1 switches on core 0)
2026-04-14 08:54:51.200 9 INFO neutron.api.v2.resource [None req-5c1383b1-4b0d-4a80-8aee-cb60d73ac4f9 c8abb62fc68d4959993eecca10cdca16 615ad2679eea44e2b2fb00403aa41f12 - - default default] show failed (client error): The resource could not be found. [pid: 9|app: 0|req: 1902/3733] 10.0.0.6 () {32 vars in 735 bytes} [Tue Apr 14 08:54:51 2026] GET /v2.0/security-groups/f776aa6e-f746-43b0-93fc-49d89c5588a0 => generated 146 bytes in 21 msecs (HTTP/1.1 404) 4 headers in 164 bytes (1 switches on core 0)
2026-04-14 08:54:51.525 8 INFO neutron_taas.services.taas.taas_plugin [None req-7d6b81e4-c75d-42a4-8794-87f159ab300b c8abb62fc68d4959993eecca10cdca16 615ad2679eea44e2b2fb00403aa41f12 - - default default] TaaS: Handle Delete Port: 95d66b51-32af-4858-9729-47bcb8769719
2026-04-14 08:54:51.528 8 INFO neutron_taas.services.taas.tap_mirror_plugin [None req-7d6b81e4-c75d-42a4-8794-87f159ab300b c8abb62fc68d4959993eecca10cdca16 615ad2679eea44e2b2fb00403aa41f12 - - default default] Tap Mirror: Handle Delete Port: 95d66b51-32af-4858-9729-47bcb8769719 [pid: 8|app: 0|req: 1832/3734] 10.0.0.6 () {34 vars in 787 bytes} [Tue Apr 14 08:54:51 2026] PUT /v2.0/routers/6e2a6ee1-aa19-4065-b804-5316103480bb/remove_router_interface => generated 309 bytes in 821 msecs (HTTP/1.1 200) 4 headers in 157 bytes (1 switches on core 0)
2026-04-14 08:54:52.188 9 INFO neutron.api.v2.resource [None req-e404c350-713d-4871-b917-d87ee6ddde55 c8abb62fc68d4959993eecca10cdca16 615ad2679eea44e2b2fb00403aa41f12 - - default default] remove_router_interface failed (client error): The resource could not be found. [pid: 9|app: 0|req: 1903/3735] 10.0.0.6 () {34 vars in 787 bytes} [Tue Apr 14 08:54:52 2026] PUT /v2.0/routers/6e2a6ee1-aa19-4065-b804-5316103480bb/remove_router_interface => generated 198 bytes in 104 msecs (HTTP/1.1 404) 4 headers in 164 bytes (1 switches on core 0) /var/lib/openstack/lib/python3.12/site-packages/pycadf/identifier.py:70: UserWarning: Invalid uuid: neutron. To ensure interoperability, identifiers should be a valid uuid. warnings.warn(('Invalid uuid: %s. To ensure interoperability, '
2026-04-14 08:54:52.501 8 INFO neutron_taas.services.taas.taas_plugin [None req-be1b95fc-30b3-42ed-a6d1-9d420a378392 c8abb62fc68d4959993eecca10cdca16 615ad2679eea44e2b2fb00403aa41f12 - - default default] TaaS: Handle Delete Port: 01fb9f42-b4fe-4eff-80c5-e97927b5d0d5
2026-04-14 08:54:52.504 8 INFO neutron_taas.services.taas.tap_mirror_plugin [None req-be1b95fc-30b3-42ed-a6d1-9d420a378392 c8abb62fc68d4959993eecca10cdca16 615ad2679eea44e2b2fb00403aa41f12 - - default default] Tap Mirror: Handle Delete Port: 01fb9f42-b4fe-4eff-80c5-e97927b5d0d5 [pid: 8|app: 0|req: 1833/3736] 10.0.0.6 () {34 vars in 787 bytes} [Tue Apr 14 08:54:52 2026] PUT /v2.0/routers/6e2a6ee1-aa19-4065-b804-5316103480bb/remove_router_interface => generated 309 bytes in 877 msecs (HTTP/1.1 200) 4 headers in 157 bytes (1 switches on core 0)
2026-04-14 08:54:53.187 9 INFO neutron.api.v2.resource [None req-2123165d-88a5-48ae-b93f-46c8442e5e33 c8abb62fc68d4959993eecca10cdca16 615ad2679eea44e2b2fb00403aa41f12 - - default default] remove_router_interface failed (client error): The resource could not be found. [pid: 9|app: 0|req: 1904/3737] 10.0.0.6 () {34 vars in 787 bytes} [Tue Apr 14 08:54:53 2026] PUT /v2.0/routers/6e2a6ee1-aa19-4065-b804-5316103480bb/remove_router_interface => generated 198 bytes in 112 msecs (HTTP/1.1 404) 4 headers in 164 bytes (1 switches on core 0) /var/lib/openstack/lib/python3.12/site-packages/pycadf/identifier.py:70: UserWarning: Invalid uuid: neutron. To ensure interoperability, identifiers should be a valid uuid. warnings.warn(('Invalid uuid: %s. To ensure interoperability, ' [pid: 9|app: 0|req: 1905/3738] 10.0.0.199 () {28 vars in 583 bytes} [Tue Apr 14 08:54:53 2026] GET /v2.0/subnets => generated 5511 bytes in 86 msecs (HTTP/1.1 200) 4 headers in 158 bytes (1 switches on core 0) [pid: 9|app: 0|req: 1906/3739] 10.0.0.199 () {28 vars in 583 bytes} [Tue Apr 14 08:54:53 2026] GET /v2.0/routers => generated 965 bytes in 57 msecs (HTTP/1.1 200) 4 headers in 157 bytes (1 switches on core 0) [pid: 9|app: 0|req: 1907/3740] 10.0.0.199 () {28 vars in 624 bytes} [Tue Apr 14 08:54:53 2026] GET /v2.0/agents?binary=ovn-controller => generated 416 bytes in 12 msecs (HTTP/1.1 200) 4 headers in 157 bytes (1 switches on core 0) [pid: 9|app: 0|req: 1908/3741] 10.0.0.199 () {28 vars in 581 bytes} [Tue Apr 14 08:54:53 2026] GET /v2.0/agents => generated 1214 bytes in 11 msecs (HTTP/1.1 200) 4 headers in 158 bytes (1 switches on core 0) [pid: 9|app: 0|req: 1909/3742] 10.0.0.199 () {28 vars in 599 bytes} [Tue Apr 14 08:54:53 2026] GET /v2.0/security-groups => generated 20309 bytes in 35 msecs (HTTP/1.1 200) 4 headers in 159 bytes (1 switches on core 0)
2026-04-14 08:54:53.495 8 INFO neutron_taas.services.taas.taas_plugin [None req-75965607-d90c-4144-91ea-898559389dcb c8abb62fc68d4959993eecca10cdca16 615ad2679eea44e2b2fb00403aa41f12 - - default default] TaaS: Handle Delete Port: 5eadf858-46bb-420f-ae0c-284643cb93a5
2026-04-14 08:54:53.498 8 INFO neutron_taas.services.taas.tap_mirror_plugin [None req-75965607-d90c-4144-91ea-898559389dcb c8abb62fc68d4959993eecca10cdca16 615ad2679eea44e2b2fb00403aa41f12 - - default default] Tap Mirror: Handle Delete Port: 5eadf858-46bb-420f-ae0c-284643cb93a5 [pid: 9|app: 0|req: 1910/3743] 10.0.0.199 () {28 vars in 579 bytes} [Tue Apr 14 08:54:53 2026] GET /v2.0/ports => generated 10470 bytes in 70 msecs (HTTP/1.1 200) 4 headers in 159 bytes (1 switches on core 0) [pid: 9|app: 0|req: 1911/3744] 10.0.0.199 () {28 vars in 619 bytes} [Tue Apr 14 08:54:53 2026] GET /v2.0/network-ip-availabilities => generated 3185 bytes in 17 msecs (HTTP/1.1 200) 4 headers in 158 bytes (1 switches on core 0) [pid: 9|app: 0|req: 1912/3745] 10.0.0.199 () {28 vars in 583 bytes} [Tue Apr 14 08:54:53 2026] GET /v2.0/subnets => generated 5511 bytes in 50 msecs (HTTP/1.1 200) 4 headers in 158 bytes (1 switches on core 0) [pid: 9|app: 0|req: 1913/3746] 10.0.0.199 () {28 vars in 591 bytes} [Tue Apr 14 08:54:53 2026] GET /v2.0/subnetpools => generated 19 bytes in 9 msecs (HTTP/1.1 200) 4 headers in 156 bytes (1 switches on core 0) [pid: 9|app: 0|req: 1914/3747] 10.0.0.199 () {28 vars in 591 bytes} [Tue Apr 14 08:54:53 2026] GET /v2.0/floatingips => generated 19 bytes in 15 msecs (HTTP/1.1 200) 4 headers in 156 bytes (1 switches on core 0) [pid: 9|app: 0|req: 1915/3748] 10.0.0.199 () {28 vars in 585 bytes} [Tue Apr 14 08:54:53 2026] GET /v2.0/networks => generated 4542 bytes in 80 msecs (HTTP/1.1 200) 4 headers in 158 bytes (1 switches on core 0) [pid: 8|app: 0|req: 1834/3749] 10.0.0.6 () {34 vars in 787 bytes} [Tue Apr 14 08:54:53 2026] PUT /v2.0/routers/6e2a6ee1-aa19-4065-b804-5316103480bb/remove_router_interface => generated 309 bytes in 792 msecs (HTTP/1.1 200) 4 headers in 157 bytes (1 switches on core 0)
2026-04-14 08:54:54.104 9 INFO neutron.api.v2.resource [None req-5f760ced-6ad6-4a97-8914-595695547743 c8abb62fc68d4959993eecca10cdca16 615ad2679eea44e2b2fb00403aa41f12 - - default default] remove_router_interface failed (client error): The resource could not be found. [pid: 9|app: 0|req: 1916/3750] 10.0.0.6 () {34 vars in 787 bytes} [Tue Apr 14 08:54:53 2026] PUT /v2.0/routers/6e2a6ee1-aa19-4065-b804-5316103480bb/remove_router_interface => generated 198 bytes in 114 msecs (HTTP/1.1 404) 4 headers in 164 bytes (1 switches on core 0) /var/lib/openstack/lib/python3.12/site-packages/pycadf/identifier.py:70: UserWarning: Invalid uuid: neutron. To ensure interoperability, identifiers should be a valid uuid. warnings.warn(('Invalid uuid: %s. To ensure interoperability, '
2026-04-14 08:54:54.494 8 INFO neutron_taas.services.taas.taas_plugin [None req-1fae8a45-1df3-44ae-a9f0-516af894e31d c8abb62fc68d4959993eecca10cdca16 615ad2679eea44e2b2fb00403aa41f12 - - default default] TaaS: Handle Delete Port: bd159261-c0b9-4f4c-831d-3a086e8b5396
2026-04-14 08:54:54.497 8 INFO neutron_taas.services.taas.tap_mirror_plugin [None req-1fae8a45-1df3-44ae-a9f0-516af894e31d c8abb62fc68d4959993eecca10cdca16 615ad2679eea44e2b2fb00403aa41f12 - - default default] Tap Mirror: Handle Delete Port: bd159261-c0b9-4f4c-831d-3a086e8b5396 [pid: 8|app: 0|req: 1835/3753] 10.0.0.6 () {32 vars in 722 bytes} [Tue Apr 14 08:54:54 2026] DELETE /v2.0/routers/6e2a6ee1-aa19-4065-b804-5316103480bb => generated 0 bytes in 775 msecs (HTTP/1.1 204) 2 headers in 112 bytes (1 switches on core 0)
2026-04-14 08:54:54.920 9 INFO neutron.api.v2.resource [None req-8885cf63-e8b4-40e2-9cba-3524f19aee7c c8abb62fc68d4959993eecca10cdca16 615ad2679eea44e2b2fb00403aa41f12 - - default default] show failed (client error): The resource could not be found. [pid: 9|app: 0|req: 1919/3754] 10.0.0.6 () {32 vars in 719 bytes} [Tue Apr 14 08:54:54 2026] GET /v2.0/routers/6e2a6ee1-aa19-4065-b804-5316103480bb => generated 135 bytes in 24 msecs (HTTP/1.1 404) 4 headers in 164 bytes (1 switches on core 0) [pid: 8|app: 0|req: 1836/3755] 10.0.0.6 () {32 vars in 722 bytes} [Tue Apr 14 08:54:54 2026] DELETE /v2.0/subnets/f4bacca2-10b7-496e-9fc4-a44f378fbf6d => generated 0 bytes in 173 msecs (HTTP/1.1 204) 3 headers in 131 bytes (1 switches on core 0)
2026-04-14 08:54:55.122 9 INFO neutron.pecan_wsgi.hooks.translation [None req-137a533c-c28f-4b2a-91a4-377809aa4c11 c8abb62fc68d4959993eecca10cdca16 615ad2679eea44e2b2fb00403aa41f12 - - default default] GET failed (client error): The resource could not be found. [pid: 9|app: 0|req: 1920/3756] 10.0.0.6 () {32 vars in 719 bytes} [Tue Apr 14 08:54:55 2026] GET /v2.0/subnets/f4bacca2-10b7-496e-9fc4-a44f378fbf6d => generated 136 bytes in 19 msecs (HTTP/1.1 404) 4 headers in 164 bytes (1 switches on core 0) [pid: 8|app: 0|req: 1837/3757] 10.0.0.6 () {32 vars in 722 bytes} [Tue Apr 14 08:54:55 2026] DELETE /v2.0/subnets/3d272c78-5275-47ad-b850-4eabc15782a6 => generated 0 bytes in 178 msecs (HTTP/1.1 204) 3 headers in 131 bytes (1 switches on core 0)
2026-04-14 08:54:55.325 9 INFO neutron.pecan_wsgi.hooks.translation [None req-823a1082-3e3e-4bd7-a06a-306a663111ce c8abb62fc68d4959993eecca10cdca16 615ad2679eea44e2b2fb00403aa41f12 - - default default] GET failed (client error): The resource could not be found. [pid: 9|app: 0|req: 1921/3758] 10.0.0.6 () {32 vars in 719 bytes} [Tue Apr 14 08:54:55 2026] GET /v2.0/subnets/3d272c78-5275-47ad-b850-4eabc15782a6 => generated 136 bytes in 13 msecs (HTTP/1.1 404) 4 headers in 164 bytes (1 switches on core 0)
2026-04-14 08:54:55.460 8 INFO neutron_taas.services.taas.taas_plugin [None req-ae85e1bd-cb22-4ad3-8b99-44c1e336c5b2 c8abb62fc68d4959993eecca10cdca16 615ad2679eea44e2b2fb00403aa41f12 - - default default] TaaS: Handle Delete Port: c8a5c661-e2a6-47f6-b7be-d0594162889b
2026-04-14 08:54:55.464 8 INFO neutron_taas.services.taas.tap_mirror_plugin [None req-ae85e1bd-cb22-4ad3-8b99-44c1e336c5b2 c8abb62fc68d4959993eecca10cdca16 615ad2679eea44e2b2fb00403aa41f12 - - default default] Tap Mirror: Handle Delete Port: c8a5c661-e2a6-47f6-b7be-d0594162889b
2026-04-14 08:54:55.717 8 INFO neutron.services.segments.plugin [-] Segment 1b65c15a-5388-4ffc-83e4-e08c707a68f6 resource provider aggregate not found
2026-04-14 08:54:55.721 8 INFO neutron.services.segments.plugin [-] Segment 1b65c15a-5388-4ffc-83e4-e08c707a68f6 resource provider aggregate not found [pid: 8|app: 0|req: 1838/3759] 10.0.0.6 () {32 vars in 724 bytes} [Tue Apr 14 08:54:55 2026] DELETE /v2.0/networks/48b30853-4f83-4db9-8068-821815623986 => generated 0 bytes in 402 msecs (HTTP/1.1 204) 3 headers in 131 bytes (1 switches on core 0)
2026-04-14 08:54:55.736 8 INFO neutron.services.segments.plugin [-] Segment 1b65c15a-5388-4ffc-83e4-e08c707a68f6 resource provider not found; error: Placement Client Error (4xx): {"errors": [{"status": 404, "title": "Not Found", "detail": "The resource could not be found.\n\n No resource provider with uuid 1b65c15a-5388-4ffc-83e4-e08c707a68f6 found for delete ", "request_id": "req-9c4a607b-5cd9-456a-b606-b24cb6d45fd7"}]}
2026-04-14 08:54:55.743 8 INFO neutron.services.segments.plugin [-] Segment 1b65c15a-5388-4ffc-83e4-e08c707a68f6 resource provider not found; error: Placement Client Error (4xx): {"errors": [{"status": 404, "title": "Not Found", "detail": "The resource could not be found.\n\n No resource provider with uuid 1b65c15a-5388-4ffc-83e4-e08c707a68f6 found for delete ", "request_id": "req-d094a9ab-b63a-4328-8d04-6ef56d8a2da4"}]}
2026-04-14 08:54:55.751 9 INFO neutron.pecan_wsgi.hooks.translation [None req-cd0f328b-7d31-4b2b-9891-4aba3535ce3d c8abb62fc68d4959993eecca10cdca16 615ad2679eea44e2b2fb00403aa41f12 - - default default] GET failed (client error): The resource could not be found. [pid: 9|app: 0|req: 1922/3760] 10.0.0.6 () {32 vars in 721 bytes} [Tue Apr 14 08:54:55 2026] GET /v2.0/networks/48b30853-4f83-4db9-8068-821815623986 => generated 138 bytes in 16 msecs (HTTP/1.1 404) 4 headers in 164 bytes (1 switches on core 0) [pid: 8|app: 0|req: 1839/3761] 10.0.0.6 () {32 vars in 722 bytes} [Tue Apr 14 08:54:55 2026] DELETE /v2.0/subnets/a4878d69-f1b5-4b66-9e5b-aec72fa30833 => generated 0 bytes in 146 msecs (HTTP/1.1 204) 3 headers in 131 bytes (1 switches on core 0)
2026-04-14 08:54:55.925 9 INFO neutron.pecan_wsgi.hooks.translation [None req-329a84b4-13f9-450e-be1d-bfe9d3df441b c8abb62fc68d4959993eecca10cdca16 615ad2679eea44e2b2fb00403aa41f12 - - default default] GET failed (client error): The resource could not be found. [pid: 9|app: 0|req: 1923/3762] 10.0.0.6 () {32 vars in 719 bytes} [Tue Apr 14 08:54:55 2026] GET /v2.0/subnets/a4878d69-f1b5-4b66-9e5b-aec72fa30833 => generated 136 bytes in 15 msecs (HTTP/1.1 404) 4 headers in 164 bytes (1 switches on core 0) [pid: 8|app: 0|req: 1840/3763] 10.0.0.6 () {32 vars in 722 bytes} [Tue Apr 14 08:54:55 2026] DELETE /v2.0/subnets/f561d718-4be5-4391-8bdb-d855778c0be6 => generated 0 bytes in 176 msecs (HTTP/1.1 204) 3 headers in 131 bytes (1 switches on core 0)
2026-04-14 08:54:56.131 9 INFO neutron.pecan_wsgi.hooks.translation [None req-5a6ef3e9-0106-4c69-9061-7aa143644637 c8abb62fc68d4959993eecca10cdca16 615ad2679eea44e2b2fb00403aa41f12 - - default default] GET failed (client error): The resource could not be found. [pid: 9|app: 0|req: 1924/3764] 10.0.0.6 () {32 vars in 719 bytes} [Tue Apr 14 08:54:56 2026] GET /v2.0/subnets/f561d718-4be5-4391-8bdb-d855778c0be6 => generated 136 bytes in 21 msecs (HTTP/1.1 404) 4 headers in 164 bytes (1 switches on core 0)
2026-04-14 08:54:56.269 8 INFO neutron_taas.services.taas.taas_plugin [None req-eef945f3-3b69-4dfa-b108-0a4bf72bd645 c8abb62fc68d4959993eecca10cdca16 615ad2679eea44e2b2fb00403aa41f12 - - default default] TaaS: Handle Delete Port: 9d740221-0ee5-4f49-ac00-814f38957936
2026-04-14 08:54:56.272 8 INFO neutron_taas.services.taas.tap_mirror_plugin [None req-eef945f3-3b69-4dfa-b108-0a4bf72bd645 c8abb62fc68d4959993eecca10cdca16 615ad2679eea44e2b2fb00403aa41f12 - - default default] Tap Mirror: Handle Delete Port: 9d740221-0ee5-4f49-ac00-814f38957936 [pid: 8|app: 0|req: 1841/3765] 10.0.0.6 () {32 vars in 724 bytes} [Tue Apr 14 08:54:56 2026] DELETE /v2.0/networks/4e69d50c-0bdb-474b-9259-daaf88c14c0e => generated 0 bytes in 371 msecs (HTTP/1.1 204) 3 headers in 131 bytes (1 switches on core 0)
2026-04-14 08:54:56.527 9 INFO neutron.pecan_wsgi.hooks.translation [None req-fd8d4412-11e6-47c9-83d9-feb975df79d3 c8abb62fc68d4959993eecca10cdca16 615ad2679eea44e2b2fb00403aa41f12 - - default default] GET failed (client error): The resource could not be found. [pid: 9|app: 0|req: 1925/3766] 10.0.0.6 () {32 vars in 721 bytes} [Tue Apr 14 08:54:56 2026] GET /v2.0/networks/4e69d50c-0bdb-474b-9259-daaf88c14c0e => generated 138 bytes in 15 msecs (HTTP/1.1 404) 4 headers in 164 bytes (1 switches on core 0) [pid: 8|app: 0|req: 1842/3767] 10.0.0.6 () {32 vars in 722 bytes} [Tue Apr 14 08:54:56 2026] DELETE /v2.0/subnets/17daf551-ed88-4914-b9ae-a9820f4e8451 => generated 0 bytes in 138 msecs (HTTP/1.1 204) 3 headers in 131 bytes (1 switches on core 0)
2026-04-14 08:54:56.693 9 INFO neutron.pecan_wsgi.hooks.translation [None req-ce8d91ed-a7c1-4f48-b5e3-877e40c96ccc c8abb62fc68d4959993eecca10cdca16 615ad2679eea44e2b2fb00403aa41f12 - - default default] GET failed (client error): The resource could not be found. [pid: 9|app: 0|req: 1926/3768] 10.0.0.6 () {32 vars in 719 bytes} [Tue Apr 14 08:54:56 2026] GET /v2.0/subnets/17daf551-ed88-4914-b9ae-a9820f4e8451 => generated 136 bytes in 16 msecs (HTTP/1.1 404) 4 headers in 164 bytes (1 switches on core 0) [pid: 8|app: 0|req: 1843/3769] 10.0.0.6 () {32 vars in 722 bytes} [Tue Apr 14 08:54:56 2026] DELETE /v2.0/subnets/d8df7b36-1595-4709-bf70-200faefb93e5 => generated 0 bytes in 163 msecs (HTTP/1.1 204) 3 headers in 131 bytes (1 switches on core 0)
2026-04-14 08:54:56.882 9 INFO neutron.pecan_wsgi.hooks.translation [None req-3eb429bc-1388-4b06-af9f-538306e87954 c8abb62fc68d4959993eecca10cdca16 615ad2679eea44e2b2fb00403aa41f12 - - default default] GET failed (client error): The resource could not be found. [pid: 9|app: 0|req: 1927/3770] 10.0.0.6 () {32 vars in 719 bytes} [Tue Apr 14 08:54:56 2026] GET /v2.0/subnets/d8df7b36-1595-4709-bf70-200faefb93e5 => generated 136 bytes in 17 msecs (HTTP/1.1 404) 4 headers in 164 bytes (1 switches on core 0)
2026-04-14 08:54:57.009 8 INFO neutron_taas.services.taas.taas_plugin [None req-0591db66-b6a7-45f2-9abd-2eb27263695c c8abb62fc68d4959993eecca10cdca16 615ad2679eea44e2b2fb00403aa41f12 - - default default] TaaS: Handle Delete Port: 13f34bc4-f78c-4a92-b330-2dec84c1d540
2026-04-14 08:54:57.011 8 INFO neutron_taas.services.taas.tap_mirror_plugin [None req-0591db66-b6a7-45f2-9abd-2eb27263695c c8abb62fc68d4959993eecca10cdca16 615ad2679eea44e2b2fb00403aa41f12 - - default default] Tap Mirror: Handle Delete Port: 13f34bc4-f78c-4a92-b330-2dec84c1d540 [pid: 8|app: 0|req: 1844/3771] 10.0.0.6 () {32 vars in 724 bytes} [Tue Apr 14 08:54:56 2026] DELETE /v2.0/networks/3d842b2b-d4b5-4767-b886-ff857f647584 => generated 0 bytes in 360 msecs (HTTP/1.1 204) 3 headers in 131 bytes (1 switches on core 0)
2026-04-14 08:54:57.270 9 INFO neutron.pecan_wsgi.hooks.translation [None req-3761a510-36e3-44b2-9327-65bfab661ad9 c8abb62fc68d4959993eecca10cdca16 615ad2679eea44e2b2fb00403aa41f12 - - default default] GET failed (client error): The resource could not be found. [pid: 9|app: 0|req: 1928/3772] 10.0.0.6 () {32 vars in 721 bytes} [Tue Apr 14 08:54:57 2026] GET /v2.0/networks/3d842b2b-d4b5-4767-b886-ff857f647584 => generated 138 bytes in 17 msecs (HTTP/1.1 404) 4 headers in 164 bytes (1 switches on core 0)
2026-04-14 08:54:57.760 8 INFO neutron.services.segments.plugin [-] Segment d5febc39-1fab-4199-b985-6dbc6c228908 resource provider aggregate not found
2026-04-14 08:54:57.766 8 INFO neutron.services.segments.plugin [-] Segment d5febc39-1fab-4199-b985-6dbc6c228908 resource provider aggregate not found
2026-04-14 08:54:57.781 8 INFO neutron.services.segments.plugin [-] Segment d5febc39-1fab-4199-b985-6dbc6c228908 resource provider not found; error: Placement Client Error (4xx): {"errors": [{"status": 404, "title": "Not Found", "detail": "The resource could not be found.\n\n No resource provider with uuid d5febc39-1fab-4199-b985-6dbc6c228908 found for delete ", "request_id": "req-ed1bb78e-19bf-4581-bca7-c95815c89831"}]}
2026-04-14 08:54:57.787 8 INFO neutron.services.segments.plugin [-] Segment d5febc39-1fab-4199-b985-6dbc6c228908 resource provider not found; error: Placement Client Error (4xx): {"errors": [{"status": 404, "title": "Not Found", "detail": "The resource could not be found.\n\n No resource provider with uuid d5febc39-1fab-4199-b985-6dbc6c228908 found for delete ", "request_id": "req-719bad2a-f584-4245-9e4f-5693e6530c63"}]}
2026-04-14 08:54:57.806 8 INFO neutron.services.segments.plugin [-] Segment 33f0d551-8e59-47c6-b10e-95a092fa709c resource provider aggregate not found
2026-04-14 08:54:57.813 8 INFO neutron.services.segments.plugin [-] Segment 33f0d551-8e59-47c6-b10e-95a092fa709c resource provider aggregate not found
2026-04-14 08:54:57.830 8 INFO neutron.services.segments.plugin [-] Segment 33f0d551-8e59-47c6-b10e-95a092fa709c resource provider not found; error: Placement Client Error (4xx): {"errors": [{"status": 404, "title": "Not Found", "detail": "The resource could not be found.\n\n No resource provider with uuid 33f0d551-8e59-47c6-b10e-95a092fa709c found for delete ", "request_id": "req-cf2a1424-3882-46d4-86e4-7443c69e6a5a"}]}
2026-04-14 08:54:57.836 8 INFO neutron.services.segments.plugin [-] Segment 33f0d551-8e59-47c6-b10e-95a092fa709c resource provider not found; error: Placement Client Error (4xx): {"errors": [{"status": 404, "title": "Not Found", "detail": "The resource could not be found.\n\n No resource provider with uuid 33f0d551-8e59-47c6-b10e-95a092fa709c found for delete ", "request_id": "req-3bde2602-450a-42b1-8264-c7732e2b6f7b"}]}
2026-04-14 08:54:59.558 8 INFO neutron.db.ovn_revision_numbers_db [None req-f5bbb850-577c-422b-9684-72bb64b82b6f 64c6d8c4004844cd877071774a2861b8 9f22f159725f4537b7b2d8cb515ef739 - - default default] Successfully bumped revision number for resource 76893a04-cecf-4637-9dda-212e372c7640 (type: security_groups) to 1
2026-04-14 08:54:59.572 8 INFO neutron.db.ovn_revision_numbers_db [None req-f5bbb850-577c-422b-9684-72bb64b82b6f 64c6d8c4004844cd877071774a2861b8 9f22f159725f4537b7b2d8cb515ef739 - - default default] Successfully bumped revision number for resource 1a5f0fcc-be58-4267-a2fe-637f5e5b4694 (type: security_group_rules) to 0
2026-04-14 08:54:59.588 8 INFO neutron.db.ovn_revision_numbers_db [None req-f5bbb850-577c-422b-9684-72bb64b82b6f 64c6d8c4004844cd877071774a2861b8 9f22f159725f4537b7b2d8cb515ef739 - - default default] Successfully bumped revision number for resource 22f4a4c6-d138-4c0f-a377-8c292e416bd3 (type: security_group_rules) to 0
2026-04-14 08:54:59.606 8 INFO neutron.db.ovn_revision_numbers_db [None req-f5bbb850-577c-422b-9684-72bb64b82b6f 64c6d8c4004844cd877071774a2861b8 9f22f159725f4537b7b2d8cb515ef739 - - default default] Successfully bumped revision number for resource b4e7c4db-963f-4bac-ae6a-846a7caaf844 (type: security_group_rules) to 0
2026-04-14 08:54:59.618 8 INFO neutron.db.ovn_revision_numbers_db [None req-f5bbb850-577c-422b-9684-72bb64b82b6f 64c6d8c4004844cd877071774a2861b8 9f22f159725f4537b7b2d8cb515ef739 - - default default] Successfully bumped revision number for resource f38081a6-92ac-4541-a74e-635c2c3cd9c6 (type: security_group_rules) to 0 [pid: 8|app: 0|req: 1845/3773] 10.0.0.6 () {32 vars in 772 bytes} [Tue Apr 14 08:54:59 2026] GET /v2.0/security-groups?tenant_id=5774b72c132e4ac38747d22a11412939&name=default => generated 2929 bytes in 419 msecs (HTTP/1.1 200) 4 headers in 158 bytes (1 switches on core 0) [pid: 9|app: 0|req: 1929/3774] 10.0.0.6 () {32 vars in 738 bytes} [Tue Apr 14 08:54:59 2026] DELETE /v2.0/security-groups/76893a04-cecf-4637-9dda-212e372c7640 => generated 0 bytes in 272 msecs (HTTP/1.1 204) 2 headers in 112 bytes (1 switches on core 0)
2026-04-14 08:55:00.200 8 INFO neutron.db.ovn_revision_numbers_db [None req-213c8aaa-d703-4d6a-8395-8d1db9d92947 64c6d8c4004844cd877071774a2861b8 9f22f159725f4537b7b2d8cb515ef739 - - default default] Successfully bumped revision number for resource 6166b3c2-dcf8-4f9d-b6ae-d8eedbfbcb7b (type: security_groups) to 1
2026-04-14 08:55:00.216 8 INFO neutron.db.ovn_revision_numbers_db [None req-213c8aaa-d703-4d6a-8395-8d1db9d92947 64c6d8c4004844cd877071774a2861b8 9f22f159725f4537b7b2d8cb515ef739 - - default default] Successfully bumped revision number for resource 3eede0f8-55f0-40bb-8883-026c901feef8 (type: security_group_rules) to 0
2026-04-14 08:55:00.228 8 INFO neutron.db.ovn_revision_numbers_db [None req-213c8aaa-d703-4d6a-8395-8d1db9d92947 64c6d8c4004844cd877071774a2861b8 9f22f159725f4537b7b2d8cb515ef739 - - default default] Successfully bumped revision number for resource 46a9bc66-9f62-4a91-93b6-c181601d4dc1 (type: security_group_rules) to 0
2026-04-14 08:55:00.243 8 INFO neutron.db.ovn_revision_numbers_db [None req-213c8aaa-d703-4d6a-8395-8d1db9d92947 64c6d8c4004844cd877071774a2861b8 9f22f159725f4537b7b2d8cb515ef739 - - default default] Successfully bumped revision number for resource 990d3050-542a-46bf-ad54-10d7add08ae2 (type: security_group_rules) to 0
2026-04-14 08:55:00.255 8 INFO neutron.db.ovn_revision_numbers_db [None req-213c8aaa-d703-4d6a-8395-8d1db9d92947 64c6d8c4004844cd877071774a2861b8 9f22f159725f4537b7b2d8cb515ef739 - - default default] Successfully bumped revision number for resource 9d097e23-f22c-4c5c-b568-a9f8380368dd (type: security_group_rules) to 0 [pid: 8|app: 0|req: 1846/3775] 10.0.0.6 () {32 vars in 772 bytes} [Tue Apr 14 08:55:00 2026] GET /v2.0/security-groups?tenant_id=a7512b3728ab4985b7864fdf2848fd78&name=default => generated 2929 bytes in 258 msecs (HTTP/1.1 200) 4 headers in 158 bytes (1 switches on core 0) [pid: 9|app: 0|req: 1930/3776] 10.0.0.6 () {32 vars in 738 bytes} [Tue Apr 14 08:55:00 2026] DELETE /v2.0/security-groups/6166b3c2-dcf8-4f9d-b6ae-d8eedbfbcb7b => generated 0 bytes in 302 msecs (HTTP/1.1 204) 2 headers in 112 bytes (1 switches on core 0)
2026-04-14 08:55:00.902 8 INFO neutron.db.ovn_revision_numbers_db [None req-1170112c-ddb1-4c1a-9647-53b42822c419 64c6d8c4004844cd877071774a2861b8 9f22f159725f4537b7b2d8cb515ef739 - - default default] Successfully bumped revision number for resource 62253655-0b2f-4bc8-93ea-20e91ba88203 (type: security_groups) to 1
2026-04-14 08:55:00.915 8 INFO neutron.db.ovn_revision_numbers_db [None req-1170112c-ddb1-4c1a-9647-53b42822c419 64c6d8c4004844cd877071774a2861b8 9f22f159725f4537b7b2d8cb515ef739 - - default default] Successfully bumped revision number for resource 71926332-6abc-4d5e-a43e-a10dc4a3dd17 (type: security_group_rules) to 0
2026-04-14 08:55:00.927 8 INFO neutron.db.ovn_revision_numbers_db [None req-1170112c-ddb1-4c1a-9647-53b42822c419 64c6d8c4004844cd877071774a2861b8 9f22f159725f4537b7b2d8cb515ef739 - - default default] Successfully bumped revision number for resource bb9577c1-b713-43f9-984d-01d3a9267a10 (type: security_group_rules) to 0
2026-04-14 08:55:00.941 8 INFO neutron.db.ovn_revision_numbers_db [None req-1170112c-ddb1-4c1a-9647-53b42822c419 64c6d8c4004844cd877071774a2861b8 9f22f159725f4537b7b2d8cb515ef739 - - default default] Successfully bumped revision number for resource c19978bf-ac48-4a80-bb98-71474b9df800 (type: security_group_rules) to 0
2026-04-14 08:55:00.957 8 INFO neutron.db.ovn_revision_numbers_db [None req-1170112c-ddb1-4c1a-9647-53b42822c419 64c6d8c4004844cd877071774a2861b8 9f22f159725f4537b7b2d8cb515ef739 - - default default] Successfully bumped revision number for resource e990e4af-0bb2-4b18-8137-07f66469bf46 (type: security_group_rules) to 0 [pid: 8|app: 0|req: 1847/3777] 10.0.0.6 () {32 vars in 772 bytes} [Tue Apr 14 08:55:00 2026] GET /v2.0/security-groups?tenant_id=ed8babdf320f4a16a4528cd960fd6d7c&name=default => generated 2929 bytes in 233 msecs (HTTP/1.1 200) 4 headers in 158 bytes (1 switches on core 0) [pid: 9|app: 0|req: 1931/3778] 10.0.0.6 () {32 vars in 738 bytes} [Tue Apr 14 08:55:01 2026] DELETE /v2.0/security-groups/62253655-0b2f-4bc8-93ea-20e91ba88203 => generated 0 bytes in 265 msecs (HTTP/1.1 204) 2 headers in 112 bytes (1 switches on core 0) [pid: 8|app: 0|req: 1848/3779] 10.0.0.6 () {32 vars in 772 bytes} [Tue Apr 14 08:55:01 2026] GET /v2.0/security-groups?tenant_id=615ad2679eea44e2b2fb00403aa41f12&name=default => generated 2929 bytes in 31 msecs (HTTP/1.1 200) 4 headers in 158 bytes (1 switches on core 0) [pid: 9|app: 0|req: 1932/3780] 10.0.0.6 () {32 vars in 738 bytes} [Tue Apr 14 08:55:01 2026] DELETE /v2.0/security-groups/4603c924-30db-40ff-863c-88005ec0b3a1 => generated 0 bytes in 286 msecs (HTTP/1.1 204) 2 headers in 112 bytes (1 switches on core 0)
2026-04-14 08:55:02.040 8 INFO neutron.db.ovn_revision_numbers_db [None req-8af69244-8ddf-4be4-814c-8f56f2a4719f 64c6d8c4004844cd877071774a2861b8 9f22f159725f4537b7b2d8cb515ef739 - - default default] Successfully bumped revision number for resource 2a37ec27-4844-45c1-b6d6-e96627304803 (type: security_groups) to 1
2026-04-14 08:55:02.051 8 INFO neutron.db.ovn_revision_numbers_db [None req-8af69244-8ddf-4be4-814c-8f56f2a4719f 64c6d8c4004844cd877071774a2861b8 9f22f159725f4537b7b2d8cb515ef739 - - default default] Successfully bumped revision number for resource 2374c8e9-df31-4c7d-b392-955e9d41d744 (type: security_group_rules) to 0
2026-04-14 08:55:02.065 8 INFO neutron.db.ovn_revision_numbers_db [None req-8af69244-8ddf-4be4-814c-8f56f2a4719f 64c6d8c4004844cd877071774a2861b8 9f22f159725f4537b7b2d8cb515ef739 - - default default] Successfully bumped revision number for resource 23d96e2b-09e3-4feb-adac-c001d7ad83e4 (type: security_group_rules) to 0
2026-04-14 08:55:02.076 8 INFO neutron.db.ovn_revision_numbers_db [None req-8af69244-8ddf-4be4-814c-8f56f2a4719f 64c6d8c4004844cd877071774a2861b8 9f22f159725f4537b7b2d8cb515ef739 - - default default] Successfully bumped revision number for resource 84bd2ce6-fc2a-47f6-8564-7896de9fa739 (type: security_group_rules) to 0
2026-04-14 08:55:02.088 8 INFO