2026-04-27 13:18:12.234 8 INFO neutron.db.ovn_revision_numbers_db [None req-87b40297-539b-412d-be73-baf76f99f86f 30cd9dbf24764b73915e21c5823786c1 db04b3671295438d8b224455b812a71e - - default default] Successfully bumped revision number for resource 65cd5914-312d-481f-b9c7-c0ff2b000a8e (type: ports) to 2 [pid: 8|app: 0|req: 919/1861] 10.0.0.51 () {34 vars in 735 bytes} [Mon Apr 27 13:18:11 2026] PUT /v2.0/ports/65cd5914-312d-481f-b9c7-c0ff2b000a8e => generated 752 bytes in 271 msecs (HTTP/1.1 200) 4 headers in 157 bytes (1 switches on core 0) /var/lib/openstack/lib/python3.12/site-packages/pycadf/identifier.py:70: UserWarning: Invalid uuid: neutron. To ensure interoperability, identifiers should be a valid uuid. warnings.warn(('Invalid uuid: %s. To ensure interoperability, ' [pid: 8|app: 0|req: 920/1862] 10.0.0.51 () {32 vars in 700 bytes} [Mon Apr 27 13:18:12 2026] GET /v2.0/security-groups?not-tags=red%2Cblue => generated 7680 bytes in 50 msecs (HTTP/1.1 200) 4 headers in 158 bytes (1 switches on core 0)
2026-04-27 13:18:12.358 7 INFO neutron.plugins.ml2.drivers.ovn.mech_driver.mech_driver [None req-57f9368a-f956-42ec-b019-9084ceeab596 - - - - - -] OVN reports status down for port: d73cf7ab-bba6-4f8c-840a-32ab47aece86
2026-04-27 13:18:12.409 7 INFO neutron.db.ovn_revision_numbers_db [None req-51068b32-b709-44c9-8c2b-4be747d4a78e 526d08e8617047788127459af31906e6 ff76938bce08474d9ce04a6cbf43863a - - default default] Successfully bumped revision number for resource d73cf7ab-bba6-4f8c-840a-32ab47aece86 (type: ports) to 1
2026-04-27 13:18:12.428 8 INFO neutron_taas.services.taas.taas_plugin [None req-789a208b-e00a-4b26-8ee8-de72f88a7e96 30cd9dbf24764b73915e21c5823786c1 db04b3671295438d8b224455b812a71e - - default default] TaaS: Handle Delete Port: 65cd5914-312d-481f-b9c7-c0ff2b000a8e
2026-04-27 13:18:12.432 8 INFO neutron_taas.services.taas.tap_mirror_plugin [None req-789a208b-e00a-4b26-8ee8-de72f88a7e96 30cd9dbf24764b73915e21c5823786c1 db04b3671295438d8b224455b812a71e - - default default] Tap Mirror: Handle Delete Port: 65cd5914-312d-481f-b9c7-c0ff2b000a8e [pid: 8|app: 0|req: 921/1863] 10.0.0.51 () {32 vars in 718 bytes} [Mon Apr 27 13:18:12 2026] DELETE /v2.0/ports/65cd5914-312d-481f-b9c7-c0ff2b000a8e => generated 0 bytes in 255 msecs (HTTP/1.1 204) 3 headers in 131 bytes (1 switches on core 0) [pid: 8|app: 0|req: 922/1864] 10.0.0.51 () {32 vars in 696 bytes} [Mon Apr 27 13:18:12 2026] GET /v2.0/security-groups?not-tags-any=blue => generated 7680 bytes in 59 msecs (HTTP/1.1 200) 4 headers in 158 bytes (1 switches on core 0) [pid: 8|app: 0|req: 923/1865] 10.0.0.51 () {32 vars in 641 bytes} [Mon Apr 27 13:18:12 2026] GET /v2.0/ports => generated 1534 bytes in 40 msecs (HTTP/1.1 200) 4 headers in 158 bytes (1 switches on core 0) [pid: 8|app: 0|req: 924/1866] 10.0.0.51 () {32 vars in 708 bytes} [Mon Apr 27 13:18:12 2026] GET /v2.0/security-groups?not-tags-any=red%2Cblue => generated 6094 bytes in 34 msecs (HTTP/1.1 200) 4 headers in 158 bytes (1 switches on core 0)
2026-04-27 13:18:12.711 8 INFO neutron.pecan_wsgi.hooks.translation [None req-c6e24a21-b13c-4b5b-ac2c-180a4739cacd 30cd9dbf24764b73915e21c5823786c1 db04b3671295438d8b224455b812a71e - - default default] GET failed (client error): The resource could not be found. [pid: 8|app: 0|req: 925/1867] 10.0.0.51 () {32 vars in 715 bytes} [Mon Apr 27 13:18:12 2026] GET /v2.0/ports/65cd5914-312d-481f-b9c7-c0ff2b000a8e => generated 132 bytes in 14 msecs (HTTP/1.1 404) 4 headers in 164 bytes (1 switches on core 0) [pid: 8|app: 0|req: 926/1868] 10.0.0.51 () {32 vars in 738 bytes} [Mon Apr 27 13:18:12 2026] DELETE /v2.0/security-groups/7f46e249-20bf-46ac-8c18-77734682dc10 => generated 0 bytes in 129 msecs (HTTP/1.1 204) 2 headers in 112 bytes (1 switches on core 0) [pid: 8|app: 0|req: 927/1869] 10.0.0.51 () {32 vars in 641 bytes} [Mon Apr 27 13:18:12 2026] GET /v2.0/ports => generated 1534 bytes in 43 msecs (HTTP/1.1 200) 4 headers in 158 bytes (1 switches on core 0) [pid: 8|app: 0|req: 928/1870] 10.0.0.51 () {32 vars in 738 bytes} [Mon Apr 27 13:18:12 2026] DELETE /v2.0/security-groups/57a36464-a6cd-4d01-bcdb-5f5206674162 => generated 0 bytes in 128 msecs (HTTP/1.1 204) 2 headers in 112 bytes (1 switches on core 0) [pid: 8|app: 0|req: 929/1871] 10.0.0.51 () {32 vars in 715 bytes} [Mon Apr 27 13:18:13 2026] GET /v2.0/ports/5a04a983-fae2-4b5a-b0b5-0b32fefd73f8 => generated 775 bytes in 37 msecs (HTTP/1.1 200) 4 headers in 157 bytes (1 switches on core 0)
2026-04-27 13:18:13.083 7 INFO neutron.plugins.ml2.drivers.ovn.mech_driver.ovsdb.commands [None req-0fd32fb9-52b9-4bb9-93af-274062d45c01 - - - - - -] Schedule LRP lrp-d73cf7ab-bba6-4f8c-840a-32ab47aece86 on gateway 48d82215-9a7b-4105-b530-d4880b23bb63 with priority 1
2026-04-27 13:18:13.124 7 INFO neutron.plugins.ml2.drivers.ovn.mech_driver.mech_driver [None req-57f9368a-f956-42ec-b019-9084ceeab596 - - - - - -] OVN reports status up for port: d73cf7ab-bba6-4f8c-840a-32ab47aece86
2026-04-27 13:18:13.161 7 INFO neutron.plugins.ml2.plugin [None req-57f9368a-f956-42ec-b019-9084ceeab596 - - - - - -] Attempt 1 to provision port d73cf7ab-bba6-4f8c-840a-32ab47aece86
2026-04-27 13:18:13.181 7 INFO neutron.plugins.ml2.drivers.ovn.mech_driver.ovsdb.ovsdb_monitor [None req-3c94418c-ed80-47c4-ac17-903d99b6088a - - - - - -] Router 8322886a-9d77-4f27-979d-5da8de4f844a is bound to host instance
2026-04-27 13:18:13.201 7 INFO neutron.db.ovn_revision_numbers_db [None req-51068b32-b709-44c9-8c2b-4be747d4a78e 526d08e8617047788127459af31906e6 ff76938bce08474d9ce04a6cbf43863a - - default default] Successfully bumped revision number for resource d73cf7ab-bba6-4f8c-840a-32ab47aece86 (type: router_ports) to 1 [pid: 8|app: 0|req: 930/1872] 10.0.0.51 () {32 vars in 738 bytes} [Mon Apr 27 13:18:13 2026] DELETE /v2.0/security-groups/ba656271-56a1-465b-8548-a8ce531c5d5e => generated 0 bytes in 186 msecs (HTTP/1.1 204) 2 headers in 112 bytes (1 switches on core 0)
2026-04-27 13:18:13.262 8 INFO neutron.pecan_wsgi.hooks.translation [None req-33bd0cdb-6f4f-49e6-bae0-0c8cb8ccb1b7 30cd9dbf24764b73915e21c5823786c1 db04b3671295438d8b224455b812a71e - - default default] DELETE failed (client error): The resource could not be found. [pid: 8|app: 0|req: 931/1873] 10.0.0.51 () {32 vars in 718 bytes} [Mon Apr 27 13:18:13 2026] DELETE /v2.0/ports/d1219bb5-b7a8-4ca7-9f36-d21c16295e22 => generated 132 bytes in 27 msecs (HTTP/1.1 404) 4 headers in 164 bytes (1 switches on core 0) [pid: 8|app: 0|req: 932/1874] 10.0.0.51 () {32 vars in 738 bytes} [Mon Apr 27 13:18:13 2026] DELETE /v2.0/security-groups/f58c01bb-4f51-4ae8-a408-62154f6975d1 => generated 0 bytes in 132 msecs (HTTP/1.1 204) 2 headers in 112 bytes (1 switches on core 0)
2026-04-27 13:18:13.410 8 INFO neutron.pecan_wsgi.hooks.translation [None req-0770b6d8-a0be-4e7e-8b3d-23fe0a905a0c 30cd9dbf24764b73915e21c5823786c1 db04b3671295438d8b224455b812a71e - - default default] DELETE failed (client error): The resource could not be found. [pid: 8|app: 0|req: 933/1875] 10.0.0.51 () {32 vars in 722 bytes} [Mon Apr 27 13:18:13 2026] DELETE /v2.0/subnets/2b19e50c-03b2-4a54-befa-1f8be664f9b1 => generated 136 bytes in 12 msecs (HTTP/1.1 404) 4 headers in 164 bytes (1 switches on core 0)
2026-04-27 13:18:13.498 7 INFO neutron.db.ovn_revision_numbers_db [None req-51068b32-b709-44c9-8c2b-4be747d4a78e 526d08e8617047788127459af31906e6 ff76938bce08474d9ce04a6cbf43863a - - default default] Successfully bumped revision number for resource 8322886a-9d77-4f27-979d-5da8de4f844a (type: routers) to 2 [pid: 7|app: 0|req: 943/1876] 10.0.0.51 () {34 vars in 667 bytes} [Mon Apr 27 13:18:11 2026] POST /v2.0/routers => generated 966 bytes in 1835 msecs (HTTP/1.1 201) 4 headers in 162 bytes (1 switches on core 0)
2026-04-27 13:18:13.713 8 INFO neutron.db.ovn_revision_numbers_db [None req-e78ee914-8e8a-4367-a855-f66d18abd5d8 07e36f6263354bb6818afb5028e6d82d c7318b96fd8d4707bcd0efd783abe2b3 - - default default] Successfully bumped revision number for resource 40b47510-6ef5-47a2-924e-6f3fe78337ca (type: security_groups) to 1
2026-04-27 13:18:13.729 8 INFO neutron.db.ovn_revision_numbers_db [None req-e78ee914-8e8a-4367-a855-f66d18abd5d8 07e36f6263354bb6818afb5028e6d82d c7318b96fd8d4707bcd0efd783abe2b3 - - default default] Successfully bumped revision number for resource 5d15c9d3-4e91-4c94-9ad8-78e677937d97 (type: security_group_rules) to 0
2026-04-27 13:18:13.747 8 INFO neutron.db.ovn_revision_numbers_db [None req-e78ee914-8e8a-4367-a855-f66d18abd5d8 07e36f6263354bb6818afb5028e6d82d c7318b96fd8d4707bcd0efd783abe2b3 - - default default] Successfully bumped revision number for resource 63e097fc-0b94-4aa7-8552-c25e2d32b5dd (type: security_group_rules) to 0
2026-04-27 13:18:13.765 8 INFO neutron.db.ovn_revision_numbers_db [None req-e78ee914-8e8a-4367-a855-f66d18abd5d8 07e36f6263354bb6818afb5028e6d82d c7318b96fd8d4707bcd0efd783abe2b3 - - default default] Successfully bumped revision number for resource 695e5a1a-a4dd-4f8e-b233-02353803df67 (type: security_group_rules) to 0
2026-04-27 13:18:13.779 8 INFO neutron.db.ovn_revision_numbers_db [None req-e78ee914-8e8a-4367-a855-f66d18abd5d8 07e36f6263354bb6818afb5028e6d82d c7318b96fd8d4707bcd0efd783abe2b3 - - default default] Successfully bumped revision number for resource 7c4874db-bd56-42fa-8e68-0b711d022322 (type: security_group_rules) to 0 [pid: 7|app: 0|req: 944/1877] 10.0.0.51 () {32 vars in 738 bytes} [Mon Apr 27 13:18:13 2026] DELETE /v2.0/security-groups/9ffb2ee1-0c08-40eb-bcd1-e2fedf59ce91 => generated 0 bytes in 259 msecs (HTTP/1.1 204) 2 headers in 112 bytes (1 switches on core 0)
2026-04-27 13:18:13.826 7 INFO neutron.pecan_wsgi.hooks.translation [None req-fdc14321-901b-4957-acb2-18b52811591a 30cd9dbf24764b73915e21c5823786c1 db04b3671295438d8b224455b812a71e - - default default] DELETE failed (client error): The resource could not be found. [pid: 7|app: 0|req: 945/1878] 10.0.0.51 () {32 vars in 722 bytes} [Mon Apr 27 13:18:13 2026] DELETE /v2.0/subnets/6fcc422a-0d23-4e02-876b-21c88adb9038 => generated 136 bytes in 33 msecs (HTTP/1.1 404) 4 headers in 164 bytes (1 switches on core 0)
2026-04-27 13:18:13.860 8 INFO neutron.db.segments_db [None req-e78ee914-8e8a-4367-a855-f66d18abd5d8 07e36f6263354bb6818afb5028e6d82d c7318b96fd8d4707bcd0efd783abe2b3 - - default default] Added segment 91e96fc3-cb62-4207-b08e-933f0342f03e of type geneve for network 3593082d-3764-4cbd-861b-4c19a58785bf
2026-04-27 13:18:13.989 8 INFO neutron.db.ovn_revision_numbers_db [None req-e78ee914-8e8a-4367-a855-f66d18abd5d8 07e36f6263354bb6818afb5028e6d82d c7318b96fd8d4707bcd0efd783abe2b3 - - default default] Successfully bumped revision number for resource 3593082d-3764-4cbd-861b-4c19a58785bf (type: networks) to 1
2026-04-27 13:18:14.171 8 WARNING neutron.scheduler.dhcp_agent_scheduler [None req-e78ee914-8e8a-4367-a855-f66d18abd5d8 07e36f6263354bb6818afb5028e6d82d c7318b96fd8d4707bcd0efd783abe2b3 - - default default] No more DHCP agents
2026-04-27 13:18:14.173 8 WARNING neutron.api.rpc.agentnotifiers.dhcp_rpc_agent_api [None req-e78ee914-8e8a-4367-a855-f66d18abd5d8 07e36f6263354bb6818afb5028e6d82d c7318b96fd8d4707bcd0efd783abe2b3 - - default default] Unable to schedule network 3593082d-3764-4cbd-861b-4c19a58785bf: no agents available; will retry on subsequent port and subnet creation events.
2026-04-27 13:18:14.251 8 INFO neutron.plugins.ml2.drivers.ovn.mech_driver.mech_driver [None req-f8514fb7-c9a2-4d12-9698-6023bf027a19 - - - - - -] OVN reports status down for port: 66c657fc-16c5-4ef6-ab29-666461bd008c
2026-04-27 13:18:14.325 8 INFO neutron.db.ovn_revision_numbers_db [None req-e78ee914-8e8a-4367-a855-f66d18abd5d8 07e36f6263354bb6818afb5028e6d82d c7318b96fd8d4707bcd0efd783abe2b3 - - default default] Successfully bumped revision number for resource 66c657fc-16c5-4ef6-ab29-666461bd008c (type: ports) to 1 [pid: 8|app: 0|req: 934/1879] 10.0.0.51 () {34 vars in 668 bytes} [Mon Apr 27 13:18:13 2026] POST /v2.0/networks => generated 730 bytes in 972 msecs (HTTP/1.1 201) 4 headers in 162 bytes (1 switches on core 0)
2026-04-27 13:18:14.499 8 INFO neutron_taas.services.taas.taas_plugin [None req-6c727145-3e81-44bf-a5f4-fb4b1514df5a 30cd9dbf24764b73915e21c5823786c1 db04b3671295438d8b224455b812a71e - - default default] TaaS: Handle Delete Port: 5a04a983-fae2-4b5a-b0b5-0b32fefd73f8
2026-04-27 13:18:14.502 8 INFO neutron_taas.services.taas.tap_mirror_plugin [None req-6c727145-3e81-44bf-a5f4-fb4b1514df5a 30cd9dbf24764b73915e21c5823786c1 db04b3671295438d8b224455b812a71e - - default default] Tap Mirror: Handle Delete Port: 5a04a983-fae2-4b5a-b0b5-0b32fefd73f8 [pid: 8|app: 0|req: 937/1882] 10.0.0.51 () {32 vars in 718 bytes} [Mon Apr 27 13:18:14 2026] DELETE /v2.0/ports/5a04a983-fae2-4b5a-b0b5-0b32fefd73f8 => generated 0 bytes in 248 msecs (HTTP/1.1 204) 3 headers in 131 bytes (1 switches on core 0)
2026-04-27 13:18:14.855 8 WARNING neutron.scheduler.dhcp_agent_scheduler [None req-690319cb-6f65-4db1-a1b5-b9895a4fa687 07e36f6263354bb6818afb5028e6d82d c7318b96fd8d4707bcd0efd783abe2b3 - - default default] No more DHCP agents
2026-04-27 13:18:14.857 8 WARNING neutron.api.rpc.agentnotifiers.dhcp_rpc_agent_api [None req-690319cb-6f65-4db1-a1b5-b9895a4fa687 07e36f6263354bb6818afb5028e6d82d c7318b96fd8d4707bcd0efd783abe2b3 - - default default] Unable to schedule network 3593082d-3764-4cbd-861b-4c19a58785bf: no agents available; will retry on subsequent port and subnet creation events.
2026-04-27 13:18:15.426 7 WARNING neutron.scheduler.dhcp_agent_scheduler [None req-a4ff51bf-9366-4e09-bf04-7fc1121fdcfe 526d08e8617047788127459af31906e6 ff76938bce08474d9ce04a6cbf43863a - - default default] No more DHCP agents
2026-04-27 13:18:15.428 8 INFO neutron.db.ovn_revision_numbers_db [None req-20bc73d8-ba71-4cc7-a129-5b5c12346e51 - - - - - -] Successfully bumped revision number for resource 66c657fc-16c5-4ef6-ab29-666461bd008c (type: ports) to 2
2026-04-27 13:18:15.429 7 WARNING neutron.api.rpc.agentnotifiers.dhcp_rpc_agent_api [None req-a4ff51bf-9366-4e09-bf04-7fc1121fdcfe 526d08e8617047788127459af31906e6 ff76938bce08474d9ce04a6cbf43863a - - default default] Unable to schedule network 4bd9f3b2-dd21-43d5-968b-960b3f8fb145: no agents available; will retry on subsequent port and subnet creation events.
2026-04-27 13:18:15.465 8 INFO neutron.db.ovn_revision_numbers_db [None req-20bc73d8-ba71-4cc7-a129-5b5c12346e51 - - - - - -] Successfully bumped revision number for resource d4f1307c-e35b-4483-9eeb-98470d06677a (type: subnets) to 0 [pid: 8|app: 0|req: 938/1883] 10.0.0.51 () {34 vars in 667 bytes} [Mon Apr 27 13:18:14 2026] POST /v2.0/subnets => generated 644 bytes in 846 msecs (HTTP/1.1 201) 4 headers in 162 bytes (1 switches on core 0)
2026-04-27 13:18:15.634 8 INFO neutron.plugins.ml2.drivers.ovn.mech_driver.mech_driver [None req-f8514fb7-c9a2-4d12-9698-6023bf027a19 - - - - - -] OVN reports status down for port: c2d4c9de-1d06-4c0e-9d86-43f5afa0afb3
2026-04-27 13:18:15.686 7 INFO neutron.db.ovn_revision_numbers_db [None req-a4ff51bf-9366-4e09-bf04-7fc1121fdcfe 526d08e8617047788127459af31906e6 ff76938bce08474d9ce04a6cbf43863a - - default default] Successfully bumped revision number for resource c2d4c9de-1d06-4c0e-9d86-43f5afa0afb3 (type: ports) to 1
2026-04-27 13:18:15.689 7 INFO neutron.db.ovn_revision_numbers_db [None req-4e4aed12-b920-484e-85ea-a8720d10d9a7 - - - - - -] Successfully bumped revision number for resource d73cf7ab-bba6-4f8c-840a-32ab47aece86 (type: ports) to 4
2026-04-27 13:18:15.838 8 INFO neutron.db.ovn_revision_numbers_db [None req-2441c008-11ed-42d0-9e1b-f4542269ff53 526d08e8617047788127459af31906e6 ff76938bce08474d9ce04a6cbf43863a - - default default] Successfully bumped revision number for resource 53abae7f-57e1-4f7d-9624-a3ba1840f60e (type: security_groups) to 1
2026-04-27 13:18:15.850 8 INFO neutron.db.ovn_revision_numbers_db [None req-2441c008-11ed-42d0-9e1b-f4542269ff53 526d08e8617047788127459af31906e6 ff76938bce08474d9ce04a6cbf43863a - - default default] Successfully bumped revision number for resource 2d8bace4-6e0a-45fe-b106-0a1f33f1840c (type: security_group_rules) to 0
2026-04-27 13:18:15.863 8 INFO neutron.db.ovn_revision_numbers_db [None req-2441c008-11ed-42d0-9e1b-f4542269ff53 526d08e8617047788127459af31906e6 ff76938bce08474d9ce04a6cbf43863a - - default default] Successfully bumped revision number for resource a4dab4c6-2dfe-4d65-b008-b5a9b37c7652 (type: security_group_rules) to 0
2026-04-27 13:18:15.874 8 INFO neutron.db.ovn_revision_numbers_db [None req-2441c008-11ed-42d0-9e1b-f4542269ff53 526d08e8617047788127459af31906e6 ff76938bce08474d9ce04a6cbf43863a - - default default] Successfully bumped revision number for resource c2be3795-3587-4282-9e25-65b33bbc05e5 (type: security_group_rules) to 0
2026-04-27 13:18:15.886 8 INFO neutron.db.ovn_revision_numbers_db [None req-2441c008-11ed-42d0-9e1b-f4542269ff53 526d08e8617047788127459af31906e6 ff76938bce08474d9ce04a6cbf43863a - - default default] Successfully bumped revision number for resource d4df1b9b-da71-475f-a55a-23912276a83a (type: security_group_rules) to 0 [pid: 8|app: 0|req: 939/1884] 10.0.0.51 () {32 vars in 772 bytes} [Mon Apr 27 13:18:15 2026] GET /v2.0/security-groups?tenant_id=a435e9179aa54413a502257b4b13b2a6&name=default => generated 2925 bytes in 445 msecs (HTTP/1.1 200) 4 headers in 158 bytes (1 switches on core 0)
2026-04-27 13:18:16.047 8 INFO neutron_taas.services.taas.taas_plugin [None req-a1638f03-783f-46af-bd07-578e7dab6e3b 30cd9dbf24764b73915e21c5823786c1 db04b3671295438d8b224455b812a71e - - default default] TaaS: Handle Delete Port: 0178ecf9-9866-4e14-b4f5-cbd75d73a1ce
2026-04-27 13:18:16.049 8 INFO neutron_taas.services.taas.tap_mirror_plugin [None req-a1638f03-783f-46af-bd07-578e7dab6e3b 30cd9dbf24764b73915e21c5823786c1 db04b3671295438d8b224455b812a71e - - default default] Tap Mirror: Handle Delete Port: 0178ecf9-9866-4e14-b4f5-cbd75d73a1ce
2026-04-27 13:18:16.229 8 INFO neutron.services.segments.plugin [-] Segment 95eeb856-73c0-47b9-a1c5-62a3ef13bf90 resource provider aggregate not found
2026-04-27 13:18:16.231 8 INFO neutron.services.segments.plugin [-] Segment 95eeb856-73c0-47b9-a1c5-62a3ef13bf90 resource provider aggregate not found
2026-04-27 13:18:16.254 8 INFO neutron.services.segments.plugin [-] Segment 95eeb856-73c0-47b9-a1c5-62a3ef13bf90 resource provider not found; error: Placement Client Error (4xx): {"errors": [{"status": 404, "title": "Not Found", "detail": "The resource could not be found.\n\n No resource provider with uuid 95eeb856-73c0-47b9-a1c5-62a3ef13bf90 found for delete ", "request_id": "req-af161f0e-3415-4c76-9bf3-f72153e53b69"}]}
2026-04-27 13:18:16.255 8 INFO neutron.services.segments.plugin [-] Segment 95eeb856-73c0-47b9-a1c5-62a3ef13bf90 resource provider not found; error: Placement Client Error (4xx): {"errors": [{"status": 404, "title": "Not Found", "detail": "The resource could not be found.\n\n No resource provider with uuid 95eeb856-73c0-47b9-a1c5-62a3ef13bf90 found for delete ", "request_id": "req-94ae7db0-1592-40eb-9cae-16e84f06f848"}]} [pid: 8|app: 0|req: 940/1885] 10.0.0.51 () {32 vars in 724 bytes} [Mon Apr 27 13:18:15 2026] DELETE /v2.0/networks/5695f93f-5042-4223-a53e-53e31ac10ce3 => generated 0 bytes in 350 msecs (HTTP/1.1 204) 3 headers in 131 bytes (1 switches on core 0)
2026-04-27 13:18:16.286 8 WARNING neutron.api.v2.base [None req-f41cf0f7-b065-4301-82c4-557949d68153 07e36f6263354bb6818afb5028e6d82d c7318b96fd8d4707bcd0efd783abe2b3 - - default default] An exception happened while processing the request body. The exception message is [Invalid input for target_tenant. Reason: 'None' is not a valid string.].: webob.exc.HTTPBadRequest: Invalid input for target_tenant. Reason: 'None' is not a valid string.
2026-04-27 13:18:16.287 8 INFO neutron.api.v2.resource [None req-f41cf0f7-b065-4301-82c4-557949d68153 07e36f6263354bb6818afb5028e6d82d c7318b96fd8d4707bcd0efd783abe2b3 - - default default] create failed (client error): Invalid input for target_tenant. Reason: 'None' is not a valid string. [pid: 8|app: 0|req: 941/1886] 10.0.0.51 () {34 vars in 679 bytes} [Mon Apr 27 13:18:16 2026] POST /v2.0/rbac-policies => generated 143 bytes in 7 msecs (HTTP/1.1 400) 4 headers in 166 bytes (1 switches on core 0)
2026-04-27 13:18:16.468 7 INFO neutron.db.ovn_revision_numbers_db [None req-4e4aed12-b920-484e-85ea-a8720d10d9a7 - - - - - -] Successfully bumped revision number for resource d73cf7ab-bba6-4f8c-840a-32ab47aece86 (type: ports) to 5 [pid: 8|app: 0|req: 942/1887] 10.0.0.51 () {32 vars in 738 bytes} [Mon Apr 27 13:18:16 2026] DELETE /v2.0/security-groups/53abae7f-57e1-4f7d-9624-a3ba1840f60e => generated 0 bytes in 237 msecs (HTTP/1.1 204) 2 headers in 112 bytes (1 switches on core 0)
2026-04-27 13:18:16.668 8 INFO neutron_taas.services.taas.taas_plugin [None req-683c4495-dcc6-4ad6-904c-fc1ec586ea75 07e36f6263354bb6818afb5028e6d82d c7318b96fd8d4707bcd0efd783abe2b3 - - default default] TaaS: Handle Delete Port: 66c657fc-16c5-4ef6-ab29-666461bd008c
2026-04-27 13:18:16.671 8 INFO neutron_taas.services.taas.tap_mirror_plugin [None req-683c4495-dcc6-4ad6-904c-fc1ec586ea75 07e36f6263354bb6818afb5028e6d82d c7318b96fd8d4707bcd0efd783abe2b3 - - default default] Tap Mirror: Handle Delete Port: 66c657fc-16c5-4ef6-ab29-666461bd008c
2026-04-27 13:18:16.820 8 INFO neutron.plugins.ml2.drivers.ovn.mech_driver.mech_driver [None req-f8514fb7-c9a2-4d12-9698-6023bf027a19 - - - - - -] OVN reports status up for port: c2d4c9de-1d06-4c0e-9d86-43f5afa0afb3
2026-04-27 13:18:16.841 8 INFO neutron.plugins.ml2.plugin [None req-f8514fb7-c9a2-4d12-9698-6023bf027a19 - - - - - -] Attempt 1 to provision port c2d4c9de-1d06-4c0e-9d86-43f5afa0afb3
2026-04-27 13:18:16.874 7 WARNING neutron.scheduler.dhcp_agent_scheduler [None req-a4ff51bf-9366-4e09-bf04-7fc1121fdcfe 526d08e8617047788127459af31906e6 ff76938bce08474d9ce04a6cbf43863a - - default default] No more DHCP agents
2026-04-27 13:18:16.876 7 WARNING neutron.api.rpc.agentnotifiers.dhcp_rpc_agent_api [None req-a4ff51bf-9366-4e09-bf04-7fc1121fdcfe 526d08e8617047788127459af31906e6 ff76938bce08474d9ce04a6cbf43863a - - default default] Unable to schedule network 4bd9f3b2-dd21-43d5-968b-960b3f8fb145: no agents available; will retry on subsequent port and subnet creation events. [pid: 8|app: 0|req: 943/1888] 10.0.0.51 () {32 vars in 724 bytes} [Mon Apr 27 13:18:16 2026] DELETE /v2.0/networks/3593082d-3764-4cbd-861b-4c19a58785bf => generated 0 bytes in 677 msecs (HTTP/1.1 204) 3 headers in 131 bytes (1 switches on core 0)
2026-04-27 13:18:17.359 7 INFO neutron.db.ovn_revision_numbers_db [None req-a4ff51bf-9366-4e09-bf04-7fc1121fdcfe 526d08e8617047788127459af31906e6 ff76938bce08474d9ce04a6cbf43863a - - default default] Successfully bumped revision number for resource c2d4c9de-1d06-4c0e-9d86-43f5afa0afb3 (type: router_ports) to 1
2026-04-27 13:18:17.362 8 INFO neutron.db.ovn_revision_numbers_db [None req-f8514fb7-c9a2-4d12-9698-6023bf027a19 - - - - - -] Successfully bumped revision number for resource c2d4c9de-1d06-4c0e-9d86-43f5afa0afb3 (type: ports) to 2 [pid: 7|app: 0|req: 946/1889] 10.0.0.51 () {34 vars in 781 bytes} [Mon Apr 27 13:18:13 2026] PUT /v2.0/routers/8322886a-9d77-4f27-979d-5da8de4f844a/add_router_interface => generated 309 bytes in 3533 msecs (HTTP/1.1 200) 4 headers in 157 bytes (1 switches on core 0) [pid: 7|app: 0|req: 947/1890] 10.0.0.51 () {32 vars in 772 bytes} [Mon Apr 27 13:18:17 2026] GET /v2.0/security-groups?tenant_id=c61d2a15a4e740f0b4c6c3a3ef1a9f46&name=default => generated 2925 bytes in 32 msecs (HTTP/1.1 200) 4 headers in 158 bytes (1 switches on core 0) [pid: 8|app: 0|req: 944/1891] 10.0.0.51 () {32 vars in 772 bytes} [Mon Apr 27 13:18:17 2026] GET /v2.0/security-groups?tenant_id=db04b3671295438d8b224455b812a71e&name=default => generated 2925 bytes in 206 msecs (HTTP/1.1 200) 4 headers in 158 bytes (1 switches on core 0)
2026-04-27 13:18:17.484 7 INFO neutron.db.segments_db [None req-edb63ad9-046e-4f80-9732-0fd136b9b90f 07e36f6263354bb6818afb5028e6d82d c7318b96fd8d4707bcd0efd783abe2b3 - - default default] Added segment c3c2814b-a8a2-42f9-8fa8-5ecee883abf5 of type geneve for network 9f701ae3-4241-4dea-b989-9ba177593ec2
2026-04-27 13:18:17.600 7 INFO neutron.db.ovn_revision_numbers_db [None req-edb63ad9-046e-4f80-9732-0fd136b9b90f 07e36f6263354bb6818afb5028e6d82d c7318b96fd8d4707bcd0efd783abe2b3 - - default default] Successfully bumped revision number for resource 9f701ae3-4241-4dea-b989-9ba177593ec2 (type: networks) to 1
2026-04-27 13:18:17.790 7 WARNING neutron.scheduler.dhcp_agent_scheduler [None req-edb63ad9-046e-4f80-9732-0fd136b9b90f 07e36f6263354bb6818afb5028e6d82d c7318b96fd8d4707bcd0efd783abe2b3 - - default default] No more DHCP agents
2026-04-27 13:18:17.793 7 WARNING neutron.api.rpc.agentnotifiers.dhcp_rpc_agent_api [None req-edb63ad9-046e-4f80-9732-0fd136b9b90f 07e36f6263354bb6818afb5028e6d82d c7318b96fd8d4707bcd0efd783abe2b3 - - default default] Unable to schedule network 9f701ae3-4241-4dea-b989-9ba177593ec2: no agents available; will retry on subsequent port and subnet creation events. [pid: 8|app: 0|req: 945/1892] 10.0.0.51 () {32 vars in 738 bytes} [Mon Apr 27 13:18:17 2026] DELETE /v2.0/security-groups/b7bb8acf-0977-4cd9-95e1-22acd137b4fa => generated 0 bytes in 415 msecs (HTTP/1.1 204) 2 headers in 112 bytes (1 switches on core 0)
2026-04-27 13:18:17.851 7 INFO neutron.plugins.ml2.drivers.ovn.mech_driver.mech_driver [None req-57f9368a-f956-42ec-b019-9084ceeab596 - - - - - -] OVN reports status down for port: 49666a1b-1d9e-4d92-9cd8-ba98362c0c3c
2026-04-27 13:18:17.912 7 INFO neutron.db.ovn_revision_numbers_db [None req-edb63ad9-046e-4f80-9732-0fd136b9b90f 07e36f6263354bb6818afb5028e6d82d c7318b96fd8d4707bcd0efd783abe2b3 - - default default] Successfully bumped revision number for resource 49666a1b-1d9e-4d92-9cd8-ba98362c0c3c (type: ports) to 1 [pid: 7|app: 0|req: 948/1893] 10.0.0.51 () {34 vars in 668 bytes} [Mon Apr 27 13:18:17 2026] POST /v2.0/networks => generated 730 bytes in 577 msecs (HTTP/1.1 201) 4 headers in 162 bytes (1 switches on core 0) [pid: 8|app: 0|req: 946/1894] 10.0.0.51 () {32 vars in 738 bytes} [Mon Apr 27 13:18:17 2026] DELETE /v2.0/security-groups/f0417398-953c-4c4a-b6ef-b169c7c3988b => generated 0 bytes in 293 msecs (HTTP/1.1 204) 2 headers in 112 bytes (1 switches on core 0)
2026-04-27 13:18:18.162 7 INFO neutron.db.ovn_revision_numbers_db [None req-a2d53abd-5aeb-4aac-ac6a-d4f2db1c2b14 526d08e8617047788127459af31906e6 ff76938bce08474d9ce04a6cbf43863a - - default default] Successfully bumped revision number for resource aeec393a-b759-43ca-ae41-a2ac46414827 (type: security_groups) to 1
2026-04-27 13:18:18.179 7 INFO neutron.db.ovn_revision_numbers_db [None req-a2d53abd-5aeb-4aac-ac6a-d4f2db1c2b14 526d08e8617047788127459af31906e6 ff76938bce08474d9ce04a6cbf43863a - - default default] Successfully bumped revision number for resource 5c415186-efa2-4074-a704-64150137c167 (type: security_group_rules) to 0
2026-04-27 13:18:18.191 7 INFO neutron.db.ovn_revision_numbers_db [None req-a2d53abd-5aeb-4aac-ac6a-d4f2db1c2b14 526d08e8617047788127459af31906e6 ff76938bce08474d9ce04a6cbf43863a - - default default] Successfully bumped revision number for resource 6d2a87d3-f391-4ae0-aff4-99ca060c6685 (type: security_group_rules) to 0
2026-04-27 13:18:18.206 7 INFO neutron.db.ovn_revision_numbers_db [None req-a2d53abd-5aeb-4aac-ac6a-d4f2db1c2b14 526d08e8617047788127459af31906e6 ff76938bce08474d9ce04a6cbf43863a - - default default] Successfully bumped revision number for resource 7394a983-69fb-4741-9f1e-34b0affb1430 (type: security_group_rules) to 0
2026-04-27 13:18:18.226 7 INFO neutron.db.ovn_revision_numbers_db [None req-a2d53abd-5aeb-4aac-ac6a-d4f2db1c2b14 526d08e8617047788127459af31906e6 ff76938bce08474d9ce04a6cbf43863a - - default default] Successfully bumped revision number for resource 75650fbf-6d1e-4f17-8cb1-bfeb174a9b0b (type: security_group_rules) to 0 [pid: 7|app: 0|req: 949/1895] 10.0.0.51 () {32 vars in 772 bytes} [Mon Apr 27 13:18:17 2026] GET /v2.0/security-groups?tenant_id=70f42ea966f848c48e87a19e41150bed&name=default => generated 2925 bytes in 298 msecs (HTTP/1.1 200) 4 headers in 158 bytes (1 switches on core 0)
2026-04-27 13:18:18.275 8 WARNING neutron.scheduler.dhcp_agent_scheduler [None req-c3ec5fa5-2c40-4b78-812d-9cbb00d2798f 07e36f6263354bb6818afb5028e6d82d c7318b96fd8d4707bcd0efd783abe2b3 - - default default] No more DHCP agents
2026-04-27 13:18:18.276 8 INFO neutron.services.segments.plugin [-] Segment 91e96fc3-cb62-4207-b08e-933f0342f03e resource provider aggregate not found
2026-04-27 13:18:18.279 8 WARNING neutron.api.rpc.agentnotifiers.dhcp_rpc_agent_api [None req-c3ec5fa5-2c40-4b78-812d-9cbb00d2798f 07e36f6263354bb6818afb5028e6d82d c7318b96fd8d4707bcd0efd783abe2b3 - - default default] Unable to schedule network 9f701ae3-4241-4dea-b989-9ba177593ec2: no agents available; will retry on subsequent port and subnet creation events.
2026-04-27 13:18:18.283 8 INFO neutron.services.segments.plugin [-] Segment 91e96fc3-cb62-4207-b08e-933f0342f03e resource provider aggregate not found
2026-04-27 13:18:18.296 8 INFO neutron.services.segments.plugin [-] Segment 91e96fc3-cb62-4207-b08e-933f0342f03e resource provider not found; error: Placement Client Error (4xx): {"errors": [{"status": 404, "title": "Not Found", "detail": "The resource could not be found.\n\n No resource provider with uuid 91e96fc3-cb62-4207-b08e-933f0342f03e found for delete ", "request_id": "req-3a5f2c22-6c0e-4bcd-999a-52da3add0be3"}]}
2026-04-27 13:18:18.305 8 INFO neutron.services.segments.plugin [-] Segment 91e96fc3-cb62-4207-b08e-933f0342f03e resource provider not found; error: Placement Client Error (4xx): {"errors": [{"status": 404, "title": "Not Found", "detail": "The resource could not be found.\n\n No resource provider with uuid 91e96fc3-cb62-4207-b08e-933f0342f03e found for delete ", "request_id": "req-37bf62ee-8484-4abb-92e4-3edee77a8c95"}]} [pid: 7|app: 0|req: 950/1896] 10.0.0.51 () {32 vars in 738 bytes} [Mon Apr 27 13:18:18 2026] DELETE /v2.0/security-groups/aeec393a-b759-43ca-ae41-a2ac46414827 => generated 0 bytes in 261 msecs (HTTP/1.1 204) 2 headers in 112 bytes (1 switches on core 0)
2026-04-27 13:18:18.746 8 INFO neutron.db.ovn_revision_numbers_db [None req-dfda2bd7-7543-436f-86c5-278c96053545 - - - - - -] Successfully bumped revision number for resource 49666a1b-1d9e-4d92-9cd8-ba98362c0c3c (type: ports) to 2
2026-04-27 13:18:18.779 8 INFO neutron.db.ovn_revision_numbers_db [None req-dfda2bd7-7543-436f-86c5-278c96053545 - - - - - -] Successfully bumped revision number for resource f904c757-1797-416e-b532-5e883243e070 (type: subnets) to 0 [pid: 8|app: 0|req: 947/1897] 10.0.0.51 () {34 vars in 667 bytes} [Mon Apr 27 13:18:18 2026] POST /v2.0/subnets => generated 647 bytes in 675 msecs (HTTP/1.1 201) 4 headers in 162 bytes (1 switches on core 0)
2026-04-27 13:18:18.806 7 WARNING neutron.api.v2.base [None req-bd9766c2-fb56-4ea2-b20f-a654dd8fefa9 07e36f6263354bb6818afb5028e6d82d c7318b96fd8d4707bcd0efd783abe2b3 - - default default] An exception happened while processing the request body. The exception message is [Invalid input for target_tenant. Reason: '1234123412341234123412341234123412341234123412341234123412341234123412341234123412341234123412341234123412341234123412341234123412341234123412341234123412341234123412341234123412341234123412341234123412341234123412341234123412341234123412341234123412341234123412341234123412341234123412341234123412341234123412341234123412341234123412341234123412341234123412341234123412341234123412341234123412341234' exceeds maximum length of 255.].: webob.exc.HTTPBadRequest: Invalid input for target_tenant. Reason: '1234123412341234123412341234123412341234123412341234123412341234123412341234123412341234123412341234123412341234123412341234123412341234123412341234123412341234123412341234123412341234123412341234123412341234123412341234123412341234123412341234123412341234123412341234123412341234123412341234123412341234123412341234123412341234123412341234123412341234123412341234123412341234123412341234123412341234' exceeds maximum length of 255.
2026-04-27 13:18:18.807 7 INFO neutron.api.v2.resource [None req-bd9766c2-fb56-4ea2-b20f-a654dd8fefa9 07e36f6263354bb6818afb5028e6d82d c7318b96fd8d4707bcd0efd783abe2b3 - - default default] create failed (client error): Invalid input for target_tenant. Reason: '1234123412341234123412341234123412341234123412341234123412341234123412341234123412341234123412341234123412341234123412341234123412341234123412341234123412341234123412341234123412341234123412341234123412341234123412341234123412341234123412341234123412341234123412341234123412341234123412341234123412341234123412341234123412341234123412341234123412341234123412341234123412341234123412341234123412341234' exceeds maximum length of 255. [pid: 7|app: 0|req: 951/1898] 10.0.0.51 () {34 vars in 679 bytes} [Mon Apr 27 13:18:18 2026] POST /v2.0/rbac-policies => generated 547 bytes in 11 msecs (HTTP/1.1 400) 4 headers in 166 bytes (1 switches on core 0)
2026-04-27 13:18:18.947 8 INFO neutron_taas.services.taas.taas_plugin [None req-a8e0b655-001d-412a-812a-a34ea9655dad 07e36f6263354bb6818afb5028e6d82d c7318b96fd8d4707bcd0efd783abe2b3 - - default default] TaaS: Handle Delete Port: 49666a1b-1d9e-4d92-9cd8-ba98362c0c3c
2026-04-27 13:18:18.949 8 INFO neutron_taas.services.taas.tap_mirror_plugin [None req-a8e0b655-001d-412a-812a-a34ea9655dad 07e36f6263354bb6818afb5028e6d82d c7318b96fd8d4707bcd0efd783abe2b3 - - default default] Tap Mirror: Handle Delete Port: 49666a1b-1d9e-4d92-9cd8-ba98362c0c3c [pid: 8|app: 0|req: 948/1899] 10.0.0.51 () {32 vars in 724 bytes} [Mon Apr 27 13:18:18 2026] DELETE /v2.0/networks/9f701ae3-4241-4dea-b989-9ba177593ec2 => generated 0 bytes in 452 msecs (HTTP/1.1 204) 3 headers in 131 bytes (1 switches on core 0)
2026-04-27 13:18:19.389 7 INFO neutron.db.segments_db [None req-5092d135-5e0d-45f6-a790-783fe3f03a36 07e36f6263354bb6818afb5028e6d82d c7318b96fd8d4707bcd0efd783abe2b3 - - default default] Added segment bd45a918-fd02-4bf8-a7d2-cea1ea07a62c of type geneve for network f253da3b-7d45-4ad2-8a80-2f563e84ce84
2026-04-27 13:18:19.501 7 INFO neutron.db.ovn_revision_numbers_db [None req-5092d135-5e0d-45f6-a790-783fe3f03a36 07e36f6263354bb6818afb5028e6d82d c7318b96fd8d4707bcd0efd783abe2b3 - - default default] Successfully bumped revision number for resource f253da3b-7d45-4ad2-8a80-2f563e84ce84 (type: networks) to 1
2026-04-27 13:18:19.693 7 WARNING neutron.scheduler.dhcp_agent_scheduler [None req-5092d135-5e0d-45f6-a790-783fe3f03a36 07e36f6263354bb6818afb5028e6d82d c7318b96fd8d4707bcd0efd783abe2b3 - - default default] No more DHCP agents
2026-04-27 13:18:19.694 7 WARNING neutron.api.rpc.agentnotifiers.dhcp_rpc_agent_api [None req-5092d135-5e0d-45f6-a790-783fe3f03a36 07e36f6263354bb6818afb5028e6d82d c7318b96fd8d4707bcd0efd783abe2b3 - - default default] Unable to schedule network f253da3b-7d45-4ad2-8a80-2f563e84ce84: no agents available; will retry on subsequent port and subnet creation events.
2026-04-27 13:18:19.779 7 INFO neutron.db.ovn_revision_numbers_db [None req-5092d135-5e0d-45f6-a790-783fe3f03a36 07e36f6263354bb6818afb5028e6d82d c7318b96fd8d4707bcd0efd783abe2b3 - - default default] Successfully bumped revision number for resource 1ec2ab3f-4bf9-41e0-9095-074299c1bbb0 (type: ports) to 1 [pid: 8|app: 0|req: 949/1900] 10.0.0.70 () {34 vars in 980 bytes} [Mon Apr 27 13:18:19 2026] GET /v2.0/networks?id=4bd9f3b2-dd21-43d5-968b-960b3f8fb145 => generated 673 bytes in 51 msecs (HTTP/1.1 200) 4 headers in 157 bytes (1 switches on core 0) [pid: 7|app: 0|req: 952/1901] 10.0.0.51 () {34 vars in 668 bytes} [Mon Apr 27 13:18:19 2026] POST /v2.0/networks => generated 730 bytes in 536 msecs (HTTP/1.1 201) 4 headers in 162 bytes (1 switches on core 0) [pid: 7|app: 0|req: 953/1902] 10.0.0.70 () {34 vars in 963 bytes} [Mon Apr 27 13:18:19 2026] GET /v2.0/quotas/e2ca16651cf344aebf34d2db161570d2 => generated 292 bytes in 10 msecs (HTTP/1.1 200) 4 headers in 157 bytes (1 switches on core 0) [pid: 7|app: 0|req: 954/1903] 10.0.0.70 () {34 vars in 1000 bytes} [Mon Apr 27 13:18:19 2026] GET /v2.0/ports?tenant_id=e2ca16651cf344aebf34d2db161570d2&fields=id => generated 103 bytes in 77 msecs (HTTP/1.1 200) 4 headers in 157 bytes (1 switches on core 0)
2026-04-27 13:18:19.953 8 WARNING neutron.scheduler.dhcp_agent_scheduler [None req-a0a687b5-23b4-4591-bce0-da1b78659e60 07e36f6263354bb6818afb5028e6d82d c7318b96fd8d4707bcd0efd783abe2b3 - - default default] No more DHCP agents
2026-04-27 13:18:19.954 8 WARNING neutron.api.rpc.agentnotifiers.dhcp_rpc_agent_api [None req-a0a687b5-23b4-4591-bce0-da1b78659e60 07e36f6263354bb6818afb5028e6d82d c7318b96fd8d4707bcd0efd783abe2b3 - - default default] Unable to schedule network f253da3b-7d45-4ad2-8a80-2f563e84ce84: no agents available; will retry on subsequent port and subnet creation events.
2026-04-27 13:18:20.284 7 INFO neutron.db.ovn_revision_numbers_db [None req-7da4a1b6-1e63-4c54-9ca1-1b79d9eaa6fc a4c66a0abd634a5e9e900e036e63c61e a38b4a01ee584a849812d2773b5d79f0 - - default default] Successfully bumped revision number for resource fad9954e-6a4d-471f-8d66-c6d292e270ec (type: security_groups) to 1
2026-04-27 13:18:20.308 7 INFO neutron.db.ovn_revision_numbers_db [None req-7da4a1b6-1e63-4c54-9ca1-1b79d9eaa6fc a4c66a0abd634a5e9e900e036e63c61e a38b4a01ee584a849812d2773b5d79f0 - - default default] Successfully bumped revision number for resource 159db7be-17b1-4b81-a2fb-a179eb9a6bb9 (type: security_group_rules) to 0
2026-04-27 13:18:20.326 8 INFO neutron.services.segments.plugin [-] Segment c3c2814b-a8a2-42f9-8fa8-5ecee883abf5 resource provider aggregate not found
2026-04-27 13:18:20.328 7 INFO neutron.db.ovn_revision_numbers_db [None req-7da4a1b6-1e63-4c54-9ca1-1b79d9eaa6fc a4c66a0abd634a5e9e900e036e63c61e a38b4a01ee584a849812d2773b5d79f0 - - default default] Successfully bumped revision number for resource 2e94eb85-74b6-432c-830a-66f67dfa8589 (type: security_group_rules) to 0
2026-04-27 13:18:20.329 8 INFO neutron.services.segments.plugin [-] Segment c3c2814b-a8a2-42f9-8fa8-5ecee883abf5 resource provider aggregate not found
2026-04-27 13:18:20.345 8 INFO neutron.services.segments.plugin [-] Segment c3c2814b-a8a2-42f9-8fa8-5ecee883abf5 resource provider not found; error: Placement Client Error (4xx): {"errors": [{"status": 404, "title": "Not Found", "detail": "The resource could not be found.\n\n No resource provider with uuid c3c2814b-a8a2-42f9-8fa8-5ecee883abf5 found for delete ", "request_id": "req-a748ec47-a751-4758-9135-d6e4a49d6d8c"}]}
2026-04-27 13:18:20.348 7 INFO neutron.db.ovn_revision_numbers_db [None req-7da4a1b6-1e63-4c54-9ca1-1b79d9eaa6fc a4c66a0abd634a5e9e900e036e63c61e a38b4a01ee584a849812d2773b5d79f0 - - default default] Successfully bumped revision number for resource 5824d3f2-040d-48e9-bde2-8485a4016d0c (type: security_group_rules) to 0
2026-04-27 13:18:20.358 8 INFO neutron.services.segments.plugin [-] Segment c3c2814b-a8a2-42f9-8fa8-5ecee883abf5 resource provider not found; error: Placement Client Error (4xx): {"errors": [{"status": 404, "title": "Not Found", "detail": "The resource could not be found.\n\n No resource provider with uuid c3c2814b-a8a2-42f9-8fa8-5ecee883abf5 found for delete ", "request_id": "req-e142aa3b-b249-4242-a1d5-d4b4e4b75f34"}]}
2026-04-27 13:18:20.365 7 INFO neutron.db.ovn_revision_numbers_db [None req-7da4a1b6-1e63-4c54-9ca1-1b79d9eaa6fc a4c66a0abd634a5e9e900e036e63c61e a38b4a01ee584a849812d2773b5d79f0 - - default default] Successfully bumped revision number for resource 90662432-7d84-4d98-9019-639da090979b (type: security_group_rules) to 0
2026-04-27 13:18:20.367 8 INFO neutron.db.ovn_revision_numbers_db [None req-5a6c05b7-8628-43b1-8609-3433a17b05b7 - - - - - -] Successfully bumped revision number for resource 1ec2ab3f-4bf9-41e0-9095-074299c1bbb0 (type: ports) to 2
2026-04-27 13:18:20.396 8 INFO neutron.db.ovn_revision_numbers_db [None req-5a6c05b7-8628-43b1-8609-3433a17b05b7 - - - - - -] Successfully bumped revision number for resource 81a96439-5290-47ef-8e3a-1d724107713b (type: subnets) to 0 [pid: 8|app: 0|req: 950/1904] 10.0.0.51 () {34 vars in 667 bytes} [Mon Apr 27 13:18:19 2026] POST /v2.0/subnets => generated 647 bytes in 601 msecs (HTTP/1.1 201) 4 headers in 162 bytes (1 switches on core 0)
2026-04-27 13:18:20.449 7 INFO neutron.db.segments_db [None req-7da4a1b6-1e63-4c54-9ca1-1b79d9eaa6fc a4c66a0abd634a5e9e900e036e63c61e a38b4a01ee584a849812d2773b5d79f0 - - default default] Added segment eb30a00d-0653-4a12-abae-c65a72b300c0 of type geneve for network ebed3f90-89d2-43fb-b191-2bff922f9c38 [pid: 8|app: 0|req: 951/1905] 10.0.0.70 () {34 vars in 1006 bytes} [Mon Apr 27 13:18:20 2026] GET /v2.0/networks/4bd9f3b2-dd21-43d5-968b-960b3f8fb145?fields=segments => generated 14 bytes in 66 msecs (HTTP/1.1 200) 4 headers in 156 bytes (1 switches on core 0)
2026-04-27 13:18:20.586 7 INFO neutron.db.ovn_revision_numbers_db [None req-7da4a1b6-1e63-4c54-9ca1-1b79d9eaa6fc a4c66a0abd634a5e9e900e036e63c61e a38b4a01ee584a849812d2773b5d79f0 - - default default] Successfully bumped revision number for resource ebed3f90-89d2-43fb-b191-2bff922f9c38 (type: networks) to 1 [pid: 8|app: 0|req: 952/1906] 10.0.0.51 () {34 vars in 679 bytes} [Mon Apr 27 13:18:20 2026] POST /v2.0/rbac-policies => generated 324 bytes in 274 msecs (HTTP/1.1 201) 4 headers in 162 bytes (1 switches on core 0) [pid: 8|app: 0|req: 953/1907] 10.0.0.70 () {34 vars in 1106 bytes} [Mon Apr 27 13:18:20 2026] GET /v2.0/networks/4bd9f3b2-dd21-43d5-968b-960b3f8fb145?fields=provider%3Aphysical_network&fields=provider%3Anetwork_type => generated 79 bytes in 39 msecs (HTTP/1.1 200) 4 headers in 156 bytes (1 switches on core 0)
2026-04-27 13:18:20.803 7 WARNING neutron.scheduler.dhcp_agent_scheduler [None req-7da4a1b6-1e63-4c54-9ca1-1b79d9eaa6fc a4c66a0abd634a5e9e900e036e63c61e a38b4a01ee584a849812d2773b5d79f0 - - default default] No more DHCP agents
2026-04-27 13:18:20.810 7 WARNING neutron.api.rpc.agentnotifiers.dhcp_rpc_agent_api [None req-7da4a1b6-1e63-4c54-9ca1-1b79d9eaa6fc a4c66a0abd634a5e9e900e036e63c61e a38b4a01ee584a849812d2773b5d79f0 - - default default] Unable to schedule network ebed3f90-89d2-43fb-b191-2bff922f9c38: no agents available; will retry on subsequent port and subnet creation events.
2026-04-27 13:18:20.925 7 INFO neutron.db.ovn_revision_numbers_db [None req-7da4a1b6-1e63-4c54-9ca1-1b79d9eaa6fc a4c66a0abd634a5e9e900e036e63c61e a38b4a01ee584a849812d2773b5d79f0 - - default default] Successfully bumped revision number for resource b1403bbb-2c51-4548-a544-f85c4c5008b6 (type: ports) to 1 [pid: 7|app: 0|req: 955/1908] 10.0.0.51 () {34 vars in 668 bytes} [Mon Apr 27 13:18:19 2026] POST /v2.0/networks => generated 634 bytes in 1051 msecs (HTTP/1.1 201) 4 headers in 162 bytes (1 switches on core 0)
2026-04-27 13:18:21.059 8 INFO neutron.db.segments_db [None req-c88bbe19-e29a-4437-a264-70b758ed1ddd a4c66a0abd634a5e9e900e036e63c61e a38b4a01ee584a849812d2773b5d79f0 - - default default] Added segment 9c670ebf-5fb1-4bf7-bf36-ab5bdf9533d0 of type geneve for network 9b86abd4-19bd-402b-b249-0b0f7959ab6d
2026-04-27 13:18:21.160 8 INFO neutron.db.ovn_revision_numbers_db [None req-c88bbe19-e29a-4437-a264-70b758ed1ddd a4c66a0abd634a5e9e900e036e63c61e a38b4a01ee584a849812d2773b5d79f0 - - default default] Successfully bumped revision number for resource 9b86abd4-19bd-402b-b249-0b0f7959ab6d (type: networks) to 1 [pid: 7|app: 0|req: 956/1909] 10.0.0.51 () {32 vars in 721 bytes} [Mon Apr 27 13:18:21 2026] GET /v2.0/networks/f253da3b-7d45-4ad2-8a80-2f563e84ce84 => generated 655 bytes in 208 msecs (HTTP/1.1 200) 4 headers in 157 bytes (1 switches on core 0)
2026-04-27 13:18:21.331 8 WARNING neutron.scheduler.dhcp_agent_scheduler [None req-c88bbe19-e29a-4437-a264-70b758ed1ddd a4c66a0abd634a5e9e900e036e63c61e a38b4a01ee584a849812d2773b5d79f0 - - default default] No more DHCP agents
2026-04-27 13:18:21.333 8 WARNING neutron.api.rpc.agentnotifiers.dhcp_rpc_agent_api [None req-c88bbe19-e29a-4437-a264-70b758ed1ddd a4c66a0abd634a5e9e900e036e63c61e a38b4a01ee584a849812d2773b5d79f0 - - default default] Unable to schedule network 9b86abd4-19bd-402b-b249-0b0f7959ab6d: no agents available; will retry on subsequent port and subnet creation events. [pid: 7|app: 0|req: 957/1910] 10.0.0.70 () {34 vars in 988 bytes} [Mon Apr 27 13:18:21 2026] GET /v2.0/ports?device_id=3a26c97b-a6b0-4a1f-bf22-22f6558df9bd => generated 12 bytes in 19 msecs (HTTP/1.1 200) 4 headers in 156 bytes (1 switches on core 0)
2026-04-27 13:18:21.442 8 INFO neutron.db.ovn_revision_numbers_db [None req-c88bbe19-e29a-4437-a264-70b758ed1ddd a4c66a0abd634a5e9e900e036e63c61e a38b4a01ee584a849812d2773b5d79f0 - - default default] Successfully bumped revision number for resource de016293-5340-4058-ae68-3bb98e6a67fc (type: ports) to 1 [pid: 8|app: 0|req: 954/1911] 10.0.0.51 () {34 vars in 668 bytes} [Mon Apr 27 13:18:20 2026] POST /v2.0/networks => generated 634 bytes in 496 msecs (HTTP/1.1 201) 4 headers in 162 bytes (1 switches on core 0)
2026-04-27 13:18:21.664 7 WARNING neutron.scheduler.dhcp_agent_scheduler [None req-6114ba6c-8084-4628-80b0-3b55c2d27d92 a4c66a0abd634a5e9e900e036e63c61e a38b4a01ee584a849812d2773b5d79f0 - - default default] No more DHCP agents
2026-04-27 13:18:21.665 7 WARNING neutron.api.rpc.agentnotifiers.dhcp_rpc_agent_api [None req-6114ba6c-8084-4628-80b0-3b55c2d27d92 a4c66a0abd634a5e9e900e036e63c61e a38b4a01ee584a849812d2773b5d79f0 - - default default] Unable to schedule network ebed3f90-89d2-43fb-b191-2bff922f9c38: no agents available; will retry on subsequent port and subnet creation events.
2026-04-27 13:18:21.708 7 INFO neutron.db.ovn_revision_numbers_db [None req-6114ba6c-8084-4628-80b0-3b55c2d27d92 a4c66a0abd634a5e9e900e036e63c61e a38b4a01ee584a849812d2773b5d79f0 - - default default] Successfully bumped revision number for resource 4ca444db-8dcb-45c0-80e8-3f085dfd0a2d (type: subnets) to 0 [pid: 7|app: 0|req: 958/1912] 10.0.0.51 () {34 vars in 667 bytes} [Mon Apr 27 13:18:21 2026] POST /v2.0/subnets => generated 646 bytes in 258 msecs (HTTP/1.1 201) 4 headers in 162 bytes (1 switches on core 0)
2026-04-27 13:18:21.794 8 INFO neutron.pecan_wsgi.hooks.translation [None req-c1654b5e-782c-44dd-b0c8-d9dba77a6662 783283824772432eaf0fb4a1ee19e04a a39748517bb549b8b86cbf0eba474870 - - default default] GET failed (client error): The resource could not be found. [pid: 8|app: 0|req: 955/1913] 10.0.0.51 () {32 vars in 721 bytes} [Mon Apr 27 13:18:21 2026] GET /v2.0/networks/f253da3b-7d45-4ad2-8a80-2f563e84ce84 => generated 138 bytes in 126 msecs (HTTP/1.1 404) 4 headers in 164 bytes (1 switches on core 0)
2026-04-27 13:18:21.934 8 INFO neutron_taas.services.taas.taas_plugin [None req-0989a795-59a3-42dd-baf7-5ca1a28f98d5 07e36f6263354bb6818afb5028e6d82d c7318b96fd8d4707bcd0efd783abe2b3 - - default default] TaaS: Handle Delete Port: 1ec2ab3f-4bf9-41e0-9095-074299c1bbb0
2026-04-27 13:18:21.934 7 WARNING neutron.scheduler.dhcp_agent_scheduler [None req-8086dac2-30bc-4fdf-a3bc-4e4c61635f49 a4c66a0abd634a5e9e900e036e63c61e a38b4a01ee584a849812d2773b5d79f0 - - default default] No more DHCP agents
2026-04-27 13:18:21.936 7 WARNING neutron.api.rpc.agentnotifiers.dhcp_rpc_agent_api [None req-8086dac2-30bc-4fdf-a3bc-4e4c61635f49 a4c66a0abd634a5e9e900e036e63c61e a38b4a01ee584a849812d2773b5d79f0 - - default default] Unable to schedule network 9b86abd4-19bd-402b-b249-0b0f7959ab6d: no agents available; will retry on subsequent port and subnet creation events.
2026-04-27 13:18:21.937 8 INFO neutron_taas.services.taas.tap_mirror_plugin [None req-0989a795-59a3-42dd-baf7-5ca1a28f98d5 07e36f6263354bb6818afb5028e6d82d c7318b96fd8d4707bcd0efd783abe2b3 - - default default] Tap Mirror: Handle Delete Port: 1ec2ab3f-4bf9-41e0-9095-074299c1bbb0
2026-04-27 13:18:21.973 7 INFO neutron.db.ovn_revision_numbers_db [None req-8086dac2-30bc-4fdf-a3bc-4e4c61635f49 a4c66a0abd634a5e9e900e036e63c61e a38b4a01ee584a849812d2773b5d79f0 - - default default] Successfully bumped revision number for resource 840aed29-5198-4504-8b99-7d0dc8f14e74 (type: subnets) to 0 [pid: 7|app: 0|req: 959/1914] 10.0.0.51 () {34 vars in 667 bytes} [Mon Apr 27 13:18:21 2026] POST /v2.0/subnets => generated 655 bytes in 256 msecs (HTTP/1.1 201) 4 headers in 162 bytes (1 switches on core 0)
2026-04-27 13:18:22.114 7 INFO neutron.db.ovn_revision_numbers_db [None req-dca47346-97aa-4b56-82b9-e8ceb2dbcd73 a4c66a0abd634a5e9e900e036e63c61e a38b4a01ee584a849812d2773b5d79f0 - - default default] Successfully bumped revision number for resource 408a3a0e-b923-44eb-9f2a-3cfb4629f990 (type: routers) to 1 [pid: 7|app: 0|req: 960/1915] 10.0.0.51 () {34 vars in 667 bytes} [Mon Apr 27 13:18:21 2026] POST /v2.0/routers => generated 607 bytes in 136 msecs (HTTP/1.1 201) 4 headers in 162 bytes (1 switches on core 0) [pid: 8|app: 0|req: 956/1916] 10.0.0.51 () {32 vars in 724 bytes} [Mon Apr 27 13:18:21 2026] DELETE /v2.0/networks/f253da3b-7d45-4ad2-8a80-2f563e84ce84 => generated 0 bytes in 465 msecs (HTTP/1.1 204) 3 headers in 131 bytes (1 switches on core 0)
2026-04-27 13:18:22.287 8 INFO neutron.pecan_wsgi.hooks.translation [None req-760f5027-f8f7-472f-a812-5e0ec68c9df5 07e36f6263354bb6818afb5028e6d82d c7318b96fd8d4707bcd0efd783abe2b3 - - default default] DELETE failed (client error): The resource could not be found. [pid: 8|app: 0|req: 957/1917] 10.0.0.51 () {32 vars in 722 bytes} [Mon Apr 27 13:18:22 2026] DELETE /v2.0/subnets/d4f1307c-e35b-4483-9eeb-98470d06677a => generated 136 bytes in 15 msecs (HTTP/1.1 404) 4 headers in 164 bytes (1 switches on core 0)
2026-04-27 13:18:22.305 8 INFO neutron.pecan_wsgi.hooks.translation [None req-baa3231a-95ad-4587-9eec-019ada4d2182 07e36f6263354bb6818afb5028e6d82d c7318b96fd8d4707bcd0efd783abe2b3 - - default default] DELETE failed (client error): The resource could not be found. [pid: 8|app: 0|req: 958/1918] 10.0.0.51 () {32 vars in 722 bytes} [Mon Apr 27 13:18:22 2026] DELETE /v2.0/subnets/f904c757-1797-416e-b532-5e883243e070 => generated 136 bytes in 13 msecs (HTTP/1.1 404) 4 headers in 164 bytes (1 switches on core 0)
