2026-04-27 13:17:28.815 7 INFO neutron_taas.services.taas.tap_mirror_plugin [None req-87f94364-0ecc-4275-8925-eb1fe7260777 b3acc531effa4715bdeaf9e9c5bc805a 969a6b4a2870495bb6f2f0cc7394cc54 - - default default] Tap Mirror: Handle Delete Port: 47ef4d08-5567-447a-abf1-f577ee19cc44
2026-04-27 13:17:28.822 8 WARNING neutron.plugins.ml2.drivers.ovn.mech_driver.ovsdb.ovn_client [None req-2c6113eb-a3d8-4490-882b-074575eded9a - - - - - -] No hosting information found for port f8b629e4-d517-4c10-b2a4-c742cffaee17: RuntimeError: No hosting information found for port f8b629e4-d517-4c10-b2a4-c742cffaee17
2026-04-27 13:17:28.823 8 INFO neutron.plugins.ml2.drivers.ovn.mech_driver.mech_driver [None req-2c6113eb-a3d8-4490-882b-074575eded9a - - - - - -] OVN reports status down for port: b87864b1-b4b4-453a-81e6-bc3a5b74984c
2026-04-27 13:17:28.926 8 INFO neutron.db.ovn_revision_numbers_db [None req-2c6113eb-a3d8-4490-882b-074575eded9a - - - - - -] Successfully bumped revision number for resource f8b629e4-d517-4c10-b2a4-c742cffaee17 (type: router_ports) to 2
2026-04-27 13:17:28.965 8 INFO neutron.plugins.ml2.drivers.ovn.mech_driver.mech_driver [None req-2c6113eb-a3d8-4490-882b-074575eded9a - - - - - -] OVN reports status down for port: 2d5fa658-50f4-475f-828a-5006bf5f5e3a [pid: 7|app: 0|req: 733/1449] 10.0.0.51 () {32 vars in 724 bytes} [Mon Apr 27 13:17:28 2026] DELETE /v2.0/networks/4cf297ca-0485-4377-9090-117ee6304eb6 => generated 0 bytes in 333 msecs (HTTP/1.1 204) 3 headers in 131 bytes (1 switches on core 0)
2026-04-27 13:17:29.027 8 WARNING neutron.plugins.ml2.drivers.ovn.mech_driver.ovsdb.ovn_client [None req-2c6113eb-a3d8-4490-882b-074575eded9a - - - - - -] Logical_Switch_Port 2d5fa658-50f4-475f-828a-5006bf5f5e3a host information not removed, the port state is up
2026-04-27 13:17:29.028 8 INFO neutron.plugins.ml2.drivers.ovn.mech_driver.mech_driver [None req-2c6113eb-a3d8-4490-882b-074575eded9a - - - - - -] OVN reports status down for port: 838b6450-d403-487e-b544-df56110c5d7b
2026-04-27 13:17:29.043 8 INFO neutron.plugins.ml2.drivers.ovn.mech_driver.mech_driver [None req-2c6113eb-a3d8-4490-882b-074575eded9a - - - - - -] OVN reports status up for port: 2d5fa658-50f4-475f-828a-5006bf5f5e3a
2026-04-27 13:17:29.063 8 INFO neutron.plugins.ml2.plugin [None req-2c6113eb-a3d8-4490-882b-074575eded9a - - - - - -] Attempt 1 to provision port 2d5fa658-50f4-475f-828a-5006bf5f5e3a
2026-04-27 13:17:29.241 8 INFO neutron_taas.services.taas.taas_plugin [None req-9b8a5079-5a7b-4277-bc30-0c4b432bdaba b3acc531effa4715bdeaf9e9c5bc805a 969a6b4a2870495bb6f2f0cc7394cc54 - - default default] TaaS: Handle Delete Port: cfffed69-82f6-45ff-a5f7-54b8ec755507
2026-04-27 13:17:29.247 8 INFO neutron_taas.services.taas.tap_mirror_plugin [None req-9b8a5079-5a7b-4277-bc30-0c4b432bdaba b3acc531effa4715bdeaf9e9c5bc805a 969a6b4a2870495bb6f2f0cc7394cc54 - - default default] Tap Mirror: Handle Delete Port: cfffed69-82f6-45ff-a5f7-54b8ec755507 [pid: 7|app: 0|req: 734/1450] 10.0.0.51 () {32 vars in 715 bytes} [Mon Apr 27 13:17:29 2026] GET /v2.0/ports/2d5fa658-50f4-475f-828a-5006bf5f5e3a => generated 941 bytes in 44 msecs (HTTP/1.1 200) 4 headers in 157 bytes (1 switches on core 0) [pid: 7|app: 0|req: 735/1451] 10.0.0.70 () {34 vars in 988 bytes} [Mon Apr 27 13:17:29 2026] GET /v2.0/ports?device_id=5eed87d3-f24e-4173-9d40-372a3cca10d7 => generated 12 bytes in 23 msecs (HTTP/1.1 200) 4 headers in 156 bytes (1 switches on core 0) [pid: 8|app: 0|req: 717/1452] 10.0.0.51 () {32 vars in 724 bytes} [Mon Apr 27 13:17:29 2026] DELETE /v2.0/networks/c4b87401-fdfe-4394-8cce-3d0e215ee9d3 => generated 0 bytes in 1061 msecs (HTTP/1.1 204) 3 headers in 131 bytes (1 switches on core 0)
2026-04-27 13:17:30.158 8 INFO neutron.db.ovn_revision_numbers_db [None req-2c6113eb-a3d8-4490-882b-074575eded9a - - - - - -] Successfully bumped revision number for resource 2d5fa658-50f4-475f-828a-5006bf5f5e3a (type: ports) to 2
2026-04-27 13:17:30.305 7 INFO neutron.services.segments.plugin [-] Segment 569cd0f9-a615-4437-bfeb-4816cb6efe43 resource provider aggregate not found
2026-04-27 13:17:30.310 7 INFO neutron.services.segments.plugin [-] Segment 569cd0f9-a615-4437-bfeb-4816cb6efe43 resource provider aggregate not found
2026-04-27 13:17:30.329 7 INFO neutron.services.segments.plugin [-] Segment 569cd0f9-a615-4437-bfeb-4816cb6efe43 resource provider not found; error: Placement Client Error (4xx): {"errors": [{"status": 404, "title": "Not Found", "detail": "The resource could not be found.\n\n No resource provider with uuid 569cd0f9-a615-4437-bfeb-4816cb6efe43 found for delete ", "request_id": "req-620696f3-9f82-456f-a287-c46836f98d05"}]}
2026-04-27 13:17:30.333 7 INFO neutron.services.segments.plugin [-] Segment 569cd0f9-a615-4437-bfeb-4816cb6efe43 resource provider not found; error: Placement Client Error (4xx): {"errors": [{"status": 404, "title": "Not Found", "detail": "The resource could not be found.\n\n No resource provider with uuid 569cd0f9-a615-4437-bfeb-4816cb6efe43 found for delete ", "request_id": "req-0cae2d02-8e8f-4cb4-9e6d-3769ece31473"}]}
2026-04-27 13:17:30.657 8 INFO neutron.services.segments.plugin [-] Segment 365e523e-fe29-4e5b-8820-bf2b764154ba resource provider aggregate not found
2026-04-27 13:17:30.675 8 INFO neutron.services.segments.plugin [-] Segment 365e523e-fe29-4e5b-8820-bf2b764154ba resource provider aggregate not found
2026-04-27 13:17:30.685 8 INFO neutron.services.segments.plugin [-] Segment 365e523e-fe29-4e5b-8820-bf2b764154ba resource provider not found; error: Placement Client Error (4xx): {"errors": [{"status": 404, "title": "Not Found", "detail": "The resource could not be found.\n\n No resource provider with uuid 365e523e-fe29-4e5b-8820-bf2b764154ba found for delete ", "request_id": "req-b5279ba1-935e-4b2e-986f-f750dda7450e"}]}
2026-04-27 13:17:30.692 8 INFO neutron.services.segments.plugin [-] Segment 365e523e-fe29-4e5b-8820-bf2b764154ba resource provider not found; error: Placement Client Error (4xx): {"errors": [{"status": 404, "title": "Not Found", "detail": "The resource could not be found.\n\n No resource provider with uuid 365e523e-fe29-4e5b-8820-bf2b764154ba found for delete ", "request_id": "req-7538aea7-486a-4cf2-a65e-19f72f5a905e"}]} [pid: 8|app: 0|req: 718/1453] 10.0.0.51 () {32 vars in 715 bytes} [Mon Apr 27 13:17:30 2026] GET /v2.0/ports/2d5fa658-50f4-475f-828a-5006bf5f5e3a => generated 943 bytes in 38 msecs (HTTP/1.1 200) 4 headers in 157 bytes (1 switches on core 0) [pid: 7|app: 0|req: 736/1454] 10.0.0.51 () {32 vars in 772 bytes} [Mon Apr 27 13:17:30 2026] GET /v2.0/security-groups?tenant_id=969a6b4a2870495bb6f2f0cc7394cc54&name=default => generated 2925 bytes in 270 msecs (HTTP/1.1 200) 4 headers in 158 bytes (1 switches on core 0) [pid: 7|app: 0|req: 737/1455] 10.0.0.51 () {32 vars in 738 bytes} [Mon Apr 27 13:17:30 2026] DELETE /v2.0/security-groups/32577006-56d4-4143-a602-5db6a899c5ac => generated 0 bytes in 138 msecs (HTTP/1.1 204) 2 headers in 112 bytes (1 switches on core 0)
2026-04-27 13:17:31.085 8 INFO neutron_taas.services.taas.taas_plugin [None req-fb3c5aa8-8493-41b8-938a-0c436d63b864 bbf4685a5f7a4d8d9e0dc4300bad0a05 e9058aa9c51e4560aec71fb6ba4b2aef - - default default] TaaS: Handle Delete Port: 2d5fa658-50f4-475f-828a-5006bf5f5e3a
2026-04-27 13:17:31.088 8 INFO neutron_taas.services.taas.tap_mirror_plugin [None req-fb3c5aa8-8493-41b8-938a-0c436d63b864 bbf4685a5f7a4d8d9e0dc4300bad0a05 e9058aa9c51e4560aec71fb6ba4b2aef - - default default] Tap Mirror: Handle Delete Port: 2d5fa658-50f4-475f-828a-5006bf5f5e3a [pid: 7|app: 0|req: 738/1456] 10.0.0.51 () {32 vars in 738 bytes} [Mon Apr 27 13:17:31 2026] DELETE /v2.0/security-groups/e507299f-f2e5-4626-877d-95b41bad9fea => generated 0 bytes in 254 msecs (HTTP/1.1 204) 2 headers in 112 bytes (1 switches on core 0)
2026-04-27 13:17:31.301 7 INFO neutron.api.v2.resource [None req-3e430524-e1a8-4608-9a24-d01f9a8eec20 42b099c3a69344708dce952f67641cfc cc2d768e1f784716a792670c5396bbef - - default default] show failed (client error): The resource could not be found. [pid: 7|app: 0|req: 739/1457] 10.0.0.51 () {32 vars in 735 bytes} [Mon Apr 27 13:17:31 2026] GET /v2.0/security-groups/32577006-56d4-4143-a602-5db6a899c5ac => generated 146 bytes in 19 msecs (HTTP/1.1 404) 4 headers in 164 bytes (1 switches on core 0)
2026-04-27 13:17:31.423 7 INFO neutron_taas.services.taas.taas_plugin [None req-ac687c88-0e3e-4076-a7f8-72b8c8c33a40 42b099c3a69344708dce952f67641cfc cc2d768e1f784716a792670c5396bbef - - default default] TaaS: Handle Delete Port: 7cc7e777-259a-4d2d-a930-29f378fd39c4
2026-04-27 13:17:31.425 7 INFO neutron_taas.services.taas.tap_mirror_plugin [None req-ac687c88-0e3e-4076-a7f8-72b8c8c33a40 42b099c3a69344708dce952f67641cfc cc2d768e1f784716a792670c5396bbef - - default default] Tap Mirror: Handle Delete Port: 7cc7e777-259a-4d2d-a930-29f378fd39c4 [pid: 8|app: 0|req: 719/1458] 10.0.0.51 () {34 vars in 787 bytes} [Mon Apr 27 13:17:30 2026] PUT /v2.0/routers/905a1b00-b772-48ed-ac53-60a1784a487b/remove_router_interface => generated 309 bytes in 681 msecs (HTTP/1.1 200) 4 headers in 157 bytes (1 switches on core 0) /var/lib/openstack/lib/python3.12/site-packages/pycadf/identifier.py:70: UserWarning: Invalid uuid: neutron. To ensure interoperability, identifiers should be a valid uuid. warnings.warn(('Invalid uuid: %s. To ensure interoperability, ' [pid: 8|app: 0|req: 720/1459] 10.0.0.51 () {32 vars in 715 bytes} [Mon Apr 27 13:17:31 2026] GET /v2.0/ports/f8b629e4-d517-4c10-b2a4-c742cffaee17 => generated 943 bytes in 99 msecs (HTTP/1.1 200) 4 headers in 157 bytes (1 switches on core 0) [pid: 7|app: 0|req: 740/1460] 10.0.0.51 () {32 vars in 730 bytes} [Mon Apr 27 13:17:31 2026] DELETE /v2.0/floatingips/72ca314c-f9a6-4449-8f73-063ba17f4cef => generated 0 bytes in 283 msecs (HTTP/1.1 204) 2 headers in 112 bytes (1 switches on core 0)
2026-04-27 13:17:31.858 8 INFO neutron_taas.services.taas.taas_plugin [None req-0614cd03-10db-4ef6-b74f-2956267f9de2 bbf4685a5f7a4d8d9e0dc4300bad0a05 e9058aa9c51e4560aec71fb6ba4b2aef - - default default] TaaS: Handle Delete Port: f8b629e4-d517-4c10-b2a4-c742cffaee17
2026-04-27 13:17:31.862 8 INFO neutron_taas.services.taas.tap_mirror_plugin [None req-0614cd03-10db-4ef6-b74f-2956267f9de2 bbf4685a5f7a4d8d9e0dc4300bad0a05 e9058aa9c51e4560aec71fb6ba4b2aef - - default default] Tap Mirror: Handle Delete Port: f8b629e4-d517-4c10-b2a4-c742cffaee17
2026-04-27 13:17:31.871 7 INFO neutron_taas.services.taas.taas_plugin [None req-936ba299-b063-4682-acad-367c61f4a2d8 526d08e8617047788127459af31906e6 ff76938bce08474d9ce04a6cbf43863a - - default default] TaaS: Handle Delete Port: 8511db49-a435-4239-9905-6bc61f502a1c
2026-04-27 13:17:31.873 7 INFO neutron_taas.services.taas.tap_mirror_plugin [None req-936ba299-b063-4682-acad-367c61f4a2d8 526d08e8617047788127459af31906e6 ff76938bce08474d9ce04a6cbf43863a - - default default] Tap Mirror: Handle Delete Port: 8511db49-a435-4239-9905-6bc61f502a1c [pid: 8|app: 0|req: 721/1461] 10.0.0.51 () {34 vars in 787 bytes} [Mon Apr 27 13:17:31 2026] PUT /v2.0/routers/905a1b00-b772-48ed-ac53-60a1784a487b/remove_router_interface => generated 309 bytes in 640 msecs (HTTP/1.1 200) 4 headers in 157 bytes (1 switches on core 0) /var/lib/openstack/lib/python3.12/site-packages/pycadf/identifier.py:70: UserWarning: Invalid uuid: neutron. To ensure interoperability, identifiers should be a valid uuid. warnings.warn(('Invalid uuid: %s. To ensure interoperability, ' [pid: 7|app: 0|req: 741/1462] 10.0.0.51 () {34 vars in 787 bytes} [Mon Apr 27 13:17:31 2026] PUT /v2.0/routers/ce0c7b14-fdfe-4fce-a5f0-e4848d66fb21/remove_router_interface => generated 309 bytes in 966 msecs (HTTP/1.1 200) 4 headers in 157 bytes (1 switches on core 0) /var/lib/openstack/lib/python3.12/site-packages/pycadf/identifier.py:70: UserWarning: Invalid uuid: neutron. To ensure interoperability, identifiers should be a valid uuid. warnings.warn(('Invalid uuid: %s. To ensure interoperability, ' [pid: 7|app: 0|req: 742/1463] 10.0.0.51 () {32 vars in 734 bytes} [Mon Apr 27 13:17:32 2026] GET /v2.0/ports?device_id=905a1b00-b772-48ed-ac53-60a1784a487b => generated 12 bytes in 29 msecs (HTTP/1.1 200) 4 headers in 156 bytes (1 switches on core 0)
2026-04-27 13:17:32.629 8 INFO neutron.db.ovn_revision_numbers_db [None req-4f2a7ae2-4757-497c-8634-b41f2b1525f0 1a4ae4dd4b434d65a7855adb8356a6b6 051b56a1785843d68818d360dd93847e - - default default] Successfully bumped revision number for resource 1660cfc5-28a9-451b-af97-eb609b906642 (type: security_groups) to 1
2026-04-27 13:17:32.649 8 INFO neutron.db.ovn_revision_numbers_db [None req-4f2a7ae2-4757-497c-8634-b41f2b1525f0 1a4ae4dd4b434d65a7855adb8356a6b6 051b56a1785843d68818d360dd93847e - - default default] Successfully bumped revision number for resource 1effef36-bbc8-4f6d-b7ae-53c5e38534f7 (type: security_group_rules) to 0
2026-04-27 13:17:32.666 8 INFO neutron.db.ovn_revision_numbers_db [None req-4f2a7ae2-4757-497c-8634-b41f2b1525f0 1a4ae4dd4b434d65a7855adb8356a6b6 051b56a1785843d68818d360dd93847e - - default default] Successfully bumped revision number for resource 56fbe23c-e090-4814-b65c-87c6a971496d (type: security_group_rules) to 0
2026-04-27 13:17:32.680 8 INFO neutron.db.ovn_revision_numbers_db [None req-4f2a7ae2-4757-497c-8634-b41f2b1525f0 1a4ae4dd4b434d65a7855adb8356a6b6 051b56a1785843d68818d360dd93847e - - default default] Successfully bumped revision number for resource b9e4a717-3f2b-4f4e-bfc0-8e3b4a108d9b (type: security_group_rules) to 0
2026-04-27 13:17:32.695 8 INFO neutron.db.ovn_revision_numbers_db [None req-4f2a7ae2-4757-497c-8634-b41f2b1525f0 1a4ae4dd4b434d65a7855adb8356a6b6 051b56a1785843d68818d360dd93847e - - default default] Successfully bumped revision number for resource c37adf49-5fdf-4505-8472-daa2b739617f (type: security_group_rules) to 0
2026-04-27 13:17:32.773 8 INFO neutron.db.segments_db [None req-4f2a7ae2-4757-497c-8634-b41f2b1525f0 1a4ae4dd4b434d65a7855adb8356a6b6 051b56a1785843d68818d360dd93847e - - default default] Added segment 3c9834df-81c5-4332-ae52-9c19d9ae2299 of type geneve for network 058e5c97-a39e-4ed3-ba34-8e2c6c56edce
2026-04-27 13:17:32.881 8 INFO neutron.db.ovn_revision_numbers_db [None req-4f2a7ae2-4757-497c-8634-b41f2b1525f0 1a4ae4dd4b434d65a7855adb8356a6b6 051b56a1785843d68818d360dd93847e - - default default] Successfully bumped revision number for resource 058e5c97-a39e-4ed3-ba34-8e2c6c56edce (type: networks) to 1
2026-04-27 13:17:32.948 7 INFO neutron_taas.services.taas.taas_plugin [None req-0063b3d4-043d-431a-945a-eb30a7f4571b 526d08e8617047788127459af31906e6 ff76938bce08474d9ce04a6cbf43863a - - default default] TaaS: Handle Delete Port: ed12c632-b602-4343-aeda-a86229b61ce1
2026-04-27 13:17:32.951 7 INFO neutron_taas.services.taas.tap_mirror_plugin [None req-0063b3d4-043d-431a-945a-eb30a7f4571b 526d08e8617047788127459af31906e6 ff76938bce08474d9ce04a6cbf43863a - - default default] Tap Mirror: Handle Delete Port: ed12c632-b602-4343-aeda-a86229b61ce1
2026-04-27 13:17:33.032 8 WARNING neutron.scheduler.dhcp_agent_scheduler [None req-4f2a7ae2-4757-497c-8634-b41f2b1525f0 1a4ae4dd4b434d65a7855adb8356a6b6 051b56a1785843d68818d360dd93847e - - default default] No more DHCP agents
2026-04-27 13:17:33.034 8 WARNING neutron.api.rpc.agentnotifiers.dhcp_rpc_agent_api [None req-4f2a7ae2-4757-497c-8634-b41f2b1525f0 1a4ae4dd4b434d65a7855adb8356a6b6 051b56a1785843d68818d360dd93847e - - default default] Unable to schedule network 058e5c97-a39e-4ed3-ba34-8e2c6c56edce: no agents available; will retry on subsequent port and subnet creation events.
2026-04-27 13:17:33.095 7 INFO neutron.plugins.ml2.drivers.ovn.mech_driver.mech_driver [None req-1fca0561-46ff-4509-9424-d94d76771741 - - - - - -] OVN reports status down for port: f20cdc2a-9f01-4ec2-ad8e-e56f78c57cd7
2026-04-27 13:17:33.133 8 INFO neutron.db.ovn_revision_numbers_db [None req-4f2a7ae2-4757-497c-8634-b41f2b1525f0 1a4ae4dd4b434d65a7855adb8356a6b6 051b56a1785843d68818d360dd93847e - - default default] Successfully bumped revision number for resource f20cdc2a-9f01-4ec2-ad8e-e56f78c57cd7 (type: ports) to 1 [pid: 8|app: 0|req: 722/1464] 10.0.0.51 () {34 vars in 668 bytes} [Mon Apr 27 13:17:32 2026] POST /v2.0/networks => generated 631 bytes in 964 msecs (HTTP/1.1 201) 4 headers in 162 bytes (1 switches on core 0) [pid: 7|app: 0|req: 743/1465] 10.0.0.51 () {32 vars in 722 bytes} [Mon Apr 27 13:17:32 2026] DELETE /v2.0/routers/ce0c7b14-fdfe-4fce-a5f0-e4848d66fb21 => generated 0 bytes in 804 msecs (HTTP/1.1 204) 2 headers in 112 bytes (1 switches on core 0) [pid: 8|app: 0|req: 723/1466] 10.0.0.51 () {32 vars in 722 bytes} [Mon Apr 27 13:17:33 2026] DELETE /v2.0/routers/905a1b00-b772-48ed-ac53-60a1784a487b => generated 0 bytes in 226 msecs (HTTP/1.1 204) 2 headers in 112 bytes (1 switches on core 0)
2026-04-27 13:17:33.639 8 WARNING neutron.scheduler.dhcp_agent_scheduler [None req-33a896ef-89d5-4a13-ac5b-9f9e21493abc 1a4ae4dd4b434d65a7855adb8356a6b6 051b56a1785843d68818d360dd93847e - - default default] No more DHCP agents
2026-04-27 13:17:33.641 8 WARNING neutron.api.rpc.agentnotifiers.dhcp_rpc_agent_api [None req-33a896ef-89d5-4a13-ac5b-9f9e21493abc 1a4ae4dd4b434d65a7855adb8356a6b6 051b56a1785843d68818d360dd93847e - - default default] Unable to schedule network 058e5c97-a39e-4ed3-ba34-8e2c6c56edce: no agents available; will retry on subsequent port and subnet creation events.
2026-04-27 13:17:33.654 7 INFO neutron.db.ovn_revision_numbers_db [None req-fba4f5e9-4d89-4836-8dc1-dba6d5a8a8ac eedb1872cac44aceb5f7f4c4898c1ff6 0a275fb9965b4d638370c3d9de6fcda1 - - default default] Successfully bumped revision number for resource be5ec5f1-e060-4c47-b112-12c5444c78b3 (type: security_groups) to 1
2026-04-27 13:17:33.669 7 INFO neutron.db.ovn_revision_numbers_db [None req-fba4f5e9-4d89-4836-8dc1-dba6d5a8a8ac eedb1872cac44aceb5f7f4c4898c1ff6 0a275fb9965b4d638370c3d9de6fcda1 - - default default] Successfully bumped revision number for resource 0f4e3ba9-ef66-4931-abc4-af2573efa565 (type: security_group_rules) to 0
2026-04-27 13:17:33.686 7 INFO neutron.db.ovn_revision_numbers_db [None req-fba4f5e9-4d89-4836-8dc1-dba6d5a8a8ac eedb1872cac44aceb5f7f4c4898c1ff6 0a275fb9965b4d638370c3d9de6fcda1 - - default default] Successfully bumped revision number for resource 3ab86cbb-ab3d-4b45-a2cc-f1414dc295ed (type: security_group_rules) to 0
2026-04-27 13:17:33.708 7 INFO neutron.db.ovn_revision_numbers_db [None req-fba4f5e9-4d89-4836-8dc1-dba6d5a8a8ac eedb1872cac44aceb5f7f4c4898c1ff6 0a275fb9965b4d638370c3d9de6fcda1 - - default default] Successfully bumped revision number for resource 6b780418-4c4f-4d3c-8667-a3222467f18f (type: security_group_rules) to 0
2026-04-27 13:17:33.719 7 INFO neutron.db.ovn_revision_numbers_db [None req-fba4f5e9-4d89-4836-8dc1-dba6d5a8a8ac eedb1872cac44aceb5f7f4c4898c1ff6 0a275fb9965b4d638370c3d9de6fcda1 - - default default] Successfully bumped revision number for resource 902f2c53-356c-47fb-88ce-29aa22c1fb63 (type: security_group_rules) to 0
2026-04-27 13:17:33.749 8 INFO neutron.db.ovn_revision_numbers_db [None req-33a896ef-89d5-4a13-ac5b-9f9e21493abc 1a4ae4dd4b434d65a7855adb8356a6b6 051b56a1785843d68818d360dd93847e - - default default] Successfully bumped revision number for resource 2d916f67-068e-46f1-842c-4cd622d00733 (type: ports) to 1
2026-04-27 13:17:33.796 7 INFO neutron.db.segments_db [None req-fba4f5e9-4d89-4836-8dc1-dba6d5a8a8ac eedb1872cac44aceb5f7f4c4898c1ff6 0a275fb9965b4d638370c3d9de6fcda1 - - default default] Added segment 886c98ba-b5b3-4195-8640-341f8317cfe9 of type geneve for network d2f5cadf-5b0a-43aa-a12d-56c8642b6062 [pid: 8|app: 0|req: 724/1467] 10.0.0.51 () {34 vars in 662 bytes} [Mon Apr 27 13:17:33 2026] POST /v2.0/ports => generated 743 bytes in 399 msecs (HTTP/1.1 201) 4 headers in 162 bytes (1 switches on core 0) /var/lib/openstack/lib/python3.12/site-packages/pycadf/identifier.py:70: UserWarning: Invalid uuid: neutron. To ensure interoperability, identifiers should be a valid uuid. warnings.warn(('Invalid uuid: %s. To ensure interoperability, '
2026-04-27 13:17:33.905 7 INFO neutron.db.ovn_revision_numbers_db [None req-fba4f5e9-4d89-4836-8dc1-dba6d5a8a8ac eedb1872cac44aceb5f7f4c4898c1ff6 0a275fb9965b4d638370c3d9de6fcda1 - - default default] Successfully bumped revision number for resource d2f5cadf-5b0a-43aa-a12d-56c8642b6062 (type: networks) to 1 [pid: 8|app: 0|req: 725/1468] 10.0.0.51 () {32 vars in 722 bytes} [Mon Apr 27 13:17:33 2026] DELETE /v2.0/subnets/4186a2b6-a514-4b41-960f-95c643e8fcc2 => generated 0 bytes in 158 msecs (HTTP/1.1 204) 3 headers in 131 bytes (1 switches on core 0)
2026-04-27 13:17:34.110 7 WARNING neutron.scheduler.dhcp_agent_scheduler [None req-fba4f5e9-4d89-4836-8dc1-dba6d5a8a8ac eedb1872cac44aceb5f7f4c4898c1ff6 0a275fb9965b4d638370c3d9de6fcda1 - - default default] No more DHCP agents
2026-04-27 13:17:34.113 7 WARNING neutron.api.rpc.agentnotifiers.dhcp_rpc_agent_api [None req-fba4f5e9-4d89-4836-8dc1-dba6d5a8a8ac eedb1872cac44aceb5f7f4c4898c1ff6 0a275fb9965b4d638370c3d9de6fcda1 - - default default] Unable to schedule network d2f5cadf-5b0a-43aa-a12d-56c8642b6062: no agents available; will retry on subsequent port and subnet creation events. [pid: 8|app: 0|req: 726/1469] 10.0.0.51 () {32 vars in 722 bytes} [Mon Apr 27 13:17:33 2026] DELETE /v2.0/subnets/0ddaa7fc-a039-4000-bb1f-49f414674db6 => generated 0 bytes in 182 msecs (HTTP/1.1 204) 3 headers in 131 bytes (1 switches on core 0)
2026-04-27 13:17:34.206 7 INFO neutron.db.ovn_revision_numbers_db [None req-fba4f5e9-4d89-4836-8dc1-dba6d5a8a8ac eedb1872cac44aceb5f7f4c4898c1ff6 0a275fb9965b4d638370c3d9de6fcda1 - - default default] Successfully bumped revision number for resource ce1cee84-66e9-4536-bff3-1450ffb16cf8 (type: ports) to 1 [pid: 7|app: 0|req: 744/1470] 10.0.0.51 () {34 vars in 668 bytes} [Mon Apr 27 13:17:33 2026] POST /v2.0/networks => generated 643 bytes in 834 msecs (HTTP/1.1 201) 4 headers in 162 bytes (1 switches on core 0)
2026-04-27 13:17:34.248 8 INFO neutron.db.segments_db [None req-570e19e8-3d93-4d68-b1b0-1ce4b3052e61 1a4ae4dd4b434d65a7855adb8356a6b6 051b56a1785843d68818d360dd93847e - - default default] Added segment 50cabefb-55db-4be4-8417-e1763d911931 of type geneve for network d66eb3dd-1e87-4b5b-bd1b-d3b42b5a8e7e
2026-04-27 13:17:34.385 8 INFO neutron.db.ovn_revision_numbers_db [None req-570e19e8-3d93-4d68-b1b0-1ce4b3052e61 1a4ae4dd4b434d65a7855adb8356a6b6 051b56a1785843d68818d360dd93847e - - default default] Successfully bumped revision number for resource d66eb3dd-1e87-4b5b-bd1b-d3b42b5a8e7e (type: networks) to 1
2026-04-27 13:17:34.385 7 INFO neutron_taas.services.taas.taas_plugin [None req-be70c0f2-3c7a-4ce5-8772-a6eaec0746c6 526d08e8617047788127459af31906e6 ff76938bce08474d9ce04a6cbf43863a - - default default] TaaS: Handle Delete Port: 468f66c6-5ccd-480c-aec0-efde1b03e213
2026-04-27 13:17:34.388 7 INFO neutron_taas.services.taas.tap_mirror_plugin [None req-be70c0f2-3c7a-4ce5-8772-a6eaec0746c6 526d08e8617047788127459af31906e6 ff76938bce08474d9ce04a6cbf43863a - - default default] Tap Mirror: Handle Delete Port: 468f66c6-5ccd-480c-aec0-efde1b03e213
2026-04-27 13:17:34.566 7 INFO neutron.services.segments.plugin [-] Segment c5f5cf1d-c854-4628-aa81-4e73bfb17abb resource provider aggregate not found
2026-04-27 13:17:34.575 7 INFO neutron.services.segments.plugin [-] Segment c5f5cf1d-c854-4628-aa81-4e73bfb17abb resource provider aggregate not found
2026-04-27 13:17:34.578 8 WARNING neutron.scheduler.dhcp_agent_scheduler [None req-570e19e8-3d93-4d68-b1b0-1ce4b3052e61 1a4ae4dd4b434d65a7855adb8356a6b6 051b56a1785843d68818d360dd93847e - - default default] No more DHCP agents
2026-04-27 13:17:34.580 8 WARNING neutron.api.rpc.agentnotifiers.dhcp_rpc_agent_api [None req-570e19e8-3d93-4d68-b1b0-1ce4b3052e61 1a4ae4dd4b434d65a7855adb8356a6b6 051b56a1785843d68818d360dd93847e - - default default] Unable to schedule network d66eb3dd-1e87-4b5b-bd1b-d3b42b5a8e7e: no agents available; will retry on subsequent port and subnet creation events.
2026-04-27 13:17:34.592 7 INFO neutron.services.segments.plugin [-] Segment c5f5cf1d-c854-4628-aa81-4e73bfb17abb resource provider not found; error: Placement Client Error (4xx): {"errors": [{"status": 404, "title": "Not Found", "detail": "The resource could not be found.\n\n No resource provider with uuid c5f5cf1d-c854-4628-aa81-4e73bfb17abb found for delete ", "request_id": "req-f16b339d-558b-4c63-8288-fd5753e5f59b"}]}
2026-04-27 13:17:34.600 7 INFO neutron.services.segments.plugin [-] Segment c5f5cf1d-c854-4628-aa81-4e73bfb17abb resource provider not found; error: Placement Client Error (4xx): {"errors": [{"status": 404, "title": "Not Found", "detail": "The resource could not be found.\n\n No resource provider with uuid c5f5cf1d-c854-4628-aa81-4e73bfb17abb found for delete ", "request_id": "req-a6120c66-a268-435e-acc7-20407afaa831"}]} [pid: 7|app: 0|req: 745/1471] 10.0.0.51 () {32 vars in 724 bytes} [Mon Apr 27 13:17:34 2026] DELETE /v2.0/networks/9d6ff895-5d84-4493-a4dd-29eb457692ac => generated 0 bytes in 388 msecs (HTTP/1.1 204) 3 headers in 131 bytes (1 switches on core 0)
2026-04-27 13:17:34.672 7 INFO neutron.plugins.ml2.drivers.ovn.mech_driver.mech_driver [None req-1fca0561-46ff-4509-9424-d94d76771741 - - - - - -] OVN reports status down for port: ec5b942b-ae22-449d-ac93-bb1b664cfe6f
2026-04-27 13:17:34.686 8 INFO neutron.db.ovn_revision_numbers_db [None req-570e19e8-3d93-4d68-b1b0-1ce4b3052e61 1a4ae4dd4b434d65a7855adb8356a6b6 051b56a1785843d68818d360dd93847e - - default default] Successfully bumped revision number for resource ec5b942b-ae22-449d-ac93-bb1b664cfe6f (type: ports) to 1 [pid: 8|app: 0|req: 727/1472] 10.0.0.51 () {34 vars in 668 bytes} [Mon Apr 27 13:17:34 2026] POST /v2.0/networks => generated 631 bytes in 566 msecs (HTTP/1.1 201) 4 headers in 162 bytes (1 switches on core 0) [pid: 7|app: 0|req: 746/1473] 10.0.0.51 () {32 vars in 722 bytes} [Mon Apr 27 13:17:34 2026] DELETE /v2.0/subnets/dfb148be-94c6-462a-8250-a77c130f438a => generated 0 bytes in 262 msecs (HTTP/1.1 204) 3 headers in 131 bytes (1 switches on core 0)
2026-04-27 13:17:34.902 8 WARNING neutron.scheduler.dhcp_agent_scheduler [None req-7e819e2a-7866-49e4-99c2-438be5e89cc3 eedb1872cac44aceb5f7f4c4898c1ff6 0a275fb9965b4d638370c3d9de6fcda1 - - default default] No more DHCP agents
2026-04-27 13:17:34.903 8 WARNING neutron.api.rpc.agentnotifiers.dhcp_rpc_agent_api [None req-7e819e2a-7866-49e4-99c2-438be5e89cc3 eedb1872cac44aceb5f7f4c4898c1ff6 0a275fb9965b4d638370c3d9de6fcda1 - - default default] Unable to schedule network d2f5cadf-5b0a-43aa-a12d-56c8642b6062: no agents available; will retry on subsequent port and subnet creation events.
2026-04-27 13:17:34.948 8 WARNING neutron.plugins.ml2.drivers.ovn.mech_driver.ovsdb.ovn_client [None req-dbdba89d-204f-4639-8ec2-1a231227875e - - - - - -] No port found with ID 2d5fa658-50f4-475f-828a-5006bf5f5e3a: RuntimeError: No port found with ID 2d5fa658-50f4-475f-828a-5006bf5f5e3a
2026-04-27 13:17:34.949 8 INFO neutron.plugins.ml2.drivers.ovn.mech_driver.mech_driver [None req-dbdba89d-204f-4639-8ec2-1a231227875e - - - - - -] OVN reports status down for port: 7633cd1e-fa58-437a-9144-d65596d675d2
2026-04-27 13:17:34.988 8 INFO neutron.plugins.ml2.drivers.ovn.mech_driver.mech_driver [None req-dbdba89d-204f-4639-8ec2-1a231227875e - - - - - -] OVN reports status down for port: 37139498-d3aa-4cc2-a1d2-f52fef321ada
2026-04-27 13:17:35.019 8 INFO neutron.plugins.ml2.drivers.ovn.mech_driver.mech_driver [None req-dbdba89d-204f-4639-8ec2-1a231227875e - - - - - -] OVN reports status down for port: 2d916f67-068e-46f1-842c-4cd622d00733
2026-04-27 13:17:35.077 7 WARNING neutron.scheduler.dhcp_agent_scheduler [None req-4cadc368-824e-4039-ba28-da45439747a6 1a4ae4dd4b434d65a7855adb8356a6b6 051b56a1785843d68818d360dd93847e - - default default] No more DHCP agents
2026-04-27 13:17:35.078 7 WARNING neutron.api.rpc.agentnotifiers.dhcp_rpc_agent_api [None req-4cadc368-824e-4039-ba28-da45439747a6 1a4ae4dd4b434d65a7855adb8356a6b6 051b56a1785843d68818d360dd93847e - - default default] Unable to schedule network d66eb3dd-1e87-4b5b-bd1b-d3b42b5a8e7e: no agents available; will retry on subsequent port and subnet creation events.
2026-04-27 13:17:35.128 7 INFO neutron.plugins.ml2.drivers.ovn.mech_driver.mech_driver [None req-1fca0561-46ff-4509-9424-d94d76771741 - - - - - -] OVN reports status down for port: 856e49d1-cb48-4e28-8715-7069c9af991a
2026-04-27 13:17:35.158 8 INFO neutron.plugins.ml2.drivers.ovn.mech_driver.mech_driver [None req-dbdba89d-204f-4639-8ec2-1a231227875e - - - - - -] OVN reports status down for port: ce1cee84-66e9-4536-bff3-1450ffb16cf8
2026-04-27 13:17:35.191 7 INFO neutron.db.ovn_revision_numbers_db [None req-4cadc368-824e-4039-ba28-da45439747a6 1a4ae4dd4b434d65a7855adb8356a6b6 051b56a1785843d68818d360dd93847e - - default default] Successfully bumped revision number for resource 856e49d1-cb48-4e28-8715-7069c9af991a (type: ports) to 1 [pid: 7|app: 0|req: 747/1474] 10.0.0.51 () {34 vars in 662 bytes} [Mon Apr 27 13:17:34 2026] POST /v2.0/ports => generated 743 bytes in 402 msecs (HTTP/1.1 201) 4 headers in 162 bytes (1 switches on core 0) /var/lib/openstack/lib/python3.12/site-packages/pycadf/identifier.py:70: UserWarning: Invalid uuid: neutron. To ensure interoperability, identifiers should be a valid uuid. warnings.warn(('Invalid uuid: %s. To ensure interoperability, ' [pid: 7|app: 0|req: 748/1475] 10.0.0.51 () {32 vars in 772 bytes} [Mon Apr 27 13:17:35 2026] GET /v2.0/security-groups?tenant_id=cc2d768e1f784716a792670c5396bbef&name=default => generated 2925 bytes in 32 msecs (HTTP/1.1 200) 4 headers in 158 bytes (1 switches on core 0)
2026-04-27 13:17:35.438 7 INFO neutron_taas.services.taas.taas_plugin [None req-0d3b2208-413b-4819-8557-c4c72b29c72f bbf4685a5f7a4d8d9e0dc4300bad0a05 e9058aa9c51e4560aec71fb6ba4b2aef - - default default] TaaS: Handle Delete Port: f0a31cff-abbd-4d96-9ac9-89eae7eab2fa
2026-04-27 13:17:35.441 7 INFO neutron_taas.services.taas.tap_mirror_plugin [None req-0d3b2208-413b-4819-8557-c4c72b29c72f bbf4685a5f7a4d8d9e0dc4300bad0a05 e9058aa9c51e4560aec71fb6ba4b2aef - - default default] Tap Mirror: Handle Delete Port: f0a31cff-abbd-4d96-9ac9-89eae7eab2fa
2026-04-27 13:17:35.574 8 INFO neutron.db.ovn_revision_numbers_db [None req-3e8d0ed8-97b7-48e5-bcc4-1d723a0c3137 - - - - - -] Successfully bumped revision number for resource ce1cee84-66e9-4536-bff3-1450ffb16cf8 (type: ports) to 2
2026-04-27 13:17:35.610 8 INFO neutron.db.ovn_revision_numbers_db [None req-3e8d0ed8-97b7-48e5-bcc4-1d723a0c3137 - - - - - -] Successfully bumped revision number for resource 0626f67b-9b57-40cf-b663-01f315c6d259 (type: subnets) to 0 [pid: 8|app: 0|req: 728/1476] 10.0.0.51 () {34 vars in 667 bytes} [Mon Apr 27 13:17:34 2026] POST /v2.0/subnets => generated 641 bytes in 922 msecs (HTTP/1.1 201) 4 headers in 162 bytes (1 switches on core 0) [pid: 7|app: 0|req: 749/1477] 10.0.0.51 () {32 vars in 724 bytes} [Mon Apr 27 13:17:35 2026] DELETE /v2.0/networks/2116f3d9-9104-433a-a300-b286ff8aa78d => generated 0 bytes in 386 msecs (HTTP/1.1 204) 3 headers in 131 bytes (1 switches on core 0)
2026-04-27 13:17:35.738 8 INFO neutron.db.segments_db [None req-76a4d13a-ddbf-47e0-ab8d-07d67cd98cf0 1a4ae4dd4b434d65a7855adb8356a6b6 051b56a1785843d68818d360dd93847e - - default default] Added segment 86c4d19b-e6e3-46a4-8a19-f5b581b4f1b5 of type geneve for network d4857334-6e76-4e40-a3b1-2e28041bf146
2026-04-27 13:17:35.864 8 INFO neutron.db.ovn_revision_numbers_db [None req-76a4d13a-ddbf-47e0-ab8d-07d67cd98cf0 1a4ae4dd4b434d65a7855adb8356a6b6 051b56a1785843d68818d360dd93847e - - default default] Successfully bumped revision number for resource d4857334-6e76-4e40-a3b1-2e28041bf146 (type: networks) to 1 [pid: 7|app: 0|req: 750/1478] 10.0.0.51 () {32 vars in 738 bytes} [Mon Apr 27 13:17:35 2026] DELETE /v2.0/security-groups/2a277118-cb98-4d70-87f0-134dfb94ab06 => generated 0 bytes in 238 msecs (HTTP/1.1 204) 2 headers in 112 bytes (1 switches on core 0)
2026-04-27 13:17:36.029 7 INFO neutron.db.segments_db [None req-bb498bdb-6e50-48b1-b169-04260613e35f eedb1872cac44aceb5f7f4c4898c1ff6 0a275fb9965b4d638370c3d9de6fcda1 - - default default] Added segment 8844d010-84a2-4989-8d30-df796cd5f5a3 of type geneve for network 394848ae-a6f0-457a-9bc1-bcdde579c6b8
2026-04-27 13:17:36.051 8 WARNING neutron.scheduler.dhcp_agent_scheduler [None req-76a4d13a-ddbf-47e0-ab8d-07d67cd98cf0 1a4ae4dd4b434d65a7855adb8356a6b6 051b56a1785843d68818d360dd93847e - - default default] No more DHCP agents
2026-04-27 13:17:36.052 8 WARNING neutron.api.rpc.agentnotifiers.dhcp_rpc_agent_api [None req-76a4d13a-ddbf-47e0-ab8d-07d67cd98cf0 1a4ae4dd4b434d65a7855adb8356a6b6 051b56a1785843d68818d360dd93847e - - default default] Unable to schedule network d4857334-6e76-4e40-a3b1-2e28041bf146: no agents available; will retry on subsequent port and subnet creation events.
2026-04-27 13:17:36.123 8 INFO neutron.plugins.ml2.drivers.ovn.mech_driver.mech_driver [None req-dbdba89d-204f-4639-8ec2-1a231227875e - - - - - -] OVN reports status down for port: 4b77b12d-bd9e-4c61-9084-cc537d467997
2026-04-27 13:17:36.193 7 INFO neutron.db.ovn_revision_numbers_db [None req-bb498bdb-6e50-48b1-b169-04260613e35f eedb1872cac44aceb5f7f4c4898c1ff6 0a275fb9965b4d638370c3d9de6fcda1 - - default default] Successfully bumped revision number for resource 394848ae-a6f0-457a-9bc1-bcdde579c6b8 (type: networks) to 1
2026-04-27 13:17:36.204 8 INFO neutron.db.ovn_revision_numbers_db [None req-76a4d13a-ddbf-47e0-ab8d-07d67cd98cf0 1a4ae4dd4b434d65a7855adb8356a6b6 051b56a1785843d68818d360dd93847e - - default default] Successfully bumped revision number for resource 4b77b12d-bd9e-4c61-9084-cc537d467997 (type: ports) to 1 [pid: 8|app: 0|req: 729/1479] 10.0.0.51 () {34 vars in 668 bytes} [Mon Apr 27 13:17:35 2026] POST /v2.0/networks => generated 632 bytes in 651 msecs (HTTP/1.1 201) 4 headers in 162 bytes (1 switches on core 0)
2026-04-27 13:17:36.380 7 WARNING neutron.scheduler.dhcp_agent_scheduler [None req-bb498bdb-6e50-48b1-b169-04260613e35f eedb1872cac44aceb5f7f4c4898c1ff6 0a275fb9965b4d638370c3d9de6fcda1 - - default default] No more DHCP agents
2026-04-27 13:17:36.382 7 WARNING neutron.api.rpc.agentnotifiers.dhcp_rpc_agent_api [None req-bb498bdb-6e50-48b1-b169-04260613e35f eedb1872cac44aceb5f7f4c4898c1ff6 0a275fb9965b4d638370c3d9de6fcda1 - - default default] Unable to schedule network 394848ae-a6f0-457a-9bc1-bcdde579c6b8: no agents available; will retry on subsequent port and subnet creation events.
2026-04-27 13:17:36.405 8 INFO neutron_taas.services.taas.taas_plugin [None req-84d3549a-182a-4607-b21c-f7eed9926ffa bbf4685a5f7a4d8d9e0dc4300bad0a05 e9058aa9c51e4560aec71fb6ba4b2aef - - default default] TaaS: Handle Delete Port: 60388461-53de-4ee0-9356-4064efc4e3a7
2026-04-27 13:17:36.408 8 INFO neutron_taas.services.taas.tap_mirror_plugin [None req-84d3549a-182a-4607-b21c-f7eed9926ffa bbf4685a5f7a4d8d9e0dc4300bad0a05 e9058aa9c51e4560aec71fb6ba4b2aef - - default default] Tap Mirror: Handle Delete Port: 60388461-53de-4ee0-9356-4064efc4e3a7
2026-04-27 13:17:36.435 7 INFO neutron.plugins.ml2.drivers.ovn.mech_driver.mech_driver [None req-1fca0561-46ff-4509-9424-d94d76771741 - - - - - -] OVN reports status down for port: e86e2e1b-f6b5-4972-9448-0b63fce1b2a7
2026-04-27 13:17:36.492 7 INFO neutron.db.ovn_revision_numbers_db [None req-bb498bdb-6e50-48b1-b169-04260613e35f eedb1872cac44aceb5f7f4c4898c1ff6 0a275fb9965b4d638370c3d9de6fcda1 - - default default] Successfully bumped revision number for resource e86e2e1b-f6b5-4972-9448-0b63fce1b2a7 (type: ports) to 1 [pid: 7|app: 0|req: 751/1480] 10.0.0.51 () {34 vars in 668 bytes} [Mon Apr 27 13:17:35 2026] POST /v2.0/networks => generated 644 bytes in 623 msecs (HTTP/1.1 201) 4 headers in 162 bytes (1 switches on core 0)
2026-04-27 13:17:36.611 8 INFO neutron.services.segments.plugin [-] Segment 4d908c50-01a2-4a0d-901a-d7fb3ccbd214 resource provider aggregate not found
2026-04-27 13:17:36.614 8 INFO neutron.services.segments.plugin [-] Segment 4d908c50-01a2-4a0d-901a-d7fb3ccbd214 resource provider aggregate not found
2026-04-27 13:17:36.622 7 INFO neutron.services.segments.plugin [-] Segment 8b17e271-e1e9-4026-b625-fa45c111e40f resource provider aggregate not found
2026-04-27 13:17:36.629 8 INFO neutron.services.segments.plugin [-] Segment 4d908c50-01a2-4a0d-901a-d7fb3ccbd214 resource provider not found; error: Placement Client Error (4xx): {"errors": [{"status": 404, "title": "Not Found", "detail": "The resource could not be found.\n\n No resource provider with uuid 4d908c50-01a2-4a0d-901a-d7fb3ccbd214 found for delete ", "request_id": "req-7e3c5bc3-d823-43f3-83a8-40de8a364a23"}]}
2026-04-27 13:17:36.629 7 INFO neutron.services.segments.plugin [-] Segment 8b17e271-e1e9-4026-b625-fa45c111e40f resource provider aggregate not found
2026-04-27 13:17:36.643 8 INFO neutron.services.segments.plugin [-] Segment 4d908c50-01a2-4a0d-901a-d7fb3ccbd214 resource provider not found; error: Placement Client Error (4xx): {"errors": [{"status": 404, "title": "Not Found", "detail": "The resource could not be found.\n\n No resource provider with uuid 4d908c50-01a2-4a0d-901a-d7fb3ccbd214 found for delete ", "request_id": "req-a451fdbf-7560-41a2-8f9e-00bc1d51733b"}]}
2026-04-27 13:17:36.647 7 INFO neutron.services.segments.plugin [-] Segment 8b17e271-e1e9-4026-b625-fa45c111e40f resource provider not found; error: Placement Client Error (4xx): {"errors": [{"status": 404, "title": "Not Found", "detail": "The resource could not be found.\n\n No resource provider with uuid 8b17e271-e1e9-4026-b625-fa45c111e40f found for delete ", "request_id": "req-dfeea00f-d1c2-4fd0-8a84-4b3870272036"}]}
2026-04-27 13:17:36.649 7 INFO neutron.services.segments.plugin [-] Segment 8b17e271-e1e9-4026-b625-fa45c111e40f resource provider not found; error: Placement Client Error (4xx): {"errors": [{"status": 404, "title": "Not Found", "detail": "The resource could not be found.\n\n No resource provider with uuid 8b17e271-e1e9-4026-b625-fa45c111e40f found for delete ", "request_id": "req-17ef9b82-b3ce-4ee9-b410-6cb0d5d71c6e"}]} [pid: 8|app: 0|req: 730/1481] 10.0.0.51 () {32 vars in 724 bytes} [Mon Apr 27 13:17:36 2026] DELETE /v2.0/networks/7f9aa52d-dc9c-414b-a104-511de9577d22 => generated 0 bytes in 379 msecs (HTTP/1.1 204) 3 headers in 131 bytes (1 switches on core 0)
2026-04-27 13:17:36.789 8 INFO neutron.db.ovn_revision_numbers_db [None req-e118c7c8-e737-4ae3-8c8b-f617b82a7bee eedb1872cac44aceb5f7f4c4898c1ff6 0a275fb9965b4d638370c3d9de6fcda1 - - default default] Successfully bumped revision number for resource 394848ae-a6f0-457a-9bc1-bcdde579c6b8 (type: networks) to 2 [pid: 8|app: 0|req: 731/1482] 10.0.0.51 () {34 vars in 741 bytes} [Mon Apr 27 13:17:36 2026] PUT /v2.0/networks/394848ae-a6f0-457a-9bc1-bcdde579c6b8 => generated 598 bytes in 132 msecs (HTTP/1.1 200) 4 headers in 157 bytes (1 switches on core 0)
2026-04-27 13:17:36.851 7 WARNING neutron.scheduler.dhcp_agent_scheduler [None req-bb129826-a35c-4ebd-8e6e-6621443a3fd7 1a4ae4dd4b434d65a7855adb8356a6b6 051b56a1785843d68818d360dd93847e - - default default] No more DHCP agents
2026-04-27 13:17:36.852 7 WARNING neutron.api.rpc.agentnotifiers.dhcp_rpc_agent_api [None req-bb129826-a35c-4ebd-8e6e-6621443a3fd7 1a4ae4dd4b434d65a7855adb8356a6b6 051b56a1785843d68818d360dd93847e - - default default] Unable to schedule network d4857334-6e76-4e40-a3b1-2e28041bf146: no agents available; will retry on subsequent port and subnet creation events.
2026-04-27 13:17:36.885 8 INFO neutron.db.segments_db [None req-a9aefefd-3d15-42d6-a2d4-c3a40368b4b7 bbf4685a5f7a4d8d9e0dc4300bad0a05 e9058aa9c51e4560aec71fb6ba4b2aef - - default default] Added segment c53c5765-6463-49be-8d19-3c413381e624 of type geneve for network ba733e80-3461-4e1a-9af5-929fa37911c2
2026-04-27 13:17:36.924 8 INFO neutron.plugins.ml2.drivers.ovn.mech_driver.mech_driver [None req-dbdba89d-204f-4639-8ec2-1a231227875e - - - - - -] OVN reports status down for port: b65cb6d5-1e9e-43ff-9f5c-7e58da3a1a1f
2026-04-27 13:17:36.927 7 INFO neutron.db.ovn_revision_numbers_db [None req-bb129826-a35c-4ebd-8e6e-6621443a3fd7 1a4ae4dd4b434d65a7855adb8356a6b6 051b56a1785843d68818d360dd93847e - - default default] Successfully bumped revision number for resource b65cb6d5-1e9e-43ff-9f5c-7e58da3a1a1f (type: ports) to 1 [pid: 7|app: 0|req: 752/1483] 10.0.0.51 () {34 vars in 662 bytes} [Mon Apr 27 13:17:36 2026] POST /v2.0/ports => generated 743 bytes in 407 msecs (HTTP/1.1 201) 4 headers in 162 bytes (1 switches on core 0) /var/lib/openstack/lib/python3.12/site-packages/pycadf/identifier.py:70: UserWarning: Invalid uuid: neutron. To ensure interoperability, identifiers should be a valid uuid. warnings.warn(('Invalid uuid: %s. To ensure interoperability, '
2026-04-27 13:17:37.066 8 INFO neutron.db.ovn_revision_numbers_db [None req-a9aefefd-3d15-42d6-a2d4-c3a40368b4b7 bbf4685a5f7a4d8d9e0dc4300bad0a05 e9058aa9c51e4560aec71fb6ba4b2aef - - default default] Successfully bumped revision number for resource ba733e80-3461-4e1a-9af5-929fa37911c2 (type: networks) to 1
2026-04-27 13:17:37.212 7 WARNING neutron.scheduler.dhcp_agent_scheduler [None req-cbae538c-5bdc-4241-8ad6-7849b21ac874 eedb1872cac44aceb5f7f4c4898c1ff6 0a275fb9965b4d638370c3d9de6fcda1 - - default default] No more DHCP agents
2026-04-27 13:17:37.213 7 WARNING neutron.api.rpc.agentnotifiers.dhcp_rpc_agent_api [None req-cbae538c-5bdc-4241-8ad6-7849b21ac874 eedb1872cac44aceb5f7f4c4898c1ff6 0a275fb9965b4d638370c3d9de6fcda1 - - default default] Unable to schedule network 394848ae-a6f0-457a-9bc1-bcdde579c6b8: no agents available; will retry on subsequent port and subnet creation events.
2026-04-27 13:17:37.265 8 WARNING neutron.scheduler.dhcp_agent_scheduler [None req-a9aefefd-3d15-42d6-a2d4-c3a40368b4b7 bbf4685a5f7a4d8d9e0dc4300bad0a05 e9058aa9c51e4560aec71fb6ba4b2aef - - default default] No more DHCP agents
2026-04-27 13:17:37.267 8 WARNING neutron.api.rpc.agentnotifiers.dhcp_rpc_agent_api [None req-a9aefefd-3d15-42d6-a2d4-c3a40368b4b7 bbf4685a5f7a4d8d9e0dc4300bad0a05 e9058aa9c51e4560aec71fb6ba4b2aef - - default default] Unable to schedule network ba733e80-3461-4e1a-9af5-929fa37911c2: no agents available; will retry on subsequent port and subnet creation events.
2026-04-27 13:17:37.316 8 INFO neutron.plugins.ml2.drivers.ovn.mech_driver.mech_driver [None req-dbdba89d-204f-4639-8ec2-1a231227875e - - - - - -] OVN reports status down for port: 323bbe74-05c2-4376-b99d-2ee32b698362
2026-04-27 13:17:37.369 8 INFO neutron.db.ovn_revision_numbers_db [None req-a9aefefd-3d15-42d6-a2d4-c3a40368b4b7 bbf4685a5f7a4d8d9e0dc4300bad0a05 e9058aa9c51e4560aec71fb6ba4b2aef - - default default] Successfully bumped revision number for resource 323bbe74-05c2-4376-b99d-2ee32b698362 (type: ports) to 1 [pid: 8|app: 0|req: 732/1484] 10.0.0.51 () {34 vars in 668 bytes} [Mon Apr 27 13:17:36 2026] POST /v2.0/networks => generated 630 bytes in 633 msecs (HTTP/1.1 201) 4 headers in 162 bytes (1 switches on core 0)
2026-04-27 13:17:37.512 8 INFO neutron.db.segments_db [None req-9437c61e-f9d4-4171-8271-f32a0b10688a 1a4ae4dd4b434d65a7855adb8356a6b6 051b56a1785843d68818d360dd93847e - - default default] Added segment 50b69bcb-1e1a-4282-b5b0-854c25bed949 of type geneve for network 67b8d404-1b56-40ea-9a92-56405309f25f
2026-04-27 13:17:37.662 8 INFO neutron.db.ovn_revision_numbers_db [None req-9437c61e-f9d4-4171-8271-f32a0b10688a 1a4ae4dd4b434d65a7855adb8356a6b6 051b56a1785843d68818d360dd93847e - - default default] Successfully bumped revision number for resource 67b8d404-1b56-40ea-9a92-56405309f25f (type: networks) to 1
2026-04-27 13:17:37.715 7 INFO neutron.db.ovn_revision_numbers_db [None req-0c86ce4b-0c86-4016-85f0-30b1a20ab238 - - - - - -] Successfully bumped revision number for resource e86e2e1b-f6b5-4972-9448-0b63fce1b2a7 (type: ports) to 2
2026-04-27 13:17:37.749 7 INFO neutron.db.ovn_revision_numbers_db [None req-0c86ce4b-0c86-4016-85f0-30b1a20ab238 - - - - - -] Successfully bumped revision number for resource 24d23d8f-2f3e-423f-ac4e-2ae2fbfbac94 (type: subnets) to 0 [pid: 7|app: 0|req: 753/1485] 10.0.0.51 () {34 vars in 667 bytes} [Mon Apr 27 13:17:36 2026] POST /v2.0/subnets => generated 626 bytes in 794 msecs (HTTP/1.1 201) 4 headers in 162 bytes (1 switches on core 0)
2026-04-27 13:17:37.874 8 WARNING neutron.scheduler.dhcp_agent_scheduler [None req-9437c61e-f9d4-4171-8271-f32a0b10688a 1a4ae4dd4b434d65a7855adb8356a6b6 051b56a1785843d68818d360dd93847e - - default default] No more DHCP agents
2026-04-27 13:17:37.875 8 WARNING neutron.api.rpc.agentnotifiers.dhcp_rpc_agent_api [None req-9437c61e-f9d4-4171-8271-f32a0b10688a 1a4ae4dd4b434d65a7855adb8356a6b6 051b56a1785843d68818d360dd93847e - - default default] Unable to schedule network 67b8d404-1b56-40ea-9a92-56405309f25f: no agents available; will retry on subsequent port and subnet creation events.
2026-04-27 13:17:37.931 8 INFO neutron.plugins.ml2.drivers.ovn.mech_driver.mech_driver [None req-dbdba89d-204f-4639-8ec2-1a231227875e - - - - - -] OVN reports status down for port: 5675f250-dbcd-4da4-a0cd-73e18af45706
2026-04-27 13:17:37.988 7 WARNING neutron.scheduler.dhcp_agent_scheduler [None req-37b749cf-159e-4a37-8ab9-60db7a2dfaa9 bbf4685a5f7a4d8d9e0dc4300bad0a05 e9058aa9c51e4560aec71fb6ba4b2aef - - default default] No more DHCP agents
2026-04-27 13:17:37.990 7 WARNING neutron.api.rpc.agentnotifiers.dhcp_rpc_agent_api [None req-37b749cf-159e-4a37-8ab9-60db7a2dfaa9 bbf4685a5f7a4d8d9e0dc4300bad0a05 e9058aa9c51e4560aec71fb6ba4b2aef - - default default] Unable to schedule network ba733e80-3461-4e1a-9af5-929fa37911c2: no agents available; will retry on subsequent port and subnet creation events.
2026-04-27 13:17:37.992 8 INFO neutron.db.ovn_revision_numbers_db [None req-9437c61e-f9d4-4171-8271-f32a0b10688a 1a4ae4dd4b434d65a7855adb8356a6b6 051b56a1785843d68818d360dd93847e - - default default] Successfully bumped revision number for resource 5675f250-dbcd-4da4-a0cd-73e18af45706 (type: ports) to 1 [pid: 8|app: 0|req: 733/1486] 10.0.0.51 () {34 vars in 668 bytes} [Mon Apr 27 13:17:37 2026] POST /v2.0/networks => generated 631 bytes in 603 msecs (HTTP/1.1 201) 4 headers in 162 bytes (1 switches on core 0)
2026-04-27 13:17:38.297 8 INFO neutron.db.ovn_revision_numbers_db [None req-21f79f51-556f-46de-9c35-429eef7abf2d eedb1872cac44aceb5f7f4c4898c1ff6 0a275fb9965b4d638370c3d9de6fcda1 - - default default] Successfully bumped revision number for resource 24d23d8f-2f3e-423f-ac4e-2ae2fbfbac94 (type: subnets) to 1 [pid: 8|app: 0|req: 734/1487] 10.0.0.51 () {34 vars in 739 bytes} [Mon Apr 27 13:17:38 2026] PUT /v2.0/subnets/24d23d8f-2f3e-423f-ac4e-2ae2fbfbac94 => generated 636 bytes in 270 msecs (HTTP/1.1 200) 4 headers in 157 bytes (1 switches on core 0)
2026-04-27 13:17:38.442 7 INFO neutron.db.ovn_revision_numbers_db [None req-7f0a0d38-b625-49eb-8a7e-ce513f419b0b - - - - - -] Successfully bumped revision number for resource 323bbe74-05c2-4376-b99d-2ee32b698362 (type: ports) to 2
2026-04-27 13:17:38.480 7 INFO neutron.db.ovn_revision_numbers_db [None req-7f0a0d38-b625-49eb-8a7e-ce513f419b0b - - - - - -] Successfully bumped revision number for resource e345e738-82d2-43f5-bbe4-b0bf8c0cf1e8 (type: subnets) to 0 [pid: 7|app: 0|req: 754/1488] 10.0.0.51 () {34 vars in 667 bytes} [Mon Apr 27 13:17:37 2026] POST /v2.0/subnets => generated 626 bytes in 732 msecs (HTTP/1.1 201) 4 headers in 162 bytes (1 switches on core 0)
2026-04-27 13:17:38.562 8 WARNING neutron.scheduler.dhcp_agent_scheduler [None req-bebd49fe-7ae1-4cf0-948c-8301424de997 1a4ae4dd4b434d65a7855adb8356a6b6 051b56a1785843d68818d360dd93847e - - default default] No more DHCP agents
2026-04-27 13:17:38.564 8 WARNING neutron.api.rpc.agentnotifiers.dhcp_rpc_agent_api [None req-bebd49fe-7ae1-4cf0-948c-8301424de997 1a4ae4dd4b434d65a7855adb8356a6b6 051b56a1785843d68818d360dd93847e - - default default] Unable to schedule network 67b8d404-1b56-40ea-9a92-56405309f25f: no agents available; will retry on subsequent port and subnet creation events.
2026-04-27 13:17:38.645 7 INFO neutron.plugins.ml2.drivers.ovn.mech_driver.mech_driver [None req-1fca0561-46ff-4509-9424-d94d76771741 - - - - - -] OVN reports status down for port: a19612c6-1439-4c89-8448-52817d576358
2026-04-27 13:17:38.665 7 INFO neutron_taas.services.taas.taas_plugin [None req-6faa197b-0a28-4657-a552-a6e6dd103741 eedb1872cac44aceb5f7f4c4898c1ff6 0a275fb9965b4d638370c3d9de6fcda1 - - default default] TaaS: Handle Delete Port: e86e2e1b-f6b5-4972-9448-0b63fce1b2a7
2026-04-27 13:17:38.676 7 INFO neutron_taas.services.taas.tap_mirror_plugin [None req-6faa197b-0a28-4657-a552-a6e6dd103741 eedb1872cac44aceb5f7f4c4898c1ff6 0a275fb9965b4d638370c3d9de6fcda1 - - default default] Tap Mirror: Handle Delete Port: e86e2e1b-f6b5-4972-9448-0b63fce1b2a7
2026-04-27 13:17:38.679 8 INFO neutron.db.ovn_revision_numbers_db [None req-bebd49fe-7ae1-4cf0-948c-8301424de997 1a4ae4dd4b434d65a7855adb8356a6b6 051b56a1785843d68818d360dd93847e - - default default] Successfully bumped revision number for resource a19612c6-1439-4c89-8448-52817d576358 (type: ports) to 1 [pid: 8|app: 0|req: 735/1489] 10.0.0.51 () {34 vars in 662 bytes} [Mon Apr 27 13:17:38 2026] POST /v2.0/ports => generated 743 bytes in 428 msecs (HTTP/1.1 201) 4 headers in 162 bytes (1 switches on core 0) /var/lib/openstack/lib/python3.12/site-packages/pycadf/identifier.py:70: UserWarning: Invalid uuid: neutron. To ensure interoperability, identifiers should be a valid uuid. warnings.warn(('Invalid uuid: %s. To ensure interoperability, '
2026-04-27 13:17:38.861 8 INFO neutron.db.ovn_revision_numbers_db [None req-c11917f0-bdaa-426e-a74f-abc955a29d21 bbf4685a5f7a4d8d9e0dc4300bad0a05 e9058aa9c51e4560aec71fb6ba4b2aef - - default default] Successfully bumped revision number for resource afe2d6bb-0806-4bfb-b02d-575933eeb823 (type: routers) to 1 [pid: 8|app: 0|req: 736/1490] 10.0.0.51 () {34 vars in 667 bytes} [Mon Apr 27 13:17:38 2026] POST /v2.0/routers => generated 603 bytes in 153 msecs (HTTP/1.1 201) 4 headers in 162 bytes (1 switches on core 0)
