2026-07-30 21:43:16.357 8 WARNING neutron.api.rpc.agentnotifiers.dhcp_rpc_agent_api [None req-294861c1-7a85-4b62-9c0e-d4612eb59b40 5f0acfef5f164d0d83befa1f410e040d 6ef60304d61e468b8c493168c83a76c0 - - default default] Unable to schedule network 1ab43198-561f-433e-88f2-31899e4fb2a3: no agents available; will retry on subsequent port and subnet creation events.
2026-07-30 21:43:16.379 7 WARNING neutron.scheduler.dhcp_agent_scheduler [None req-065d7590-aada-4256-ae40-35d7c89740b1 1528206af33b408d8a031649ab1fd027 e43a82119db14610bb685b9692b91842 - - default default] No more DHCP agents
2026-07-30 21:43:16.380 7 WARNING neutron.api.rpc.agentnotifiers.dhcp_rpc_agent_api [None req-065d7590-aada-4256-ae40-35d7c89740b1 1528206af33b408d8a031649ab1fd027 e43a82119db14610bb685b9692b91842 - - default default] Unable to schedule network 13a30622-e4ab-47f0-b5ce-5e0db5670625: no agents available; will retry on subsequent port and subnet creation events.
2026-07-30 21:43:16.416 7 INFO neutron.plugins.ml2.drivers.ovn.mech_driver.mech_driver [None req-5a29629b-d3ba-437f-b529-e6ea5a0fcc12 - - - - - -] OVN reports status down for port: 55abec23-1bd3-45bb-abce-1be38cd91ee5
2026-07-30 21:43:16.481 8 INFO neutron.db.ovn_revision_numbers_db [None req-294861c1-7a85-4b62-9c0e-d4612eb59b40 5f0acfef5f164d0d83befa1f410e040d 6ef60304d61e468b8c493168c83a76c0 - - default default] Successfully bumped revision number for resource 55abec23-1bd3-45bb-abce-1be38cd91ee5 (type: ports) to 1 [pid: 8|app: 0|req: 110/295] 10.0.0.214 () {34 vars in 670 bytes} [Thu Jul 30 21:43:15 2026] POST /v2.0/networks => generated 666 bytes in 649 msecs (HTTP/1.1 201) 4 headers in 162 bytes (1 switches on core 0)
2026-07-30 21:43:16.579 8 INFO neutron.plugins.ml2.drivers.ovn.mech_driver.mech_driver [None req-6d68c80c-098b-4549-b2af-c9e380f7905d - - - - - -] OVN reports status down for port: 0d423fb2-4b86-4686-99fd-cf088368a3f7
2026-07-30 21:43:16.682 7 INFO neutron.db.ovn_revision_numbers_db [None req-065d7590-aada-4256-ae40-35d7c89740b1 1528206af33b408d8a031649ab1fd027 e43a82119db14610bb685b9692b91842 - - default default] Successfully bumped revision number for resource 0d423fb2-4b86-4686-99fd-cf088368a3f7 (type: ports) to 1 [pid: 7|app: 0|req: 186/296] 10.0.0.214 () {34 vars in 665 bytes} [Thu Jul 30 21:43:16 2026] POST /v2.0/ports => generated 950 bytes in 708 msecs (HTTP/1.1 201) 4 headers in 162 bytes (1 switches on core 0) /var/lib/openstack/lib/python3.12/site-packages/pycadf/identifier.py:70: UserWarning: Invalid uuid: neutron. To ensure interoperability, identifiers should be a valid uuid. warnings.warn(('Invalid uuid: %s. To ensure interoperability, '
2026-07-30 21:43:16.859 7 INFO neutron_taas.services.taas.taas_plugin [None req-1547ebed-60f2-4fa3-aa34-9058bd507340 8bfca3fe488645f98ba8d21b2831fa50 075403da81e5493f863a2d0a00c993ca - - default default] TaaS: Handle Delete Port: 89e22d8e-3975-4163-9c22-88af84662440
2026-07-30 21:43:16.863 7 INFO neutron_taas.services.taas.tap_mirror_plugin [None req-1547ebed-60f2-4fa3-aa34-9058bd507340 8bfca3fe488645f98ba8d21b2831fa50 075403da81e5493f863a2d0a00c993ca - - default default] Tap Mirror: Handle Delete Port: 89e22d8e-3975-4163-9c22-88af84662440
2026-07-30 21:43:16.945 8 INFO neutron.db.ovn_revision_numbers_db [None req-5ad00130-0553-4403-9a81-b6658c3dd751 97858edab0274d66849e6bcd65579b85 db606a52404e4d56958576d9c2c8e014 - - default default] Successfully bumped revision number for resource 8a655cdd-81c1-4594-b0ed-0b34c09b8cc1 (type: security_groups) to 1
2026-07-30 21:43:17.006 8 INFO neutron.db.ovn_revision_numbers_db [None req-5ad00130-0553-4403-9a81-b6658c3dd751 97858edab0274d66849e6bcd65579b85 db606a52404e4d56958576d9c2c8e014 - - default default] Successfully bumped revision number for resource 6812fe53-8a12-4f18-8b95-93bd28a63686 (type: security_group_rules) to 0
2026-07-30 21:43:17.049 8 INFO neutron.db.ovn_revision_numbers_db [None req-5ad00130-0553-4403-9a81-b6658c3dd751 97858edab0274d66849e6bcd65579b85 db606a52404e4d56958576d9c2c8e014 - - default default] Successfully bumped revision number for resource 85ad7b26-1041-43cc-8b24-54cce481babe (type: security_group_rules) to 0
2026-07-30 21:43:17.085 8 INFO neutron.db.ovn_revision_numbers_db [None req-5ad00130-0553-4403-9a81-b6658c3dd751 97858edab0274d66849e6bcd65579b85 db606a52404e4d56958576d9c2c8e014 - - default default] Successfully bumped revision number for resource c2aa3777-3a67-4b14-83c9-7f59b214c2d8 (type: security_group_rules) to 0
2026-07-30 21:43:17.113 7 INFO neutron.services.segments.plugin [-] Segment 8f47fc22-292c-424f-86b0-005fde11fdc3 resource provider aggregate not found
2026-07-30 21:43:17.120 7 INFO neutron.services.segments.plugin [-] Segment 8f47fc22-292c-424f-86b0-005fde11fdc3 resource provider aggregate not found
2026-07-30 21:43:17.132 8 INFO neutron.db.ovn_revision_numbers_db [None req-5ad00130-0553-4403-9a81-b6658c3dd751 97858edab0274d66849e6bcd65579b85 db606a52404e4d56958576d9c2c8e014 - - default default] Successfully bumped revision number for resource ca163ca8-0a71-44b3-b078-5b962e7d6910 (type: security_group_rules) to 0
2026-07-30 21:43:17.136 7 INFO neutron.services.segments.plugin [-] Segment 8f47fc22-292c-424f-86b0-005fde11fdc3 resource provider not found; error: Placement Client Error (4xx): {"errors": [{"status": 404, "title": "Not Found", "detail": "The resource could not be found.\n\n No resource provider with uuid 8f47fc22-292c-424f-86b0-005fde11fdc3 found for delete ", "request_id": "req-fb52d816-3aa6-4ede-b1dd-1394d999a274"}]}
2026-07-30 21:43:17.141 7 INFO neutron.services.segments.plugin [-] Segment 8f47fc22-292c-424f-86b0-005fde11fdc3 resource provider not found; error: Placement Client Error (4xx): {"errors": [{"status": 404, "title": "Not Found", "detail": "The resource could not be found.\n\n No resource provider with uuid 8f47fc22-292c-424f-86b0-005fde11fdc3 found for delete ", "request_id": "req-ca9afec3-9cdd-46c6-b0d2-9572f54bc51b"}]} [pid: 7|app: 0|req: 187/297] 10.0.0.214 () {32 vars in 726 bytes} [Thu Jul 30 21:43:16 2026] DELETE /v2.0/networks/c6bc40cb-4a2c-4a5c-a8d0-1491b84446ca => generated 0 bytes in 457 msecs (HTTP/1.1 204) 3 headers in 131 bytes (1 switches on core 0)
2026-07-30 21:43:17.327 8 INFO neutron.db.ovn_revision_numbers_db [None req-5ad00130-0553-4403-9a81-b6658c3dd751 97858edab0274d66849e6bcd65579b85 db606a52404e4d56958576d9c2c8e014 - - default default] Successfully bumped revision number for resource cc781f41-75e3-4ca8-b1d4-1cecd7b09037 (type: security_groups) to 1
2026-07-30 21:43:17.372 8 INFO neutron.db.ovn_revision_numbers_db [None req-5ad00130-0553-4403-9a81-b6658c3dd751 97858edab0274d66849e6bcd65579b85 db606a52404e4d56958576d9c2c8e014 - - default default] Successfully bumped revision number for resource 3fff9052-72a9-4605-aa28-4bc95ca71a3b (type: security_group_rules) to 0
2026-07-30 21:43:17.410 7 INFO neutron.db.ovn_revision_numbers_db [None req-b33c8600-ac62-40c9-9183-620ceeb3e4f9 5f0acfef5f164d0d83befa1f410e040d 6ef60304d61e468b8c493168c83a76c0 - - default default] Successfully bumped revision number for resource 1ab43198-561f-433e-88f2-31899e4fb2a3 (type: networks) to 2 [pid: 7|app: 0|req: 188/298] 10.0.0.214 () {34 vars in 743 bytes} [Thu Jul 30 21:43:17 2026] PUT /v2.0/networks/1ab43198-561f-433e-88f2-31899e4fb2a3 => generated 636 bytes in 212 msecs (HTTP/1.1 200) 4 headers in 157 bytes (1 switches on core 0)
2026-07-30 21:43:17.455 8 INFO neutron.db.ovn_revision_numbers_db [None req-5ad00130-0553-4403-9a81-b6658c3dd751 97858edab0274d66849e6bcd65579b85 db606a52404e4d56958576d9c2c8e014 - - default default] Successfully bumped revision number for resource 908238c5-bbd7-489f-a595-78257e5f160e (type: security_group_rules) to 0
2026-07-30 21:43:17.553 7 INFO neutron_taas.services.taas.taas_plugin [None req-9925069d-ae2b-45c5-839a-39d51beab199 1528206af33b408d8a031649ab1fd027 e43a82119db14610bb685b9692b91842 - - default default] TaaS: Handle Delete Port: 0d423fb2-4b86-4686-99fd-cf088368a3f7
2026-07-30 21:43:17.556 7 INFO neutron_taas.services.taas.tap_mirror_plugin [None req-9925069d-ae2b-45c5-839a-39d51beab199 1528206af33b408d8a031649ab1fd027 e43a82119db14610bb685b9692b91842 - - default default] Tap Mirror: Handle Delete Port: 0d423fb2-4b86-4686-99fd-cf088368a3f7 [pid: 8|app: 0|req: 111/299] 10.0.0.214 () {34 vars in 684 bytes} [Thu Jul 30 21:43:16 2026] POST /v2.0/security-groups => generated 1623 bytes in 1021 msecs (HTTP/1.1 201) 4 headers in 163 bytes (1 switches on core 0)
2026-07-30 21:43:17.656 8 INFO neutron_taas.services.taas.taas_plugin [None req-037d6d04-e0b6-468b-80f4-916c9ea3385a 8bfca3fe488645f98ba8d21b2831fa50 075403da81e5493f863a2d0a00c993ca - - default default] TaaS: Handle Delete Port: 4349fb47-6430-4bdd-b386-9f0cabe6641f
2026-07-30 21:43:17.658 8 INFO neutron_taas.services.taas.tap_mirror_plugin [None req-037d6d04-e0b6-468b-80f4-916c9ea3385a 8bfca3fe488645f98ba8d21b2831fa50 075403da81e5493f863a2d0a00c993ca - - default default] Tap Mirror: Handle Delete Port: 4349fb47-6430-4bdd-b386-9f0cabe6641f [pid: 7|app: 0|req: 189/300] 10.0.0.214 () {32 vars in 720 bytes} [Thu Jul 30 21:43:17 2026] DELETE /v2.0/ports/0d423fb2-4b86-4686-99fd-cf088368a3f7 => generated 0 bytes in 405 msecs (HTTP/1.1 204) 3 headers in 131 bytes (1 switches on core 0)
2026-07-30 21:43:17.884 8 INFO neutron.services.segments.plugin [-] Segment 573a77b6-0781-42dd-a174-016c9b43d982 resource provider aggregate not found
2026-07-30 21:43:17.885 8 INFO neutron.services.segments.plugin [-] Segment 573a77b6-0781-42dd-a174-016c9b43d982 resource provider aggregate not found
2026-07-30 21:43:17.906 8 INFO neutron.services.segments.plugin [-] Segment 573a77b6-0781-42dd-a174-016c9b43d982 resource provider not found; error: Placement Client Error (4xx): {"errors": [{"status": 404, "title": "Not Found", "detail": "The resource could not be found.\n\n No resource provider with uuid 573a77b6-0781-42dd-a174-016c9b43d982 found for delete ", "request_id": "req-2d9278c7-03b8-4373-a22d-f80ad865493b"}]}
2026-07-30 21:43:17.908 8 INFO neutron.services.segments.plugin [-] Segment 573a77b6-0781-42dd-a174-016c9b43d982 resource provider not found; error: Placement Client Error (4xx): {"errors": [{"status": 404, "title": "Not Found", "detail": "The resource could not be found.\n\n No resource provider with uuid 573a77b6-0781-42dd-a174-016c9b43d982 found for delete ", "request_id": "req-2d5e6566-602c-4279-afb0-d1c7f83d4851"}]} [pid: 8|app: 0|req: 112/301] 10.0.0.214 () {32 vars in 726 bytes} [Thu Jul 30 21:43:17 2026] DELETE /v2.0/networks/1269632c-02c4-4a5a-8a21-e2e03766acce => generated 0 bytes in 420 msecs (HTTP/1.1 204) 3 headers in 131 bytes (1 switches on core 0) [pid: 8|app: 0|req: 113/302] 10.0.0.214 () {32 vars in 663 bytes} [Thu Jul 30 21:43:17 2026] GET /v2.0/security-groups => generated 4528 bytes in 37 msecs (HTTP/1.1 200) 4 headers in 158 bytes (1 switches on core 0)
2026-07-30 21:43:18.025 8 INFO neutron.pecan_wsgi.hooks.translation [None req-355d9e66-6b2d-429a-83fd-ddc6fed2a6a8 1528206af33b408d8a031649ab1fd027 e43a82119db14610bb685b9692b91842 - - default default] DELETE failed (client error): The resource could not be found. [pid: 8|app: 0|req: 114/303] 10.0.0.214 () {32 vars in 720 bytes} [Thu Jul 30 21:43:18 2026] DELETE /v2.0/ports/0d423fb2-4b86-4686-99fd-cf088368a3f7 => generated 132 bytes in 13 msecs (HTTP/1.1 404) 4 headers in 164 bytes (1 switches on core 0)
2026-07-30 21:43:18.056 7 WARNING neutron.scheduler.dhcp_agent_scheduler [None req-ee3cb218-d1bb-4cd1-8f77-671ac0b2650a 5f0acfef5f164d0d83befa1f410e040d 6ef60304d61e468b8c493168c83a76c0 - - default default] No more DHCP agents
2026-07-30 21:43:18.057 7 WARNING neutron.api.rpc.agentnotifiers.dhcp_rpc_agent_api [None req-ee3cb218-d1bb-4cd1-8f77-671ac0b2650a 5f0acfef5f164d0d83befa1f410e040d 6ef60304d61e468b8c493168c83a76c0 - - default default] Unable to schedule network 1ab43198-561f-433e-88f2-31899e4fb2a3: no agents available; will retry on subsequent port and subnet creation events. [pid: 8|app: 0|req: 115/304] 10.0.0.214 () {32 vars in 649 bytes} [Thu Jul 30 21:43:18 2026] GET /v2.0/networks => generated 689 bytes in 36 msecs (HTTP/1.1 200) 4 headers in 157 bytes (1 switches on core 0)
2026-07-30 21:43:18.114 7 INFO neutron.db.ovn_revision_numbers_db [None req-ee3cb218-d1bb-4cd1-8f77-671ac0b2650a 5f0acfef5f164d0d83befa1f410e040d 6ef60304d61e468b8c493168c83a76c0 - - default default] Successfully bumped revision number for resource c4005003-ac17-489c-84c8-a38e9fba2eb7 (type: subnets) to 0 [pid: 7|app: 0|req: 190/305] 10.0.0.214 () {34 vars in 669 bytes} [Thu Jul 30 21:43:17 2026] POST /v2.0/subnets => generated 646 bytes in 338 msecs (HTTP/1.1 201) 4 headers in 162 bytes (1 switches on core 0)
2026-07-30 21:43:18.179 7 INFO neutron.pecan_wsgi.hooks.translation [None req-29420daf-b2da-4cae-8102-fb4923d03c38 1528206af33b408d8a031649ab1fd027 e43a82119db14610bb685b9692b91842 - - default default] GET failed (client error): The resource could not be found. [pid: 7|app: 0|req: 191/306] 10.0.0.214 () {32 vars in 717 bytes} [Thu Jul 30 21:43:18 2026] GET /v2.0/ports/0d423fb2-4b86-4686-99fd-cf088368a3f7 => generated 132 bytes in 15 msecs (HTTP/1.1 404) 4 headers in 164 bytes (1 switches on core 0)
2026-07-30 21:43:18.180 8 INFO neutron.db.ovn_revision_numbers_db [None req-62ae1115-8fc6-43f9-8c00-ddbdfa142964 97858edab0274d66849e6bcd65579b85 db606a52404e4d56958576d9c2c8e014 - - default default] Successfully bumped revision number for resource cc781f41-75e3-4ca8-b1d4-1cecd7b09037 (type: security_groups) to 2 [pid: 8|app: 0|req: 116/307] 10.0.0.214 () {34 vars in 758 bytes} [Thu Jul 30 21:43:18 2026] PUT /v2.0/security-groups/cc781f41-75e3-4ca8-b1d4-1cecd7b09037 => generated 1663 bytes in 140 msecs (HTTP/1.1 200) 4 headers in 158 bytes (1 switches on core 0)
2026-07-30 21:43:18.282 7 INFO neutron.db.segments_db [None req-fe01be90-e71a-41aa-a468-457f98bce85f 8bfca3fe488645f98ba8d21b2831fa50 075403da81e5493f863a2d0a00c993ca - - default default] Added segment 490442cc-0d42-4604-9d4a-2d4496527fc6 of type geneve for network b017071d-e587-4db9-9064-81e4cef24535
2026-07-30 21:43:18.448 7 INFO neutron.db.ovn_revision_numbers_db [None req-fe01be90-e71a-41aa-a468-457f98bce85f 8bfca3fe488645f98ba8d21b2831fa50 075403da81e5493f863a2d0a00c993ca - - default default] Successfully bumped revision number for resource b017071d-e587-4db9-9064-81e4cef24535 (type: networks) to 1
2026-07-30 21:43:18.625 7 WARNING neutron.scheduler.dhcp_agent_scheduler [None req-fe01be90-e71a-41aa-a468-457f98bce85f 8bfca3fe488645f98ba8d21b2831fa50 075403da81e5493f863a2d0a00c993ca - - default default] No more DHCP agents
2026-07-30 21:43:18.626 7 WARNING neutron.api.rpc.agentnotifiers.dhcp_rpc_agent_api [None req-fe01be90-e71a-41aa-a468-457f98bce85f 8bfca3fe488645f98ba8d21b2831fa50 075403da81e5493f863a2d0a00c993ca - - default default] Unable to schedule network b017071d-e587-4db9-9064-81e4cef24535: no agents available; will retry on subsequent port and subnet creation events.
2026-07-30 21:43:18.713 8 INFO neutron.plugins.ml2.drivers.ovn.mech_driver.mech_driver [None req-6d68c80c-098b-4549-b2af-c9e380f7905d - - - - - -] OVN reports status down for port: 6be2c196-9ae9-4ea7-bff3-1ae9cc128724
2026-07-30 21:43:18.725 7 INFO neutron.db.ovn_revision_numbers_db [None req-fe01be90-e71a-41aa-a468-457f98bce85f 8bfca3fe488645f98ba8d21b2831fa50 075403da81e5493f863a2d0a00c993ca - - default default] Successfully bumped revision number for resource 6be2c196-9ae9-4ea7-bff3-1ae9cc128724 (type: ports) to 1 [pid: 7|app: 0|req: 192/308] 10.0.0.214 () {34 vars in 670 bytes} [Thu Jul 30 21:43:18 2026] POST /v2.0/networks => generated 669 bytes in 590 msecs (HTTP/1.1 201) 4 headers in 162 bytes (1 switches on core 0)
2026-07-30 21:43:18.919 8 INFO neutron.db.ovn_revision_numbers_db [None req-850d383d-9cd5-4386-b8f6-67faf0f31805 - - - - - -] Successfully bumped revision number for resource 55abec23-1bd3-45bb-abce-1be38cd91ee5 (type: ports) to 2
2026-07-30 21:43:18.983 8 INFO neutron.db.ovn_revision_numbers_db [None req-850d383d-9cd5-4386-b8f6-67faf0f31805 - - - - - -] Successfully bumped revision number for resource c4005003-ac17-489c-84c8-a38e9fba2eb7 (type: subnets) to 1 [pid: 8|app: 0|req: 117/309] 10.0.0.214 () {34 vars in 741 bytes} [Thu Jul 30 21:43:18 2026] PUT /v2.0/subnets/c4005003-ac17-489c-84c8-a38e9fba2eb7 => generated 656 bytes in 785 msecs (HTTP/1.1 200) 4 headers in 157 bytes (1 switches on core 0) [pid: 8|app: 0|req: 118/310] 10.0.0.214 () {32 vars in 737 bytes} [Thu Jul 30 21:43:18 2026] GET /v2.0/security-groups/cc781f41-75e3-4ca8-b1d4-1cecd7b09037 => generated 1663 bytes in 22 msecs (HTTP/1.1 200) 4 headers in 158 bytes (1 switches on core 0) [pid: 7|app: 0|req: 193/311] 10.0.0.214 () {32 vars in 724 bytes} [Thu Jul 30 21:43:18 2026] DELETE /v2.0/subnets/37cd1817-03c9-4510-8b21-c529fc8217ee => generated 0 bytes in 275 msecs (HTTP/1.1 204) 3 headers in 131 bytes (1 switches on core 0)
2026-07-30 21:43:19.124 8 INFO neutron.db.segments_db [None req-6dff7010-d92a-4e91-8e90-d6cbbf19b6de 8bfca3fe488645f98ba8d21b2831fa50 075403da81e5493f863a2d0a00c993ca - - default default] Added segment bab14375-5896-4917-8108-e92c30d3f417 of type geneve for network 2f82190a-5184-499e-a11c-0e29aa29787e
2026-07-30 21:43:19.160 7 INFO neutron_taas.services.taas.taas_plugin [None req-c5e41269-1fa9-48e4-9016-0c52419925b5 5f0acfef5f164d0d83befa1f410e040d 6ef60304d61e468b8c493168c83a76c0 - - default default] TaaS: Handle Delete Port: 55abec23-1bd3-45bb-abce-1be38cd91ee5
2026-07-30 21:43:19.163 7 INFO neutron_taas.services.taas.tap_mirror_plugin [None req-c5e41269-1fa9-48e4-9016-0c52419925b5 5f0acfef5f164d0d83befa1f410e040d 6ef60304d61e468b8c493168c83a76c0 - - default default] Tap Mirror: Handle Delete Port: 55abec23-1bd3-45bb-abce-1be38cd91ee5
2026-07-30 21:43:19.282 8 INFO neutron.db.ovn_revision_numbers_db [None req-6dff7010-d92a-4e91-8e90-d6cbbf19b6de 8bfca3fe488645f98ba8d21b2831fa50 075403da81e5493f863a2d0a00c993ca - - default default] Successfully bumped revision number for resource 2f82190a-5184-499e-a11c-0e29aa29787e (type: networks) to 1
2026-07-30 21:43:19.537 8 WARNING neutron.scheduler.dhcp_agent_scheduler [None req-6dff7010-d92a-4e91-8e90-d6cbbf19b6de 8bfca3fe488645f98ba8d21b2831fa50 075403da81e5493f863a2d0a00c993ca - - default default] No more DHCP agents
2026-07-30 21:43:19.539 8 WARNING neutron.api.rpc.agentnotifiers.dhcp_rpc_agent_api [None req-6dff7010-d92a-4e91-8e90-d6cbbf19b6de 8bfca3fe488645f98ba8d21b2831fa50 075403da81e5493f863a2d0a00c993ca - - default default] Unable to schedule network 2f82190a-5184-499e-a11c-0e29aa29787e: no agents available; will retry on subsequent port and subnet creation events.
2026-07-30 21:43:19.600 7 INFO neutron.plugins.ml2.drivers.ovn.mech_driver.mech_driver [None req-5a29629b-d3ba-437f-b529-e6ea5a0fcc12 - - - - - -] OVN reports status down for port: cafa25ca-6ce6-44b1-9287-7fc8795cc2ed
2026-07-30 21:43:19.642 8 INFO neutron.db.ovn_revision_numbers_db [None req-6dff7010-d92a-4e91-8e90-d6cbbf19b6de 8bfca3fe488645f98ba8d21b2831fa50 075403da81e5493f863a2d0a00c993ca - - default default] Successfully bumped revision number for resource cafa25ca-6ce6-44b1-9287-7fc8795cc2ed (type: ports) to 1 [pid: 8|app: 0|req: 119/312] 10.0.0.214 () {34 vars in 670 bytes} [Thu Jul 30 21:43:19 2026] POST /v2.0/networks => generated 669 bytes in 702 msecs (HTTP/1.1 201) 4 headers in 162 bytes (1 switches on core 0)
2026-07-30 21:43:19.716 7 INFO neutron.services.segments.plugin [-] Segment a627d91c-2476-4f71-9810-4bb942eb18c8 resource provider aggregate not found
2026-07-30 21:43:19.718 7 INFO neutron.services.segments.plugin [-] Segment a627d91c-2476-4f71-9810-4bb942eb18c8 resource provider aggregate not found
2026-07-30 21:43:19.728 7 INFO neutron.services.segments.plugin [-] Segment a627d91c-2476-4f71-9810-4bb942eb18c8 resource provider not found; error: Placement Client Error (4xx): {"errors": [{"status": 404, "title": "Not Found", "detail": "The resource could not be found.\n\n No resource provider with uuid a627d91c-2476-4f71-9810-4bb942eb18c8 found for delete ", "request_id": "req-7eac4a8c-be59-4b38-92b2-28b5fe0d9f0d"}]}
2026-07-30 21:43:19.740 7 INFO neutron.services.segments.plugin [-] Segment a627d91c-2476-4f71-9810-4bb942eb18c8 resource provider not found; error: Placement Client Error (4xx): {"errors": [{"status": 404, "title": "Not Found", "detail": "The resource could not be found.\n\n No resource provider with uuid a627d91c-2476-4f71-9810-4bb942eb18c8 found for delete ", "request_id": "req-f067f383-eec6-4584-9582-6dc02cf761b6"}]} [pid: 7|app: 0|req: 194/313] 10.0.0.214 () {32 vars in 726 bytes} [Thu Jul 30 21:43:19 2026] DELETE /v2.0/networks/1ab43198-561f-433e-88f2-31899e4fb2a3 => generated 0 bytes in 818 msecs (HTTP/1.1 204) 3 headers in 131 bytes (1 switches on core 0) [pid: 8|app: 0|req: 120/314] 10.0.0.214 () {32 vars in 740 bytes} [Thu Jul 30 21:43:19 2026] DELETE /v2.0/security-groups/cc781f41-75e3-4ca8-b1d4-1cecd7b09037 => generated 0 bytes in 213 msecs (HTTP/1.1 204) 2 headers in 112 bytes (1 switches on core 0)
2026-07-30 21:43:19.970 7 INFO neutron_taas.services.taas.taas_plugin [None req-9b72f142-7085-46a8-8490-708a1f39a840 1528206af33b408d8a031649ab1fd027 e43a82119db14610bb685b9692b91842 - - default default] TaaS: Handle Delete Port: 377e2f89-3420-4b06-9795-2fb9c6f257bd
2026-07-30 21:43:19.973 7 INFO neutron_taas.services.taas.tap_mirror_plugin [None req-9b72f142-7085-46a8-8490-708a1f39a840 1528206af33b408d8a031649ab1fd027 e43a82119db14610bb685b9692b91842 - - default default] Tap Mirror: Handle Delete Port: 377e2f89-3420-4b06-9795-2fb9c6f257bd [pid: 7|app: 0|req: 195/315] 10.0.0.214 () {32 vars in 726 bytes} [Thu Jul 30 21:43:19 2026] DELETE /v2.0/networks/13a30622-e4ab-47f0-b5ce-5e0db5670625 => generated 0 bytes in 412 msecs (HTTP/1.1 204) 3 headers in 131 bytes (1 switches on core 0)
2026-07-30 21:43:20.291 7 INFO neutron.pecan_wsgi.hooks.translation [None req-f8a11616-15cc-4d32-8a91-b27f31462f65 5f0acfef5f164d0d83befa1f410e040d 6ef60304d61e468b8c493168c83a76c0 - - default default] DELETE failed (client error): The resource could not be found. [pid: 7|app: 0|req: 196/316] 10.0.0.214 () {32 vars in 726 bytes} [Thu Jul 30 21:43:20 2026] DELETE /v2.0/networks/1ab43198-561f-433e-88f2-31899e4fb2a3 => generated 138 bytes in 17 msecs (HTTP/1.1 404) 4 headers in 164 bytes (1 switches on core 0) [pid: 7|app: 0|req: 197/317] 10.0.0.214 () {32 vars in 663 bytes} [Thu Jul 30 21:43:20 2026] GET /v2.0/security-groups => generated 2925 bytes in 43 msecs (HTTP/1.1 200) 4 headers in 158 bytes (1 switches on core 0)
2026-07-30 21:43:20.372 8 WARNING neutron.scheduler.dhcp_agent_scheduler [None req-1d01ec44-7046-4049-a85a-5ff236787c8b 8bfca3fe488645f98ba8d21b2831fa50 075403da81e5493f863a2d0a00c993ca - - default default] No more DHCP agents
2026-07-30 21:43:20.373 8 WARNING neutron.api.rpc.agentnotifiers.dhcp_rpc_agent_api [None req-1d01ec44-7046-4049-a85a-5ff236787c8b 8bfca3fe488645f98ba8d21b2831fa50 075403da81e5493f863a2d0a00c993ca - - default default] Unable to schedule network b017071d-e587-4db9-9064-81e4cef24535: no agents available; will retry on subsequent port and subnet creation events.
2026-07-30 21:43:20.433 7 INFO neutron.plugins.ml2.drivers.ovn.mech_driver.mech_driver [None req-5a29629b-d3ba-437f-b529-e6ea5a0fcc12 - - - - - -] OVN reports status down for port: 8aec9d51-bedb-4748-b854-55e75a0954cd
2026-07-30 21:43:20.445 7 INFO neutron.db.segments_db [None req-baf6404d-eee4-4790-bce2-82b2976d4416 1528206af33b408d8a031649ab1fd027 e43a82119db14610bb685b9692b91842 - - default default] Added segment 4a933f3f-3073-4372-8211-df7b4be3ffea of type geneve for network 3b15443c-7305-4390-b2ba-50c019848a8b
2026-07-30 21:43:20.490 8 INFO neutron.db.ovn_revision_numbers_db [None req-1d01ec44-7046-4049-a85a-5ff236787c8b 8bfca3fe488645f98ba8d21b2831fa50 075403da81e5493f863a2d0a00c993ca - - default default] Successfully bumped revision number for resource 8aec9d51-bedb-4748-b854-55e75a0954cd (type: ports) to 1
2026-07-30 21:43:20.529 8 WARNING neutron.scheduler.dhcp_agent_scheduler [None req-1d01ec44-7046-4049-a85a-5ff236787c8b 8bfca3fe488645f98ba8d21b2831fa50 075403da81e5493f863a2d0a00c993ca - - default default] No more DHCP agents
2026-07-30 21:43:20.530 8 WARNING neutron.api.rpc.agentnotifiers.dhcp_rpc_agent_api [None req-1d01ec44-7046-4049-a85a-5ff236787c8b 8bfca3fe488645f98ba8d21b2831fa50 075403da81e5493f863a2d0a00c993ca - - default default] Unable to schedule network 2f82190a-5184-499e-a11c-0e29aa29787e: no agents available; will retry on subsequent port and subnet creation events.
2026-07-30 21:43:20.602 8 INFO neutron.plugins.ml2.drivers.ovn.mech_driver.mech_driver [None req-6d68c80c-098b-4549-b2af-c9e380f7905d - - - - - -] OVN reports status down for port: 7b366847-d750-4130-a561-a0e35f75cdc4
2026-07-30 21:43:20.665 7 INFO neutron.db.ovn_revision_numbers_db [None req-baf6404d-eee4-4790-bce2-82b2976d4416 1528206af33b408d8a031649ab1fd027 e43a82119db14610bb685b9692b91842 - - default default] Successfully bumped revision number for resource 3b15443c-7305-4390-b2ba-50c019848a8b (type: networks) to 1
2026-07-30 21:43:20.707 8 INFO neutron.db.ovn_revision_numbers_db [None req-1d01ec44-7046-4049-a85a-5ff236787c8b 8bfca3fe488645f98ba8d21b2831fa50 075403da81e5493f863a2d0a00c993ca - - default default] Successfully bumped revision number for resource 7b366847-d750-4130-a561-a0e35f75cdc4 (type: ports) to 1
2026-07-30 21:43:20.822 7 WARNING neutron.scheduler.dhcp_agent_scheduler [None req-baf6404d-eee4-4790-bce2-82b2976d4416 1528206af33b408d8a031649ab1fd027 e43a82119db14610bb685b9692b91842 - - default default] No more DHCP agents
2026-07-30 21:43:20.824 7 WARNING neutron.api.rpc.agentnotifiers.dhcp_rpc_agent_api [None req-baf6404d-eee4-4790-bce2-82b2976d4416 1528206af33b408d8a031649ab1fd027 e43a82119db14610bb685b9692b91842 - - default default] Unable to schedule network 3b15443c-7305-4390-b2ba-50c019848a8b: no agents available; will retry on subsequent port and subnet creation events. [pid: 8|app: 0|req: 121/318] 10.0.0.214 () {34 vars in 665 bytes} [Thu Jul 30 21:43:19 2026] POST /v2.0/ports => generated 1505 bytes in 907 msecs (HTTP/1.1 201) 4 headers in 163 bytes (1 switches on core 0) /var/lib/openstack/lib/python3.12/site-packages/pycadf/identifier.py:70: UserWarning: Invalid uuid: neutron. To ensure interoperability, identifiers should be a valid uuid. warnings.warn(('Invalid uuid: %s. To ensure interoperability, '
2026-07-30 21:43:20.870 7 INFO neutron.plugins.ml2.drivers.ovn.mech_driver.mech_driver [None req-5a29629b-d3ba-437f-b529-e6ea5a0fcc12 - - - - - -] OVN reports status down for port: 5353d1d8-6471-4927-9bb2-7eef8d8117fa [pid: 8|app: 0|req: 122/319] 10.0.0.214 () {32 vars in 694 bytes} [Thu Jul 30 21:43:20 2026] GET /v2.0/networks?router%3Aexternal=True => generated 689 bytes in 69 msecs (HTTP/1.1 200) 4 headers in 157 bytes (1 switches on core 0)
2026-07-30 21:43:20.917 8 INFO neutron.api.v2.resource [None req-70196a1d-ce8a-46c8-aedd-76d78c3808e1 97858edab0274d66849e6bcd65579b85 db606a52404e4d56958576d9c2c8e014 - - default default] delete failed (client error): The resource could not be found. [pid: 8|app: 0|req: 123/320] 10.0.0.214 () {32 vars in 740 bytes} [Thu Jul 30 21:43:20 2026] DELETE /v2.0/security-groups/cc781f41-75e3-4ca8-b1d4-1cecd7b09037 => generated 146 bytes in 10 msecs (HTTP/1.1 404) 4 headers in 164 bytes (1 switches on core 0)
2026-07-30 21:43:20.943 7 INFO neutron.db.ovn_revision_numbers_db [None req-baf6404d-eee4-4790-bce2-82b2976d4416 1528206af33b408d8a031649ab1fd027 e43a82119db14610bb685b9692b91842 - - default default] Successfully bumped revision number for resource 5353d1d8-6471-4927-9bb2-7eef8d8117fa (type: ports) to 1 [pid: 8|app: 0|req: 124/321] 10.0.0.214 () {32 vars in 643 bytes} [Thu Jul 30 21:43:20 2026] GET /v2.0/ports => generated 3017 bytes in 46 msecs (HTTP/1.1 200) 4 headers in 158 bytes (1 switches on core 0) [pid: 7|app: 0|req: 198/322] 10.0.0.214 () {34 vars in 670 bytes} [Thu Jul 30 21:43:20 2026] POST /v2.0/networks => generated 650 bytes in 655 msecs (HTTP/1.1 201) 4 headers in 162 bytes (1 switches on core 0) [pid: 8|app: 0|req: 125/323] 10.0.0.214 () {32 vars in 742 bytes} [Thu Jul 30 21:43:20 2026] GET /v2.0/subnets?network_id=44569e10-95d3-4a51-af7a-3cb2e829fa7f => generated 649 bytes in 33 msecs (HTTP/1.1 200) 4 headers in 157 bytes (1 switches on core 0)
2026-07-30 21:43:21.078 8 INFO neutron_taas.services.taas.taas_plugin [None req-500eb01e-5b98-4a41-a974-81684b4484ec 8bfca3fe488645f98ba8d21b2831fa50 075403da81e5493f863a2d0a00c993ca - - default default] TaaS: Handle Delete Port: 8aec9d51-bedb-4748-b854-55e75a0954cd
2026-07-30 21:43:21.080 8 INFO neutron_taas.services.taas.tap_mirror_plugin [None req-500eb01e-5b98-4a41-a974-81684b4484ec 8bfca3fe488645f98ba8d21b2831fa50 075403da81e5493f863a2d0a00c993ca - - default default] Tap Mirror: Handle Delete Port: 8aec9d51-bedb-4748-b854-55e75a0954cd
2026-07-30 21:43:21.169 7 INFO neutron.db.ovn_revision_numbers_db [None req-6a3a41c9-0b8d-4b8a-af3c-4db699fed6ce 97858edab0274d66849e6bcd65579b85 db606a52404e4d56958576d9c2c8e014 - - default default] Successfully bumped revision number for resource 3a11e5c1-7903-4e28-8e62-da74a7727289 (type: security_groups) to 1
2026-07-30 21:43:21.209 7 INFO neutron.db.ovn_revision_numbers_db [None req-6a3a41c9-0b8d-4b8a-af3c-4db699fed6ce 97858edab0274d66849e6bcd65579b85 db606a52404e4d56958576d9c2c8e014 - - default default] Successfully bumped revision number for resource 80df8e6f-cda0-4f4b-a846-0c3add3f49b3 (type: security_group_rules) to 0 [pid: 8|app: 0|req: 126/324] 10.0.0.214 () {32 vars in 720 bytes} [Thu Jul 30 21:43:20 2026] DELETE /v2.0/ports/8aec9d51-bedb-4748-b854-55e75a0954cd => generated 0 bytes in 242 msecs (HTTP/1.1 204) 3 headers in 131 bytes (1 switches on core 0)
2026-07-30 21:43:21.251 7 INFO neutron.db.ovn_revision_numbers_db [None req-6a3a41c9-0b8d-4b8a-af3c-4db699fed6ce 97858edab0274d66849e6bcd65579b85 db606a52404e4d56958576d9c2c8e014 - - default default] Successfully bumped revision number for resource 91ce7ed1-46d7-427a-a1a3-e00e8fe68205 (type: security_group_rules) to 0 [pid: 7|app: 0|req: 199/325] 10.0.0.214 () {34 vars in 684 bytes} [Thu Jul 30 21:43:20 2026] POST /v2.0/security-groups => generated 1625 bytes in 316 msecs (HTTP/1.1 201) 4 headers in 163 bytes (1 switches on core 0) [pid: 7|app: 0|req: 200/326] 10.0.0.214 () {32 vars in 653 bytes} [Thu Jul 30 21:43:21 2026] GET /v2.0/extensions => generated 20541 bytes in 9 msecs (HTTP/1.1 200) 4 headers in 159 bytes (1 switches on core 0)
2026-07-30 21:43:21.515 7 INFO neutron_taas.services.taas.taas_plugin [None req-3f6a05df-548d-432d-ae40-f690359ccca6 8bfca3fe488645f98ba8d21b2831fa50 075403da81e5493f863a2d0a00c993ca - - default default] TaaS: Handle Delete Port: 7b366847-d750-4130-a561-a0e35f75cdc4
2026-07-30 21:43:21.518 7 INFO neutron_taas.services.taas.tap_mirror_plugin [None req-3f6a05df-548d-432d-ae40-f690359ccca6 8bfca3fe488645f98ba8d21b2831fa50 075403da81e5493f863a2d0a00c993ca - - default default] Tap Mirror: Handle Delete Port: 7b366847-d750-4130-a561-a0e35f75cdc4
2026-07-30 21:43:21.532 8 WARNING neutron.scheduler.dhcp_agent_scheduler [None req-558c9702-ba8d-4177-b8d3-d31ba1e27d6d 1528206af33b408d8a031649ab1fd027 e43a82119db14610bb685b9692b91842 - - default default] No more DHCP agents
2026-07-30 21:43:21.534 8 WARNING neutron.api.rpc.agentnotifiers.dhcp_rpc_agent_api [None req-558c9702-ba8d-4177-b8d3-d31ba1e27d6d 1528206af33b408d8a031649ab1fd027 e43a82119db14610bb685b9692b91842 - - default default] Unable to schedule network 3b15443c-7305-4390-b2ba-50c019848a8b: no agents available; will retry on subsequent port and subnet creation events. [pid: 7|app: 0|req: 201/327] 10.0.0.214 () {32 vars in 720 bytes} [Thu Jul 30 21:43:21 2026] DELETE /v2.0/ports/7b366847-d750-4130-a561-a0e35f75cdc4 => generated 0 bytes in 373 msecs (HTTP/1.1 204) 3 headers in 131 bytes (1 switches on core 0)
2026-07-30 21:43:21.745 7 INFO neutron.services.segments.plugin [-] Segment 8629eaee-d6f9-4580-952c-ce0d7dc9ea3b resource provider aggregate not found
2026-07-30 21:43:21.756 7 INFO neutron.services.segments.plugin [-] Segment 8629eaee-d6f9-4580-952c-ce0d7dc9ea3b resource provider aggregate not found
2026-07-30 21:43:21.763 7 INFO neutron.services.segments.plugin [-] Segment 8629eaee-d6f9-4580-952c-ce0d7dc9ea3b resource provider not found; error: Placement Client Error (4xx): {"errors": [{"status": 404, "title": "Not Found", "detail": "The resource could not be found.\n\n No resource provider with uuid 8629eaee-d6f9-4580-952c-ce0d7dc9ea3b found for delete ", "request_id": "req-13bf9750-b1f1-44fb-bfbf-3752f5ebee64"}]}
2026-07-30 21:43:21.767 7 INFO neutron.services.segments.plugin [-] Segment 8629eaee-d6f9-4580-952c-ce0d7dc9ea3b resource provider not found; error: Placement Client Error (4xx): {"errors": [{"status": 404, "title": "Not Found", "detail": "The resource could not be found.\n\n No resource provider with uuid 8629eaee-d6f9-4580-952c-ce0d7dc9ea3b found for delete ", "request_id": "req-7cc3adc3-05cf-4e78-abdd-2ac849e2e84a"}]}
2026-07-30 21:43:21.905 7 INFO neutron.db.ovn_revision_numbers_db [None req-0c45b5a6-f6f1-4ea8-bb2f-3ae76caae862 97858edab0274d66849e6bcd65579b85 db606a52404e4d56958576d9c2c8e014 - - default default] Successfully bumped revision number for resource bceed99d-155d-4425-8a0c-abc41edf3aaa (type: security_group_rules) to 0 [pid: 7|app: 0|req: 202/328] 10.0.0.214 () {34 vars in 695 bytes} [Thu Jul 30 21:43:21 2026] POST /v2.0/security-group-rules => generated 601 bytes in 280 msecs (HTTP/1.1 201) 4 headers in 162 bytes (1 switches on core 0)
2026-07-30 21:43:22.019 8 INFO neutron.db.ovn_revision_numbers_db [None req-6dd10401-3fc2-4358-9cca-17868f3255c1 - - - - - -] Successfully bumped revision number for resource 5353d1d8-6471-4927-9bb2-7eef8d8117fa (type: ports) to 2 [pid: 7|app: 0|req: 203/329] 10.0.0.214 () {32 vars in 649 bytes} [Thu Jul 30 21:43:21 2026] GET /v2.0/networks => generated 1388 bytes in 59 msecs (HTTP/1.1 200) 4 headers in 158 bytes (1 switches on core 0)
2026-07-30 21:43:22.072 8 INFO neutron.db.ovn_revision_numbers_db [None req-6dd10401-3fc2-4358-9cca-17868f3255c1 - - - - - -] Successfully bumped revision number for resource 6c7cba0e-8a15-4e3f-9fdc-8be155f9050c (type: subnets) to 0 [pid: 8|app: 0|req: 127/330] 10.0.0.214 () {34 vars in 669 bytes} [Thu Jul 30 21:43:21 2026] POST /v2.0/subnets => generated 626 bytes in 869 msecs (HTTP/1.1 201) 4 headers in 162 bytes (1 switches on core 0) [pid: 7|app: 0|req: 204/331] 10.0.0.214 () {32 vars in 643 bytes} [Thu Jul 30 21:43:22 2026] GET /v2.0/ports => generated 1523 bytes in 79 msecs (HTTP/1.1 200) 4 headers in 158 bytes (1 switches on core 0) [pid: 8|app: 0|req: 128/332] 10.0.0.214 () {32 vars in 747 bytes} [Thu Jul 30 21:43:22 2026] GET /v2.0/security-group-rules/bceed99d-155d-4425-8a0c-abc41edf3aaa => generated 601 bytes in 22 msecs (HTTP/1.1 200) 4 headers in 157 bytes (1 switches on core 0) [pid: 7|app: 0|req: 205/333] 10.0.0.214 () {32 vars in 647 bytes} [Thu Jul 30 21:43:22 2026] GET /v2.0/subnets => generated 1312 bytes in 26 msecs (HTTP/1.1 200) 4 headers in 158 bytes (1 switches on core 0)
2026-07-30 21:43:22.243 7 INFO neutron.db.segments_db [None req-fa7a12dd-0716-4246-b518-280fdfb1895a 8bfca3fe488645f98ba8d21b2831fa50 075403da81e5493f863a2d0a00c993ca - - default default] Added segment c31da37f-31b7-46d9-9090-030658d99712 of type geneve for network ac68554b-24b9-4123-a7c2-5d1897f97670
2026-07-30 21:43:22.391 7 INFO neutron.db.ovn_revision_numbers_db [None req-fa7a12dd-0716-4246-b518-280fdfb1895a 8bfca3fe488645f98ba8d21b2831fa50 075403da81e5493f863a2d0a00c993ca - - default default] Successfully bumped revision number for resource ac68554b-24b9-4123-a7c2-5d1897f97670 (type: networks) to 1
2026-07-30 21:43:22.489 8 WARNING neutron.scheduler.dhcp_agent_scheduler [None req-d2208768-7eb1-474a-83dc-be8a5e50bac4 1528206af33b408d8a031649ab1fd027 e43a82119db14610bb685b9692b91842 - - default default] No more DHCP agents
2026-07-30 21:43:22.491 8 WARNING neutron.api.rpc.agentnotifiers.dhcp_rpc_agent_api [None req-d2208768-7eb1-474a-83dc-be8a5e50bac4 1528206af33b408d8a031649ab1fd027 e43a82119db14610bb685b9692b91842 - - default default] Unable to schedule network 3b15443c-7305-4390-b2ba-50c019848a8b: no agents available; will retry on subsequent port and subnet creation events.
2026-07-30 21:43:22.633 7 WARNING neutron.scheduler.dhcp_agent_scheduler [None req-fa7a12dd-0716-4246-b518-280fdfb1895a 8bfca3fe488645f98ba8d21b2831fa50 075403da81e5493f863a2d0a00c993ca - - default default] No more DHCP agents
2026-07-30 21:43:22.634 7 WARNING neutron.api.rpc.agentnotifiers.dhcp_rpc_agent_api [None req-fa7a12dd-0716-4246-b518-280fdfb1895a 8bfca3fe488645f98ba8d21b2831fa50 075403da81e5493f863a2d0a00c993ca - - default default] Unable to schedule network ac68554b-24b9-4123-a7c2-5d1897f97670: no agents available; will retry on subsequent port and subnet creation events.
2026-07-30 21:43:22.639 7 INFO neutron.plugins.ml2.drivers.ovn.mech_driver.mech_driver [None req-5a29629b-d3ba-437f-b529-e6ea5a0fcc12 - - - - - -] OVN reports status down for port: 157ab8e9-c469-45cb-b90c-5d6a09c6c580
2026-07-30 21:43:22.671 8 INFO neutron.db.ovn_revision_numbers_db [None req-d2208768-7eb1-474a-83dc-be8a5e50bac4 1528206af33b408d8a031649ab1fd027 e43a82119db14610bb685b9692b91842 - - default default] Successfully bumped revision number for resource 157ab8e9-c469-45cb-b90c-5d6a09c6c580 (type: ports) to 1 [pid: 8|app: 0|req: 129/334] 10.0.0.214 () {34 vars in 665 bytes} [Thu Jul 30 21:43:22 2026] POST /v2.0/ports => generated 912 bytes in 594 msecs (HTTP/1.1 201) 4 headers in 162 bytes (1 switches on core 0)
2026-07-30 21:43:22.780 7 INFO neutron.plugins.ml2.drivers.ovn.mech_driver.mech_driver [None req-5a29629b-d3ba-437f-b529-e6ea5a0fcc12 - - - - - -] OVN reports status down for port: 279a5aa3-f18d-46aa-a94f-79636d798fba
2026-07-30 21:43:22.781 7 INFO neutron.db.ovn_revision_numbers_db [None req-fa7a12dd-0716-4246-b518-280fdfb1895a 8bfca3fe488645f98ba8d21b2831fa50 075403da81e5493f863a2d0a00c993ca - - default default] Successfully bumped revision number for resource 279a5aa3-f18d-46aa-a94f-79636d798fba (type: ports) to 1 [pid: 8|app: 0|req: 130/335] 10.0.0.214 () {32 vars in 673 bytes} [Thu Jul 30 21:43:22 2026] GET /v2.0/security-group-rules => generated 4138 bytes in 76 msecs (HTTP/1.1 200) 4 headers in 158 bytes (1 switches on core 0) [pid: 7|app: 0|req: 206/336] 10.0.0.214 () {34 vars in 670 bytes} [Thu Jul 30 21:43:22 2026] POST /v2.0/networks => generated 668 bytes in 698 msecs (HTTP/1.1 201) 4 headers in 162 bytes (1 switches on core 0) [pid: 8|app: 0|req: 131/337] 10.0.0.214 () {32 vars in 723 bytes} [Thu Jul 30 21:43:22 2026] GET /v2.0/networks/3fe29346-8dc7-4da1-9a7b-cdb916ae9472 => generated 710 bytes in 47 msecs (HTTP/1.1 200) 4 headers in 157 bytes (1 switches on core 0)
2026-07-30 21:43:23.006 7 INFO neutron_taas.services.taas.taas_plugin [None req-231a8b13-388d-4fe0-987e-19899a405603 1528206af33b408d8a031649ab1fd027 e43a82119db14610bb685b9692b91842 - - default default] TaaS: Handle Delete Port: 157ab8e9-c469-45cb-b90c-5d6a09c6c580
2026-07-30 21:43:23.009 7 INFO neutron_taas.services.taas.tap_mirror_plugin [None req-231a8b13-388d-4fe0-987e-19899a405603 1528206af33b408d8a031649ab1fd027 e43a82119db14610bb685b9692b91842 - - default default] Tap Mirror: Handle Delete Port: 157ab8e9-c469-45cb-b90c-5d6a09c6c580 [pid: 8|app: 0|req: 132/338] 10.0.0.214 () {32 vars in 750 bytes} [Thu Jul 30 21:43:22 2026] DELETE /v2.0/security-group-rules/bceed99d-155d-4425-8a0c-abc41edf3aaa => generated 0 bytes in 165 msecs (HTTP/1.1 204) 2 headers in 112 bytes (1 switches on core 0)
2026-07-30 21:43:23.139 8 INFO neutron.db.segments_db [None req-c7488ab3-c156-4eac-a9a5-cc3d9427622b 8bfca3fe488645f98ba8d21b2831fa50 075403da81e5493f863a2d0a00c993ca - - default default] Added segment 360cd4d4-ef30-4be8-9174-01d006a967f9 of type geneve for network a766eaeb-d9ec-48d0-8732-237334b658b1 [pid: 7|app: 0|req: 207/339] 10.0.0.214 () {32 vars in 720 bytes} [Thu Jul 30 21:43:22 2026] DELETE /v2.0/ports/157ab8e9-c469-45cb-b90c-5d6a09c6c580 => generated 0 bytes in 359 msecs (HTTP/1.1 204) 3 headers in 131 bytes (1 switches on core 0) [pid: 7|app: 0|req: 208/340] 10.0.0.214 () {32 vars in 721 bytes} [Thu Jul 30 21:43:23 2026] GET /v2.0/subnets/a3a4f130-aca3-48fb-889a-c9a23490c44a => generated 673 bytes in 24 msecs (HTTP/1.1 200) 4 headers in 157 bytes (1 switches on core 0) [pid: 7|app: 0|req: 209/341] 10.0.0.214 () {32 vars in 673 bytes} [Thu Jul 30 21:43:23 2026] GET /v2.0/security-group-rules => generated 3560 bytes in 62 msecs (HTTP/1.1 200) 4 headers in 158 bytes (1 switches on core 0)
2026-07-30 21:43:23.298 7 INFO neutron.pecan_wsgi.hooks.translation [None req-874246a5-c499-44c4-ae69-0b44496ad874 1528206af33b408d8a031649ab1fd027 e43a82119db14610bb685b9692b91842 - - default default] GET failed (client error): The resource could not be found. [pid: 7|app: 0|req: 210/342] 10.0.0.214 () {32 vars in 717 bytes} [Thu Jul 30 21:43:23 2026] GET /v2.0/ports/157ab8e9-c469-45cb-b90c-5d6a09c6c580 => generated 132 bytes in 13 msecs (HTTP/1.1 404) 4 headers in 164 bytes (1 switches on core 0)
2026-07-30 21:43:23.309 8 INFO neutron.db.ovn_revision_numbers_db [None req-c7488ab3-c156-4eac-a9a5-cc3d9427622b 8bfca3fe488645f98ba8d21b2831fa50 075403da81e5493f863a2d0a00c993ca - - default default] Successfully bumped revision number for resource a766eaeb-d9ec-48d0-8732-237334b658b1 (type: networks) to 1
2026-07-30 21:43:23.313 7 INFO neutron.pecan_wsgi.hooks.translation [None req-08f045f2-89e4-4dbf-8d75-ba1401c39b3c 5f0acfef5f164d0d83befa1f410e040d 6ef60304d61e468b8c493168c83a76c0 - - default default] DELETE failed (client error): The resource could not be found. [pid: 7|app: 0|req: 211/343] 10.0.0.214 () {32 vars in 724 bytes} [Thu Jul 30 21:43:23 2026] DELETE /v2.0/subnets/c4005003-ac17-489c-84c8-a38e9fba2eb7 => generated 136 bytes in 17 msecs (HTTP/1.1 404) 4 headers in 164 bytes (1 switches on core 0)
2026-07-30 21:43:23.523 7 INFO neutron.db.ovn_revision_numbers_db [None req-d5535ffd-7ec9-40d1-8eb3-c2f6a92207af 97858edab0274d66849e6bcd65579b85 db606a52404e4d56958576d9c2c8e014 - - default default] Successfully bumped revision number for resource 080bff77-2ccb-4e0a-afd5-cda06e16f3c4 (type: security_group_rules) to 0
2026-07-30 21:43:23.552 8 WARNING neutron.scheduler.dhcp_agent_scheduler [None req-c7488ab3-c156-4eac-a9a5-cc3d9427622b 8bfca3fe488645f98ba8d21b2831fa50 075403da81e5493f863a2d0a00c993ca - - default default] No more DHCP agents
2026-07-30 21:43:23.553 8 WARNING neutron.api.rpc.agentnotifiers.dhcp_rpc_agent_api [None req-c7488ab3-c156-4eac-a9a5-cc3d9427622b 8bfca3fe488645f98ba8d21b2831fa50 075403da81e5493f863a2d0a00c993ca - - default default] Unable to schedule network a766eaeb-d9ec-48d0-8732-237334b658b1: no agents available; will retry on subsequent port and subnet creation events. [pid: 7|app: 0|req: 212/344] 10.0.0.214 () {34 vars in 695 bytes} [Thu Jul 30 21:43:23 2026] POST /v2.0/security-group-rules => generated 601 bytes in 259 msecs (HTTP/1.1 201) 4 headers in 162 bytes (1 switches on core 0)
2026-07-30 21:43:23.633 7 INFO neutron.plugins.ml2.drivers.ovn.mech_driver.mech_driver [None req-5a29629b-d3ba-437f-b529-e6ea5a0fcc12 - - - - - -] OVN reports status down for port: 00eda386-de49-47b3-bcd2-68393572348e
2026-07-30 21:43:23.665 8 INFO neutron.db.ovn_revision_numbers_db [None req-c7488ab3-c156-4eac-a9a5-cc3d9427622b 8bfca3fe488645f98ba8d21b2831fa50 075403da81e5493f863a2d0a00c993ca - - default default] Successfully bumped revision number for resource 00eda386-de49-47b3-bcd2-68393572348e (type: ports) to 1 [pid: 8|app: 0|req: 133/345] 10.0.0.214 () {34 vars in 670 bytes} [Thu Jul 30 21:43:23 2026] POST /v2.0/networks => generated 669 bytes in 685 msecs (HTTP/1.1 201) 4 headers in 162 bytes (1 switches on core 0)
2026-07-30 21:43:23.712 8 INFO neutron.pecan_wsgi.hooks.translation [None req-ce50dfb6-0a05-4f99-a8e3-8ee63f285c08 5f0acfef5f164d0d83befa1f410e040d 6ef60304d61e468b8c493168c83a76c0 - - default default] DELETE failed (client error): The resource could not be found. [pid: 8|app: 0|req: 134/346] 10.0.0.214 () {32 vars in 726 bytes} [Thu Jul 30 21:43:23 2026] DELETE /v2.0/networks/1ab43198-561f-433e-88f2-31899e4fb2a3 => generated 138 bytes in 13 msecs (HTTP/1.1 404) 4 headers in 164 bytes (1 switches on core 0) [pid: 8|app: 0|req: 135/347] 10.0.0.214 () {32 vars in 747 bytes} [Thu Jul 30 21:43:23 2026] GET /v2.0/security-group-rules/080bff77-2ccb-4e0a-afd5-cda06e16f3c4 => generated 601 bytes in 11 msecs (HTTP/1.1 200) 4 headers in 157 bytes (1 switches on core 0) [pid: 7|app: 0|req: 213/348] 10.0.0.214 () {32 vars in 724 bytes} [Thu Jul 30 21:43:23 2026] DELETE /v2.0/subnets/6c7cba0e-8a15-4e3f-9fdc-8be155f9050c => generated 0 bytes in 302 msecs (HTTP/1.1 204) 3 headers in 131 bytes (1 switches on core 0) [pid: 8|app: 0|req: 136/349] 10.0.0.214 () {32 vars in 724 bytes} [Thu Jul 30 21:43:23 2026] DELETE /v2.0/subnets/a3a4f130-aca3-48fb-889a-c9a23490c44a => generated 0 bytes in 164 msecs (HTTP/1.1 204) 3 headers in 131 bytes (1 switches on core 0) [pid: 7|app: 0|req: 214/350] 10.0.0.214 () {32 vars in 673 bytes} [Thu Jul 30 21:43:23 2026] GET /v2.0/security-group-rules => generated 4138 bytes in 49 msecs (HTTP/1.1 200) 4 headers in 158 bytes (1 switches on core 0)
2026-07-30 21:43:24.026 7 INFO neutron_taas.services.taas.taas_plugin [None req-5180a240-3ef6-46fe-a57c-16910db8b44c 1528206af33b408d8a031649ab1fd027 e43a82119db14610bb685b9692b91842 - - default default] TaaS: Handle Delete Port: 5353d1d8-6471-4927-9bb2-7eef8d8117fa
2026-07-30 21:43:24.029 7 INFO neutron_taas.services.taas.tap_mirror_plugin [None req-5180a240-3ef6-46fe-a57c-16910db8b44c 1528206af33b408d8a031649ab1fd027 e43a82119db14610bb685b9692b91842 - - default default] Tap Mirror: Handle Delete Port: 5353d1d8-6471-4927-9bb2-7eef8d8117fa
2026-07-30 21:43:24.259 8 WARNING neutron.scheduler.dhcp_agent_scheduler [None req-f277e801-fa24-4518-b7fa-56f4f4c4f634 8bfca3fe488645f98ba8d21b2831fa50 075403da81e5493f863a2d0a00c993ca - - default default] No more DHCP agents
2026-07-30 21:43:24.260 7 INFO neutron.services.segments.plugin [-] Segment 4a933f3f-3073-4372-8211-df7b4be3ffea resource provider aggregate not found
2026-07-30 21:43:24.260 8 WARNING neutron.api.rpc.agentnotifiers.dhcp_rpc_agent_api [None req-f277e801-fa24-4518-b7fa-56f4f4c4f634 8bfca3fe488645f98ba8d21b2831fa50 075403da81e5493f863a2d0a00c993ca - - default default] Unable to schedule network ac68554b-24b9-4123-a7c2-5d1897f97670: no agents available; will retry on subsequent port and subnet creation events.
2026-07-30 21:43:24.268 7 INFO neutron.services.segments.plugin [-] Segment 4a933f3f-3073-4372-8211-df7b4be3ffea resource provider aggregate not found
2026-07-30 21:43:24.282 7 INFO neutron.services.segments.plugin [-] Segment 4a933f3f-3073-4372-8211-df7b4be3ffea resource provider not found; error: Placement Client Error (4xx): {"errors": [{"status": 404, "title": "Not Found", "detail": "The resource could not be found.\n\n No resource provider with uuid 4a933f3f-3073-4372-8211-df7b4be3ffea found for delete ", "request_id": "req-18583720-66d5-44c6-ace9-31ed776f72ef"}]}
2026-07-30 21:43:24.289 7 INFO neutron.services.segments.plugin [-] Segment 4a933f3f-3073-4372-8211-df7b4be3ffea resource provider not found; error: Placement Client Error (4xx): {"errors": [{"status": 404, "title": "Not Found", "detail": "The resource could not be found.\n\n No resource provider with uuid 4a933f3f-3073-4372-8211-df7b4be3ffea found for delete ", "request_id": "req-6467bae4-3c1d-4d2f-9d97-68342fa4e57f"}]} [pid: 7|app: 0|req: 215/351] 10.0.0.214 () {32 vars in 726 bytes} [Thu Jul 30 21:43:23 2026] DELETE /v2.0/networks/3b15443c-7305-4390-b2ba-50c019848a8b => generated 0 bytes in 421 msecs (HTTP/1.1 204) 3 headers in 131 bytes (1 switches on core 0)
2026-07-30 21:43:24.463 7 INFO neutron_taas.services.taas.taas_plugin [None req-83da1ba1-dfad-4382-8d5b-f60ef9637071 5f0acfef5f164d0d83befa1f410e040d 6ef60304d61e468b8c493168c83a76c0 - - default default] TaaS: Handle Delete Port: 38c772f1-af71-4084-b423-c77fc3677149
2026-07-30 21:43:24.466 7 INFO neutron_taas.services.taas.tap_mirror_plugin [None req-83da1ba1-dfad-4382-8d5b-f60ef9637071 5f0acfef5f164d0d83befa1f410e040d 6ef60304d61e468b8c493168c83a76c0 - - default default] Tap Mirror: Handle Delete Port: 38c772f1-af71-4084-b423-c77fc3677149 [pid: 7|app: 0|req: 216/352] 10.0.0.214 () {32 vars in 726 bytes} [Thu Jul 30 21:43:24 2026] DELETE /v2.0/networks/3fe29346-8dc7-4da1-9a7b-cdb916ae9472 => generated 0 bytes in 419 msecs (HTTP/1.1 204) 3 headers in 131 bytes (1 switches on core 0)
2026-07-30 21:43:24.814 8 INFO neutron.db.ovn_revision_numbers_db [None req-a703a0b6-6e4b-41a6-88fc-7df94bf476db - - - - - -] Successfully bumped revision number for resource 279a5aa3-f18d-46aa-a94f-79636d798fba (type: ports) to 2
2026-07-30 21:43:24.896 8 INFO neutron.db.ovn_revision_numbers_db [None req-a703a0b6-6e4b-41a6-88fc-7df94bf476db - - - - - -] Successfully bumped revision number for resource 295c1cfd-e07d-4e7e-8e18-2e7565f2fed2 (type: subnets) to 0
2026-07-30 21:43:24.929 8 WARNING neutron.scheduler.dhcp_agent_scheduler [None req-f277e801-fa24-4518-b7fa-56f4f4c4f634 8bfca3fe488645f98ba8d21b2831fa50 075403da81e5493f863a2d0a00c993ca - - default default] No more DHCP agents
