2026-07-30 21:45:17.860 7 WARNING neutron.scheduler.dhcp_agent_scheduler [None req-e88f2398-57df-44c4-9c6f-236245739d82 435c4f742f364ad89e848a247c982c12 49401694ea1e4f168672617148dfad06 - - default default] No more DHCP agents
2026-07-30 21:45:17.861 7 WARNING neutron.api.rpc.agentnotifiers.dhcp_rpc_agent_api [None req-e88f2398-57df-44c4-9c6f-236245739d82 435c4f742f364ad89e848a247c982c12 49401694ea1e4f168672617148dfad06 - - default default] Unable to schedule network 76a39977-a227-407b-b985-81b801ddf440: no agents available; will retry on subsequent port and subnet creation events. [pid: 8|app: 0|req: 545/1170] 10.0.0.214 () {34 vars in 666 bytes} [Thu Jul 30 21:45:17 2026] POST /v2.0/trunks => generated 409 bytes in 304 msecs (HTTP/1.1 201) 4 headers in 162 bytes (1 switches on core 0) [pid: 8|app: 0|req: 546/1171] 10.0.0.214 () {34 vars in 749 bytes} [Thu Jul 30 21:45:18 2026] PUT /v2.0/trunks/97f1a174-727e-4de3-9b66-3d8abc752081/tags => generated 25 bytes in 102 msecs (HTTP/1.1 200) 4 headers in 156 bytes (1 switches on core 0) [pid: 8|app: 0|req: 547/1172] 10.0.0.214 () {32 vars in 729 bytes} [Thu Jul 30 21:45:18 2026] GET /v2.0/trunks/97f1a174-727e-4de3-9b66-3d8abc752081/tags => generated 25 bytes in 43 msecs (HTTP/1.1 200) 4 headers in 156 bytes (1 switches on core 0)
2026-07-30 21:45:18.339 7 INFO neutron.db.ovn_revision_numbers_db [None req-2ebe5975-4869-42f0-a511-d41fa2be9a2b - - - - - -] Successfully bumped revision number for resource 12368dae-0bdf-4f8a-a58f-83d8d179ab3f (type: ports) to 2 [pid: 8|app: 0|req: 548/1173] 10.0.0.214 () {34 vars in 760 bytes} [Thu Jul 30 21:45:18 2026] PUT /v2.0/trunks/97f1a174-727e-4de3-9b66-3d8abc752081/tags/green => generated 4 bytes in 61 msecs (HTTP/1.1 201) 4 headers in 160 bytes (1 switches on core 0)
2026-07-30 21:45:18.407 7 INFO neutron.db.ovn_revision_numbers_db [None req-2ebe5975-4869-42f0-a511-d41fa2be9a2b - - - - - -] Successfully bumped revision number for resource ae564c1f-c83d-44c3-8797-ba0395865252 (type: subnets) to 0 [pid: 8|app: 0|req: 549/1174] 10.0.0.214 () {32 vars in 729 bytes} [Thu Jul 30 21:45:18 2026] GET /v2.0/trunks/97f1a174-727e-4de3-9b66-3d8abc752081/tags => generated 34 bytes in 20 msecs (HTTP/1.1 200) 4 headers in 156 bytes (1 switches on core 0) [pid: 8|app: 0|req: 550/1175] 10.0.0.214 () {34 vars in 756 bytes} [Thu Jul 30 21:45:18 2026] PUT /v2.0/trunks/97f1a174-727e-4de3-9b66-3d8abc752081/tags/red => generated 4 bytes in 32 msecs (HTTP/1.1 201) 4 headers in 160 bytes (1 switches on core 0) [pid: 7|app: 0|req: 626/1176] 10.0.0.214 () {34 vars in 669 bytes} [Thu Jul 30 21:45:17 2026] POST /v2.0/subnets => generated 629 bytes in 898 msecs (HTTP/1.1 201) 4 headers in 162 bytes (1 switches on core 0) [pid: 8|app: 0|req: 551/1177] 10.0.0.214 () {32 vars in 729 bytes} [Thu Jul 30 21:45:18 2026] GET /v2.0/trunks/97f1a174-727e-4de3-9b66-3d8abc752081/tags => generated 34 bytes in 26 msecs (HTTP/1.1 200) 4 headers in 156 bytes (1 switches on core 0) [pid: 8|app: 0|req: 552/1178] 10.0.0.214 () {34 vars in 778 bytes} [Thu Jul 30 21:45:18 2026] PUT /v2.0/trunks/97f1a174-727e-4de3-9b66-3d8abc752081/tags/black.or.white => generated 4 bytes in 73 msecs (HTTP/1.1 201) 4 headers in 160 bytes (1 switches on core 0) [pid: 8|app: 0|req: 553/1179] 10.0.0.214 () {32 vars in 729 bytes} [Thu Jul 30 21:45:18 2026] GET /v2.0/trunks/97f1a174-727e-4de3-9b66-3d8abc752081/tags => generated 52 bytes in 18 msecs (HTTP/1.1 200) 4 headers in 156 bytes (1 switches on core 0) [pid: 8|app: 0|req: 554/1180] 10.0.0.214 () {34 vars in 749 bytes} [Thu Jul 30 21:45:18 2026] PUT /v2.0/trunks/97f1a174-727e-4de3-9b66-3d8abc752081/tags => generated 37 bytes in 68 msecs (HTTP/1.1 200) 4 headers in 156 bytes (1 switches on core 0) [pid: 8|app: 0|req: 555/1181] 10.0.0.214 () {32 vars in 729 bytes} [Thu Jul 30 21:45:18 2026] GET /v2.0/trunks/97f1a174-727e-4de3-9b66-3d8abc752081/tags => generated 37 bytes in 20 msecs (HTTP/1.1 200) 4 headers in 156 bytes (1 switches on core 0) [pid: 8|app: 0|req: 556/1182] 10.0.0.146 () {34 vars in 990 bytes} [Thu Jul 30 21:45:18 2026] GET /v2.0/ports?device_id=a1eb0f75-4405-4f7a-ac01-d3b84e23cd7c => generated 12 bytes in 14 msecs (HTTP/1.1 200) 4 headers in 156 bytes (1 switches on core 0) [pid: 8|app: 0|req: 557/1183] 10.0.0.214 () {32 vars in 737 bytes} [Thu Jul 30 21:45:18 2026] GET /v2.0/trunks/97f1a174-727e-4de3-9b66-3d8abc752081/tags/red => generated 0 bytes in 15 msecs (HTTP/1.1 204) 2 headers in 112 bytes (1 switches on core 0)
2026-07-30 21:45:18.728 8 INFO neutron.api.v2.resource [None req-40357f2d-4452-43ce-a8d6-12537c79e843 b80b2be6c8b84dba804cbeb32cd1cb6e 5e78caceae084513b35edefd77f4995d - - default default] show failed (client error): The resource could not be found. [pid: 8|app: 0|req: 558/1184] 10.0.0.214 () {32 vars in 741 bytes} [Thu Jul 30 21:45:18 2026] GET /v2.0/trunks/97f1a174-727e-4de3-9b66-3d8abc752081/tags/green => generated 99 bytes in 19 msecs (HTTP/1.1 404) 4 headers in 163 bytes (1 switches on core 0) [pid: 8|app: 0|req: 559/1185] 10.0.0.214 () {32 vars in 740 bytes} [Thu Jul 30 21:45:18 2026] DELETE /v2.0/trunks/97f1a174-727e-4de3-9b66-3d8abc752081/tags/red => generated 0 bytes in 70 msecs (HTTP/1.1 204) 2 headers in 112 bytes (1 switches on core 0) [pid: 8|app: 0|req: 560/1186] 10.0.0.214 () {32 vars in 729 bytes} [Thu Jul 30 21:45:18 2026] GET /v2.0/trunks/97f1a174-727e-4de3-9b66-3d8abc752081/tags => generated 30 bytes in 18 msecs (HTTP/1.1 200) 4 headers in 156 bytes (1 switches on core 0)
2026-07-30 21:45:18.863 8 INFO neutron.api.v2.resource [None req-7a785c7a-6930-444a-adf6-f51a9044da43 b80b2be6c8b84dba804cbeb32cd1cb6e 5e78caceae084513b35edefd77f4995d - - default default] delete failed (client error): The resource could not be found. [pid: 8|app: 0|req: 561/1187] 10.0.0.214 () {32 vars in 744 bytes} [Thu Jul 30 21:45:18 2026] DELETE /v2.0/trunks/97f1a174-727e-4de3-9b66-3d8abc752081/tags/green => generated 99 bytes in 19 msecs (HTTP/1.1 404) 4 headers in 163 bytes (1 switches on core 0) [pid: 8|app: 0|req: 562/1188] 10.0.0.214 () {32 vars in 732 bytes} [Thu Jul 30 21:45:18 2026] DELETE /v2.0/trunks/97f1a174-727e-4de3-9b66-3d8abc752081/tags => generated 0 bytes in 62 msecs (HTTP/1.1 204) 2 headers in 112 bytes (1 switches on core 0) [pid: 8|app: 0|req: 563/1189] 10.0.0.214 () {32 vars in 729 bytes} [Thu Jul 30 21:45:18 2026] GET /v2.0/trunks/97f1a174-727e-4de3-9b66-3d8abc752081/tags => generated 12 bytes in 18 msecs (HTTP/1.1 200) 4 headers in 156 bytes (1 switches on core 0) [pid: 8|app: 0|req: 564/1190] 10.0.0.214 () {32 vars in 719 bytes} [Thu Jul 30 21:45:18 2026] GET /v2.0/trunks/97f1a174-727e-4de3-9b66-3d8abc752081 => generated 409 bytes in 13 msecs (HTTP/1.1 200) 4 headers in 157 bytes (1 switches on core 0)
2026-07-30 21:45:19.004 7 WARNING neutron.scheduler.dhcp_agent_scheduler [None req-4097d687-b45b-46c5-96b3-c325c8552ee0 435c4f742f364ad89e848a247c982c12 49401694ea1e4f168672617148dfad06 - - default default] No more DHCP agents
2026-07-30 21:45:19.005 7 WARNING neutron.api.rpc.agentnotifiers.dhcp_rpc_agent_api [None req-4097d687-b45b-46c5-96b3-c325c8552ee0 435c4f742f364ad89e848a247c982c12 49401694ea1e4f168672617148dfad06 - - default default] Unable to schedule network 44569e10-95d3-4a51-af7a-3cb2e829fa7f: no agents available; will retry on subsequent port and subnet creation events. [pid: 8|app: 0|req: 565/1191] 10.0.0.214 () {32 vars in 717 bytes} [Thu Jul 30 21:45:18 2026] GET /v2.0/ports/12e469e6-6c3b-4928-a1c4-04e13bdc291a => generated 826 bytes in 44 msecs (HTTP/1.1 200) 4 headers in 157 bytes (1 switches on core 0) [pid: 8|app: 0|req: 566/1192] 10.0.0.214 () {32 vars in 722 bytes} [Thu Jul 30 21:45:19 2026] DELETE /v2.0/trunks/97f1a174-727e-4de3-9b66-3d8abc752081 => generated 0 bytes in 103 msecs (HTTP/1.1 204) 2 headers in 112 bytes (1 switches on core 0)
2026-07-30 21:45:19.183 8 INFO neutron.plugins.ml2.drivers.ovn.mech_driver.mech_driver [None req-025c483f-1e6f-4a35-8d00-298207e4f2e1 - - - - - -] OVN reports status down for port: a892a392-2df9-4202-a86a-3b8521ebad4f
2026-07-30 21:45:19.222 7 INFO neutron.db.ovn_revision_numbers_db [None req-4097d687-b45b-46c5-96b3-c325c8552ee0 435c4f742f364ad89e848a247c982c12 49401694ea1e4f168672617148dfad06 - - default default] Successfully bumped revision number for resource a892a392-2df9-4202-a86a-3b8521ebad4f (type: ports) to 1
2026-07-30 21:45:19.303 8 INFO neutron_taas.services.taas.taas_plugin [None req-6e2b54dd-8953-4347-a2a6-638a622bdaa8 b80b2be6c8b84dba804cbeb32cd1cb6e 5e78caceae084513b35edefd77f4995d - - default default] TaaS: Handle Delete Port: 12e469e6-6c3b-4928-a1c4-04e13bdc291a
2026-07-30 21:45:19.309 8 INFO neutron_taas.services.taas.tap_mirror_plugin [None req-6e2b54dd-8953-4347-a2a6-638a622bdaa8 b80b2be6c8b84dba804cbeb32cd1cb6e 5e78caceae084513b35edefd77f4995d - - default default] Tap Mirror: Handle Delete Port: 12e469e6-6c3b-4928-a1c4-04e13bdc291a [pid: 8|app: 0|req: 567/1193] 10.0.0.214 () {32 vars in 720 bytes} [Thu Jul 30 21:45:19 2026] DELETE /v2.0/ports/12e469e6-6c3b-4928-a1c4-04e13bdc291a => generated 0 bytes in 370 msecs (HTTP/1.1 204) 3 headers in 131 bytes (1 switches on core 0)
2026-07-30 21:45:19.617 8 INFO neutron_taas.services.taas.taas_plugin [None req-6f45213b-3969-4a48-b689-26fbb33ff04c b80b2be6c8b84dba804cbeb32cd1cb6e 5e78caceae084513b35edefd77f4995d - - default default] TaaS: Handle Delete Port: 04734b1c-2dd3-4490-8534-4a46a185ff8f
2026-07-30 21:45:19.621 8 INFO neutron_taas.services.taas.tap_mirror_plugin [None req-6f45213b-3969-4a48-b689-26fbb33ff04c b80b2be6c8b84dba804cbeb32cd1cb6e 5e78caceae084513b35edefd77f4995d - - default default] Tap Mirror: Handle Delete Port: 04734b1c-2dd3-4490-8534-4a46a185ff8f
2026-07-30 21:45:19.822 7 INFO neutron.plugins.ml2.drivers.ovn.mech_driver.mech_driver [None req-4747f9b3-8a0e-4127-98f5-486a17a9b736 - - - - - -] OVN reports status up for port: 08025cdb-9d85-4bca-a133-7c83dad4aec7
2026-07-30 21:45:19.895 7 INFO neutron.plugins.ml2.plugin [None req-4747f9b3-8a0e-4127-98f5-486a17a9b736 - - - - - -] Attempt 1 to provision port 08025cdb-9d85-4bca-a133-7c83dad4aec7
2026-07-30 21:45:19.919 7 INFO neutron.plugins.ml2.drivers.ovn.mech_driver.ovsdb.commands [None req-31d412e8-b928-4f29-bd57-668cbf1e07d7 - - - - - -] Schedule LRP lrp-a892a392-2df9-4202-a86a-3b8521ebad4f on gateway 69c4f431-8dac-4be5-aeec-781667c1aab3 with priority 1
2026-07-30 21:45:19.946 8 INFO neutron.services.segments.plugin [-] Segment 4586acd7-1c39-4ee6-969a-e8625f0617c5 resource provider aggregate not found
2026-07-30 21:45:19.951 8 INFO neutron.services.segments.plugin [-] Segment 4586acd7-1c39-4ee6-969a-e8625f0617c5 resource provider aggregate not found
2026-07-30 21:45:19.973 8 INFO neutron.services.segments.plugin [-] Segment 4586acd7-1c39-4ee6-969a-e8625f0617c5 resource provider not found; error: Placement Client Error (4xx): {"errors": [{"status": 404, "title": "Not Found", "detail": "The resource could not be found.\n\n No resource provider with uuid 4586acd7-1c39-4ee6-969a-e8625f0617c5 found for delete ", "request_id": "req-3b588a68-a686-406c-9118-12d9fdc80abf"}]}
2026-07-30 21:45:19.974 8 INFO neutron.services.segments.plugin [-] Segment 4586acd7-1c39-4ee6-969a-e8625f0617c5 resource provider not found; error: Placement Client Error (4xx): {"errors": [{"status": 404, "title": "Not Found", "detail": "The resource could not be found.\n\n No resource provider with uuid 4586acd7-1c39-4ee6-969a-e8625f0617c5 found for delete ", "request_id": "req-2f2ce197-a945-4bbd-9d4e-f22f1639c3cd"}]}
2026-07-30 21:45:19.993 8 INFO neutron.plugins.ml2.drivers.ovn.mech_driver.mech_driver [None req-025c483f-1e6f-4a35-8d00-298207e4f2e1 - - - - - -] OVN reports status up for port: a892a392-2df9-4202-a86a-3b8521ebad4f
2026-07-30 21:45:20.038 8 INFO neutron.plugins.ml2.plugin [None req-025c483f-1e6f-4a35-8d00-298207e4f2e1 - - - - - -] Attempt 1 to provision port a892a392-2df9-4202-a86a-3b8521ebad4f
2026-07-30 21:45:20.105 7 INFO neutron.db.ovn_revision_numbers_db [None req-4097d687-b45b-46c5-96b3-c325c8552ee0 435c4f742f364ad89e848a247c982c12 49401694ea1e4f168672617148dfad06 - - default default] Successfully bumped revision number for resource a892a392-2df9-4202-a86a-3b8521ebad4f (type: router_ports) to 1 [pid: 8|app: 0|req: 568/1194] 10.0.0.214 () {32 vars in 726 bytes} [Thu Jul 30 21:45:19 2026] DELETE /v2.0/networks/1f08d7bd-dbc9-487e-981f-b84b6b613815 => generated 0 bytes in 595 msecs (HTTP/1.1 204) 3 headers in 131 bytes (1 switches on core 0)
2026-07-30 21:45:20.265 7 INFO neutron.db.ovn_revision_numbers_db [None req-4097d687-b45b-46c5-96b3-c325c8552ee0 435c4f742f364ad89e848a247c982c12 49401694ea1e4f168672617148dfad06 - - default default] Successfully bumped revision number for resource c4d48da3-46af-425c-b3c1-651835374379 (type: routers) to 2 [pid: 7|app: 0|req: 627/1195] 10.0.0.214 () {34 vars in 669 bytes} [Thu Jul 30 21:45:18 2026] POST /v2.0/routers => generated 936 bytes in 1860 msecs (HTTP/1.1 201) 4 headers in 162 bytes (1 switches on core 0)
2026-07-30 21:45:20.385 7 INFO neutron.db.ovn_revision_numbers_db [None req-4747f9b3-8a0e-4127-98f5-486a17a9b736 - - - - - -] Successfully bumped revision number for resource 08025cdb-9d85-4bca-a133-7c83dad4aec7 (type: ports) to 4 [pid: 8|app: 0|req: 569/1196] 10.0.0.214 () {32 vars in 740 bytes} [Thu Jul 30 21:45:20 2026] DELETE /v2.0/security-groups/e6469e6c-d801-4237-b766-6c9a3220b5c7 => generated 0 bytes in 316 msecs (HTTP/1.1 204) 2 headers in 112 bytes (1 switches on core 0)
2026-07-30 21:45:20.770 7 INFO neutron.db.ovn_revision_numbers_db [None req-a605242b-1aae-4fc1-b67e-af3e43af5dcc d5244a5d1ec2407ebfdc17b112bbd498 c546f8796f434241898c4a9ec44d2fad - - default default] Successfully bumped revision number for resource f456c6b5-560c-4017-9d40-3e182e133f32 (type: security_groups) to 1
2026-07-30 21:45:20.809 7 INFO neutron.db.ovn_revision_numbers_db [None req-a605242b-1aae-4fc1-b67e-af3e43af5dcc d5244a5d1ec2407ebfdc17b112bbd498 c546f8796f434241898c4a9ec44d2fad - - default default] Successfully bumped revision number for resource 0eed4a9f-c9ba-439d-bb7d-2d1dcc5020fb (type: security_group_rules) to 0
2026-07-30 21:45:20.855 7 INFO neutron.db.ovn_revision_numbers_db [None req-a605242b-1aae-4fc1-b67e-af3e43af5dcc d5244a5d1ec2407ebfdc17b112bbd498 c546f8796f434241898c4a9ec44d2fad - - default default] Successfully bumped revision number for resource 44b97bef-3c28-4f0d-85a3-9592f92deb5b (type: security_group_rules) to 0
2026-07-30 21:45:20.891 7 INFO neutron.db.ovn_revision_numbers_db [None req-a605242b-1aae-4fc1-b67e-af3e43af5dcc d5244a5d1ec2407ebfdc17b112bbd498 c546f8796f434241898c4a9ec44d2fad - - default default] Successfully bumped revision number for resource 5d580dd4-1430-4f17-98eb-69493c7b8d77 (type: security_group_rules) to 0
2026-07-30 21:45:20.924 7 INFO neutron.db.ovn_revision_numbers_db [None req-a605242b-1aae-4fc1-b67e-af3e43af5dcc d5244a5d1ec2407ebfdc17b112bbd498 c546f8796f434241898c4a9ec44d2fad - - default default] Successfully bumped revision number for resource da678110-6685-48e1-aa9f-904c323e87f0 (type: security_group_rules) to 0
2026-07-30 21:45:20.994 7 INFO neutron.db.segments_db [None req-a605242b-1aae-4fc1-b67e-af3e43af5dcc d5244a5d1ec2407ebfdc17b112bbd498 c546f8796f434241898c4a9ec44d2fad - - default default] Added segment 7e6ecfd3-f3b4-466a-8d9a-170e36abb505 of type geneve for network 667d1aaa-39e3-4783-95c2-2b28ace67b17
2026-07-30 21:45:21.013 8 WARNING neutron.scheduler.dhcp_agent_scheduler [None req-3a284710-4f2f-4105-9f00-47d41af1c89b 435c4f742f364ad89e848a247c982c12 49401694ea1e4f168672617148dfad06 - - default default] No more DHCP agents
2026-07-30 21:45:21.014 8 WARNING neutron.api.rpc.agentnotifiers.dhcp_rpc_agent_api [None req-3a284710-4f2f-4105-9f00-47d41af1c89b 435c4f742f364ad89e848a247c982c12 49401694ea1e4f168672617148dfad06 - - default default] Unable to schedule network 76a39977-a227-407b-b985-81b801ddf440: no agents available; will retry on subsequent port and subnet creation events.
2026-07-30 21:45:21.136 7 INFO neutron.plugins.ml2.drivers.ovn.mech_driver.mech_driver [None req-eb817749-65ff-4ca8-8a5b-6284ff6321fe - - - - - -] OVN reports status down for port: a18f0630-771e-4dc5-977b-75ef2f9bf060
2026-07-30 21:45:21.176 8 INFO neutron.db.ovn_revision_numbers_db [None req-3a284710-4f2f-4105-9f00-47d41af1c89b 435c4f742f364ad89e848a247c982c12 49401694ea1e4f168672617148dfad06 - - default default] Successfully bumped revision number for resource a18f0630-771e-4dc5-977b-75ef2f9bf060 (type: ports) to 1
2026-07-30 21:45:21.200 7 INFO neutron.db.ovn_revision_numbers_db [None req-a605242b-1aae-4fc1-b67e-af3e43af5dcc d5244a5d1ec2407ebfdc17b112bbd498 c546f8796f434241898c4a9ec44d2fad - - default default] Successfully bumped revision number for resource 667d1aaa-39e3-4783-95c2-2b28ace67b17 (type: networks) to 1
2026-07-30 21:45:21.416 7 WARNING neutron.scheduler.dhcp_agent_scheduler [None req-a605242b-1aae-4fc1-b67e-af3e43af5dcc d5244a5d1ec2407ebfdc17b112bbd498 c546f8796f434241898c4a9ec44d2fad - - default default] No more DHCP agents
2026-07-30 21:45:21.418 7 WARNING neutron.api.rpc.agentnotifiers.dhcp_rpc_agent_api [None req-a605242b-1aae-4fc1-b67e-af3e43af5dcc d5244a5d1ec2407ebfdc17b112bbd498 c546f8796f434241898c4a9ec44d2fad - - default default] Unable to schedule network 667d1aaa-39e3-4783-95c2-2b28ace67b17: no agents available; will retry on subsequent port and subnet creation events.
2026-07-30 21:45:21.487 7 INFO neutron.plugins.ml2.drivers.ovn.mech_driver.mech_driver [None req-eb817749-65ff-4ca8-8a5b-6284ff6321fe - - - - - -] OVN reports status down for port: 7b060cfa-9a5d-4a5c-acc7-d6cb410da5e1
2026-07-30 21:45:21.573 7 INFO neutron.db.ovn_revision_numbers_db [None req-a605242b-1aae-4fc1-b67e-af3e43af5dcc d5244a5d1ec2407ebfdc17b112bbd498 c546f8796f434241898c4a9ec44d2fad - - default default] Successfully bumped revision number for resource 7b060cfa-9a5d-4a5c-acc7-d6cb410da5e1 (type: ports) to 1 [pid: 7|app: 0|req: 628/1197] 10.0.0.214 () {34 vars in 670 bytes} [Thu Jul 30 21:45:20 2026] POST /v2.0/networks => generated 650 bytes in 1280 msecs (HTTP/1.1 201) 4 headers in 162 bytes (1 switches on core 0)
2026-07-30 21:45:21.723 7 INFO neutron_taas.services.taas.taas_plugin [None req-bb08e3b3-3695-4f97-89ba-cbff3069f735 17815affd0e747a5ba235cd6c1c003a9 bb5ff5fa40c94c5987a3e119488e637c - - default default] TaaS: Handle Delete Port: c5a21d2e-deff-4bd2-a44b-e418c1c957d3
2026-07-30 21:45:21.726 7 INFO neutron_taas.services.taas.tap_mirror_plugin [None req-bb08e3b3-3695-4f97-89ba-cbff3069f735 17815affd0e747a5ba235cd6c1c003a9 bb5ff5fa40c94c5987a3e119488e637c - - default default] Tap Mirror: Handle Delete Port: c5a21d2e-deff-4bd2-a44b-e418c1c957d3 [pid: 7|app: 0|req: 629/1198] 10.0.0.214 () {32 vars in 732 bytes} [Thu Jul 30 21:45:21 2026] DELETE /v2.0/floatingips/a5e702f6-f875-4773-b5ca-920f436b22c6 => generated 0 bytes in 246 msecs (HTTP/1.1 204) 2 headers in 112 bytes (1 switches on core 0)
2026-07-30 21:45:21.976 7 INFO neutron.plugins.ml2.drivers.ovn.mech_driver.mech_driver [None req-eb817749-65ff-4ca8-8a5b-6284ff6321fe - - - - - -] OVN reports status up for port: a18f0630-771e-4dc5-977b-75ef2f9bf060
2026-07-30 21:45:22.013 8 WARNING neutron.scheduler.dhcp_agent_scheduler [None req-3a284710-4f2f-4105-9f00-47d41af1c89b 435c4f742f364ad89e848a247c982c12 49401694ea1e4f168672617148dfad06 - - default default] No more DHCP agents
2026-07-30 21:45:22.015 8 WARNING neutron.api.rpc.agentnotifiers.dhcp_rpc_agent_api [None req-3a284710-4f2f-4105-9f00-47d41af1c89b 435c4f742f364ad89e848a247c982c12 49401694ea1e4f168672617148dfad06 - - default default] Unable to schedule network 76a39977-a227-407b-b985-81b801ddf440: no agents available; will retry on subsequent port and subnet creation events. [pid: 7|app: 0|req: 630/1199] 10.0.0.214 () {32 vars in 774 bytes} [Thu Jul 30 21:45:21 2026] GET /v2.0/security-groups?tenant_id=5e78caceae084513b35edefd77f4995d&name=default => generated 2925 bytes in 145 msecs (HTTP/1.1 200) 4 headers in 158 bytes (1 switches on core 0)
2026-07-30 21:45:22.036 7 INFO neutron.plugins.ml2.plugin [None req-eb817749-65ff-4ca8-8a5b-6284ff6321fe - - - - - -] Attempt 1 to provision port a18f0630-771e-4dc5-977b-75ef2f9bf060
2026-07-30 21:45:22.179 7 INFO neutron.db.segments_db [None req-a1d39c39-d412-4f9e-b30d-02b193879cf1 d5244a5d1ec2407ebfdc17b112bbd498 c546f8796f434241898c4a9ec44d2fad - - default default] Added segment 661e15e6-b83f-40fa-a106-0918eaaa2d99 of type geneve for network 701d7b63-9c17-4f33-bee9-b667983d5a99
2026-07-30 21:45:22.397 8 INFO neutron.db.ovn_revision_numbers_db [None req-3a284710-4f2f-4105-9f00-47d41af1c89b 435c4f742f364ad89e848a247c982c12 49401694ea1e4f168672617148dfad06 - - default default] Successfully bumped revision number for resource a18f0630-771e-4dc5-977b-75ef2f9bf060 (type: router_ports) to 1 [pid: 8|app: 0|req: 570/1200] 10.0.0.214 () {34 vars in 783 bytes} [Thu Jul 30 21:45:20 2026] PUT /v2.0/routers/c4d48da3-46af-425c-b3c1-651835374379/add_router_interface => generated 309 bytes in 1977 msecs (HTTP/1.1 200) 4 headers in 157 bytes (1 switches on core 0)
2026-07-30 21:45:22.528 7 INFO neutron.db.ovn_revision_numbers_db [None req-a1d39c39-d412-4f9e-b30d-02b193879cf1 d5244a5d1ec2407ebfdc17b112bbd498 c546f8796f434241898c4a9ec44d2fad - - default default] Successfully bumped revision number for resource 701d7b63-9c17-4f33-bee9-b667983d5a99 (type: networks) to 1 [pid: 8|app: 0|req: 571/1201] 10.0.0.214 () {32 vars in 740 bytes} [Thu Jul 30 21:45:22 2026] DELETE /v2.0/security-groups/a133907e-9018-4627-b6e8-525ebec3badb => generated 0 bytes in 410 msecs (HTTP/1.1 204) 2 headers in 112 bytes (1 switches on core 0)
2026-07-30 21:45:22.816 7 INFO neutron.db.ovn_revision_numbers_db [None req-eb817749-65ff-4ca8-8a5b-6284ff6321fe - - - - - -] Successfully bumped revision number for resource a18f0630-771e-4dc5-977b-75ef2f9bf060 (type: ports) to 2 [pid: 8|app: 0|req: 572/1202] 10.0.0.146 () {34 vars in 990 bytes} [Thu Jul 30 21:45:22 2026] GET /v2.0/ports?device_id=5ba52b29-a2fe-4dbe-995c-39db8a0dae58 => generated 975 bytes in 70 msecs (HTTP/1.1 200) 4 headers in 157 bytes (1 switches on core 0)
2026-07-30 21:45:22.921 7 WARNING neutron.scheduler.dhcp_agent_scheduler [None req-a1d39c39-d412-4f9e-b30d-02b193879cf1 d5244a5d1ec2407ebfdc17b112bbd498 c546f8796f434241898c4a9ec44d2fad - - default default] No more DHCP agents
2026-07-30 21:45:22.924 7 WARNING neutron.api.rpc.agentnotifiers.dhcp_rpc_agent_api [None req-a1d39c39-d412-4f9e-b30d-02b193879cf1 d5244a5d1ec2407ebfdc17b112bbd498 c546f8796f434241898c4a9ec44d2fad - - default default] Unable to schedule network 701d7b63-9c17-4f33-bee9-b667983d5a99: no agents available; will retry on subsequent port and subnet creation events.
2026-07-30 21:45:23.027 7 INFO neutron.db.ovn_revision_numbers_db [None req-a1d39c39-d412-4f9e-b30d-02b193879cf1 d5244a5d1ec2407ebfdc17b112bbd498 c546f8796f434241898c4a9ec44d2fad - - default default] Successfully bumped revision number for resource 37cf105c-9f33-439a-abc7-ed96c35023b0 (type: ports) to 1 [pid: 7|app: 0|req: 631/1203] 10.0.0.214 () {34 vars in 670 bytes} [Thu Jul 30 21:45:22 2026] POST /v2.0/networks => generated 651 bytes in 1058 msecs (HTTP/1.1 201) 4 headers in 162 bytes (1 switches on core 0) [pid: 7|app: 0|req: 632/1204] 10.0.0.146 () {34 vars in 1040 bytes} [Thu Jul 30 21:45:23 2026] GET /v2.0/security-groups?id=2fce8d00-9336-4e91-884e-9657a2acb70c&fields=id&fields=name => generated 114 bytes in 28 msecs (HTTP/1.1 200) 4 headers in 157 bytes (1 switches on core 0)
2026-07-30 21:45:23.306 7 INFO neutron.db.ovn_revision_numbers_db [None req-7763d26f-813a-44b3-b216-a2c5c7a3f333 8035e74e34e34eca94256b422e7a7130 4b165efd78844c99a24c2a318650806f - - default default] Successfully bumped revision number for resource ee7d5f5c-0ed0-4460-825d-275f03687493 (type: security_groups) to 1
2026-07-30 21:45:23.362 7 INFO neutron.db.ovn_revision_numbers_db [None req-7763d26f-813a-44b3-b216-a2c5c7a3f333 8035e74e34e34eca94256b422e7a7130 4b165efd78844c99a24c2a318650806f - - default default] Successfully bumped revision number for resource 050e3864-e30a-4df0-9306-cee88db82111 (type: security_group_rules) to 0
2026-07-30 21:45:23.408 7 INFO neutron.db.ovn_revision_numbers_db [None req-7763d26f-813a-44b3-b216-a2c5c7a3f333 8035e74e34e34eca94256b422e7a7130 4b165efd78844c99a24c2a318650806f - - default default] Successfully bumped revision number for resource 166ba5c0-3012-4c10-82c6-f9a2197471cb (type: security_group_rules) to 0
2026-07-30 21:45:23.485 7 INFO neutron.db.ovn_revision_numbers_db [None req-7763d26f-813a-44b3-b216-a2c5c7a3f333 8035e74e34e34eca94256b422e7a7130 4b165efd78844c99a24c2a318650806f - - default default] Successfully bumped revision number for resource 2acb65b1-62f5-4c84-9c4e-29cb07b29540 (type: security_group_rules) to 0
2026-07-30 21:45:23.547 7 INFO neutron.db.ovn_revision_numbers_db [None req-7763d26f-813a-44b3-b216-a2c5c7a3f333 8035e74e34e34eca94256b422e7a7130 4b165efd78844c99a24c2a318650806f - - default default] Successfully bumped revision number for resource 6aec01c6-4633-4502-89d8-5f5b8deb62a9 (type: security_group_rules) to 0
2026-07-30 21:45:23.588 8 WARNING neutron.scheduler.dhcp_agent_scheduler [None req-0d9a8d46-7fc7-4368-8da5-db98cc496419 - - - - - -] No more DHCP agents [pid: 7|app: 0|req: 633/1205] 10.0.0.214 () {32 vars in 774 bytes} [Thu Jul 30 21:45:23 2026] GET /v2.0/security-groups?tenant_id=761b02f6ce0b4c5bac0724f43d3ccb0f&name=default => generated 2925 bytes in 483 msecs (HTTP/1.1 200) 4 headers in 158 bytes (1 switches on core 0)
2026-07-30 21:45:23.590 8 WARNING neutron.api.rpc.agentnotifiers.dhcp_rpc_agent_api [None req-0d9a8d46-7fc7-4368-8da5-db98cc496419 - - - - - -] Unable to schedule network 44569e10-95d3-4a51-af7a-3cb2e829fa7f: no agents available; will retry on subsequent port and subnet creation events. [pid: 7|app: 0|req: 634/1206] 10.0.0.214 () {34 vars in 753 bytes} [Thu Jul 30 21:45:23 2026] PUT /v2.0/networks/667d1aaa-39e3-4783-95c2-2b28ace67b17/tags => generated 25 bytes in 85 msecs (HTTP/1.1 200) 4 headers in 156 bytes (1 switches on core 0)
2026-07-30 21:45:23.751 8 INFO neutron.db.ovn_revision_numbers_db [None req-0d9a8d46-7fc7-4368-8da5-db98cc496419 - - - - - -] Successfully bumped revision number for resource 198635b7-5fe0-4d4f-b789-72bd8e8ab057 (type: ports) to 1 [pid: 7|app: 0|req: 635/1207] 10.0.0.214 () {32 vars in 740 bytes} [Thu Jul 30 21:45:23 2026] DELETE /v2.0/security-groups/ee7d5f5c-0ed0-4460-825d-275f03687493 => generated 0 bytes in 362 msecs (HTTP/1.1 204) 2 headers in 112 bytes (1 switches on core 0)
2026-07-30 21:45:24.077 8 INFO neutron.db.ovn_revision_numbers_db [None req-0d9a8d46-7fc7-4368-8da5-db98cc496419 - - - - - -] Successfully bumped revision number for resource 198635b7-5fe0-4d4f-b789-72bd8e8ab057 (type: ports) to 3 [pid: 7|app: 0|req: 636/1208] 10.0.0.214 () {32 vars in 733 bytes} [Thu Jul 30 21:45:24 2026] GET /v2.0/networks/667d1aaa-39e3-4783-95c2-2b28ace67b17/tags => generated 25 bytes in 40 msecs (HTTP/1.1 200) 4 headers in 156 bytes (1 switches on core 0)
2026-07-30 21:45:24.139 8 INFO neutron.db.segments_db [None req-0d9a8d46-7fc7-4368-8da5-db98cc496419 - - - - - -] Added segment a1df496f-4c8a-4512-9c9c-4e2e93242995 of type geneve for network 0d42e53d-1c31-4c8f-ab5a-4bda3a1935d4 [pid: 7|app: 0|req: 637/1209] 10.0.0.214 () {34 vars in 753 bytes} [Thu Jul 30 21:45:24 2026] PUT /v2.0/networks/701d7b63-9c17-4f33-bee9-b667983d5a99/tags => generated 17 bytes in 75 msecs (HTTP/1.1 200) 4 headers in 156 bytes (1 switches on core 0) [pid: 7|app: 0|req: 638/1210] 10.0.0.214 () {32 vars in 733 bytes} [Thu Jul 30 21:45:24 2026] GET /v2.0/networks/701d7b63-9c17-4f33-bee9-b667983d5a99/tags => generated 17 bytes in 48 msecs (HTTP/1.1 200) 4 headers in 156 bytes (1 switches on core 0)
2026-07-30 21:45:24.287 8 INFO neutron.db.ovn_revision_numbers_db [None req-d279a782-cf67-4ba1-86ec-4fc7d752e444 - - - - - -] Successfully bumped revision number for resource 0d42e53d-1c31-4c8f-ab5a-4bda3a1935d4 (type: networks) to 1 [pid: 7|app: 0|req: 639/1211] 10.0.0.146 () {34 vars in 990 bytes} [Thu Jul 30 21:45:24 2026] GET /v2.0/ports?device_id=5ba52b29-a2fe-4dbe-995c-39db8a0dae58 => generated 975 bytes in 106 msecs (HTTP/1.1 200) 4 headers in 157 bytes (1 switches on core 0) [pid: 7|app: 0|req: 640/1212] 10.0.0.214 () {34 vars in 753 bytes} [Thu Jul 30 21:45:24 2026] PUT /v2.0/networks/701d7b63-9c17-4f33-bee9-b667983d5a99/tags => generated 12 bytes in 71 msecs (HTTP/1.1 200) 4 headers in 156 bytes (1 switches on core 0) [pid: 7|app: 0|req: 641/1213] 10.0.0.146 () {34 vars in 1040 bytes} [Thu Jul 30 21:45:24 2026] GET /v2.0/security-groups?id=2fce8d00-9336-4e91-884e-9657a2acb70c&fields=id&fields=name => generated 114 bytes in 28 msecs (HTTP/1.1 200) 4 headers in 157 bytes (1 switches on core 0)
2026-07-30 21:45:24.454 8 WARNING neutron.scheduler.dhcp_agent_scheduler [None req-d279a782-cf67-4ba1-86ec-4fc7d752e444 - - - - - -] No more DHCP agents
2026-07-30 21:45:24.455 8 WARNING neutron.api.rpc.agentnotifiers.dhcp_rpc_agent_api [None req-d279a782-cf67-4ba1-86ec-4fc7d752e444 - - - - - -] Unable to schedule network 0d42e53d-1c31-4c8f-ab5a-4bda3a1935d4: no agents available; will retry on subsequent port and subnet creation events. [pid: 7|app: 0|req: 642/1214] 199.19.213.123 () {34 vars in 994 bytes} [Thu Jul 30 21:45:24 2026] GET /v2.0/ports?device_id=5ba52b29-a2fe-4dbe-995c-39db8a0dae58 => generated 975 bytes in 46 msecs (HTTP/1.1 200) 4 headers in 157 bytes (1 switches on core 0) [pid: 7|app: 0|req: 643/1215] 10.0.0.214 () {32 vars in 733 bytes} [Thu Jul 30 21:45:24 2026] GET /v2.0/networks/701d7b63-9c17-4f33-bee9-b667983d5a99/tags => generated 12 bytes in 60 msecs (HTTP/1.1 200) 4 headers in 156 bytes (1 switches on core 0)
2026-07-30 21:45:24.589 8 INFO neutron.db.ovn_revision_numbers_db [None req-d279a782-cf67-4ba1-86ec-4fc7d752e444 - - - - - -] Successfully bumped revision number for resource 20dea5e2-3ba8-4959-a489-1bdec413456b (type: ports) to 1
2026-07-30 21:45:24.635 7 INFO neutron_taas.services.taas.taas_plugin [req-83892308-25e5-4f79-8ae4-3d0e0c25cd14 req-9df90207-2b2a-4fae-947d-a7675aa037a8 17815affd0e747a5ba235cd6c1c003a9 bb5ff5fa40c94c5987a3e119488e637c - - default default] TaaS: Handle Delete Port: 9c4d0d97-fe00-4dce-9590-8266a199aeb0
2026-07-30 21:45:24.638 7 INFO neutron_taas.services.taas.tap_mirror_plugin [req-83892308-25e5-4f79-8ae4-3d0e0c25cd14 req-9df90207-2b2a-4fae-947d-a7675aa037a8 17815affd0e747a5ba235cd6c1c003a9 bb5ff5fa40c94c5987a3e119488e637c - - default default] Tap Mirror: Handle Delete Port: 9c4d0d97-fe00-4dce-9590-8266a199aeb0
2026-07-30 21:45:24.743 8 WARNING neutron.scheduler.dhcp_agent_scheduler [None req-d279a782-cf67-4ba1-86ec-4fc7d752e444 - - - - - -] No more DHCP agents
2026-07-30 21:45:24.744 8 WARNING neutron.api.rpc.agentnotifiers.dhcp_rpc_agent_api [None req-d279a782-cf67-4ba1-86ec-4fc7d752e444 - - - - - -] Unable to schedule network 0d42e53d-1c31-4c8f-ab5a-4bda3a1935d4: no agents available; will retry on subsequent port and subnet creation events.
2026-07-30 21:45:24.787 8 INFO neutron.db.ovn_revision_numbers_db [None req-d279a782-cf67-4ba1-86ec-4fc7d752e444 - - - - - -] Successfully bumped revision number for resource 557cab8f-e430-4fa7-a11f-e21aac9cc4c9 (type: subnets) to 0 [pid: 7|app: 0|req: 644/1216] 199.19.213.123 () {36 vars in 997 bytes} [Thu Jul 30 21:45:24 2026] DELETE /v2.0/ports/9c4d0d97-fe00-4dce-9590-8266a199aeb0 => generated 0 bytes in 294 msecs (HTTP/1.1 204) 3 headers in 131 bytes (1 switches on core 0)
2026-07-30 21:45:24.862 7 INFO neutron.notifiers.nova [-] Nova event matching ['req-27119d8a-fdc5-4d66-994d-7c09a466e02b'] response: {'server_uuid': '5ba52b29-a2fe-4dbe-995c-39db8a0dae58', 'name': 'network-vif-deleted', 'tag': '9c4d0d97-fe00-4dce-9590-8266a199aeb0', 'status': 'completed', 'code': 200} [pid: 7|app: 0|req: 645/1217] 10.0.0.214 () {32 vars in 733 bytes} [Thu Jul 30 21:45:24 2026] GET /v2.0/networks/667d1aaa-39e3-4783-95c2-2b28ace67b17/tags => generated 25 bytes in 47 msecs (HTTP/1.1 200) 4 headers in 156 bytes (1 switches on core 0)
2026-07-30 21:45:24.972 7 INFO neutron_taas.services.taas.taas_plugin [None req-e39ba96f-be9d-452e-90ee-9b835ba032a2 d5244a5d1ec2407ebfdc17b112bbd498 c546f8796f434241898c4a9ec44d2fad - - default default] TaaS: Handle Delete Port: 7b060cfa-9a5d-4a5c-acc7-d6cb410da5e1
2026-07-30 21:45:24.974 7 INFO neutron_taas.services.taas.tap_mirror_plugin [None req-e39ba96f-be9d-452e-90ee-9b835ba032a2 d5244a5d1ec2407ebfdc17b112bbd498 c546f8796f434241898c4a9ec44d2fad - - default default] Tap Mirror: Handle Delete Port: 7b060cfa-9a5d-4a5c-acc7-d6cb410da5e1
2026-07-30 21:45:25.207 8 WARNING neutron.scheduler.dhcp_agent_scheduler [None req-d279a782-cf67-4ba1-86ec-4fc7d752e444 - - - - - -] No more DHCP agents
2026-07-30 21:45:25.209 8 WARNING neutron.api.rpc.agentnotifiers.dhcp_rpc_agent_api [None req-d279a782-cf67-4ba1-86ec-4fc7d752e444 - - - - - -] Unable to schedule network 0d42e53d-1c31-4c8f-ab5a-4bda3a1935d4: no agents available; will retry on subsequent port and subnet creation events.
2026-07-30 21:45:25.213 7 INFO neutron.services.segments.plugin [-] Segment 7e6ecfd3-f3b4-466a-8d9a-170e36abb505 resource provider aggregate not found
2026-07-30 21:45:25.217 7 INFO neutron.services.segments.plugin [-] Segment 7e6ecfd3-f3b4-466a-8d9a-170e36abb505 resource provider aggregate not found
2026-07-30 21:45:25.228 7 INFO neutron.services.segments.plugin [-] Segment 7e6ecfd3-f3b4-466a-8d9a-170e36abb505 resource provider not found; error: Placement Client Error (4xx): {"errors": [{"status": 404, "title": "Not Found", "detail": "The resource could not be found.\n\n No resource provider with uuid 7e6ecfd3-f3b4-466a-8d9a-170e36abb505 found for delete ", "request_id": "req-374669b9-4d50-4fdb-8c5f-90ce6a934aae"}]}
2026-07-30 21:45:25.234 7 INFO neutron.services.segments.plugin [-] Segment 7e6ecfd3-f3b4-466a-8d9a-170e36abb505 resource provider not found; error: Placement Client Error (4xx): {"errors": [{"status": 404, "title": "Not Found", "detail": "The resource could not be found.\n\n No resource provider with uuid 7e6ecfd3-f3b4-466a-8d9a-170e36abb505 found for delete ", "request_id": "req-80ee0bfc-f3c5-4f33-8e01-9fed91599ec6"}]} [pid: 7|app: 0|req: 646/1218] 10.0.0.214 () {32 vars in 726 bytes} [Thu Jul 30 21:45:24 2026] DELETE /v2.0/networks/667d1aaa-39e3-4783-95c2-2b28ace67b17 => generated 0 bytes in 417 msecs (HTTP/1.1 204) 3 headers in 131 bytes (1 switches on core 0)
2026-07-30 21:45:25.403 8 INFO neutron.db.ovn_revision_numbers_db [None req-d279a782-cf67-4ba1-86ec-4fc7d752e444 - - - - - -] Successfully bumped revision number for resource 8ee5e5e8-6e96-4254-be6d-10220deb160f (type: ports) to 1
2026-07-30 21:45:25.476 7 INFO neutron_taas.services.taas.taas_plugin [None req-847379d8-199d-4d88-b35d-241b8164bfad d5244a5d1ec2407ebfdc17b112bbd498 c546f8796f434241898c4a9ec44d2fad - - default default] TaaS: Handle Delete Port: 37cf105c-9f33-439a-abc7-ed96c35023b0
2026-07-30 21:45:25.482 7 INFO neutron_taas.services.taas.tap_mirror_plugin [None req-847379d8-199d-4d88-b35d-241b8164bfad d5244a5d1ec2407ebfdc17b112bbd498 c546f8796f434241898c4a9ec44d2fad - - default default] Tap Mirror: Handle Delete Port: 37cf105c-9f33-439a-abc7-ed96c35023b0
2026-07-30 21:45:25.688 8 WARNING neutron.plugins.ml2.drivers.ovn.mech_driver.ovsdb.ovn_client [None req-025c483f-1e6f-4a35-8d00-298207e4f2e1 - - - - - -] No hosting information found for port a892a392-2df9-4202-a86a-3b8521ebad4f: RuntimeError: No hosting information found for port a892a392-2df9-4202-a86a-3b8521ebad4f
2026-07-30 21:45:25.689 8 INFO neutron.plugins.ml2.drivers.ovn.mech_driver.mech_driver [None req-025c483f-1e6f-4a35-8d00-298207e4f2e1 - - - - - -] OVN reports status up for port: d4f2a668-88ad-4eee-a213-c5e7ae05291e
2026-07-30 21:45:25.742 8 INFO neutron.plugins.ml2.plugin [None req-025c483f-1e6f-4a35-8d00-298207e4f2e1 - - - - - -] Attempt 1 to provision port d4f2a668-88ad-4eee-a213-c5e7ae05291e [pid: 7|app: 0|req: 647/1219] 10.0.0.214 () {32 vars in 726 bytes} [Thu Jul 30 21:45:25 2026] DELETE /v2.0/networks/701d7b63-9c17-4f33-bee9-b667983d5a99 => generated 0 bytes in 509 msecs (HTTP/1.1 204) 3 headers in 131 bytes (1 switches on core 0) [pid: 7|app: 0|req: 648/1220] 10.0.0.146 () {34 vars in 990 bytes} [Thu Jul 30 21:45:25 2026] GET /v2.0/ports?device_id=5ba52b29-a2fe-4dbe-995c-39db8a0dae58 => generated 12 bytes in 18 msecs (HTTP/1.1 200) 4 headers in 156 bytes (1 switches on core 0)
2026-07-30 21:45:26.174 8 INFO neutron.db.ovn_revision_numbers_db [None req-025c483f-1e6f-4a35-8d00-298207e4f2e1 - - - - - -] Successfully bumped revision number for resource d4f2a668-88ad-4eee-a213-c5e7ae05291e (type: ports) to 4
2026-07-30 21:45:26.366 8 INFO neutron.plugins.ml2.drivers.ovn.mech_driver.mech_driver [None req-cf77e0f4-96e8-4ecc-b344-589f16ddec02 - - - - - -] OVN reports status down for port: 37cf105c-9f33-439a-abc7-ed96c35023b0
2026-07-30 21:45:26.384 8 INFO neutron.plugins.ml2.drivers.ovn.mech_driver.mech_driver [None req-cf77e0f4-96e8-4ecc-b344-589f16ddec02 - - - - - -] OVN reports status down for port: 20dea5e2-3ba8-4959-a489-1bdec413456b
2026-07-30 21:45:26.488 8 WARNING neutron.scheduler.dhcp_agent_scheduler [None req-d279a782-cf67-4ba1-86ec-4fc7d752e444 - - - - - -] No more DHCP agents
2026-07-30 21:45:26.490 8 WARNING neutron.api.rpc.agentnotifiers.dhcp_rpc_agent_api [None req-d279a782-cf67-4ba1-86ec-4fc7d752e444 - - - - - -] Unable to schedule network 0d42e53d-1c31-4c8f-ab5a-4bda3a1935d4: no agents available; will retry on subsequent port and subnet creation events.
2026-07-30 21:45:26.550 8 INFO neutron.plugins.ml2.drivers.ovn.mech_driver.mech_driver [None req-cf77e0f4-96e8-4ecc-b344-589f16ddec02 - - - - - -] OVN reports status down for port: 8ee5e5e8-6e96-4254-be6d-10220deb160f
2026-07-30 21:45:26.669 8 WARNING neutron.plugins.ml2.drivers.ovn.mech_driver.ovsdb.ovn_client [None req-cf77e0f4-96e8-4ecc-b344-589f16ddec02 - - - - - -] Logical_Switch_Port %s host information not removed, the port state is up
2026-07-30 21:45:26.670 8 INFO neutron.plugins.ml2.drivers.ovn.mech_driver.mech_driver [None req-cf77e0f4-96e8-4ecc-b344-589f16ddec02 - - - - - -] OVN reports status up for port: 8ee5e5e8-6e96-4254-be6d-10220deb160f
2026-07-30 21:45:26.710 8 INFO neutron.plugins.ml2.plugin [None req-cf77e0f4-96e8-4ecc-b344-589f16ddec02 - - - - - -] Attempt 1 to provision port 8ee5e5e8-6e96-4254-be6d-10220deb160f
2026-07-30 21:45:26.990 7 INFO neutron.db.ovn_revision_numbers_db [None req-805f31e4-555b-45e6-ad2b-934bf8ccf73c 8035e74e34e34eca94256b422e7a7130 4b165efd78844c99a24c2a318650806f - - default default] Successfully bumped revision number for resource 3a870338-92f3-45b4-ae8c-495fc50b7b9d (type: security_groups) to 1
2026-07-30 21:45:27.027 7 INFO neutron.db.ovn_revision_numbers_db [None req-805f31e4-555b-45e6-ad2b-934bf8ccf73c 8035e74e34e34eca94256b422e7a7130 4b165efd78844c99a24c2a318650806f - - default default] Successfully bumped revision number for resource 4881b31d-0140-4e5f-9b9d-0216611d78a4 (type: security_group_rules) to 0
2026-07-30 21:45:27.062 7 INFO neutron.db.ovn_revision_numbers_db [None req-805f31e4-555b-45e6-ad2b-934bf8ccf73c 8035e74e34e34eca94256b422e7a7130 4b165efd78844c99a24c2a318650806f - - default default] Successfully bumped revision number for resource 5f0b231c-9bb8-4d83-a023-eb4316ede19c (type: security_group_rules) to 0
2026-07-30 21:45:27.100 7 INFO neutron.db.ovn_revision_numbers_db [None req-805f31e4-555b-45e6-ad2b-934bf8ccf73c 8035e74e34e34eca94256b422e7a7130 4b165efd78844c99a24c2a318650806f - - default default] Successfully bumped revision number for resource ab0be6c1-d3d2-4387-8f33-fb0555a8a361 (type: security_group_rules) to 0
2026-07-30 21:45:27.146 7 INFO neutron.db.ovn_revision_numbers_db [None req-805f31e4-555b-45e6-ad2b-934bf8ccf73c 8035e74e34e34eca94256b422e7a7130 4b165efd78844c99a24c2a318650806f - - default default] Successfully bumped revision number for resource e84e3387-bd6f-4e16-a7fe-7edad091e034 (type: security_group_rules) to 0 [pid: 7|app: 0|req: 651/1223] 10.0.0.214 () {32 vars in 774 bytes} [Thu Jul 30 21:45:26 2026] GET /v2.0/security-groups?tenant_id=0679a921623148b99cf7624642f4efac&name=default => generated 2925 bytes in 508 msecs (HTTP/1.1 200) 4 headers in 158 bytes (1 switches on core 0) [pid: 7|app: 0|req: 652/1224] 10.0.0.146 () {34 vars in 990 bytes} [Thu Jul 30 21:45:27 2026] GET /v2.0/ports?device_id=5ba52b29-a2fe-4dbe-995c-39db8a0dae58 => generated 12 bytes in 13 msecs (HTTP/1.1 200) 4 headers in 156 bytes (1 switches on core 0)
2026-07-30 21:45:27.250 7 INFO neutron.services.segments.plugin [-] Segment 661e15e6-b83f-40fa-a106-0918eaaa2d99 resource provider aggregate not found
2026-07-30 21:45:27.257 7 INFO neutron.services.segments.plugin [-] Segment 661e15e6-b83f-40fa-a106-0918eaaa2d99 resource provider aggregate not found
2026-07-30 21:45:27.267 7 INFO neutron.services.segments.plugin [-] Segment 661e15e6-b83f-40fa-a106-0918eaaa2d99 resource provider not found; error: Placement Client Error (4xx): {"errors": [{"status": 404, "title": "Not Found", "detail": "The resource could not be found.\n\n No resource provider with uuid 661e15e6-b83f-40fa-a106-0918eaaa2d99 found for delete ", "request_id": "req-30b6a6dc-d484-415e-b01f-c788c87cce8a"}]}
2026-07-30 21:45:27.278 7 INFO neutron.services.segments.plugin [-] Segment 661e15e6-b83f-40fa-a106-0918eaaa2d99 resource provider not found; error: Placement Client Error (4xx): {"errors": [{"status": 404, "title": "Not Found", "detail": "The resource could not be found.\n\n No resource provider with uuid 661e15e6-b83f-40fa-a106-0918eaaa2d99 found for delete ", "request_id": "req-d6d2f4ad-a6e9-44b1-96c4-2646e8ac53ca"}]}
2026-07-30 21:45:27.295 8 INFO neutron.db.ovn_revision_numbers_db [None req-d279a782-cf67-4ba1-86ec-4fc7d752e444 - - - - - -] Successfully bumped revision number for resource 8ee5e5e8-6e96-4254-be6d-10220deb160f (type: router_ports) to 1
2026-07-30 21:45:27.654 8 INFO neutron.db.ovn_revision_numbers_db [None req-cf77e0f4-96e8-4ecc-b344-589f16ddec02 - - - - - -] Successfully bumped revision number for resource 8ee5e5e8-6e96-4254-be6d-10220deb160f (type: ports) to 2 [pid: 7|app: 0|req: 653/1225] 10.0.0.214 () {32 vars in 740 bytes} [Thu Jul 30 21:45:27 2026] DELETE /v2.0/security-groups/3a870338-92f3-45b4-ae8c-495fc50b7b9d => generated 0 bytes in 485 msecs (HTTP/1.1 204) 2 headers in 112 bytes (1 switches on core 0)
2026-07-30 21:45:27.783 8 WARNING neutron.scheduler.dhcp_agent_scheduler [None req-d279a782-cf67-4ba1-86ec-4fc7d752e444 - - - - - -] No more DHCP agents
2026-07-30 21:45:27.786 8 WARNING neutron.api.rpc.agentnotifiers.dhcp_rpc_agent_api [None req-d279a782-cf67-4ba1-86ec-4fc7d752e444 - - - - - -] Unable to schedule network 0d42e53d-1c31-4c8f-ab5a-4bda3a1935d4: no agents available; will retry on subsequent port and subnet creation events. [pid: 7|app: 0|req: 654/1226] 10.0.0.214 () {32 vars in 774 bytes} [Thu Jul 30 21:45:27 2026] GET /v2.0/security-groups?tenant_id=c546f8796f434241898c4a9ec44d2fad&name=default => generated 2925 bytes in 29 msecs (HTTP/1.1 200) 4 headers in 158 bytes (1 switches on core 0)
2026-07-30 21:45:27.929 8 INFO neutron.db.ovn_revision_numbers_db [None req-d279a782-cf67-4ba1-86ec-4fc7d752e444 - - - - - -] Successfully bumped revision number for resource 19f85559-a202-4c2a-9b63-54e07a68b5f0 (type: ports) to 1
2026-07-30 21:45:27.977 7 WARNING neutron.plugins.ml2.drivers.ovn.mech_driver.ovsdb.ovn_client [None req-8408440c-464f-4db0-ba96-17c36c6c1306 - - - - - -] No hosting information found for port a18f0630-771e-4dc5-977b-75ef2f9bf060: RuntimeError: No hosting information found for port a18f0630-771e-4dc5-977b-75ef2f9bf060
2026-07-30 21:45:28.123 7 INFO neutron.db.ovn_revision_numbers_db [None req-8408440c-464f-4db0-ba96-17c36c6c1306 - - - - - -] Successfully bumped revision number for resource a18f0630-771e-4dc5-977b-75ef2f9bf060 (type: router_ports) to 2
2026-07-30 21:45:28.176 7 INFO neutron.plugins.ml2.drivers.ovn.mech_driver.mech_driver [None req-8408440c-464f-4db0-ba96-17c36c6c1306 - - - - - -] OVN reports status down for port: 9c4d0d97-fe00-4dce-9590-8266a199aeb0
2026-07-30 21:45:28.190 7 INFO neutron.plugins.ml2.drivers.ovn.mech_driver.mech_driver [None req-8408440c-464f-4db0-ba96-17c36c6c1306 - - - - - -] OVN reports status down for port: 198635b7-5fe0-4d4f-b789-72bd8e8ab057
2026-07-30 21:45:28.225 8 INFO neutron.db.ovn_revision_numbers_db [None req-d279a782-cf67-4ba1-86ec-4fc7d752e444 - - - - - -] Successfully bumped revision number for resource 19f85559-a202-4c2a-9b63-54e07a68b5f0 (type: ports) to 3 [pid: 7|app: 0|req: 655/1227] 10.0.0.214 () {32 vars in 740 bytes} [Thu Jul 30 21:45:27 2026] DELETE /v2.0/security-groups/f456c6b5-560c-4017-9d40-3e182e133f32 => generated 0 bytes in 400 msecs (HTTP/1.1 204) 2 headers in 112 bytes (1 switches on core 0)
2026-07-30 21:45:28.268 7 INFO neutron.plugins.ml2.drivers.ovn.mech_driver.mech_driver [None req-8408440c-464f-4db0-ba96-17c36c6c1306 - - - - - -] OVN reports status down for port: 19f85559-a202-4c2a-9b63-54e07a68b5f0 [pid: 7|app: 0|req: 656/1228] 10.0.0.214 () {32 vars in 740 bytes} [Thu Jul 30 21:45:28 2026] DELETE /v2.0/security-groups/2fce8d00-9336-4e91-884e-9657a2acb70c => generated 0 bytes in 433 msecs (HTTP/1.1 204) 2 headers in 112 bytes (1 switches on core 0) [pid: 8|app: 0|req: 573/1229] 10.0.0.214 () {34 vars in 685 bytes} [Thu Jul 30 21:45:22 2026] POST /v2.0/vpn/vpnservices => generated 457 bytes in 6089 msecs (HTTP/1.1 201) 4 headers in 162 bytes (1 switches on core 0) [pid: 8|app: 0|req: 574/1230] 10.0.0.214 () {32 vars in 663 bytes} [Thu Jul 30 21:45:28 2026] GET /v2.0/vpn/vpnservices => generated 1304 bytes in 10 msecs (HTTP/1.1 200) 4 headers in 158 bytes (1 switches on core 0)
2026-07-30 21:45:29.009 7 INFO neutron_taas.services.taas.taas_plugin [None req-5fe4e863-e929-4c31-8b85-b349679b3f17 17815affd0e747a5ba235cd6c1c003a9 bb5ff5fa40c94c5987a3e119488e637c - - default default] TaaS: Handle Delete Port: a6ebc047-c05d-417e-b532-c01544e7569e
2026-07-30 21:45:29.012 7 INFO neutron_taas.services.taas.tap_mirror_plugin [None req-5fe4e863-e929-4c31-8b85-b349679b3f17 17815affd0e747a5ba235cd6c1c003a9 bb5ff5fa40c94c5987a3e119488e637c - - default default] Tap Mirror: Handle Delete Port: a6ebc047-c05d-417e-b532-c01544e7569e
2026-07-30 21:45:29.326 8 INFO neutron_taas.services.taas.taas_plugin [None req-2bddf677-8276-4f86-a2a3-c17b0f8117c5 7ff6e7b69ca44552ae78ae64520778a1 9ed7becb15884e43bb2525bba73961af - - default default] TaaS: Handle Delete Port: 198635b7-5fe0-4d4f-b789-72bd8e8ab057
2026-07-30 21:45:29.329 8 INFO neutron_taas.services.taas.tap_mirror_plugin [None req-2bddf677-8276-4f86-a2a3-c17b0f8117c5 7ff6e7b69ca44552ae78ae64520778a1 9ed7becb15884e43bb2525bba73961af - - default default] Tap Mirror: Handle Delete Port: 198635b7-5fe0-4d4f-b789-72bd8e8ab057 [pid: 7|app: 0|req: 657/1231] 10.0.0.214 () {34 vars in 789 bytes} [Thu Jul 30 21:45:28 2026] PUT /v2.0/routers/b0361576-c2bd-48b8-8038-afb982a55ef5/remove_router_interface => generated 309 bytes in 866 msecs (HTTP/1.1 200) 4 headers in 157 bytes (1 switches on core 0) /var/lib/openstack/lib/python3.12/site-packages/pycadf/identifier.py:70: UserWarning: Invalid uuid: neutron. To ensure interoperability, identifiers should be a valid uuid. warnings.warn(('Invalid uuid: %s. To ensure interoperability, '
2026-07-30 21:45:29.652 8 INFO neutron_taas.services.taas.taas_plugin [None req-6d95bdd7-4cfc-4ce4-a85b-1a5a94ebcaa7 - - - - - -] TaaS: Handle Delete Port: 19f85559-a202-4c2a-9b63-54e07a68b5f0
2026-07-30 21:45:29.654 8 INFO neutron_taas.services.taas.tap_mirror_plugin [None req-6d95bdd7-4cfc-4ce4-a85b-1a5a94ebcaa7 - - - - - -] Tap Mirror: Handle Delete Port: 19f85559-a202-4c2a-9b63-54e07a68b5f0 [pid: 7|app: 0|req: 658/1232] 10.0.0.214 () {32 vars in 724 bytes} [Thu Jul 30 21:45:29 2026] DELETE /v2.0/subnets/cadba812-6e25-4e56-8c06-de4421613418 => generated 0 bytes in 222 msecs (HTTP/1.1 204) 3 headers in 131 bytes (1 switches on core 0)
2026-07-30 21:45:30.044 8 INFO neutron_taas.services.taas.taas_plugin [None req-8c964dc2-05ff-476a-9db6-cce493b7467d - - - - - -] TaaS: Handle Delete Port: 8ee5e5e8-6e96-4254-be6d-10220deb160f
2026-07-30 21:45:30.047 8 INFO neutron_taas.services.taas.tap_mirror_plugin [None req-8c964dc2-05ff-476a-9db6-cce493b7467d - - - - - -] Tap Mirror: Handle Delete Port: 8ee5e5e8-6e96-4254-be6d-10220deb160f
2026-07-30 21:45:30.192 7 INFO neutron_taas.services.taas.taas_plugin [None req-0e7d2207-a1b1-4570-9f31-c24bd0350fdc 17815affd0e747a5ba235cd6c1c003a9 bb5ff5fa40c94c5987a3e119488e637c - - default default] TaaS: Handle Delete Port: 2037d168-cb83-4f2b-9fcc-681f0fec0e2d
2026-07-30 21:45:30.195 7 INFO neutron_taas.services.taas.tap_mirror_plugin [None req-0e7d2207-a1b1-4570-9f31-c24bd0350fdc 17815affd0e747a5ba235cd6c1c003a9 bb5ff5fa40c94c5987a3e119488e637c - - default default] Tap Mirror: Handle Delete Port: 2037d168-cb83-4f2b-9fcc-681f0fec0e2d [pid: 7|app: 0|req: 659/1233] 10.0.0.214 () {32 vars in 724 bytes} [Thu Jul 30 21:45:29 2026] DELETE /v2.0/routers/b0361576-c2bd-48b8-8038-afb982a55ef5 => generated 0 bytes in 980 msecs (HTTP/1.1 204) 2 headers in 112 bytes (1 switches on core 0)
2026-07-30 21:45:30.919 7 INFO neutron_taas.services.taas.taas_plugin [None req-140b565c-80bc-4889-b0ed-82b6122e04c0 17815affd0e747a5ba235cd6c1c003a9 bb5ff5fa40c94c5987a3e119488e637c - - default default] TaaS: Handle Delete Port: 8707dbaa-c369-4ffb-b8c6-85f94e5b492b
2026-07-30 21:45:30.921 7 INFO neutron_taas.services.taas.tap_mirror_plugin [None req-140b565c-80bc-4889-b0ed-82b6122e04c0 17815affd0e747a5ba235cd6c1c003a9 bb5ff5fa40c94c5987a3e119488e637c - - default default] Tap Mirror: Handle Delete Port: 8707dbaa-c369-4ffb-b8c6-85f94e5b492b
2026-07-30 21:45:30.994 8 INFO neutron_taas.services.taas.taas_plugin [None req-8c964dc2-05ff-476a-9db6-cce493b7467d - - - - - -] TaaS: Handle Delete Port: 20dea5e2-3ba8-4959-a489-1bdec413456b
