2026-07-30 21:44:55.913 8 INFO neutron.db.ovn_revision_numbers_db [None req-37cfa821-1b22-4cd0-8659-ce467d501cd7 8035e74e34e34eca94256b422e7a7130 4b165efd78844c99a24c2a318650806f - - default default] Successfully bumped revision number for resource dc509e56-59bc-419d-bb92-9eb54f3c8a13 (type: security_groups) to 1
2026-07-30 21:44:55.944 8 INFO neutron.db.ovn_revision_numbers_db [None req-37cfa821-1b22-4cd0-8659-ce467d501cd7 8035e74e34e34eca94256b422e7a7130 4b165efd78844c99a24c2a318650806f - - default default] Successfully bumped revision number for resource 2c460687-1328-40ef-8d8a-3692621f131e (type: security_group_rules) to 0
2026-07-30 21:44:55.993 8 INFO neutron.db.ovn_revision_numbers_db [None req-37cfa821-1b22-4cd0-8659-ce467d501cd7 8035e74e34e34eca94256b422e7a7130 4b165efd78844c99a24c2a318650806f - - default default] Successfully bumped revision number for resource a83ad06d-ca0d-42f1-9cb4-be080b79dc28 (type: security_group_rules) to 0 [pid: 7|app: 0|req: 533/1025] 10.0.0.214 () {32 vars in 720 bytes} [Thu Jul 30 21:44:55 2026] DELETE /v2.0/ports/f76a844a-8e5f-4cfc-ac10-a51e0d030104 => generated 0 bytes in 251 msecs (HTTP/1.1 204) 3 headers in 131 bytes (1 switches on core 0)
2026-07-30 21:44:56.047 8 INFO neutron.db.ovn_revision_numbers_db [None req-37cfa821-1b22-4cd0-8659-ce467d501cd7 8035e74e34e34eca94256b422e7a7130 4b165efd78844c99a24c2a318650806f - - default default] Successfully bumped revision number for resource c5f28ebb-b283-47a5-baf3-304ad4f03291 (type: security_group_rules) to 0
2026-07-30 21:44:56.092 8 INFO neutron.db.ovn_revision_numbers_db [None req-37cfa821-1b22-4cd0-8659-ce467d501cd7 8035e74e34e34eca94256b422e7a7130 4b165efd78844c99a24c2a318650806f - - default default] Successfully bumped revision number for resource f7eebc63-140c-4072-a4de-bc0963217fb0 (type: security_group_rules) to 0 [pid: 8|app: 0|req: 493/1026] 10.0.0.214 () {32 vars in 774 bytes} [Thu Jul 30 21:44:55 2026] GET /v2.0/security-groups?tenant_id=54ff1fe469eb492dbe0c69b8570e980b&name=default => generated 2925 bytes in 497 msecs (HTTP/1.1 200) 4 headers in 158 bytes (1 switches on core 0)
2026-07-30 21:44:56.208 7 INFO neutron.db.ovn_revision_numbers_db [None req-b0b0bc9c-9b21-4e54-909e-d4d1ca2ac1af 8035e74e34e34eca94256b422e7a7130 4b165efd78844c99a24c2a318650806f - - default default] Successfully bumped revision number for resource a8d2fc8c-cc5b-4e7e-a969-ce833e745716 (type: security_groups) to 1
2026-07-30 21:44:56.228 7 INFO neutron.plugins.ml2.drivers.ovn.mech_driver.mech_driver [None req-1e40ccb5-4fd5-4667-986e-27e23eaac4ad - - - - - -] OVN reports status up for port: 6ee91cb5-f9a2-453c-ae5c-1581dd9ccc18
2026-07-30 21:44:56.257 7 INFO neutron.db.ovn_revision_numbers_db [None req-b0b0bc9c-9b21-4e54-909e-d4d1ca2ac1af 8035e74e34e34eca94256b422e7a7130 4b165efd78844c99a24c2a318650806f - - default default] Successfully bumped revision number for resource 6154cc58-c815-4b69-be46-ef9cf0d1a46f (type: security_group_rules) to 0
2026-07-30 21:44:56.264 7 INFO neutron.plugins.ml2.plugin [None req-1e40ccb5-4fd5-4667-986e-27e23eaac4ad - - - - - -] Attempt 1 to provision port 6ee91cb5-f9a2-453c-ae5c-1581dd9ccc18
2026-07-30 21:44:56.306 8 INFO neutron_taas.services.taas.taas_plugin [None req-36792e18-6929-4c51-b2e4-bb9ce745261c 1cf510b8238b464ba0322feaf84323da 84828004438f4012bb326d38d4d21e18 - - default default] TaaS: Handle Delete Port: dc33fe82-d66e-42fe-8170-0b0f41cc8559
2026-07-30 21:44:56.310 8 INFO neutron_taas.services.taas.tap_mirror_plugin [None req-36792e18-6929-4c51-b2e4-bb9ce745261c 1cf510b8238b464ba0322feaf84323da 84828004438f4012bb326d38d4d21e18 - - default default] Tap Mirror: Handle Delete Port: dc33fe82-d66e-42fe-8170-0b0f41cc8559
2026-07-30 21:44:56.318 7 INFO neutron.db.ovn_revision_numbers_db [None req-b0b0bc9c-9b21-4e54-909e-d4d1ca2ac1af 8035e74e34e34eca94256b422e7a7130 4b165efd78844c99a24c2a318650806f - - default default] Successfully bumped revision number for resource 6f9f7342-186b-4b16-a80c-8b2d3371076b (type: security_group_rules) to 0
2026-07-30 21:44:56.390 7 INFO neutron.db.ovn_revision_numbers_db [None req-b0b0bc9c-9b21-4e54-909e-d4d1ca2ac1af 8035e74e34e34eca94256b422e7a7130 4b165efd78844c99a24c2a318650806f - - default default] Successfully bumped revision number for resource a6eced8a-216b-476f-8502-fad9956b795f (type: security_group_rules) to 0
2026-07-30 21:44:56.405 7 INFO neutron.notifiers.nova [-] Nova event matching ['req-fc322217-66f4-42b2-b6e4-03b51c529021'] response: {'server_uuid': 'a1eb0f75-4405-4f7a-ac01-d3b84e23cd7c', 'name': 'network-vif-plugged', 'status': 'completed', 'tag': '6ee91cb5-f9a2-453c-ae5c-1581dd9ccc18', 'code': 200}
2026-07-30 21:44:56.474 7 INFO neutron.db.ovn_revision_numbers_db [None req-b0b0bc9c-9b21-4e54-909e-d4d1ca2ac1af 8035e74e34e34eca94256b422e7a7130 4b165efd78844c99a24c2a318650806f - - default default] Successfully bumped revision number for resource e398f9d8-5e68-419e-8d1d-9ad6030e5f32 (type: security_group_rules) to 0 [pid: 7|app: 0|req: 534/1027] 10.0.0.214 () {32 vars in 774 bytes} [Thu Jul 30 21:44:56 2026] GET /v2.0/security-groups?tenant_id=32faa205b8204b658bdbbffd4965c7ed&name=default => generated 2925 bytes in 501 msecs (HTTP/1.1 200) 4 headers in 158 bytes (1 switches on core 0) [pid: 8|app: 0|req: 494/1028] 10.0.0.214 () {32 vars in 720 bytes} [Thu Jul 30 21:44:56 2026] DELETE /v2.0/ports/dc33fe82-d66e-42fe-8170-0b0f41cc8559 => generated 0 bytes in 459 msecs (HTTP/1.1 204) 3 headers in 131 bytes (1 switches on core 0) [pid: 8|app: 0|req: 497/1031] 10.0.0.146 () {34 vars in 990 bytes} [Thu Jul 30 21:44:56 2026] GET /v2.0/ports?device_id=a1eb0f75-4405-4f7a-ac01-d3b84e23cd7c => generated 971 bytes in 40 msecs (HTTP/1.1 200) 4 headers in 157 bytes (1 switches on core 0)
2026-07-30 21:44:56.682 7 INFO neutron.db.ovn_revision_numbers_db [None req-1e40ccb5-4fd5-4667-986e-27e23eaac4ad - - - - - -] Successfully bumped revision number for resource 6ee91cb5-f9a2-453c-ae5c-1581dd9ccc18 (type: ports) to 5 [pid: 7|app: 0|req: 535/1032] 10.0.0.214 () {32 vars in 740 bytes} [Thu Jul 30 21:44:56 2026] DELETE /v2.0/security-groups/dc509e56-59bc-419d-bb92-9eb54f3c8a13 => generated 0 bytes in 416 msecs (HTTP/1.1 204) 2 headers in 112 bytes (1 switches on core 0) /var/lib/openstack/lib/python3.12/site-packages/pycadf/identifier.py:70: UserWarning: Invalid uuid: neutron. To ensure interoperability, identifiers should be a valid uuid. warnings.warn(('Invalid uuid: %s. To ensure interoperability, ' [pid: 8|app: 0|req: 498/1033] 10.0.0.214 () {32 vars in 740 bytes} [Thu Jul 30 21:44:56 2026] DELETE /v2.0/security-groups/a8d2fc8c-cc5b-4e7e-a969-ce833e745716 => generated 0 bytes in 345 msecs (HTTP/1.1 204) 2 headers in 112 bytes (1 switches on core 0) [pid: 8|app: 0|req: 499/1034] 10.0.0.146 () {34 vars in 1040 bytes} [Thu Jul 30 21:44:56 2026] GET /v2.0/security-groups?id=e6469e6c-d801-4237-b766-6c9a3220b5c7&fields=id&fields=name => generated 113 bytes in 30 msecs (HTTP/1.1 200) 4 headers in 157 bytes (1 switches on core 0)
2026-07-30 21:44:57.096 7 INFO neutron_taas.services.taas.taas_plugin [None req-f0d9b847-2eed-47a9-9185-0b2c6c407682 1cf510b8238b464ba0322feaf84323da 84828004438f4012bb326d38d4d21e18 - - default default] TaaS: Handle Delete Port: ae2b3448-99b8-46c8-843f-cbb5b072eae8
2026-07-30 21:44:57.100 7 INFO neutron_taas.services.taas.tap_mirror_plugin [None req-f0d9b847-2eed-47a9-9185-0b2c6c407682 1cf510b8238b464ba0322feaf84323da 84828004438f4012bb326d38d4d21e18 - - default default] Tap Mirror: Handle Delete Port: ae2b3448-99b8-46c8-843f-cbb5b072eae8 [pid: 7|app: 0|req: 536/1035] 10.0.0.214 () {32 vars in 720 bytes} [Thu Jul 30 21:44:56 2026] DELETE /v2.0/ports/ae2b3448-99b8-46c8-843f-cbb5b072eae8 => generated 0 bytes in 288 msecs (HTTP/1.1 204) 3 headers in 131 bytes (1 switches on core 0)
2026-07-30 21:44:57.328 8 INFO neutron.db.ovn_revision_numbers_db [None req-81caec68-d9f9-4f8a-823d-37a8e7eb4af1 8035e74e34e34eca94256b422e7a7130 4b165efd78844c99a24c2a318650806f - - default default] Successfully bumped revision number for resource 6cd10928-3f49-4383-807b-bcc032e69d93 (type: security_groups) to 1
2026-07-30 21:44:57.382 8 INFO neutron.db.ovn_revision_numbers_db [None req-81caec68-d9f9-4f8a-823d-37a8e7eb4af1 8035e74e34e34eca94256b422e7a7130 4b165efd78844c99a24c2a318650806f - - default default] Successfully bumped revision number for resource 21f68433-65c8-40bc-be57-5c549058184c (type: security_group_rules) to 0
2026-07-30 21:44:57.402 7 INFO neutron_taas.services.taas.taas_plugin [None req-3274bd3c-7e27-45d6-9df9-31478f356369 1cf510b8238b464ba0322feaf84323da 84828004438f4012bb326d38d4d21e18 - - default default] TaaS: Handle Delete Port: f051e240-e221-4519-8d7e-c0b8498c94db
2026-07-30 21:44:57.409 7 INFO neutron_taas.services.taas.tap_mirror_plugin [None req-3274bd3c-7e27-45d6-9df9-31478f356369 1cf510b8238b464ba0322feaf84323da 84828004438f4012bb326d38d4d21e18 - - default default] Tap Mirror: Handle Delete Port: f051e240-e221-4519-8d7e-c0b8498c94db
2026-07-30 21:44:57.430 8 INFO neutron.db.ovn_revision_numbers_db [None req-81caec68-d9f9-4f8a-823d-37a8e7eb4af1 8035e74e34e34eca94256b422e7a7130 4b165efd78844c99a24c2a318650806f - - default default] Successfully bumped revision number for resource 34219e37-9182-4537-9df9-4811e401f693 (type: security_group_rules) to 0
2026-07-30 21:44:57.525 8 INFO neutron.db.ovn_revision_numbers_db [None req-81caec68-d9f9-4f8a-823d-37a8e7eb4af1 8035e74e34e34eca94256b422e7a7130 4b165efd78844c99a24c2a318650806f - - default default] Successfully bumped revision number for resource 4e37cc8c-32d1-44e8-a742-8b14756fbc2b (type: security_group_rules) to 0
2026-07-30 21:44:57.563 8 INFO neutron.db.ovn_revision_numbers_db [None req-81caec68-d9f9-4f8a-823d-37a8e7eb4af1 8035e74e34e34eca94256b422e7a7130 4b165efd78844c99a24c2a318650806f - - default default] Successfully bumped revision number for resource 8a2a22cf-e2a3-410f-b42d-b50029b377a9 (type: security_group_rules) to 0 [pid: 8|app: 0|req: 500/1036] 10.0.0.214 () {32 vars in 774 bytes} [Thu Jul 30 21:44:57 2026] GET /v2.0/security-groups?tenant_id=6c9dc21541134c04871fd61980b4f7d9&name=default => generated 2925 bytes in 455 msecs (HTTP/1.1 200) 4 headers in 158 bytes (1 switches on core 0) [pid: 7|app: 0|req: 537/1037] 10.0.0.214 () {32 vars in 720 bytes} [Thu Jul 30 21:44:57 2026] DELETE /v2.0/ports/f051e240-e221-4519-8d7e-c0b8498c94db => generated 0 bytes in 366 msecs (HTTP/1.1 204) 3 headers in 131 bytes (1 switches on core 0)
2026-07-30 21:44:57.760 7 INFO neutron_taas.services.taas.taas_plugin [None req-528da16f-9916-44c8-94f4-609cdce24213 1cf510b8238b464ba0322feaf84323da 84828004438f4012bb326d38d4d21e18 - - default default] TaaS: Handle Delete Port: 70ef12e0-4446-4dc8-b7e1-4e609b312c35
2026-07-30 21:44:57.769 7 INFO neutron_taas.services.taas.tap_mirror_plugin [None req-528da16f-9916-44c8-94f4-609cdce24213 1cf510b8238b464ba0322feaf84323da 84828004438f4012bb326d38d4d21e18 - - default default] Tap Mirror: Handle Delete Port: 70ef12e0-4446-4dc8-b7e1-4e609b312c35 [pid: 7|app: 0|req: 538/1038] 10.0.0.214 () {32 vars in 720 bytes} [Thu Jul 30 21:44:57 2026] DELETE /v2.0/ports/70ef12e0-4446-4dc8-b7e1-4e609b312c35 => generated 0 bytes in 343 msecs (HTTP/1.1 204) 3 headers in 131 bytes (1 switches on core 0) [pid: 8|app: 0|req: 501/1039] 10.0.0.214 () {32 vars in 740 bytes} [Thu Jul 30 21:44:57 2026] DELETE /v2.0/security-groups/6cd10928-3f49-4383-807b-bcc032e69d93 => generated 0 bytes in 364 msecs (HTTP/1.1 204) 2 headers in 112 bytes (1 switches on core 0)
2026-07-30 21:44:58.076 7 INFO neutron_taas.services.taas.taas_plugin [None req-081b220f-0311-45f4-bacd-d27609c7811a 1cf510b8238b464ba0322feaf84323da 84828004438f4012bb326d38d4d21e18 - - default default] TaaS: Handle Delete Port: 75ee92a2-2a12-4fad-b5e0-07ea94a5e87d
2026-07-30 21:44:58.080 7 INFO neutron_taas.services.taas.tap_mirror_plugin [None req-081b220f-0311-45f4-bacd-d27609c7811a 1cf510b8238b464ba0322feaf84323da 84828004438f4012bb326d38d4d21e18 - - default default] Tap Mirror: Handle Delete Port: 75ee92a2-2a12-4fad-b5e0-07ea94a5e87d [pid: 8|app: 0|req: 502/1040] 10.0.0.146 () {34 vars in 990 bytes} [Thu Jul 30 21:44:58 2026] GET /v2.0/ports?device_id=a1eb0f75-4405-4f7a-ac01-d3b84e23cd7c => generated 971 bytes in 47 msecs (HTTP/1.1 200) 4 headers in 157 bytes (1 switches on core 0) [pid: 8|app: 0|req: 503/1041] 10.0.0.146 () {34 vars in 1040 bytes} [Thu Jul 30 21:44:58 2026] GET /v2.0/security-groups?id=e6469e6c-d801-4237-b766-6c9a3220b5c7&fields=id&fields=name => generated 113 bytes in 27 msecs (HTTP/1.1 200) 4 headers in 157 bytes (1 switches on core 0) [pid: 8|app: 0|req: 504/1042] 10.0.0.146 () {34 vars in 990 bytes} [Thu Jul 30 21:44:58 2026] GET /v2.0/ports?device_id=a1eb0f75-4405-4f7a-ac01-d3b84e23cd7c => generated 971 bytes in 32 msecs (HTTP/1.1 200) 4 headers in 157 bytes (1 switches on core 0)
2026-07-30 21:44:58.288 7 INFO neutron.services.segments.plugin [-] Segment 0c79d89d-7307-4e2d-9b7a-98120a559a9d resource provider aggregate not found
2026-07-30 21:44:58.296 7 INFO neutron.services.segments.plugin [-] Segment 0c79d89d-7307-4e2d-9b7a-98120a559a9d resource provider aggregate not found [pid: 8|app: 0|req: 505/1043] 10.0.0.146 () {34 vars in 1040 bytes} [Thu Jul 30 21:44:58 2026] GET /v2.0/security-groups?id=e6469e6c-d801-4237-b766-6c9a3220b5c7&fields=id&fields=name => generated 113 bytes in 42 msecs (HTTP/1.1 200) 4 headers in 157 bytes (1 switches on core 0)
2026-07-30 21:44:58.321 7 INFO neutron.services.segments.plugin [-] Segment 0c79d89d-7307-4e2d-9b7a-98120a559a9d resource provider not found; error: Placement Client Error (4xx): {"errors": [{"status": 404, "title": "Not Found", "detail": "The resource could not be found.\n\n No resource provider with uuid 0c79d89d-7307-4e2d-9b7a-98120a559a9d found for delete ", "request_id": "req-50a21501-f8f6-41f0-afbc-d83a9f17816f"}]}
2026-07-30 21:44:58.328 7 INFO neutron.services.segments.plugin [-] Segment 0c79d89d-7307-4e2d-9b7a-98120a559a9d resource provider not found; error: Placement Client Error (4xx): {"errors": [{"status": 404, "title": "Not Found", "detail": "The resource could not be found.\n\n No resource provider with uuid 0c79d89d-7307-4e2d-9b7a-98120a559a9d found for delete ", "request_id": "req-624eadb1-6f9f-4b2c-a6e5-7675a7e36b92"}]} [pid: 8|app: 0|req: 506/1044] 10.0.0.214 () {32 vars in 736 bytes} [Thu Jul 30 21:44:58 2026] GET /v2.0/ports?device_id=a1eb0f75-4405-4f7a-ac01-d3b84e23cd7c => generated 1209 bytes in 36 msecs (HTTP/1.1 200) 4 headers in 158 bytes (1 switches on core 0) [pid: 7|app: 0|req: 539/1045] 10.0.0.214 () {32 vars in 726 bytes} [Thu Jul 30 21:44:57 2026] DELETE /v2.0/networks/06ea54a0-db79-4118-8092-0f1894dd15ad => generated 0 bytes in 423 msecs (HTTP/1.1 204) 3 headers in 131 bytes (1 switches on core 0)
2026-07-30 21:44:58.450 7 INFO neutron.notifiers.nova [-] Nova event matching ['req-fed53673-c409-46fa-bda5-215faf0ecd9c'] response: {'server_uuid': 'a1eb0f75-4405-4f7a-ac01-d3b84e23cd7c', 'name': 'network-vif-plugged', 'status': 'completed', 'tag': '6ee91cb5-f9a2-453c-ae5c-1581dd9ccc18', 'code': 200}
2026-07-30 21:44:58.541 7 INFO neutron_taas.services.taas.taas_plugin [None req-9006d7eb-3f5b-41c1-8d47-8f0be17f468e 1cf510b8238b464ba0322feaf84323da 84828004438f4012bb326d38d4d21e18 - - default default] TaaS: Handle Delete Port: aed78b4c-45c1-4f01-8ca3-b49a2522f9e5
2026-07-30 21:44:58.544 7 INFO neutron_taas.services.taas.tap_mirror_plugin [None req-9006d7eb-3f5b-41c1-8d47-8f0be17f468e 1cf510b8238b464ba0322feaf84323da 84828004438f4012bb326d38d4d21e18 - - default default] Tap Mirror: Handle Delete Port: aed78b4c-45c1-4f01-8ca3-b49a2522f9e5 [pid: 7|app: 0|req: 540/1046] 10.0.0.214 () {32 vars in 726 bytes} [Thu Jul 30 21:44:58 2026] DELETE /v2.0/networks/473c80f1-a83e-4c30-9cbf-b43916c2c221 => generated 0 bytes in 407 msecs (HTTP/1.1 204) 3 headers in 131 bytes (1 switches on core 0)
2026-07-30 21:44:58.886 8 INFO neutron.db.ovn_revision_numbers_db [None req-ec508ae4-36e1-48c5-844f-68279eaab9b2 17815affd0e747a5ba235cd6c1c003a9 bb5ff5fa40c94c5987a3e119488e637c - - default default] Successfully bumped revision number for resource a5e702f6-f875-4773-b5ca-920f436b22c6 (type: floatingips) to 4
2026-07-30 21:44:58.948 7 INFO neutron_taas.services.taas.taas_plugin [None req-b173393e-3047-4da5-9842-454ddd264f66 1cf510b8238b464ba0322feaf84323da 84828004438f4012bb326d38d4d21e18 - - default default] TaaS: Handle Delete Port: de594e8e-60c5-40c8-ba36-976d4ae1c579
2026-07-30 21:44:58.951 7 INFO neutron_taas.services.taas.tap_mirror_plugin [None req-b173393e-3047-4da5-9842-454ddd264f66 1cf510b8238b464ba0322feaf84323da 84828004438f4012bb326d38d4d21e18 - - default default] Tap Mirror: Handle Delete Port: de594e8e-60c5-40c8-ba36-976d4ae1c579
2026-07-30 21:44:59.084 8 INFO neutron.db.ovn_revision_numbers_db [None req-ec508ae4-36e1-48c5-844f-68279eaab9b2 17815affd0e747a5ba235cd6c1c003a9 bb5ff5fa40c94c5987a3e119488e637c - - default default] Successfully bumped revision number for resource a5e702f6-f875-4773-b5ca-920f436b22c6 (type: floatingips) to 5
2026-07-30 21:44:59.085 8 INFO neutron.db.l3_db [None req-ec508ae4-36e1-48c5-844f-68279eaab9b2 17815affd0e747a5ba235cd6c1c003a9 bb5ff5fa40c94c5987a3e119488e637c - - default default] Floating IP a5e702f6-f875-4773-b5ca-920f436b22c6 associated. External IP: 10.96.250.207, port: 6ee91cb5-f9a2-453c-ae5c-1581dd9ccc18. [pid: 8|app: 0|req: 507/1047] 10.0.0.214 () {34 vars in 749 bytes} [Thu Jul 30 21:44:58 2026] PUT /v2.0/floatingips/a5e702f6-f875-4773-b5ca-920f436b22c6 => generated 855 bytes in 737 msecs (HTTP/1.1 200) 4 headers in 157 bytes (1 switches on core 0)
2026-07-30 21:44:59.155 8 INFO neutron.notifiers.nova [-] Nova event matching ['req-22d8092a-ef56-41bd-a8ea-2005eb21e0a8'] response: {'name': 'network-changed', 'server_uuid': 'a1eb0f75-4405-4f7a-ac01-d3b84e23cd7c', 'tag': '6ee91cb5-f9a2-453c-ae5c-1581dd9ccc18', 'status': 'completed', 'code': 200} [pid: 8|app: 0|req: 508/1048] 10.0.0.214 () {32 vars in 729 bytes} [Thu Jul 30 21:44:59 2026] GET /v2.0/floatingips/a5e702f6-f875-4773-b5ca-920f436b22c6 => generated 857 bytes in 38 msecs (HTTP/1.1 200) 4 headers in 157 bytes (1 switches on core 0) [pid: 7|app: 0|req: 541/1049] 10.0.0.214 () {32 vars in 726 bytes} [Thu Jul 30 21:44:58 2026] DELETE /v2.0/networks/87d031ad-19ca-4173-bed9-e37da2717bc4 => generated 0 bytes in 491 msecs (HTTP/1.1 204) 3 headers in 131 bytes (1 switches on core 0)
2026-07-30 21:44:59.437 8 INFO neutron_taas.services.taas.taas_plugin [None req-a3dc05b6-eca1-4d6d-842b-66f3eb2b82bb 1cf510b8238b464ba0322feaf84323da 84828004438f4012bb326d38d4d21e18 - - default default] TaaS: Handle Delete Port: 8e4449e0-d950-4afb-bf9f-9ec7606ff528
2026-07-30 21:44:59.441 8 INFO neutron_taas.services.taas.tap_mirror_plugin [None req-a3dc05b6-eca1-4d6d-842b-66f3eb2b82bb 1cf510b8238b464ba0322feaf84323da 84828004438f4012bb326d38d4d21e18 - - default default] Tap Mirror: Handle Delete Port: 8e4449e0-d950-4afb-bf9f-9ec7606ff528 /var/lib/openstack/lib/python3.12/site-packages/pycadf/identifier.py:70: UserWarning: Invalid uuid: neutron. To ensure interoperability, identifiers should be a valid uuid. warnings.warn(('Invalid uuid: %s. To ensure interoperability, '
2026-07-30 21:44:59.672 8 INFO neutron.services.segments.plugin [-] Segment ae76794b-5910-40cd-87bf-9675c02c7182 resource provider aggregate not found
2026-07-30 21:44:59.678 8 INFO neutron.services.segments.plugin [-] Segment ae76794b-5910-40cd-87bf-9675c02c7182 resource provider aggregate not found
2026-07-30 21:44:59.702 8 INFO neutron.services.segments.plugin [-] Segment ae76794b-5910-40cd-87bf-9675c02c7182 resource provider not found; error: Placement Client Error (4xx): {"errors": [{"status": 404, "title": "Not Found", "detail": "The resource could not be found.\n\n No resource provider with uuid ae76794b-5910-40cd-87bf-9675c02c7182 found for delete ", "request_id": "req-576d96c5-46e6-41da-b866-52e18c02e8e0"}]}
2026-07-30 21:44:59.703 8 INFO neutron.services.segments.plugin [-] Segment ae76794b-5910-40cd-87bf-9675c02c7182 resource provider not found; error: Placement Client Error (4xx): {"errors": [{"status": 404, "title": "Not Found", "detail": "The resource could not be found.\n\n No resource provider with uuid ae76794b-5910-40cd-87bf-9675c02c7182 found for delete ", "request_id": "req-e663640b-98db-4db3-97b7-95eba6a66770"}]} [pid: 7|app: 0|req: 542/1050] 199.19.213.123 () {34 vars in 1080 bytes} [Thu Jul 30 21:44:59 2026] GET /v2.0/ports?tenant_id=bb5ff5fa40c94c5987a3e119488e637c&device_id=a1eb0f75-4405-4f7a-ac01-d3b84e23cd7c => generated 1209 bytes in 49 msecs (HTTP/1.1 200) 4 headers in 158 bytes (1 switches on core 0) [pid: 8|app: 0|req: 509/1051] 10.0.0.214 () {32 vars in 726 bytes} [Thu Jul 30 21:44:59 2026] DELETE /v2.0/networks/c11ca572-538b-49e4-9954-f1c450fd7f5c => generated 0 bytes in 436 msecs (HTTP/1.1 204) 3 headers in 131 bytes (1 switches on core 0) [pid: 7|app: 0|req: 543/1052] 199.19.213.123 () {34 vars in 986 bytes} [Thu Jul 30 21:44:59 2026] GET /v2.0/networks?id=0e1d2a04-f678-4aed-8a47-b4d553ac8072 => generated 798 bytes in 49 msecs (HTTP/1.1 200) 4 headers in 157 bytes (1 switches on core 0) [pid: 7|app: 0|req: 544/1053] 199.19.213.123 () {34 vars in 1058 bytes} [Thu Jul 30 21:44:59 2026] GET /v2.0/floatingips?fixed_ip_address=10.100.0.3&port_id=6ee91cb5-f9a2-453c-ae5c-1581dd9ccc18 => generated 860 bytes in 42 msecs (HTTP/1.1 200) 4 headers in 157 bytes (1 switches on core 0) [pid: 7|app: 0|req: 545/1054] 199.19.213.123 () {34 vars in 984 bytes} [Thu Jul 30 21:44:59 2026] GET /v2.0/subnets?id=cadba812-6e25-4e56-8c06-de4421613418 => generated 677 bytes in 23 msecs (HTTP/1.1 200) 4 headers in 157 bytes (1 switches on core 0)
2026-07-30 21:44:59.852 8 INFO neutron_taas.services.taas.taas_plugin [None req-50868b1f-04ca-4c00-895d-94f310f9bd6f 1cf510b8238b464ba0322feaf84323da 84828004438f4012bb326d38d4d21e18 - - default default] TaaS: Handle Delete Port: 3801e9f6-e270-4e70-a1c9-8265e4340064
2026-07-30 21:44:59.854 8 INFO neutron_taas.services.taas.tap_mirror_plugin [None req-50868b1f-04ca-4c00-895d-94f310f9bd6f 1cf510b8238b464ba0322feaf84323da 84828004438f4012bb326d38d4d21e18 - - default default] Tap Mirror: Handle Delete Port: 3801e9f6-e270-4e70-a1c9-8265e4340064 [pid: 7|app: 0|req: 546/1055] 199.19.213.123 () {34 vars in 1052 bytes} [Thu Jul 30 21:44:59 2026] GET /v2.0/ports?network_id=0e1d2a04-f678-4aed-8a47-b4d553ac8072&device_owner=network%3Adhcp => generated 12 bytes in 18 msecs (HTTP/1.1 200) 4 headers in 156 bytes (1 switches on core 0) [pid: 7|app: 0|req: 547/1056] 199.19.213.123 () {34 vars in 1012 bytes} [Thu Jul 30 21:44:59 2026] GET /v2.0/networks/0e1d2a04-f678-4aed-8a47-b4d553ac8072?fields=segments => generated 14 bytes in 46 msecs (HTTP/1.1 200) 4 headers in 156 bytes (1 switches on core 0) [pid: 7|app: 0|req: 548/1057] 199.19.213.123 () {34 vars in 1112 bytes} [Thu Jul 30 21:44:59 2026] GET /v2.0/networks/0e1d2a04-f678-4aed-8a47-b4d553ac8072?fields=provider%3Aphysical_network&fields=provider%3Anetwork_type => generated 79 bytes in 37 msecs (HTTP/1.1 200) 4 headers in 156 bytes (1 switches on core 0) [pid: 8|app: 0|req: 510/1058] 10.0.0.214 () {32 vars in 726 bytes} [Thu Jul 30 21:44:59 2026] DELETE /v2.0/networks/1f79f6f7-817a-4043-9908-47fa8c075c6c => generated 0 bytes in 387 msecs (HTTP/1.1 204) 3 headers in 131 bytes (1 switches on core 0)
2026-07-30 21:45:00.338 7 INFO neutron.services.segments.plugin [-] Segment 9f5be0a1-2857-4e7d-95ab-67e6e7c220cc resource provider aggregate not found
2026-07-30 21:45:00.346 7 INFO neutron.services.segments.plugin [-] Segment 9f5be0a1-2857-4e7d-95ab-67e6e7c220cc resource provider aggregate not found
2026-07-30 21:45:00.351 7 INFO neutron.services.segments.plugin [-] Segment 9f5be0a1-2857-4e7d-95ab-67e6e7c220cc resource provider not found; error: Placement Client Error (4xx): {"errors": [{"status": 404, "title": "Not Found", "detail": "The resource could not be found.\n\n No resource provider with uuid 9f5be0a1-2857-4e7d-95ab-67e6e7c220cc found for delete ", "request_id": "req-3a6bd44d-b10a-49f5-952a-a4c7ce98289c"}]}
2026-07-30 21:45:00.359 7 INFO neutron.services.segments.plugin [-] Segment 9f5be0a1-2857-4e7d-95ab-67e6e7c220cc resource provider not found; error: Placement Client Error (4xx): {"errors": [{"status": 404, "title": "Not Found", "detail": "The resource could not be found.\n\n No resource provider with uuid 9f5be0a1-2857-4e7d-95ab-67e6e7c220cc found for delete ", "request_id": "req-af9a39f7-a294-4250-9121-f9debe85ccb6"}]}
2026-07-30 21:45:00.366 7 INFO neutron.services.segments.plugin [-] Segment 50367b51-e352-4d95-ad2c-b3d267adf384 resource provider aggregate not found
2026-07-30 21:45:00.374 7 INFO neutron.services.segments.plugin [-] Segment 50367b51-e352-4d95-ad2c-b3d267adf384 resource provider aggregate not found
2026-07-30 21:45:00.378 7 INFO neutron.services.segments.plugin [-] Segment 50367b51-e352-4d95-ad2c-b3d267adf384 resource provider not found; error: Placement Client Error (4xx): {"errors": [{"status": 404, "title": "Not Found", "detail": "The resource could not be found.\n\n No resource provider with uuid 50367b51-e352-4d95-ad2c-b3d267adf384 found for delete ", "request_id": "req-d5d176e6-1cfd-4372-920c-d0fe6b520c5d"}]}
2026-07-30 21:45:00.389 7 INFO neutron.services.segments.plugin [-] Segment 50367b51-e352-4d95-ad2c-b3d267adf384 resource provider not found; error: Placement Client Error (4xx): {"errors": [{"status": 404, "title": "Not Found", "detail": "The resource could not be found.\n\n No resource provider with uuid 50367b51-e352-4d95-ad2c-b3d267adf384 found for delete ", "request_id": "req-4c9efce7-9ce2-4c2f-9810-7257dbd0584e"}]}
2026-07-30 21:45:00.899 7 INFO neutron.db.ovn_revision_numbers_db [None req-90ec41e1-8edd-4364-ba4a-86313c765af7 ece7991592c0497e8dd5260c301500fc 20ed16b6d7954abe8c86453697f7783e - - default default] Successfully bumped revision number for resource dc6f71af-1aee-47d7-bb45-83f93a0b0877 (type: security_groups) to 1
2026-07-30 21:45:00.943 7 INFO neutron.db.ovn_revision_numbers_db [None req-90ec41e1-8edd-4364-ba4a-86313c765af7 ece7991592c0497e8dd5260c301500fc 20ed16b6d7954abe8c86453697f7783e - - default default] Successfully bumped revision number for resource 1c775947-b0f4-49c9-a585-64ad08aab66c (type: security_group_rules) to 0
2026-07-30 21:45:00.974 7 INFO neutron.db.ovn_revision_numbers_db [None req-90ec41e1-8edd-4364-ba4a-86313c765af7 ece7991592c0497e8dd5260c301500fc 20ed16b6d7954abe8c86453697f7783e - - default default] Successfully bumped revision number for resource 222d5721-d0b5-41ef-a0a6-725961f569aa (type: security_group_rules) to 0
2026-07-30 21:45:01.021 7 INFO neutron.db.ovn_revision_numbers_db [None req-90ec41e1-8edd-4364-ba4a-86313c765af7 ece7991592c0497e8dd5260c301500fc 20ed16b6d7954abe8c86453697f7783e - - default default] Successfully bumped revision number for resource 382fca9b-f5bd-40b5-8827-cb3e47f1328b (type: security_group_rules) to 0
2026-07-30 21:45:01.056 7 INFO neutron.db.ovn_revision_numbers_db [None req-90ec41e1-8edd-4364-ba4a-86313c765af7 ece7991592c0497e8dd5260c301500fc 20ed16b6d7954abe8c86453697f7783e - - default default] Successfully bumped revision number for resource 57f9fabe-eae1-47ff-b27a-2cd14bb84476 (type: security_group_rules) to 0
2026-07-30 21:45:01.122 7 INFO neutron.db.segments_db [None req-90ec41e1-8edd-4364-ba4a-86313c765af7 ece7991592c0497e8dd5260c301500fc 20ed16b6d7954abe8c86453697f7783e - - default default] Added segment e5983cd4-d610-4b6e-84ee-0b38f7fbd40a of type geneve for network 1e040c4a-779d-4b34-ad75-b0767b01513a
2026-07-30 21:45:01.252 7 INFO neutron.db.ovn_revision_numbers_db [None req-90ec41e1-8edd-4364-ba4a-86313c765af7 ece7991592c0497e8dd5260c301500fc 20ed16b6d7954abe8c86453697f7783e - - default default] Successfully bumped revision number for resource 1e040c4a-779d-4b34-ad75-b0767b01513a (type: networks) to 1 [pid: 8|app: 0|req: 511/1059] 10.0.0.214 () {32 vars in 774 bytes} [Thu Jul 30 21:45:01 2026] GET /v2.0/security-groups?tenant_id=84828004438f4012bb326d38d4d21e18&name=default => generated 2925 bytes in 147 msecs (HTTP/1.1 200) 4 headers in 158 bytes (1 switches on core 0)
2026-07-30 21:45:01.437 7 WARNING neutron.scheduler.dhcp_agent_scheduler [None req-90ec41e1-8edd-4364-ba4a-86313c765af7 ece7991592c0497e8dd5260c301500fc 20ed16b6d7954abe8c86453697f7783e - - default default] No more DHCP agents
2026-07-30 21:45:01.440 7 WARNING neutron.api.rpc.agentnotifiers.dhcp_rpc_agent_api [None req-90ec41e1-8edd-4364-ba4a-86313c765af7 ece7991592c0497e8dd5260c301500fc 20ed16b6d7954abe8c86453697f7783e - - default default] Unable to schedule network 1e040c4a-779d-4b34-ad75-b0767b01513a: no agents available; will retry on subsequent port and subnet creation events.
2026-07-30 21:45:01.484 7 INFO neutron.plugins.ml2.drivers.ovn.mech_driver.mech_driver [None req-67bc9fca-50ff-428d-8e4f-f8c7e12bf4ad - - - - - -] OVN reports status down for port: 7db09a59-d30d-481d-86c9-ae3922bf1ac0
2026-07-30 21:45:01.576 7 INFO neutron.db.ovn_revision_numbers_db [None req-90ec41e1-8edd-4364-ba4a-86313c765af7 ece7991592c0497e8dd5260c301500fc 20ed16b6d7954abe8c86453697f7783e - - default default] Successfully bumped revision number for resource 7db09a59-d30d-481d-86c9-ae3922bf1ac0 (type: ports) to 1 [pid: 7|app: 0|req: 549/1060] 10.0.0.214 () {34 vars in 670 bytes} [Thu Jul 30 21:45:00 2026] POST /v2.0/networks => generated 651 bytes in 1317 msecs (HTTP/1.1 201) 4 headers in 162 bytes (1 switches on core 0) [pid: 8|app: 0|req: 512/1061] 10.0.0.214 () {32 vars in 740 bytes} [Thu Jul 30 21:45:01 2026] DELETE /v2.0/security-groups/6d9c80a0-aa6b-42fe-b03b-a7709ff09977 => generated 0 bytes in 329 msecs (HTTP/1.1 204) 2 headers in 112 bytes (1 switches on core 0)
2026-07-30 21:45:01.726 8 INFO neutron.services.segments.plugin [-] Segment 1653a3a7-cb2b-4a9a-b44e-813ee1effde2 resource provider aggregate not found
2026-07-30 21:45:01.732 8 INFO neutron.services.segments.plugin [-] Segment 1653a3a7-cb2b-4a9a-b44e-813ee1effde2 resource provider aggregate not found
2026-07-30 21:45:01.742 8 INFO neutron.services.segments.plugin [-] Segment 1653a3a7-cb2b-4a9a-b44e-813ee1effde2 resource provider not found; error: Placement Client Error (4xx): {"errors": [{"status": 404, "title": "Not Found", "detail": "The resource could not be found.\n\n No resource provider with uuid 1653a3a7-cb2b-4a9a-b44e-813ee1effde2 found for delete ", "request_id": "req-18d411c9-b722-4029-95d7-dcbcda4034ad"}]}
2026-07-30 21:45:01.747 8 INFO neutron.services.segments.plugin [-] Segment 1653a3a7-cb2b-4a9a-b44e-813ee1effde2 resource provider not found; error: Placement Client Error (4xx): {"errors": [{"status": 404, "title": "Not Found", "detail": "The resource could not be found.\n\n No resource provider with uuid 1653a3a7-cb2b-4a9a-b44e-813ee1effde2 found for delete ", "request_id": "req-5c1623bc-e29a-4e13-aaf1-458d57e152e9"}]} [pid: 8|app: 0|req: 513/1062] 10.0.0.214 () {34 vars in 753 bytes} [Thu Jul 30 21:45:01 2026] PUT /v2.0/networks/1e040c4a-779d-4b34-ad75-b0767b01513a/tags => generated 25 bytes in 91 msecs (HTTP/1.1 200) 4 headers in 156 bytes (1 switches on core 0) [pid: 8|app: 0|req: 514/1063] 10.0.0.214 () {32 vars in 733 bytes} [Thu Jul 30 21:45:01 2026] GET /v2.0/networks/1e040c4a-779d-4b34-ad75-b0767b01513a/tags => generated 25 bytes in 50 msecs (HTTP/1.1 200) 4 headers in 156 bytes (1 switches on core 0)
2026-07-30 21:45:01.883 7 INFO neutron.db.ovn_revision_numbers_db [None req-f66c882a-5465-4c2d-88de-97e12c5da272 435c4f742f364ad89e848a247c982c12 49401694ea1e4f168672617148dfad06 - - default default] Successfully bumped revision number for resource b91c5ee8-7618-4f94-8f46-322b2d126d23 (type: security_groups) to 1
2026-07-30 21:45:01.916 7 INFO neutron.db.ovn_revision_numbers_db [None req-f66c882a-5465-4c2d-88de-97e12c5da272 435c4f742f364ad89e848a247c982c12 49401694ea1e4f168672617148dfad06 - - default default] Successfully bumped revision number for resource 6606ba74-bc70-47b4-bbc7-2392b15a50cc (type: security_group_rules) to 0
2026-07-30 21:45:01.959 7 INFO neutron.db.ovn_revision_numbers_db [None req-f66c882a-5465-4c2d-88de-97e12c5da272 435c4f742f364ad89e848a247c982c12 49401694ea1e4f168672617148dfad06 - - default default] Successfully bumped revision number for resource 9431fe0c-6259-4573-be32-9425f77f837d (type: security_group_rules) to 0
2026-07-30 21:45:01.999 7 INFO neutron.db.ovn_revision_numbers_db [None req-f66c882a-5465-4c2d-88de-97e12c5da272 435c4f742f364ad89e848a247c982c12 49401694ea1e4f168672617148dfad06 - - default default] Successfully bumped revision number for resource f53af8d6-93a8-4f27-b9a3-1369eede732e (type: security_group_rules) to 0
2026-07-30 21:45:02.004 8 INFO neutron.db.ovn_revision_numbers_db [None req-8fe63fc2-5a7d-4a88-9e1f-ad08437715bc 8035e74e34e34eca94256b422e7a7130 4b165efd78844c99a24c2a318650806f - - default default] Successfully bumped revision number for resource fd7c8bec-b184-46f9-8f06-588a80e2c421 (type: security_groups) to 1
2026-07-30 21:45:02.031 7 INFO neutron.db.ovn_revision_numbers_db [None req-f66c882a-5465-4c2d-88de-97e12c5da272 435c4f742f364ad89e848a247c982c12 49401694ea1e4f168672617148dfad06 - - default default] Successfully bumped revision number for resource f61d5ea5-182c-441c-8caf-ee91d86ae18a (type: security_group_rules) to 0
2026-07-30 21:45:02.036 8 INFO neutron.db.ovn_revision_numbers_db [None req-8fe63fc2-5a7d-4a88-9e1f-ad08437715bc 8035e74e34e34eca94256b422e7a7130 4b165efd78844c99a24c2a318650806f - - default default] Successfully bumped revision number for resource 4c2d83c4-9c5a-4774-ba69-a3c61e7aae45 (type: security_group_rules) to 0
2026-07-30 21:45:02.068 8 INFO neutron.db.ovn_revision_numbers_db [None req-8fe63fc2-5a7d-4a88-9e1f-ad08437715bc 8035e74e34e34eca94256b422e7a7130 4b165efd78844c99a24c2a318650806f - - default default] Successfully bumped revision number for resource 6390ad80-83f1-4994-8157-d1df0ed5fcc8 (type: security_group_rules) to 0
2026-07-30 21:45:02.108 8 INFO neutron.db.ovn_revision_numbers_db [None req-8fe63fc2-5a7d-4a88-9e1f-ad08437715bc 8035e74e34e34eca94256b422e7a7130 4b165efd78844c99a24c2a318650806f - - default default] Successfully bumped revision number for resource eff900c2-a074-489c-9147-a923a1025664 (type: security_group_rules) to 0
2026-07-30 21:45:02.119 7 INFO neutron.db.segments_db [None req-f66c882a-5465-4c2d-88de-97e12c5da272 435c4f742f364ad89e848a247c982c12 49401694ea1e4f168672617148dfad06 - - default default] Added segment adfd3b1c-8b29-4f86-a6c1-10488fe448a3 of type geneve for network ce83f200-a810-4b67-a634-7a87412645c3
2026-07-30 21:45:02.141 8 INFO neutron.db.ovn_revision_numbers_db [None req-8fe63fc2-5a7d-4a88-9e1f-ad08437715bc 8035e74e34e34eca94256b422e7a7130 4b165efd78844c99a24c2a318650806f - - default default] Successfully bumped revision number for resource f9f8b00b-c8a8-4662-8e92-04e715138619 (type: security_group_rules) to 0 [pid: 8|app: 0|req: 515/1064] 10.0.0.214 () {32 vars in 774 bytes} [Thu Jul 30 21:45:01 2026] GET /v2.0/security-groups?tenant_id=99dd790907224bc08bc91d9c51572448&name=default => generated 2925 bytes in 365 msecs (HTTP/1.1 200) 4 headers in 158 bytes (1 switches on core 0)
2026-07-30 21:45:02.272 7 INFO neutron.db.ovn_revision_numbers_db [None req-f66c882a-5465-4c2d-88de-97e12c5da272 435c4f742f364ad89e848a247c982c12 49401694ea1e4f168672617148dfad06 - - default default] Successfully bumped revision number for resource ce83f200-a810-4b67-a634-7a87412645c3 (type: networks) to 1 [pid: 8|app: 0|req: 516/1065] 10.0.0.214 () {34 vars in 764 bytes} [Thu Jul 30 21:45:02 2026] PUT /v2.0/networks/1e040c4a-779d-4b34-ad75-b0767b01513a/tags/green => generated 4 bytes in 106 msecs (HTTP/1.1 201) 4 headers in 160 bytes (1 switches on core 0)
2026-07-30 21:45:02.471 7 WARNING neutron.scheduler.dhcp_agent_scheduler [None req-f66c882a-5465-4c2d-88de-97e12c5da272 435c4f742f364ad89e848a247c982c12 49401694ea1e4f168672617148dfad06 - - default default] No more DHCP agents
2026-07-30 21:45:02.472 7 WARNING neutron.api.rpc.agentnotifiers.dhcp_rpc_agent_api [None req-f66c882a-5465-4c2d-88de-97e12c5da272 435c4f742f364ad89e848a247c982c12 49401694ea1e4f168672617148dfad06 - - default default] Unable to schedule network ce83f200-a810-4b67-a634-7a87412645c3: no agents available; will retry on subsequent port and subnet creation events.
2026-07-30 21:45:02.511 8 INFO neutron.plugins.ml2.drivers.ovn.mech_driver.mech_driver [None req-f365fa87-d75e-434e-ae91-f87d9e857c33 - - - - - -] OVN reports status down for port: cbf84dd8-fcd3-4b61-9936-cd85c1f934be
2026-07-30 21:45:02.573 7 INFO neutron.db.ovn_revision_numbers_db [None req-f66c882a-5465-4c2d-88de-97e12c5da272 435c4f742f364ad89e848a247c982c12 49401694ea1e4f168672617148dfad06 - - default default] Successfully bumped revision number for resource cbf84dd8-fcd3-4b61-9936-cd85c1f934be (type: ports) to 1 [pid: 7|app: 0|req: 550/1066] 10.0.0.214 () {34 vars in 670 bytes} [Thu Jul 30 21:45:01 2026] POST /v2.0/networks => generated 646 bytes in 969 msecs (HTTP/1.1 201) 4 headers in 162 bytes (1 switches on core 0) [pid: 7|app: 0|req: 551/1067] 10.0.0.214 () {32 vars in 733 bytes} [Thu Jul 30 21:45:02 2026] GET /v2.0/networks/1e040c4a-779d-4b34-ad75-b0767b01513a/tags => generated 34 bytes in 44 msecs (HTTP/1.1 200) 4 headers in 156 bytes (1 switches on core 0) [pid: 8|app: 0|req: 517/1068] 10.0.0.214 () {32 vars in 740 bytes} [Thu Jul 30 21:45:02 2026] DELETE /v2.0/security-groups/fd7c8bec-b184-46f9-8f06-588a80e2c421 => generated 0 bytes in 395 msecs (HTTP/1.1 204) 2 headers in 112 bytes (1 switches on core 0) [pid: 8|app: 0|req: 518/1069] 10.0.0.214 () {34 vars in 760 bytes} [Thu Jul 30 21:45:02 2026] PUT /v2.0/networks/1e040c4a-779d-4b34-ad75-b0767b01513a/tags/red => generated 4 bytes in 50 msecs (HTTP/1.1 201) 4 headers in 160 bytes (1 switches on core 0) [pid: 8|app: 0|req: 519/1070] 10.0.0.214 () {32 vars in 733 bytes} [Thu Jul 30 21:45:02 2026] GET /v2.0/networks/1e040c4a-779d-4b34-ad75-b0767b01513a/tags => generated 34 bytes in 41 msecs (HTTP/1.1 200) 4 headers in 156 bytes (1 switches on core 0) [pid: 8|app: 0|req: 520/1071] 10.0.0.214 () {34 vars in 782 bytes} [Thu Jul 30 21:45:02 2026] PUT /v2.0/networks/1e040c4a-779d-4b34-ad75-b0767b01513a/tags/black.or.white => generated 4 bytes in 96 msecs (HTTP/1.1 201) 4 headers in 160 bytes (1 switches on core 0)
2026-07-30 21:45:02.891 7 WARNING neutron.scheduler.dhcp_agent_scheduler [None req-1f8029af-613e-4371-aed8-5b1c8d86ff07 435c4f742f364ad89e848a247c982c12 49401694ea1e4f168672617148dfad06 - - default default] No more DHCP agents
2026-07-30 21:45:02.893 7 WARNING neutron.api.rpc.agentnotifiers.dhcp_rpc_agent_api [None req-1f8029af-613e-4371-aed8-5b1c8d86ff07 435c4f742f364ad89e848a247c982c12 49401694ea1e4f168672617148dfad06 - - default default] Unable to schedule network ce83f200-a810-4b67-a634-7a87412645c3: no agents available; will retry on subsequent port and subnet creation events.
2026-07-30 21:45:03.091 8 INFO neutron.db.ovn_revision_numbers_db [None req-0b007b84-5a48-4903-8bfc-7a05485b0cb1 8035e74e34e34eca94256b422e7a7130 4b165efd78844c99a24c2a318650806f - - default default] Successfully bumped revision number for resource f6c52a72-7578-4d35-949d-a62d05ae003f (type: security_groups) to 1
2026-07-30 21:45:03.138 8 INFO neutron.db.ovn_revision_numbers_db [None req-0b007b84-5a48-4903-8bfc-7a05485b0cb1 8035e74e34e34eca94256b422e7a7130 4b165efd78844c99a24c2a318650806f - - default default] Successfully bumped revision number for resource 5bb28171-d618-4c7b-aae7-502b5a525f2b (type: security_group_rules) to 0
2026-07-30 21:45:03.171 8 INFO neutron.db.ovn_revision_numbers_db [None req-0b007b84-5a48-4903-8bfc-7a05485b0cb1 8035e74e34e34eca94256b422e7a7130 4b165efd78844c99a24c2a318650806f - - default default] Successfully bumped revision number for resource 6ee6ab0f-8ca8-42ad-b47d-f20148c217eb (type: security_group_rules) to 0
2026-07-30 21:45:03.205 8 INFO neutron.db.ovn_revision_numbers_db [None req-0b007b84-5a48-4903-8bfc-7a05485b0cb1 8035e74e34e34eca94256b422e7a7130 4b165efd78844c99a24c2a318650806f - - default default] Successfully bumped revision number for resource d67eedfb-b6c6-466c-9c7b-3f9875761e50 (type: security_group_rules) to 0
2026-07-30 21:45:03.240 8 INFO neutron.db.ovn_revision_numbers_db [None req-0b007b84-5a48-4903-8bfc-7a05485b0cb1 8035e74e34e34eca94256b422e7a7130 4b165efd78844c99a24c2a318650806f - - default default] Successfully bumped revision number for resource f2e72c53-edd7-437f-91d0-591083997ad1 (type: security_group_rules) to 0 [pid: 8|app: 0|req: 521/1072] 10.0.0.214 () {32 vars in 774 bytes} [Thu Jul 30 21:45:02 2026] GET /v2.0/security-groups?tenant_id=b8e617caf61e43e99112017f761147a4&name=default => generated 2925 bytes in 406 msecs (HTTP/1.1 200) 4 headers in 158 bytes (1 switches on core 0)
2026-07-30 21:45:03.323 7 INFO neutron.db.ovn_revision_numbers_db [None req-162e1c61-4d8b-4f52-86bf-8df6b128c952 - - - - - -] Successfully bumped revision number for resource cbf84dd8-fcd3-4b61-9936-cd85c1f934be (type: ports) to 2 [pid: 8|app: 0|req: 522/1073] 10.0.0.214 () {32 vars in 733 bytes} [Thu Jul 30 21:45:03 2026] GET /v2.0/networks/1e040c4a-779d-4b34-ad75-b0767b01513a/tags => generated 52 bytes in 50 msecs (HTTP/1.1 200) 4 headers in 156 bytes (1 switches on core 0)
2026-07-30 21:45:03.375 7 INFO neutron.db.ovn_revision_numbers_db [None req-162e1c61-4d8b-4f52-86bf-8df6b128c952 - - - - - -] Successfully bumped revision number for resource 44eea899-1106-43b8-9275-c07bb55e8c0c (type: subnets) to 0 [pid: 7|app: 0|req: 552/1074] 10.0.0.214 () {34 vars in 669 bytes} [Thu Jul 30 21:45:02 2026] POST /v2.0/subnets => generated 626 bytes in 742 msecs (HTTP/1.1 201) 4 headers in 162 bytes (1 switches on core 0) [pid: 7|app: 0|req: 553/1075] 10.0.0.214 () {34 vars in 753 bytes} [Thu Jul 30 21:45:03 2026] PUT /v2.0/networks/1e040c4a-779d-4b34-ad75-b0767b01513a/tags => generated 37 bytes in 82 msecs (HTTP/1.1 200) 4 headers in 156 bytes (1 switches on core 0) [pid: 8|app: 0|req: 523/1076] 10.0.0.214 () {32 vars in 740 bytes} [Thu Jul 30 21:45:03 2026] DELETE /v2.0/security-groups/f6c52a72-7578-4d35-949d-a62d05ae003f => generated 0 bytes in 365 msecs (HTTP/1.1 204) 2 headers in 112 bytes (1 switches on core 0) [pid: 8|app: 0|req: 524/1077] 10.0.0.214 () {32 vars in 733 bytes} [Thu Jul 30 21:45:03 2026] GET /v2.0/networks/1e040c4a-779d-4b34-ad75-b0767b01513a/tags => generated 37 bytes in 36 msecs (HTTP/1.1 200) 4 headers in 156 bytes (1 switches on core 0) [pid: 8|app: 0|req: 525/1078] 10.0.0.214 () {32 vars in 741 bytes} [Thu Jul 30 21:45:03 2026] GET /v2.0/networks/1e040c4a-779d-4b34-ad75-b0767b01513a/tags/red => generated 0 bytes in 41 msecs (HTTP/1.1 204) 2 headers in 112 bytes (1 switches on core 0)
2026-07-30 21:45:03.834 8 INFO neutron.api.v2.resource [None req-b82c3bc8-70f3-4732-a24b-b9fd8310c2be ece7991592c0497e8dd5260c301500fc 20ed16b6d7954abe8c86453697f7783e - - default default] show failed (client error): The resource could not be found. [pid: 8|app: 0|req: 526/1079] 10.0.0.214 () {32 vars in 745 bytes} [Thu Jul 30 21:45:03 2026] GET /v2.0/networks/1e040c4a-779d-4b34-ad75-b0767b01513a/tags/green => generated 99 bytes in 40 msecs (HTTP/1.1 404) 4 headers in 163 bytes (1 switches on core 0) [pid: 8|app: 0|req: 527/1080] 10.0.0.214 () {32 vars in 744 bytes} [Thu Jul 30 21:45:03 2026] DELETE /v2.0/networks/1e040c4a-779d-4b34-ad75-b0767b01513a/tags/red => generated 0 bytes in 81 msecs (HTTP/1.1 204) 2 headers in 112 bytes (1 switches on core 0)
2026-07-30 21:45:03.928 7 WARNING neutron.scheduler.dhcp_agent_scheduler [None req-81dbc89c-95c2-42c7-92b7-bea8b1747753 435c4f742f364ad89e848a247c982c12 49401694ea1e4f168672617148dfad06 - - default default] No more DHCP agents
2026-07-30 21:45:03.929 7 WARNING neutron.api.rpc.agentnotifiers.dhcp_rpc_agent_api [None req-81dbc89c-95c2-42c7-92b7-bea8b1747753 435c4f742f364ad89e848a247c982c12 49401694ea1e4f168672617148dfad06 - - default default] Unable to schedule network 44569e10-95d3-4a51-af7a-3cb2e829fa7f: no agents available; will retry on subsequent port and subnet creation events. [pid: 8|app: 0|req: 528/1081] 10.0.0.214 () {32 vars in 733 bytes} [Thu Jul 30 21:45:03 2026] GET /v2.0/networks/1e040c4a-779d-4b34-ad75-b0767b01513a/tags => generated 30 bytes in 41 msecs (HTTP/1.1 200) 4 headers in 156 bytes (1 switches on core 0)
2026-07-30 21:45:04.029 8 INFO neutron.plugins.ml2.drivers.ovn.mech_driver.mech_driver [None req-f365fa87-d75e-434e-ae91-f87d9e857c33 - - - - - -] OVN reports status down for port: 6a764877-47f8-45d2-96ae-572d762a6fed
2026-07-30 21:45:04.051 8 INFO neutron.api.v2.resource [None req-96b35b95-a104-42dc-9c4b-7cde8af47bb0 ece7991592c0497e8dd5260c301500fc 20ed16b6d7954abe8c86453697f7783e - - default default] delete failed (client error): The resource could not be found. [pid: 8|app: 0|req: 529/1082] 10.0.0.214 () {32 vars in 748 bytes} [Thu Jul 30 21:45:03 2026] DELETE /v2.0/networks/1e040c4a-779d-4b34-ad75-b0767b01513a/tags/green => generated 99 bytes in 81 msecs (HTTP/1.1 404) 4 headers in 163 bytes (1 switches on core 0)
2026-07-30 21:45:04.088 7 INFO neutron.db.ovn_revision_numbers_db [None req-81dbc89c-95c2-42c7-92b7-bea8b1747753 435c4f742f364ad89e848a247c982c12 49401694ea1e4f168672617148dfad06 - - default default] Successfully bumped revision number for resource 6a764877-47f8-45d2-96ae-572d762a6fed (type: ports) to 1 [pid: 8|app: 0|req: 530/1083] 10.0.0.214 () {32 vars in 736 bytes} [Thu Jul 30 21:45:04 2026] DELETE /v2.0/networks/1e040c4a-779d-4b34-ad75-b0767b01513a/tags => generated 0 bytes in 101 msecs (HTTP/1.1 204) 2 headers in 112 bytes (1 switches on core 0) [pid: 8|app: 0|req: 531/1084] 10.0.0.214 () {32 vars in 733 bytes} [Thu Jul 30 21:45:04 2026] GET /v2.0/networks/1e040c4a-779d-4b34-ad75-b0767b01513a/tags => generated 12 bytes in 50 msecs (HTTP/1.1 200) 4 headers in 156 bytes (1 switches on core 0)
2026-07-30 21:45:04.329 8 INFO neutron_taas.services.taas.taas_plugin [None req-e429da64-dee6-46fc-9584-1cf51da64c06 ece7991592c0497e8dd5260c301500fc 20ed16b6d7954abe8c86453697f7783e - - default default] TaaS: Handle Delete Port: 7db09a59-d30d-481d-86c9-ae3922bf1ac0
2026-07-30 21:45:04.332 8 INFO neutron_taas.services.taas.tap_mirror_plugin [None req-e429da64-dee6-46fc-9584-1cf51da64c06 ece7991592c0497e8dd5260c301500fc 20ed16b6d7954abe8c86453697f7783e - - default default] Tap Mirror: Handle Delete Port: 7db09a59-d30d-481d-86c9-ae3922bf1ac0
2026-07-30 21:45:04.596 8 INFO neutron.services.segments.plugin [-] Segment e5983cd4-d610-4b6e-84ee-0b38f7fbd40a resource provider aggregate not found
2026-07-30 21:45:04.599 8 INFO neutron.services.segments.plugin [-] Segment e5983cd4-d610-4b6e-84ee-0b38f7fbd40a resource provider aggregate not found
2026-07-30 21:45:04.610 8 INFO neutron.services.segments.plugin [-] Segment e5983cd4-d610-4b6e-84ee-0b38f7fbd40a resource provider not found; error: Placement Client Error (4xx): {"errors": [{"status": 404, "title": "Not Found", "detail": "The resource could not be found.\n\n No resource provider with uuid e5983cd4-d610-4b6e-84ee-0b38f7fbd40a found for delete ", "request_id": "req-cceceae8-f7bd-4e54-b793-bb5374cb050d"}]}
2026-07-30 21:45:04.614 8 INFO neutron.services.segments.plugin [-] Segment e5983cd4-d610-4b6e-84ee-0b38f7fbd40a resource provider not found; error: Placement Client Error (4xx): {"errors": [{"status": 404, "title": "Not Found", "detail": "The resource could not be found.\n\n No resource provider with uuid e5983cd4-d610-4b6e-84ee-0b38f7fbd40a found for delete ", "request_id": "req-4b7f4fe5-7d22-415a-94f9-92773b7e569a"}]} [pid: 8|app: 0|req: 532/1085] 10.0.0.214 () {32 vars in 726 bytes} [Thu Jul 30 21:45:04 2026] DELETE /v2.0/networks/1e040c4a-779d-4b34-ad75-b0767b01513a => generated 0 bytes in 472 msecs (HTTP/1.1 204) 3 headers in 131 bytes (1 switches on core 0)
2026-07-30 21:45:04.710 7 INFO neutron.plugins.ml2.drivers.ovn.mech_driver.ovsdb.commands [None req-31d412e8-b928-4f29-bd57-668cbf1e07d7 - - - - - -] Schedule LRP lrp-6a764877-47f8-45d2-96ae-572d762a6fed on gateway 69c4f431-8dac-4be5-aeec-781667c1aab3 with priority 1
2026-07-30 21:45:04.726 8 INFO neutron.plugins.ml2.drivers.ovn.mech_driver.mech_driver [None req-f365fa87-d75e-434e-ae91-f87d9e857c33 - - - - - -] OVN reports status up for port: 6a764877-47f8-45d2-96ae-572d762a6fed
2026-07-30 21:45:04.762 8 INFO neutron.plugins.ml2.plugin [None req-f365fa87-d75e-434e-ae91-f87d9e857c33 - - - - - -] Attempt 1 to provision port 6a764877-47f8-45d2-96ae-572d762a6fed
2026-07-30 21:45:04.785 7 INFO neutron.db.ovn_revision_numbers_db [None req-81dbc89c-95c2-42c7-92b7-bea8b1747753 435c4f742f364ad89e848a247c982c12 49401694ea1e4f168672617148dfad06 - - default default] Successfully bumped revision number for resource 6a764877-47f8-45d2-96ae-572d762a6fed (type: router_ports) to 1
2026-07-30 21:45:04.872 7 INFO neutron.db.ovn_revision_numbers_db [None req-81dbc89c-95c2-42c7-92b7-bea8b1747753 435c4f742f364ad89e848a247c982c12 49401694ea1e4f168672617148dfad06 - - default default] Successfully bumped revision number for resource 820dd24a-390f-4384-bf5e-eb60dbcdbff5 (type: routers) to 2 [pid: 7|app: 0|req: 554/1086] 10.0.0.214 () {34 vars in 669 bytes} [Thu Jul 30 21:45:03 2026] POST /v2.0/routers => generated 935 bytes in 1438 msecs (HTTP/1.1 201) 4 headers in 162 bytes (1 switches on core 0)
2026-07-30 21:45:05.392 8 WARNING neutron.scheduler.dhcp_agent_scheduler [None req-e870c598-abdb-4853-8a46-f8277fffdaa5 435c4f742f364ad89e848a247c982c12 49401694ea1e4f168672617148dfad06 - - default default] No more DHCP agents
2026-07-30 21:45:05.393 8 WARNING neutron.api.rpc.agentnotifiers.dhcp_rpc_agent_api [None req-e870c598-abdb-4853-8a46-f8277fffdaa5 435c4f742f364ad89e848a247c982c12 49401694ea1e4f168672617148dfad06 - - default default] Unable to schedule network ce83f200-a810-4b67-a634-7a87412645c3: no agents available; will retry on subsequent port and subnet creation events.
