2026-09-02 13:44:41.966 8 INFO neutron.services.segments.plugin [-] Client error retrieving segment b4f663e6-5ba9-4227-9707-bcc5ccadeb2b resource provider; error: Placement Client Error (4xx): {"errors": [{"status": 404, "title": "Not Found", "detail": "The resource could not be found.\n\n No resource provider with uuid b4f663e6-5ba9-4227-9707-bcc5ccadeb2b found for delete ", "request_id": "req-80dc4450-9a5f-4d84-8e53-05092c475b7b"}]} [pid: 8|app: 0|req: 838/1637] 10.0.0.158 () {32 vars in 726 bytes} [Wed Sep 2 13:44:41 2026] DELETE /v2.0/networks/94d7459a-6f85-4ac5-82c1-048077915599 => generated 0 bytes in 342 msecs (HTTP/1.1 204) 3 headers in 131 bytes (1 switches on core 0)
2026-09-02 13:44:42.094 7 INFO neutron.db.segments_db [None req-144212a4-d07b-4783-b520-36a6ff9fc380 accf52ec20754e6094655ba3f98762af 52d9c3d390384912a7793c6c8d07abd5 - - default default] Added segment 8ee5e981-bf6c-4228-93bc-b7a880f8e795 of type geneve for network 8c9919bb-d10a-4702-b453-acce682fa8bc
2026-09-02 13:44:42.198 8 INFO neutron.db.ovn_revision_numbers_db [None req-2283de9e-856d-4069-916b-246c1d468ab8 6b56fef9a45040c595d4d201c7369435 65221586914742f7b6576c0fb03582a6 - - default default] Successfully bumped revision number for resource f21fdb6b-b0b4-49f3-bbc4-29e48ba09429 (type: security_groups) to 1
2026-09-02 13:44:42.211 8 INFO neutron.db.ovn_revision_numbers_db [None req-2283de9e-856d-4069-916b-246c1d468ab8 6b56fef9a45040c595d4d201c7369435 65221586914742f7b6576c0fb03582a6 - - default default] Successfully bumped revision number for resource 23b45994-c921-4f3d-87b5-e49843cb6d60 (type: security_group_rules) to 0
2026-09-02 13:44:42.217 7 INFO neutron.db.ovn_revision_numbers_db [None req-144212a4-d07b-4783-b520-36a6ff9fc380 accf52ec20754e6094655ba3f98762af 52d9c3d390384912a7793c6c8d07abd5 - - default default] Successfully bumped revision number for resource 8c9919bb-d10a-4702-b453-acce682fa8bc (type: networks) to 1
2026-09-02 13:44:42.221 8 INFO neutron.db.ovn_revision_numbers_db [None req-2283de9e-856d-4069-916b-246c1d468ab8 6b56fef9a45040c595d4d201c7369435 65221586914742f7b6576c0fb03582a6 - - default default] Successfully bumped revision number for resource b629bc44-8e96-4b66-a340-9947a745da22 (type: security_group_rules) to 0
2026-09-02 13:44:42.232 8 INFO neutron.db.ovn_revision_numbers_db [None req-2283de9e-856d-4069-916b-246c1d468ab8 6b56fef9a45040c595d4d201c7369435 65221586914742f7b6576c0fb03582a6 - - default default] Successfully bumped revision number for resource c13b8e10-4d48-4f03-a509-dfd0400f0ea3 (type: security_group_rules) to 0
2026-09-02 13:44:42.248 8 INFO neutron.db.ovn_revision_numbers_db [None req-2283de9e-856d-4069-916b-246c1d468ab8 6b56fef9a45040c595d4d201c7369435 65221586914742f7b6576c0fb03582a6 - - default default] Successfully bumped revision number for resource d6505cfe-d811-4ade-838a-0af0bb706bab (type: security_group_rules) to 0 [pid: 8|app: 0|req: 839/1638] 10.0.0.158 () {32 vars in 774 bytes} [Wed Sep 2 13:44:42 2026] GET /v2.0/security-groups?tenant_id=13a53f3a112c4c90b80adaf6b4f68aa6&name=default => generated 2925 bytes in 249 msecs (HTTP/1.1 200) 4 headers in 158 bytes (1 switches on core 0)
2026-09-02 13:44:42.366 7 WARNING neutron.scheduler.dhcp_agent_scheduler [None req-144212a4-d07b-4783-b520-36a6ff9fc380 accf52ec20754e6094655ba3f98762af 52d9c3d390384912a7793c6c8d07abd5 - - default default] No more DHCP agents
2026-09-02 13:44:42.367 7 WARNING neutron.api.rpc.agentnotifiers.dhcp_rpc_agent_api [None req-144212a4-d07b-4783-b520-36a6ff9fc380 accf52ec20754e6094655ba3f98762af 52d9c3d390384912a7793c6c8d07abd5 - - default default] Unable to schedule network 8c9919bb-d10a-4702-b453-acce682fa8bc: no agents available; will retry on subsequent port and subnet creation events.
2026-09-02 13:44:42.416 7 INFO neutron.plugins.ml2.drivers.ovn.mech_driver.mech_driver [None req-fa7e346a-8461-4a6c-8200-4c6497d71051 - - - - - -] OVN reports status down for port: 65c1413a-528a-4795-b763-123cd31b50d3
2026-09-02 13:44:42.483 7 INFO neutron.db.ovn_revision_numbers_db [None req-144212a4-d07b-4783-b520-36a6ff9fc380 accf52ec20754e6094655ba3f98762af 52d9c3d390384912a7793c6c8d07abd5 - - default default] Successfully bumped revision number for resource 65c1413a-528a-4795-b763-123cd31b50d3 (type: ports) to 1 [pid: 7|app: 0|req: 800/1639] 10.0.0.158 () {34 vars in 670 bytes} [Wed Sep 2 13:44:42 2026] POST /v2.0/networks => generated 670 bytes in 508 msecs (HTTP/1.1 201) 4 headers in 162 bytes (1 switches on core 0)
2026-09-02 13:44:42.611 8 INFO neutron.db.ovn_revision_numbers_db [None req-5eaa8f4a-bd2f-45c1-a148-656afa3e4ddd 6b56fef9a45040c595d4d201c7369435 65221586914742f7b6576c0fb03582a6 - - default default] Successfully bumped revision number for resource 39d11e7d-bc3b-4ac6-89f5-6772deba8002 (type: security_groups) to 1
2026-09-02 13:44:42.623 8 INFO neutron.db.ovn_revision_numbers_db [None req-5eaa8f4a-bd2f-45c1-a148-656afa3e4ddd 6b56fef9a45040c595d4d201c7369435 65221586914742f7b6576c0fb03582a6 - - default default] Successfully bumped revision number for resource 0ccc5031-9221-4e10-8972-a8072a6e7059 (type: security_group_rules) to 0
2026-09-02 13:44:42.634 8 INFO neutron.db.ovn_revision_numbers_db [None req-5eaa8f4a-bd2f-45c1-a148-656afa3e4ddd 6b56fef9a45040c595d4d201c7369435 65221586914742f7b6576c0fb03582a6 - - default default] Successfully bumped revision number for resource 36f284c0-adad-473d-b46e-cb9e39bb5b6e (type: security_group_rules) to 0
2026-09-02 13:44:42.645 8 INFO neutron.db.ovn_revision_numbers_db [None req-5eaa8f4a-bd2f-45c1-a148-656afa3e4ddd 6b56fef9a45040c595d4d201c7369435 65221586914742f7b6576c0fb03582a6 - - default default] Successfully bumped revision number for resource dba1ede0-33d3-45e8-ae7d-dd567b5a1e6f (type: security_group_rules) to 0
2026-09-02 13:44:42.659 8 INFO neutron.db.ovn_revision_numbers_db [None req-5eaa8f4a-bd2f-45c1-a148-656afa3e4ddd 6b56fef9a45040c595d4d201c7369435 65221586914742f7b6576c0fb03582a6 - - default default] Successfully bumped revision number for resource e57b6fd2-1834-4000-96cd-dd40bb954f50 (type: security_group_rules) to 0 [pid: 8|app: 0|req: 840/1640] 10.0.0.158 () {32 vars in 774 bytes} [Wed Sep 2 13:44:42 2026] GET /v2.0/security-groups?tenant_id=496f32b5bca64f488ac891ff8d06b5c7&name=default => generated 2925 bytes in 405 msecs (HTTP/1.1 200) 4 headers in 158 bytes (1 switches on core 0) [pid: 7|app: 0|req: 801/1641] 10.0.0.158 () {32 vars in 740 bytes} [Wed Sep 2 13:44:42 2026] DELETE /v2.0/security-groups/f21fdb6b-b0b4-49f3-bbc4-29e48ba09429 => generated 0 bytes in 207 msecs (HTTP/1.1 204) 2 headers in 112 bytes (1 switches on core 0)
2026-09-02 13:44:42.850 8 WARNING neutron.scheduler.dhcp_agent_scheduler [None req-6ffcaded-7e4c-4229-a62d-44b563ee2ff3 accf52ec20754e6094655ba3f98762af 52d9c3d390384912a7793c6c8d07abd5 - - default default] No more DHCP agents
2026-09-02 13:44:42.851 8 WARNING neutron.api.rpc.agentnotifiers.dhcp_rpc_agent_api [None req-6ffcaded-7e4c-4229-a62d-44b563ee2ff3 accf52ec20754e6094655ba3f98762af 52d9c3d390384912a7793c6c8d07abd5 - - default default] Unable to schedule network 8c9919bb-d10a-4702-b453-acce682fa8bc: no agents available; will retry on subsequent port and subnet creation events. [pid: 7|app: 0|req: 802/1642] 10.0.0.158 () {32 vars in 740 bytes} [Wed Sep 2 13:44:42 2026] DELETE /v2.0/security-groups/39d11e7d-bc3b-4ac6-89f5-6772deba8002 => generated 0 bytes in 198 msecs (HTTP/1.1 204) 2 headers in 112 bytes (1 switches on core 0)
2026-09-02 13:44:43.209 7 INFO neutron.db.ovn_revision_numbers_db [None req-27bed6b2-ed07-49b6-8cab-30e8d71a735d 6b56fef9a45040c595d4d201c7369435 65221586914742f7b6576c0fb03582a6 - - default default] Successfully bumped revision number for resource 5921dd5b-e20e-48eb-9c8a-b9f09f061d12 (type: security_groups) to 1
2026-09-02 13:44:43.231 7 INFO neutron.db.ovn_revision_numbers_db [None req-27bed6b2-ed07-49b6-8cab-30e8d71a735d 6b56fef9a45040c595d4d201c7369435 65221586914742f7b6576c0fb03582a6 - - default default] Successfully bumped revision number for resource 53d5b935-c480-43e4-b5ed-e7c638af97e5 (type: security_group_rules) to 0
2026-09-02 13:44:43.252 7 INFO neutron.db.ovn_revision_numbers_db [None req-27bed6b2-ed07-49b6-8cab-30e8d71a735d 6b56fef9a45040c595d4d201c7369435 65221586914742f7b6576c0fb03582a6 - - default default] Successfully bumped revision number for resource b187a774-8f94-4cd2-b4c2-0b20a763edaa (type: security_group_rules) to 0
2026-09-02 13:44:43.265 7 INFO neutron.db.ovn_revision_numbers_db [None req-27bed6b2-ed07-49b6-8cab-30e8d71a735d 6b56fef9a45040c595d4d201c7369435 65221586914742f7b6576c0fb03582a6 - - default default] Successfully bumped revision number for resource facbe1e5-ff22-490d-9036-b226a06f776e (type: security_group_rules) to 0
2026-09-02 13:44:43.269 8 INFO neutron.db.ovn_revision_numbers_db [None req-d29720a9-48c1-4957-86be-8e5166efc3ff - - - - - -] Successfully bumped revision number for resource 65c1413a-528a-4795-b763-123cd31b50d3 (type: ports) to 2
2026-09-02 13:44:43.278 7 INFO neutron.db.ovn_revision_numbers_db [None req-27bed6b2-ed07-49b6-8cab-30e8d71a735d 6b56fef9a45040c595d4d201c7369435 65221586914742f7b6576c0fb03582a6 - - default default] Successfully bumped revision number for resource fdfec383-6c0d-41ba-a8ed-540bf0090773 (type: security_group_rules) to 0
2026-09-02 13:44:43.297 8 INFO neutron.db.ovn_revision_numbers_db [None req-d29720a9-48c1-4957-86be-8e5166efc3ff - - - - - -] Successfully bumped revision number for resource 8b516c78-2b10-4eb5-a775-68d835371108 (type: subnets) to 0 [pid: 8|app: 0|req: 841/1643] 10.0.0.158 () {34 vars in 669 bytes} [Wed Sep 2 13:44:42 2026] POST /v2.0/subnets => generated 626 bytes in 613 msecs (HTTP/1.1 201) 4 headers in 162 bytes (1 switches on core 0) [pid: 7|app: 0|req: 803/1644] 10.0.0.158 () {32 vars in 774 bytes} [Wed Sep 2 13:44:43 2026] GET /v2.0/security-groups?tenant_id=c069d301ca664d6b98f101e47c7c2bde&name=default => generated 2925 bytes in 263 msecs (HTTP/1.1 200) 4 headers in 158 bytes (1 switches on core 0)
2026-09-02 13:44:43.535 8 WARNING neutron.scheduler.dhcp_agent_scheduler [None req-30abdb13-5006-4ec5-af44-8718b4b65555 accf52ec20754e6094655ba3f98762af 52d9c3d390384912a7793c6c8d07abd5 - - default default] No more DHCP agents
2026-09-02 13:44:43.538 8 WARNING neutron.api.rpc.agentnotifiers.dhcp_rpc_agent_api [None req-30abdb13-5006-4ec5-af44-8718b4b65555 accf52ec20754e6094655ba3f98762af 52d9c3d390384912a7793c6c8d07abd5 - - default default] Unable to schedule network 8c9919bb-d10a-4702-b453-acce682fa8bc: no agents available; will retry on subsequent port and subnet creation events. [pid: 7|app: 0|req: 804/1645] 10.0.0.158 () {32 vars in 740 bytes} [Wed Sep 2 13:44:43 2026] DELETE /v2.0/security-groups/5921dd5b-e20e-48eb-9c8a-b9f09f061d12 => generated 0 bytes in 235 msecs (HTTP/1.1 204) 2 headers in 112 bytes (1 switches on core 0)
2026-09-02 13:44:43.633 8 INFO neutron.plugins.ml2.drivers.ovn.mech_driver.mech_driver [None req-07a5a4e9-5c0b-4a9c-bd5f-902227e3fca3 - - - - - -] OVN reports status down for port: 1c649ae0-5a41-46ac-bd88-fbfbc9a1995b
2026-09-02 13:44:43.675 8 INFO neutron.db.ovn_revision_numbers_db [None req-30abdb13-5006-4ec5-af44-8718b4b65555 accf52ec20754e6094655ba3f98762af 52d9c3d390384912a7793c6c8d07abd5 - - default default] Successfully bumped revision number for resource 1c649ae0-5a41-46ac-bd88-fbfbc9a1995b (type: ports) to 1 [pid: 8|app: 0|req: 842/1646] 10.0.0.158 () {34 vars in 665 bytes} [Wed Sep 2 13:44:43 2026] POST /v2.0/ports => generated 916 bytes in 413 msecs (HTTP/1.1 201) 4 headers in 162 bytes (1 switches on core 0)
2026-09-02 13:44:43.916 7 INFO neutron_taas.services.taas.taas_plugin [None req-2b0a5775-be94-4694-b600-d6da29347192 accf52ec20754e6094655ba3f98762af 52d9c3d390384912a7793c6c8d07abd5 - - default default] TaaS: Handle Delete Port: 1c649ae0-5a41-46ac-bd88-fbfbc9a1995b
2026-09-02 13:44:43.918 7 INFO neutron_taas.services.taas.tap_mirror_plugin [None req-2b0a5775-be94-4694-b600-d6da29347192 accf52ec20754e6094655ba3f98762af 52d9c3d390384912a7793c6c8d07abd5 - - default default] Tap Mirror: Handle Delete Port: 1c649ae0-5a41-46ac-bd88-fbfbc9a1995b [pid: 7|app: 0|req: 805/1647] 10.0.0.158 () {32 vars in 720 bytes} [Wed Sep 2 13:44:43 2026] DELETE /v2.0/ports/1c649ae0-5a41-46ac-bd88-fbfbc9a1995b => generated 0 bytes in 313 msecs (HTTP/1.1 204) 3 headers in 131 bytes (1 switches on core 0)
2026-09-02 13:44:44.080 8 INFO neutron.pecan_wsgi.hooks.translation [None req-ac320f1f-d2de-4fe0-8d91-f836d3d0de74 accf52ec20754e6094655ba3f98762af 52d9c3d390384912a7793c6c8d07abd5 - - default default] GET failed (client error): The resource could not be found. [pid: 8|app: 0|req: 843/1648] 10.0.0.158 () {32 vars in 717 bytes} [Wed Sep 2 13:44:44 2026] GET /v2.0/ports/1c649ae0-5a41-46ac-bd88-fbfbc9a1995b => generated 132 bytes in 29 msecs (HTTP/1.1 404) 4 headers in 164 bytes (1 switches on core 0) [pid: 7|app: 0|req: 806/1649] 10.0.0.158 () {32 vars in 724 bytes} [Wed Sep 2 13:44:44 2026] DELETE /v2.0/subnets/8b516c78-2b10-4eb5-a775-68d835371108 => generated 0 bytes in 153 msecs (HTTP/1.1 204) 3 headers in 131 bytes (1 switches on core 0) [pid: 7|app: 0|req: 807/1650] 10.0.0.24 () {32 vars in 801 bytes} [Wed Sep 2 13:44:44 2026] GET /v2.0/extensions => generated 20541 bytes in 8 msecs (HTTP/1.1 200) 4 headers in 159 bytes (1 switches on core 0)
2026-09-02 13:44:44.356 8 INFO neutron_taas.services.taas.taas_plugin [None req-6e09a7fd-f5d5-4aea-8edf-2aa3fb0c60c7 accf52ec20754e6094655ba3f98762af 52d9c3d390384912a7793c6c8d07abd5 - - default default] TaaS: Handle Delete Port: 65c1413a-528a-4795-b763-123cd31b50d3
2026-09-02 13:44:44.358 8 INFO neutron_taas.services.taas.tap_mirror_plugin [None req-6e09a7fd-f5d5-4aea-8edf-2aa3fb0c60c7 accf52ec20754e6094655ba3f98762af 52d9c3d390384912a7793c6c8d07abd5 - - default default] Tap Mirror: Handle Delete Port: 65c1413a-528a-4795-b763-123cd31b50d3
2026-09-02 13:44:44.491 8 INFO neutron.services.segments.plugin [-] Segment 8ee5e981-bf6c-4228-93bc-b7a880f8e795 resource provider aggregate not found
2026-09-02 13:44:44.495 8 INFO neutron.services.segments.plugin [-] Segment 8ee5e981-bf6c-4228-93bc-b7a880f8e795 resource provider aggregate not found
2026-09-02 13:44:44.509 8 INFO neutron.services.segments.plugin [-] Client error retrieving segment 8ee5e981-bf6c-4228-93bc-b7a880f8e795 resource provider; error: Placement Client Error (4xx): {"errors": [{"status": 404, "title": "Not Found", "detail": "The resource could not be found.\n\n No resource provider with uuid 8ee5e981-bf6c-4228-93bc-b7a880f8e795 found for delete ", "request_id": "req-be160698-5848-4c9d-879b-7321086b5ce5"}]}
2026-09-02 13:44:44.512 8 INFO neutron.services.segments.plugin [-] Client error retrieving segment 8ee5e981-bf6c-4228-93bc-b7a880f8e795 resource provider; error: Placement Client Error (4xx): {"errors": [{"status": 404, "title": "Not Found", "detail": "The resource could not be found.\n\n No resource provider with uuid 8ee5e981-bf6c-4228-93bc-b7a880f8e795 found for delete ", "request_id": "req-af97437c-dd81-43c1-af1f-5f7ad5d0d243"}]} [pid: 7|app: 0|req: 808/1651] 10.0.0.24 () {30 vars in 723 bytes} [Wed Sep 2 13:44:44 2026] GET /v2.0/quotas/a3a43e1c897e4a6388576394251f5c91/details => generated 847 bytes in 128 msecs (HTTP/1.1 200) 4 headers in 157 bytes (1 switches on core 0) [pid: 8|app: 0|req: 844/1652] 10.0.0.158 () {32 vars in 726 bytes} [Wed Sep 2 13:44:44 2026] DELETE /v2.0/networks/8c9919bb-d10a-4702-b453-acce682fa8bc => generated 0 bytes in 287 msecs (HTTP/1.1 204) 3 headers in 131 bytes (1 switches on core 0)
2026-09-02 13:44:44.719 7 WARNING neutron.scheduler.dhcp_agent_scheduler [None req-396ec769-7d65-4666-b0ea-39832e9209ec accf52ec20754e6094655ba3f98762af 52d9c3d390384912a7793c6c8d07abd5 - - default default] No more DHCP agents
2026-09-02 13:44:44.720 7 WARNING neutron.api.rpc.agentnotifiers.dhcp_rpc_agent_api [None req-396ec769-7d65-4666-b0ea-39832e9209ec accf52ec20754e6094655ba3f98762af 52d9c3d390384912a7793c6c8d07abd5 - - default default] Unable to schedule network daac17ff-d983-4bae-98c8-404fdd7124b3: no agents available; will retry on subsequent port and subnet creation events.
2026-09-02 13:44:44.767 7 INFO neutron.plugins.ml2.drivers.ovn.mech_driver.mech_driver [None req-fa7e346a-8461-4a6c-8200-4c6497d71051 - - - - - -] OVN reports status down for port: 75d5dd4a-235f-48ba-9d63-f057484f5a1f
2026-09-02 13:44:44.818 7 INFO neutron.db.ovn_revision_numbers_db [None req-396ec769-7d65-4666-b0ea-39832e9209ec accf52ec20754e6094655ba3f98762af 52d9c3d390384912a7793c6c8d07abd5 - - default default] Successfully bumped revision number for resource 75d5dd4a-235f-48ba-9d63-f057484f5a1f (type: ports) to 1 [pid: 7|app: 0|req: 809/1653] 10.0.0.158 () {34 vars in 665 bytes} [Wed Sep 2 13:44:44 2026] POST /v2.0/ports => generated 774 bytes in 342 msecs (HTTP/1.1 201) 4 headers in 162 bytes (1 switches on core 0)
2026-09-02 13:44:45.112 7 INFO neutron.plugins.ml2.drivers.ovn.mech_driver.mech_driver [None req-fa7e346a-8461-4a6c-8200-4c6497d71051 - - - - - -] OVN reports status down for port: 75d5dd4a-235f-48ba-9d63-f057484f5a1f
2026-09-02 13:44:45.139 8 INFO neutron.db.ovn_revision_numbers_db [None req-71f6365a-258a-4634-abd1-2e49a0c352b4 accf52ec20754e6094655ba3f98762af 52d9c3d390384912a7793c6c8d07abd5 - - default default] Successfully bumped revision number for resource 75d5dd4a-235f-48ba-9d63-f057484f5a1f (type: ports) to 2 [pid: 8|app: 0|req: 845/1654] 10.0.0.158 () {34 vars in 737 bytes} [Wed Sep 2 13:44:44 2026] PUT /v2.0/ports/75d5dd4a-235f-48ba-9d63-f057484f5a1f => generated 752 bytes in 318 msecs (HTTP/1.1 200) 4 headers in 157 bytes (1 switches on core 0) /var/lib/openstack/lib/python3.12/site-packages/pycadf/identifier.py:70: UserWarning: Invalid uuid: neutron. To ensure interoperability, identifiers should be a valid uuid. warnings.warn(('Invalid uuid: %s. To ensure interoperability, '
2026-09-02 13:44:45.327 7 INFO neutron_taas.services.taas.taas_plugin [None req-a0c9c5d8-b6bc-4948-9f3d-d24233a9eddf accf52ec20754e6094655ba3f98762af 52d9c3d390384912a7793c6c8d07abd5 - - default default] TaaS: Handle Delete Port: 75d5dd4a-235f-48ba-9d63-f057484f5a1f
2026-09-02 13:44:45.330 7 INFO neutron_taas.services.taas.tap_mirror_plugin [None req-a0c9c5d8-b6bc-4948-9f3d-d24233a9eddf accf52ec20754e6094655ba3f98762af 52d9c3d390384912a7793c6c8d07abd5 - - default default] Tap Mirror: Handle Delete Port: 75d5dd4a-235f-48ba-9d63-f057484f5a1f [pid: 7|app: 0|req: 810/1655] 10.0.0.158 () {32 vars in 720 bytes} [Wed Sep 2 13:44:45 2026] DELETE /v2.0/ports/75d5dd4a-235f-48ba-9d63-f057484f5a1f => generated 0 bytes in 225 msecs (HTTP/1.1 204) 3 headers in 131 bytes (1 switches on core 0) /var/lib/openstack/lib/python3.12/site-packages/pycadf/identifier.py:70: UserWarning: Invalid uuid: neutron. To ensure interoperability, identifiers should be a valid uuid. warnings.warn(('Invalid uuid: %s. To ensure interoperability, ' [pid: 7|app: 0|req: 811/1656] 10.0.0.158 () {32 vars in 643 bytes} [Wed Sep 2 13:44:45 2026] GET /v2.0/ports => generated 1533 bytes in 33 msecs (HTTP/1.1 200) 4 headers in 158 bytes (1 switches on core 0)
2026-09-02 13:44:45.485 7 INFO neutron.pecan_wsgi.hooks.translation [None req-fafff397-0a09-4da0-b4b9-af72985448e2 accf52ec20754e6094655ba3f98762af 52d9c3d390384912a7793c6c8d07abd5 - - default default] GET failed (client error): The resource could not be found. [pid: 7|app: 0|req: 812/1657] 10.0.0.158 () {32 vars in 717 bytes} [Wed Sep 2 13:44:45 2026] GET /v2.0/ports/75d5dd4a-235f-48ba-9d63-f057484f5a1f => generated 132 bytes in 13 msecs (HTTP/1.1 404) 4 headers in 164 bytes (1 switches on core 0) [pid: 7|app: 0|req: 813/1658] 10.0.0.158 () {32 vars in 643 bytes} [Wed Sep 2 13:44:45 2026] GET /v2.0/ports => generated 1533 bytes in 32 msecs (HTTP/1.1 200) 4 headers in 158 bytes (1 switches on core 0) [pid: 7|app: 0|req: 814/1659] 10.0.0.158 () {32 vars in 717 bytes} [Wed Sep 2 13:44:45 2026] GET /v2.0/ports/887e1a58-abde-4e31-867b-2c84a207c332 => generated 774 bytes in 33 msecs (HTTP/1.1 200) 4 headers in 157 bytes (1 switches on core 0)
2026-09-02 13:44:45.582 7 INFO neutron.pecan_wsgi.hooks.translation [None req-d74fe2b1-5643-4bae-b47f-97445220002e accf52ec20754e6094655ba3f98762af 52d9c3d390384912a7793c6c8d07abd5 - - default default] DELETE failed (client error): The resource could not be found. [pid: 7|app: 0|req: 815/1660] 10.0.0.158 () {32 vars in 720 bytes} [Wed Sep 2 13:44:45 2026] DELETE /v2.0/ports/1c649ae0-5a41-46ac-bd88-fbfbc9a1995b => generated 132 bytes in 15 msecs (HTTP/1.1 404) 4 headers in 164 bytes (1 switches on core 0)
2026-09-02 13:44:45.587 8 INFO neutron.db.ovn_revision_numbers_db [None req-8a6a3e0f-3fc3-4ba2-be70-4a430d52b391 8c59eed0b7264563846ffb833538dc67 a62b977179c24acda416a2a8ac501c4c - - default default] Successfully bumped revision number for resource f82859aa-14a3-4177-acfb-acf405da14e3 (type: security_groups) to 1
2026-09-02 13:44:45.599 7 INFO neutron.pecan_wsgi.hooks.translation [None req-4c3cc103-6f33-4b9c-88cc-b945d4a65a05 accf52ec20754e6094655ba3f98762af 52d9c3d390384912a7793c6c8d07abd5 - - default default] DELETE failed (client error): The resource could not be found. [pid: 7|app: 0|req: 816/1661] 10.0.0.158 () {32 vars in 724 bytes} [Wed Sep 2 13:44:45 2026] DELETE /v2.0/subnets/8b516c78-2b10-4eb5-a775-68d835371108 => generated 136 bytes in 12 msecs (HTTP/1.1 404) 4 headers in 164 bytes (1 switches on core 0)
2026-09-02 13:44:45.602 8 INFO neutron.db.ovn_revision_numbers_db [None req-8a6a3e0f-3fc3-4ba2-be70-4a430d52b391 8c59eed0b7264563846ffb833538dc67 a62b977179c24acda416a2a8ac501c4c - - default default] Successfully bumped revision number for resource 15c62caa-f7df-46c2-92f7-7420e4a70983 (type: security_group_rules) to 0
2026-09-02 13:44:45.612 8 INFO neutron.db.ovn_revision_numbers_db [None req-8a6a3e0f-3fc3-4ba2-be70-4a430d52b391 8c59eed0b7264563846ffb833538dc67 a62b977179c24acda416a2a8ac501c4c - - default default] Successfully bumped revision number for resource 2e9bde85-7ecc-4e1d-9943-20563526127d (type: security_group_rules) to 0
2026-09-02 13:44:45.613 7 INFO neutron.pecan_wsgi.hooks.translation [None req-d946d995-10e3-42d1-86cc-0b386705d698 accf52ec20754e6094655ba3f98762af 52d9c3d390384912a7793c6c8d07abd5 - - default default] DELETE failed (client error): The resource could not be found. [pid: 7|app: 0|req: 817/1662] 10.0.0.158 () {32 vars in 724 bytes} [Wed Sep 2 13:44:45 2026] DELETE /v2.0/subnets/ba2efb01-e2dc-4b41-9e53-d0a939018e2c => generated 136 bytes in 10 msecs (HTTP/1.1 404) 4 headers in 164 bytes (1 switches on core 0)
2026-09-02 13:44:45.622 8 INFO neutron.db.ovn_revision_numbers_db [None req-8a6a3e0f-3fc3-4ba2-be70-4a430d52b391 8c59eed0b7264563846ffb833538dc67 a62b977179c24acda416a2a8ac501c4c - - default default] Successfully bumped revision number for resource b9013e3f-bfdc-48af-987a-6f3f4c3636f4 (type: security_group_rules) to 0
2026-09-02 13:44:45.632 8 INFO neutron.db.ovn_revision_numbers_db [None req-8a6a3e0f-3fc3-4ba2-be70-4a430d52b391 8c59eed0b7264563846ffb833538dc67 a62b977179c24acda416a2a8ac501c4c - - default default] Successfully bumped revision number for resource e87e451c-8389-4945-961f-cd60777a8c33 (type: security_group_rules) to 0
2026-09-02 13:44:45.710 7 INFO neutron_taas.services.taas.taas_plugin [None req-c2009cb5-8e57-4e2e-98f8-1c9fafb14035 accf52ec20754e6094655ba3f98762af 52d9c3d390384912a7793c6c8d07abd5 - - default default] TaaS: Handle Delete Port: 887e1a58-abde-4e31-867b-2c84a207c332
2026-09-02 13:44:45.713 7 INFO neutron_taas.services.taas.tap_mirror_plugin [None req-c2009cb5-8e57-4e2e-98f8-1c9fafb14035 accf52ec20754e6094655ba3f98762af 52d9c3d390384912a7793c6c8d07abd5 - - default default] Tap Mirror: Handle Delete Port: 887e1a58-abde-4e31-867b-2c84a207c332
2026-09-02 13:44:45.749 8 INFO neutron.db.segments_db [None req-8a6a3e0f-3fc3-4ba2-be70-4a430d52b391 8c59eed0b7264563846ffb833538dc67 a62b977179c24acda416a2a8ac501c4c - - default default] Added segment 4c7f05c7-adad-4626-ac8d-8da7c707ac45 of type geneve for network 5b40ac9d-78cf-4dd7-8f21-e282cfd6e584 [pid: 7|app: 0|req: 818/1663] 10.0.0.158 () {32 vars in 720 bytes} [Wed Sep 2 13:44:45 2026] DELETE /v2.0/ports/887e1a58-abde-4e31-867b-2c84a207c332 => generated 0 bytes in 194 msecs (HTTP/1.1 204) 3 headers in 131 bytes (1 switches on core 0)
2026-09-02 13:44:45.876 8 INFO neutron.db.segments_db [None req-8a6a3e0f-3fc3-4ba2-be70-4a430d52b391 8c59eed0b7264563846ffb833538dc67 a62b977179c24acda416a2a8ac501c4c - - default default] Added segment 75d19a1d-7546-4f03-bee8-af72ceea4264 of type geneve for network 52d3e8d5-04d2-4d9c-854b-e8530ac0d59b
2026-09-02 13:44:45.916 7 INFO neutron_taas.services.taas.taas_plugin [None req-2c2114df-e46a-46b7-97cc-1781df1fad0f accf52ec20754e6094655ba3f98762af 52d9c3d390384912a7793c6c8d07abd5 - - default default] TaaS: Handle Delete Port: c2e895ca-ae3f-4b18-a99b-7ace4378c5d4
2026-09-02 13:44:45.918 7 INFO neutron_taas.services.taas.tap_mirror_plugin [None req-2c2114df-e46a-46b7-97cc-1781df1fad0f accf52ec20754e6094655ba3f98762af 52d9c3d390384912a7793c6c8d07abd5 - - default default] Tap Mirror: Handle Delete Port: c2e895ca-ae3f-4b18-a99b-7ace4378c5d4
2026-09-02 13:44:45.987 8 INFO neutron.db.ovn_revision_numbers_db [None req-8a6a3e0f-3fc3-4ba2-be70-4a430d52b391 8c59eed0b7264563846ffb833538dc67 a62b977179c24acda416a2a8ac501c4c - - default default] Successfully bumped revision number for resource 5b40ac9d-78cf-4dd7-8f21-e282cfd6e584 (type: networks) to 1
2026-09-02 13:44:46.077 7 INFO neutron.services.segments.plugin [-] Segment 4aab9d12-b3a5-4608-9d47-96ccb3600593 resource provider aggregate not found
2026-09-02 13:44:46.083 7 INFO neutron.services.segments.plugin [-] Segment 4aab9d12-b3a5-4608-9d47-96ccb3600593 resource provider aggregate not found
2026-09-02 13:44:46.098 7 INFO neutron.services.segments.plugin [-] Client error retrieving segment 4aab9d12-b3a5-4608-9d47-96ccb3600593 resource provider; error: Placement Client Error (4xx): {"errors": [{"status": 404, "title": "Not Found", "detail": "The resource could not be found.\n\n No resource provider with uuid 4aab9d12-b3a5-4608-9d47-96ccb3600593 found for delete ", "request_id": "req-73d1ebbf-eb41-4172-8c4c-63adacba6a4e"}]}
2026-09-02 13:44:46.104 7 INFO neutron.services.segments.plugin [-] Client error retrieving segment 4aab9d12-b3a5-4608-9d47-96ccb3600593 resource provider; error: Placement Client Error (4xx): {"errors": [{"status": 404, "title": "Not Found", "detail": "The resource could not be found.\n\n No resource provider with uuid 4aab9d12-b3a5-4608-9d47-96ccb3600593 found for delete ", "request_id": "req-fedea519-9a8e-4ba0-92c7-9b82c0bb2883"}]} [pid: 7|app: 0|req: 819/1664] 10.0.0.158 () {32 vars in 726 bytes} [Wed Sep 2 13:44:45 2026] DELETE /v2.0/networks/daac17ff-d983-4bae-98c8-404fdd7124b3 => generated 0 bytes in 307 msecs (HTTP/1.1 204) 3 headers in 131 bytes (1 switches on core 0)
2026-09-02 13:44:46.145 8 WARNING neutron.scheduler.dhcp_agent_scheduler [None req-8a6a3e0f-3fc3-4ba2-be70-4a430d52b391 8c59eed0b7264563846ffb833538dc67 a62b977179c24acda416a2a8ac501c4c - - default default] No more DHCP agents
2026-09-02 13:44:46.146 8 WARNING neutron.api.rpc.agentnotifiers.dhcp_rpc_agent_api [None req-8a6a3e0f-3fc3-4ba2-be70-4a430d52b391 8c59eed0b7264563846ffb833538dc67 a62b977179c24acda416a2a8ac501c4c - - default default] Unable to schedule network 5b40ac9d-78cf-4dd7-8f21-e282cfd6e584: no agents available; will retry on subsequent port and subnet creation events.
2026-09-02 13:44:46.203 7 INFO neutron.plugins.ml2.drivers.ovn.mech_driver.mech_driver [None req-fa7e346a-8461-4a6c-8200-4c6497d71051 - - - - - -] OVN reports status down for port: 1609f973-86c3-4c62-8b09-21e728a6011a
2026-09-02 13:44:46.222 8 INFO neutron.db.ovn_revision_numbers_db [None req-8a6a3e0f-3fc3-4ba2-be70-4a430d52b391 8c59eed0b7264563846ffb833538dc67 a62b977179c24acda416a2a8ac501c4c - - default default] Successfully bumped revision number for resource 1609f973-86c3-4c62-8b09-21e728a6011a (type: ports) to 1
2026-09-02 13:44:46.293 8 INFO neutron.db.ovn_revision_numbers_db [None req-8a6a3e0f-3fc3-4ba2-be70-4a430d52b391 8c59eed0b7264563846ffb833538dc67 a62b977179c24acda416a2a8ac501c4c - - default default] Successfully bumped revision number for resource 52d3e8d5-04d2-4d9c-854b-e8530ac0d59b (type: networks) to 1
2026-09-02 13:44:46.380 7 INFO neutron.db.ovn_revision_numbers_db [None req-71dc21e0-8db9-4be6-ab0f-dc3eb153c140 6b56fef9a45040c595d4d201c7369435 65221586914742f7b6576c0fb03582a6 - - default default] Successfully bumped revision number for resource 3ad09317-289b-46a3-b532-705904d9704f (type: security_groups) to 1
2026-09-02 13:44:46.394 7 INFO neutron.db.ovn_revision_numbers_db [None req-71dc21e0-8db9-4be6-ab0f-dc3eb153c140 6b56fef9a45040c595d4d201c7369435 65221586914742f7b6576c0fb03582a6 - - default default] Successfully bumped revision number for resource 42bc0051-83ee-4d45-93c6-3e15c4d3bd23 (type: security_group_rules) to 0
2026-09-02 13:44:46.413 7 INFO neutron.db.ovn_revision_numbers_db [None req-71dc21e0-8db9-4be6-ab0f-dc3eb153c140 6b56fef9a45040c595d4d201c7369435 65221586914742f7b6576c0fb03582a6 - - default default] Successfully bumped revision number for resource 43d3a2fd-9b99-480a-a95d-9c76710da0f9 (type: security_group_rules) to 0
2026-09-02 13:44:46.430 7 INFO neutron.db.ovn_revision_numbers_db [None req-71dc21e0-8db9-4be6-ab0f-dc3eb153c140 6b56fef9a45040c595d4d201c7369435 65221586914742f7b6576c0fb03582a6 - - default default] Successfully bumped revision number for resource 592120fd-a20f-42ba-9a41-e2241fe97d86 (type: security_group_rules) to 0
2026-09-02 13:44:46.450 7 INFO neutron.db.ovn_revision_numbers_db [None req-71dc21e0-8db9-4be6-ab0f-dc3eb153c140 6b56fef9a45040c595d4d201c7369435 65221586914742f7b6576c0fb03582a6 - - default default] Successfully bumped revision number for resource c71246a1-14f7-4019-b66e-f5b6b6fd9a38 (type: security_group_rules) to 0 [pid: 7|app: 0|req: 820/1665] 10.0.0.158 () {32 vars in 774 bytes} [Wed Sep 2 13:44:46 2026] GET /v2.0/security-groups?tenant_id=abd991e3509549dc9a77c40f55180b47&name=default => generated 2925 bytes in 355 msecs (HTTP/1.1 200) 4 headers in 158 bytes (1 switches on core 0)
2026-09-02 13:44:46.510 8 WARNING neutron.scheduler.dhcp_agent_scheduler [None req-8a6a3e0f-3fc3-4ba2-be70-4a430d52b391 8c59eed0b7264563846ffb833538dc67 a62b977179c24acda416a2a8ac501c4c - - default default] No more DHCP agents
2026-09-02 13:44:46.511 8 WARNING neutron.api.rpc.agentnotifiers.dhcp_rpc_agent_api [None req-8a6a3e0f-3fc3-4ba2-be70-4a430d52b391 8c59eed0b7264563846ffb833538dc67 a62b977179c24acda416a2a8ac501c4c - - default default] Unable to schedule network 52d3e8d5-04d2-4d9c-854b-e8530ac0d59b: no agents available; will retry on subsequent port and subnet creation events.
2026-09-02 13:44:46.589 7 INFO neutron.plugins.ml2.drivers.ovn.mech_driver.mech_driver [None req-fa7e346a-8461-4a6c-8200-4c6497d71051 - - - - - -] OVN reports status down for port: 108450b0-2d73-4efe-8d79-189c69f75140
2026-09-02 13:44:46.592 8 INFO neutron.db.ovn_revision_numbers_db [None req-8a6a3e0f-3fc3-4ba2-be70-4a430d52b391 8c59eed0b7264563846ffb833538dc67 a62b977179c24acda416a2a8ac501c4c - - default default] Successfully bumped revision number for resource 108450b0-2d73-4efe-8d79-189c69f75140 (type: ports) to 1 [pid: 8|app: 0|req: 846/1666] 10.0.0.158 () {34 vars in 670 bytes} [Wed Sep 2 13:44:45 2026] POST /v2.0/networks => generated 1321 bytes in 1318 msecs (HTTP/1.1 201) 4 headers in 163 bytes (1 switches on core 0) [pid: 8|app: 0|req: 847/1667] 10.0.0.158 () {32 vars in 649 bytes} [Wed Sep 2 13:44:46 2026] GET /v2.0/networks => generated 1970 bytes in 45 msecs (HTTP/1.1 200) 4 headers in 158 bytes (1 switches on core 0) [pid: 7|app: 0|req: 821/1668] 10.0.0.158 () {32 vars in 740 bytes} [Wed Sep 2 13:44:46 2026] DELETE /v2.0/security-groups/3ad09317-289b-46a3-b532-705904d9704f => generated 0 bytes in 333 msecs (HTTP/1.1 204) 2 headers in 112 bytes (1 switches on core 0) [pid: 8|app: 0|req: 848/1669] 10.0.0.158 () {32 vars in 774 bytes} [Wed Sep 2 13:44:46 2026] GET /v2.0/security-groups?tenant_id=52d9c3d390384912a7793c6c8d07abd5&name=default => generated 2925 bytes in 138 msecs (HTTP/1.1 200) 4 headers in 158 bytes (1 switches on core 0)
2026-09-02 13:44:46.937 7 INFO neutron_taas.services.taas.taas_plugin [None req-9eedea1e-78ef-40a1-9881-ff5beb830ce5 8c59eed0b7264563846ffb833538dc67 a62b977179c24acda416a2a8ac501c4c - - default default] TaaS: Handle Delete Port: 1609f973-86c3-4c62-8b09-21e728a6011a
2026-09-02 13:44:46.940 7 INFO neutron_taas.services.taas.tap_mirror_plugin [None req-9eedea1e-78ef-40a1-9881-ff5beb830ce5 8c59eed0b7264563846ffb833538dc67 a62b977179c24acda416a2a8ac501c4c - - default default] Tap Mirror: Handle Delete Port: 1609f973-86c3-4c62-8b09-21e728a6011a [pid: 8|app: 0|req: 849/1670] 10.0.0.158 () {32 vars in 740 bytes} [Wed Sep 2 13:44:46 2026] DELETE /v2.0/security-groups/d95e2791-a155-4762-b65e-b529b92804f7 => generated 0 bytes in 293 msecs (HTTP/1.1 204) 2 headers in 112 bytes (1 switches on core 0) [pid: 7|app: 0|req: 822/1671] 10.0.0.158 () {32 vars in 726 bytes} [Wed Sep 2 13:44:46 2026] DELETE /v2.0/networks/5b40ac9d-78cf-4dd7-8f21-e282cfd6e584 => generated 0 bytes in 396 msecs (HTTP/1.1 204) 3 headers in 131 bytes (1 switches on core 0)
2026-09-02 13:44:47.354 8 INFO neutron_taas.services.taas.taas_plugin [None req-c801e92f-96a3-42b8-8cf7-e688931c96d7 8c59eed0b7264563846ffb833538dc67 a62b977179c24acda416a2a8ac501c4c - - default default] TaaS: Handle Delete Port: 108450b0-2d73-4efe-8d79-189c69f75140
2026-09-02 13:44:47.357 8 INFO neutron_taas.services.taas.tap_mirror_plugin [None req-c801e92f-96a3-42b8-8cf7-e688931c96d7 8c59eed0b7264563846ffb833538dc67 a62b977179c24acda416a2a8ac501c4c - - default default] Tap Mirror: Handle Delete Port: 108450b0-2d73-4efe-8d79-189c69f75140
2026-09-02 13:44:47.531 8 INFO neutron.services.segments.plugin [-] Segment 75d19a1d-7546-4f03-bee8-af72ceea4264 resource provider aggregate not found
2026-09-02 13:44:47.535 8 INFO neutron.services.segments.plugin [-] Segment 75d19a1d-7546-4f03-bee8-af72ceea4264 resource provider aggregate not found
2026-09-02 13:44:47.553 8 INFO neutron.services.segments.plugin [-] Client error retrieving segment 75d19a1d-7546-4f03-bee8-af72ceea4264 resource provider; error: Placement Client Error (4xx): {"errors": [{"status": 404, "title": "Not Found", "detail": "The resource could not be found.\n\n No resource provider with uuid 75d19a1d-7546-4f03-bee8-af72ceea4264 found for delete ", "request_id": "req-2ae33b7c-fea8-488b-ab8e-8ba16a2cb5fd"}]}
2026-09-02 13:44:47.555 8 INFO neutron.services.segments.plugin [-] Client error retrieving segment 75d19a1d-7546-4f03-bee8-af72ceea4264 resource provider; error: Placement Client Error (4xx): {"errors": [{"status": 404, "title": "Not Found", "detail": "The resource could not be found.\n\n No resource provider with uuid 75d19a1d-7546-4f03-bee8-af72ceea4264 found for delete ", "request_id": "req-3e7d0a18-b8c2-4ed0-b1aa-f69058803ca7"}]} [pid: 8|app: 0|req: 850/1672] 10.0.0.158 () {32 vars in 726 bytes} [Wed Sep 2 13:44:47 2026] DELETE /v2.0/networks/52d3e8d5-04d2-4d9c-854b-e8530ac0d59b => generated 0 bytes in 358 msecs (HTTP/1.1 204) 3 headers in 131 bytes (1 switches on core 0) [pid: 7|app: 0|req: 823/1673] 10.0.0.158 () {32 vars in 649 bytes} [Wed Sep 2 13:44:47 2026] GET /v2.0/networks => generated 689 bytes in 45 msecs (HTTP/1.1 200) 4 headers in 157 bytes (1 switches on core 0)
2026-09-02 13:44:47.752 8 INFO neutron.db.segments_db [None req-f606af7b-769f-4963-89ec-6ccb06ba1542 8c59eed0b7264563846ffb833538dc67 a62b977179c24acda416a2a8ac501c4c - - default default] Added segment 664faba8-18ae-47b7-83aa-52617fb80ebb of type geneve for network a43f2256-3034-4903-aa12-27bdaad3690f
2026-09-02 13:44:47.876 8 INFO neutron.db.ovn_revision_numbers_db [None req-f606af7b-769f-4963-89ec-6ccb06ba1542 8c59eed0b7264563846ffb833538dc67 a62b977179c24acda416a2a8ac501c4c - - default default] Successfully bumped revision number for resource a43f2256-3034-4903-aa12-27bdaad3690f (type: networks) to 1
2026-09-02 13:44:47.991 7 INFO neutron.db.ovn_revision_numbers_db [None req-05f62b7e-58d6-47cf-8ebe-0f5335db83d3 6b56fef9a45040c595d4d201c7369435 65221586914742f7b6576c0fb03582a6 - - default default] Successfully bumped revision number for resource 872e24ac-62c3-4c6f-b326-ddf15fa4a628 (type: security_groups) to 1
2026-09-02 13:44:48.004 7 INFO neutron.db.ovn_revision_numbers_db [None req-05f62b7e-58d6-47cf-8ebe-0f5335db83d3 6b56fef9a45040c595d4d201c7369435 65221586914742f7b6576c0fb03582a6 - - default default] Successfully bumped revision number for resource 5f3d2a27-634d-4f65-acbb-cf82f951ce43 (type: security_group_rules) to 0
2026-09-02 13:44:48.018 7 INFO neutron.db.ovn_revision_numbers_db [None req-05f62b7e-58d6-47cf-8ebe-0f5335db83d3 6b56fef9a45040c595d4d201c7369435 65221586914742f7b6576c0fb03582a6 - - default default] Successfully bumped revision number for resource 6363574a-ecee-48aa-9527-2a255212ba6b (type: security_group_rules) to 0
2026-09-02 13:44:48.030 7 INFO neutron.db.ovn_revision_numbers_db [None req-05f62b7e-58d6-47cf-8ebe-0f5335db83d3 6b56fef9a45040c595d4d201c7369435 65221586914742f7b6576c0fb03582a6 - - default default] Successfully bumped revision number for resource 660be07e-55b6-4c6c-b791-a81a3dbfa34f (type: security_group_rules) to 0
2026-09-02 13:44:48.040 7 INFO neutron.db.ovn_revision_numbers_db [None req-05f62b7e-58d6-47cf-8ebe-0f5335db83d3 6b56fef9a45040c595d4d201c7369435 65221586914742f7b6576c0fb03582a6 - - default default] Successfully bumped revision number for resource b760fff8-578f-4a30-97c4-35701b69ac64 (type: security_group_rules) to 0
2026-09-02 13:44:48.042 8 WARNING neutron.scheduler.dhcp_agent_scheduler [None req-f606af7b-769f-4963-89ec-6ccb06ba1542 8c59eed0b7264563846ffb833538dc67 a62b977179c24acda416a2a8ac501c4c - - default default] No more DHCP agents
2026-09-02 13:44:48.044 8 WARNING neutron.api.rpc.agentnotifiers.dhcp_rpc_agent_api [None req-f606af7b-769f-4963-89ec-6ccb06ba1542 8c59eed0b7264563846ffb833538dc67 a62b977179c24acda416a2a8ac501c4c - - default default] Unable to schedule network a43f2256-3034-4903-aa12-27bdaad3690f: no agents available; will retry on subsequent port and subnet creation events. [pid: 7|app: 0|req: 824/1674] 10.0.0.158 () {32 vars in 774 bytes} [Wed Sep 2 13:44:47 2026] GET /v2.0/security-groups?tenant_id=a3a43e1c897e4a6388576394251f5c91&name=default => generated 2925 bytes in 434 msecs (HTTP/1.1 200) 4 headers in 158 bytes (1 switches on core 0)
2026-09-02 13:44:48.104 7 INFO neutron.plugins.ml2.drivers.ovn.mech_driver.mech_driver [None req-fa7e346a-8461-4a6c-8200-4c6497d71051 - - - - - -] OVN reports status down for port: ec9229f7-33b7-4aff-910c-71c70784583c
2026-09-02 13:44:48.118 7 INFO neutron.services.segments.plugin [-] Segment 4c7f05c7-adad-4626-ac8d-8da7c707ac45 resource provider aggregate not found
2026-09-02 13:44:48.131 8 INFO neutron.db.ovn_revision_numbers_db [None req-f606af7b-769f-4963-89ec-6ccb06ba1542 8c59eed0b7264563846ffb833538dc67 a62b977179c24acda416a2a8ac501c4c - - default default] Successfully bumped revision number for resource ec9229f7-33b7-4aff-910c-71c70784583c (type: ports) to 1
2026-09-02 13:44:48.141 7 INFO neutron.services.segments.plugin [-] Segment 4c7f05c7-adad-4626-ac8d-8da7c707ac45 resource provider aggregate not found
2026-09-02 13:44:48.147 7 INFO neutron.services.segments.plugin [-] Client error retrieving segment 4c7f05c7-adad-4626-ac8d-8da7c707ac45 resource provider; error: Placement Client Error (4xx): {"errors": [{"status": 404, "title": "Not Found", "detail": "The resource could not be found.\n\n No resource provider with uuid 4c7f05c7-adad-4626-ac8d-8da7c707ac45 found for delete ", "request_id": "req-64547011-a595-493e-928b-fd15ad2dd728"}]} [pid: 8|app: 0|req: 851/1675] 10.0.0.158 () {34 vars in 670 bytes} [Wed Sep 2 13:44:47 2026] POST /v2.0/networks => generated 688 bytes in 518 msecs (HTTP/1.1 201) 4 headers in 162 bytes (1 switches on core 0)
2026-09-02 13:44:48.173 7 INFO neutron.services.segments.plugin [-] Client error retrieving segment 4c7f05c7-adad-4626-ac8d-8da7c707ac45 resource provider; error: Placement Client Error (4xx): {"errors": [{"status": 404, "title": "Not Found", "detail": "The resource could not be found.\n\n No resource provider with uuid 4c7f05c7-adad-4626-ac8d-8da7c707ac45 found for delete ", "request_id": "req-0c5de4df-b559-4aa5-9848-6aed77034739"}]}
2026-09-02 13:44:48.265 8 INFO neutron.db.segments_db [None req-5967ff07-3053-4b06-8c19-7687495beafc 8c59eed0b7264563846ffb833538dc67 a62b977179c24acda416a2a8ac501c4c - - default default] Added segment a190ae1d-b97b-413e-9522-5d731b13591c of type geneve for network 7548c1e2-93d8-4112-a67a-8f27ba648b5b
2026-09-02 13:44:48.373 8 INFO neutron.db.ovn_revision_numbers_db [None req-5967ff07-3053-4b06-8c19-7687495beafc 8c59eed0b7264563846ffb833538dc67 a62b977179c24acda416a2a8ac501c4c - - default default] Successfully bumped revision number for resource 7548c1e2-93d8-4112-a67a-8f27ba648b5b (type: networks) to 1 [pid: 7|app: 0|req: 825/1676] 10.0.0.158 () {32 vars in 740 bytes} [Wed Sep 2 13:44:48 2026] DELETE /v2.0/security-groups/872e24ac-62c3-4c6f-b326-ddf15fa4a628 => generated 0 bytes in 330 msecs (HTTP/1.1 204) 2 headers in 112 bytes (1 switches on core 0)
2026-09-02 13:44:48.528 8 WARNING neutron.scheduler.dhcp_agent_scheduler [None req-5967ff07-3053-4b06-8c19-7687495beafc 8c59eed0b7264563846ffb833538dc67 a62b977179c24acda416a2a8ac501c4c - - default default] No more DHCP agents
2026-09-02 13:44:48.530 8 WARNING neutron.api.rpc.agentnotifiers.dhcp_rpc_agent_api [None req-5967ff07-3053-4b06-8c19-7687495beafc 8c59eed0b7264563846ffb833538dc67 a62b977179c24acda416a2a8ac501c4c - - default default] Unable to schedule network 7548c1e2-93d8-4112-a67a-8f27ba648b5b: no agents available; will retry on subsequent port and subnet creation events.
2026-09-02 13:44:48.573 8 INFO neutron.plugins.ml2.drivers.ovn.mech_driver.mech_driver [None req-07a5a4e9-5c0b-4a9c-bd5f-902227e3fca3 - - - - - -] OVN reports status down for port: e2c4b992-b9d5-433c-a8c8-76ba3d695293
2026-09-02 13:44:48.620 8 INFO neutron.db.ovn_revision_numbers_db [None req-5967ff07-3053-4b06-8c19-7687495beafc 8c59eed0b7264563846ffb833538dc67 a62b977179c24acda416a2a8ac501c4c - - default default] Successfully bumped revision number for resource e2c4b992-b9d5-433c-a8c8-76ba3d695293 (type: ports) to 1 [pid: 8|app: 0|req: 852/1677] 10.0.0.158 () {34 vars in 670 bytes} [Wed Sep 2 13:44:48 2026] POST /v2.0/networks => generated 687 bytes in 512 msecs (HTTP/1.1 201) 4 headers in 162 bytes (1 switches on core 0)
2026-09-02 13:44:49.000 7 INFO neutron.db.ovn_revision_numbers_db [None req-c57d8244-b7e8-4b2a-93dc-8ebd50d23cc8 6b56fef9a45040c595d4d201c7369435 65221586914742f7b6576c0fb03582a6 - - default default] Successfully bumped revision number for resource 6437e7a7-14dc-465b-a9c8-36720ce5e800 (type: security_groups) to 1
2026-09-02 13:44:49.014 7 INFO neutron.db.ovn_revision_numbers_db [None req-c57d8244-b7e8-4b2a-93dc-8ebd50d23cc8 6b56fef9a45040c595d4d201c7369435 65221586914742f7b6576c0fb03582a6 - - default default] Successfully bumped revision number for resource 00c37090-c6f9-44b0-86ec-67282b6b75d8 (type: security_group_rules) to 0
2026-09-02 13:44:49.025 7 INFO neutron.db.ovn_revision_numbers_db [None req-c57d8244-b7e8-4b2a-93dc-8ebd50d23cc8 6b56fef9a45040c595d4d201c7369435 65221586914742f7b6576c0fb03582a6 - - default default] Successfully bumped revision number for resource 7105fd9d-9df4-4276-9933-aeef7311c497 (type: security_group_rules) to 0
2026-09-02 13:44:49.036 7 INFO neutron.db.ovn_revision_numbers_db [None req-c57d8244-b7e8-4b2a-93dc-8ebd50d23cc8 6b56fef9a45040c595d4d201c7369435 65221586914742f7b6576c0fb03582a6 - - default default] Successfully bumped revision number for resource aa7d6488-7ae1-4571-b170-5ba06885e763 (type: security_group_rules) to 0
2026-09-02 13:44:49.048 7 INFO neutron.db.ovn_revision_numbers_db [None req-c57d8244-b7e8-4b2a-93dc-8ebd50d23cc8 6b56fef9a45040c595d4d201c7369435 65221586914742f7b6576c0fb03582a6 - - default default] Successfully bumped revision number for resource c71f1698-5e1c-4945-aa22-6024c0bf0411 (type: security_group_rules) to 0
2026-09-02 13:44:49.059 8 WARNING neutron.scheduler.dhcp_agent_scheduler [None req-58dd4b2b-8919-4ee7-be37-7e8688a80f00 8c59eed0b7264563846ffb833538dc67 a62b977179c24acda416a2a8ac501c4c - - default default] No more DHCP agents
2026-09-02 13:44:49.060 8 WARNING neutron.api.rpc.agentnotifiers.dhcp_rpc_agent_api [None req-58dd4b2b-8919-4ee7-be37-7e8688a80f00 8c59eed0b7264563846ffb833538dc67 a62b977179c24acda416a2a8ac501c4c - - default default] Unable to schedule network a43f2256-3034-4903-aa12-27bdaad3690f: no agents available; will retry on subsequent port and subnet creation events.
2026-09-02 13:44:49.106 8 INFO neutron.plugins.ml2.drivers.ovn.mech_driver.mech_driver [None req-07a5a4e9-5c0b-4a9c-bd5f-902227e3fca3 - - - - - -] OVN reports status down for port: 5abd3822-9626-43b7-8428-e18d8100ba30
2026-09-02 13:44:49.135 7 INFO neutron.db.segments_db [None req-c57d8244-b7e8-4b2a-93dc-8ebd50d23cc8 6b56fef9a45040c595d4d201c7369435 65221586914742f7b6576c0fb03582a6 - - default default] Added segment c8da3eed-ef78-4b93-8738-85080c1e837d of type geneve for network c0b26f39-227b-481d-821e-87306f8c9f30
2026-09-02 13:44:49.161 8 INFO neutron.db.ovn_revision_numbers_db [None req-58dd4b2b-8919-4ee7-be37-7e8688a80f00 8c59eed0b7264563846ffb833538dc67 a62b977179c24acda416a2a8ac501c4c - - default default] Successfully bumped revision number for resource 5abd3822-9626-43b7-8428-e18d8100ba30 (type: ports) to 1
2026-09-02 13:44:49.242 8 WARNING neutron.scheduler.dhcp_agent_scheduler [None req-58dd4b2b-8919-4ee7-be37-7e8688a80f00 8c59eed0b7264563846ffb833538dc67 a62b977179c24acda416a2a8ac501c4c - - default default] No more DHCP agents
2026-09-02 13:44:49.245 8 WARNING neutron.api.rpc.agentnotifiers.dhcp_rpc_agent_api [None req-58dd4b2b-8919-4ee7-be37-7e8688a80f00 8c59eed0b7264563846ffb833538dc67 a62b977179c24acda416a2a8ac501c4c - - default default] Unable to schedule network 7548c1e2-93d8-4112-a67a-8f27ba648b5b: no agents available; will retry on subsequent port and subnet creation events.
2026-09-02 13:44:49.283 7 INFO neutron.db.ovn_revision_numbers_db [None req-c57d8244-b7e8-4b2a-93dc-8ebd50d23cc8 6b56fef9a45040c595d4d201c7369435 65221586914742f7b6576c0fb03582a6 - - default default] Successfully bumped revision number for resource c0b26f39-227b-481d-821e-87306f8c9f30 (type: networks) to 1
2026-09-02 13:44:49.323 8 INFO neutron.plugins.ml2.drivers.ovn.mech_driver.mech_driver [None req-07a5a4e9-5c0b-4a9c-bd5f-902227e3fca3 - - - - - -] OVN reports status down for port: c9ffb7c0-7a4d-4f7f-80b5-b215b1b918b9
2026-09-02 13:44:49.397 8 INFO neutron.db.ovn_revision_numbers_db [None req-58dd4b2b-8919-4ee7-be37-7e8688a80f00 8c59eed0b7264563846ffb833538dc67 a62b977179c24acda416a2a8ac501c4c - - default default] Successfully bumped revision number for resource c9ffb7c0-7a4d-4f7f-80b5-b215b1b918b9 (type: ports) to 1 [pid: 8|app: 0|req: 853/1678] 10.0.0.158 () {34 vars in 665 bytes} [Wed Sep 2 13:44:48 2026] POST /v2.0/ports => generated 1506 bytes in 827 msecs (HTTP/1.1 201) 4 headers in 163 bytes (1 switches on core 0)
2026-09-02 13:44:49.507 7 WARNING neutron.scheduler.dhcp_agent_scheduler [None req-c57d8244-b7e8-4b2a-93dc-8ebd50d23cc8 6b56fef9a45040c595d4d201c7369435 65221586914742f7b6576c0fb03582a6 - - default default] No more DHCP agents [pid: 8|app: 0|req: 854/1679] 10.0.0.158 () {32 vars in 623 bytes} [Wed Sep 2 13:44:49 2026] GET / => generated 151 bytes in 1 msecs (HTTP/1.1 200) 3 headers in 91 bytes (1 switches on core 0)
2026-09-02 13:44:49.508 7 WARNING neutron.api.rpc.agentnotifiers.dhcp_rpc_agent_api [None req-c57d8244-b7e8-4b2a-93dc-8ebd50d23cc8 6b56fef9a45040c595d4d201c7369435 65221586914742f7b6576c0fb03582a6 - - default default] Unable to schedule network c0b26f39-227b-481d-821e-87306f8c9f30: no agents available; will retry on subsequent port and subnet creation events. /var/lib/openstack/lib/python3.12/site-packages/pycadf/identifier.py:70: UserWarning: Invalid uuid: neutron. To ensure interoperability, identifiers should be a valid uuid. warnings.warn(('Invalid uuid: %s. To ensure interoperability, '
2026-09-02 13:44:49.585 7 INFO neutron.db.ovn_revision_numbers_db [None req-c57d8244-b7e8-4b2a-93dc-8ebd50d23cc8 6b56fef9a45040c595d4d201c7369435 65221586914742f7b6576c0fb03582a6 - - default default] Successfully bumped revision number for resource 3fb6944c-3968-496b-8022-c18f9c47c067 (type: ports) to 1
2026-09-02 13:44:49.586 8 INFO neutron.plugins.ml2.drivers.ovn.mech_driver.mech_driver [None req-07a5a4e9-5c0b-4a9c-bd5f-902227e3fca3 - - - - - -] OVN reports status down for port: 3fb6944c-3968-496b-8022-c18f9c47c067 [pid: 8|app: 0|req: 855/1680] 10.0.0.158 () {32 vars in 643 bytes} [Wed Sep 2 13:44:49 2026] GET /v2.0/ports => generated 3018 bytes in 92 msecs (HTTP/1.1 200) 4 headers in 158 bytes (1 switches on core 0) [pid: 7|app: 0|req: 826/1681] 10.0.0.158 () {34 vars in 671 bytes} [Wed Sep 2 13:44:48 2026] POST /v2.0/networks => generated 781 bytes in 957 msecs (HTTP/1.1 201) 4 headers in 162 bytes (1 switches on core 0)
2026-09-02 13:44:49.723 7 INFO neutron_taas.services.taas.taas_plugin [None req-63c7d027-85c1-46c6-b009-63097078b613 8c59eed0b7264563846ffb833538dc67 a62b977179c24acda416a2a8ac501c4c - - default default] TaaS: Handle Delete Port: 5abd3822-9626-43b7-8428-e18d8100ba30
