+ COMMAND=start + start + confs='--config-file /etc/neutron/neutron.conf' + confs+=' --config-file /tmp/pod-shared/ovn.ini' + confs+=' --config-file /etc/neutron/neutron_vpnaas.conf' + confs+=' --config-file /etc/neutron/neutron_ovn_vpn_agent.ini' + confs+=' --config-file /etc/neutron/taas_plugin.ini' + confs+=' --config-file /etc/neutron/plugins/ml2/ml2_conf.ini' + exec uwsgi --ini /etc/neutron/neutron-api-uwsgi.ini --pyargv ' --config-file /etc/neutron/neutron.conf --config-file /tmp/pod-shared/ovn.ini --config-file /etc/neutron/neutron_vpnaas.conf --config-file /etc/neutron/neutron_ovn_vpn_agent.ini --config-file /etc/neutron/taas_plugin.ini --config-file /etc/neutron/plugins/ml2/ml2_conf.ini ' [uWSGI] getting INI configuration from /etc/neutron/neutron-api-uwsgi.ini *** Starting uWSGI 2.0.31 (64bit) on [Wed Sep 2 13:06:08 2026] *** compiled with version: 13.3.0 on 06 August 2026 01:02:38 os: Linux-5.15.0-190-generic #200-Ubuntu SMP Fri Aug 7 15:06:04 UTC 2026 nodename: neutron-server-567d4d9996-x6qmw machine: x86_64 clock source: unix pcre jit disabled detected number of CPU cores: 16 current working directory: / detected binary path: /var/lib/openstack/bin/uwsgi *** dumping internal routing table *** [rule: 0] subject: user_agent regexp: ^kube-probe.* action: donotlog: *** end of the internal routing table *** your memory page size is 4096 bytes detected max file descriptor number: 1048576 lock engine: pthread robust mutexes thunder lock: enabled uwsgi socket 0 bound to TCP address 0.0.0.0:9696 fd 3 Python version: 3.12.3 (main, Mar 23 2026, 19:04:32) [GCC 13.3.0] Python main interpreter initialized at 0x7faf6b842668 python threads support enabled your server socket listen backlog is limited to 100 connections your mercy for graceful operations on workers is 80 seconds mapped 403077 bytes (393 KB) for 2 cores *** Operational MODE: preforking *** *** uWSGI is running in multiple interpreter mode *** spawned uWSGI master process (pid: 1) spawned uWSGI worker 1 (pid: 7, cores: 1) spawned uWSGI worker 2 (pid: 8, cores: 1) running "unix_signal:15 gracefully_kill_them_all" (master-start)...
2026-09-02 13:06:13.365 7 INFO neutron.common.config [-] Logging enabled!
2026-09-02 13:06:13.365 7 INFO neutron.common.config [-] uwsgi version 27.0.19.dev7
2026-09-02 13:06:13.452 8 INFO neutron.common.config [-] Logging enabled!
2026-09-02 13:06:13.452 8 INFO neutron.common.config [-] uwsgi version 27.0.19.dev7
2026-09-02 13:06:13.760 7 INFO neutron.manager [-] Loading core plugin: ml2
2026-09-02 13:06:13.848 8 INFO neutron.manager [-] Loading core plugin: ml2
2026-09-02 13:06:15.419 7 INFO neutron.plugins.ml2.managers [-] Configured type driver names: ['flat', 'vlan', 'geneve']
2026-09-02 13:06:15.422 7 INFO neutron.plugins.ml2.drivers.type_flat [-] Arbitrary flat physical_network names allowed
2026-09-02 13:06:15.426 7 INFO neutron.plugins.ml2.drivers.type_vlan [-] Network VLAN ranges: OrderedDict({'external': [(1, 4094)]})
2026-09-02 13:06:15.426 7 INFO neutron.plugins.ml2.managers [-] Loaded type driver names: ['flat', 'geneve', 'vlan']
2026-09-02 13:06:15.427 7 INFO neutron.plugins.ml2.managers [-] Registered types: dict_keys(['flat', 'geneve', 'vlan'])
2026-09-02 13:06:15.427 7 INFO neutron.plugins.ml2.managers [-] Tenant network_types: ['geneve']
2026-09-02 13:06:15.427 7 INFO neutron.plugins.ml2.managers [-] Configured extension driver names: ['dns_domain_ports', 'port_security', 'qos']
2026-09-02 13:06:15.435 7 INFO neutron.plugins.ml2.managers [-] Loaded extension driver names: ['dns_domain_ports', 'port_security', 'qos']
2026-09-02 13:06:15.435 7 INFO neutron.plugins.ml2.managers [-] Registered extension drivers: ['dns_domain_ports', 'port_security', 'qos']
2026-09-02 13:06:15.435 7 INFO neutron.plugins.ml2.managers [-] Configured mechanism driver names: ['ovn']
2026-09-02 13:06:15.443 8 INFO neutron.plugins.ml2.managers [-] Configured type driver names: ['flat', 'vlan', 'geneve']
2026-09-02 13:06:15.445 8 INFO neutron.plugins.ml2.drivers.type_flat [-] Arbitrary flat physical_network names allowed
2026-09-02 13:06:15.449 8 INFO neutron.plugins.ml2.drivers.type_vlan [-] Network VLAN ranges: OrderedDict({'external': [(1, 4094)]})
2026-09-02 13:06:15.449 8 INFO neutron.plugins.ml2.managers [-] Loaded type driver names: ['flat', 'geneve', 'vlan']
2026-09-02 13:06:15.449 8 INFO neutron.plugins.ml2.managers [-] Registered types: dict_keys(['flat', 'geneve', 'vlan'])
2026-09-02 13:06:15.449 8 INFO neutron.plugins.ml2.managers [-] Tenant network_types: ['geneve']
2026-09-02 13:06:15.449 8 INFO neutron.plugins.ml2.managers [-] Configured extension driver names: ['dns_domain_ports', 'port_security', 'qos']
2026-09-02 13:06:15.457 8 INFO neutron.plugins.ml2.managers [-] Loaded extension driver names: ['dns_domain_ports', 'port_security', 'qos']
2026-09-02 13:06:15.457 8 INFO neutron.plugins.ml2.managers [-] Registered extension drivers: ['dns_domain_ports', 'port_security', 'qos']
2026-09-02 13:06:15.457 8 INFO neutron.plugins.ml2.managers [-] Configured mechanism driver names: ['ovn']
2026-09-02 13:06:15.647 7 INFO neutron.plugins.ml2.managers [-] Loaded mechanism driver names: ['ovn']
2026-09-02 13:06:15.647 7 INFO neutron.plugins.ml2.managers [-] Registered mechanism drivers: ['ovn']
2026-09-02 13:06:15.647 7 INFO neutron.plugins.ml2.managers [-] No mechanism drivers provide segment reachability information for agent scheduling.
2026-09-02 13:06:15.667 8 INFO neutron.plugins.ml2.managers [-] Loaded mechanism driver names: ['ovn']
2026-09-02 13:06:15.667 8 INFO neutron.plugins.ml2.managers [-] Registered mechanism drivers: ['ovn']
2026-09-02 13:06:15.667 8 INFO neutron.plugins.ml2.managers [-] No mechanism drivers provide segment reachability information for agent scheduling.
2026-09-02 13:06:15.677 7 INFO neutron.plugins.ml2.managers [-] Initializing driver for type 'flat'
2026-09-02 13:06:15.678 7 INFO neutron.plugins.ml2.drivers.type_flat [-] ML2 FlatTypeDriver initialization complete
2026-09-02 13:06:15.678 7 INFO neutron.plugins.ml2.managers [-] Initializing driver for type 'geneve'
2026-09-02 13:06:15.678 7 INFO neutron.plugins.ml2.drivers.type_tunnel [-] geneve ID ranges: [(1, 65536)]
2026-09-02 13:06:15.699 8 INFO neutron.plugins.ml2.managers [-] Initializing driver for type 'flat'
2026-09-02 13:06:15.700 8 INFO neutron.plugins.ml2.drivers.type_flat [-] ML2 FlatTypeDriver initialization complete
2026-09-02 13:06:15.700 8 INFO neutron.plugins.ml2.managers [-] Initializing driver for type 'geneve'
2026-09-02 13:06:15.700 8 INFO neutron.plugins.ml2.drivers.type_tunnel [-] geneve ID ranges: [(1, 65536)]
2026-09-02 13:06:17.586 7 INFO neutron.plugins.ml2.managers [None req-53682e58-f8a8-4701-88ff-17ac42afb001 - - - - - -] Initializing driver for type 'vlan'
2026-09-02 13:06:17.627 8 INFO neutron.plugins.ml2.managers [None req-0ccfc380-d4b4-404c-b591-8cd5030b2062 - - - - - -] Initializing driver for type 'vlan'
2026-09-02 13:06:17.724 7 INFO neutron.plugins.ml2.drivers.type_vlan [None req-53682e58-f8a8-4701-88ff-17ac42afb001 - - - - - -] VlanTypeDriver initialization complete
2026-09-02 13:06:17.724 7 INFO neutron.plugins.ml2.managers [None req-53682e58-f8a8-4701-88ff-17ac42afb001 - - - - - -] Initializing extension driver 'dns_domain_ports'
2026-09-02 13:06:17.725 7 INFO neutron.plugins.ml2.extensions.dns_integration [None req-53682e58-f8a8-4701-88ff-17ac42afb001 - - - - - -] DNSDomainPortsExtensionDriver initialization complete
2026-09-02 13:06:17.725 7 INFO neutron.plugins.ml2.managers [None req-53682e58-f8a8-4701-88ff-17ac42afb001 - - - - - -] Initializing extension driver 'port_security'
2026-09-02 13:06:17.725 7 INFO neutron.plugins.ml2.extensions.port_security [None req-53682e58-f8a8-4701-88ff-17ac42afb001 - - - - - -] PortSecurityExtensionDriver initialization complete
2026-09-02 13:06:17.725 7 INFO neutron.plugins.ml2.managers [None req-53682e58-f8a8-4701-88ff-17ac42afb001 - - - - - -] Initializing extension driver 'qos'
2026-09-02 13:06:17.725 7 INFO neutron.plugins.ml2.managers [None req-53682e58-f8a8-4701-88ff-17ac42afb001 - - - - - -] Initializing mechanism driver 'ovn'
2026-09-02 13:06:17.725 7 INFO neutron.plugins.ml2.drivers.ovn.mech_driver.mech_driver [None req-53682e58-f8a8-4701-88ff-17ac42afb001 - - - - - -] Starting OVNMechanismDriver
2026-09-02 13:06:17.728 7 INFO neutron.services.logapi.drivers.ovn.driver [None req-53682e58-f8a8-4701-88ff-17ac42afb001 - - - - - -] OVN logging driver registered
2026-09-02 13:06:17.734 7 INFO neutron.quota [None req-53682e58-f8a8-4701-88ff-17ac42afb001 - - - - - -] Loaded quota_driver: .
2026-09-02 13:06:17.734 7 INFO neutron.plugins.ml2.plugin [None req-53682e58-f8a8-4701-88ff-17ac42afb001 - - - - - -] Modular L2 Plugin initialization complete
2026-09-02 13:06:17.734 7 INFO neutron.plugins.ml2.managers [None req-53682e58-f8a8-4701-88ff-17ac42afb001 - - - - - -] Got dns-integration extension from driver 'dns_domain_ports'
2026-09-02 13:06:17.734 7 INFO neutron.plugins.ml2.managers [None req-53682e58-f8a8-4701-88ff-17ac42afb001 - - - - - -] Got dns-domain-ports extension from driver 'dns_domain_ports'
2026-09-02 13:06:17.734 7 INFO neutron.plugins.ml2.managers [None req-53682e58-f8a8-4701-88ff-17ac42afb001 - - - - - -] Got port-security extension from driver 'port_security'
2026-09-02 13:06:17.735 7 INFO neutron.manager [None req-53682e58-f8a8-4701-88ff-17ac42afb001 - - - - - -] Loading Plugin: qos
2026-09-02 13:06:17.747 7 INFO neutron.manager [None req-53682e58-f8a8-4701-88ff-17ac42afb001 - - - - - -] Loading Plugin: ovn-router
2026-09-02 13:06:17.778 7 INFO neutron.services.ovn_l3.plugin [None req-53682e58-f8a8-4701-88ff-17ac42afb001 - - - - - -] Starting OVNL3RouterPlugin
2026-09-02 13:06:17.783 7 INFO neutron.manager [None req-53682e58-f8a8-4701-88ff-17ac42afb001 - - - - - -] Loading Plugin: segments
2026-09-02 13:06:17.792 8 INFO neutron.plugins.ml2.drivers.type_vlan [None req-0ccfc380-d4b4-404c-b591-8cd5030b2062 - - - - - -] VlanTypeDriver initialization complete
2026-09-02 13:06:17.792 8 INFO neutron.plugins.ml2.managers [None req-0ccfc380-d4b4-404c-b591-8cd5030b2062 - - - - - -] Initializing extension driver 'dns_domain_ports'
2026-09-02 13:06:17.792 8 INFO neutron.plugins.ml2.extensions.dns_integration [None req-0ccfc380-d4b4-404c-b591-8cd5030b2062 - - - - - -] DNSDomainPortsExtensionDriver initialization complete
2026-09-02 13:06:17.792 8 INFO neutron.plugins.ml2.managers [None req-0ccfc380-d4b4-404c-b591-8cd5030b2062 - - - - - -] Initializing extension driver 'port_security'
2026-09-02 13:06:17.792 8 INFO neutron.plugins.ml2.extensions.port_security [None req-0ccfc380-d4b4-404c-b591-8cd5030b2062 - - - - - -] PortSecurityExtensionDriver initialization complete
2026-09-02 13:06:17.792 8 INFO neutron.plugins.ml2.managers [None req-0ccfc380-d4b4-404c-b591-8cd5030b2062 - - - - - -] Initializing extension driver 'qos'
2026-09-02 13:06:17.793 8 INFO neutron.plugins.ml2.managers [None req-0ccfc380-d4b4-404c-b591-8cd5030b2062 - - - - - -] Initializing mechanism driver 'ovn'
2026-09-02 13:06:17.793 8 INFO neutron.plugins.ml2.drivers.ovn.mech_driver.mech_driver [None req-0ccfc380-d4b4-404c-b591-8cd5030b2062 - - - - - -] Starting OVNMechanismDriver
2026-09-02 13:06:17.795 8 INFO neutron.services.logapi.drivers.ovn.driver [None req-0ccfc380-d4b4-404c-b591-8cd5030b2062 - - - - - -] OVN logging driver registered
2026-09-02 13:06:17.801 8 INFO neutron.quota [None req-0ccfc380-d4b4-404c-b591-8cd5030b2062 - - - - - -] Loaded quota_driver: .
2026-09-02 13:06:17.801 8 INFO neutron.plugins.ml2.plugin [None req-0ccfc380-d4b4-404c-b591-8cd5030b2062 - - - - - -] Modular L2 Plugin initialization complete
2026-09-02 13:06:17.801 8 INFO neutron.plugins.ml2.managers [None req-0ccfc380-d4b4-404c-b591-8cd5030b2062 - - - - - -] Got dns-integration extension from driver 'dns_domain_ports'
2026-09-02 13:06:17.802 8 INFO neutron.plugins.ml2.managers [None req-0ccfc380-d4b4-404c-b591-8cd5030b2062 - - - - - -] Got dns-domain-ports extension from driver 'dns_domain_ports'
2026-09-02 13:06:17.802 8 INFO neutron.plugins.ml2.managers [None req-0ccfc380-d4b4-404c-b591-8cd5030b2062 - - - - - -] Got port-security extension from driver 'port_security'
2026-09-02 13:06:17.802 8 INFO neutron.manager [None req-0ccfc380-d4b4-404c-b591-8cd5030b2062 - - - - - -] Loading Plugin: qos
2026-09-02 13:06:17.815 8 INFO neutron.manager [None req-0ccfc380-d4b4-404c-b591-8cd5030b2062 - - - - - -] Loading Plugin: ovn-router
2026-09-02 13:06:17.865 8 INFO neutron.services.ovn_l3.plugin [None req-0ccfc380-d4b4-404c-b591-8cd5030b2062 - - - - - -] Starting OVNL3RouterPlugin
2026-09-02 13:06:17.871 8 INFO neutron.manager [None req-0ccfc380-d4b4-404c-b591-8cd5030b2062 - - - - - -] Loading Plugin: segments
2026-09-02 13:06:17.913 7 INFO neutron.manager [None req-53682e58-f8a8-4701-88ff-17ac42afb001 - - - - - -] Loading Plugin: trunk
2026-09-02 13:06:17.924 7 INFO neutron.manager [None req-53682e58-f8a8-4701-88ff-17ac42afb001 - - - - - -] Loading Plugin: log
2026-09-02 13:06:17.928 7 INFO neutron.manager [None req-53682e58-f8a8-4701-88ff-17ac42afb001 - - - - - -] Loading Plugin: ovn-vpnaas
2026-09-02 13:06:17.980 8 INFO neutron.manager [None req-0ccfc380-d4b4-404c-b591-8cd5030b2062 - - - - - -] Loading Plugin: trunk
2026-09-02 13:06:17.980 7 INFO neutron_vpnaas.db.vpn.vpn_agentschedulers_db [None req-53682e58-f8a8-4701-88ff-17ac42afb001 - - - - - -] Skipping periodic VPN agent status check because automatic rescheduling is disabled.
2026-09-02 13:06:17.981 7 WARNING stevedore.named [None req-53682e58-f8a8-4701-88ff-17ac42afb001 - - - - - -] Could not load neutron_vpnaas.services.vpn.service_drivers.ovn_ipsec.IPsecOvnVPNDriver
2026-09-02 13:06:17.993 8 INFO neutron.manager [None req-0ccfc380-d4b4-404c-b591-8cd5030b2062 - - - - - -] Loading Plugin: log
2026-09-02 13:06:17.998 8 INFO neutron.manager [None req-0ccfc380-d4b4-404c-b591-8cd5030b2062 - - - - - -] Loading Plugin: ovn-vpnaas
2026-09-02 13:06:18.019 7 INFO neutron_vpnaas.services.vpn.plugin [None req-53682e58-f8a8-4701-88ff-17ac42afb001 - - - - - -] VPN plugin using service drivers: dict_keys(['strongswan']), default: strongswan
2026-09-02 13:06:18.020 7 INFO neutron.common.utils [None req-53682e58-f8a8-4701-88ff-17ac42afb001 - - - - - -] Disable filter validation extension by service plugin VPNOVNDriverPlugin.
2026-09-02 13:06:18.020 7 INFO neutron.manager [None req-53682e58-f8a8-4701-88ff-17ac42afb001 - - - - - -] Loading Plugin: taas
2026-09-02 13:06:18.040 7 WARNING stevedore.named [None req-53682e58-f8a8-4701-88ff-17ac42afb001 - - - - - -] Could not load neutron_taas.services.taas.service_drivers.ovn.taas_ovn.TaasOvnDriver
2026-09-02 13:06:18.045 7 INFO neutron_taas.services.taas.taas_plugin [None req-53682e58-f8a8-4701-88ff-17ac42afb001 - - - - - -] TAAS Plugin initialized using service drivers: dict_keys(['taas']), default: taas
2026-09-02 13:06:18.045 7 INFO neutron.manager [None req-53682e58-f8a8-4701-88ff-17ac42afb001 - - - - - -] Loading Plugin: tapmirror
2026-09-02 13:06:18.053 7 WARNING stevedore.named [None req-53682e58-f8a8-4701-88ff-17ac42afb001 - - - - - -] Could not load neutron_taas.services.taas.service_drivers.ovn.taas_ovn.TaasOvnDriver
2026-09-02 13:06:18.053 7 INFO neutron_taas.services.taas.tap_mirror_plugin [None req-53682e58-f8a8-4701-88ff-17ac42afb001 - - - - - -] Tap Mirror plugin using service drivers: dict_keys(['taas']), default: taas
2026-09-02 13:06:18.054 7 INFO neutron.manager [None req-53682e58-f8a8-4701-88ff-17ac42afb001 - - - - - -] Loading Plugin: auto_allocate
2026-09-02 13:06:18.058 7 INFO neutron.manager [None req-53682e58-f8a8-4701-88ff-17ac42afb001 - - - - - -] Loading Plugin: tag
2026-09-02 13:06:18.061 8 INFO neutron_vpnaas.db.vpn.vpn_agentschedulers_db [None req-0ccfc380-d4b4-404c-b591-8cd5030b2062 - - - - - -] Skipping periodic VPN agent status check because automatic rescheduling is disabled.
2026-09-02 13:06:18.061 8 WARNING stevedore.named [None req-0ccfc380-d4b4-404c-b591-8cd5030b2062 - - - - - -] Could not load neutron_vpnaas.services.vpn.service_drivers.ovn_ipsec.IPsecOvnVPNDriver
2026-09-02 13:06:18.064 7 INFO neutron.manager [None req-53682e58-f8a8-4701-88ff-17ac42afb001 - - - - - -] Loading Plugin: timestamp
2026-09-02 13:06:18.067 7 INFO neutron.manager [None req-53682e58-f8a8-4701-88ff-17ac42afb001 - - - - - -] Loading Plugin: network_ip_availability
2026-09-02 13:06:18.070 7 INFO neutron.manager [None req-53682e58-f8a8-4701-88ff-17ac42afb001 - - - - - -] Loading Plugin: flavors
2026-09-02 13:06:18.074 7 INFO neutron.manager [None req-53682e58-f8a8-4701-88ff-17ac42afb001 - - - - - -] Loading Plugin: revisions
2026-09-02 13:06:18.077 7 INFO neutron.api.extensions [None req-53682e58-f8a8-4701-88ff-17ac42afb001 - - - - - -] Initializing extension manager.
2026-09-02 13:06:18.078 7 INFO neutron.api.extensions [None req-53682e58-f8a8-4701-88ff-17ac42afb001 - - - - - -] Loaded extension: address-group
2026-09-02 13:06:18.079 7 INFO neutron.api.extensions [None req-53682e58-f8a8-4701-88ff-17ac42afb001 - - - - - -] Loaded extension: address-scope
2026-09-02 13:06:18.079 7 INFO neutron.api.extensions [None req-53682e58-f8a8-4701-88ff-17ac42afb001 - - - - - -] Extension router-admin-state-down-before-update not supported by any of loaded plugins
2026-09-02 13:06:18.080 7 INFO neutron.api.extensions [None req-53682e58-f8a8-4701-88ff-17ac42afb001 - - - - - -] Loaded extension: agent
2026-09-02 13:06:18.081 7 INFO neutron.api.extensions [None req-53682e58-f8a8-4701-88ff-17ac42afb001 - - - - - -] Extension agent-resources-synced not supported by any of loaded plugins
2026-09-02 13:06:18.082 7 INFO neutron.api.extensions [None req-53682e58-f8a8-4701-88ff-17ac42afb001 - - - - - -] Loaded extension: allowed-address-pairs
2026-09-02 13:06:18.083 7 INFO neutron.api.extensions [None req-53682e58-f8a8-4701-88ff-17ac42afb001 - - - - - -] Loaded extension: auto-allocated-topology
2026-09-02 13:06:18.084 7 INFO neutron.api.extensions [None req-53682e58-f8a8-4701-88ff-17ac42afb001 - - - - - -] Loaded extension: availability_zone
2026-09-02 13:06:18.084 7 INFO neutron.api.extensions [None req-53682e58-f8a8-4701-88ff-17ac42afb001 - - - - - -] Extension availability_zone_filter not supported by any of loaded plugins
2026-09-02 13:06:18.085 7 INFO neutron.api.extensions [None req-53682e58-f8a8-4701-88ff-17ac42afb001 - - - - - -] Extension data-plane-status not supported by any of loaded plugins
2026-09-02 13:06:18.085 7 INFO neutron.api.extensions [None req-53682e58-f8a8-4701-88ff-17ac42afb001 - - - - - -] Loaded extension: default-subnetpools
2026-09-02 13:06:18.087 7 INFO neutron.api.extensions [None req-53682e58-f8a8-4701-88ff-17ac42afb001 - - - - - -] Loaded extension: dhcp_agent_scheduler
2026-09-02 13:06:18.087 7 INFO neutron.api.extensions [None req-53682e58-f8a8-4701-88ff-17ac42afb001 - - - - - -] Loaded extension: dns-integration
2026-09-02 13:06:18.088 7 INFO neutron.api.extensions [None req-53682e58-f8a8-4701-88ff-17ac42afb001 - - - - - -] Loaded extension: dns-domain-ports
2026-09-02 13:06:18.089 7 INFO neutron.api.extensions [None req-53682e58-f8a8-4701-88ff-17ac42afb001 - - - - - -] Loaded extension: dns-integration-domain-keywords
2026-09-02 13:06:18.089 7 INFO neutron.api.extensions [None req-53682e58-f8a8-4701-88ff-17ac42afb001 - - - - - -] Extension dvr not supported by any of loaded plugins
2026-09-02 13:06:18.090 7 INFO neutron.api.extensions [None req-53682e58-f8a8-4701-88ff-17ac42afb001 - - - - - -] Extension ecmp_routes not supported by any of loaded plugins
2026-09-02 13:06:18.090 7 INFO neutron.api.extensions [None req-53682e58-f8a8-4701-88ff-17ac42afb001 - - - - - -] Loaded extension: empty-string-filtering
2026-09-02 13:06:18.091 7 INFO neutron.api.extensions [None req-53682e58-f8a8-4701-88ff-17ac42afb001 - - - - - -] Extension expose-l3-conntrack-helper not supported by any of loaded plugins
2026-09-02 13:06:18.091 7 INFO neutron.api.extensions [None req-53682e58-f8a8-4701-88ff-17ac42afb001 - - - - - -] Extension expose-port-forwarding-in-fip not supported by any of loaded plugins
2026-09-02 13:06:18.091 7 INFO neutron.api.extensions [None req-53682e58-f8a8-4701-88ff-17ac42afb001 - - - - - -] Loaded extension: external-net
2026-09-02 13:06:18.092 7 INFO neutron.api.extensions [None req-53682e58-f8a8-4701-88ff-17ac42afb001 - - - - - -] Loaded extension: extra_dhcp_opt
2026-09-02 13:06:18.092 7 INFO neutron.api.extensions [None req-53682e58-f8a8-4701-88ff-17ac42afb001 - - - - - -] Loaded extension: extraroute
2026-09-02 13:06:18.093 7 INFO neutron.api.extensions [None req-53682e58-f8a8-4701-88ff-17ac42afb001 - - - - - -] Extension extraroute-atomic not supported by any of loaded plugins
2026-09-02 13:06:18.094 7 INFO neutron.api.extensions [None req-53682e58-f8a8-4701-88ff-17ac42afb001 - - - - - -] Extension filter-validation not supported by any of loaded plugins
2026-09-02 13:06:18.094 7 INFO neutron.api.extensions [None req-53682e58-f8a8-4701-88ff-17ac42afb001 - - - - - -] Extension floating-ip-port-forwarding-description not supported by any of loaded plugins
2026-09-02 13:06:18.094 7 INFO neutron.api.extensions [None req-53682e58-f8a8-4701-88ff-17ac42afb001 - - - - - -] Loaded extension: floating-ip-port-forwarding-detail
2026-09-02 13:06:18.095 7 INFO neutron.api.extensions [None req-53682e58-f8a8-4701-88ff-17ac42afb001 - - - - - -] Extension floating-ip-port-forwarding-port-ranges not supported by any of loaded plugins
2026-09-02 13:06:18.095 7 INFO neutron.api.extensions [None req-53682e58-f8a8-4701-88ff-17ac42afb001 - - - - - -] Loaded extension: fip-port-details
2026-09-02 13:06:18.096 7 INFO neutron.api.extensions [None req-53682e58-f8a8-4701-88ff-17ac42afb001 - - - - - -] Loaded extension: flavors
2026-09-02 13:06:18.097 7 INFO neutron.api.extensions [None req-53682e58-f8a8-4701-88ff-17ac42afb001 - - - - - -] Extension floating-ip-port-forwarding not supported by any of loaded plugins
2026-09-02 13:06:18.098 7 INFO neutron.api.extensions [None req-53682e58-f8a8-4701-88ff-17ac42afb001 - - - - - -] Loaded extension: floatingip-pools
2026-09-02 13:06:18.098 7 INFO neutron.api.extensions [None req-53682e58-f8a8-4701-88ff-17ac42afb001 - - - - - -] Loaded extension: ip_allocation
2026-09-02 13:06:18.099 7 INFO neutron.api.extensions [None req-53682e58-f8a8-4701-88ff-17ac42afb001 - - - - - -] Extension ip-substring-filtering not supported by any of loaded plugins
2026-09-02 13:06:18.099 7 INFO neutron.api.extensions [None req-53682e58-f8a8-4701-88ff-17ac42afb001 - - - - - -] Loaded extension: l2_adjacency
2026-09-02 13:06:18.100 7 INFO neutron.api.extensions [None req-53682e58-f8a8-4701-88ff-17ac42afb001 - - - - - -] Loaded extension: router
2026-09-02 13:06:18.102 7 INFO neutron.api.extensions [None req-53682e58-f8a8-4701-88ff-17ac42afb001 - - - - - -] Extension l3-conntrack-helper not supported by any of loaded plugins
2026-09-02 13:06:18.102 7 INFO neutron.api.extensions [None req-53682e58-f8a8-4701-88ff-17ac42afb001 - - - - - -] Loaded extension: enable-default-route-bfd
2026-09-02 13:06:18.103 7 INFO neutron.api.extensions [None req-53682e58-f8a8-4701-88ff-17ac42afb001 - - - - - -] Loaded extension: enable-default-route-ecmp
2026-09-02 13:06:18.103 7 INFO neutron.api.extensions [None req-53682e58-f8a8-4701-88ff-17ac42afb001 - - - - - -] Loaded extension: ext-gw-mode
2026-09-02 13:06:18.104 7 INFO neutron.api.extensions [None req-53682e58-f8a8-4701-88ff-17ac42afb001 - - - - - -] Loaded extension: l3-ha
2026-09-02 13:06:18.105 8 INFO neutron_vpnaas.services.vpn.plugin [None req-0ccfc380-d4b4-404c-b591-8cd5030b2062 - - - - - -] VPN plugin using service drivers: dict_keys(['strongswan']), default: strongswan
2026-09-02 13:06:18.106 8 INFO neutron.common.utils [None req-0ccfc380-d4b4-404c-b591-8cd5030b2062 - - - - - -] Disable filter validation extension by service plugin VPNOVNDriverPlugin.
2026-09-02 13:06:18.106 7 INFO neutron.api.extensions [None req-53682e58-f8a8-4701-88ff-17ac42afb001 - - - - - -] Extension l3-ext-ndp-proxy not supported by any of loaded plugins
2026-09-02 13:06:18.106 8 INFO neutron.manager [None req-0ccfc380-d4b4-404c-b591-8cd5030b2062 - - - - - -] Loading Plugin: taas
2026-09-02 13:06:18.106 7 INFO neutron.api.extensions [None req-53682e58-f8a8-4701-88ff-17ac42afb001 - - - - - -] Loaded extension: external-gateway-multihoming
2026-09-02 13:06:18.107 7 INFO neutron.api.extensions [None req-53682e58-f8a8-4701-88ff-17ac42afb001 - - - - - -] Loaded extension: l3-flavors
2026-09-02 13:06:18.108 7 INFO neutron.api.extensions [None req-53682e58-f8a8-4701-88ff-17ac42afb001 - - - - - -] Extension l3-ndp-proxy not supported by any of loaded plugins
2026-09-02 13:06:18.108 7 INFO neutron.api.extensions [None req-53682e58-f8a8-4701-88ff-17ac42afb001 - - - - - -] Extension l3-port-ip-change-not-allowed not supported by any of loaded plugins
2026-09-02 13:06:18.110 7 INFO neutron.api.extensions [None req-53682e58-f8a8-4701-88ff-17ac42afb001 - - - - - -] Extension l3_agent_scheduler not supported by any of loaded plugins
2026-09-02 13:06:18.111 7 INFO neutron.api.extensions [None req-53682e58-f8a8-4701-88ff-17ac42afb001 - - - - - -] Extension local_ip not supported by any of loaded plugins
2026-09-02 13:06:18.112 7 INFO neutron.api.extensions [None req-53682e58-f8a8-4701-88ff-17ac42afb001 - - - - - -] Loaded extension: logging
2026-09-02 13:06:18.114 7 INFO neutron.api.extensions [None req-53682e58-f8a8-4701-88ff-17ac42afb001 - - - - - -] Extension metering not supported by any of loaded plugins
2026-09-02 13:06:18.114 7 INFO neutron.api.extensions [None req-53682e58-f8a8-4701-88ff-17ac42afb001 - - - - - -] Extension metering_source_and_destination_fields not supported by any of loaded plugins
2026-09-02 13:06:18.115 7 INFO neutron.api.extensions [None req-53682e58-f8a8-4701-88ff-17ac42afb001 - - - - - -] Loaded extension: multi-provider
2026-09-02 13:06:18.115 7 INFO neutron.api.extensions [None req-53682e58-f8a8-4701-88ff-17ac42afb001 - - - - - -] Loaded extension: net-mtu
2026-09-02 13:06:18.116 7 INFO neutron.api.extensions [None req-53682e58-f8a8-4701-88ff-17ac42afb001 - - - - - -] Loaded extension: net-mtu-writable
2026-09-02 13:06:18.116 7 INFO neutron.api.extensions [None req-53682e58-f8a8-4701-88ff-17ac42afb001 - - - - - -] Loaded extension: network_availability_zone
2026-09-02 13:06:18.117 7 INFO neutron.api.extensions [None req-53682e58-f8a8-4701-88ff-17ac42afb001 - - - - - -] Extension network_ha not supported by any of loaded plugins
2026-09-02 13:06:18.117 7 INFO neutron.api.extensions [None req-53682e58-f8a8-4701-88ff-17ac42afb001 - - - - - -] Loaded extension: network-ip-availability
2026-09-02 13:06:18.118 7 INFO neutron.api.extensions [None req-53682e58-f8a8-4701-88ff-17ac42afb001 - - - - - -] Extension network-segment-range not supported by any of loaded plugins
2026-09-02 13:06:18.119 7 INFO neutron.api.extensions [None req-53682e58-f8a8-4701-88ff-17ac42afb001 - - - - - -] Loaded extension: pagination
2026-09-02 13:06:18.119 7 INFO neutron.api.extensions [None req-53682e58-f8a8-4701-88ff-17ac42afb001 - - - - - -] Loaded extension: port-device-profile
2026-09-02 13:06:18.120 7 INFO neutron.api.extensions [None req-53682e58-f8a8-4701-88ff-17ac42afb001 - - - - - -] Extension port-hardware-offload-type not supported by any of loaded plugins
2026-09-02 13:06:18.120 7 INFO neutron.api.extensions [None req-53682e58-f8a8-4701-88ff-17ac42afb001 - - - - - -] Extension port-hint-ovs-tx-steering not supported by any of loaded plugins
2026-09-02 13:06:18.120 7 INFO neutron.api.extensions [None req-53682e58-f8a8-4701-88ff-17ac42afb001 - - - - - -] Extension port-hints not supported by any of loaded plugins
2026-09-02 13:06:18.121 7 INFO neutron.api.extensions [None req-53682e58-f8a8-4701-88ff-17ac42afb001 - - - - - -] Extension port-mac-override not supported by any of loaded plugins
2026-09-02 13:06:18.121 7 INFO neutron.api.extensions [None req-53682e58-f8a8-4701-88ff-17ac42afb001 - - - - - -] Loaded extension: port-mac-address-regenerate
2026-09-02 13:06:18.122 7 INFO neutron.api.extensions [None req-53682e58-f8a8-4701-88ff-17ac42afb001 - - - - - -] Loaded extension: port-numa-affinity-policy
2026-09-02 13:06:18.122 7 INFO neutron.api.extensions [None req-53682e58-f8a8-4701-88ff-17ac42afb001 - - - - - -] Loaded extension: port-numa-affinity-policy-socket
2026-09-02 13:06:18.123 7 INFO neutron.api.extensions [None req-53682e58-f8a8-4701-88ff-17ac42afb001 - - - - - -] Loaded extension: port-resource-request
2026-09-02 13:06:18.123 7 INFO neutron.api.extensions [None req-53682e58-f8a8-4701-88ff-17ac42afb001 - - - - - -] Loaded extension: port-resource-request-groups
2026-09-02 13:06:18.124 7 INFO neutron.api.extensions [None req-53682e58-f8a8-4701-88ff-17ac42afb001 - - - - - -] Extension port-trusted-vif not supported by any of loaded plugins
2026-09-02 13:06:18.124 7 INFO neutron.api.extensions [None req-53682e58-f8a8-4701-88ff-17ac42afb001 - - - - - -] Loaded extension: binding
2026-09-02 13:06:18.125 7 INFO neutron.api.extensions [None req-53682e58-f8a8-4701-88ff-17ac42afb001 - - - - - -] Loaded extension: binding-extended
2026-09-02 13:06:18.125 7 INFO neutron.api.extensions [None req-53682e58-f8a8-4701-88ff-17ac42afb001 - - - - - -] Loaded extension: port-security
2026-09-02 13:06:18.126 7 INFO neutron.api.extensions [None req-53682e58-f8a8-4701-88ff-17ac42afb001 - - - - - -] Loaded extension: project-id
2026-09-02 13:06:18.126 7 INFO neutron.api.extensions [None req-53682e58-f8a8-4701-88ff-17ac42afb001 - - - - - -] Loaded extension: provider
2026-09-02 13:06:18.127 7 INFO neutron.api.extensions [None req-53682e58-f8a8-4701-88ff-17ac42afb001 - - - - - -] Loaded extension: qinq
2026-09-02 13:06:18.129 7 INFO neutron.api.extensions [None req-53682e58-f8a8-4701-88ff-17ac42afb001 - - - - - -] Loaded extension: qos
2026-09-02 13:06:18.129 8 WARNING stevedore.named [None req-0ccfc380-d4b4-404c-b591-8cd5030b2062 - - - - - -] Could not load neutron_taas.services.taas.service_drivers.ovn.taas_ovn.TaasOvnDriver
2026-09-02 13:06:18.130 7 INFO neutron.api.extensions [None req-53682e58-f8a8-4701-88ff-17ac42afb001 - - - - - -] Loaded extension: qos-bw-limit-direction
2026-09-02 13:06:18.130 7 INFO neutron.api.extensions [None req-53682e58-f8a8-4701-88ff-17ac42afb001 - - - - - -] Loaded extension: qos-bw-minimum-ingress
2026-09-02 13:06:18.131 7 INFO neutron.api.extensions [None req-53682e58-f8a8-4701-88ff-17ac42afb001 - - - - - -] Loaded extension: qos-default
2026-09-02 13:06:18.131 7 INFO neutron.api.extensions [None req-53682e58-f8a8-4701-88ff-17ac42afb001 - - - - - -] Loaded extension: qos-fip
2026-09-02 13:06:18.132 7 INFO neutron.api.extensions [None req-53682e58-f8a8-4701-88ff-17ac42afb001 - - - - - -] Extension qos-fip-network-policy not supported by any of loaded plugins
2026-09-02 13:06:18.132 7 INFO neutron.api.extensions [None req-53682e58-f8a8-4701-88ff-17ac42afb001 - - - - - -] Loaded extension: qos-gateway-ip
2026-09-02 13:06:18.133 7 INFO neutron.api.extensions [None req-53682e58-f8a8-4701-88ff-17ac42afb001 - - - - - -] Loaded extension: qos-port-network-policy
2026-09-02 13:06:18.133 7 INFO neutron.api.extensions [None req-53682e58-f8a8-4701-88ff-17ac42afb001 - - - - - -] Loaded extension: qos-pps-minimum
2026-09-02 13:06:18.134 7 INFO neutron.api.extensions [None req-53682e58-f8a8-4701-88ff-17ac42afb001 - - - - - -] Loaded extension: qos-pps-minimum-rule-alias
2026-09-02 13:06:18.134 7 INFO neutron.api.extensions [None req-53682e58-f8a8-4701-88ff-17ac42afb001 - - - - - -] Loaded extension: qos-pps
2026-09-02 13:06:18.135 7 INFO neutron.api.extensions [None req-53682e58-f8a8-4701-88ff-17ac42afb001 - - - - - -] Loaded extension: qos-rule-type-details
2026-09-02 13:06:18.135 8 INFO neutron_taas.services.taas.taas_plugin [None req-0ccfc380-d4b4-404c-b591-8cd5030b2062 - - - - - -] TAAS Plugin initialized using service drivers: dict_keys(['taas']), default: taas
2026-09-02 13:06:18.135 8 INFO neutron.manager [None req-0ccfc380-d4b4-404c-b591-8cd5030b2062 - - - - - -] Loading Plugin: tapmirror
2026-09-02 13:06:18.135 7 INFO neutron.api.extensions [None req-53682e58-f8a8-4701-88ff-17ac42afb001 - - - - - -] Loaded extension: qos-rule-type-filter
2026-09-02 13:06:18.136 7 INFO neutron.api.extensions [None req-53682e58-f8a8-4701-88ff-17ac42afb001 - - - - - -] Loaded extension: qos-rules-alias
2026-09-02 13:06:18.136 7 INFO neutron.api.extensions [None req-53682e58-f8a8-4701-88ff-17ac42afb001 - - - - - -] Loaded extension: quota-check-limit
2026-09-02 13:06:18.137 7 INFO neutron.api.extensions [None req-53682e58-f8a8-4701-88ff-17ac42afb001 - - - - - -] Loaded extension: quota-check-limit-default
2026-09-02 13:06:18.139 7 INFO neutron.api.extensions [None req-53682e58-f8a8-4701-88ff-17ac42afb001 - - - - - -] Loaded extension: quotas
2026-09-02 13:06:18.140 7 INFO neutron.api.extensions [None req-53682e58-f8a8-4701-88ff-17ac42afb001 - - - - - -] Loaded extension: quota_details
2026-09-02 13:06:18.142 7 INFO neutron.api.extensions [None req-53682e58-f8a8-4701-88ff-17ac42afb001 - - - - - -] Loaded extension: rbac-policies
2026-09-02 13:06:18.142 7 INFO neutron.api.extensions [None req-53682e58-f8a8-4701-88ff-17ac42afb001 - - - - - -] Extension rbac-address-group not supported by any of loaded plugins
2026-09-02 13:06:18.143 7 INFO neutron.api.extensions [None req-53682e58-f8a8-4701-88ff-17ac42afb001 - - - - - -] Loaded extension: rbac-address-scope
2026-09-02 13:06:18.143 7 INFO neutron.api.extensions [None req-53682e58-f8a8-4701-88ff-17ac42afb001 - - - - - -] Loaded extension: rbac-security-groups
2026-09-02 13:06:18.143 7 INFO neutron.api.extensions [None req-53682e58-f8a8-4701-88ff-17ac42afb001 - - - - - -] Extension rbac-subnetpool not supported by any of loaded plugins
2026-09-02 13:06:18.144 7 INFO neutron.api.extensions [None req-53682e58-f8a8-4701-88ff-17ac42afb001 - - - - - -] Loaded extension: revision-if-match
2026-09-02 13:06:18.144 8 WARNING stevedore.named [None req-0ccfc380-d4b4-404c-b591-8cd5030b2062 - - - - - -] Could not load neutron_taas.services.taas.service_drivers.ovn.taas_ovn.TaasOvnDriver
2026-09-02 13:06:18.145 7 INFO neutron.api.extensions [None req-53682e58-f8a8-4701-88ff-17ac42afb001 - - - - - -] Loaded extension: standard-attr-revisions
2026-09-02 13:06:18.145 8 INFO neutron_taas.services.taas.tap_mirror_plugin [None req-0ccfc380-d4b4-404c-b591-8cd5030b2062 - - - - - -] Tap Mirror plugin using service drivers: dict_keys(['taas']), default: taas
2026-09-02 13:06:18.145 8 INFO neutron.manager [None req-0ccfc380-d4b4-404c-b591-8cd5030b2062 - - - - - -] Loading Plugin: auto_allocate
2026-09-02 13:06:18.146 7 INFO neutron.api.extensions [None req-53682e58-f8a8-4701-88ff-17ac42afb001 - - - - - -] Loaded extension: router_availability_zone
2026-09-02 13:06:18.146 7 INFO neutron.api.extensions [None req-53682e58-f8a8-4701-88ff-17ac42afb001 - - - - - -] Extension router-service-type not supported by any of loaded plugins
2026-09-02 13:06:18.148 7 INFO neutron.api.extensions [None req-53682e58-f8a8-4701-88ff-17ac42afb001 - - - - - -] Loaded extension: security-groups-default-rules
2026-09-02 13:06:18.149 7 INFO neutron.api.extensions [None req-53682e58-f8a8-4701-88ff-17ac42afb001 - - - - - -] Loaded extension: security-groups-normalized-cidr
2026-09-02 13:06:18.149 7 INFO neutron.api.extensions [None req-53682e58-f8a8-4701-88ff-17ac42afb001 - - - - - -] Extension port-security-groups-filtering not supported by any of loaded plugins
2026-09-02 13:06:18.150 7 INFO neutron.api.extensions [None req-53682e58-f8a8-4701-88ff-17ac42afb001 - - - - - -] Loaded extension: security-groups-remote-address-group
2026-09-02 13:06:18.150 7 INFO neutron.api.extensions [None req-53682e58-f8a8-4701-88ff-17ac42afb001 - - - - - -] Loaded extension: security-groups-rules-belongs-to-default-sg
2026-09-02 13:06:18.151 7 INFO neutron.api.extensions [None req-53682e58-f8a8-4701-88ff-17ac42afb001 - - - - - -] Loaded extension: security-groups-shared-filtering
2026-09-02 13:06:18.151 8 INFO neutron.manager [None req-0ccfc380-d4b4-404c-b591-8cd5030b2062 - - - - - -] Loading Plugin: tag
2026-09-02 13:06:18.155 7 INFO neutron.api.extensions [None req-53682e58-f8a8-4701-88ff-17ac42afb001 - - - - - -] Loaded extension: security-group
2026-09-02 13:06:18.156 7 INFO neutron.api.extensions [None req-53682e58-f8a8-4701-88ff-17ac42afb001 - - - - - -] Loaded extension: segment
2026-09-02 13:06:18.157 7 INFO neutron.api.extensions [None req-53682e58-f8a8-4701-88ff-17ac42afb001 - - - - - -] Loaded extension: segments-peer-subnet-host-routes
2026-09-02 13:06:18.158 7 INFO neutron.api.extensions [None req-53682e58-f8a8-4701-88ff-17ac42afb001 - - - - - -] Loaded extension: service-type
2026-09-02 13:06:18.158 8 INFO neutron.manager [None req-0ccfc380-d4b4-404c-b591-8cd5030b2062 - - - - - -] Loading Plugin: timestamp
2026-09-02 13:06:18.158 7 INFO neutron.api.extensions [None req-53682e58-f8a8-4701-88ff-17ac42afb001 - - - - - -] Loaded extension: sorting
2026-09-02 13:06:18.159 7 INFO neutron.api.extensions [None req-53682e58-f8a8-4701-88ff-17ac42afb001 - - - - - -] Loaded extension: standard-attr-segment
2026-09-02 13:06:18.159 7 INFO neutron.api.extensions [None req-53682e58-f8a8-4701-88ff-17ac42afb001 - - - - - -] Loaded extension: standard-attr-description
2026-09-02 13:06:18.160 7 INFO neutron.api.extensions [None req-53682e58-f8a8-4701-88ff-17ac42afb001 - - - - - -] Loaded extension: stateful-security-group
2026-09-02 13:06:18.160 7 WARNING neutron.api.extensions [None req-53682e58-f8a8-4701-88ff-17ac42afb001 - - - - - -] Did not find expected name "Stdattrs_common" in /var/lib/openstack/lib/python3.12/site-packages/neutron/extensions/stdattrs_common.py
2026-09-02 13:06:18.160 8 INFO neutron.manager [None req-0ccfc380-d4b4-404c-b591-8cd5030b2062 - - - - - -] Loading Plugin: network_ip_availability
2026-09-02 13:06:18.161 7 INFO neutron.api.extensions [None req-53682e58-f8a8-4701-88ff-17ac42afb001 - - - - - -] Loaded extension: subnet-dns-publish-fixed-ip
2026-09-02 13:06:18.161 7 INFO neutron.api.extensions [None req-53682e58-f8a8-4701-88ff-17ac42afb001 - - - - - -] Loaded extension: subnet-external-network
2026-09-02 13:06:18.162 7 INFO neutron.api.extensions [None req-53682e58-f8a8-4701-88ff-17ac42afb001 - - - - - -] Extension subnet_onboard not supported by any of loaded plugins
2026-09-02 13:06:18.162 7 INFO neutron.api.extensions [None req-53682e58-f8a8-4701-88ff-17ac42afb001 - - - - - -] Loaded extension: subnet-segmentid-writable
2026-09-02 13:06:18.163 7 INFO neutron.api.extensions [None req-53682e58-f8a8-4701-88ff-17ac42afb001 - - - - - -] Loaded extension: subnet-service-types
2026-09-02 13:06:18.163 7 INFO neutron.api.extensions [None req-53682e58-f8a8-4701-88ff-17ac42afb001 - - - - - -] Loaded extension: subnet_allocation
2026-09-02 13:06:18.164 8 INFO neutron.manager [None req-0ccfc380-d4b4-404c-b591-8cd5030b2062 - - - - - -] Loading Plugin: flavors
2026-09-02 13:06:18.164 7 INFO neutron.api.extensions [None req-53682e58-f8a8-4701-88ff-17ac42afb001 - - - - - -] Loaded extension: subnetpool-prefix-ops
2026-09-02 13:06:18.165 7 INFO neutron.api.extensions [None req-53682e58-f8a8-4701-88ff-17ac42afb001 - - - - - -] Loaded extension: tag-creation
2026-09-02 13:06:18.165 7 INFO neutron.api.extensions [None req-53682e58-f8a8-4701-88ff-17ac42afb001 - - - - - -] Extension tag-ports-during-bulk-creation not supported by any of loaded plugins
2026-09-02 13:06:18.167 8 INFO neutron.manager [None req-0ccfc380-d4b4-404c-b591-8cd5030b2062 - - - - - -] Loading Plugin: revisions
2026-09-02 13:06:18.169 7 INFO neutron.api.extensions [None req-53682e58-f8a8-4701-88ff-17ac42afb001 - - - - - -] Loaded extension: standard-attr-tag
2026-09-02 13:06:18.169 7 INFO neutron.api.extensions [None req-53682e58-f8a8-4701-88ff-17ac42afb001 - - - - - -] Loaded extension: standard-attr-timestamp
2026-09-02 13:06:18.170 7 INFO neutron.api.extensions [None req-53682e58-f8a8-4701-88ff-17ac42afb001 - - - - - -] Loaded extension: trunk
2026-09-02 13:06:18.170 7 INFO neutron.api.extensions [None req-53682e58-f8a8-4701-88ff-17ac42afb001 - - - - - -] Loaded extension: trunk-details
2026-09-02 13:06:18.171 7 INFO neutron.api.extensions [None req-53682e58-f8a8-4701-88ff-17ac42afb001 - - - - - -] Extension uplink-status-propagation not supported by any of loaded plugins
2026-09-02 13:06:18.171 7 INFO neutron.api.extensions [None req-53682e58-f8a8-4701-88ff-17ac42afb001 - - - - - -] Extension uplink-status-propagation-updatable not supported by any of loaded plugins
2026-09-02 13:06:18.172 7 INFO neutron.api.extensions [None req-53682e58-f8a8-4701-88ff-17ac42afb001 - - - - - -] Loaded extension: vlan-transparent
2026-09-02 13:06:18.173 7 INFO neutron.api.extensions [None req-53682e58-f8a8-4701-88ff-17ac42afb001 - - - - - -] Loaded extension: vpn-aes-ctr
2026-09-02 13:06:18.173 8 INFO neutron.api.extensions [None req-0ccfc380-d4b4-404c-b591-8cd5030b2062 - - - - - -] Initializing extension manager.
2026-09-02 13:06:18.174 8 INFO neutron.api.extensions [None req-0ccfc380-d4b4-404c-b591-8cd5030b2062 - - - - - -] Loaded extension: address-group
2026-09-02 13:06:18.174 7 INFO neutron.api.extensions [None req-53682e58-f8a8-4701-88ff-17ac42afb001 - - - - - -] Loaded extension: vpn-agent-scheduler
2026-09-02 13:06:18.175 8 INFO neutron.api.extensions [None req-0ccfc380-d4b4-404c-b591-8cd5030b2062 - - - - - -] Loaded extension: address-scope
2026-09-02 13:06:18.175 7 INFO neutron.api.extensions [None req-53682e58-f8a8-4701-88ff-17ac42afb001 - - - - - -] Loaded extension: vpn-endpoint-groups
2026-09-02 13:06:18.175 8 INFO neutron.api.extensions [None req-0ccfc380-d4b4-404c-b591-8cd5030b2062 - - - - - -] Extension router-admin-state-down-before-update not supported by any of loaded plugins
2026-09-02 13:06:18.176 7 INFO neutron.api.extensions [None req-53682e58-f8a8-4701-88ff-17ac42afb001 - - - - - -] Loaded extension: vpn-flavors
2026-09-02 13:06:18.176 8 INFO neutron.api.extensions [None req-0ccfc380-d4b4-404c-b591-8cd5030b2062 - - - - - -] Loaded extension: agent
2026-09-02 13:06:18.177 8 INFO neutron.api.extensions [None req-0ccfc380-d4b4-404c-b591-8cd5030b2062 - - - - - -] Extension agent-resources-synced not supported by any of loaded plugins
2026-09-02 13:06:18.177 7 INFO neutron.api.extensions [None req-53682e58-f8a8-4701-88ff-17ac42afb001 - - - - - -] Loaded extension: vpnaas
2026-09-02 13:06:18.178 8 INFO neutron.api.extensions [None req-0ccfc380-d4b4-404c-b591-8cd5030b2062 - - - - - -] Loaded extension: allowed-address-pairs
2026-09-02 13:06:18.178 7 INFO neutron.api.extensions [None req-53682e58-f8a8-4701-88ff-17ac42afb001 - - - - - -] Loaded extension: taas
2026-09-02 13:06:18.179 8 INFO neutron.api.extensions [None req-0ccfc380-d4b4-404c-b591-8cd5030b2062 - - - - - -] Loaded extension: auto-allocated-topology
2026-09-02 13:06:18.179 7 INFO neutron.api.extensions [None req-53682e58-f8a8-4701-88ff-17ac42afb001 - - - - - -] Loaded extension: tap-mirror
2026-09-02 13:06:18.179 8 INFO neutron.api.extensions [None req-0ccfc380-d4b4-404c-b591-8cd5030b2062 - - - - - -] Loaded extension: availability_zone
2026-09-02 13:06:18.180 7 INFO neutron.api.extensions [None req-53682e58-f8a8-4701-88ff-17ac42afb001 - - - - - -] Loaded extension: taas-vlan-filter
2026-09-02 13:06:18.180 8 INFO neutron.api.extensions [None req-0ccfc380-d4b4-404c-b591-8cd5030b2062 - - - - - -] Extension availability_zone_filter not supported by any of loaded plugins
2026-09-02 13:06:18.180 8 INFO neutron.api.extensions [None req-0ccfc380-d4b4-404c-b591-8cd5030b2062 - - - - - -] Extension data-plane-status not supported by any of loaded plugins
2026-09-02 13:06:18.181 8 INFO neutron.api.extensions [None req-0ccfc380-d4b4-404c-b591-8cd5030b2062 - - - - - -] Loaded extension: default-subnetpools
2026-09-02 13:06:18.182 7 INFO neutron.quota.resource_registry [None req-53682e58-f8a8-4701-88ff-17ac42afb001 - - - - - -] Creating instance of TrackedResource for resource:network
2026-09-02 13:06:18.182 7 INFO neutron.quota.resource_registry [None req-53682e58-f8a8-4701-88ff-17ac42afb001 - - - - - -] Creating instance of TrackedResource for resource:subnet
2026-09-02 13:06:18.182 7 INFO neutron.quota.resource_registry [None req-53682e58-f8a8-4701-88ff-17ac42afb001 - - - - - -] Creating instance of TrackedResource for resource:subnetpool
2026-09-02 13:06:18.182 7 INFO neutron.quota.resource_registry [None req-53682e58-f8a8-4701-88ff-17ac42afb001 - - - - - -] Creating instance of TrackedResource for resource:port
2026-09-02 13:06:18.183 8 INFO neutron.api.extensions [None req-0ccfc380-d4b4-404c-b591-8cd5030b2062 - - - - - -] Loaded extension: dhcp_agent_scheduler
2026-09-02 13:06:18.183 8 INFO neutron.api.extensions [None req-0ccfc380-d4b4-404c-b591-8cd5030b2062 - - - - - -] Loaded extension: dns-integration
2026-09-02 13:06:18.184 8 INFO neutron.api.extensions [None req-0ccfc380-d4b4-404c-b591-8cd5030b2062 - - - - - -] Loaded extension: dns-domain-ports
2026-09-02 13:06:18.184 8 INFO neutron.api.extensions [None req-0ccfc380-d4b4-404c-b591-8cd5030b2062 - - - - - -] Loaded extension: dns-integration-domain-keywords
2026-09-02 13:06:18.185 8 INFO neutron.api.extensions [None req-0ccfc380-d4b4-404c-b591-8cd5030b2062 - - - - - -] Extension dvr not supported by any of loaded plugins
2026-09-02 13:06:18.185 7 INFO neutron.quota.resource_registry [None req-53682e58-f8a8-4701-88ff-17ac42afb001 - - - - - -] Creating instance of TrackedResource for resource:router
2026-09-02 13:06:18.186 8 INFO neutron.api.extensions [None req-0ccfc380-d4b4-404c-b591-8cd5030b2062 - - - - - -] Extension ecmp_routes not supported by any of loaded plugins
2026-09-02 13:06:18.186 7 INFO neutron.quota.resource_registry [None req-53682e58-f8a8-4701-88ff-17ac42afb001 - - - - - -] Creating instance of TrackedResource for resource:floatingip
2026-09-02 13:06:18.186 8 INFO neutron.api.extensions [None req-0ccfc380-d4b4-404c-b591-8cd5030b2062 - - - - - -] Loaded extension: empty-string-filtering
2026-09-02 13:06:18.187 8 INFO neutron.api.extensions [None req-0ccfc380-d4b4-404c-b591-8cd5030b2062 - - - - - -] Extension expose-l3-conntrack-helper not supported by any of loaded plugins
2026-09-02 13:06:18.187 8 INFO neutron.api.extensions [None req-0ccfc380-d4b4-404c-b591-8cd5030b2062 - - - - - -] Extension expose-port-forwarding-in-fip not supported by any of loaded plugins
2026-09-02 13:06:18.188 8 INFO neutron.api.extensions [None req-0ccfc380-d4b4-404c-b591-8cd5030b2062 - - - - - -] Loaded extension: external-net
2026-09-02 13:06:18.188 8 INFO neutron.api.extensions [None req-0ccfc380-d4b4-404c-b591-8cd5030b2062 - - - - - -] Loaded extension: extra_dhcp_opt
2026-09-02 13:06:18.188 8 INFO neutron.api.extensions [None req-0ccfc380-d4b4-404c-b591-8cd5030b2062 - - - - - -] Loaded extension: extraroute
2026-09-02 13:06:18.189 8 INFO neutron.api.extensions [None req-0ccfc380-d4b4-404c-b591-8cd5030b2062 - - - - - -] Extension extraroute-atomic not supported by any of loaded plugins
2026-09-02 13:06:18.190 8 INFO neutron.api.extensions [None req-0ccfc380-d4b4-404c-b591-8cd5030b2062 - - - - - -] Extension filter-validation not supported by any of loaded plugins
2026-09-02 13:06:18.190 7 INFO neutron.quota.resource_registry [None req-53682e58-f8a8-4701-88ff-17ac42afb001 - - - - - -] Creating instance of CountableResource for resource:rbac_policy
2026-09-02 13:06:18.190 8 INFO neutron.api.extensions [None req-0ccfc380-d4b4-404c-b591-8cd5030b2062 - - - - - -] Extension floating-ip-port-forwarding-description not supported by any of loaded plugins
2026-09-02 13:06:18.191 7 INFO neutron.quota.resource_registry [None req-53682e58-f8a8-4701-88ff-17ac42afb001 - - - - - -] Creating instance of TrackedResource for resource:security_group
2026-09-02 13:06:18.191 7 INFO neutron.quota.resource_registry [None req-53682e58-f8a8-4701-88ff-17ac42afb001 - - - - - -] Creating instance of TrackedResource for resource:security_group_rule
2026-09-02 13:06:18.191 8 INFO neutron.api.extensions [None req-0ccfc380-d4b4-404c-b591-8cd5030b2062 - - - - - -] Loaded extension: floating-ip-port-forwarding-detail
2026-09-02 13:06:18.192 8 INFO neutron.api.extensions [None req-0ccfc380-d4b4-404c-b591-8cd5030b2062 - - - - - -] Extension floating-ip-port-forwarding-port-ranges not supported by any of loaded plugins
2026-09-02 13:06:18.192 7 INFO neutron.quota.resource_registry [None req-53682e58-f8a8-4701-88ff-17ac42afb001 - - - - - -] Creating instance of TrackedResource for resource:subnetpool
2026-09-02 13:06:18.192 7 WARNING neutron.quota.resource_registry [None req-53682e58-f8a8-4701-88ff-17ac42afb001 - - - - - -] subnetpool is already registered
2026-09-02 13:06:18.192 8 INFO neutron.api.extensions [None req-0ccfc380-d4b4-404c-b591-8cd5030b2062 - - - - - -] Loaded extension: fip-port-details
2026-09-02 13:06:18.193 7 INFO neutron.quota.resource_registry [None req-53682e58-f8a8-4701-88ff-17ac42afb001 - - - - - -] Creating instance of CountableResource for resource:trunk
2026-09-02 13:06:18.193 7 INFO neutron.quota.resource_registry [None req-53682e58-f8a8-4701-88ff-17ac42afb001 - - - - - -] Creating instance of CountableResource for resource:ikepolicy
2026-09-02 13:06:18.193 8 INFO neutron.api.extensions [None req-0ccfc380-d4b4-404c-b591-8cd5030b2062 - - - - - -] Loaded extension: flavors
2026-09-02 13:06:18.193 7 INFO neutron.quota.resource_registry [None req-53682e58-f8a8-4701-88ff-17ac42afb001 - - - - - -] Creating instance of CountableResource for resource:ipsecpolicy
2026-09-02 13:06:18.194 7 INFO neutron.quota.resource_registry [None req-53682e58-f8a8-4701-88ff-17ac42afb001 - - - - - -] Creating instance of CountableResource for resource:endpoint_group
2026-09-02 13:06:18.194 7 INFO neutron.quota.resource_registry [None req-53682e58-f8a8-4701-88ff-17ac42afb001 - - - - - -] Creating instance of CountableResource for resource:vpnservice
