2026-09-02 13:45:09.678 8 INFO neutron.db.ovn_revision_numbers_db [None req-86387c68-089f-4b5a-a5cc-e5aa493a9ed4 0da9e49d14ed4eabbff2a3d0d1e787f0 f37bd12b47914164be609736c167b3a9 - - default default] Successfully bumped revision number for resource 91d80796-fd40-4472-980c-7be8b0c2888b (type: subnets) to 0 [pid: 7|app: 0|req: 892/1807] 10.0.0.158 () {32 vars in 704 bytes} [Wed Sep 2 13:45:09 2026] GET /v2.0/qos/policies?not-tags-any=red%2Cblue => generated 719 bytes in 54 msecs (HTTP/1.1 200) 4 headers in 157 bytes (1 switches on core 0) [pid: 8|app: 0|req: 916/1808] 10.0.0.158 () {34 vars in 669 bytes} [Wed Sep 2 13:45:09 2026] POST /v2.0/subnets => generated 655 bytes in 342 msecs (HTTP/1.1 201) 4 headers in 162 bytes (1 switches on core 0) [pid: 7|app: 0|req: 893/1809] 10.0.0.158 () {32 vars in 734 bytes} [Wed Sep 2 13:45:09 2026] DELETE /v2.0/qos/policies/4c6c5cfb-79b4-45fc-a5ef-d97fc42dcbd1 => generated 0 bytes in 53 msecs (HTTP/1.1 204) 2 headers in 112 bytes (1 switches on core 0) [pid: 7|app: 0|req: 894/1810] 10.0.0.158 () {32 vars in 734 bytes} [Wed Sep 2 13:45:09 2026] DELETE /v2.0/qos/policies/13ba4614-a348-4867-9a6b-77511a284d4c => generated 0 bytes in 55 msecs (HTTP/1.1 204) 2 headers in 112 bytes (1 switches on core 0)
2026-09-02 13:45:09.856 8 INFO neutron.db.ovn_revision_numbers_db [None req-8c01a07e-3f7a-4f75-8d44-88750929bc1e 0da9e49d14ed4eabbff2a3d0d1e787f0 f37bd12b47914164be609736c167b3a9 - - default default] Successfully bumped revision number for resource ee7e3f89-5275-4e8d-959c-a2e0df887658 (type: routers) to 1 [pid: 7|app: 0|req: 895/1811] 10.0.0.158 () {32 vars in 734 bytes} [Wed Sep 2 13:45:09 2026] DELETE /v2.0/qos/policies/c05586e9-3265-4f4e-bc27-e2b20281df29 => generated 0 bytes in 47 msecs (HTTP/1.1 204) 2 headers in 112 bytes (1 switches on core 0) [pid: 8|app: 0|req: 917/1812] 10.0.0.158 () {34 vars in 669 bytes} [Wed Sep 2 13:45:09 2026] POST /v2.0/routers => generated 607 bytes in 168 msecs (HTTP/1.1 201) 4 headers in 162 bytes (1 switches on core 0) [pid: 7|app: 0|req: 896/1813] 10.0.0.158 () {32 vars in 734 bytes} [Wed Sep 2 13:45:09 2026] DELETE /v2.0/qos/policies/e4c374c5-39b8-4e43-ad6c-d75c12064544 => generated 0 bytes in 57 msecs (HTTP/1.1 204) 2 headers in 112 bytes (1 switches on core 0) [pid: 7|app: 0|req: 897/1814] 10.0.0.158 () {32 vars in 734 bytes} [Wed Sep 2 13:45:09 2026] DELETE /v2.0/qos/policies/7115e58b-9ea1-4adc-a36c-87715c544df0 => generated 0 bytes in 53 msecs (HTTP/1.1 204) 2 headers in 112 bytes (1 switches on core 0) [pid: 7|app: 0|req: 898/1815] 10.0.0.87 () {34 vars in 989 bytes} [Wed Sep 2 13:45:10 2026] GET /v2.0/ports?device_id=a789bfbc-e7f5-47ac-8d6a-810c286453b5 => generated 975 bytes in 67 msecs (HTTP/1.1 200) 4 headers in 157 bytes (1 switches on core 0) [pid: 7|app: 0|req: 899/1816] 10.0.0.87 () {34 vars in 1039 bytes} [Wed Sep 2 13:45:10 2026] GET /v2.0/security-groups?id=6437e7a7-14dc-465b-a9c8-36720ce5e800&fields=id&fields=name => generated 88 bytes in 43 msecs (HTTP/1.1 200) 4 headers in 156 bytes (1 switches on core 0)
2026-09-02 13:45:10.275 8 WARNING neutron.scheduler.dhcp_agent_scheduler [None req-4e38141a-a63b-40ba-8cc5-f1b498d0711a 0da9e49d14ed4eabbff2a3d0d1e787f0 f37bd12b47914164be609736c167b3a9 - - default default] No more DHCP agents
2026-09-02 13:45:10.276 8 WARNING neutron.api.rpc.agentnotifiers.dhcp_rpc_agent_api [None req-4e38141a-a63b-40ba-8cc5-f1b498d0711a 0da9e49d14ed4eabbff2a3d0d1e787f0 f37bd12b47914164be609736c167b3a9 - - default default] Unable to schedule network 016adc36-0c95-45ab-9f3c-5b7957d62ccd: no agents available; will retry on subsequent port and subnet creation events.
2026-09-02 13:45:10.374 7 INFO neutron.plugins.ml2.drivers.ovn.mech_driver.mech_driver [None req-40696553-0bd2-484b-8647-4a90492ca455 - - - - - -] OVN reports status down for port: e194b8b8-f9a7-4fb3-ad8f-331541fcc1e4
2026-09-02 13:45:10.381 8 INFO neutron.db.ovn_revision_numbers_db [None req-4e38141a-a63b-40ba-8cc5-f1b498d0711a 0da9e49d14ed4eabbff2a3d0d1e787f0 f37bd12b47914164be609736c167b3a9 - - default default] Successfully bumped revision number for resource e194b8b8-f9a7-4fb3-ad8f-331541fcc1e4 (type: ports) to 1
2026-09-02 13:45:10.837 7 INFO neutron.plugins.ml2.drivers.ovn.mech_driver.mech_driver [None req-40696553-0bd2-484b-8647-4a90492ca455 - - - - - -] OVN reports status up for port: e194b8b8-f9a7-4fb3-ad8f-331541fcc1e4
2026-09-02 13:45:10.863 7 INFO neutron.plugins.ml2.plugin [None req-40696553-0bd2-484b-8647-4a90492ca455 - - - - - -] Attempt 1 to provision port e194b8b8-f9a7-4fb3-ad8f-331541fcc1e4
2026-09-02 13:45:10.868 8 WARNING neutron.scheduler.dhcp_agent_scheduler [None req-4e38141a-a63b-40ba-8cc5-f1b498d0711a 0da9e49d14ed4eabbff2a3d0d1e787f0 f37bd12b47914164be609736c167b3a9 - - default default] No more DHCP agents
2026-09-02 13:45:10.869 8 WARNING neutron.api.rpc.agentnotifiers.dhcp_rpc_agent_api [None req-4e38141a-a63b-40ba-8cc5-f1b498d0711a 0da9e49d14ed4eabbff2a3d0d1e787f0 f37bd12b47914164be609736c167b3a9 - - default default] Unable to schedule network 016adc36-0c95-45ab-9f3c-5b7957d62ccd: no agents available; will retry on subsequent port and subnet creation events.
2026-09-02 13:45:10.947 7 INFO neutron.db.ovn_revision_numbers_db [None req-eaf25892-650c-432d-869f-3093dcb816fd 3f6c66485361460ca416fa494d84e769 b924717ae9564a4aa0dc070fd8d64d1a - - default default] Successfully bumped revision number for resource 93a22db4-1647-460a-8305-5cf4cf807435 (type: security_groups) to 1
2026-09-02 13:45:10.978 7 INFO neutron.db.ovn_revision_numbers_db [None req-eaf25892-650c-432d-869f-3093dcb816fd 3f6c66485361460ca416fa494d84e769 b924717ae9564a4aa0dc070fd8d64d1a - - default default] Successfully bumped revision number for resource 659b312f-8bd1-4016-93e6-95efbb7d0b71 (type: security_group_rules) to 0
2026-09-02 13:45:11.000 7 INFO neutron.db.ovn_revision_numbers_db [None req-eaf25892-650c-432d-869f-3093dcb816fd 3f6c66485361460ca416fa494d84e769 b924717ae9564a4aa0dc070fd8d64d1a - - default default] Successfully bumped revision number for resource ab0c6a54-cb4b-4046-b844-d34d42d2d988 (type: security_group_rules) to 0
2026-09-02 13:45:11.036 7 INFO neutron.db.ovn_revision_numbers_db [None req-eaf25892-650c-432d-869f-3093dcb816fd 3f6c66485361460ca416fa494d84e769 b924717ae9564a4aa0dc070fd8d64d1a - - default default] Successfully bumped revision number for resource d4d27004-f3af-47a3-ab37-f6a3b477088d (type: security_group_rules) to 0
2026-09-02 13:45:11.062 7 INFO neutron.db.ovn_revision_numbers_db [None req-eaf25892-650c-432d-869f-3093dcb816fd 3f6c66485361460ca416fa494d84e769 b924717ae9564a4aa0dc070fd8d64d1a - - default default] Successfully bumped revision number for resource f2fcf741-6995-4ca3-b991-ea91c42ba089 (type: security_group_rules) to 0
2026-09-02 13:45:11.070 8 INFO neutron.db.ovn_revision_numbers_db [None req-4e38141a-a63b-40ba-8cc5-f1b498d0711a 0da9e49d14ed4eabbff2a3d0d1e787f0 f37bd12b47914164be609736c167b3a9 - - default default] Successfully bumped revision number for resource e194b8b8-f9a7-4fb3-ad8f-331541fcc1e4 (type: router_ports) to 1 [pid: 8|app: 0|req: 918/1817] 10.0.0.158 () {34 vars in 783 bytes} [Wed Sep 2 13:45:09 2026] PUT /v2.0/routers/ee7e3f89-5275-4e8d-959c-a2e0df887658/add_router_interface => generated 309 bytes in 1195 msecs (HTTP/1.1 200) 4 headers in 157 bytes (1 switches on core 0)
2026-09-02 13:45:11.205 7 INFO neutron.db.segments_db [None req-eaf25892-650c-432d-869f-3093dcb816fd 3f6c66485361460ca416fa494d84e769 b924717ae9564a4aa0dc070fd8d64d1a - - default default] Added segment 1969927c-50f1-4413-9e49-d3338e4a861a of type geneve for network 5e507dd3-6b15-442c-8a5c-d036b9531077
2026-09-02 13:45:11.247 7 INFO neutron.notifiers.nova [-] Nova event matching ['req-64c8912b-a3ec-4e3c-999d-fb18e2e9b80e'] response: {'server_uuid': 'a789bfbc-e7f5-47ac-8d6a-810c286453b5', 'name': 'network-vif-plugged', 'status': 'completed', 'tag': '14a6fbba-42f5-4e43-9b09-73c87a3bf13a', 'code': 200}
2026-09-02 13:45:11.364 8 INFO neutron.db.ovn_revision_numbers_db [None req-a8f90713-42c0-44a9-be10-14b47ab07998 6b56fef9a45040c595d4d201c7369435 65221586914742f7b6576c0fb03582a6 - - default default] Successfully bumped revision number for resource 73391de4-2364-46b0-a6ca-3726f77def51 (type: security_groups) to 1
2026-09-02 13:45:11.381 8 INFO neutron.db.ovn_revision_numbers_db [None req-a8f90713-42c0-44a9-be10-14b47ab07998 6b56fef9a45040c595d4d201c7369435 65221586914742f7b6576c0fb03582a6 - - default default] Successfully bumped revision number for resource 797771c9-5596-4f69-ab4e-8b169229f612 (type: security_group_rules) to 0
2026-09-02 13:45:11.390 8 INFO neutron.db.ovn_revision_numbers_db [None req-a8f90713-42c0-44a9-be10-14b47ab07998 6b56fef9a45040c595d4d201c7369435 65221586914742f7b6576c0fb03582a6 - - default default] Successfully bumped revision number for resource a88be3e7-555c-4e69-916d-93ae3a3090ca (type: security_group_rules) to 0
2026-09-02 13:45:11.402 8 INFO neutron.db.ovn_revision_numbers_db [None req-a8f90713-42c0-44a9-be10-14b47ab07998 6b56fef9a45040c595d4d201c7369435 65221586914742f7b6576c0fb03582a6 - - default default] Successfully bumped revision number for resource adcb736d-c0ad-4007-b16f-8f351b35ebf1 (type: security_group_rules) to 0
2026-09-02 13:45:11.413 8 INFO neutron.db.ovn_revision_numbers_db [None req-a8f90713-42c0-44a9-be10-14b47ab07998 6b56fef9a45040c595d4d201c7369435 65221586914742f7b6576c0fb03582a6 - - default default] Successfully bumped revision number for resource ae4addc8-e7f0-43e1-8e4b-7192a1422c3f (type: security_group_rules) to 0
2026-09-02 13:45:11.427 7 INFO neutron.db.ovn_revision_numbers_db [None req-eaf25892-650c-432d-869f-3093dcb816fd 3f6c66485361460ca416fa494d84e769 b924717ae9564a4aa0dc070fd8d64d1a - - default default] Successfully bumped revision number for resource 5e507dd3-6b15-442c-8a5c-d036b9531077 (type: networks) to 1 [pid: 8|app: 0|req: 919/1818] 10.0.0.158 () {32 vars in 774 bytes} [Wed Sep 2 13:45:11 2026] GET /v2.0/security-groups?tenant_id=6855787d6fa8460ea8d4330797b0617b&name=default => generated 2925 bytes in 371 msecs (HTTP/1.1 200) 4 headers in 158 bytes (1 switches on core 0) [pid: 8|app: 0|req: 920/1819] 10.0.0.158 () {32 vars in 717 bytes} [Wed Sep 2 13:45:11 2026] GET /v2.0/ports/e194b8b8-f9a7-4fb3-ad8f-331541fcc1e4 => generated 947 bytes in 35 msecs (HTTP/1.1 200) 4 headers in 157 bytes (1 switches on core 0) [pid: 8|app: 0|req: 921/1820] 10.0.0.87 () {34 vars in 989 bytes} [Wed Sep 2 13:45:11 2026] GET /v2.0/ports?device_id=a789bfbc-e7f5-47ac-8d6a-810c286453b5 => generated 975 bytes in 41 msecs (HTTP/1.1 200) 4 headers in 157 bytes (1 switches on core 0)
2026-09-02 13:45:11.582 7 INFO neutron.db.ovn_revision_numbers_db [None req-40696553-0bd2-484b-8647-4a90492ca455 - - - - - -] Successfully bumped revision number for resource e194b8b8-f9a7-4fb3-ad8f-331541fcc1e4 (type: ports) to 2
2026-09-02 13:45:11.698 7 WARNING neutron.scheduler.dhcp_agent_scheduler [None req-eaf25892-650c-432d-869f-3093dcb816fd 3f6c66485361460ca416fa494d84e769 b924717ae9564a4aa0dc070fd8d64d1a - - default default] No more DHCP agents
2026-09-02 13:45:11.700 7 WARNING neutron.api.rpc.agentnotifiers.dhcp_rpc_agent_api [None req-eaf25892-650c-432d-869f-3093dcb816fd 3f6c66485361460ca416fa494d84e769 b924717ae9564a4aa0dc070fd8d64d1a - - default default] Unable to schedule network 5e507dd3-6b15-442c-8a5c-d036b9531077: no agents available; will retry on subsequent port and subnet creation events. [pid: 8|app: 0|req: 922/1821] 10.0.0.158 () {32 vars in 740 bytes} [Wed Sep 2 13:45:11 2026] DELETE /v2.0/security-groups/73391de4-2364-46b0-a6ca-3726f77def51 => generated 0 bytes in 197 msecs (HTTP/1.1 204) 2 headers in 112 bytes (1 switches on core 0)
2026-09-02 13:45:11.772 7 INFO neutron.db.ovn_revision_numbers_db [None req-3cfc99f1-dde7-44d4-bcab-9b00b187991f - - - - - -] Successfully bumped revision number for resource e194b8b8-f9a7-4fb3-ad8f-331541fcc1e4 (type: router_ports) to 2
2026-09-02 13:45:11.829 7 INFO neutron.db.ovn_revision_numbers_db [None req-eaf25892-650c-432d-869f-3093dcb816fd 3f6c66485361460ca416fa494d84e769 b924717ae9564a4aa0dc070fd8d64d1a - - default default] Successfully bumped revision number for resource d402374e-c1af-48af-a3b2-eccf0a71d6da (type: ports) to 1
2026-09-02 13:45:11.846 7 INFO neutron.plugins.ml2.drivers.ovn.mech_driver.mech_driver [None req-3cfc99f1-dde7-44d4-bcab-9b00b187991f - - - - - -] OVN reports status down for port: d402374e-c1af-48af-a3b2-eccf0a71d6da [pid: 7|app: 0|req: 900/1822] 10.0.0.158 () {34 vars in 670 bytes} [Wed Sep 2 13:45:10 2026] POST /v2.0/networks => generated 678 bytes in 1402 msecs (HTTP/1.1 201) 4 headers in 162 bytes (1 switches on core 0) [pid: 7|app: 0|req: 901/1823] 10.0.0.87 () {34 vars in 1039 bytes} [Wed Sep 2 13:45:11 2026] GET /v2.0/security-groups?id=6437e7a7-14dc-465b-a9c8-36720ce5e800&fields=id&fields=name => generated 88 bytes in 46 msecs (HTTP/1.1 200) 4 headers in 156 bytes (1 switches on core 0)
2026-09-02 13:45:12.149 8 WARNING neutron.scheduler.dhcp_agent_scheduler [None req-470a4997-4f73-488c-800e-83a3e8104b12 0da9e49d14ed4eabbff2a3d0d1e787f0 f37bd12b47914164be609736c167b3a9 - - default default] No more DHCP agents
2026-09-02 13:45:12.150 8 WARNING neutron.api.rpc.agentnotifiers.dhcp_rpc_agent_api [None req-470a4997-4f73-488c-800e-83a3e8104b12 0da9e49d14ed4eabbff2a3d0d1e787f0 f37bd12b47914164be609736c167b3a9 - - default default] Unable to schedule network ff0a0ab8-ab76-4d31-bc96-c814e35a2a52: no agents available; will retry on subsequent port and subnet creation events.
2026-09-02 13:45:12.161 7 INFO neutron.db.ovn_revision_numbers_db [None req-3dc612b7-996a-48f6-93ef-9200d5bb4592 6b56fef9a45040c595d4d201c7369435 65221586914742f7b6576c0fb03582a6 - - default default] Successfully bumped revision number for resource f1d0c2d3-b33f-4440-8fe6-07caa0a29b32 (type: security_groups) to 1
2026-09-02 13:45:12.179 7 INFO neutron.db.ovn_revision_numbers_db [None req-3dc612b7-996a-48f6-93ef-9200d5bb4592 6b56fef9a45040c595d4d201c7369435 65221586914742f7b6576c0fb03582a6 - - default default] Successfully bumped revision number for resource 3a22162e-771d-421c-b414-f216c6a6ddd0 (type: security_group_rules) to 0
2026-09-02 13:45:12.206 7 INFO neutron.db.ovn_revision_numbers_db [None req-3dc612b7-996a-48f6-93ef-9200d5bb4592 6b56fef9a45040c595d4d201c7369435 65221586914742f7b6576c0fb03582a6 - - default default] Successfully bumped revision number for resource 647e5fd9-9aaa-4131-aa7c-eb2a697b4eef (type: security_group_rules) to 0
2026-09-02 13:45:12.245 7 INFO neutron.db.ovn_revision_numbers_db [None req-3dc612b7-996a-48f6-93ef-9200d5bb4592 6b56fef9a45040c595d4d201c7369435 65221586914742f7b6576c0fb03582a6 - - default default] Successfully bumped revision number for resource c863ad26-ec86-4e74-800e-2dfcb9b6e536 (type: security_group_rules) to 0
2026-09-02 13:45:12.264 8 INFO neutron.db.ovn_revision_numbers_db [None req-470a4997-4f73-488c-800e-83a3e8104b12 0da9e49d14ed4eabbff2a3d0d1e787f0 f37bd12b47914164be609736c167b3a9 - - default default] Successfully bumped revision number for resource 17715e59-743f-4d2d-836f-29547046e313 (type: ports) to 1
2026-09-02 13:45:12.278 7 INFO neutron.plugins.ml2.drivers.ovn.mech_driver.mech_driver [None req-3cfc99f1-dde7-44d4-bcab-9b00b187991f - - - - - -] OVN reports status down for port: 17715e59-743f-4d2d-836f-29547046e313
2026-09-02 13:45:12.290 7 INFO neutron.db.ovn_revision_numbers_db [None req-3dc612b7-996a-48f6-93ef-9200d5bb4592 6b56fef9a45040c595d4d201c7369435 65221586914742f7b6576c0fb03582a6 - - default default] Successfully bumped revision number for resource cbb0d3a5-dc84-44a0-9c9f-2feb5d9475df (type: security_group_rules) to 0 [pid: 7|app: 0|req: 902/1824] 10.0.0.158 () {32 vars in 774 bytes} [Wed Sep 2 13:45:11 2026] GET /v2.0/security-groups?tenant_id=2db6d9b4ee194ad4811295f816fd743d&name=default => generated 2925 bytes in 417 msecs (HTTP/1.1 200) 4 headers in 158 bytes (1 switches on core 0)
2026-09-02 13:45:12.520 7 WARNING neutron.scheduler.dhcp_agent_scheduler [None req-87f05315-030c-43f0-8ab6-d3e8f9ce77c0 3f6c66485361460ca416fa494d84e769 b924717ae9564a4aa0dc070fd8d64d1a - - default default] No more DHCP agents
2026-09-02 13:45:12.522 7 WARNING neutron.api.rpc.agentnotifiers.dhcp_rpc_agent_api [None req-87f05315-030c-43f0-8ab6-d3e8f9ce77c0 3f6c66485361460ca416fa494d84e769 b924717ae9564a4aa0dc070fd8d64d1a - - default default] Unable to schedule network 5e507dd3-6b15-442c-8a5c-d036b9531077: no agents available; will retry on subsequent port and subnet creation events.
2026-09-02 13:45:12.825 7 INFO neutron.plugins.ml2.drivers.ovn.mech_driver.mech_driver [None req-3cfc99f1-dde7-44d4-bcab-9b00b187991f - - - - - -] OVN reports status up for port: 17715e59-743f-4d2d-836f-29547046e313
2026-09-02 13:45:12.840 7 INFO neutron.plugins.ml2.plugin [None req-3cfc99f1-dde7-44d4-bcab-9b00b187991f - - - - - -] Attempt 1 to provision port 17715e59-743f-4d2d-836f-29547046e313
2026-09-02 13:45:12.854 8 WARNING neutron.scheduler.dhcp_agent_scheduler [None req-470a4997-4f73-488c-800e-83a3e8104b12 0da9e49d14ed4eabbff2a3d0d1e787f0 f37bd12b47914164be609736c167b3a9 - - default default] No more DHCP agents
2026-09-02 13:45:12.856 8 WARNING neutron.api.rpc.agentnotifiers.dhcp_rpc_agent_api [None req-470a4997-4f73-488c-800e-83a3e8104b12 0da9e49d14ed4eabbff2a3d0d1e787f0 f37bd12b47914164be609736c167b3a9 - - default default] Unable to schedule network ff0a0ab8-ab76-4d31-bc96-c814e35a2a52: no agents available; will retry on subsequent port and subnet creation events.
2026-09-02 13:45:13.026 8 INFO neutron.db.ovn_revision_numbers_db [None req-470a4997-4f73-488c-800e-83a3e8104b12 0da9e49d14ed4eabbff2a3d0d1e787f0 f37bd12b47914164be609736c167b3a9 - - default default] Successfully bumped revision number for resource 17715e59-743f-4d2d-836f-29547046e313 (type: router_ports) to 1 [pid: 8|app: 0|req: 923/1825] 10.0.0.158 () {34 vars in 783 bytes} [Wed Sep 2 13:45:11 2026] PUT /v2.0/routers/ee7e3f89-5275-4e8d-959c-a2e0df887658/add_router_interface => generated 309 bytes in 1306 msecs (HTTP/1.1 200) 4 headers in 157 bytes (1 switches on core 0)
2026-09-02 13:45:13.271 7 INFO neutron.db.ovn_revision_numbers_db [None req-c11604e0-f82a-40f7-adef-222e284c34a5 - - - - - -] Successfully bumped revision number for resource d402374e-c1af-48af-a3b2-eccf0a71d6da (type: ports) to 2 [pid: 8|app: 0|req: 924/1826] 10.0.0.158 () {32 vars in 740 bytes} [Wed Sep 2 13:45:13 2026] DELETE /v2.0/security-groups/f1d0c2d3-b33f-4440-8fe6-07caa0a29b32 => generated 0 bytes in 254 msecs (HTTP/1.1 204) 2 headers in 112 bytes (1 switches on core 0) [pid: 8|app: 0|req: 925/1827] 10.0.0.158 () {32 vars in 717 bytes} [Wed Sep 2 13:45:13 2026] GET /v2.0/ports/17715e59-743f-4d2d-836f-29547046e313 => generated 955 bytes in 36 msecs (HTTP/1.1 200) 4 headers in 157 bytes (1 switches on core 0)
2026-09-02 13:45:13.339 7 INFO neutron.db.ovn_revision_numbers_db [None req-c11604e0-f82a-40f7-adef-222e284c34a5 - - - - - -] Successfully bumped revision number for resource 471b7c9b-7ad7-4f5c-a05f-96b8ea0934c2 (type: subnets) to 0 [pid: 8|app: 0|req: 926/1828] 10.0.0.87 () {34 vars in 989 bytes} [Wed Sep 2 13:45:13 2026] GET /v2.0/ports?device_id=a789bfbc-e7f5-47ac-8d6a-810c286453b5 => generated 975 bytes in 31 msecs (HTTP/1.1 200) 4 headers in 157 bytes (1 switches on core 0) [pid: 7|app: 0|req: 903/1829] 10.0.0.158 () {34 vars in 669 bytes} [Wed Sep 2 13:45:12 2026] POST /v2.0/subnets => generated 658 bytes in 1046 msecs (HTTP/1.1 201) 4 headers in 162 bytes (1 switches on core 0) [pid: 8|app: 0|req: 927/1830] 10.0.0.158 () {32 vars in 717 bytes} [Wed Sep 2 13:45:13 2026] GET /v2.0/ports/17715e59-743f-4d2d-836f-29547046e313 => generated 955 bytes in 43 msecs (HTTP/1.1 200) 4 headers in 157 bytes (1 switches on core 0) [pid: 7|app: 0|req: 904/1831] 10.0.0.87 () {34 vars in 1039 bytes} [Wed Sep 2 13:45:13 2026] GET /v2.0/security-groups?id=6437e7a7-14dc-465b-a9c8-36720ce5e800&fields=id&fields=name => generated 88 bytes in 69 msecs (HTTP/1.1 200) 4 headers in 156 bytes (1 switches on core 0) [pid: 8|app: 0|req: 928/1832] 10.0.0.158 () {32 vars in 722 bytes} [Wed Sep 2 13:45:13 2026] GET /v2.0/subnetpools?name=shared-default-subnetpool-v6 => generated 19 bytes in 175 msecs (HTTP/1.1 200) 4 headers in 156 bytes (1 switches on core 0)
2026-09-02 13:45:13.604 7 INFO neutron.db.ovn_revision_numbers_db [None req-3cfc99f1-dde7-44d4-bcab-9b00b187991f - - - - - -] Successfully bumped revision number for resource 17715e59-743f-4d2d-836f-29547046e313 (type: ports) to 2
2026-09-02 13:45:13.696 8 INFO neutron.db.ovn_revision_numbers_db [None req-d1107a6d-d6a7-496e-be82-6664dfd40a69 6b56fef9a45040c595d4d201c7369435 65221586914742f7b6576c0fb03582a6 - - default default] Successfully bumped revision number for resource 27a2f34b-196d-4d0c-a4f0-4db8ec5c7616 (type: security_groups) to 1
2026-09-02 13:45:13.710 8 INFO neutron.db.ovn_revision_numbers_db [None req-d1107a6d-d6a7-496e-be82-6664dfd40a69 6b56fef9a45040c595d4d201c7369435 65221586914742f7b6576c0fb03582a6 - - default default] Successfully bumped revision number for resource 05f4d833-d1a0-49c5-84e5-32685a845cbc (type: security_group_rules) to 0
2026-09-02 13:45:13.724 8 INFO neutron.db.ovn_revision_numbers_db [None req-d1107a6d-d6a7-496e-be82-6664dfd40a69 6b56fef9a45040c595d4d201c7369435 65221586914742f7b6576c0fb03582a6 - - default default] Successfully bumped revision number for resource 59c3ee3d-8c34-4f9f-8e63-b118150db0a3 (type: security_group_rules) to 0
2026-09-02 13:45:13.736 8 INFO neutron.db.ovn_revision_numbers_db [None req-d1107a6d-d6a7-496e-be82-6664dfd40a69 6b56fef9a45040c595d4d201c7369435 65221586914742f7b6576c0fb03582a6 - - default default] Successfully bumped revision number for resource 61739267-6170-4b05-a9c3-c6313b54ec59 (type: security_group_rules) to 0
2026-09-02 13:45:13.753 8 INFO neutron.db.ovn_revision_numbers_db [None req-d1107a6d-d6a7-496e-be82-6664dfd40a69 6b56fef9a45040c595d4d201c7369435 65221586914742f7b6576c0fb03582a6 - - default default] Successfully bumped revision number for resource 617a27b3-d99a-4f23-b491-e3a9233e51e2 (type: security_group_rules) to 0 [pid: 8|app: 0|req: 929/1833] 10.0.0.158 () {32 vars in 774 bytes} [Wed Sep 2 13:45:13 2026] GET /v2.0/security-groups?tenant_id=97c8b8dd0fc5429bb22ebd50fae5e65a&name=default => generated 2925 bytes in 212 msecs (HTTP/1.1 200) 4 headers in 158 bytes (1 switches on core 0)
2026-09-02 13:45:13.795 7 INFO neutron.db.ovn_revision_numbers_db [None req-ef71ad20-c24e-4094-8c3d-fde18c39e5de - - - - - -] Successfully bumped revision number for resource 17715e59-743f-4d2d-836f-29547046e313 (type: router_ports) to 2
2026-09-02 13:45:13.904 7 INFO neutron_taas.services.taas.taas_plugin [None req-7603c05f-33de-41b0-a5af-389c8fc72c43 0da9e49d14ed4eabbff2a3d0d1e787f0 f37bd12b47914164be609736c167b3a9 - - default default] TaaS: Handle Delete Port: 17715e59-743f-4d2d-836f-29547046e313
2026-09-02 13:45:13.908 7 INFO neutron_taas.services.taas.tap_mirror_plugin [None req-7603c05f-33de-41b0-a5af-389c8fc72c43 0da9e49d14ed4eabbff2a3d0d1e787f0 f37bd12b47914164be609736c167b3a9 - - default default] Tap Mirror: Handle Delete Port: 17715e59-743f-4d2d-836f-29547046e313
2026-09-02 13:45:13.989 8 WARNING neutron.scheduler.dhcp_agent_scheduler [None req-16e4978a-6309-489a-8e9a-c06a383c7186 3f6c66485361460ca416fa494d84e769 b924717ae9564a4aa0dc070fd8d64d1a - - default default] No more DHCP agents
2026-09-02 13:45:13.990 8 WARNING neutron.api.rpc.agentnotifiers.dhcp_rpc_agent_api [None req-16e4978a-6309-489a-8e9a-c06a383c7186 3f6c66485361460ca416fa494d84e769 b924717ae9564a4aa0dc070fd8d64d1a - - default default] Unable to schedule network 5e507dd3-6b15-442c-8a5c-d036b9531077: no agents available; will retry on subsequent port and subnet creation events.
2026-09-02 13:45:14.019 8 INFO neutron.db.ovn_revision_numbers_db [None req-16e4978a-6309-489a-8e9a-c06a383c7186 3f6c66485361460ca416fa494d84e769 b924717ae9564a4aa0dc070fd8d64d1a - - default default] Successfully bumped revision number for resource 277cd0fd-e6fd-4aa5-9367-a30c417ccc8d (type: subnets) to 0 [pid: 8|app: 0|req: 930/1834] 10.0.0.158 () {34 vars in 669 bytes} [Wed Sep 2 13:45:13 2026] POST /v2.0/subnets => generated 732 bytes in 256 msecs (HTTP/1.1 201) 4 headers in 162 bytes (1 switches on core 0) [pid: 7|app: 0|req: 905/1835] 10.0.0.158 () {34 vars in 789 bytes} [Wed Sep 2 13:45:13 2026] PUT /v2.0/routers/ee7e3f89-5275-4e8d-959c-a2e0df887658/remove_router_interface => generated 309 bytes in 784 msecs (HTTP/1.1 200) 4 headers in 157 bytes (1 switches on core 0) /var/lib/openstack/lib/python3.12/site-packages/pycadf/identifier.py:70: UserWarning: Invalid uuid: neutron. To ensure interoperability, identifiers should be a valid uuid. warnings.warn(('Invalid uuid: %s. To ensure interoperability, ' [pid: 8|app: 0|req: 931/1836] 10.0.0.158 () {32 vars in 740 bytes} [Wed Sep 2 13:45:14 2026] DELETE /v2.0/security-groups/27a2f34b-196d-4d0c-a4f0-4db8ec5c7616 => generated 0 bytes in 233 msecs (HTTP/1.1 204) 2 headers in 112 bytes (1 switches on core 0) [pid: 8|app: 0|req: 932/1837] 10.0.0.158 () {32 vars in 717 bytes} [Wed Sep 2 13:45:14 2026] GET /v2.0/ports/e194b8b8-f9a7-4fb3-ad8f-331541fcc1e4 => generated 947 bytes in 56 msecs (HTTP/1.1 200) 4 headers in 157 bytes (1 switches on core 0)
2026-09-02 13:45:14.362 7 INFO neutron.db.segments_db [None req-59ffb28d-9558-4726-9915-0b8eb07ad9f4 3f6c66485361460ca416fa494d84e769 b924717ae9564a4aa0dc070fd8d64d1a - - default default] Added segment 125fcacd-3664-458c-92d8-21902102e547 of type geneve for network 34a0a5e8-2ce4-4360-a07d-c5898638e5ed
2026-09-02 13:45:14.374 7 INFO neutron.plugins.ml2.drivers.ovn.mech_driver.mech_driver [None req-ef71ad20-c24e-4094-8c3d-fde18c39e5de - - - - - -] OVN reports status down for port: 14a6fbba-42f5-4e43-9b09-73c87a3bf13a
2026-09-02 13:45:14.525 7 INFO neutron.db.ovn_revision_numbers_db [None req-59ffb28d-9558-4726-9915-0b8eb07ad9f4 3f6c66485361460ca416fa494d84e769 b924717ae9564a4aa0dc070fd8d64d1a - - default default] Successfully bumped revision number for resource 34a0a5e8-2ce4-4360-a07d-c5898638e5ed (type: networks) to 1
2026-09-02 13:45:14.564 7 INFO neutron.notifiers.nova [-] Nova event matching ['req-05c4f295-1401-4ba0-823e-905a9ebee5dd'] response: {'server_uuid': 'a789bfbc-e7f5-47ac-8d6a-810c286453b5', 'name': 'network-vif-unplugged', 'status': 'completed', 'tag': '14a6fbba-42f5-4e43-9b09-73c87a3bf13a', 'code': 200}
2026-09-02 13:45:14.589 8 INFO neutron_taas.services.taas.taas_plugin [None req-627f2593-f40f-44a5-b502-0121b62b77b8 0da9e49d14ed4eabbff2a3d0d1e787f0 f37bd12b47914164be609736c167b3a9 - - default default] TaaS: Handle Delete Port: e194b8b8-f9a7-4fb3-ad8f-331541fcc1e4
2026-09-02 13:45:14.592 8 INFO neutron_taas.services.taas.tap_mirror_plugin [None req-627f2593-f40f-44a5-b502-0121b62b77b8 0da9e49d14ed4eabbff2a3d0d1e787f0 f37bd12b47914164be609736c167b3a9 - - default default] Tap Mirror: Handle Delete Port: e194b8b8-f9a7-4fb3-ad8f-331541fcc1e4
2026-09-02 13:45:14.790 7 INFO neutron.db.ovn_revision_numbers_db [None req-ef71ad20-c24e-4094-8c3d-fde18c39e5de - - - - - -] Successfully bumped revision number for resource 14a6fbba-42f5-4e43-9b09-73c87a3bf13a (type: ports) to 6
2026-09-02 13:45:14.797 7 WARNING neutron.scheduler.dhcp_agent_scheduler [None req-59ffb28d-9558-4726-9915-0b8eb07ad9f4 3f6c66485361460ca416fa494d84e769 b924717ae9564a4aa0dc070fd8d64d1a - - default default] No more DHCP agents
2026-09-02 13:45:14.799 7 WARNING neutron.api.rpc.agentnotifiers.dhcp_rpc_agent_api [None req-59ffb28d-9558-4726-9915-0b8eb07ad9f4 3f6c66485361460ca416fa494d84e769 b924717ae9564a4aa0dc070fd8d64d1a - - default default] Unable to schedule network 34a0a5e8-2ce4-4360-a07d-c5898638e5ed: no agents available; will retry on subsequent port and subnet creation events. [pid: 8|app: 0|req: 933/1838] 10.0.0.158 () {34 vars in 789 bytes} [Wed Sep 2 13:45:14 2026] PUT /v2.0/routers/ee7e3f89-5275-4e8d-959c-a2e0df887658/remove_router_interface => generated 309 bytes in 511 msecs (HTTP/1.1 200) 4 headers in 157 bytes (1 switches on core 0) /var/lib/openstack/lib/python3.12/site-packages/pycadf/identifier.py:70: UserWarning: Invalid uuid: neutron. To ensure interoperability, identifiers should be a valid uuid. warnings.warn(('Invalid uuid: %s. To ensure interoperability, '
2026-09-02 13:45:14.901 7 INFO neutron.plugins.ml2.drivers.ovn.mech_driver.mech_driver [None req-9f2b5c27-cd61-4662-aa50-a0f359527a40 - - - - - -] OVN reports status down for port: 1c50bf53-4736-4b87-bd43-a8d8700fa6c4 [pid: 8|app: 0|req: 934/1839] 10.0.0.87 () {34 vars in 989 bytes} [Wed Sep 2 13:45:14 2026] GET /v2.0/ports?device_id=a789bfbc-e7f5-47ac-8d6a-810c286453b5 => generated 973 bytes in 102 msecs (HTTP/1.1 200) 4 headers in 157 bytes (1 switches on core 0)
2026-09-02 13:45:14.960 7 INFO neutron.db.ovn_revision_numbers_db [None req-59ffb28d-9558-4726-9915-0b8eb07ad9f4 3f6c66485361460ca416fa494d84e769 b924717ae9564a4aa0dc070fd8d64d1a - - default default] Successfully bumped revision number for resource 1c50bf53-4736-4b87-bd43-a8d8700fa6c4 (type: ports) to 1 [pid: 8|app: 0|req: 935/1840] 10.0.0.158 () {32 vars in 736 bytes} [Wed Sep 2 13:45:14 2026] GET /v2.0/ports?device_id=ee7e3f89-5275-4e8d-959c-a2e0df887658 => generated 12 bytes in 14 msecs (HTTP/1.1 200) 4 headers in 156 bytes (1 switches on core 0) [pid: 8|app: 0|req: 936/1841] 10.0.0.87 () {34 vars in 1039 bytes} [Wed Sep 2 13:45:14 2026] GET /v2.0/security-groups?id=6437e7a7-14dc-465b-a9c8-36720ce5e800&fields=id&fields=name => generated 88 bytes in 35 msecs (HTTP/1.1 200) 4 headers in 156 bytes (1 switches on core 0) [pid: 7|app: 0|req: 906/1842] 10.0.0.158 () {34 vars in 670 bytes} [Wed Sep 2 13:45:14 2026] POST /v2.0/networks => generated 676 bytes in 760 msecs (HTTP/1.1 201) 4 headers in 162 bytes (1 switches on core 0) /var/lib/openstack/lib/python3.12/site-packages/pycadf/identifier.py:70: UserWarning: Invalid uuid: neutron. To ensure interoperability, identifiers should be a valid uuid. warnings.warn(('Invalid uuid: %s. To ensure interoperability, '
2026-09-02 13:45:15.178 7 WARNING neutron.scheduler.dhcp_agent_scheduler [None req-7f7cf39a-4f18-4b46-818c-d634031065ca 3f6c66485361460ca416fa494d84e769 b924717ae9564a4aa0dc070fd8d64d1a - - default default] No more DHCP agents [pid: 8|app: 0|req: 937/1843] 10.0.0.158 () {32 vars in 724 bytes} [Wed Sep 2 13:45:14 2026] DELETE /v2.0/routers/ee7e3f89-5275-4e8d-959c-a2e0df887658 => generated 0 bytes in 179 msecs (HTTP/1.1 204) 2 headers in 112 bytes (1 switches on core 0)
2026-09-02 13:45:15.179 7 WARNING neutron.api.rpc.agentnotifiers.dhcp_rpc_agent_api [None req-7f7cf39a-4f18-4b46-818c-d634031065ca 3f6c66485361460ca416fa494d84e769 b924717ae9564a4aa0dc070fd8d64d1a - - default default] Unable to schedule network 34a0a5e8-2ce4-4360-a07d-c5898638e5ed: no agents available; will retry on subsequent port and subnet creation events. [pid: 8|app: 0|req: 938/1844] 10.0.0.158 () {32 vars in 724 bytes} [Wed Sep 2 13:45:15 2026] DELETE /v2.0/subnets/91d80796-fd40-4472-980c-7be8b0c2888b => generated 0 bytes in 143 msecs (HTTP/1.1 204) 3 headers in 131 bytes (1 switches on core 0) [pid: 8|app: 0|req: 939/1845] 10.0.0.158 () {32 vars in 724 bytes} [Wed Sep 2 13:45:15 2026] DELETE /v2.0/subnets/21542a41-5ff7-44de-ace6-418aa221c4dd => generated 0 bytes in 122 msecs (HTTP/1.1 204) 3 headers in 131 bytes (1 switches on core 0)
2026-09-02 13:45:15.574 8 INFO neutron_taas.services.taas.taas_plugin [None req-7a07ade3-ac8b-4617-883d-2be887f5cb06 0da9e49d14ed4eabbff2a3d0d1e787f0 f37bd12b47914164be609736c167b3a9 - - default default] TaaS: Handle Delete Port: f14ada07-934f-44e1-8c24-a786aaf8c77c
2026-09-02 13:45:15.579 8 INFO neutron_taas.services.taas.tap_mirror_plugin [None req-7a07ade3-ac8b-4617-883d-2be887f5cb06 0da9e49d14ed4eabbff2a3d0d1e787f0 f37bd12b47914164be609736c167b3a9 - - default default] Tap Mirror: Handle Delete Port: f14ada07-934f-44e1-8c24-a786aaf8c77c
2026-09-02 13:45:15.611 7 INFO neutron.db.ovn_revision_numbers_db [None req-a2ada49a-30ea-437f-81fe-3426d29fb259 - - - - - -] Successfully bumped revision number for resource 1c50bf53-4736-4b87-bd43-a8d8700fa6c4 (type: ports) to 2
2026-09-02 13:45:15.637 7 INFO neutron.db.ovn_revision_numbers_db [None req-a2ada49a-30ea-437f-81fe-3426d29fb259 - - - - - -] Successfully bumped revision number for resource 9b99de5e-3f1c-41eb-96ed-778f4a87ba97 (type: subnets) to 0 [pid: 7|app: 0|req: 907/1846] 10.0.0.158 () {34 vars in 669 bytes} [Wed Sep 2 13:45:15 2026] POST /v2.0/subnets => generated 655 bytes in 648 msecs (HTTP/1.1 201) 4 headers in 162 bytes (1 switches on core 0) [pid: 7|app: 0|req: 908/1847] 162.253.55.66 () {34 vars in 993 bytes} [Wed Sep 2 13:45:15 2026] GET /v2.0/ports?device_id=a789bfbc-e7f5-47ac-8d6a-810c286453b5 => generated 973 bytes in 63 msecs (HTTP/1.1 200) 4 headers in 157 bytes (1 switches on core 0)
2026-09-02 13:45:15.739 8 INFO neutron.services.segments.plugin [-] Segment e0b178af-aa09-4298-b540-3553907722bd resource provider aggregate not found
2026-09-02 13:45:15.741 8 INFO neutron.services.segments.plugin [-] Segment e0b178af-aa09-4298-b540-3553907722bd resource provider aggregate not found
2026-09-02 13:45:15.762 8 INFO neutron.services.segments.plugin [-] Client error retrieving segment e0b178af-aa09-4298-b540-3553907722bd resource provider; error: Placement Client Error (4xx): {"errors": [{"status": 404, "title": "Not Found", "detail": "The resource could not be found.\n\n No resource provider with uuid e0b178af-aa09-4298-b540-3553907722bd found for delete ", "request_id": "req-e863968b-80cd-4c14-8b50-5da3943fb373"}]}
2026-09-02 13:45:15.766 8 INFO neutron.services.segments.plugin [-] Client error retrieving segment e0b178af-aa09-4298-b540-3553907722bd resource provider; error: Placement Client Error (4xx): {"errors": [{"status": 404, "title": "Not Found", "detail": "The resource could not be found.\n\n No resource provider with uuid e0b178af-aa09-4298-b540-3553907722bd found for delete ", "request_id": "req-d4a6f07d-b722-49cf-a20e-ba0aa5806339"}]} [pid: 8|app: 0|req: 940/1848] 10.0.0.158 () {32 vars in 726 bytes} [Wed Sep 2 13:45:15 2026] DELETE /v2.0/networks/ff0a0ab8-ab76-4d31-bc96-c814e35a2a52 => generated 0 bytes in 325 msecs (HTTP/1.1 204) 3 headers in 131 bytes (1 switches on core 0)
2026-09-02 13:45:15.911 8 INFO neutron_taas.services.taas.taas_plugin [req-cd334e29-fa5f-4d23-a3ac-f1794cdd68a9 req-81362e82-5eb5-497d-ba57-77fee39e4cee 53020786069c4c20bfd0276e388e18ee fd4d08cfc4424f22ad9a53e9d34a5d29 - - default default] TaaS: Handle Delete Port: 14a6fbba-42f5-4e43-9b09-73c87a3bf13a
2026-09-02 13:45:15.915 8 INFO neutron_taas.services.taas.tap_mirror_plugin [req-cd334e29-fa5f-4d23-a3ac-f1794cdd68a9 req-81362e82-5eb5-497d-ba57-77fee39e4cee 53020786069c4c20bfd0276e388e18ee fd4d08cfc4424f22ad9a53e9d34a5d29 - - default default] Tap Mirror: Handle Delete Port: 14a6fbba-42f5-4e43-9b09-73c87a3bf13a
2026-09-02 13:45:15.958 7 WARNING neutron.scheduler.dhcp_agent_scheduler [None req-3adc9200-755f-4aec-ba30-7980c0d45a2d 3f6c66485361460ca416fa494d84e769 b924717ae9564a4aa0dc070fd8d64d1a - - default default] No more DHCP agents
2026-09-02 13:45:15.960 7 WARNING neutron.api.rpc.agentnotifiers.dhcp_rpc_agent_api [None req-3adc9200-755f-4aec-ba30-7980c0d45a2d 3f6c66485361460ca416fa494d84e769 b924717ae9564a4aa0dc070fd8d64d1a - - default default] Unable to schedule network 34a0a5e8-2ce4-4360-a07d-c5898638e5ed: no agents available; will retry on subsequent port and subnet creation events.
2026-09-02 13:45:15.989 7 INFO neutron.db.ovn_revision_numbers_db [None req-3adc9200-755f-4aec-ba30-7980c0d45a2d 3f6c66485361460ca416fa494d84e769 b924717ae9564a4aa0dc070fd8d64d1a - - default default] Successfully bumped revision number for resource b98d9944-d918-4f83-beb9-92cc4838925d (type: subnets) to 0 [pid: 7|app: 0|req: 909/1849] 10.0.0.158 () {34 vars in 669 bytes} [Wed Sep 2 13:45:15 2026] POST /v2.0/subnets => generated 725 bytes in 284 msecs (HTTP/1.1 201) 4 headers in 162 bytes (1 switches on core 0) [pid: 8|app: 0|req: 941/1850] 162.253.55.66 () {36 vars in 996 bytes} [Wed Sep 2 13:45:15 2026] DELETE /v2.0/ports/14a6fbba-42f5-4e43-9b09-73c87a3bf13a => generated 0 bytes in 294 msecs (HTTP/1.1 204) 3 headers in 131 bytes (1 switches on core 0)
2026-09-02 13:45:16.116 8 INFO neutron.notifiers.nova [-] Nova event matching ['req-9fadef09-4228-4e8c-b561-7eabf5cd70b7'] response: {'server_uuid': 'a789bfbc-e7f5-47ac-8d6a-810c286453b5', 'name': 'network-vif-deleted', 'tag': '14a6fbba-42f5-4e43-9b09-73c87a3bf13a', 'status': 'completed', 'code': 200}
2026-09-02 13:45:16.133 7 INFO neutron_taas.services.taas.taas_plugin [None req-7d025988-f06e-44ae-b003-6a642564e0b2 0da9e49d14ed4eabbff2a3d0d1e787f0 f37bd12b47914164be609736c167b3a9 - - default default] TaaS: Handle Delete Port: f5cedc4e-c314-4e69-9e6c-ecabca5f72b3
2026-09-02 13:45:16.136 7 INFO neutron_taas.services.taas.tap_mirror_plugin [None req-7d025988-f06e-44ae-b003-6a642564e0b2 0da9e49d14ed4eabbff2a3d0d1e787f0 f37bd12b47914164be609736c167b3a9 - - default default] Tap Mirror: Handle Delete Port: f5cedc4e-c314-4e69-9e6c-ecabca5f72b3
2026-09-02 13:45:16.162 8 INFO neutron.db.segments_db [None req-f8de3870-7e1c-44ff-b5fb-b5919d42b88c 3f6c66485361460ca416fa494d84e769 b924717ae9564a4aa0dc070fd8d64d1a - - default default] Added segment d3233990-8485-4423-b585-8fb0cb7c491b of type geneve for network e2f184b0-a691-48d4-b50d-a5111c3466dd
2026-09-02 13:45:16.279 8 INFO neutron.db.ovn_revision_numbers_db [None req-f8de3870-7e1c-44ff-b5fb-b5919d42b88c 3f6c66485361460ca416fa494d84e769 b924717ae9564a4aa0dc070fd8d64d1a - - default default] Successfully bumped revision number for resource e2f184b0-a691-48d4-b50d-a5111c3466dd (type: networks) to 1
2026-09-02 13:45:16.325 7 INFO neutron.services.segments.plugin [-] Segment 5212bf00-b86d-4efd-8449-612329f11f5d resource provider aggregate not found
2026-09-02 13:45:16.332 7 INFO neutron.services.segments.plugin [-] Segment 5212bf00-b86d-4efd-8449-612329f11f5d resource provider aggregate not found
2026-09-02 13:45:16.342 7 INFO neutron.services.segments.plugin [-] Client error retrieving segment 5212bf00-b86d-4efd-8449-612329f11f5d resource provider; error: Placement Client Error (4xx): {"errors": [{"status": 404, "title": "Not Found", "detail": "The resource could not be found.\n\n No resource provider with uuid 5212bf00-b86d-4efd-8449-612329f11f5d found for delete ", "request_id": "req-d31225c0-3540-4f0a-ad54-36255c4599f5"}]}
2026-09-02 13:45:16.352 7 INFO neutron.services.segments.plugin [-] Client error retrieving segment 5212bf00-b86d-4efd-8449-612329f11f5d resource provider; error: Placement Client Error (4xx): {"errors": [{"status": 404, "title": "Not Found", "detail": "The resource could not be found.\n\n No resource provider with uuid 5212bf00-b86d-4efd-8449-612329f11f5d found for delete ", "request_id": "req-5f688586-284a-466f-b5e3-f2e0311d803d"}]} [pid: 7|app: 0|req: 910/1851] 10.0.0.158 () {32 vars in 726 bytes} [Wed Sep 2 13:45:16 2026] DELETE /v2.0/networks/016adc36-0c95-45ab-9f3c-5b7957d62ccd => generated 0 bytes in 370 msecs (HTTP/1.1 204) 3 headers in 131 bytes (1 switches on core 0) [pid: 7|app: 0|req: 911/1852] 10.0.0.87 () {34 vars in 989 bytes} [Wed Sep 2 13:45:16 2026] GET /v2.0/ports?device_id=a789bfbc-e7f5-47ac-8d6a-810c286453b5 => generated 12 bytes in 25 msecs (HTTP/1.1 200) 4 headers in 156 bytes (1 switches on core 0)
2026-09-02 13:45:16.473 8 WARNING neutron.scheduler.dhcp_agent_scheduler [None req-f8de3870-7e1c-44ff-b5fb-b5919d42b88c 3f6c66485361460ca416fa494d84e769 b924717ae9564a4aa0dc070fd8d64d1a - - default default] No more DHCP agents
2026-09-02 13:45:16.474 8 WARNING neutron.api.rpc.agentnotifiers.dhcp_rpc_agent_api [None req-f8de3870-7e1c-44ff-b5fb-b5919d42b88c 3f6c66485361460ca416fa494d84e769 b924717ae9564a4aa0dc070fd8d64d1a - - default default] Unable to schedule network e2f184b0-a691-48d4-b50d-a5111c3466dd: no agents available; will retry on subsequent port and subnet creation events.
2026-09-02 13:45:16.482 7 INFO neutron.db.segments_db [None req-e0f25237-51a1-41d1-b9f0-9cd6b314c9fc 0da9e49d14ed4eabbff2a3d0d1e787f0 f37bd12b47914164be609736c167b3a9 - - default default] Added segment 9ce5e66f-87ec-42c0-b2c1-7cd8dc4d37a7 of type geneve for network 81ae8d4c-a272-4282-908c-e78a962fddf2
2026-09-02 13:45:16.537 7 INFO neutron.plugins.ml2.drivers.ovn.mech_driver.mech_driver [None req-9f2b5c27-cd61-4662-aa50-a0f359527a40 - - - - - -] OVN reports status down for port: 5f1b36e5-172e-4902-8247-85b3f21fa079
2026-09-02 13:45:16.538 8 INFO neutron.db.ovn_revision_numbers_db [None req-f8de3870-7e1c-44ff-b5fb-b5919d42b88c 3f6c66485361460ca416fa494d84e769 b924717ae9564a4aa0dc070fd8d64d1a - - default default] Successfully bumped revision number for resource 5f1b36e5-172e-4902-8247-85b3f21fa079 (type: ports) to 1 [pid: 8|app: 0|req: 942/1853] 10.0.0.158 () {34 vars in 670 bytes} [Wed Sep 2 13:45:16 2026] POST /v2.0/networks => generated 675 bytes in 481 msecs (HTTP/1.1 201) 4 headers in 162 bytes (1 switches on core 0)
2026-09-02 13:45:16.625 7 INFO neutron.notifiers.nova [-] Nova event matching ['req-3ad01ad0-08d1-4af2-bb88-5992e7cc237c'] response: {'server_uuid': 'a789bfbc-e7f5-47ac-8d6a-810c286453b5', 'name': 'network-vif-unplugged', 'status': 'completed', 'tag': '14a6fbba-42f5-4e43-9b09-73c87a3bf13a', 'code': 200}
2026-09-02 13:45:16.651 7 INFO neutron.db.ovn_revision_numbers_db [None req-e0f25237-51a1-41d1-b9f0-9cd6b314c9fc 0da9e49d14ed4eabbff2a3d0d1e787f0 f37bd12b47914164be609736c167b3a9 - - default default] Successfully bumped revision number for resource 81ae8d4c-a272-4282-908c-e78a962fddf2 (type: networks) to 1
2026-09-02 13:45:16.727 8 WARNING neutron.scheduler.dhcp_agent_scheduler [None req-d0417212-e937-44b5-9d64-a5b30645ed49 3f6c66485361460ca416fa494d84e769 b924717ae9564a4aa0dc070fd8d64d1a - - default default] No more DHCP agents
2026-09-02 13:45:16.728 8 WARNING neutron.api.rpc.agentnotifiers.dhcp_rpc_agent_api [None req-d0417212-e937-44b5-9d64-a5b30645ed49 3f6c66485361460ca416fa494d84e769 b924717ae9564a4aa0dc070fd8d64d1a - - default default] Unable to schedule network e2f184b0-a691-48d4-b50d-a5111c3466dd: no agents available; will retry on subsequent port and subnet creation events.
2026-09-02 13:45:16.809 7 WARNING neutron.scheduler.dhcp_agent_scheduler [None req-e0f25237-51a1-41d1-b9f0-9cd6b314c9fc 0da9e49d14ed4eabbff2a3d0d1e787f0 f37bd12b47914164be609736c167b3a9 - - default default] No more DHCP agents
2026-09-02 13:45:16.810 7 WARNING neutron.api.rpc.agentnotifiers.dhcp_rpc_agent_api [None req-e0f25237-51a1-41d1-b9f0-9cd6b314c9fc 0da9e49d14ed4eabbff2a3d0d1e787f0 f37bd12b47914164be609736c167b3a9 - - default default] Unable to schedule network 81ae8d4c-a272-4282-908c-e78a962fddf2: no agents available; will retry on subsequent port and subnet creation events.
2026-09-02 13:45:16.881 7 INFO neutron.plugins.ml2.drivers.ovn.mech_driver.mech_driver [None req-9f2b5c27-cd61-4662-aa50-a0f359527a40 - - - - - -] OVN reports status down for port: 5f4c0e29-33da-49e2-aa7a-25812de1a395
2026-09-02 13:45:16.934 7 INFO neutron.db.ovn_revision_numbers_db [None req-e0f25237-51a1-41d1-b9f0-9cd6b314c9fc 0da9e49d14ed4eabbff2a3d0d1e787f0 f37bd12b47914164be609736c167b3a9 - - default default] Successfully bumped revision number for resource 5f4c0e29-33da-49e2-aa7a-25812de1a395 (type: ports) to 1 [pid: 7|app: 0|req: 912/1854] 10.0.0.158 () {34 vars in 670 bytes} [Wed Sep 2 13:45:16 2026] POST /v2.0/networks => generated 671 bytes in 565 msecs (HTTP/1.1 201) 4 headers in 162 bytes (1 switches on core 0)
2026-09-02 13:45:17.144 8 INFO neutron.db.ovn_revision_numbers_db [None req-8dfe866c-425b-417c-ba9b-47a1b480663a - - - - - -] Successfully bumped revision number for resource 5f1b36e5-172e-4902-8247-85b3f21fa079 (type: ports) to 2
2026-09-02 13:45:17.145 7 WARNING neutron.scheduler.dhcp_agent_scheduler [None req-c15683cb-43d0-4712-b175-10493f2d8c41 0da9e49d14ed4eabbff2a3d0d1e787f0 f37bd12b47914164be609736c167b3a9 - - default default] No more DHCP agents
2026-09-02 13:45:17.146 7 WARNING neutron.api.rpc.agentnotifiers.dhcp_rpc_agent_api [None req-c15683cb-43d0-4712-b175-10493f2d8c41 0da9e49d14ed4eabbff2a3d0d1e787f0 f37bd12b47914164be609736c167b3a9 - - default default] Unable to schedule network 81ae8d4c-a272-4282-908c-e78a962fddf2: no agents available; will retry on subsequent port and subnet creation events.
2026-09-02 13:45:17.180 8 INFO neutron.db.ovn_revision_numbers_db [None req-8dfe866c-425b-417c-ba9b-47a1b480663a - - - - - -] Successfully bumped revision number for resource 2ec42535-8ade-4832-8c12-19e48bac90e1 (type: subnets) to 0
2026-09-02 13:45:17.183 7 INFO neutron.db.ovn_revision_numbers_db [None req-c15683cb-43d0-4712-b175-10493f2d8c41 0da9e49d14ed4eabbff2a3d0d1e787f0 f37bd12b47914164be609736c167b3a9 - - default default] Successfully bumped revision number for resource 1a4865c3-f617-4b6a-9197-3ba27e9a60ca (type: subnets) to 0 [pid: 8|app: 0|req: 943/1855] 10.0.0.158 () {34 vars in 669 bytes} [Wed Sep 2 13:45:16 2026] POST /v2.0/subnets => generated 655 bytes in 632 msecs (HTTP/1.1 201) 4 headers in 162 bytes (1 switches on core 0) [pid: 7|app: 0|req: 913/1856] 10.0.0.158 () {34 vars in 669 bytes} [Wed Sep 2 13:45:16 2026] POST /v2.0/subnets => generated 646 bytes in 224 msecs (HTTP/1.1 201) 4 headers in 162 bytes (1 switches on core 0)
2026-09-02 13:45:17.301 7 INFO neutron.db.ovn_revision_numbers_db [None req-f1a1ba51-af4f-48cf-b6ae-0ca6abfe0f96 0da9e49d14ed4eabbff2a3d0d1e787f0 f37bd12b47914164be609736c167b3a9 - - default default] Successfully bumped revision number for resource 9559ce26-d770-41c2-a6d3-5a2085e5b923 (type: routers) to 1 [pid: 7|app: 0|req: 914/1857] 10.0.0.158 () {34 vars in 669 bytes} [Wed Sep 2 13:45:17 2026] POST /v2.0/routers => generated 607 bytes in 112 msecs (HTTP/1.1 201) 4 headers in 162 bytes (1 switches on core 0)
2026-09-02 13:45:17.371 8 WARNING neutron.scheduler.dhcp_agent_scheduler [None req-9110ed12-639e-4615-a0e3-bf0d04b58bce 3f6c66485361460ca416fa494d84e769 b924717ae9564a4aa0dc070fd8d64d1a - - default default] No more DHCP agents
2026-09-02 13:45:17.372 8 WARNING neutron.api.rpc.agentnotifiers.dhcp_rpc_agent_api [None req-9110ed12-639e-4615-a0e3-bf0d04b58bce 3f6c66485361460ca416fa494d84e769 b924717ae9564a4aa0dc070fd8d64d1a - - default default] Unable to schedule network e2f184b0-a691-48d4-b50d-a5111c3466dd: no agents available; will retry on subsequent port and subnet creation events.
2026-09-02 13:45:17.393 8 INFO neutron.db.ovn_revision_numbers_db [None req-9110ed12-639e-4615-a0e3-bf0d04b58bce 3f6c66485361460ca416fa494d84e769 b924717ae9564a4aa0dc070fd8d64d1a - - default default] Successfully bumped revision number for resource 95157bef-1e0c-4cc2-9093-7330111b1621 (type: subnets) to 0 [pid: 8|app: 0|req: 944/1858] 10.0.0.158 () {34 vars in 669 bytes} [Wed Sep 2 13:45:17 2026] POST /v2.0/subnets => generated 729 bytes in 210 msecs (HTTP/1.1 201) 4 headers in 162 bytes (1 switches on core 0)
2026-09-02 13:45:17.597 7 WARNING neutron.scheduler.dhcp_agent_scheduler [None req-89fd5589-5752-408d-b21a-282ef592e382 0da9e49d14ed4eabbff2a3d0d1e787f0 f37bd12b47914164be609736c167b3a9 - - default default] No more DHCP agents
2026-09-02 13:45:17.598 7 WARNING neutron.api.rpc.agentnotifiers.dhcp_rpc_agent_api [None req-89fd5589-5752-408d-b21a-282ef592e382 0da9e49d14ed4eabbff2a3d0d1e787f0 f37bd12b47914164be609736c167b3a9 - - default default] Unable to schedule network 81ae8d4c-a272-4282-908c-e78a962fddf2: no agents available; will retry on subsequent port and subnet creation events.
2026-09-02 13:45:17.734 8 INFO neutron.plugins.ml2.drivers.ovn.mech_driver.mech_driver [None req-07a5a4e9-5c0b-4a9c-bd5f-902227e3fca3 - - - - - -] OVN reports status down for port: e25b4dd3-948a-449f-a7b4-4e28876e4fdf
2026-09-02 13:45:17.791 7 INFO neutron.db.ovn_revision_numbers_db [None req-89fd5589-5752-408d-b21a-282ef592e382 0da9e49d14ed4eabbff2a3d0d1e787f0 f37bd12b47914164be609736c167b3a9 - - default default] Successfully bumped revision number for resource e25b4dd3-948a-449f-a7b4-4e28876e4fdf (type: ports) to 1 [pid: 7|app: 0|req: 915/1859] 10.0.0.158 () {34 vars in 665 bytes} [Wed Sep 2 13:45:17 2026] POST /v2.0/ports => generated 960 bytes in 514 msecs (HTTP/1.1 201) 4 headers in 162 bytes (1 switches on core 0) /var/lib/openstack/lib/python3.12/site-packages/pycadf/identifier.py:70: UserWarning: Invalid uuid: neutron. To ensure interoperability, identifiers should be a valid uuid. warnings.warn(('Invalid uuid: %s. To ensure interoperability, ' [pid: 7|app: 0|req: 916/1860] 10.0.0.87 () {34 vars in 989 bytes} [Wed Sep 2 13:45:17 2026] GET /v2.0/ports?device_id=a789bfbc-e7f5-47ac-8d6a-810c286453b5 => generated 12 bytes in 21 msecs (HTTP/1.1 200) 4 headers in 156 bytes (1 switches on core 0)
2026-09-02 13:45:17.903 8 WARNING neutron.scheduler.dhcp_agent_scheduler [None req-b41b01a5-13e3-4c99-9ca8-f98154ff20d4 3f6c66485361460ca416fa494d84e769 b924717ae9564a4aa0dc070fd8d64d1a - - default default] No more DHCP agents
2026-09-02 13:45:17.905 8 WARNING neutron.api.rpc.agentnotifiers.dhcp_rpc_agent_api [None req-b41b01a5-13e3-4c99-9ca8-f98154ff20d4 3f6c66485361460ca416fa494d84e769 b924717ae9564a4aa0dc070fd8d64d1a - - default default] Unable to schedule network 3f04572c-5782-46c8-88ae-896c40bfe031: no agents available; will retry on subsequent port and subnet creation events.
2026-09-02 13:45:18.010 7 INFO neutron.plugins.ml2.drivers.ovn.mech_driver.mech_driver [None req-9f2b5c27-cd61-4662-aa50-a0f359527a40 - - - - - -] OVN reports status down for port: 0bd04c70-3c21-4a17-8089-5dc58aecee63
2026-09-02 13:45:18.012 8 INFO neutron.db.ovn_revision_numbers_db [None req-b41b01a5-13e3-4c99-9ca8-f98154ff20d4 3f6c66485361460ca416fa494d84e769 b924717ae9564a4aa0dc070fd8d64d1a - - default default] Successfully bumped revision number for resource 0bd04c70-3c21-4a17-8089-5dc58aecee63 (type: ports) to 1
