2026-09-02 13:44:11.732 8 INFO neutron.db.segments_db [None req-2598ee3b-4ae8-4d8e-951e-06a8ba22ff0c 56d9301a641a4690a6e0d236a01402c7 60e08eb297fc4ee08daeb25e2af69b0d - - default default] Added segment 36c52f4f-51af-4deb-ad8c-59daf525f80f of type geneve for network 90daaf02-f04d-409c-beae-a42fc76cf8b6 [pid: 7|app: 0|req: 671/1330] 162.253.55.66 () {34 vars in 985 bytes} [Wed Sep 2 13:44:11 2026] GET /v2.0/networks?id=e6a4a69d-ed53-4de0-8f5d-bf3c7e1378f2 => generated 813 bytes in 48 msecs (HTTP/1.1 200) 4 headers in 157 bytes (1 switches on core 0) [pid: 7|app: 0|req: 672/1331] 162.253.55.66 () {34 vars in 1059 bytes} [Wed Sep 2 13:44:11 2026] GET /v2.0/floatingips?fixed_ip_address=10.100.0.14&port_id=6e70748a-6952-4475-94c0-1b387ce622d6 => generated 861 bytes in 39 msecs (HTTP/1.1 200) 4 headers in 157 bytes (1 switches on core 0) [pid: 7|app: 0|req: 673/1332] 162.253.55.66 () {34 vars in 983 bytes} [Wed Sep 2 13:44:11 2026] GET /v2.0/subnets?id=e2192169-1cf0-4a61-948c-91a0d55c7d82 => generated 694 bytes in 38 msecs (HTTP/1.1 200) 4 headers in 157 bytes (1 switches on core 0)
2026-09-02 13:44:11.832 8 INFO neutron.db.ovn_revision_numbers_db [None req-2598ee3b-4ae8-4d8e-951e-06a8ba22ff0c 56d9301a641a4690a6e0d236a01402c7 60e08eb297fc4ee08daeb25e2af69b0d - - default default] Successfully bumped revision number for resource 90daaf02-f04d-409c-beae-a42fc76cf8b6 (type: networks) to 1 [pid: 7|app: 0|req: 674/1333] 162.253.55.66 () {34 vars in 1051 bytes} [Wed Sep 2 13:44:11 2026] GET /v2.0/ports?network_id=e6a4a69d-ed53-4de0-8f5d-bf3c7e1378f2&device_owner=network%3Adhcp => generated 12 bytes in 14 msecs (HTTP/1.1 200) 4 headers in 156 bytes (1 switches on core 0) [pid: 7|app: 0|req: 675/1334] 162.253.55.66 () {34 vars in 1011 bytes} [Wed Sep 2 13:44:11 2026] GET /v2.0/networks/e6a4a69d-ed53-4de0-8f5d-bf3c7e1378f2?fields=segments => generated 14 bytes in 29 msecs (HTTP/1.1 200) 4 headers in 156 bytes (1 switches on core 0) [pid: 7|app: 0|req: 676/1335] 162.253.55.66 () {34 vars in 1111 bytes} [Wed Sep 2 13:44:11 2026] GET /v2.0/networks/e6a4a69d-ed53-4de0-8f5d-bf3c7e1378f2?fields=provider%3Aphysical_network&fields=provider%3Anetwork_type => generated 79 bytes in 37 msecs (HTTP/1.1 200) 4 headers in 156 bytes (1 switches on core 0)
2026-09-02 13:44:11.975 8 WARNING neutron.scheduler.dhcp_agent_scheduler [None req-2598ee3b-4ae8-4d8e-951e-06a8ba22ff0c 56d9301a641a4690a6e0d236a01402c7 60e08eb297fc4ee08daeb25e2af69b0d - - default default] No more DHCP agents
2026-09-02 13:44:11.976 8 WARNING neutron.api.rpc.agentnotifiers.dhcp_rpc_agent_api [None req-2598ee3b-4ae8-4d8e-951e-06a8ba22ff0c 56d9301a641a4690a6e0d236a01402c7 60e08eb297fc4ee08daeb25e2af69b0d - - default default] Unable to schedule network 90daaf02-f04d-409c-beae-a42fc76cf8b6: no agents available; will retry on subsequent port and subnet creation events.
2026-09-02 13:44:12.024 7 INFO neutron.plugins.ml2.drivers.ovn.mech_driver.mech_driver [None req-6d45749c-35af-4c8b-9868-080fb619bd02 - - - - - -] OVN reports status down for port: 1df425cc-0e81-4e0d-82cc-f3dd7fd9ce45
2026-09-02 13:44:12.035 8 INFO neutron.db.ovn_revision_numbers_db [None req-2598ee3b-4ae8-4d8e-951e-06a8ba22ff0c 56d9301a641a4690a6e0d236a01402c7 60e08eb297fc4ee08daeb25e2af69b0d - - default default] Successfully bumped revision number for resource 1df425cc-0e81-4e0d-82cc-f3dd7fd9ce45 (type: ports) to 1 [pid: 8|app: 0|req: 660/1336] 10.0.0.158 () {34 vars in 670 bytes} [Wed Sep 2 13:44:11 2026] POST /v2.0/networks => generated 666 bytes in 410 msecs (HTTP/1.1 201) 4 headers in 162 bytes (1 switches on core 0)
2026-09-02 13:44:12.261 7 WARNING neutron.scheduler.dhcp_agent_scheduler [None req-6c29cf58-6b4b-4e26-a3cf-9ad974135c04 56d9301a641a4690a6e0d236a01402c7 60e08eb297fc4ee08daeb25e2af69b0d - - default default] No more DHCP agents
2026-09-02 13:44:12.262 7 WARNING neutron.api.rpc.agentnotifiers.dhcp_rpc_agent_api [None req-6c29cf58-6b4b-4e26-a3cf-9ad974135c04 56d9301a641a4690a6e0d236a01402c7 60e08eb297fc4ee08daeb25e2af69b0d - - default default] Unable to schedule network 90daaf02-f04d-409c-beae-a42fc76cf8b6: no agents available; will retry on subsequent port and subnet creation events.
2026-09-02 13:44:12.433 8 INFO neutron.plugins.ml2.drivers.ovn.mech_driver.mech_driver [None req-36b25d65-b2bd-4f7b-a8d9-f837b0c993fe - - - - - -] OVN reports status down for port: 6e70748a-6952-4475-94c0-1b387ce622d6
2026-09-02 13:44:12.596 8 INFO neutron.notifiers.nova [-] Nova event matching ['req-255b2705-ba30-4177-bc21-c29feae68a57'] response: {'server_uuid': '9613cac3-5345-4fe7-81cc-adeadadf152f', 'name': 'network-vif-unplugged', 'status': 'completed', 'tag': '6e70748a-6952-4475-94c0-1b387ce622d6', 'code': 200}
2026-09-02 13:44:12.691 8 INFO neutron.db.ovn_revision_numbers_db [None req-36b25d65-b2bd-4f7b-a8d9-f837b0c993fe - - - - - -] Successfully bumped revision number for resource 6e70748a-6952-4475-94c0-1b387ce622d6 (type: ports) to 6 [pid: 8|app: 0|req: 661/1337] 10.0.0.87 () {34 vars in 989 bytes} [Wed Sep 2 13:44:12 2026] GET /v2.0/ports?device_id=9613cac3-5345-4fe7-81cc-adeadadf152f => generated 973 bytes in 70 msecs (HTTP/1.1 200) 4 headers in 157 bytes (1 switches on core 0) /var/lib/openstack/lib/python3.12/site-packages/pycadf/identifier.py:70: UserWarning: Invalid uuid: neutron. To ensure interoperability, identifiers should be a valid uuid. warnings.warn(('Invalid uuid: %s. To ensure interoperability, ' [pid: 8|app: 0|req: 662/1338] 10.0.0.87 () {34 vars in 1039 bytes} [Wed Sep 2 13:44:12 2026] GET /v2.0/security-groups?id=dac134cf-9750-47d7-aa8f-6b82e629546e&fields=id&fields=name => generated 114 bytes in 65 msecs (HTTP/1.1 200) 4 headers in 157 bytes (1 switches on core 0)
2026-09-02 13:44:13.146 7 INFO neutron.db.ovn_revision_numbers_db [None req-861f783d-7e51-4713-8ce1-ce90084e3a92 - - - - - -] Successfully bumped revision number for resource 1df425cc-0e81-4e0d-82cc-f3dd7fd9ce45 (type: ports) to 2
2026-09-02 13:44:13.183 7 INFO neutron.db.ovn_revision_numbers_db [None req-861f783d-7e51-4713-8ce1-ce90084e3a92 - - - - - -] Successfully bumped revision number for resource 49fab5cf-a3b0-44b2-a665-ab8249be0ad9 (type: subnets) to 0 [pid: 7|app: 0|req: 677/1339] 10.0.0.158 () {34 vars in 669 bytes} [Wed Sep 2 13:44:12 2026] POST /v2.0/subnets => generated 626 bytes in 1137 msecs (HTTP/1.1 201) 4 headers in 162 bytes (1 switches on core 0)
2026-09-02 13:44:13.300 8 INFO neutron.services.segments.plugin [-] Segment 779bdb8f-fed6-4e78-8543-88e4af100ebb resource provider aggregate not found
2026-09-02 13:44:13.317 8 INFO neutron.services.segments.plugin [-] Segment 779bdb8f-fed6-4e78-8543-88e4af100ebb resource provider aggregate not found
2026-09-02 13:44:13.334 8 INFO neutron.services.segments.plugin [-] Client error retrieving segment 779bdb8f-fed6-4e78-8543-88e4af100ebb resource provider; error: Placement Client Error (4xx): {"errors": [{"status": 404, "title": "Not Found", "detail": "The resource could not be found.\n\n No resource provider with uuid 779bdb8f-fed6-4e78-8543-88e4af100ebb found for delete ", "request_id": "req-effb4148-7635-42bc-b6a9-6928372e13da"}]}
2026-09-02 13:44:13.346 8 INFO neutron.services.segments.plugin [-] Client error retrieving segment 779bdb8f-fed6-4e78-8543-88e4af100ebb resource provider; error: Placement Client Error (4xx): {"errors": [{"status": 404, "title": "Not Found", "detail": "The resource could not be found.\n\n No resource provider with uuid 779bdb8f-fed6-4e78-8543-88e4af100ebb found for delete ", "request_id": "req-44f0582e-b408-44c2-9cfa-96af65b85c82"}]}
2026-09-02 13:44:13.395 8 INFO neutron.db.ovn_revision_numbers_db [None req-e86a507d-5cf8-4807-967d-1a7beb403c65 56d9301a641a4690a6e0d236a01402c7 60e08eb297fc4ee08daeb25e2af69b0d - - default default] Successfully bumped revision number for resource 89916b9c-71b9-46b5-a58c-c145af6a4aed (type: routers) to 1 [pid: 8|app: 0|req: 663/1340] 10.0.0.158 () {34 vars in 669 bytes} [Wed Sep 2 13:44:13 2026] POST /v2.0/routers => generated 603 bytes in 204 msecs (HTTP/1.1 201) 4 headers in 162 bytes (1 switches on core 0)
2026-09-02 13:44:13.668 7 WARNING neutron.scheduler.dhcp_agent_scheduler [None req-21e0b0aa-1940-49a1-bd66-91e4a4896a91 56d9301a641a4690a6e0d236a01402c7 60e08eb297fc4ee08daeb25e2af69b0d - - default default] No more DHCP agents
2026-09-02 13:44:13.670 7 WARNING neutron.api.rpc.agentnotifiers.dhcp_rpc_agent_api [None req-21e0b0aa-1940-49a1-bd66-91e4a4896a91 56d9301a641a4690a6e0d236a01402c7 60e08eb297fc4ee08daeb25e2af69b0d - - default default] Unable to schedule network 90daaf02-f04d-409c-beae-a42fc76cf8b6: no agents available; will retry on subsequent port and subnet creation events.
2026-09-02 13:44:13.773 7 INFO neutron.plugins.ml2.drivers.ovn.mech_driver.mech_driver [None req-6d45749c-35af-4c8b-9868-080fb619bd02 - - - - - -] OVN reports status down for port: 1127aede-064d-4b04-8a75-f7319878eea9
2026-09-02 13:44:13.805 8 INFO neutron.db.ovn_revision_numbers_db [None req-b32491f6-92ce-4011-a826-007e6cd7c687 6b56fef9a45040c595d4d201c7369435 65221586914742f7b6576c0fb03582a6 - - default default] Successfully bumped revision number for resource 7710a6e2-6bfd-4a65-82b4-2ade0c90b044 (type: security_groups) to 1
2026-09-02 13:44:13.818 8 INFO neutron.db.ovn_revision_numbers_db [None req-b32491f6-92ce-4011-a826-007e6cd7c687 6b56fef9a45040c595d4d201c7369435 65221586914742f7b6576c0fb03582a6 - - default default] Successfully bumped revision number for resource 5dffc324-dadc-47c9-967d-906abe36cb29 (type: security_group_rules) to 0
2026-09-02 13:44:13.833 8 INFO neutron.db.ovn_revision_numbers_db [None req-b32491f6-92ce-4011-a826-007e6cd7c687 6b56fef9a45040c595d4d201c7369435 65221586914742f7b6576c0fb03582a6 - - default default] Successfully bumped revision number for resource 63ad6d91-c676-428c-8c79-4147e7e2442d (type: security_group_rules) to 0
2026-09-02 13:44:13.852 8 INFO neutron.db.ovn_revision_numbers_db [None req-b32491f6-92ce-4011-a826-007e6cd7c687 6b56fef9a45040c595d4d201c7369435 65221586914742f7b6576c0fb03582a6 - - default default] Successfully bumped revision number for resource 90c8e69f-7d00-4279-aacb-98719e5f1994 (type: security_group_rules) to 0
2026-09-02 13:44:13.858 7 INFO neutron.db.ovn_revision_numbers_db [None req-21e0b0aa-1940-49a1-bd66-91e4a4896a91 56d9301a641a4690a6e0d236a01402c7 60e08eb297fc4ee08daeb25e2af69b0d - - default default] Successfully bumped revision number for resource 1127aede-064d-4b04-8a75-f7319878eea9 (type: ports) to 1
2026-09-02 13:44:13.879 8 INFO neutron.db.ovn_revision_numbers_db [None req-b32491f6-92ce-4011-a826-007e6cd7c687 6b56fef9a45040c595d4d201c7369435 65221586914742f7b6576c0fb03582a6 - - default default] Successfully bumped revision number for resource b123beb4-4875-4dd5-980c-268ab1564dad (type: security_group_rules) to 0 [pid: 7|app: 0|req: 678/1341] 10.0.0.158 () {34 vars in 665 bytes} [Wed Sep 2 13:44:13 2026] POST /v2.0/ports => generated 948 bytes in 488 msecs (HTTP/1.1 201) 4 headers in 162 bytes (1 switches on core 0) /var/lib/openstack/lib/python3.12/site-packages/pycadf/identifier.py:70: UserWarning: Invalid uuid: neutron. To ensure interoperability, identifiers should be a valid uuid. warnings.warn(('Invalid uuid: %s. To ensure interoperability, ' [pid: 8|app: 0|req: 664/1342] 10.0.0.158 () {32 vars in 774 bytes} [Wed Sep 2 13:44:13 2026] GET /v2.0/security-groups?tenant_id=deeac9a51a2244a380839d10a31c723d&name=default => generated 2925 bytes in 402 msecs (HTTP/1.1 200) 4 headers in 158 bytes (1 switches on core 0) [pid: 7|app: 0|req: 679/1343] 162.253.55.66 () {34 vars in 993 bytes} [Wed Sep 2 13:44:13 2026] GET /v2.0/ports?device_id=9613cac3-5345-4fe7-81cc-adeadadf152f => generated 973 bytes in 59 msecs (HTTP/1.1 200) 4 headers in 157 bytes (1 switches on core 0)
2026-09-02 13:44:14.072 8 INFO neutron.db.ovn_revision_numbers_db [None req-c24ca137-0e22-4bb6-92bf-3ee896fd14d9 f06d26f0110647d5b0e5b52518423067 cc7c34678e764223825f3d082cee8a1c - - default default] Successfully bumped revision number for resource 2bbe2d13-f45e-4c63-8fe1-d848d2bee253 (type: security_groups) to 1
2026-09-02 13:44:14.088 8 INFO neutron.db.ovn_revision_numbers_db [None req-c24ca137-0e22-4bb6-92bf-3ee896fd14d9 f06d26f0110647d5b0e5b52518423067 cc7c34678e764223825f3d082cee8a1c - - default default] Successfully bumped revision number for resource 00a58715-26a9-445c-92c1-97b2b1a470a9 (type: security_group_rules) to 0
2026-09-02 13:44:14.107 8 INFO neutron.db.ovn_revision_numbers_db [None req-c24ca137-0e22-4bb6-92bf-3ee896fd14d9 f06d26f0110647d5b0e5b52518423067 cc7c34678e764223825f3d082cee8a1c - - default default] Successfully bumped revision number for resource ac39fed2-6656-4760-a7b6-eb309fa322bd (type: security_group_rules) to 0
2026-09-02 13:44:14.125 8 INFO neutron.db.ovn_revision_numbers_db [None req-c24ca137-0e22-4bb6-92bf-3ee896fd14d9 f06d26f0110647d5b0e5b52518423067 cc7c34678e764223825f3d082cee8a1c - - default default] Successfully bumped revision number for resource b3f52818-2ec5-4934-9553-bd769c006446 (type: security_group_rules) to 0
2026-09-02 13:44:14.148 8 INFO neutron.db.ovn_revision_numbers_db [None req-c24ca137-0e22-4bb6-92bf-3ee896fd14d9 f06d26f0110647d5b0e5b52518423067 cc7c34678e764223825f3d082cee8a1c - - default default] Successfully bumped revision number for resource bb188d61-035a-4652-b326-9f578f83b722 (type: security_group_rules) to 0
2026-09-02 13:44:14.273 8 INFO neutron.db.segments_db [None req-c24ca137-0e22-4bb6-92bf-3ee896fd14d9 f06d26f0110647d5b0e5b52518423067 cc7c34678e764223825f3d082cee8a1c - - default default] Added segment 66a8bf2f-b56d-48e9-aacd-8b41a5d77018 of type geneve for network 60d7d561-5b81-47a8-a6b6-b3b810ee05eb
2026-09-02 13:44:14.407 8 INFO neutron.db.segments_db [None req-c24ca137-0e22-4bb6-92bf-3ee896fd14d9 f06d26f0110647d5b0e5b52518423067 cc7c34678e764223825f3d082cee8a1c - - default default] Added segment aaae46be-455c-4bbb-903f-bf2f2bfcd32c of type geneve for network ebca6866-748a-4cf1-8139-ec4e831516c2
2026-09-02 13:44:14.416 7 INFO neutron.plugins.ml2.drivers.ovn.mech_driver.mech_driver [None req-6d45749c-35af-4c8b-9868-080fb619bd02 - - - - - -] OVN reports status up for port: 1127aede-064d-4b04-8a75-f7319878eea9
2026-09-02 13:44:14.438 7 INFO neutron.plugins.ml2.plugin [None req-6d45749c-35af-4c8b-9868-080fb619bd02 - - - - - -] Attempt 1 to provision port 1127aede-064d-4b04-8a75-f7319878eea9
2026-09-02 13:44:14.469 7 INFO neutron.db.ovn_revision_numbers_db [None req-711d1929-b193-41fc-95b5-34bcef062f41 56d9301a641a4690a6e0d236a01402c7 60e08eb297fc4ee08daeb25e2af69b0d - - default default] Successfully bumped revision number for resource 1127aede-064d-4b04-8a75-f7319878eea9 (type: ports) to 2
2026-09-02 13:44:14.508 8 INFO neutron.db.ovn_revision_numbers_db [None req-c24ca137-0e22-4bb6-92bf-3ee896fd14d9 f06d26f0110647d5b0e5b52518423067 cc7c34678e764223825f3d082cee8a1c - - default default] Successfully bumped revision number for resource 60d7d561-5b81-47a8-a6b6-b3b810ee05eb (type: networks) to 1
2026-09-02 13:44:14.637 8 INFO neutron.notifiers.nova [-] Nova event matching ['req-3fbc83f5-2269-41a1-909b-9073305e90c0'] response: {'server_uuid': '9613cac3-5345-4fe7-81cc-adeadadf152f', 'name': 'network-vif-unplugged', 'status': 'completed', 'tag': '6e70748a-6952-4475-94c0-1b387ce622d6', 'code': 200}
2026-09-02 13:44:14.646 8 WARNING neutron.scheduler.dhcp_agent_scheduler [None req-c24ca137-0e22-4bb6-92bf-3ee896fd14d9 f06d26f0110647d5b0e5b52518423067 cc7c34678e764223825f3d082cee8a1c - - default default] No more DHCP agents
2026-09-02 13:44:14.647 8 WARNING neutron.api.rpc.agentnotifiers.dhcp_rpc_agent_api [None req-c24ca137-0e22-4bb6-92bf-3ee896fd14d9 f06d26f0110647d5b0e5b52518423067 cc7c34678e764223825f3d082cee8a1c - - default default] Unable to schedule network 60d7d561-5b81-47a8-a6b6-b3b810ee05eb: no agents available; will retry on subsequent port and subnet creation events.
2026-09-02 13:44:14.726 8 INFO neutron.db.ovn_revision_numbers_db [None req-c24ca137-0e22-4bb6-92bf-3ee896fd14d9 f06d26f0110647d5b0e5b52518423067 cc7c34678e764223825f3d082cee8a1c - - default default] Successfully bumped revision number for resource 93d843b4-7b73-4a54-9cdc-718e3b211c27 (type: ports) to 1
2026-09-02 13:44:14.798 8 INFO neutron.db.ovn_revision_numbers_db [None req-c24ca137-0e22-4bb6-92bf-3ee896fd14d9 f06d26f0110647d5b0e5b52518423067 cc7c34678e764223825f3d082cee8a1c - - default default] Successfully bumped revision number for resource ebca6866-748a-4cf1-8139-ec4e831516c2 (type: networks) to 1
2026-09-02 13:44:14.924 8 WARNING neutron.scheduler.dhcp_agent_scheduler [None req-c24ca137-0e22-4bb6-92bf-3ee896fd14d9 f06d26f0110647d5b0e5b52518423067 cc7c34678e764223825f3d082cee8a1c - - default default] No more DHCP agents
2026-09-02 13:44:14.925 8 WARNING neutron.api.rpc.agentnotifiers.dhcp_rpc_agent_api [None req-c24ca137-0e22-4bb6-92bf-3ee896fd14d9 f06d26f0110647d5b0e5b52518423067 cc7c34678e764223825f3d082cee8a1c - - default default] Unable to schedule network ebca6866-748a-4cf1-8139-ec4e831516c2: no agents available; will retry on subsequent port and subnet creation events.
2026-09-02 13:44:14.983 8 INFO neutron.db.ovn_revision_numbers_db [None req-c24ca137-0e22-4bb6-92bf-3ee896fd14d9 f06d26f0110647d5b0e5b52518423067 cc7c34678e764223825f3d082cee8a1c - - default default] Successfully bumped revision number for resource cd8bc31a-0da4-4f98-94f6-e781f17ac193 (type: ports) to 1 [pid: 8|app: 0|req: 665/1344] 10.0.0.158 () {34 vars in 670 bytes} [Wed Sep 2 13:44:13 2026] POST /v2.0/networks => generated 1321 bytes in 1084 msecs (HTTP/1.1 201) 4 headers in 163 bytes (1 switches on core 0) [pid: 8|app: 0|req: 666/1345] 10.0.0.87 () {34 vars in 989 bytes} [Wed Sep 2 13:44:15 2026] GET /v2.0/ports?device_id=9613cac3-5345-4fe7-81cc-adeadadf152f => generated 973 bytes in 58 msecs (HTTP/1.1 200) 4 headers in 157 bytes (1 switches on core 0)
2026-09-02 13:44:15.191 7 INFO neutron.db.ovn_revision_numbers_db [None req-6d45749c-35af-4c8b-9868-080fb619bd02 - - - - - -] Successfully bumped revision number for resource 1127aede-064d-4b04-8a75-f7319878eea9 (type: ports) to 3 [pid: 8|app: 0|req: 667/1346] 10.0.0.158 () {32 vars in 740 bytes} [Wed Sep 2 13:44:15 2026] DELETE /v2.0/security-groups/7710a6e2-6bfd-4a65-82b4-2ade0c90b044 => generated 0 bytes in 195 msecs (HTTP/1.1 204) 2 headers in 112 bytes (1 switches on core 0)
2026-09-02 13:44:15.381 7 INFO neutron.plugins.ml2.drivers.ovn.mech_driver.mech_driver [None req-effb3fc0-22b2-491d-aa3b-8be5f34e0fd9 - - - - - -] OVN reports status down for port: 93d843b4-7b73-4a54-9cdc-718e3b211c27
2026-09-02 13:44:15.407 8 INFO neutron_taas.services.taas.taas_plugin [req-1313e8d8-3d8c-474b-8022-119e14cc1ca1 req-d7ca1e6a-f0c0-404e-8398-70886d1d03eb 298d23e62f904260a51c36d1f3b547bf 955e471fd11240caa2a871593a1ca377 - - default default] TaaS: Handle Delete Port: 6e70748a-6952-4475-94c0-1b387ce622d6
2026-09-02 13:44:15.410 8 INFO neutron_taas.services.taas.tap_mirror_plugin [req-1313e8d8-3d8c-474b-8022-119e14cc1ca1 req-d7ca1e6a-f0c0-404e-8398-70886d1d03eb 298d23e62f904260a51c36d1f3b547bf 955e471fd11240caa2a871593a1ca377 - - default default] Tap Mirror: Handle Delete Port: 6e70748a-6952-4475-94c0-1b387ce622d6
2026-09-02 13:44:15.500 7 INFO neutron.plugins.ml2.drivers.ovn.mech_driver.mech_driver [None req-effb3fc0-22b2-491d-aa3b-8be5f34e0fd9 - - - - - -] OVN reports status down for port: cd8bc31a-0da4-4f98-94f6-e781f17ac193
2026-09-02 13:44:15.616 8 INFO neutron.db.l3_db [req-1313e8d8-3d8c-474b-8022-119e14cc1ca1 req-d7ca1e6a-f0c0-404e-8398-70886d1d03eb 298d23e62f904260a51c36d1f3b547bf 955e471fd11240caa2a871593a1ca377 - - default default] Floating IP b22fc0de-6b5f-4880-8692-e9915e189e1a disassociated. External IP: 10.96.250.213, port: 6e70748a-6952-4475-94c0-1b387ce622d6.
2026-09-02 13:44:15.644 7 WARNING neutron.scheduler.dhcp_agent_scheduler [None req-711d1929-b193-41fc-95b5-34bcef062f41 56d9301a641a4690a6e0d236a01402c7 60e08eb297fc4ee08daeb25e2af69b0d - - default default] No more DHCP agents
2026-09-02 13:44:15.646 7 WARNING neutron.api.rpc.agentnotifiers.dhcp_rpc_agent_api [None req-711d1929-b193-41fc-95b5-34bcef062f41 56d9301a641a4690a6e0d236a01402c7 60e08eb297fc4ee08daeb25e2af69b0d - - default default] Unable to schedule network 90daaf02-f04d-409c-beae-a42fc76cf8b6: no agents available; will retry on subsequent port and subnet creation events. [pid: 8|app: 0|req: 668/1347] 162.253.55.66 () {36 vars in 996 bytes} [Wed Sep 2 13:44:15 2026] DELETE /v2.0/ports/6e70748a-6952-4475-94c0-1b387ce622d6 => generated 0 bytes in 492 msecs (HTTP/1.1 204) 3 headers in 131 bytes (1 switches on core 0) /var/lib/openstack/lib/python3.12/site-packages/pycadf/identifier.py:70: UserWarning: Invalid uuid: neutron. To ensure interoperability, identifiers should be a valid uuid. warnings.warn(('Invalid uuid: %s. To ensure interoperability, ' [pid: 8|app: 0|req: 669/1348] 10.0.0.158 () {32 vars in 649 bytes} [Wed Sep 2 13:44:15 2026] GET /v2.0/networks => generated 1970 bytes in 51 msecs (HTTP/1.1 200) 4 headers in 158 bytes (1 switches on core 0) [pid: 8|app: 0|req: 670/1349] 10.0.0.87 () {34 vars in 1039 bytes} [Wed Sep 2 13:44:15 2026] GET /v2.0/security-groups?id=dac134cf-9750-47d7-aa8f-6b82e629546e&fields=id&fields=name => generated 114 bytes in 40 msecs (HTTP/1.1 200) 4 headers in 157 bytes (1 switches on core 0)
2026-09-02 13:44:15.964 7 INFO neutron.db.ovn_revision_numbers_db [None req-711d1929-b193-41fc-95b5-34bcef062f41 56d9301a641a4690a6e0d236a01402c7 60e08eb297fc4ee08daeb25e2af69b0d - - default default] Successfully bumped revision number for resource 1127aede-064d-4b04-8a75-f7319878eea9 (type: router_ports) to 3
2026-09-02 13:44:15.971 8 INFO neutron.db.ovn_revision_numbers_db [None req-472c973b-d1fa-47ba-8a76-d1a70ea344ca 6b56fef9a45040c595d4d201c7369435 65221586914742f7b6576c0fb03582a6 - - default default] Successfully bumped revision number for resource 46e4794b-170c-4d18-abd1-e86beadb74a9 (type: security_groups) to 1 [pid: 7|app: 0|req: 680/1350] 10.0.0.158 () {34 vars in 783 bytes} [Wed Sep 2 13:44:13 2026] PUT /v2.0/routers/89916b9c-71b9-46b5-a58c-c145af6a4aed/add_router_interface => generated 309 bytes in 2011 msecs (HTTP/1.1 200) 4 headers in 157 bytes (1 switches on core 0) /var/lib/openstack/lib/python3.12/site-packages/pycadf/identifier.py:70: UserWarning: Invalid uuid: neutron. To ensure interoperability, identifiers should be a valid uuid. warnings.warn(('Invalid uuid: %s. To ensure interoperability, '
2026-09-02 13:44:15.984 8 INFO neutron.db.ovn_revision_numbers_db [None req-472c973b-d1fa-47ba-8a76-d1a70ea344ca 6b56fef9a45040c595d4d201c7369435 65221586914742f7b6576c0fb03582a6 - - default default] Successfully bumped revision number for resource 2550c9db-2d7b-490c-a063-76b27cc1984c (type: security_group_rules) to 0
2026-09-02 13:44:15.998 8 INFO neutron.db.ovn_revision_numbers_db [None req-472c973b-d1fa-47ba-8a76-d1a70ea344ca 6b56fef9a45040c595d4d201c7369435 65221586914742f7b6576c0fb03582a6 - - default default] Successfully bumped revision number for resource 96df5f23-ee8b-4786-8a7f-d31cc6f2ab88 (type: security_group_rules) to 0
2026-09-02 13:44:16.011 8 INFO neutron.db.ovn_revision_numbers_db [None req-472c973b-d1fa-47ba-8a76-d1a70ea344ca 6b56fef9a45040c595d4d201c7369435 65221586914742f7b6576c0fb03582a6 - - default default] Successfully bumped revision number for resource 981551b9-9863-40f8-8990-4321f5ce41cb (type: security_group_rules) to 0
2026-09-02 13:44:16.023 8 INFO neutron.db.ovn_revision_numbers_db [None req-472c973b-d1fa-47ba-8a76-d1a70ea344ca 6b56fef9a45040c595d4d201c7369435 65221586914742f7b6576c0fb03582a6 - - default default] Successfully bumped revision number for resource edbdb459-bbd7-4523-81ba-84ef404aedb4 (type: security_group_rules) to 0 [pid: 8|app: 0|req: 671/1351] 10.0.0.158 () {32 vars in 774 bytes} [Wed Sep 2 13:44:15 2026] GET /v2.0/security-groups?tenant_id=9e4af4b3e2014f819d37605c82b4e1eb&name=default => generated 2925 bytes in 217 msecs (HTTP/1.1 200) 4 headers in 158 bytes (1 switches on core 0) [pid: 8|app: 0|req: 672/1352] 10.0.0.158 () {32 vars in 717 bytes} [Wed Sep 2 13:44:16 2026] GET /v2.0/ports/1127aede-064d-4b04-8a75-f7319878eea9 => generated 1010 bytes in 50 msecs (HTTP/1.1 200) 4 headers in 158 bytes (1 switches on core 0)
2026-09-02 13:44:16.136 7 INFO neutron_taas.services.taas.taas_plugin [None req-f2233e53-9061-43b6-b34f-6a062b4d68fc f06d26f0110647d5b0e5b52518423067 cc7c34678e764223825f3d082cee8a1c - - default default] TaaS: Handle Delete Port: 93d843b4-7b73-4a54-9cdc-718e3b211c27
2026-09-02 13:44:16.140 7 INFO neutron_taas.services.taas.tap_mirror_plugin [None req-f2233e53-9061-43b6-b34f-6a062b4d68fc f06d26f0110647d5b0e5b52518423067 cc7c34678e764223825f3d082cee8a1c - - default default] Tap Mirror: Handle Delete Port: 93d843b4-7b73-4a54-9cdc-718e3b211c27 [pid: 8|app: 0|req: 673/1353] 10.0.0.158 () {32 vars in 740 bytes} [Wed Sep 2 13:44:16 2026] DELETE /v2.0/security-groups/46e4794b-170c-4d18-abd1-e86beadb74a9 => generated 0 bytes in 231 msecs (HTTP/1.1 204) 2 headers in 112 bytes (1 switches on core 0)
2026-09-02 13:44:16.357 7 INFO neutron.services.segments.plugin [-] Segment 66a8bf2f-b56d-48e9-aacd-8b41a5d77018 resource provider aggregate not found
2026-09-02 13:44:16.360 7 INFO neutron.services.segments.plugin [-] Segment 66a8bf2f-b56d-48e9-aacd-8b41a5d77018 resource provider aggregate not found
2026-09-02 13:44:16.376 7 INFO neutron.services.segments.plugin [-] Client error retrieving segment 66a8bf2f-b56d-48e9-aacd-8b41a5d77018 resource provider; error: Placement Client Error (4xx): {"errors": [{"status": 404, "title": "Not Found", "detail": "The resource could not be found.\n\n No resource provider with uuid 66a8bf2f-b56d-48e9-aacd-8b41a5d77018 found for delete ", "request_id": "req-b0eee4c9-4d82-4659-ba9c-6b131598d1dc"}]}
2026-09-02 13:44:16.381 7 INFO neutron.services.segments.plugin [-] Client error retrieving segment 66a8bf2f-b56d-48e9-aacd-8b41a5d77018 resource provider; error: Placement Client Error (4xx): {"errors": [{"status": 404, "title": "Not Found", "detail": "The resource could not be found.\n\n No resource provider with uuid 66a8bf2f-b56d-48e9-aacd-8b41a5d77018 found for delete ", "request_id": "req-49bf3d49-8fd0-4203-8a73-91c3f4bcc917"}]} [pid: 7|app: 0|req: 681/1354] 10.0.0.158 () {32 vars in 726 bytes} [Wed Sep 2 13:44:15 2026] DELETE /v2.0/networks/60d7d561-5b81-47a8-a6b6-b3b810ee05eb => generated 0 bytes in 433 msecs (HTTP/1.1 204) 3 headers in 131 bytes (1 switches on core 0)
2026-09-02 13:44:16.570 7 INFO neutron_taas.services.taas.taas_plugin [None req-8b4251f7-0375-4f75-98c2-bb2ae36973cf f06d26f0110647d5b0e5b52518423067 cc7c34678e764223825f3d082cee8a1c - - default default] TaaS: Handle Delete Port: cd8bc31a-0da4-4f98-94f6-e781f17ac193
2026-09-02 13:44:16.573 7 INFO neutron_taas.services.taas.tap_mirror_plugin [None req-8b4251f7-0375-4f75-98c2-bb2ae36973cf f06d26f0110647d5b0e5b52518423067 cc7c34678e764223825f3d082cee8a1c - - default default] Tap Mirror: Handle Delete Port: cd8bc31a-0da4-4f98-94f6-e781f17ac193
2026-09-02 13:44:16.699 8 INFO neutron.notifiers.nova [-] Nova event matching ['req-ab6f35a6-98c5-4cae-96bf-a134ca64b00c'] response: {'server_uuid': '9613cac3-5345-4fe7-81cc-adeadadf152f', 'name': 'network-vif-deleted', 'tag': '6e70748a-6952-4475-94c0-1b387ce622d6', 'status': 'completed', 'code': 200}
2026-09-02 13:44:16.704 8 INFO neutron_taas.services.taas.taas_plugin [None req-b8e3d256-af2f-41b0-a217-9c5124712403 56d9301a641a4690a6e0d236a01402c7 60e08eb297fc4ee08daeb25e2af69b0d - - default default] TaaS: Handle Delete Port: 1127aede-064d-4b04-8a75-f7319878eea9
2026-09-02 13:44:16.707 8 INFO neutron_taas.services.taas.tap_mirror_plugin [None req-b8e3d256-af2f-41b0-a217-9c5124712403 56d9301a641a4690a6e0d236a01402c7 60e08eb297fc4ee08daeb25e2af69b0d - - default default] Tap Mirror: Handle Delete Port: 1127aede-064d-4b04-8a75-f7319878eea9 [pid: 7|app: 0|req: 682/1355] 10.0.0.158 () {32 vars in 726 bytes} [Wed Sep 2 13:44:16 2026] DELETE /v2.0/networks/ebca6866-748a-4cf1-8139-ec4e831516c2 => generated 0 bytes in 384 msecs (HTTP/1.1 204) 3 headers in 131 bytes (1 switches on core 0) [pid: 7|app: 0|req: 683/1356] 10.0.0.158 () {32 vars in 649 bytes} [Wed Sep 2 13:44:16 2026] GET /v2.0/networks => generated 689 bytes in 61 msecs (HTTP/1.1 200) 4 headers in 157 bytes (1 switches on core 0)
2026-09-02 13:44:16.978 7 INFO neutron.db.segments_db [None req-40d1ce76-1c07-4886-be81-a5ccfa225f68 f06d26f0110647d5b0e5b52518423067 cc7c34678e764223825f3d082cee8a1c - - default default] Added segment dc7376ca-f9c7-400e-9c01-5fb0a6918769 of type geneve for network 466db726-c1b0-4e02-83ca-517c814e5f41 [pid: 8|app: 0|req: 674/1357] 10.0.0.158 () {34 vars in 789 bytes} [Wed Sep 2 13:44:16 2026] PUT /v2.0/routers/89916b9c-71b9-46b5-a58c-c145af6a4aed/remove_router_interface => generated 309 bytes in 673 msecs (HTTP/1.1 200) 4 headers in 157 bytes (1 switches on core 0) /var/lib/openstack/lib/python3.12/site-packages/pycadf/identifier.py:70: UserWarning: Invalid uuid: neutron. To ensure interoperability, identifiers should be a valid uuid. warnings.warn(('Invalid uuid: %s. To ensure interoperability, ' [pid: 8|app: 0|req: 675/1358] 10.0.0.87 () {34 vars in 989 bytes} [Wed Sep 2 13:44:17 2026] GET /v2.0/ports?device_id=9613cac3-5345-4fe7-81cc-adeadadf152f => generated 12 bytes in 15 msecs (HTTP/1.1 200) 4 headers in 156 bytes (1 switches on core 0)
2026-09-02 13:44:17.070 8 INFO neutron.api.v2.resource [None req-7137bc87-a149-452f-be0d-bb1a0b2f6ea5 56d9301a641a4690a6e0d236a01402c7 60e08eb297fc4ee08daeb25e2af69b0d - - default default] remove_router_interface failed (client error): The resource could not be found. [pid: 8|app: 0|req: 676/1359] 10.0.0.158 () {34 vars in 789 bytes} [Wed Sep 2 13:44:17 2026] PUT /v2.0/routers/89916b9c-71b9-46b5-a58c-c145af6a4aed/remove_router_interface => generated 197 bytes in 41 msecs (HTTP/1.1 404) 4 headers in 164 bytes (1 switches on core 0) [pid: 8|app: 0|req: 677/1360] 10.0.0.158 () {32 vars in 736 bytes} [Wed Sep 2 13:44:17 2026] GET /v2.0/ports?device_id=89916b9c-71b9-46b5-a58c-c145af6a4aed => generated 12 bytes in 18 msecs (HTTP/1.1 200) 4 headers in 156 bytes (1 switches on core 0)
2026-09-02 13:44:17.114 7 INFO neutron.db.ovn_revision_numbers_db [None req-40d1ce76-1c07-4886-be81-a5ccfa225f68 f06d26f0110647d5b0e5b52518423067 cc7c34678e764223825f3d082cee8a1c - - default default] Successfully bumped revision number for resource 466db726-c1b0-4e02-83ca-517c814e5f41 (type: networks) to 1
2026-09-02 13:44:17.298 7 WARNING neutron.scheduler.dhcp_agent_scheduler [None req-40d1ce76-1c07-4886-be81-a5ccfa225f68 f06d26f0110647d5b0e5b52518423067 cc7c34678e764223825f3d082cee8a1c - - default default] No more DHCP agents
2026-09-02 13:44:17.299 7 WARNING neutron.api.rpc.agentnotifiers.dhcp_rpc_agent_api [None req-40d1ce76-1c07-4886-be81-a5ccfa225f68 f06d26f0110647d5b0e5b52518423067 cc7c34678e764223825f3d082cee8a1c - - default default] Unable to schedule network 466db726-c1b0-4e02-83ca-517c814e5f41: no agents available; will retry on subsequent port and subnet creation events. [pid: 8|app: 0|req: 678/1361] 10.0.0.158 () {32 vars in 724 bytes} [Wed Sep 2 13:44:17 2026] DELETE /v2.0/routers/89916b9c-71b9-46b5-a58c-c145af6a4aed => generated 0 bytes in 220 msecs (HTTP/1.1 204) 2 headers in 112 bytes (1 switches on core 0)
2026-09-02 13:44:17.349 7 INFO neutron.plugins.ml2.drivers.ovn.mech_driver.mech_driver [None req-effb3fc0-22b2-491d-aa3b-8be5f34e0fd9 - - - - - -] OVN reports status down for port: 8d92178f-9fa4-442a-90e8-115a63594edb
2026-09-02 13:44:17.396 7 INFO neutron.db.ovn_revision_numbers_db [None req-40d1ce76-1c07-4886-be81-a5ccfa225f68 f06d26f0110647d5b0e5b52518423067 cc7c34678e764223825f3d082cee8a1c - - default default] Successfully bumped revision number for resource 8d92178f-9fa4-442a-90e8-115a63594edb (type: ports) to 1 [pid: 7|app: 0|req: 684/1362] 10.0.0.158 () {34 vars in 670 bytes} [Wed Sep 2 13:44:16 2026] POST /v2.0/networks => generated 692 bytes in 560 msecs (HTTP/1.1 201) 4 headers in 162 bytes (1 switches on core 0) [pid: 8|app: 0|req: 679/1363] 10.0.0.158 () {32 vars in 724 bytes} [Wed Sep 2 13:44:17 2026] DELETE /v2.0/subnets/49fab5cf-a3b0-44b2-a665-ab8249be0ad9 => generated 0 bytes in 150 msecs (HTTP/1.1 204) 3 headers in 131 bytes (1 switches on core 0)
2026-09-02 13:44:17.521 7 INFO neutron.db.segments_db [None req-fd70510a-d054-449c-8c25-5235bc6c2c34 f06d26f0110647d5b0e5b52518423067 cc7c34678e764223825f3d082cee8a1c - - default default] Added segment 7c947c0b-0583-43b8-a34d-0a8228380281 of type geneve for network d413d74c-d596-4bd5-864a-d81083e0c767
2026-09-02 13:44:17.592 8 INFO neutron_taas.services.taas.taas_plugin [None req-edb0965e-739f-4303-b226-4eeace929988 56d9301a641a4690a6e0d236a01402c7 60e08eb297fc4ee08daeb25e2af69b0d - - default default] TaaS: Handle Delete Port: 1df425cc-0e81-4e0d-82cc-f3dd7fd9ce45
2026-09-02 13:44:17.595 8 INFO neutron_taas.services.taas.tap_mirror_plugin [None req-edb0965e-739f-4303-b226-4eeace929988 56d9301a641a4690a6e0d236a01402c7 60e08eb297fc4ee08daeb25e2af69b0d - - default default] Tap Mirror: Handle Delete Port: 1df425cc-0e81-4e0d-82cc-f3dd7fd9ce45
2026-09-02 13:44:17.659 7 INFO neutron.db.ovn_revision_numbers_db [None req-fd70510a-d054-449c-8c25-5235bc6c2c34 f06d26f0110647d5b0e5b52518423067 cc7c34678e764223825f3d082cee8a1c - - default default] Successfully bumped revision number for resource d413d74c-d596-4bd5-864a-d81083e0c767 (type: networks) to 1
2026-09-02 13:44:17.760 8 INFO neutron.services.segments.plugin [-] Segment 36c52f4f-51af-4deb-ad8c-59daf525f80f resource provider aggregate not found
2026-09-02 13:44:17.770 8 INFO neutron.services.segments.plugin [-] Segment 36c52f4f-51af-4deb-ad8c-59daf525f80f resource provider aggregate not found
2026-09-02 13:44:17.781 8 INFO neutron.services.segments.plugin [-] Client error retrieving segment 36c52f4f-51af-4deb-ad8c-59daf525f80f resource provider; error: Placement Client Error (4xx): {"errors": [{"status": 404, "title": "Not Found", "detail": "The resource could not be found.\n\n No resource provider with uuid 36c52f4f-51af-4deb-ad8c-59daf525f80f found for delete ", "request_id": "req-dfe6c687-8464-4fb4-b9d7-3b45f9985a44"}]}
2026-09-02 13:44:17.798 8 INFO neutron.services.segments.plugin [-] Client error retrieving segment 36c52f4f-51af-4deb-ad8c-59daf525f80f resource provider; error: Placement Client Error (4xx): {"errors": [{"status": 404, "title": "Not Found", "detail": "The resource could not be found.\n\n No resource provider with uuid 36c52f4f-51af-4deb-ad8c-59daf525f80f found for delete ", "request_id": "req-cae532b1-671a-4698-8090-4cf5e02404e8"}]} [pid: 8|app: 0|req: 680/1364] 10.0.0.158 () {32 vars in 726 bytes} [Wed Sep 2 13:44:17 2026] DELETE /v2.0/networks/90daaf02-f04d-409c-beae-a42fc76cf8b6 => generated 0 bytes in 332 msecs (HTTP/1.1 204) 3 headers in 131 bytes (1 switches on core 0)
2026-09-02 13:44:17.899 7 WARNING neutron.scheduler.dhcp_agent_scheduler [None req-fd70510a-d054-449c-8c25-5235bc6c2c34 f06d26f0110647d5b0e5b52518423067 cc7c34678e764223825f3d082cee8a1c - - default default] No more DHCP agents
2026-09-02 13:44:17.901 7 WARNING neutron.api.rpc.agentnotifiers.dhcp_rpc_agent_api [None req-fd70510a-d054-449c-8c25-5235bc6c2c34 f06d26f0110647d5b0e5b52518423067 cc7c34678e764223825f3d082cee8a1c - - default default] Unable to schedule network d413d74c-d596-4bd5-864a-d81083e0c767: no agents available; will retry on subsequent port and subnet creation events.
2026-09-02 13:44:17.907 8 INFO neutron.db.segments_db [None req-ccffab5b-d3cf-470f-a7b5-3bec474c3e21 56d9301a641a4690a6e0d236a01402c7 60e08eb297fc4ee08daeb25e2af69b0d - - default default] Added segment b4b41dbf-de9e-450c-a071-8e506f56fb07 of type geneve for network bd91ce40-905e-4951-b9bc-d423b5c671f4
2026-09-02 13:44:17.959 7 INFO neutron.plugins.ml2.drivers.ovn.mech_driver.mech_driver [None req-effb3fc0-22b2-491d-aa3b-8be5f34e0fd9 - - - - - -] OVN reports status down for port: 0e41f86f-09b3-4fee-9611-64738397006f
2026-09-02 13:44:18.036 7 INFO neutron.db.ovn_revision_numbers_db [None req-fd70510a-d054-449c-8c25-5235bc6c2c34 f06d26f0110647d5b0e5b52518423067 cc7c34678e764223825f3d082cee8a1c - - default default] Successfully bumped revision number for resource 0e41f86f-09b3-4fee-9611-64738397006f (type: ports) to 1
2026-09-02 13:44:18.065 8 INFO neutron.db.ovn_revision_numbers_db [None req-ccffab5b-d3cf-470f-a7b5-3bec474c3e21 56d9301a641a4690a6e0d236a01402c7 60e08eb297fc4ee08daeb25e2af69b0d - - default default] Successfully bumped revision number for resource bd91ce40-905e-4951-b9bc-d423b5c671f4 (type: networks) to 1 [pid: 7|app: 0|req: 685/1365] 10.0.0.158 () {34 vars in 670 bytes} [Wed Sep 2 13:44:17 2026] POST /v2.0/networks => generated 692 bytes in 649 msecs (HTTP/1.1 201) 4 headers in 162 bytes (1 switches on core 0)
2026-09-02 13:44:18.226 8 WARNING neutron.scheduler.dhcp_agent_scheduler [None req-ccffab5b-d3cf-470f-a7b5-3bec474c3e21 56d9301a641a4690a6e0d236a01402c7 60e08eb297fc4ee08daeb25e2af69b0d - - default default] No more DHCP agents
2026-09-02 13:44:18.228 8 WARNING neutron.api.rpc.agentnotifiers.dhcp_rpc_agent_api [None req-ccffab5b-d3cf-470f-a7b5-3bec474c3e21 56d9301a641a4690a6e0d236a01402c7 60e08eb297fc4ee08daeb25e2af69b0d - - default default] Unable to schedule network bd91ce40-905e-4951-b9bc-d423b5c671f4: no agents available; will retry on subsequent port and subnet creation events.
2026-09-02 13:44:18.294 8 INFO neutron.plugins.ml2.drivers.ovn.mech_driver.mech_driver [None req-07a5a4e9-5c0b-4a9c-bd5f-902227e3fca3 - - - - - -] OVN reports status down for port: 6e2e1035-eacf-4dd4-99c5-4a11e8bebe74
2026-09-02 13:44:18.342 8 INFO neutron.db.ovn_revision_numbers_db [None req-ccffab5b-d3cf-470f-a7b5-3bec474c3e21 56d9301a641a4690a6e0d236a01402c7 60e08eb297fc4ee08daeb25e2af69b0d - - default default] Successfully bumped revision number for resource 6e2e1035-eacf-4dd4-99c5-4a11e8bebe74 (type: ports) to 1 [pid: 8|app: 0|req: 681/1366] 10.0.0.158 () {34 vars in 670 bytes} [Wed Sep 2 13:44:17 2026] POST /v2.0/networks => generated 667 bytes in 557 msecs (HTTP/1.1 201) 4 headers in 162 bytes (1 switches on core 0)
2026-09-02 13:44:18.405 7 INFO neutron.services.segments.plugin [-] Segment aaae46be-455c-4bbb-903f-bf2f2bfcd32c resource provider aggregate not found
2026-09-02 13:44:18.408 7 INFO neutron.services.segments.plugin [-] Segment aaae46be-455c-4bbb-903f-bf2f2bfcd32c resource provider aggregate not found [pid: 8|app: 0|req: 682/1367] 10.0.0.87 () {34 vars in 989 bytes} [Wed Sep 2 13:44:18 2026] GET /v2.0/ports?device_id=9613cac3-5345-4fe7-81cc-adeadadf152f => generated 12 bytes in 37 msecs (HTTP/1.1 200) 4 headers in 156 bytes (1 switches on core 0)
2026-09-02 13:44:18.424 7 INFO neutron.services.segments.plugin [-] Client error retrieving segment aaae46be-455c-4bbb-903f-bf2f2bfcd32c resource provider; error: Placement Client Error (4xx): {"errors": [{"status": 404, "title": "Not Found", "detail": "The resource could not be found.\n\n No resource provider with uuid aaae46be-455c-4bbb-903f-bf2f2bfcd32c found for delete ", "request_id": "req-c493b5ea-0405-49f2-96eb-4456f96dfa25"}]}
2026-09-02 13:44:18.430 7 INFO neutron.services.segments.plugin [-] Client error retrieving segment aaae46be-455c-4bbb-903f-bf2f2bfcd32c resource provider; error: Placement Client Error (4xx): {"errors": [{"status": 404, "title": "Not Found", "detail": "The resource could not be found.\n\n No resource provider with uuid aaae46be-455c-4bbb-903f-bf2f2bfcd32c found for delete ", "request_id": "req-262d1adf-a05c-420f-9da2-2130afb63e69"}]}
2026-09-02 13:44:18.503 7 WARNING neutron.scheduler.dhcp_agent_scheduler [None req-6f22f515-4d17-4289-b86e-739dfd962bf4 f06d26f0110647d5b0e5b52518423067 cc7c34678e764223825f3d082cee8a1c - - default default] No more DHCP agents
2026-09-02 13:44:18.529 7 WARNING neutron.api.rpc.agentnotifiers.dhcp_rpc_agent_api [None req-6f22f515-4d17-4289-b86e-739dfd962bf4 f06d26f0110647d5b0e5b52518423067 cc7c34678e764223825f3d082cee8a1c - - default default] Unable to schedule network 466db726-c1b0-4e02-83ca-517c814e5f41: no agents available; will retry on subsequent port and subnet creation events.
2026-09-02 13:44:18.608 7 INFO neutron.plugins.ml2.drivers.ovn.mech_driver.mech_driver [None req-effb3fc0-22b2-491d-aa3b-8be5f34e0fd9 - - - - - -] OVN reports status down for port: 03d56be9-2e67-424f-98ea-c1efe79caa04
2026-09-02 13:44:18.629 8 WARNING neutron.scheduler.dhcp_agent_scheduler [None req-8400eebf-db10-45fc-b00a-2efcac7738f3 56d9301a641a4690a6e0d236a01402c7 60e08eb297fc4ee08daeb25e2af69b0d - - default default] No more DHCP agents
2026-09-02 13:44:18.631 8 WARNING neutron.api.rpc.agentnotifiers.dhcp_rpc_agent_api [None req-8400eebf-db10-45fc-b00a-2efcac7738f3 56d9301a641a4690a6e0d236a01402c7 60e08eb297fc4ee08daeb25e2af69b0d - - default default] Unable to schedule network bd91ce40-905e-4951-b9bc-d423b5c671f4: no agents available; will retry on subsequent port and subnet creation events.
2026-09-02 13:44:18.677 7 INFO neutron.db.ovn_revision_numbers_db [None req-6f22f515-4d17-4289-b86e-739dfd962bf4 f06d26f0110647d5b0e5b52518423067 cc7c34678e764223825f3d082cee8a1c - - default default] Successfully bumped revision number for resource 03d56be9-2e67-424f-98ea-c1efe79caa04 (type: ports) to 1
2026-09-02 13:44:18.768 7 WARNING neutron.scheduler.dhcp_agent_scheduler [None req-6f22f515-4d17-4289-b86e-739dfd962bf4 f06d26f0110647d5b0e5b52518423067 cc7c34678e764223825f3d082cee8a1c - - default default] No more DHCP agents
2026-09-02 13:44:18.769 7 WARNING neutron.api.rpc.agentnotifiers.dhcp_rpc_agent_api [None req-6f22f515-4d17-4289-b86e-739dfd962bf4 f06d26f0110647d5b0e5b52518423067 cc7c34678e764223825f3d082cee8a1c - - default default] Unable to schedule network d413d74c-d596-4bd5-864a-d81083e0c767: no agents available; will retry on subsequent port and subnet creation events.
2026-09-02 13:44:18.840 7 INFO neutron.plugins.ml2.drivers.ovn.mech_driver.mech_driver [None req-effb3fc0-22b2-491d-aa3b-8be5f34e0fd9 - - - - - -] OVN reports status down for port: ea65f706-f5da-48be-898c-bb2f08b752dd
2026-09-02 13:44:18.938 7 INFO neutron.db.ovn_revision_numbers_db [None req-6f22f515-4d17-4289-b86e-739dfd962bf4 f06d26f0110647d5b0e5b52518423067 cc7c34678e764223825f3d082cee8a1c - - default default] Successfully bumped revision number for resource ea65f706-f5da-48be-898c-bb2f08b752dd (type: ports) to 1
2026-09-02 13:44:19.070 8 INFO neutron.db.ovn_revision_numbers_db [None req-f71594b9-5502-4621-b2f6-a2a35f309ba6 - - - - - -] Successfully bumped revision number for resource 6e2e1035-eacf-4dd4-99c5-4a11e8bebe74 (type: ports) to 2
2026-09-02 13:44:19.104 8 INFO neutron.db.ovn_revision_numbers_db [None req-f71594b9-5502-4621-b2f6-a2a35f309ba6 - - - - - -] Successfully bumped revision number for resource 85cb6add-ecab-4238-97f9-d8acc70354be (type: subnets) to 0 [pid: 7|app: 0|req: 686/1368] 10.0.0.158 () {34 vars in 665 bytes} [Wed Sep 2 13:44:18 2026] POST /v2.0/ports => generated 1505 bytes in 1014 msecs (HTTP/1.1 201) 4 headers in 163 bytes (1 switches on core 0) /var/lib/openstack/lib/python3.12/site-packages/pycadf/identifier.py:70: UserWarning: Invalid uuid: neutron. To ensure interoperability, identifiers should be a valid uuid. warnings.warn(('Invalid uuid: %s. To ensure interoperability, ' [pid: 8|app: 0|req: 683/1369] 10.0.0.158 () {34 vars in 669 bytes} [Wed Sep 2 13:44:18 2026] POST /v2.0/subnets => generated 626 bytes in 706 msecs (HTTP/1.1 201) 4 headers in 162 bytes (1 switches on core 0) [pid: 7|app: 0|req: 687/1370] 10.0.0.158 () {32 vars in 643 bytes} [Wed Sep 2 13:44:19 2026] GET /v2.0/ports => generated 3017 bytes in 81 msecs (HTTP/1.1 200) 4 headers in 158 bytes (1 switches on core 0)
2026-09-02 13:44:19.252 8 INFO neutron.db.ovn_revision_numbers_db [None req-8e6a4c07-975d-4413-bb7d-4854eff1c52c 56d9301a641a4690a6e0d236a01402c7 60e08eb297fc4ee08daeb25e2af69b0d - - default default] Successfully bumped revision number for resource 59afbbc6-a2d8-4a5d-8a43-5bd219169012 (type: routers) to 1 [pid: 8|app: 0|req: 684/1371] 10.0.0.158 () {34 vars in 669 bytes} [Wed Sep 2 13:44:19 2026] POST /v2.0/routers => generated 603 bytes in 152 msecs (HTTP/1.1 201) 4 headers in 162 bytes (1 switches on core 0)
2026-09-02 13:44:19.328 7 INFO neutron_taas.services.taas.taas_plugin [None req-6d51180b-f3ea-493e-acfb-82a5ea66f54d f06d26f0110647d5b0e5b52518423067 cc7c34678e764223825f3d082cee8a1c - - default default] TaaS: Handle Delete Port: 03d56be9-2e67-424f-98ea-c1efe79caa04
2026-09-02 13:44:19.331 7 INFO neutron_taas.services.taas.tap_mirror_plugin [None req-6d51180b-f3ea-493e-acfb-82a5ea66f54d f06d26f0110647d5b0e5b52518423067 cc7c34678e764223825f3d082cee8a1c - - default default] Tap Mirror: Handle Delete Port: 03d56be9-2e67-424f-98ea-c1efe79caa04 [pid: 7|app: 0|req: 688/1372] 10.0.0.158 () {32 vars in 720 bytes} [Wed Sep 2 13:44:19 2026] DELETE /v2.0/ports/03d56be9-2e67-424f-98ea-c1efe79caa04 => generated 0 bytes in 236 msecs (HTTP/1.1 204) 3 headers in 131 bytes (1 switches on core 0)
2026-09-02 13:44:19.533 7 INFO neutron_taas.services.taas.taas_plugin [None req-2d3caa71-e113-4bf1-bb43-754472f17662 f06d26f0110647d5b0e5b52518423067 cc7c34678e764223825f3d082cee8a1c - - default default] TaaS: Handle Delete Port: ea65f706-f5da-48be-898c-bb2f08b752dd
2026-09-02 13:44:19.536 7 INFO neutron_taas.services.taas.tap_mirror_plugin [None req-2d3caa71-e113-4bf1-bb43-754472f17662 f06d26f0110647d5b0e5b52518423067 cc7c34678e764223825f3d082cee8a1c - - default default] Tap Mirror: Handle Delete Port: ea65f706-f5da-48be-898c-bb2f08b752dd
2026-09-02 13:44:19.585 8 WARNING neutron.scheduler.dhcp_agent_scheduler [None req-9beaf745-5629-45b6-b3ac-766a98c78133 56d9301a641a4690a6e0d236a01402c7 60e08eb297fc4ee08daeb25e2af69b0d - - default default] No more DHCP agents
2026-09-02 13:44:19.587 8 WARNING neutron.api.rpc.agentnotifiers.dhcp_rpc_agent_api [None req-9beaf745-5629-45b6-b3ac-766a98c78133 56d9301a641a4690a6e0d236a01402c7 60e08eb297fc4ee08daeb25e2af69b0d - - default default] Unable to schedule network bd91ce40-905e-4951-b9bc-d423b5c671f4: no agents available; will retry on subsequent port and subnet creation events. [pid: 7|app: 0|req: 689/1373] 10.0.0.158 () {32 vars in 720 bytes} [Wed Sep 2 13:44:19 2026] DELETE /v2.0/ports/ea65f706-f5da-48be-898c-bb2f08b752dd => generated 0 bytes in 202 msecs (HTTP/1.1 204) 3 headers in 131 bytes (1 switches on core 0)
2026-09-02 13:44:19.686 7 INFO neutron.plugins.ml2.drivers.ovn.mech_driver.mech_driver [None req-effb3fc0-22b2-491d-aa3b-8be5f34e0fd9 - - - - - -] OVN reports status down for port: 0bed3d4e-5272-4298-a1de-873873f37c20
2026-09-02 13:44:19.704 8 INFO neutron.db.ovn_revision_numbers_db [None req-9beaf745-5629-45b6-b3ac-766a98c78133 56d9301a641a4690a6e0d236a01402c7 60e08eb297fc4ee08daeb25e2af69b0d - - default default] Successfully bumped revision number for resource 0bed3d4e-5272-4298-a1de-873873f37c20 (type: ports) to 1 [pid: 7|app: 0|req: 690/1374] 10.0.0.158 () {32 vars in 740 bytes} [Wed Sep 2 13:44:19 2026] DELETE /v2.0/security-groups/dac134cf-9750-47d7-aa8f-6b82e629546e => generated 0 bytes in 164 msecs (HTTP/1.1 204) 2 headers in 112 bytes (1 switches on core 0) [pid: 7|app: 0|req: 691/1375] 10.0.0.158 () {32 vars in 643 bytes} [Wed Sep 2 13:44:19 2026] GET /v2.0/ports => generated 1523 bytes in 33 msecs (HTTP/1.1 200) 4 headers in 158 bytes (1 switches on core 0)
2026-09-02 13:44:19.848 7 INFO neutron.api.v2.resource [None req-fb59e5f3-4447-4fc9-93c6-27c9a709b6f8 298d23e62f904260a51c36d1f3b547bf 955e471fd11240caa2a871593a1ca377 - - default default] show failed (client error): The resource could not be found. [pid: 7|app: 0|req: 692/1376] 10.0.0.158 () {32 vars in 737 bytes} [Wed Sep 2 13:44:19 2026] GET /v2.0/security-groups/dac134cf-9750-47d7-aa8f-6b82e629546e => generated 146 bytes in 10 msecs (HTTP/1.1 404) 4 headers in 164 bytes (1 switches on core 0)
2026-09-02 13:44:19.955 7 INFO neutron.db.segments_db [None req-f56de5d6-abd1-4b1c-b59c-14263a643813 f06d26f0110647d5b0e5b52518423067 cc7c34678e764223825f3d082cee8a1c - - default default] Added segment 74358d6a-0087-47e9-bff8-393fa844cb74 of type geneve for network a085152f-67ab-49bd-a1d1-8c582d49093e
2026-09-02 13:44:20.056 7 INFO neutron.db.ovn_revision_numbers_db [None req-f56de5d6-abd1-4b1c-b59c-14263a643813 f06d26f0110647d5b0e5b52518423067 cc7c34678e764223825f3d082cee8a1c - - default default] Successfully bumped revision number for resource a085152f-67ab-49bd-a1d1-8c582d49093e (type: networks) to 1
2026-09-02 13:44:20.146 7 INFO neutron.plugins.ml2.drivers.ovn.mech_driver.mech_driver [None req-effb3fc0-22b2-491d-aa3b-8be5f34e0fd9 - - - - - -] OVN reports status up for port: 0bed3d4e-5272-4298-a1de-873873f37c20
2026-09-02 13:44:20.172 7 INFO neutron.plugins.ml2.plugin [None req-effb3fc0-22b2-491d-aa3b-8be5f34e0fd9 - - - - - -] Attempt 1 to provision port 0bed3d4e-5272-4298-a1de-873873f37c20
2026-09-02 13:44:20.225 8 WARNING neutron.scheduler.dhcp_agent_scheduler [None req-9beaf745-5629-45b6-b3ac-766a98c78133 56d9301a641a4690a6e0d236a01402c7 60e08eb297fc4ee08daeb25e2af69b0d - - default default] No more DHCP agents
2026-09-02 13:44:20.227 8 WARNING neutron.api.rpc.agentnotifiers.dhcp_rpc_agent_api [None req-9beaf745-5629-45b6-b3ac-766a98c78133 56d9301a641a4690a6e0d236a01402c7 60e08eb297fc4ee08daeb25e2af69b0d - - default default] Unable to schedule network bd91ce40-905e-4951-b9bc-d423b5c671f4: no agents available; will retry on subsequent port and subnet creation events.
2026-09-02 13:44:20.318 7 WARNING neutron.scheduler.dhcp_agent_scheduler [None req-f56de5d6-abd1-4b1c-b59c-14263a643813 f06d26f0110647d5b0e5b52518423067 cc7c34678e764223825f3d082cee8a1c - - default default] No more DHCP agents
