2026-05-29 06:59:41.771 9 ERROR neutron.plugins.ml2.managers
File "/var/lib/openstack/lib/python3.10/site-packages/oslo_db/api.py", line 144, in wrapper
2026-05-29 06:59:41.771 9 ERROR neutron.plugins.ml2.managers with excutils.save_and_reraise_exception() as ectxt:
2026-05-29 06:59:41.771 9 ERROR neutron.plugins.ml2.managers
File "/var/lib/openstack/lib/python3.10/site-packages/oslo_utils/excutils.py", line 227, in __exit__
2026-05-29 06:59:41.771 9 ERROR neutron.plugins.ml2.managers self.force_reraise()
2026-05-29 06:59:41.771 9 ERROR neutron.plugins.ml2.managers
File "/var/lib/openstack/lib/python3.10/site-packages/oslo_utils/excutils.py", line 200, in force_reraise
2026-05-29 06:59:41.771 9 ERROR neutron.plugins.ml2.managers raise self.value
2026-05-29 06:59:41.771 9 ERROR neutron.plugins.ml2.managers
File "/var/lib/openstack/lib/python3.10/site-packages/oslo_db/api.py", line 142, in wrapper
2026-05-29 06:59:41.771 9 ERROR neutron.plugins.ml2.managers return f(*args, **kwargs)
2026-05-29 06:59:41.771 9 ERROR neutron.plugins.ml2.managers
File "/var/lib/openstack/lib/python3.10/site-packages/neutron_lib/db/api.py", line 183, in wrapped
2026-05-29 06:59:41.771 9 ERROR neutron.plugins.ml2.managers with excutils.save_and_reraise_exception():
2026-05-29 06:59:41.771 9 ERROR neutron.plugins.ml2.managers
File "/var/lib/openstack/lib/python3.10/site-packages/oslo_utils/excutils.py", line 227, in __exit__
2026-05-29 06:59:41.771 9 ERROR neutron.plugins.ml2.managers self.force_reraise()
2026-05-29 06:59:41.771 9 ERROR neutron.plugins.ml2.managers
File "/var/lib/openstack/lib/python3.10/site-packages/oslo_utils/excutils.py", line 200, in force_reraise
2026-05-29 06:59:41.771 9 ERROR neutron.plugins.ml2.managers raise self.value
2026-05-29 06:59:41.771 9 ERROR neutron.plugins.ml2.managers
File "/var/lib/openstack/lib/python3.10/site-packages/neutron_lib/db/api.py", line 181, in wrapped
2026-05-29 06:59:41.771 9 ERROR neutron.plugins.ml2.managers return f(*dup_args, **dup_kwargs)
2026-05-29 06:59:41.771 9 ERROR neutron.plugins.ml2.managers
File "/var/lib/openstack/lib/python3.10/site-packages/neutron/db/db_base_plugin_v2.py", line 1233, in get_subnet
2026-05-29 06:59:41.771 9 ERROR neutron.plugins.ml2.managers subnet_obj = self._get_subnet_object(context, id)
2026-05-29 06:59:41.771 9 ERROR neutron.plugins.ml2.managers
File "/var/lib/openstack/lib/python3.10/site-packages/neutron/db/db_base_plugin_common.py", line 282, in _get_subnet_object
2026-05-29 06:59:41.771 9 ERROR neutron.plugins.ml2.managers raise exceptions.SubnetNotFound(subnet_id=id)
2026-05-29 06:59:41.771 9 ERROR neutron.plugins.ml2.managers neutron_lib.exceptions.SubnetNotFound: Subnet c93c8857-197c-4a36-bac4-dd2961a7c1b8 could not be found.
2026-05-29 06:59:41.771 9 ERROR neutron.plugins.ml2.managers 
2026-05-29 06:59:41.772 9 ERROR neutron.plugins.ml2.managers [None req-e00b38b2-bd52-49f1-b23a-ebe2c777ef60 - - - - - -] Failed to bind port a02671cb-b38b-4f3e-9a91-1d1f9d75a8b8 on host instance for vnic_type normal using segments [{'id': '70decb81-942c-4060-960e-f25d21be4012', 'network_type': 'vxlan', 'physical_network': None, 'segmentation_id': 290, 'network_id': 'a44ed751-4e9b-4e08-a997-e7607d444152'}]
2026-05-29 06:59:41.773 9 INFO neutron.plugins.ml2.plugin [None req-e00b38b2-bd52-49f1-b23a-ebe2c777ef60 - - - - - -] Attempt 9 to bind port a02671cb-b38b-4f3e-9a91-1d1f9d75a8b8
2026-05-29 06:59:41.819 9 ERROR neutron.plugins.ml2.managers [None req-e00b38b2-bd52-49f1-b23a-ebe2c777ef60 - - - - - -] Mechanism driver openvswitch failed in bind_port: neutron_lib.exceptions.SubnetNotFound: Subnet c93c8857-197c-4a36-bac4-dd2961a7c1b8 could not be found.
2026-05-29 06:59:41.819 9 ERROR neutron.plugins.ml2.managers
Traceback (most recent call last):
2026-05-29 06:59:41.819 9 ERROR neutron.plugins.ml2.managers
File "/var/lib/openstack/lib/python3.10/site-packages/neutron/plugins/ml2/managers.py", line 850, in _bind_port_level
2026-05-29 06:59:41.819 9 ERROR neutron.plugins.ml2.managers driver.obj.bind_port(context)
2026-05-29 06:59:41.819 9 ERROR neutron.plugins.ml2.managers
File "/var/lib/openstack/lib/python3.10/site-packages/neutron/plugins/ml2/drivers/openvswitch/mech_driver/mech_openvswitch.py", line 133, in bind_port
2026-05-29 06:59:41.819 9 ERROR neutron.plugins.ml2.managers super(OpenvswitchMechanismDriver, self).bind_port(context)
2026-05-29 06:59:41.819 9 ERROR neutron.plugins.ml2.managers
File "/var/lib/openstack/lib/python3.10/site-packages/neutron/plugins/ml2/drivers/mech_agent.py", line 104, in bind_port
2026-05-29 06:59:41.819 9 ERROR neutron.plugins.ml2.managers subnets = self.get_subnets_from_fixed_ips(context)
2026-05-29 06:59:41.819 9 ERROR neutron.plugins.ml2.managers
File "/var/lib/openstack/lib/python3.10/site-packages/neutron/plugins/ml2/drivers/mech_agent.py", line 149, in get_subnets_from_fixed_ips
2026-05-29 06:59:41.819 9 ERROR neutron.plugins.ml2.managers subnets.append(context._plugin.get_subnet(
2026-05-29 06:59:41.819 9 ERROR neutron.plugins.ml2.managers
File "/var/lib/openstack/lib/python3.10/site-packages/neutron_lib/db/api.py", line 223, in wrapped
2026-05-29 06:59:41.819 9 ERROR neutron.plugins.ml2.managers return f_with_retry(*args, **kwargs,
2026-05-29 06:59:41.819 9 ERROR neutron.plugins.ml2.managers
File "/var/lib/openstack/lib/python3.10/site-packages/neutron_lib/db/api.py", line 137, in wrapped
2026-05-29 06:59:41.819 9 ERROR neutron.plugins.ml2.managers with excutils.save_and_reraise_exception():
2026-05-29 06:59:41.819 9 ERROR neutron.plugins.ml2.managers
File "/var/lib/openstack/lib/python3.10/site-packages/oslo_utils/excutils.py", line 227, in __exit__
2026-05-29 06:59:41.819 9 ERROR neutron.plugins.ml2.managers self.force_reraise()
2026-05-29 06:59:41.819 9 ERROR neutron.plugins.ml2.managers
File "/var/lib/openstack/lib/python3.10/site-packages/oslo_utils/excutils.py", line 200, in force_reraise
2026-05-29 06:59:41.819 9 ERROR neutron.plugins.ml2.managers raise self.value
2026-05-29 06:59:41.819 9 ERROR neutron.plugins.ml2.managers
File "/var/lib/openstack/lib/python3.10/site-packages/neutron_lib/db/api.py", line 135, in wrapped
2026-05-29 06:59:41.819 9 ERROR neutron.plugins.ml2.managers return f(*args, **kwargs)
2026-05-29 06:59:41.819 9 ERROR neutron.plugins.ml2.managers
File "/var/lib/openstack/lib/python3.10/site-packages/oslo_db/api.py", line 144, in wrapper
2026-05-29 06:59:41.819 9 ERROR neutron.plugins.ml2.managers with excutils.save_and_reraise_exception() as ectxt:
2026-05-29 06:59:41.819 9 ERROR neutron.plugins.ml2.managers
File "/var/lib/openstack/lib/python3.10/site-packages/oslo_utils/excutils.py", line 227, in __exit__
2026-05-29 06:59:41.819 9 ERROR neutron.plugins.ml2.managers self.force_reraise()
2026-05-29 06:59:41.819 9 ERROR neutron.plugins.ml2.managers
File "/var/lib/openstack/lib/python3.10/site-packages/oslo_utils/excutils.py", line 200, in force_reraise
2026-05-29 06:59:41.819 9 ERROR neutron.plugins.ml2.managers raise self.value
2026-05-29 06:59:41.819 9 ERROR neutron.plugins.ml2.managers
File "/var/lib/openstack/lib/python3.10/site-packages/oslo_db/api.py", line 142, in wrapper
2026-05-29 06:59:41.819 9 ERROR neutron.plugins.ml2.managers return f(*args, **kwargs)
2026-05-29 06:59:41.819 9 ERROR neutron.plugins.ml2.managers
File "/var/lib/openstack/lib/python3.10/site-packages/neutron_lib/db/api.py", line 183, in wrapped
2026-05-29 06:59:41.819 9 ERROR neutron.plugins.ml2.managers with excutils.save_and_reraise_exception():
2026-05-29 06:59:41.819 9 ERROR neutron.plugins.ml2.managers
File "/var/lib/openstack/lib/python3.10/site-packages/oslo_utils/excutils.py", line 227, in __exit__
2026-05-29 06:59:41.819 9 ERROR neutron.plugins.ml2.managers self.force_reraise()
2026-05-29 06:59:41.819 9 ERROR neutron.plugins.ml2.managers
File "/var/lib/openstack/lib/python3.10/site-packages/oslo_utils/excutils.py", line 200, in force_reraise
2026-05-29 06:59:41.819 9 ERROR neutron.plugins.ml2.managers raise self.value
2026-05-29 06:59:41.819 9 ERROR neutron.plugins.ml2.managers
File "/var/lib/openstack/lib/python3.10/site-packages/neutron_lib/db/api.py", line 181, in wrapped
2026-05-29 06:59:41.819 9 ERROR neutron.plugins.ml2.managers return f(*dup_args, **dup_kwargs)
2026-05-29 06:59:41.819 9 ERROR neutron.plugins.ml2.managers
File "/var/lib/openstack/lib/python3.10/site-packages/neutron/db/db_base_plugin_v2.py", line 1233, in get_subnet
2026-05-29 06:59:41.819 9 ERROR neutron.plugins.ml2.managers subnet_obj = self._get_subnet_object(context, id)
2026-05-29 06:59:41.819 9 ERROR neutron.plugins.ml2.managers
File "/var/lib/openstack/lib/python3.10/site-packages/neutron/db/db_base_plugin_common.py", line 282, in _get_subnet_object
2026-05-29 06:59:41.819 9 ERROR neutron.plugins.ml2.managers raise exceptions.SubnetNotFound(subnet_id=id)
2026-05-29 06:59:41.819 9 ERROR neutron.plugins.ml2.managers neutron_lib.exceptions.SubnetNotFound: Subnet c93c8857-197c-4a36-bac4-dd2961a7c1b8 could not be found.
2026-05-29 06:59:41.819 9 ERROR neutron.plugins.ml2.managers 
2026-05-29 06:59:41.820 9 ERROR neutron.plugins.ml2.managers [None req-e00b38b2-bd52-49f1-b23a-ebe2c777ef60 - - - - - -] Failed to bind port a02671cb-b38b-4f3e-9a91-1d1f9d75a8b8 on host instance for vnic_type normal using segments [{'id': '70decb81-942c-4060-960e-f25d21be4012', 'network_type': 'vxlan', 'physical_network': None, 'segmentation_id': 290, 'network_id': 'a44ed751-4e9b-4e08-a997-e7607d444152'}]
2026-05-29 06:59:41.820 9 INFO neutron.plugins.ml2.plugin [None req-e00b38b2-bd52-49f1-b23a-ebe2c777ef60 - - - - - -] Attempt 10 to bind port a02671cb-b38b-4f3e-9a91-1d1f9d75a8b8
2026-05-29 06:59:41.852 9 ERROR neutron.plugins.ml2.managers [None req-e00b38b2-bd52-49f1-b23a-ebe2c777ef60 - - - - - -] Mechanism driver openvswitch failed in bind_port: neutron_lib.exceptions.SubnetNotFound: Subnet c93c8857-197c-4a36-bac4-dd2961a7c1b8 could not be found.
2026-05-29 06:59:41.852 9 ERROR neutron.plugins.ml2.managers
Traceback (most recent call last):
2026-05-29 06:59:41.852 9 ERROR neutron.plugins.ml2.managers
File "/var/lib/openstack/lib/python3.10/site-packages/neutron/plugins/ml2/managers.py", line 850, in _bind_port_level
2026-05-29 06:59:41.852 9 ERROR neutron.plugins.ml2.managers driver.obj.bind_port(context)
2026-05-29 06:59:41.852 9 ERROR neutron.plugins.ml2.managers
File "/var/lib/openstack/lib/python3.10/site-packages/neutron/plugins/ml2/drivers/openvswitch/mech_driver/mech_openvswitch.py", line 133, in bind_port
2026-05-29 06:59:41.852 9 ERROR neutron.plugins.ml2.managers super(OpenvswitchMechanismDriver, self).bind_port(context)
2026-05-29 06:59:41.852 9 ERROR neutron.plugins.ml2.managers
File "/var/lib/openstack/lib/python3.10/site-packages/neutron/plugins/ml2/drivers/mech_agent.py", line 104, in bind_port
2026-05-29 06:59:41.852 9 ERROR neutron.plugins.ml2.managers subnets = self.get_subnets_from_fixed_ips(context)
2026-05-29 06:59:41.852 9 ERROR neutron.plugins.ml2.managers
File "/var/lib/openstack/lib/python3.10/site-packages/neutron/plugins/ml2/drivers/mech_agent.py", line 149, in get_subnets_from_fixed_ips
2026-05-29 06:59:41.852 9 ERROR neutron.plugins.ml2.managers subnets.append(context._plugin.get_subnet(
2026-05-29 06:59:41.852 9 ERROR neutron.plugins.ml2.managers
File "/var/lib/openstack/lib/python3.10/site-packages/neutron_lib/db/api.py", line 223, in wrapped
2026-05-29 06:59:41.852 9 ERROR neutron.plugins.ml2.managers return f_with_retry(*args, **kwargs,
2026-05-29 06:59:41.852 9 ERROR neutron.plugins.ml2.managers
File "/var/lib/openstack/lib/python3.10/site-packages/neutron_lib/db/api.py", line 137, in wrapped
2026-05-29 06:59:41.852 9 ERROR neutron.plugins.ml2.managers with excutils.save_and_reraise_exception():
2026-05-29 06:59:41.852 9 ERROR neutron.plugins.ml2.managers
File "/var/lib/openstack/lib/python3.10/site-packages/oslo_utils/excutils.py", line 227, in __exit__
2026-05-29 06:59:41.852 9 ERROR neutron.plugins.ml2.managers self.force_reraise()
2026-05-29 06:59:41.852 9 ERROR neutron.plugins.ml2.managers
File "/var/lib/openstack/lib/python3.10/site-packages/oslo_utils/excutils.py", line 200, in force_reraise
2026-05-29 06:59:41.852 9 ERROR neutron.plugins.ml2.managers raise self.value
2026-05-29 06:59:41.852 9 ERROR neutron.plugins.ml2.managers
File "/var/lib/openstack/lib/python3.10/site-packages/neutron_lib/db/api.py", line 135, in wrapped
2026-05-29 06:59:41.852 9 ERROR neutron.plugins.ml2.managers return f(*args, **kwargs)
2026-05-29 06:59:41.852 9 ERROR neutron.plugins.ml2.managers
File "/var/lib/openstack/lib/python3.10/site-packages/oslo_db/api.py", line 144, in wrapper
2026-05-29 06:59:41.852 9 ERROR neutron.plugins.ml2.managers with excutils.save_and_reraise_exception() as ectxt:
2026-05-29 06:59:41.852 9 ERROR neutron.plugins.ml2.managers
File "/var/lib/openstack/lib/python3.10/site-packages/oslo_utils/excutils.py", line 227, in __exit__
2026-05-29 06:59:41.852 9 ERROR neutron.plugins.ml2.managers self.force_reraise()
2026-05-29 06:59:41.852 9 ERROR neutron.plugins.ml2.managers
File "/var/lib/openstack/lib/python3.10/site-packages/oslo_utils/excutils.py", line 200, in force_reraise
2026-05-29 06:59:41.852 9 ERROR neutron.plugins.ml2.managers raise self.value
2026-05-29 06:59:41.852 9 ERROR neutron.plugins.ml2.managers
File "/var/lib/openstack/lib/python3.10/site-packages/oslo_db/api.py", line 142, in wrapper
2026-05-29 06:59:41.852 9 ERROR neutron.plugins.ml2.managers return f(*args, **kwargs)
2026-05-29 06:59:41.852 9 ERROR neutron.plugins.ml2.managers
File "/var/lib/openstack/lib/python3.10/site-packages/neutron_lib/db/api.py", line 183, in wrapped
2026-05-29 06:59:41.852 9 ERROR neutron.plugins.ml2.managers with excutils.save_and_reraise_exception():
2026-05-29 06:59:41.852 9 ERROR neutron.plugins.ml2.managers
File "/var/lib/openstack/lib/python3.10/site-packages/oslo_utils/excutils.py", line 227, in __exit__
2026-05-29 06:59:41.852 9 ERROR neutron.plugins.ml2.managers self.force_reraise()
2026-05-29 06:59:41.852 9 ERROR neutron.plugins.ml2.managers
File "/var/lib/openstack/lib/python3.10/site-packages/oslo_utils/excutils.py", line 200, in force_reraise
2026-05-29 06:59:41.852 9 ERROR neutron.plugins.ml2.managers raise self.value
2026-05-29 06:59:41.852 9 ERROR neutron.plugins.ml2.managers
File "/var/lib/openstack/lib/python3.10/site-packages/neutron_lib/db/api.py", line 181, in wrapped
2026-05-29 06:59:41.852 9 ERROR neutron.plugins.ml2.managers return f(*dup_args, **dup_kwargs)
2026-05-29 06:59:41.852 9 ERROR neutron.plugins.ml2.managers
File "/var/lib/openstack/lib/python3.10/site-packages/neutron/db/db_base_plugin_v2.py", line 1233, in get_subnet
2026-05-29 06:59:41.852 9 ERROR neutron.plugins.ml2.managers subnet_obj = self._get_subnet_object(context, id)
2026-05-29 06:59:41.852 9 ERROR neutron.plugins.ml2.managers
File "/var/lib/openstack/lib/python3.10/site-packages/neutron/db/db_base_plugin_common.py", line 282, in _get_subnet_object
2026-05-29 06:59:41.852 9 ERROR neutron.plugins.ml2.managers raise exceptions.SubnetNotFound(subnet_id=id)
2026-05-29 06:59:41.852 9 ERROR neutron.plugins.ml2.managers neutron_lib.exceptions.SubnetNotFound: Subnet c93c8857-197c-4a36-bac4-dd2961a7c1b8 could not be found.
2026-05-29 06:59:41.852 9 ERROR neutron.plugins.ml2.managers 
2026-05-29 06:59:41.852 9 ERROR neutron.plugins.ml2.managers [None req-e00b38b2-bd52-49f1-b23a-ebe2c777ef60 - - - - - -] Failed to bind port a02671cb-b38b-4f3e-9a91-1d1f9d75a8b8 on host instance for vnic_type normal using segments [{'id': '70decb81-942c-4060-960e-f25d21be4012', 'network_type': 'vxlan', 'physical_network': None, 'segmentation_id': 290, 'network_id': 'a44ed751-4e9b-4e08-a997-e7607d444152'}]
2026-05-29 06:59:42.082 9 INFO neutron.plugins.ml2.plugin [None req-ed760dc8-76ce-4fc0-98e7-e46646757ab6 - - - - - -] Attempt 1 to provision port 162a0c8b-9815-4a83-8e47-34dc8f60aa93
2026-05-29 06:59:42.196 10 INFO neutron.plugins.ml2.plugin [None req-9d5571ee-d6ac-4545-9c5f-60ff9bf01444 - - - - - -] Attempt 1 to provision port 162a0c8b-9815-4a83-8e47-34dc8f60aa93
2026-05-29 06:59:42.676 9 INFO neutron.plugins.ml2.plugin [None req-ed760dc8-76ce-4fc0-98e7-e46646757ab6 - - - - - -] Attempt 1 to provision port 94c1f923-f8cd-4782-b7cb-6f089e4643a1 /var/lib/openstack/lib/python3.10/site-packages/oslo_db/sqlalchemy/enginefacade.py:664: SAWarning: DELETE statement on table 'portsecuritybindings' expected to delete 1 row(s); 0 were matched. Please set confirm_deleted_rows=False within the mapper configuration to prevent this warning. self.session.flush() /var/lib/openstack/lib/python3.10/site-packages/oslo_db/sqlalchemy/enginefacade.py:664: SAWarning: DELETE statement on table 'ml2_port_bindings' expected to delete 1 row(s); 0 were matched. Please set confirm_deleted_rows=False within the mapper configuration to prevent this warning. self.session.flush() /var/lib/openstack/lib/python3.10/site-packages/oslo_db/sqlalchemy/enginefacade.py:664: SAWarning: DELETE statement on table 'ml2_port_binding_levels' expected to delete 1 row(s); 0 were matched. Please set confirm_deleted_rows=False within the mapper configuration to prevent this warning. self.session.flush() /var/lib/openstack/lib/python3.10/site-packages/oslo_db/sqlalchemy/enginefacade.py:664: SAWarning: DELETE statement on table 'ports' expected to delete 1 row(s); 0 were matched. Please set confirm_deleted_rows=False within the mapper configuration to prevent this warning. self.session.flush()
2026-05-29 06:59:50.146 9 INFO neutron.plugins.ml2.plugin [None req-ed760dc8-76ce-4fc0-98e7-e46646757ab6 - - - - - -] Attempt 1 to provision port 6ce708d0-33ec-4ff5-9a02-e60830c34b58
2026-05-29 06:59:50.254 9 INFO neutron.plugins.ml2.plugin [None req-b1a00aaf-b47f-404a-aee7-616c1e1cecf6 - - - - - -] Attempt 1 to provision port 693cbaa5-87ef-4f9e-918b-7c21281c39e1
2026-05-29 06:59:50.481 9 INFO neutron.plugins.ml2.plugin [None req-ed760dc8-76ce-4fc0-98e7-e46646757ab6 - - - - - -] No ports have port_id starting with 6ce708d0-33ec-4ff5-9a02-e60830c34b58
2026-05-29 06:59:50.546 9 INFO neutron.plugins.ml2.plugin [None req-ed760dc8-76ce-4fc0-98e7-e46646757ab6 - - - - - -] Attempt 1 to provision port 25dc7630-b111-4c59-8bda-fe662a8e86cb
2026-05-29 06:59:50.610 9 INFO neutron.plugins.ml2.plugin [None req-d1fb96e9-49af-4bf8-8e71-77e40ae3ebdc - - - - - -] Attempt 1 to provision port 25dc7630-b111-4c59-8bda-fe662a8e86cb
2026-05-29 06:59:52.049 10 INFO neutron.plugins.ml2.plugin [None req-ed760dc8-76ce-4fc0-98e7-e46646757ab6 - - - - - -] Attempt 1 to provision port 693cbaa5-87ef-4f9e-918b-7c21281c39e1
2026-05-29 06:59:55.898 10 INFO neutron.plugins.ml2.plugin [None req-be8fcfc1-a4e9-4bb5-a0c6-e68fe9564b8f - - - - - -] Attempt 1 to provision port 693cbaa5-87ef-4f9e-918b-7c21281c39e1
2026-05-29 06:59:56.173 9 INFO neutron.plugins.ml2.plugin [None req-ed760dc8-76ce-4fc0-98e7-e46646757ab6 - - - - - -] Attempt 1 to provision port 693cbaa5-87ef-4f9e-918b-7c21281c39e1
2026-05-29 06:59:58.330 9 INFO neutron.notifiers.nova [-] Nova event matching ['req-c1c44c81-4f4d-4d74-b5c1-6b65dc7bb9e3'] response: {'server_uuid': '6ff1426b-39b0-456a-b69a-79e43c51ecc8', 'name': 'network-vif-unplugged', 'status': 'completed', 'tag': '693cbaa5-87ef-4f9e-918b-7c21281c39e1', 'code': 200}
2026-05-29 07:00:02.197 9 INFO neutron.plugins.ml2.plugin [None req-ed760dc8-76ce-4fc0-98e7-e46646757ab6 - - - - - -] Attempt 1 to provision port 6c781002-53f7-4943-8e38-dbb60a2508e8
2026-05-29 07:00:02.571 10 INFO neutron.plugins.ml2.plugin [None req-b277334a-7d7e-4d7f-8a04-f4cd410dcabc - - - - - -] Attempt 1 to provision port 6c781002-53f7-4943-8e38-dbb60a2508e8
2026-05-29 07:00:02.880 9 INFO neutron.plugins.ml2.plugin [None req-ed760dc8-76ce-4fc0-98e7-e46646757ab6 - - - - - -] Attempt 1 to provision port a9081c3b-8385-4499-ac91-fec52e197ce5
2026-05-29 07:00:03.189 9 INFO neutron.plugins.ml2.plugin [None req-7260ee36-1aac-4c43-ab7e-c880a89461a9 - - - - - -] Attempt 1 to provision port a9081c3b-8385-4499-ac91-fec52e197ce5
2026-05-29 07:00:03.814 10 INFO neutron.plugins.ml2.plugin [None req-14a6cc68-439e-4f18-8cc3-592060903e75 - - - - - -] Attempt 1 to provision port e0411eeb-d219-4708-ac81-3c78ef2eeda4
2026-05-29 07:00:04.318 9 INFO neutron.plugins.ml2.plugin [None req-ed760dc8-76ce-4fc0-98e7-e46646757ab6 - - - - - -] Attempt 1 to provision port 6c781002-53f7-4943-8e38-dbb60a2508e8
2026-05-29 07:00:04.411 10 INFO neutron.plugins.ml2.plugin [None req-906e0d06-fb50-48c6-9068-b1d89ffca8ed - - - - - -] Attempt 1 to provision port e0411eeb-d219-4708-ac81-3c78ef2eeda4
2026-05-29 07:00:04.950 9 INFO neutron.plugins.ml2.plugin [None req-ed760dc8-76ce-4fc0-98e7-e46646757ab6 - - - - - -] Attempt 1 to provision port a9081c3b-8385-4499-ac91-fec52e197ce5
2026-05-29 07:00:06.003 10 INFO neutron.plugins.ml2.plugin [None req-0f1d611c-6e60-43ca-b50c-517f493e27fd - - - - - -] Attempt 1 to provision port 486a7f7c-157d-4f3c-8fd3-75c93cac47cd /var/lib/openstack/lib/python3.10/site-packages/oslo_db/sqlalchemy/enginefacade.py:664: SAWarning: DELETE statement on table 'portsecuritybindings' expected to delete 1 row(s); 0 were matched. Please set confirm_deleted_rows=False within the mapper configuration to prevent this warning. self.session.flush() /var/lib/openstack/lib/python3.10/site-packages/oslo_db/sqlalchemy/enginefacade.py:664: SAWarning: DELETE statement on table 'ml2_port_bindings' expected to delete 1 row(s); 0 were matched. Please set confirm_deleted_rows=False within the mapper configuration to prevent this warning. self.session.flush() /var/lib/openstack/lib/python3.10/site-packages/oslo_db/sqlalchemy/enginefacade.py:664: SAWarning: DELETE statement on table 'ml2_port_binding_levels' expected to delete 1 row(s); 0 were matched. Please set confirm_deleted_rows=False within the mapper configuration to prevent this warning. self.session.flush() /var/lib/openstack/lib/python3.10/site-packages/oslo_db/sqlalchemy/enginefacade.py:664: SAWarning: DELETE statement on table 'ports' expected to delete 1 row(s); 0 were matched. Please set confirm_deleted_rows=False within the mapper configuration to prevent this warning. self.session.flush()
2026-05-29 07:00:06.694 10 INFO neutron.plugins.ml2.plugin [None req-b97ae171-2dfe-4a99-85b1-6bbe602a0f38 - - - - - -] Attempt 1 to provision port 486a7f7c-157d-4f3c-8fd3-75c93cac47cd
2026-05-29 07:00:11.503 9 INFO neutron.plugins.ml2.plugin [None req-5ceb1341-9942-4a01-bcd6-a4d2da813881 - - - - - -] Attempt 1 to provision port f3c0254a-c150-46c1-800f-fb4370c71aca
2026-05-29 07:00:12.053 9 INFO neutron.plugins.ml2.plugin [None req-ed760dc8-76ce-4fc0-98e7-e46646757ab6 - - - - - -] Attempt 1 to provision port b31a07b3-c121-4afd-8a7e-bcad626ae963
2026-05-29 07:00:12.160 9 INFO neutron.plugins.ml2.plugin [None req-7fc84b35-d6a3-4b65-a1dc-33ee07143570 - - - - - -] Attempt 1 to provision port b31a07b3-c121-4afd-8a7e-bcad626ae963
2026-05-29 07:00:14.062 10 INFO neutron.plugins.ml2.plugin [None req-ed760dc8-76ce-4fc0-98e7-e46646757ab6 - - - - - -] Attempt 1 to provision port b31a07b3-c121-4afd-8a7e-bcad626ae963
2026-05-29 07:00:14.537 10 INFO neutron.plugins.ml2.plugin [None req-4f656e28-81c0-45c2-a1aa-d8992704cb07 - - - - - -] Attempt 1 to provision port 0ded6026-88e2-4383-9d1e-9f92925e8d22
2026-05-29 07:00:15.301 9 INFO neutron.plugins.ml2.plugin [None req-c31ed4b4-13d5-461d-8b51-88e9304099b8 - - - - - -] Attempt 1 to provision port 0ded6026-88e2-4383-9d1e-9f92925e8d22
2026-05-29 07:00:16.296 10 INFO neutron.plugins.ml2.plugin [None req-ed760dc8-76ce-4fc0-98e7-e46646757ab6 - - - - - -] Attempt 1 to provision port fef78236-d97a-4b2a-a6e5-bf432853f1d6
2026-05-29 07:00:17.038 10 INFO neutron.plugins.ml2.plugin [None req-ed760dc8-76ce-4fc0-98e7-e46646757ab6 - - - - - -] Attempt 1 to provision port 946017c8-d132-4a6d-8d9a-02ec97ca8ead
2026-05-29 07:00:17.166 10 INFO neutron.plugins.ml2.plugin [None req-24e049a4-b649-4fac-b81b-23411e5b7563 - - - - - -] Attempt 1 to provision port fef78236-d97a-4b2a-a6e5-bf432853f1d6
2026-05-29 07:00:17.874 10 INFO neutron.plugins.ml2.plugin [None req-dc383ae3-450b-4dcf-9ef1-e708fbd6fd6b - - - - - -] Attempt 1 to provision port a30e87fe-6d0c-44f2-8618-1d9ac44c76c1
2026-05-29 07:00:18.149 9 INFO neutron.plugins.ml2.plugin [None req-ed760dc8-76ce-4fc0-98e7-e46646757ab6 - - - - - -] Attempt 1 to provision port fef78236-d97a-4b2a-a6e5-bf432853f1d6
2026-05-29 07:00:18.527 9 INFO neutron.plugins.ml2.plugin [None req-f96bc26b-e4c0-4ac4-a39c-51a5cc56d029 - - - - - -] Attempt 1 to provision port ed9ac7b5-b55e-4973-b4f8-6a29865a6762
2026-05-29 07:00:18.589 9 INFO neutron.plugins.ml2.plugin [None req-ed760dc8-76ce-4fc0-98e7-e46646757ab6 - - - - - -] Attempt 1 to provision port a30e87fe-6d0c-44f2-8618-1d9ac44c76c1
2026-05-29 07:00:18.983 9 INFO neutron.plugins.ml2.plugin [None req-ed760dc8-76ce-4fc0-98e7-e46646757ab6 - - - - - -] Attempt 1 to provision port 946017c8-d132-4a6d-8d9a-02ec97ca8ead
2026-05-29 07:00:19.007 9 INFO neutron.plugins.ml2.plugin [None req-50fd836f-42c2-46f4-af11-967b7a901c6e - - - - - -] Attempt 1 to provision port 7b50132d-2e99-407b-9d01-8306fb4bcdc0
2026-05-29 07:00:19.183 10 INFO neutron.plugins.ml2.plugin [None req-49b56a0a-ab00-4215-8684-f7d32da66dfb - - - - - -] Attempt 1 to provision port 11a5bcf2-b33c-48f0-ba8e-d4938d599b97
2026-05-29 07:00:19.431 9 INFO neutron.plugins.ml2.plugin [None req-ed760dc8-76ce-4fc0-98e7-e46646757ab6 - - - - - -] Attempt 1 to provision port ed9ac7b5-b55e-4973-b4f8-6a29865a6762
2026-05-29 07:00:20.071 10 INFO neutron.plugins.ml2.plugin [None req-154d6a32-deb5-472f-8d63-c69c19dbf63b - - - - - -] Attempt 1 to provision port 11a5bcf2-b33c-48f0-ba8e-d4938d599b97
2026-05-29 07:00:20.154 9 INFO neutron.plugins.ml2.plugin [None req-ed760dc8-76ce-4fc0-98e7-e46646757ab6 - - - - - -] Attempt 1 to provision port a30e87fe-6d0c-44f2-8618-1d9ac44c76c1
2026-05-29 07:00:20.298 10 INFO neutron.plugins.ml2.plugin [None req-f516c398-c075-4337-b761-c92da898db2c - - - - - -] Attempt 1 to provision port 7b50132d-2e99-407b-9d01-8306fb4bcdc0
2026-05-29 07:00:20.474 9 INFO neutron.plugins.ml2.plugin [None req-ed760dc8-76ce-4fc0-98e7-e46646757ab6 - - - - - -] Attempt 1 to provision port ed9ac7b5-b55e-4973-b4f8-6a29865a6762
2026-05-29 07:00:21.773 10 INFO neutron.plugins.ml2.plugin [None req-06d358b4-f6d9-4e9d-8794-203c4aba75ba - - - - - -] Attempt 1 to provision port 1230ce81-5c5b-4489-b083-0c9e0b61d7c5
2026-05-29 07:00:22.644 10 INFO neutron.plugins.ml2.plugin [None req-5d1ce03d-9743-4977-b766-bc9ad91fc7d3 - - - - - -] Attempt 1 to provision port 1230ce81-5c5b-4489-b083-0c9e0b61d7c5
2026-05-29 07:00:27.234 9 INFO neutron.plugins.ml2.plugin [None req-2d91af9b-bbb6-4227-baf2-6955eacc7492 - - - - - -] Attempt 1 to provision port b4956105-9e8e-4c03-88a9-c03380345f37
2026-05-29 07:00:28.068 10 INFO neutron.plugins.ml2.plugin [None req-ed760dc8-76ce-4fc0-98e7-e46646757ab6 - - - - - -] Attempt 1 to provision port b4956105-9e8e-4c03-88a9-c03380345f37
2026-05-29 07:00:29.015 10 INFO neutron.plugins.ml2.plugin [None req-3b2c11ad-992f-4c48-b1cf-2328d15979c3 - - - - - -] Attempt 1 to provision port 2e76611b-a637-4f51-b55e-cec2edc9d512
2026-05-29 07:00:30.141 10 INFO neutron.plugins.ml2.plugin [None req-ed760dc8-76ce-4fc0-98e7-e46646757ab6 - - - - - -] Attempt 1 to provision port 685d98a0-dc32-47b7-860c-4403c1205779
2026-05-29 07:00:30.907 10 INFO neutron.plugins.ml2.plugin [None req-3db3d332-4f71-4889-9aff-6afa6af3ab58 - - - - - -] Attempt 1 to provision port 685d98a0-dc32-47b7-860c-4403c1205779
2026-05-29 07:00:31.847 10 INFO neutron.plugins.ml2.plugin [None req-3cf27b16-871d-438a-88ef-00a772b227a1 - - - - - -] Attempt 1 to provision port af231d8e-a127-465e-bec2-812d6fdd94bd
2026-05-29 07:00:32.143 10 INFO neutron.plugins.ml2.plugin [None req-ed760dc8-76ce-4fc0-98e7-e46646757ab6 - - - - - -] Attempt 1 to provision port 685d98a0-dc32-47b7-860c-4403c1205779
2026-05-29 07:00:32.291 9 INFO neutron.plugins.ml2.plugin [None req-fa6f12f1-1a10-4ba3-a492-a68af9c1eb2e - - - - - -] Attempt 1 to provision port b2b96e2d-8e36-41fa-ae23-79a55de0287b
2026-05-29 07:00:32.451 10 INFO neutron.plugins.ml2.plugin [None req-ed760dc8-76ce-4fc0-98e7-e46646757ab6 - - - - - -] Attempt 1 to provision port f3c0254a-c150-46c1-800f-fb4370c71aca
2026-05-29 07:00:32.767 10 INFO neutron.plugins.ml2.plugin [None req-ed760dc8-76ce-4fc0-98e7-e46646757ab6 - - - - - -] Attempt 1 to provision port 0ded6026-88e2-4383-9d1e-9f92925e8d22
2026-05-29 07:00:34.049 10 INFO neutron.plugins.ml2.plugin [None req-ed760dc8-76ce-4fc0-98e7-e46646757ab6 - - - - - -] Attempt 1 to provision port f3c0254a-c150-46c1-800f-fb4370c71aca
2026-05-29 07:00:34.246 9 INFO neutron.plugins.ml2.plugin [None req-7d1f1243-8551-4097-8568-80ce992f291b - - - - - -] Attempt 1 to provision port af231d8e-a127-465e-bec2-812d6fdd94bd
2026-05-29 07:00:34.282 9 INFO neutron.plugins.ml2.plugin [None req-7d1f1243-8551-4097-8568-80ce992f291b - - - - - -] Attempt 1 to provision port 78b4d064-c30f-4aa8-9959-283e0bfc32fd
2026-05-29 07:00:34.512 10 INFO neutron.plugins.ml2.plugin [None req-ed760dc8-76ce-4fc0-98e7-e46646757ab6 - - - - - -] Attempt 1 to provision port 0ded6026-88e2-4383-9d1e-9f92925e8d22
2026-05-29 07:00:37.560 10 INFO neutron.plugins.ml2.plugin [None req-7094c4b0-bcaf-4131-8dad-c66e89752bd9 - - - - - -] Attempt 1 to provision port 81560fdf-86aa-49e1-89f1-7c6ec72f4618
2026-05-29 07:00:38.140 10 INFO neutron.plugins.ml2.plugin [None req-ed760dc8-76ce-4fc0-98e7-e46646757ab6 - - - - - -] Attempt 1 to provision port b2b96e2d-8e36-41fa-ae23-79a55de0287b
2026-05-29 07:00:38.322 10 INFO neutron.notifiers.nova [-] Nova event matching ['req-9f02e0e2-6472-46ea-9dbc-585978f9f43e'] response: {'server_uuid': '69b258bb-58ec-48db-b934-60a85593604a', 'name': 'network-vif-plugged', 'status': 'completed', 'tag': 'b2b96e2d-8e36-41fa-ae23-79a55de0287b', 'code': 200}
2026-05-29 07:00:40.158 9 INFO neutron.plugins.ml2.plugin [None req-ed760dc8-76ce-4fc0-98e7-e46646757ab6 - - - - - -] Attempt 1 to provision port b2b96e2d-8e36-41fa-ae23-79a55de0287b
2026-05-29 07:00:42.131 10 INFO neutron.plugins.ml2.plugin [None req-ed760dc8-76ce-4fc0-98e7-e46646757ab6 - - - - - -] Attempt 1 to provision port c6cbb598-424a-47e7-b7d5-4ded4c679cd7
2026-05-29 07:00:42.725 10 INFO neutron.plugins.ml2.plugin [None req-ed760dc8-76ce-4fc0-98e7-e46646757ab6 - - - - - -] Attempt 1 to provision port c6ad1f26-3527-4e3a-96b2-528892e16625
2026-05-29 07:00:42.911 10 INFO neutron.plugins.ml2.plugin [None req-a828b505-facd-431d-ab63-3e0bbf6eeabe - - - - - -] Attempt 1 to provision port c6cbb598-424a-47e7-b7d5-4ded4c679cd7
2026-05-29 07:00:43.649 10 INFO neutron.plugins.ml2.plugin [None req-0d9d864d-339f-477c-ada2-47f243e894c9 - - - - - -] Attempt 1 to provision port 6fe06419-24ea-4a7e-a6ab-7a679c3c3a08
2026-05-29 07:00:43.983 10 INFO neutron.plugins.ml2.plugin [None req-0d9d864d-339f-477c-ada2-47f243e894c9 - - - - - -] Attempt 1 to provision port 73f3a655-06db-4ac0-9203-bd14a8f38e62
2026-05-29 07:00:44.162 9 INFO neutron.plugins.ml2.plugin [None req-6ac6c900-1f79-4a08-9bf3-02dbedbd4bf1 - - - - - -] Attempt 1 to provision port 73f3a655-06db-4ac0-9203-bd14a8f38e62
2026-05-29 07:00:44.163 10 INFO neutron.plugins.ml2.plugin [None req-ed760dc8-76ce-4fc0-98e7-e46646757ab6 - - - - - -] Attempt 1 to provision port c6cbb598-424a-47e7-b7d5-4ded4c679cd7
2026-05-29 07:00:44.204 9 INFO neutron.plugins.ml2.plugin [None req-6ac6c900-1f79-4a08-9bf3-02dbedbd4bf1 - - - - - -] Attempt 1 to provision port 68b4cb54-9a54-403e-a509-77abc83d6b1e
2026-05-29 07:00:44.444 10 INFO neutron.plugins.ml2.plugin [None req-ed760dc8-76ce-4fc0-98e7-e46646757ab6 - - - - - -] Attempt 1 to provision port c6ad1f26-3527-4e3a-96b2-528892e16625
2026-05-29 07:00:44.472 9 INFO neutron.plugins.ml2.plugin [None req-d088dd73-fe97-430a-8dda-5a9aaef5c369 - - - - - -] Attempt 1 to provision port 68b4cb54-9a54-403e-a509-77abc83d6b1e
2026-05-29 07:00:44.762 10 INFO neutron.plugins.ml2.plugin [None req-ed760dc8-76ce-4fc0-98e7-e46646757ab6 - - - - - -] Attempt 1 to provision port 6fe06419-24ea-4a7e-a6ab-7a679c3c3a08
2026-05-29 07:00:46.530 9 INFO neutron.plugins.ml2.plugin [None req-ed760dc8-76ce-4fc0-98e7-e46646757ab6 - - - - - -] Attempt 1 to provision port 6fe06419-24ea-4a7e-a6ab-7a679c3c3a08
2026-05-29 07:00:49.662 10 INFO neutron.plugins.ml2.plugin [None req-ffeefbaa-cbc2-458e-acf3-03166375e783 - - - - - -] Attempt 1 to provision port e4ab84ba-bd43-4b6f-bcc3-0ed91cca9b47
2026-05-29 07:00:54.054 9 INFO neutron.plugins.ml2.plugin [None req-2af1098e-453d-4b3e-b5ea-666ce3234fc5 - - - - - -] Attempt 1 to provision port afaf4593-72b6-4654-a812-24590eee2dae
2026-05-29 07:00:56.164 10 INFO neutron.plugins.ml2.plugin [None req-ed760dc8-76ce-4fc0-98e7-e46646757ab6 - - - - - -] Attempt 1 to provision port afaf4593-72b6-4654-a812-24590eee2dae
2026-05-29 07:00:56.324 10 INFO neutron.notifiers.nova [-] Nova event matching ['req-3e039eb1-314c-4d04-a8ee-8bed39ae9ec5'] response: {'server_uuid': '2f946294-5a97-4550-bff6-322d56966f8d', 'name': 'network-vif-plugged', 'status': 'completed', 'tag': 'afaf4593-72b6-4654-a812-24590eee2dae', 'code': 200}
2026-05-29 07:00:56.940 10 INFO neutron.plugins.ml2.plugin [None req-b948a1f2-a831-4918-8293-20c342a81576 - - - - - -] Attempt 1 to provision port 082ccfee-8b1c-4504-8bad-20ec2c70ed6a
2026-05-29 07:00:57.596 9 INFO neutron.plugins.ml2.plugin [None req-25800440-d33a-4dfa-a469-cb6458bcce89 - - - - - -] Attempt 1 to provision port df6529e5-d972-4e90-acb4-fa7a967a3aac
2026-05-29 07:00:57.756 10 INFO neutron.plugins.ml2.plugin [None req-0e41d625-2485-4160-b7e7-e5cd0704af09 - - - - - -] Attempt 1 to provision port 739f98c7-f4eb-42b6-9472-ebbdbf660c3b
2026-05-29 07:00:58.167 10 INFO neutron.plugins.ml2.plugin [None req-ed760dc8-76ce-4fc0-98e7-e46646757ab6 - - - - - -] Attempt 1 to provision port afaf4593-72b6-4654-a812-24590eee2dae
2026-05-29 07:00:58.308 9 INFO neutron.plugins.ml2.plugin [None req-59a41d24-62d2-4644-87c8-e8539a8959ae - - - - - -] Attempt 1 to provision port 073315f3-098f-4b06-be98-1aa678e06700
2026-05-29 07:00:58.593 10 INFO neutron.plugins.ml2.plugin [None req-ed760dc8-76ce-4fc0-98e7-e46646757ab6 - - - - - -] Attempt 1 to provision port 073315f3-098f-4b06-be98-1aa678e06700
2026-05-29 07:00:59.137 10 INFO neutron.plugins.ml2.plugin [None req-ed760dc8-76ce-4fc0-98e7-e46646757ab6 - - - - - -] Attempt 1 to provision port 739f98c7-f4eb-42b6-9472-ebbdbf660c3b
2026-05-29 07:00:59.763 9 INFO neutron.plugins.ml2.plugin [None req-501e16b7-f2e1-4aff-9bb0-78644e35d8c6 - - - - - -] Attempt 1 to provision port e6ad2c32-11cf-4dca-af8a-33597ac46aed
2026-05-29 07:01:00.144 10 INFO neutron.plugins.ml2.plugin [None req-ed760dc8-76ce-4fc0-98e7-e46646757ab6 - - - - - -] Attempt 1 to provision port 73f3a655-06db-4ac0-9203-bd14a8f38e62
2026-05-29 07:01:00.641 9 INFO neutron.plugins.ml2.plugin [None req-f34f21ba-e8e3-45bc-9334-c58159bae277 - - - - - -] Attempt 1 to provision port cf5be9d0-6090-4bde-98fd-4cb306081d49
2026-05-29 07:01:00.700 9 INFO neutron.plugins.ml2.plugin [None req-f34f21ba-e8e3-45bc-9334-c58159bae277 - - - - - -] Attempt 1 to provision port e6ad2c32-11cf-4dca-af8a-33597ac46aed
2026-05-29 07:01:00.702 10 INFO neutron.plugins.ml2.plugin [None req-ed760dc8-76ce-4fc0-98e7-e46646757ab6 - - - - - -] Attempt 1 to provision port 073315f3-098f-4b06-be98-1aa678e06700
2026-05-29 07:01:01.099 10 INFO neutron.plugins.ml2.plugin [None req-ed760dc8-76ce-4fc0-98e7-e46646757ab6 - - - - - -] Attempt 1 to provision port 739f98c7-f4eb-42b6-9472-ebbdbf660c3b
2026-05-29 07:01:01.263 9 INFO neutron.plugins.ml2.plugin [None req-131bb217-22d3-4a08-8d35-362a46556b3f - - - - - -] Attempt 1 to provision port cf5be9d0-6090-4bde-98fd-4cb306081d49
2026-05-29 07:01:01.407 10 INFO neutron.plugins.ml2.plugin [None req-ed760dc8-76ce-4fc0-98e7-e46646757ab6 - - - - - -] Attempt 1 to provision port 81560fdf-86aa-49e1-89f1-7c6ec72f4618
2026-05-29 07:01:02.209 10 INFO neutron.plugins.ml2.plugin [None req-ed760dc8-76ce-4fc0-98e7-e46646757ab6 - - - - - -] Attempt 1 to provision port 73f3a655-06db-4ac0-9203-bd14a8f38e62
2026-05-29 07:01:02.489 10 INFO neutron.plugins.ml2.plugin [None req-ed760dc8-76ce-4fc0-98e7-e46646757ab6 - - - - - -] Attempt 1 to provision port c358fa66-0787-4e73-bfaa-1d509ed5c10b
2026-05-29 07:01:03.189 10 INFO neutron.plugins.ml2.plugin [None req-ed760dc8-76ce-4fc0-98e7-e46646757ab6 - - - - - -] Attempt 1 to provision port 81560fdf-86aa-49e1-89f1-7c6ec72f4618
2026-05-29 07:01:03.457 10 INFO neutron.plugins.ml2.plugin [None req-ed760dc8-76ce-4fc0-98e7-e46646757ab6 - - - - - -] Attempt 1 to provision port bacc9fca-57f1-49c4-b403-be4cedd591ca
2026-05-29 07:01:04.411 9 INFO neutron.plugins.ml2.plugin [None req-ed760dc8-76ce-4fc0-98e7-e46646757ab6 - - - - - -] Attempt 1 to provision port 88e8a1f1-0450-4e71-a10d-6874b848596c
2026-05-29 07:01:04.571 9 INFO neutron.plugins.ml2.plugin [None req-20803f2b-71b6-4048-b70d-7ac3be1eb32a - - - - - -] Attempt 1 to provision port 9ed99a5d-ca9a-4647-b341-cf6bbc5882e2
2026-05-29 07:01:04.833 9 INFO neutron.plugins.ml2.plugin [None req-ef07132d-7738-4e24-8476-0da8f987559f - - - - - -] Attempt 1 to provision port 88e8a1f1-0450-4e71-a10d-6874b848596c
2026-05-29 07:01:04.985 9 INFO neutron.plugins.ml2.plugin [None req-ed760dc8-76ce-4fc0-98e7-e46646757ab6 - - - - - -] Attempt 1 to provision port bacc9fca-57f1-49c4-b403-be4cedd591ca
2026-05-29 07:01:05.335 9 INFO neutron.plugins.ml2.plugin [None req-ed760dc8-76ce-4fc0-98e7-e46646757ab6 - - - - - -] Attempt 1 to provision port c358fa66-0787-4e73-bfaa-1d509ed5c10b
2026-05-29 07:01:06.430 10 INFO neutron.plugins.ml2.plugin [None req-ed760dc8-76ce-4fc0-98e7-e46646757ab6 - - - - - -] Attempt 1 to provision port 88e8a1f1-0450-4e71-a10d-6874b848596c
2026-05-29 07:01:07.361 9 INFO neutron.plugins.ml2.plugin [None req-20222046-b34f-4def-ae0a-58b7b6f8347b - - - - - -] Attempt 1 to provision port 0043a78d-1b59-4657-bb75-533540105463
2026-05-29 07:01:08.220 10 INFO neutron.plugins.ml2.plugin [None req-7ef3f0b0-85a3-4fff-848c-289b57ca1d6b - - - - - -] Attempt 1 to provision port 0043a78d-1b59-4657-bb75-533540105463
2026-05-29 07:01:08.445 9 INFO neutron.plugins.ml2.plugin [None req-ed760dc8-76ce-4fc0-98e7-e46646757ab6 - - - - - -] Attempt 1 to provision port 41bbbb2e-d95e-4db8-ad21-52db57421a78
2026-05-29 07:01:09.073 9 INFO neutron.plugins.ml2.plugin [None req-9eeb3b54-aac0-44cb-bfda-737da376b20a - - - - - -] Attempt 1 to provision port c430675e-406c-43a8-b887-11fed7437428
2026-05-29 07:01:10.443 10 INFO neutron.plugins.ml2.plugin [None req-ed760dc8-76ce-4fc0-98e7-e46646757ab6 - - - - - -] Attempt 1 to provision port 41bbbb2e-d95e-4db8-ad21-52db57421a78
2026-05-29 07:01:12.579 10 INFO neutron.plugins.ml2.plugin [None req-ed760dc8-76ce-4fc0-98e7-e46646757ab6 - - - - - -] Attempt 1 to provision port c430675e-406c-43a8-b887-11fed7437428
2026-05-29 07:01:12.729 10 INFO neutron.notifiers.nova [-] Nova event matching ['req-08e8ca7f-1f3f-4da1-9a25-99c2a1e1b32c'] response: {'server_uuid': '7fa7fc7d-ffa8-4ed1-ba94-aee1e5c54db7', 'name': 'network-vif-plugged', 'status': 'completed', 'tag': 'c430675e-406c-43a8-b887-11fed7437428', 'code': 200}
2026-05-29 07:01:14.422 9 INFO neutron.plugins.ml2.plugin [None req-ed760dc8-76ce-4fc0-98e7-e46646757ab6 - - - - - -] Attempt 1 to provision port c430675e-406c-43a8-b887-11fed7437428
2026-05-29 07:01:15.499 9 INFO neutron.plugins.ml2.plugin [None req-3a0a4c50-bc1d-4dee-8056-98f395702bec - - - - - -] Attempt 1 to provision port a6106e5a-5f9a-477a-b4d9-53f5e25f882d
2026-05-29 07:01:18.578 9 INFO neutron.plugins.ml2.plugin [None req-ed760dc8-76ce-4fc0-98e7-e46646757ab6 - - - - - -] Attempt 1 to provision port 082ccfee-8b1c-4504-8bad-20ec2c70ed6a
2026-05-29 07:01:19.017 9 INFO neutron.plugins.ml2.plugin [None req-ed760dc8-76ce-4fc0-98e7-e46646757ab6 - - - - - -] Attempt 1 to provision port a6106e5a-5f9a-477a-b4d9-53f5e25f882d
2026-05-29 07:01:19.165 9 INFO neutron.notifiers.nova [-] Nova event matching ['req-0bb23770-2059-47bd-a661-7b2f6d038e33'] response: {'server_uuid': '6c10e4f8-6c30-4cf1-9a17-26eb6aef77ed', 'name': 'network-vif-plugged', 'status': 'completed', 'tag': 'a6106e5a-5f9a-477a-b4d9-53f5e25f882d', 'code': 200}
2026-05-29 07:01:20.424 9 INFO neutron.plugins.ml2.plugin [None req-ed760dc8-76ce-4fc0-98e7-e46646757ab6 - - - - - -] Attempt 1 to provision port e6ad2c32-11cf-4dca-af8a-33597ac46aed
2026-05-29 07:01:20.943 9 INFO neutron.plugins.ml2.plugin [None req-ed760dc8-76ce-4fc0-98e7-e46646757ab6 - - - - - -] Attempt 1 to provision port 082ccfee-8b1c-4504-8bad-20ec2c70ed6a
2026-05-29 07:01:21.136 9 INFO neutron.plugins.ml2.plugin [None req-04cd50c6-005e-4167-be75-b9a4f821dc5b - - - - - -] Attempt 1 to provision port cd6ebbf6-5af1-48a9-bdfc-2e55071b1025
2026-05-29 07:01:21.206 9 INFO neutron.plugins.ml2.plugin [None req-ed760dc8-76ce-4fc0-98e7-e46646757ab6 - - - - - -] Attempt 1 to provision port a6106e5a-5f9a-477a-b4d9-53f5e25f882d
2026-05-29 07:01:22.545 9 INFO neutron.plugins.ml2.plugin [None req-ed760dc8-76ce-4fc0-98e7-e46646757ab6 - - - - - -] Attempt 1 to provision port e6ad2c32-11cf-4dca-af8a-33597ac46aed
2026-05-29 07:01:24.532 9 INFO neutron.plugins.ml2.plugin [None req-ed760dc8-76ce-4fc0-98e7-e46646757ab6 - - - - - -] Attempt 1 to provision port cd6ebbf6-5af1-48a9-bdfc-2e55071b1025
2026-05-29 07:01:24.749 9 INFO neutron.notifiers.nova [-] Nova event matching ['req-8086d5a8-0dde-43a2-a81a-0c3e91ade9f7'] response: {'server_uuid': '1200944e-6d58-468a-b26f-3c556287432d', 'name': 'network-vif-plugged', 'status': 'completed', 'tag': 'cd6ebbf6-5af1-48a9-bdfc-2e55071b1025', 'code': 200}
2026-05-29 07:01:26.370 10 INFO neutron.plugins.ml2.plugin [None req-ed760dc8-76ce-4fc0-98e7-e46646757ab6 - - - - - -] Attempt 1 to provision port 0043a78d-1b59-4657-bb75-533540105463
2026-05-29 07:01:26.848 10 INFO neutron.plugins.ml2.plugin [None req-ed760dc8-76ce-4fc0-98e7-e46646757ab6 - - - - - -] Attempt 1 to provision port cd6ebbf6-5af1-48a9-bdfc-2e55071b1025
2026-05-29 07:01:27.228 10 INFO neutron.plugins.ml2.plugin [None req-ed760dc8-76ce-4fc0-98e7-e46646757ab6 - - - - - -] Attempt 1 to provision port 9ed99a5d-ca9a-4647-b341-cf6bbc5882e2
2026-05-29 07:01:28.336 9 INFO neutron.plugins.ml2.plugin [None req-ed760dc8-76ce-4fc0-98e7-e46646757ab6 - - - - - -] Attempt 1 to provision port 0043a78d-1b59-4657-bb75-533540105463
2026-05-29 07:01:29.010 9 INFO neutron.plugins.ml2.plugin [None req-ed760dc8-76ce-4fc0-98e7-e46646757ab6 - - - - - -] Attempt 1 to provision port 9ed99a5d-ca9a-4647-b341-cf6bbc5882e2
2026-05-29 07:01:29.668 10 INFO neutron.plugins.ml2.plugin [None req-392cbe77-b183-4ef3-b289-c9b16157fbff - - - - - -] Attempt 1 to provision port 1c1f8394-1664-4bf3-8b8e-e717fc794533
2026-05-29 07:01:30.355 10 INFO neutron.plugins.ml2.plugin [None req-ed760dc8-76ce-4fc0-98e7-e46646757ab6 - - - - - -] Attempt 1 to provision port 4df04abd-a31e-49d4-860d-9948eae41cd8
2026-05-29 07:01:30.826 9 INFO neutron.plugins.ml2.plugin [None req-207f98c4-305f-45b1-abbb-fa9aa5b8f1d8 - - - - - -] Attempt 1 to provision port 4df04abd-a31e-49d4-860d-9948eae41cd8
2026-05-29 07:01:32.349 9 INFO neutron.plugins.ml2.plugin [None req-ed760dc8-76ce-4fc0-98e7-e46646757ab6 - - - - - -] Attempt 1 to provision port 4df04abd-a31e-49d4-860d-9948eae41cd8
2026-05-29 07:01:33.073 9 INFO neutron.plugins.ml2.plugin [None req-97569bd4-463f-4317-9df9-1c5499e2ad60 - - - - - -] Attempt 1 to provision port 3cbed564-f37e-431a-af05-0a157b75324b
2026-05-29 07:01:33.725 9 INFO neutron.plugins.ml2.plugin [None req-5ad01a11-ccf0-42a4-8b74-68a3a6c68120 - - - - - -] Attempt 1 to provision port 3cbed564-f37e-431a-af05-0a157b75324b
2026-05-29 07:01:34.355 10 INFO neutron.plugins.ml2.plugin [None req-ed760dc8-76ce-4fc0-98e7-e46646757ab6 - - - - - -] Attempt 1 to provision port 74c97ca2-c199-44d4-bf91-c2dc45e56639
2026-05-29 07:01:36.379 10 INFO neutron.plugins.ml2.plugin [None req-ed760dc8-76ce-4fc0-98e7-e46646757ab6 - - - - - -] Attempt 1 to provision port 74c97ca2-c199-44d4-bf91-c2dc45e56639
2026-05-29 07:01:38.742 10 INFO neutron.plugins.ml2.plugin [None req-e587f956-4272-4452-87bf-9182bd4fd9df - - - - - -] Attempt 1 to provision port a48d96bc-69c4-45f1-9be1-e0a3b36ee65d
2026-05-29 07:01:40.801 9 INFO neutron.plugins.ml2.plugin [None req-ed760dc8-76ce-4fc0-98e7-e46646757ab6 - - - - - -] Attempt 1 to provision port a48d96bc-69c4-45f1-9be1-e0a3b36ee65d
2026-05-29 07:01:40.970 9 INFO neutron.notifiers.nova [-] Nova event matching ['req-08efe60c-0b03-44a9-8e5a-98ee6cd4852a'] response: {'server_uuid': '43d795e8-833f-4ed9-b79a-89a839343903', 'name': 'network-vif-plugged', 'status': 'completed', 'tag': 'a48d96bc-69c4-45f1-9be1-e0a3b36ee65d', 'code': 200}
2026-05-29 07:01:42.359 10 INFO neutron.plugins.ml2.plugin [None req-ed760dc8-76ce-4fc0-98e7-e46646757ab6 - - - - - -] Attempt 1 to provision port a48d96bc-69c4-45f1-9be1-e0a3b36ee65d /var/lib/openstack/lib/python3.10/site-packages/oslo_db/sqlalchemy/enginefacade.py:664: SAWarning: DELETE statement on table 'portsecuritybindings' expected to delete 1 row(s); 0 were matched. Please set confirm_deleted_rows=False within the mapper configuration to prevent this warning. self.session.flush() /var/lib/openstack/lib/python3.10/site-packages/oslo_db/sqlalchemy/enginefacade.py:664: SAWarning: DELETE statement on table 'ml2_port_bindings' expected to delete 1 row(s); 0 were matched. Please set confirm_deleted_rows=False within the mapper configuration to prevent this warning. self.session.flush() /var/lib/openstack/lib/python3.10/site-packages/oslo_db/sqlalchemy/enginefacade.py:664: SAWarning: DELETE statement on table 'ml2_port_binding_levels' expected to delete 1 row(s); 0 were matched. Please set confirm_deleted_rows=False within the mapper configuration to prevent this warning. self.session.flush() /var/lib/openstack/lib/python3.10/site-packages/oslo_db/sqlalchemy/enginefacade.py:664: SAWarning: DELETE statement on table 'ports' expected to delete 1 row(s); 0 were matched. Please set confirm_deleted_rows=False within the mapper configuration to prevent this warning. self.session.flush()
2026-05-29 07:01:56.076 9 INFO neutron.plugins.ml2.plugin [None req-0ae132bd-ef39-4389-8dfd-ea260e8df634 - - - - - -] Attempt 1 to provision port c4fa4d8e-73af-4908-a1f9-bcedefa2c5c6
2026-05-29 07:01:56.339 9 INFO neutron.plugins.ml2.plugin [None req-ed760dc8-76ce-4fc0-98e7-e46646757ab6 - - - - - -] Attempt 1 to provision port 6749e6cb-11a8-419f-b7bc-1894ee1cbd8a
2026-05-29 07:01:56.834 10 INFO neutron.plugins.ml2.plugin [None req-4556a4a9-3a1f-4a84-9557-022d448f6f1d - - - - - -] Attempt 1 to provision port 6749e6cb-11a8-419f-b7bc-1894ee1cbd8a
2026-05-29 07:01:58.351 9 INFO neutron.plugins.ml2.plugin [None req-ed760dc8-76ce-4fc0-98e7-e46646757ab6 - - - - - -] Attempt 1 to provision port 6749e6cb-11a8-419f-b7bc-1894ee1cbd8a
2026-05-29 07:01:59.168 10 INFO neutron.plugins.ml2.plugin [None req-451a40a5-8b79-47bc-bf13-32502019890f - - - - - -] Attempt 1 to provision port 13cd3d19-402c-4a39-9262-0e222d0b4997
2026-05-29 07:01:59.930 9 INFO neutron.plugins.ml2.plugin [None req-c4e3b4bb-1672-44e0-a07b-dbe1a580e661 - - - - - -] Attempt 1 to provision port 13cd3d19-402c-4a39-9262-0e222d0b4997
2026-05-29 07:02:00.403 10 INFO neutron.plugins.ml2.plugin [None req-ed760dc8-76ce-4fc0-98e7-e46646757ab6 - - - - - -] Attempt 1 to provision port 198c7b2e-02ca-4d1e-aa6b-963e24ab3a13
2026-05-29 07:02:00.655 10 ERROR oslo_messaging.rpc.server [None req-77b501f1-2b55-48d2-a2a1-3f436a8930d7 - - - - - -] Exception during message handling: neutron_lib.exceptions.SubnetInUse: Unable to complete operation on subnet bedbc0a2-30df-4b01-8568-cd5a43791a9e: This subnet is being modified by another concurrent operation.
2026-05-29 07:02:00.655 10 ERROR oslo_messaging.rpc.server
Traceback (most recent call last):
2026-05-29 07:02:00.655 10 ERROR oslo_messaging.rpc.server
File "/var/lib/openstack/lib/python3.10/site-packages/oslo_messaging/rpc/server.py", line 165, in _process_incoming
2026-05-29 07:02:00.655 10 ERROR oslo_messaging.rpc.server res = self.dispatcher.dispatch(message)
2026-05-29 07:02:00.655 10 ERROR oslo_messaging.rpc.server
File "/var/lib/openstack/lib/python3.10/site-packages/oslo_messaging/rpc/dispatcher.py", line 309, in dispatch
2026-05-29 07:02:00.655 10 ERROR oslo_messaging.rpc.server return self._do_dispatch(endpoint, method, ctxt, args)
2026-05-29 07:02:00.655 10 ERROR oslo_messaging.rpc.server
File "/var/lib/openstack/lib/python3.10/site-packages/oslo_messaging/rpc/dispatcher.py", line 229, in _do_dispatch
2026-05-29 07:02:00.655 10 ERROR oslo_messaging.rpc.server result = func(ctxt, **new_args)
2026-05-29 07:02:00.655 10 ERROR oslo_messaging.rpc.server
File "/var/lib/openstack/lib/python3.10/site-packages/oslo_messaging/rpc/server.py", line 244, in inner
2026-05-29 07:02:00.655 10 ERROR oslo_messaging.rpc.server return func(*args, **kwargs)
2026-05-29 07:02:00.655 10 ERROR oslo_messaging.rpc.server
File "/var/lib/openstack/lib/python3.10/site-packages/neutron_lib/db/api.py", line 137, in wrapped
2026-05-29 07:02:00.655 10 ERROR oslo_messaging.rpc.server with excutils.save_and_reraise_exception():
2026-05-29 07:02:00.655 10 ERROR oslo_messaging.rpc.server
File "/var/lib/openstack/lib/python3.10/site-packages/oslo_utils/excutils.py", line 227, in __exit__
2026-05-29 07:02:00.655 10 ERROR oslo_messaging.rpc.server self.force_reraise()
2026-05-29 07:02:00.655 10 ERROR oslo_messaging.rpc.server
File "/var/lib/openstack/lib/python3.10/site-packages/oslo_utils/excutils.py", line 200, in force_reraise
2026-05-29 07:02:00.655 10 ERROR oslo_messaging.rpc.server raise self.value
2026-05-29 07:02:00.655 10 ERROR oslo_messaging.rpc.server
File "/var/lib/openstack/lib/python3.10/site-packages/neutron_lib/db/api.py", line 135, in wrapped
2026-05-29 07:02:00.655 10 ERROR oslo_messaging.rpc.server return f(*args, **kwargs)
2026-05-29 07:02:00.655 10 ERROR oslo_messaging.rpc.server
File "/var/lib/openstack/lib/python3.10/site-packages/oslo_db/api.py", line 144, in wrapper
2026-05-29 07:02:00.655 10 ERROR oslo_messaging.rpc.server with excutils.save_and_reraise_exception() as ectxt:
2026-05-29 07:02:00.655 10 ERROR oslo_messaging.rpc.server
