2026-04-20 11:19:33.498 7 INFO neutron.db.ovn_revision_numbers_db [None req-68da4da3-6c48-466c-b0ab-f9d977cc8329 7b11c409f51742268796bdacfd719cdb 6cc736b43eca43c9a1d10660051a99ad - - default default] Successfully bumped revision number for resource 33b50121-6df3-4c57-b1ff-74de4ed9022c (type: security_group_rules) to 0
2026-04-20 11:19:33.511 7 INFO neutron.db.ovn_revision_numbers_db [None req-68da4da3-6c48-466c-b0ab-f9d977cc8329 7b11c409f51742268796bdacfd719cdb 6cc736b43eca43c9a1d10660051a99ad - - default default] Successfully bumped revision number for resource 791923cd-7c6d-441c-8f88-3a9b76b06b5f (type: security_group_rules) to 0
2026-04-20 11:19:33.529 7 INFO neutron.db.ovn_revision_numbers_db [None req-68da4da3-6c48-466c-b0ab-f9d977cc8329 7b11c409f51742268796bdacfd719cdb 6cc736b43eca43c9a1d10660051a99ad - - default default] Successfully bumped revision number for resource c008a5e6-56f8-473d-bc8b-46699c28d71f (type: security_group_rules) to 0
2026-04-20 11:19:33.548 7 INFO neutron.db.ovn_revision_numbers_db [None req-68da4da3-6c48-466c-b0ab-f9d977cc8329 7b11c409f51742268796bdacfd719cdb 6cc736b43eca43c9a1d10660051a99ad - - default default] Successfully bumped revision number for resource eccd4422-2986-449b-aade-434d8a0e4fab (type: security_group_rules) to 0
2026-04-20 11:19:33.647 7 INFO neutron.plugins.ml2.drivers.ovn.mech_driver.mech_driver [None req-db3c39b5-a671-4ac1-b853-c0333d9c4c0a - - - - - -] OVN reports status down for port: a627f436-1e2b-4256-a2f8-f30da4904241
2026-04-20 11:19:33.656 7 INFO neutron.db.segments_db [None req-68da4da3-6c48-466c-b0ab-f9d977cc8329 7b11c409f51742268796bdacfd719cdb 6cc736b43eca43c9a1d10660051a99ad - - default default] Added segment 585e77b3-a94d-4d77-803d-5af5c52a860c of type geneve for network 59929479-9d7f-487e-acb1-4e84caff5b32
2026-04-20 11:19:33.705 8 INFO neutron.db.ovn_revision_numbers_db [None req-17a5d78f-6ee1-4834-87a3-0867efd5d38c fc964f02a42b4fb4946d4ae990d0d7eb 71a37c1717f447e7a91d68845ec2ac2d - - default default] Successfully bumped revision number for resource a627f436-1e2b-4256-a2f8-f30da4904241 (type: ports) to 1
2026-04-20 11:19:33.810 7 INFO neutron.db.ovn_revision_numbers_db [None req-68da4da3-6c48-466c-b0ab-f9d977cc8329 7b11c409f51742268796bdacfd719cdb 6cc736b43eca43c9a1d10660051a99ad - - default default] Successfully bumped revision number for resource 59929479-9d7f-487e-acb1-4e84caff5b32 (type: networks) to 1
2026-04-20 11:19:33.986 7 WARNING neutron.scheduler.dhcp_agent_scheduler [None req-68da4da3-6c48-466c-b0ab-f9d977cc8329 7b11c409f51742268796bdacfd719cdb 6cc736b43eca43c9a1d10660051a99ad - - default default] No more DHCP agents
2026-04-20 11:19:33.987 7 WARNING neutron.api.rpc.agentnotifiers.dhcp_rpc_agent_api [None req-68da4da3-6c48-466c-b0ab-f9d977cc8329 7b11c409f51742268796bdacfd719cdb 6cc736b43eca43c9a1d10660051a99ad - - default default] Unable to schedule network 59929479-9d7f-487e-acb1-4e84caff5b32: no agents available; will retry on subsequent port and subnet creation events.
2026-04-20 11:19:34.029 7 INFO neutron.plugins.ml2.drivers.ovn.mech_driver.mech_driver [None req-db3c39b5-a671-4ac1-b853-c0333d9c4c0a - - - - - -] OVN reports status down for port: 52ca7a0b-ef87-48cd-a13a-81b0f61d72ac
2026-04-20 11:19:34.071 8 INFO neutron.db.ovn_revision_numbers_db [None req-b0d33e30-36d5-4baa-a887-c3cba5798cc1 - - - - - -] Successfully bumped revision number for resource d562798a-2ec5-41b5-ae17-3f221f1f34c8 (type: ports) to 2
2026-04-20 11:19:34.086 7 INFO neutron.db.ovn_revision_numbers_db [None req-68da4da3-6c48-466c-b0ab-f9d977cc8329 7b11c409f51742268796bdacfd719cdb 6cc736b43eca43c9a1d10660051a99ad - - default default] Successfully bumped revision number for resource 52ca7a0b-ef87-48cd-a13a-81b0f61d72ac (type: ports) to 1 [pid: 7|app: 0|req: 810/1613] 10.0.0.70 () {34 vars in 669 bytes} [Mon Apr 20 11:19:33 2026] POST /v2.0/networks => generated 651 bytes in 849 msecs (HTTP/1.1 201) 4 headers in 162 bytes (1 switches on core 0)
2026-04-20 11:19:34.261 7 INFO neutron.db.ovn_revision_numbers_db [None req-2dbf2e3f-b4cb-4769-8809-cc83b5ca9764 06c1d11e79ba4fd7bd80b258bcf1a07d fe69350062a543b1a3871ceb49851843 - - default default] Successfully bumped revision number for resource 82987faf-b6d4-4fb9-86fc-4df52f4609db (type: security_group_rules) to 0 [pid: 7|app: 0|req: 811/1614] 10.0.0.70 () {34 vars in 694 bytes} [Mon Apr 20 11:19:34 2026] POST /v2.0/security-group-rules => generated 596 bytes in 168 msecs (HTTP/1.1 201) 4 headers in 162 bytes (1 switches on core 0)
2026-04-20 11:19:34.550 7 INFO neutron.db.ovn_revision_numbers_db [None req-79371309-174b-4e35-80f6-143908f8824d d35986f38fd2479ca94b9fc45f8846b0 0f6ebd16370b4981ab2ed7861f1fb743 - - default default] Successfully bumped revision number for resource 93272a89-53ba-481a-b9de-a5c5c6bd060a (type: security_groups) to 1
2026-04-20 11:19:34.566 7 INFO neutron.db.ovn_revision_numbers_db [None req-79371309-174b-4e35-80f6-143908f8824d d35986f38fd2479ca94b9fc45f8846b0 0f6ebd16370b4981ab2ed7861f1fb743 - - default default] Successfully bumped revision number for resource 44ea0468-0f38-4b1d-99f4-619376b12860 (type: security_group_rules) to 0
2026-04-20 11:19:34.581 7 INFO neutron.db.ovn_revision_numbers_db [None req-79371309-174b-4e35-80f6-143908f8824d d35986f38fd2479ca94b9fc45f8846b0 0f6ebd16370b4981ab2ed7861f1fb743 - - default default] Successfully bumped revision number for resource 45c61e60-86ce-49aa-99aa-f4e26379c9cf (type: security_group_rules) to 0
2026-04-20 11:19:34.594 7 INFO neutron.db.ovn_revision_numbers_db [None req-79371309-174b-4e35-80f6-143908f8824d d35986f38fd2479ca94b9fc45f8846b0 0f6ebd16370b4981ab2ed7861f1fb743 - - default default] Successfully bumped revision number for resource 566ee53f-afda-4a56-a1aa-7b3eb6b29045 (type: security_group_rules) to 0
2026-04-20 11:19:34.605 7 INFO neutron.db.ovn_revision_numbers_db [None req-79371309-174b-4e35-80f6-143908f8824d d35986f38fd2479ca94b9fc45f8846b0 0f6ebd16370b4981ab2ed7861f1fb743 - - default default] Successfully bumped revision number for resource e2c6a6b6-1423-4a1f-807b-33d246377fa0 (type: security_group_rules) to 0
2026-04-20 11:19:34.607 8 INFO neutron.plugins.ml2.drivers.ovn.mech_driver.ovsdb.commands [None req-9dc535e3-f152-4531-bd42-2e4bbcfdc943 - - - - - -] Schedule LRP lrp-a627f436-1e2b-4256-a2f8-f30da4904241 on gateway 71018356-b6cd-4b5d-aa57-1911f3ff8029 with priority 1
2026-04-20 11:19:34.625 7 INFO neutron.plugins.ml2.drivers.ovn.mech_driver.mech_driver [None req-db3c39b5-a671-4ac1-b853-c0333d9c4c0a - - - - - -] OVN reports status up for port: a627f436-1e2b-4256-a2f8-f30da4904241
2026-04-20 11:19:34.648 8 INFO neutron.db.ovn_revision_numbers_db [None req-17a5d78f-6ee1-4834-87a3-0867efd5d38c fc964f02a42b4fb4946d4ae990d0d7eb 71a37c1717f447e7a91d68845ec2ac2d - - default default] Successfully bumped revision number for resource a627f436-1e2b-4256-a2f8-f30da4904241 (type: router_ports) to 1
2026-04-20 11:19:34.656 7 INFO neutron.plugins.ml2.plugin [None req-db3c39b5-a671-4ac1-b853-c0333d9c4c0a - - - - - -] Attempt 1 to provision port a627f436-1e2b-4256-a2f8-f30da4904241 [pid: 7|app: 0|req: 812/1615] 10.0.0.70 () {32 vars in 773 bytes} [Mon Apr 20 11:19:34 2026] GET /v2.0/security-groups?tenant_id=52d9f12481d948f08291e910463cd2ce&name=default => generated 2925 bytes in 392 msecs (HTTP/1.1 200) 4 headers in 158 bytes (1 switches on core 0)
2026-04-20 11:19:34.712 8 INFO neutron.db.ovn_revision_numbers_db [None req-17a5d78f-6ee1-4834-87a3-0867efd5d38c fc964f02a42b4fb4946d4ae990d0d7eb 71a37c1717f447e7a91d68845ec2ac2d - - default default] Successfully bumped revision number for resource 2ebc127d-bf9d-40e9-b5b6-02ef1711a2b0 (type: routers) to 2 [pid: 8|app: 0|req: 804/1616] 10.0.0.70 () {34 vars in 668 bytes} [Mon Apr 20 11:19:32 2026] POST /v2.0/routers => generated 955 bytes in 2050 msecs (HTTP/1.1 201) 4 headers in 162 bytes (1 switches on core 0)
2026-04-20 11:19:34.824 7 INFO neutron.db.segments_db [None req-498c3c1d-dabf-4111-b8af-bd696b583f2f 7b11c409f51742268796bdacfd719cdb 6cc736b43eca43c9a1d10660051a99ad - - default default] Added segment a0533eff-81f2-432b-9b27-d6a2e06b9f3b of type geneve for network 97c20b10-29d3-448f-9383-21b5e0361c86
2026-04-20 11:19:34.864 8 INFO neutron.db.ovn_revision_numbers_db [None req-e490a763-e4f5-4735-9c15-2ea220bee7fa 06c1d11e79ba4fd7bd80b258bcf1a07d fe69350062a543b1a3871ceb49851843 - - default default] Successfully bumped revision number for resource b7e0961b-250b-4b3e-8a27-ed74388a6096 (type: security_group_rules) to 0 [pid: 8|app: 0|req: 805/1617] 10.0.0.70 () {34 vars in 694 bytes} [Mon Apr 20 11:19:34 2026] POST /v2.0/security-group-rules => generated 602 bytes in 168 msecs (HTTP/1.1 201) 4 headers in 162 bytes (1 switches on core 0)
2026-04-20 11:19:34.931 7 INFO neutron.db.ovn_revision_numbers_db [None req-498c3c1d-dabf-4111-b8af-bd696b583f2f 7b11c409f51742268796bdacfd719cdb 6cc736b43eca43c9a1d10660051a99ad - - default default] Successfully bumped revision number for resource 97c20b10-29d3-448f-9383-21b5e0361c86 (type: networks) to 1
2026-04-20 11:19:35.097 7 WARNING neutron.scheduler.dhcp_agent_scheduler [None req-498c3c1d-dabf-4111-b8af-bd696b583f2f 7b11c409f51742268796bdacfd719cdb 6cc736b43eca43c9a1d10660051a99ad - - default default] No more DHCP agents
2026-04-20 11:19:35.098 7 WARNING neutron.api.rpc.agentnotifiers.dhcp_rpc_agent_api [None req-498c3c1d-dabf-4111-b8af-bd696b583f2f 7b11c409f51742268796bdacfd719cdb 6cc736b43eca43c9a1d10660051a99ad - - default default] Unable to schedule network 97c20b10-29d3-448f-9383-21b5e0361c86: no agents available; will retry on subsequent port and subnet creation events. [pid: 8|app: 0|req: 806/1618] 10.0.0.70 () {32 vars in 739 bytes} [Mon Apr 20 11:19:34 2026] DELETE /v2.0/security-groups/93272a89-53ba-481a-b9de-a5c5c6bd060a => generated 0 bytes in 210 msecs (HTTP/1.1 204) 2 headers in 112 bytes (1 switches on core 0)
2026-04-20 11:19:35.172 7 INFO neutron.db.ovn_revision_numbers_db [None req-498c3c1d-dabf-4111-b8af-bd696b583f2f 7b11c409f51742268796bdacfd719cdb 6cc736b43eca43c9a1d10660051a99ad - - default default] Successfully bumped revision number for resource 7883ce2a-ad94-41fb-8567-06524871108d (type: ports) to 1 [pid: 7|app: 0|req: 813/1619] 10.0.0.70 () {34 vars in 669 bytes} [Mon Apr 20 11:19:34 2026] POST /v2.0/networks => generated 651 bytes in 511 msecs (HTTP/1.1 201) 4 headers in 162 bytes (1 switches on core 0)
2026-04-20 11:19:35.334 7 INFO neutron.db.ovn_revision_numbers_db [None req-3eaf7240-1e56-44c6-8a9d-55867760e1fb 06c1d11e79ba4fd7bd80b258bcf1a07d fe69350062a543b1a3871ceb49851843 - - default default] Successfully bumped revision number for resource ad67833b-84e3-4cfd-9393-7131df668c1f (type: security_group_rules) to 0 [pid: 7|app: 0|req: 814/1620] 10.0.0.70 () {34 vars in 694 bytes} [Mon Apr 20 11:19:35 2026] POST /v2.0/security-group-rules => generated 601 bytes in 169 msecs (HTTP/1.1 201) 4 headers in 162 bytes (1 switches on core 0)
2026-04-20 11:19:35.448 7 INFO neutron.db.segments_db [None req-b0da751f-9128-49a8-a6a0-513e02f4a130 7b11c409f51742268796bdacfd719cdb 6cc736b43eca43c9a1d10660051a99ad - - default default] Added segment 33f884da-0579-47ff-93be-e78743ec6d23 of type geneve for network 3b8609bd-d6d2-4b11-8000-d2ca772983e6
2026-04-20 11:19:35.553 7 INFO neutron.db.ovn_revision_numbers_db [None req-b0da751f-9128-49a8-a6a0-513e02f4a130 7b11c409f51742268796bdacfd719cdb 6cc736b43eca43c9a1d10660051a99ad - - default default] Successfully bumped revision number for resource 3b8609bd-d6d2-4b11-8000-d2ca772983e6 (type: networks) to 1
2026-04-20 11:19:35.655 8 WARNING neutron.scheduler.dhcp_agent_scheduler [None req-1e391846-42c4-407a-87b2-6a1f19ef7c50 fc964f02a42b4fb4946d4ae990d0d7eb 71a37c1717f447e7a91d68845ec2ac2d - - default default] No more DHCP agents
2026-04-20 11:19:35.657 8 WARNING neutron.api.rpc.agentnotifiers.dhcp_rpc_agent_api [None req-1e391846-42c4-407a-87b2-6a1f19ef7c50 fc964f02a42b4fb4946d4ae990d0d7eb 71a37c1717f447e7a91d68845ec2ac2d - - default default] Unable to schedule network 0a855c8a-2304-4cf2-9d71-24734eac5d77: no agents available; will retry on subsequent port and subnet creation events.
2026-04-20 11:19:35.703 7 WARNING neutron.scheduler.dhcp_agent_scheduler [None req-b0da751f-9128-49a8-a6a0-513e02f4a130 7b11c409f51742268796bdacfd719cdb 6cc736b43eca43c9a1d10660051a99ad - - default default] No more DHCP agents
2026-04-20 11:19:35.704 7 WARNING neutron.api.rpc.agentnotifiers.dhcp_rpc_agent_api [None req-b0da751f-9128-49a8-a6a0-513e02f4a130 7b11c409f51742268796bdacfd719cdb 6cc736b43eca43c9a1d10660051a99ad - - default default] Unable to schedule network 3b8609bd-d6d2-4b11-8000-d2ca772983e6: no agents available; will retry on subsequent port and subnet creation events.
2026-04-20 11:19:35.783 7 INFO neutron.db.ovn_revision_numbers_db [None req-b0da751f-9128-49a8-a6a0-513e02f4a130 7b11c409f51742268796bdacfd719cdb 6cc736b43eca43c9a1d10660051a99ad - - default default] Successfully bumped revision number for resource 8a5f832a-dc64-4c04-a661-254c4a57a613 (type: ports) to 1
2026-04-20 11:19:35.794 8 INFO neutron.db.ovn_revision_numbers_db [None req-1e391846-42c4-407a-87b2-6a1f19ef7c50 fc964f02a42b4fb4946d4ae990d0d7eb 71a37c1717f447e7a91d68845ec2ac2d - - default default] Successfully bumped revision number for resource 30cbcfa9-5163-4bcb-aafa-cb7c12de4a9b (type: ports) to 1 [pid: 7|app: 0|req: 815/1621] 10.0.0.70 () {34 vars in 669 bytes} [Mon Apr 20 11:19:35 2026] POST /v2.0/networks => generated 651 bytes in 440 msecs (HTTP/1.1 201) 4 headers in 162 bytes (1 switches on core 0)
2026-04-20 11:19:35.929 7 INFO neutron.db.ovn_revision_numbers_db [None req-7b221a04-2cfc-4fee-8e1f-7959f31c6175 d35986f38fd2479ca94b9fc45f8846b0 0f6ebd16370b4981ab2ed7861f1fb743 - - default default] Successfully bumped revision number for resource 613902de-da55-4bcd-8d74-b145f1be2a15 (type: security_groups) to 1
2026-04-20 11:19:35.940 7 INFO neutron.db.ovn_revision_numbers_db [None req-7b221a04-2cfc-4fee-8e1f-7959f31c6175 d35986f38fd2479ca94b9fc45f8846b0 0f6ebd16370b4981ab2ed7861f1fb743 - - default default] Successfully bumped revision number for resource 51c18d12-cb3e-4811-a11b-1acee0ed65e6 (type: security_group_rules) to 0
2026-04-20 11:19:35.954 7 INFO neutron.db.ovn_revision_numbers_db [None req-7b221a04-2cfc-4fee-8e1f-7959f31c6175 d35986f38fd2479ca94b9fc45f8846b0 0f6ebd16370b4981ab2ed7861f1fb743 - - default default] Successfully bumped revision number for resource 5acd0594-70d8-4584-afa4-30337d6b6bd5 (type: security_group_rules) to 0
2026-04-20 11:19:35.965 7 INFO neutron.db.ovn_revision_numbers_db [None req-7b221a04-2cfc-4fee-8e1f-7959f31c6175 d35986f38fd2479ca94b9fc45f8846b0 0f6ebd16370b4981ab2ed7861f1fb743 - - default default] Successfully bumped revision number for resource 7679d316-b156-4b53-8872-49ef65a716f8 (type: security_group_rules) to 0
2026-04-20 11:19:35.976 7 INFO neutron.db.ovn_revision_numbers_db [None req-7b221a04-2cfc-4fee-8e1f-7959f31c6175 d35986f38fd2479ca94b9fc45f8846b0 0f6ebd16370b4981ab2ed7861f1fb743 - - default default] Successfully bumped revision number for resource e92a2a0b-54f8-4abc-be78-f76775cfd77b (type: security_group_rules) to 0 [pid: 7|app: 0|req: 816/1622] 10.0.0.70 () {32 vars in 773 bytes} [Mon Apr 20 11:19:35 2026] GET /v2.0/security-groups?tenant_id=460f5658a96e41de87c36953eb3cb47e&name=default => generated 2925 bytes in 204 msecs (HTTP/1.1 200) 4 headers in 158 bytes (1 switches on core 0)
2026-04-20 11:19:36.051 7 INFO neutron.db.securitygroups_db [None req-bd18b2e5-d4c8-44a0-bc70-6545b1c0357e 06c1d11e79ba4fd7bd80b258bcf1a07d fe69350062a543b1a3871ceb49851843 - - default default] Project fe69350062a543b1a3871ceb49851843 added a security group rule with legacy IPv6 ICMP protocol name icmp, ipv6-icmp should be used instead. It was automatically converted.
2026-04-20 11:19:36.156 7 INFO neutron.db.ovn_revision_numbers_db [None req-bd18b2e5-d4c8-44a0-bc70-6545b1c0357e 06c1d11e79ba4fd7bd80b258bcf1a07d fe69350062a543b1a3871ceb49851843 - - default default] Successfully bumped revision number for resource bffedd43-7223-445d-8116-62a4986c8768 (type: security_group_rules) to 0 [pid: 7|app: 0|req: 817/1623] 10.0.0.70 () {34 vars in 694 bytes} [Mon Apr 20 11:19:36 2026] POST /v2.0/security-group-rules => generated 607 bytes in 177 msecs (HTTP/1.1 201) 4 headers in 162 bytes (1 switches on core 0)
2026-04-20 11:19:36.278 7 INFO neutron.db.segments_db [None req-6ffa60b9-a6f5-400b-9732-cc9206da8808 7b11c409f51742268796bdacfd719cdb 6cc736b43eca43c9a1d10660051a99ad - - default default] Added segment 2dd16b42-c235-491c-9ba1-9172f388d323 of type geneve for network e49a51e5-ad33-48d1-b416-848d217e5758
2026-04-20 11:19:36.369 7 INFO neutron.db.ovn_revision_numbers_db [None req-6ffa60b9-a6f5-400b-9732-cc9206da8808 7b11c409f51742268796bdacfd719cdb 6cc736b43eca43c9a1d10660051a99ad - - default default] Successfully bumped revision number for resource e49a51e5-ad33-48d1-b416-848d217e5758 (type: networks) to 1
2026-04-20 11:19:36.524 8 WARNING neutron.scheduler.dhcp_agent_scheduler [None req-1e391846-42c4-407a-87b2-6a1f19ef7c50 fc964f02a42b4fb4946d4ae990d0d7eb 71a37c1717f447e7a91d68845ec2ac2d - - default default] No more DHCP agents
2026-04-20 11:19:36.526 8 WARNING neutron.api.rpc.agentnotifiers.dhcp_rpc_agent_api [None req-1e391846-42c4-407a-87b2-6a1f19ef7c50 fc964f02a42b4fb4946d4ae990d0d7eb 71a37c1717f447e7a91d68845ec2ac2d - - default default] Unable to schedule network 0a855c8a-2304-4cf2-9d71-24734eac5d77: no agents available; will retry on subsequent port and subnet creation events.
2026-04-20 11:19:36.551 7 WARNING neutron.scheduler.dhcp_agent_scheduler [None req-6ffa60b9-a6f5-400b-9732-cc9206da8808 7b11c409f51742268796bdacfd719cdb 6cc736b43eca43c9a1d10660051a99ad - - default default] No more DHCP agents
2026-04-20 11:19:36.552 7 WARNING neutron.api.rpc.agentnotifiers.dhcp_rpc_agent_api [None req-6ffa60b9-a6f5-400b-9732-cc9206da8808 7b11c409f51742268796bdacfd719cdb 6cc736b43eca43c9a1d10660051a99ad - - default default] Unable to schedule network e49a51e5-ad33-48d1-b416-848d217e5758: no agents available; will retry on subsequent port and subnet creation events.
2026-04-20 11:19:36.633 7 INFO neutron.db.ovn_revision_numbers_db [None req-6ffa60b9-a6f5-400b-9732-cc9206da8808 7b11c409f51742268796bdacfd719cdb 6cc736b43eca43c9a1d10660051a99ad - - default default] Successfully bumped revision number for resource 05352873-0c85-41ba-8919-1c09c4d2083e (type: ports) to 1 [pid: 7|app: 0|req: 818/1624] 10.0.0.70 () {34 vars in 669 bytes} [Mon Apr 20 11:19:36 2026] POST /v2.0/networks => generated 651 bytes in 470 msecs (HTTP/1.1 201) 4 headers in 162 bytes (1 switches on core 0) [pid: 7|app: 0|req: 819/1625] 10.0.0.70 () {32 vars in 739 bytes} [Mon Apr 20 11:19:36 2026] DELETE /v2.0/security-groups/613902de-da55-4bcd-8d74-b145f1be2a15 => generated 0 bytes in 211 msecs (HTTP/1.1 204) 2 headers in 112 bytes (1 switches on core 0)
2026-04-20 11:19:36.925 8 INFO neutron.db.ovn_revision_numbers_db [None req-1e391846-42c4-407a-87b2-6a1f19ef7c50 fc964f02a42b4fb4946d4ae990d0d7eb 71a37c1717f447e7a91d68845ec2ac2d - - default default] Successfully bumped revision number for resource 30cbcfa9-5163-4bcb-aafa-cb7c12de4a9b (type: router_ports) to 1 [pid: 8|app: 0|req: 807/1626] 10.0.0.70 () {34 vars in 782 bytes} [Mon Apr 20 11:19:35 2026] PUT /v2.0/routers/2ebc127d-bf9d-40e9-b5b6-02ef1711a2b0/add_router_interface => generated 309 bytes in 1831 msecs (HTTP/1.1 200) 4 headers in 157 bytes (1 switches on core 0)
2026-04-20 11:19:36.949 7 INFO neutron.db.securitygroups_db [None req-8783ce54-e96b-4e3b-bbd6-ae251ac69867 06c1d11e79ba4fd7bd80b258bcf1a07d fe69350062a543b1a3871ceb49851843 - - default default] Project fe69350062a543b1a3871ceb49851843 added a security group rule with legacy IPv6 ICMP protocol name icmp, ipv6-icmp should be used instead. It was automatically converted.
2026-04-20 11:19:37.032 8 INFO neutron.db.segments_db [None req-571ad78c-7a42-428a-9040-6cd45b697ab6 7b11c409f51742268796bdacfd719cdb 6cc736b43eca43c9a1d10660051a99ad - - default default] Added segment e0483774-2dda-4c9e-9a7b-3ccef53ebb0e of type geneve for network 8657c542-afa3-4725-a3b0-8d2a675c0981
2026-04-20 11:19:37.070 7 INFO neutron.db.ovn_revision_numbers_db [None req-8783ce54-e96b-4e3b-bbd6-ae251ac69867 06c1d11e79ba4fd7bd80b258bcf1a07d fe69350062a543b1a3871ceb49851843 - - default default] Successfully bumped revision number for resource 29b52aff-f4a8-4e14-9040-fad03973bca6 (type: security_group_rules) to 0 [pid: 7|app: 0|req: 820/1627] 10.0.0.70 () {34 vars in 694 bytes} [Mon Apr 20 11:19:36 2026] POST /v2.0/security-group-rules => generated 606 bytes in 242 msecs (HTTP/1.1 201) 4 headers in 162 bytes (1 switches on core 0)
2026-04-20 11:19:37.157 8 INFO neutron.db.ovn_revision_numbers_db [None req-571ad78c-7a42-428a-9040-6cd45b697ab6 7b11c409f51742268796bdacfd719cdb 6cc736b43eca43c9a1d10660051a99ad - - default default] Successfully bumped revision number for resource 8657c542-afa3-4725-a3b0-8d2a675c0981 (type: networks) to 1
2026-04-20 11:19:37.349 8 WARNING neutron.scheduler.dhcp_agent_scheduler [None req-571ad78c-7a42-428a-9040-6cd45b697ab6 7b11c409f51742268796bdacfd719cdb 6cc736b43eca43c9a1d10660051a99ad - - default default] No more DHCP agents
2026-04-20 11:19:37.350 8 WARNING neutron.api.rpc.agentnotifiers.dhcp_rpc_agent_api [None req-571ad78c-7a42-428a-9040-6cd45b697ab6 7b11c409f51742268796bdacfd719cdb 6cc736b43eca43c9a1d10660051a99ad - - default default] Unable to schedule network 8657c542-afa3-4725-a3b0-8d2a675c0981: no agents available; will retry on subsequent port and subnet creation events.
2026-04-20 11:19:37.436 8 INFO neutron.db.ovn_revision_numbers_db [None req-571ad78c-7a42-428a-9040-6cd45b697ab6 7b11c409f51742268796bdacfd719cdb 6cc736b43eca43c9a1d10660051a99ad - - default default] Successfully bumped revision number for resource a93c7682-259c-4494-9fd1-271b4948dba5 (type: ports) to 1
2026-04-20 11:19:37.458 7 WARNING neutron.scheduler.dhcp_agent_scheduler [None req-0a3158ce-757a-477e-8adf-2550efe28ec8 fc964f02a42b4fb4946d4ae990d0d7eb 71a37c1717f447e7a91d68845ec2ac2d - - default default] No more DHCP agents
2026-04-20 11:19:37.459 7 WARNING neutron.api.rpc.agentnotifiers.dhcp_rpc_agent_api [None req-0a3158ce-757a-477e-8adf-2550efe28ec8 fc964f02a42b4fb4946d4ae990d0d7eb 71a37c1717f447e7a91d68845ec2ac2d - - default default] Unable to schedule network 0a855c8a-2304-4cf2-9d71-24734eac5d77: no agents available; will retry on subsequent port and subnet creation events. [pid: 8|app: 0|req: 808/1628] 10.0.0.70 () {34 vars in 669 bytes} [Mon Apr 20 11:19:36 2026] POST /v2.0/networks => generated 651 bytes in 521 msecs (HTTP/1.1 201) 4 headers in 162 bytes (1 switches on core 0)
2026-04-20 11:19:37.614 8 INFO neutron.db.ovn_revision_numbers_db [None req-65de6f92-47dd-4677-b9bb-2db17cd84435 d35986f38fd2479ca94b9fc45f8846b0 0f6ebd16370b4981ab2ed7861f1fb743 - - default default] Successfully bumped revision number for resource 2df447f4-e554-49a9-8c82-e3c1c6a57c31 (type: security_groups) to 1
2026-04-20 11:19:37.623 7 INFO neutron.db.ovn_revision_numbers_db [None req-0a3158ce-757a-477e-8adf-2550efe28ec8 fc964f02a42b4fb4946d4ae990d0d7eb 71a37c1717f447e7a91d68845ec2ac2d - - default default] Successfully bumped revision number for resource 9337c92e-1bd0-4079-9347-9d3c57dcf5bd (type: ports) to 1
2026-04-20 11:19:37.626 8 INFO neutron.db.ovn_revision_numbers_db [None req-65de6f92-47dd-4677-b9bb-2db17cd84435 d35986f38fd2479ca94b9fc45f8846b0 0f6ebd16370b4981ab2ed7861f1fb743 - - default default] Successfully bumped revision number for resource 2298f5e0-89f2-4f28-93dc-526f33ec99ec (type: security_group_rules) to 0
2026-04-20 11:19:37.640 8 INFO neutron.db.ovn_revision_numbers_db [None req-65de6f92-47dd-4677-b9bb-2db17cd84435 d35986f38fd2479ca94b9fc45f8846b0 0f6ebd16370b4981ab2ed7861f1fb743 - - default default] Successfully bumped revision number for resource 4e1504a4-02c9-488a-8704-069ed77de453 (type: security_group_rules) to 0
2026-04-20 11:19:37.651 8 INFO neutron.db.ovn_revision_numbers_db [None req-65de6f92-47dd-4677-b9bb-2db17cd84435 d35986f38fd2479ca94b9fc45f8846b0 0f6ebd16370b4981ab2ed7861f1fb743 - - default default] Successfully bumped revision number for resource 87ffae8a-bf6b-42bf-9e27-600e44973b81 (type: security_group_rules) to 0
2026-04-20 11:19:37.663 8 INFO neutron.db.ovn_revision_numbers_db [None req-65de6f92-47dd-4677-b9bb-2db17cd84435 d35986f38fd2479ca94b9fc45f8846b0 0f6ebd16370b4981ab2ed7861f1fb743 - - default default] Successfully bumped revision number for resource c05f7fbf-6139-4a81-bfb4-f22e7e9b0581 (type: security_group_rules) to 0 [pid: 7|app: 0|req: 821/1629] 10.0.0.70 () {34 vars in 664 bytes} [Mon Apr 20 11:19:37 2026] POST /v2.0/ports => generated 959 bytes in 582 msecs (HTTP/1.1 201) 4 headers in 162 bytes (1 switches on core 0) /var/lib/openstack/lib/python3.12/site-packages/pycadf/identifier.py:70: UserWarning: Invalid uuid: neutron. To ensure interoperability, identifiers should be a valid uuid. warnings.warn(('Invalid uuid: %s. To ensure interoperability, ' [pid: 8|app: 0|req: 809/1630] 10.0.0.70 () {32 vars in 773 bytes} [Mon Apr 20 11:19:37 2026] GET /v2.0/security-groups?tenant_id=a1bac22b84994fe780cc3a89e27d1d5b&name=default => generated 2925 bytes in 242 msecs (HTTP/1.1 200) 4 headers in 158 bytes (1 switches on core 0) [pid: 7|app: 0|req: 822/1631] 10.0.0.70 () {34 vars in 752 bytes} [Mon Apr 20 11:19:37 2026] PUT /v2.0/networks/59929479-9d7f-487e-acb1-4e84caff5b32/tags => generated 17 bytes in 57 msecs (HTTP/1.1 200) 4 headers in 156 bytes (1 switches on core 0)
2026-04-20 11:19:37.829 8 INFO neutron.db.ovn_revision_numbers_db [None req-6b7addae-f7ed-4046-a4d7-e399d1221112 06c1d11e79ba4fd7bd80b258bcf1a07d fe69350062a543b1a3871ceb49851843 - - default default] Successfully bumped revision number for resource 7282b557-a10f-4553-b848-9f2fa88735f7 (type: security_groups) to 1
2026-04-20 11:19:37.841 8 INFO neutron.db.ovn_revision_numbers_db [None req-6b7addae-f7ed-4046-a4d7-e399d1221112 06c1d11e79ba4fd7bd80b258bcf1a07d fe69350062a543b1a3871ceb49851843 - - default default] Successfully bumped revision number for resource 3662d745-a717-409b-99c8-cfba9a47bc6c (type: security_group_rules) to 0
2026-04-20 11:19:37.852 8 INFO neutron.db.ovn_revision_numbers_db [None req-6b7addae-f7ed-4046-a4d7-e399d1221112 06c1d11e79ba4fd7bd80b258bcf1a07d fe69350062a543b1a3871ceb49851843 - - default default] Successfully bumped revision number for resource 5bbc9e44-382c-405a-bf1a-1a6e8d8c6b52 (type: security_group_rules) to 0 [pid: 8|app: 0|req: 810/1632] 10.0.0.70 () {34 vars in 684 bytes} [Mon Apr 20 11:19:37 2026] POST /v2.0/security-groups => generated 1661 bytes in 182 msecs (HTTP/1.1 201) 4 headers in 163 bytes (1 switches on core 0)
2026-04-20 11:19:38.028 7 WARNING neutron.scheduler.dhcp_agent_scheduler [None req-ffef2135-8083-4ab5-8e8b-80b2edaecc21 fc964f02a42b4fb4946d4ae990d0d7eb 71a37c1717f447e7a91d68845ec2ac2d - - default default] No more DHCP agents
2026-04-20 11:19:38.029 7 WARNING neutron.api.rpc.agentnotifiers.dhcp_rpc_agent_api [None req-ffef2135-8083-4ab5-8e8b-80b2edaecc21 fc964f02a42b4fb4946d4ae990d0d7eb 71a37c1717f447e7a91d68845ec2ac2d - - default default] Unable to schedule network 0a855c8a-2304-4cf2-9d71-24734eac5d77: no agents available; will retry on subsequent port and subnet creation events. [pid: 8|app: 0|req: 811/1633] 10.0.0.70 () {32 vars in 739 bytes} [Mon Apr 20 11:19:37 2026] DELETE /v2.0/security-groups/2df447f4-e554-49a9-8c82-e3c1c6a57c31 => generated 0 bytes in 242 msecs (HTTP/1.1 204) 2 headers in 112 bytes (1 switches on core 0)
2026-04-20 11:19:38.189 7 INFO neutron.db.ovn_revision_numbers_db [None req-ffef2135-8083-4ab5-8e8b-80b2edaecc21 fc964f02a42b4fb4946d4ae990d0d7eb 71a37c1717f447e7a91d68845ec2ac2d - - default default] Successfully bumped revision number for resource 95026daa-96e6-48ab-834e-22cc2ee2b1bd (type: ports) to 1 [pid: 8|app: 0|req: 812/1634] 10.0.0.70 () {34 vars in 752 bytes} [Mon Apr 20 11:19:38 2026] PUT /v2.0/networks/97c20b10-29d3-448f-9383-21b5e0361c86/tags => generated 25 bytes in 69 msecs (HTTP/1.1 200) 4 headers in 156 bytes (1 switches on core 0) [pid: 7|app: 0|req: 823/1635] 10.0.0.70 () {34 vars in 664 bytes} [Mon Apr 20 11:19:37 2026] POST /v2.0/ports => generated 954 bytes in 461 msecs (HTTP/1.1 201) 4 headers in 162 bytes (1 switches on core 0) /var/lib/openstack/lib/python3.12/site-packages/pycadf/identifier.py:70: UserWarning: Invalid uuid: neutron. To ensure interoperability, identifiers should be a valid uuid. warnings.warn(('Invalid uuid: %s. To ensure interoperability, ' [pid: 7|app: 0|req: 824/1636] 10.0.0.70 () {34 vars in 752 bytes} [Mon Apr 20 11:19:38 2026] PUT /v2.0/networks/3b8609bd-d6d2-4b11-8000-d2ca772983e6/tags => generated 34 bytes in 45 msecs (HTTP/1.1 200) 4 headers in 156 bytes (1 switches on core 0)
2026-04-20 11:19:38.349 8 INFO neutron.db.ovn_revision_numbers_db [None req-efc668e3-c8fd-44dc-9045-2dc64c2f05a5 06c1d11e79ba4fd7bd80b258bcf1a07d fe69350062a543b1a3871ceb49851843 - - default default] Successfully bumped revision number for resource c7594131-a37c-4b95-9c46-4aedcae9b3b7 (type: security_group_rules) to 0 [pid: 8|app: 0|req: 813/1637] 10.0.0.70 () {34 vars in 694 bytes} [Mon Apr 20 11:19:38 2026] POST /v2.0/security-group-rules => generated 597 bytes in 177 msecs (HTTP/1.1 201) 4 headers in 162 bytes (1 switches on core 0) [pid: 8|app: 0|req: 814/1638] 10.0.0.70 () {34 vars in 752 bytes} [Mon Apr 20 11:19:38 2026] PUT /v2.0/networks/e49a51e5-ad33-48d1-b416-848d217e5758/tags => generated 19 bytes in 55 msecs (HTTP/1.1 200) 4 headers in 156 bytes (1 switches on core 0)
2026-04-20 11:19:38.440 7 WARNING neutron.scheduler.dhcp_agent_scheduler [None req-bdefd0eb-bc7b-4d8b-8b70-515846f5ecce fc964f02a42b4fb4946d4ae990d0d7eb 71a37c1717f447e7a91d68845ec2ac2d - - default default] No more DHCP agents
2026-04-20 11:19:38.441 7 WARNING neutron.api.rpc.agentnotifiers.dhcp_rpc_agent_api [None req-bdefd0eb-bc7b-4d8b-8b70-515846f5ecce fc964f02a42b4fb4946d4ae990d0d7eb 71a37c1717f447e7a91d68845ec2ac2d - - default default] Unable to schedule network 0cd1a3af-457b-4479-b2a9-8fbd16e6de11: no agents available; will retry on subsequent port and subnet creation events.
2026-04-20 11:19:38.563 8 INFO neutron.db.ovn_revision_numbers_db [None req-bd0758cb-32d5-4197-ae14-c3405d7737a0 06c1d11e79ba4fd7bd80b258bcf1a07d fe69350062a543b1a3871ceb49851843 - - default default] Successfully bumped revision number for resource 7283ec87-0c4f-43e6-be69-9ab29588e509 (type: security_group_rules) to 0 [pid: 8|app: 0|req: 815/1639] 10.0.0.70 () {34 vars in 694 bytes} [Mon Apr 20 11:19:38 2026] POST /v2.0/security-group-rules => generated 602 bytes in 162 msecs (HTTP/1.1 201) 4 headers in 162 bytes (1 switches on core 0) [pid: 8|app: 0|req: 816/1640] 10.0.0.70 () {32 vars in 665 bytes} [Mon Apr 20 11:19:38 2026] GET /v2.0/networks?tags=red => generated 1989 bytes in 54 msecs (HTTP/1.1 200) 4 headers in 158 bytes (1 switches on core 0)
2026-04-20 11:19:38.807 8 WARNING neutron.plugins.ml2.drivers.ovn.mech_driver.ovsdb.ovn_client [None req-7511799a-e4fe-4687-9a65-3e6251c0f37a - - - - - -] No hosting information found for port d562798a-2ec5-41b5-ae17-3f221f1f34c8: RuntimeError: No hosting information found for port d562798a-2ec5-41b5-ae17-3f221f1f34c8
2026-04-20 11:19:38.967 8 INFO neutron.db.ovn_revision_numbers_db [None req-7511799a-e4fe-4687-9a65-3e6251c0f37a - - - - - -] Successfully bumped revision number for resource d562798a-2ec5-41b5-ae17-3f221f1f34c8 (type: router_ports) to 2
2026-04-20 11:19:39.044 8 INFO neutron.plugins.ml2.drivers.ovn.mech_driver.mech_driver [None req-7511799a-e4fe-4687-9a65-3e6251c0f37a - - - - - -] OVN reports status down for port: 8a5f832a-dc64-4c04-a661-254c4a57a613
2026-04-20 11:19:39.070 8 WARNING neutron.scheduler.dhcp_agent_scheduler [None req-49c1e71f-5371-476a-a3d3-71b2175d775a 06c1d11e79ba4fd7bd80b258bcf1a07d fe69350062a543b1a3871ceb49851843 - - default default] No more DHCP agents
2026-04-20 11:19:39.074 8 WARNING neutron.api.rpc.agentnotifiers.dhcp_rpc_agent_api [None req-49c1e71f-5371-476a-a3d3-71b2175d775a 06c1d11e79ba4fd7bd80b258bcf1a07d fe69350062a543b1a3871ceb49851843 - - default default] Unable to schedule network 0cd1a3af-457b-4479-b2a9-8fbd16e6de11: no agents available; will retry on subsequent port and subnet creation events.
2026-04-20 11:19:39.168 8 INFO neutron.plugins.ml2.drivers.ovn.mech_driver.mech_driver [None req-7511799a-e4fe-4687-9a65-3e6251c0f37a - - - - - -] OVN reports status down for port: 05352873-0c85-41ba-8919-1c09c4d2083e
2026-04-20 11:19:39.285 7 INFO neutron.db.ovn_revision_numbers_db [None req-bdefd0eb-bc7b-4d8b-8b70-515846f5ecce fc964f02a42b4fb4946d4ae990d0d7eb 71a37c1717f447e7a91d68845ec2ac2d - - default default] Successfully bumped revision number for resource e2719a3b-4535-40ca-9b83-443d5c29d8cb (type: floatingips) to 1
2026-04-20 11:19:39.285 7 INFO neutron.db.l3_db [None req-bdefd0eb-bc7b-4d8b-8b70-515846f5ecce fc964f02a42b4fb4946d4ae990d0d7eb 71a37c1717f447e7a91d68845ec2ac2d - - default default] Floating IP e2719a3b-4535-40ca-9b83-443d5c29d8cb associated. External IP: 10.96.250.219, port: 95026daa-96e6-48ab-834e-22cc2ee2b1bd.
2026-04-20 11:19:39.293 8 INFO neutron.plugins.ml2.drivers.ovn.mech_driver.mech_driver [None req-7511799a-e4fe-4687-9a65-3e6251c0f37a - - - - - -] OVN reports status down for port: a93c7682-259c-4494-9fd1-271b4948dba5
2026-04-20 11:19:39.343 7 WARNING neutron.plugins.ml2.drivers.ovn.mech_driver.ovsdb.ovn_client [None req-db3c39b5-a671-4ac1-b853-c0333d9c4c0a - - - - - -] No hosting information found for port a627f436-1e2b-4256-a2f8-f30da4904241: RuntimeError: No hosting information found for port a627f436-1e2b-4256-a2f8-f30da4904241
2026-04-20 11:19:39.344 7 INFO neutron.plugins.ml2.drivers.ovn.mech_driver.mech_driver [None req-db3c39b5-a671-4ac1-b853-c0333d9c4c0a - - - - - -] OVN reports status down for port: 7883ce2a-ad94-41fb-8567-06524871108d [pid: 7|app: 0|req: 825/1641] 10.0.0.70 () {34 vars in 676 bytes} [Mon Apr 20 11:19:38 2026] POST /v2.0/floatingips => generated 841 bytes in 1092 msecs (HTTP/1.1 201) 4 headers in 162 bytes (1 switches on core 0)
2026-04-20 11:19:39.422 8 INFO neutron.plugins.ml2.drivers.ovn.mech_driver.mech_driver [None req-7511799a-e4fe-4687-9a65-3e6251c0f37a - - - - - -] OVN reports status down for port: 9337c92e-1bd0-4079-9347-9d3c57dcf5bd [pid: 7|app: 0|req: 826/1642] 10.0.0.70 () {32 vars in 679 bytes} [Mon Apr 20 11:19:39 2026] GET /v2.0/networks?tags=red%2Cblue => generated 1338 bytes in 85 msecs (HTTP/1.1 200) 4 headers in 158 bytes (1 switches on core 0)
2026-04-20 11:19:39.476 7 INFO neutron.plugins.ml2.drivers.ovn.mech_driver.mech_driver [None req-db3c39b5-a671-4ac1-b853-c0333d9c4c0a - - - - - -] OVN reports status down for port: 30cbcfa9-5163-4bcb-aafa-cb7c12de4a9b [pid: 8|app: 0|req: 817/1643] 10.0.0.70 () {34 vars in 675 bytes} [Mon Apr 20 11:19:38 2026] POST /v2.0/floatingips => generated 552 bytes in 936 msecs (HTTP/1.1 201) 4 headers in 162 bytes (1 switches on core 0)
2026-04-20 11:19:39.600 7 WARNING neutron.plugins.ml2.drivers.ovn.mech_driver.ovsdb.ovn_client [None req-db3c39b5-a671-4ac1-b853-c0333d9c4c0a - - - - - -] Logical_Switch_Port %s host information not removed, the port state is up
2026-04-20 11:19:39.600 7 INFO neutron.plugins.ml2.drivers.ovn.mech_driver.mech_driver [None req-db3c39b5-a671-4ac1-b853-c0333d9c4c0a - - - - - -] OVN reports status up for port: 30cbcfa9-5163-4bcb-aafa-cb7c12de4a9b
2026-04-20 11:19:39.628 7 INFO neutron.plugins.ml2.plugin [None req-db3c39b5-a671-4ac1-b853-c0333d9c4c0a - - - - - -] Attempt 1 to provision port 30cbcfa9-5163-4bcb-aafa-cb7c12de4a9b [pid: 8|app: 0|req: 818/1644] 10.0.0.70 () {32 vars in 675 bytes} [Mon Apr 20 11:19:39 2026] GET /v2.0/networks?tags-any=blue => generated 1338 bytes in 43 msecs (HTTP/1.1 200) 4 headers in 158 bytes (1 switches on core 0)
2026-04-20 11:19:39.692 7 INFO neutron.db.ovn_revision_numbers_db [None req-c668db9f-c948-4628-bfe8-e2ea161ae5ee fc964f02a42b4fb4946d4ae990d0d7eb 71a37c1717f447e7a91d68845ec2ac2d - - default default] Successfully bumped revision number for resource e2719a3b-4535-40ca-9b83-443d5c29d8cb (type: floatingips) to 2 [pid: 8|app: 0|req: 819/1645] 10.0.0.70 () {32 vars in 687 bytes} [Mon Apr 20 11:19:39 2026] GET /v2.0/networks?tags-any=red%2Cblue => generated 1989 bytes in 53 msecs (HTTP/1.1 200) 4 headers in 158 bytes (1 switches on core 0) [pid: 8|app: 0|req: 820/1646] 10.0.0.70 () {32 vars in 673 bytes} [Mon Apr 20 11:19:39 2026] GET /v2.0/networks?not-tags=red => generated 1988 bytes in 76 msecs (HTTP/1.1 200) 4 headers in 158 bytes (1 switches on core 0)
2026-04-20 11:19:39.778 7 INFO neutron.db.l3_db [None req-c668db9f-c948-4628-bfe8-e2ea161ae5ee fc964f02a42b4fb4946d4ae990d0d7eb 71a37c1717f447e7a91d68845ec2ac2d - - default default] Floating IP e2719a3b-4535-40ca-9b83-443d5c29d8cb disassociated. External IP: 10.96.250.219, port: 95026daa-96e6-48ab-834e-22cc2ee2b1bd. [pid: 8|app: 0|req: 821/1647] 10.0.0.50 () {34 vars in 1097 bytes} [Mon Apr 20 11:19:39 2026] GET /v2.0/security-groups?name=tempest-secgroup-smoke-770073923&fields=id&tenant_id=fe69350062a543b1a3871ceb49851843 => generated 69 bytes in 29 msecs (HTTP/1.1 200) 4 headers in 156 bytes (1 switches on core 0) [pid: 7|app: 0|req: 827/1648] 10.0.0.70 () {34 vars in 748 bytes} [Mon Apr 20 11:19:39 2026] PUT /v2.0/floatingips/e2719a3b-4535-40ca-9b83-443d5c29d8cb => generated 554 bytes in 388 msecs (HTTP/1.1 200) 4 headers in 157 bytes (1 switches on core 0) [pid: 8|app: 0|req: 822/1649] 10.0.0.70 () {32 vars in 687 bytes} [Mon Apr 20 11:19:39 2026] GET /v2.0/networks?not-tags=red%2Cblue => generated 2639 bytes in 62 msecs (HTTP/1.1 200) 4 headers in 158 bytes (1 switches on core 0) [pid: 7|app: 0|req: 828/1650] 10.0.0.50 () {34 vars in 1099 bytes} [Mon Apr 20 11:19:39 2026] GET /v2.0/security-groups?name=tempest-securitygroup--1919320511&fields=id&tenant_id=fe69350062a543b1a3871ceb49851843 => generated 69 bytes in 67 msecs (HTTP/1.1 200) 4 headers in 156 bytes (1 switches on core 0)
2026-04-20 11:19:39.990 8 INFO neutron_taas.services.taas.taas_plugin [None req-4a9d3988-23a3-4e1c-a83e-7ace3dd1c33e fc964f02a42b4fb4946d4ae990d0d7eb 71a37c1717f447e7a91d68845ec2ac2d - - default default] TaaS: Handle Delete Port: be985dc3-8b0f-4fe4-86d4-a9f5976c7dca
2026-04-20 11:19:39.995 8 INFO neutron_taas.services.taas.tap_mirror_plugin [None req-4a9d3988-23a3-4e1c-a83e-7ace3dd1c33e fc964f02a42b4fb4946d4ae990d0d7eb 71a37c1717f447e7a91d68845ec2ac2d - - default default] Tap Mirror: Handle Delete Port: be985dc3-8b0f-4fe4-86d4-a9f5976c7dca [pid: 7|app: 0|req: 829/1651] 10.0.0.70 () {32 vars in 683 bytes} [Mon Apr 20 11:19:39 2026] GET /v2.0/networks?not-tags-any=blue => generated 2639 bytes in 115 msecs (HTTP/1.1 200) 4 headers in 158 bytes (1 switches on core 0) [pid: 7|app: 0|req: 830/1652] 10.0.0.50 () {34 vars in 981 bytes} [Mon Apr 20 11:19:40 2026] GET /v2.0/networks?id=635c1f08-12c2-4ada-9206-f26621b8dd21 => generated 710 bytes in 77 msecs (HTTP/1.1 200) 4 headers in 157 bytes (1 switches on core 0) [pid: 7|app: 0|req: 831/1653] 10.0.0.70 () {32 vars in 695 bytes} [Mon Apr 20 11:19:40 2026] GET /v2.0/networks?not-tags-any=red%2Cblue => generated 1988 bytes in 112 msecs (HTTP/1.1 200) 4 headers in 158 bytes (1 switches on core 0) [pid: 7|app: 0|req: 832/1654] 10.0.0.50 () {34 vars in 964 bytes} [Mon Apr 20 11:19:40 2026] GET /v2.0/quotas/fe69350062a543b1a3871ceb49851843 => generated 292 bytes in 16 msecs (HTTP/1.1 200) 4 headers in 157 bytes (1 switches on core 0)
2026-04-20 11:19:40.361 7 INFO neutron.db.ovn_revision_numbers_db [None req-db3c39b5-a671-4ac1-b853-c0333d9c4c0a - - - - - -] Successfully bumped revision number for resource 30cbcfa9-5163-4bcb-aafa-cb7c12de4a9b (type: ports) to 2
2026-04-20 11:19:40.458 7 INFO neutron_taas.services.taas.taas_plugin [None req-ffba8485-f6aa-4fcc-ac54-615aa4a3cc83 7b11c409f51742268796bdacfd719cdb 6cc736b43eca43c9a1d10660051a99ad - - default default] TaaS: Handle Delete Port: 52ca7a0b-ef87-48cd-a13a-81b0f61d72ac
2026-04-20 11:19:40.462 7 INFO neutron_taas.services.taas.tap_mirror_plugin [None req-ffba8485-f6aa-4fcc-ac54-615aa4a3cc83 7b11c409f51742268796bdacfd719cdb 6cc736b43eca43c9a1d10660051a99ad - - default default] Tap Mirror: Handle Delete Port: 52ca7a0b-ef87-48cd-a13a-81b0f61d72ac
2026-04-20 11:19:40.680 7 INFO neutron.services.segments.plugin [-] Segment 585e77b3-a94d-4d77-803d-5af5c52a860c resource provider aggregate not found
2026-04-20 11:19:40.683 7 INFO neutron.services.segments.plugin [-] Segment 585e77b3-a94d-4d77-803d-5af5c52a860c resource provider aggregate not found
2026-04-20 11:19:40.698 7 INFO neutron.services.segments.plugin [-] Segment 585e77b3-a94d-4d77-803d-5af5c52a860c resource provider not found; error: Placement Client Error (4xx): {"errors": [{"status": 404, "title": "Not Found", "detail": "The resource could not be found.\n\n No resource provider with uuid 585e77b3-a94d-4d77-803d-5af5c52a860c found for delete ", "request_id": "req-42ba2fe4-5020-4412-a1da-e7973e596f81"}]}
2026-04-20 11:19:40.705 7 INFO neutron.services.segments.plugin [-] Segment 585e77b3-a94d-4d77-803d-5af5c52a860c resource provider not found; error: Placement Client Error (4xx): {"errors": [{"status": 404, "title": "Not Found", "detail": "The resource could not be found.\n\n No resource provider with uuid 585e77b3-a94d-4d77-803d-5af5c52a860c found for delete ", "request_id": "req-c485ecfc-d75a-487c-867f-694798e0e788"}]} [pid: 7|app: 0|req: 833/1655] 10.0.0.70 () {32 vars in 725 bytes} [Mon Apr 20 11:19:40 2026] DELETE /v2.0/networks/59929479-9d7f-487e-acb1-4e84caff5b32 => generated 0 bytes in 515 msecs (HTTP/1.1 204) 3 headers in 131 bytes (1 switches on core 0) [pid: 7|app: 0|req: 834/1656] 10.0.0.50 () {34 vars in 1001 bytes} [Mon Apr 20 11:19:40 2026] GET /v2.0/ports?tenant_id=fe69350062a543b1a3871ceb49851843&fields=id => generated 103 bytes in 95 msecs (HTTP/1.1 200) 4 headers in 157 bytes (1 switches on core 0) [pid: 8|app: 0|req: 823/1657] 10.0.0.70 () {32 vars in 731 bytes} [Mon Apr 20 11:19:39 2026] DELETE /v2.0/floatingips/e2719a3b-4535-40ca-9b83-443d5c29d8cb => generated 0 bytes in 1037 msecs (HTTP/1.1 204) 2 headers in 112 bytes (1 switches on core 0)
2026-04-20 11:19:40.937 7 INFO neutron_taas.services.taas.taas_plugin [None req-5f8f00e6-7639-428b-b69b-2c899c69860d 7b11c409f51742268796bdacfd719cdb 6cc736b43eca43c9a1d10660051a99ad - - default default] TaaS: Handle Delete Port: 7883ce2a-ad94-41fb-8567-06524871108d
2026-04-20 11:19:40.940 7 INFO neutron_taas.services.taas.tap_mirror_plugin [None req-5f8f00e6-7639-428b-b69b-2c899c69860d 7b11c409f51742268796bdacfd719cdb 6cc736b43eca43c9a1d10660051a99ad - - default default] Tap Mirror: Handle Delete Port: 7883ce2a-ad94-41fb-8567-06524871108d [pid: 8|app: 0|req: 824/1658] 10.0.0.50 () {34 vars in 1007 bytes} [Mon Apr 20 11:19:40 2026] GET /v2.0/networks/635c1f08-12c2-4ada-9206-f26621b8dd21?fields=segments => generated 14 bytes in 53 msecs (HTTP/1.1 200) 4 headers in 156 bytes (1 switches on core 0) [pid: 7|app: 0|req: 835/1659] 10.0.0.70 () {32 vars in 725 bytes} [Mon Apr 20 11:19:40 2026] DELETE /v2.0/networks/97c20b10-29d3-448f-9383-21b5e0361c86 => generated 0 bytes in 314 msecs (HTTP/1.1 204) 3 headers in 131 bytes (1 switches on core 0) [pid: 7|app: 0|req: 836/1660] 10.0.0.50 () {34 vars in 1107 bytes} [Mon Apr 20 11:19:41 2026] GET /v2.0/networks/635c1f08-12c2-4ada-9206-f26621b8dd21?fields=provider%3Aphysical_network&fields=provider%3Anetwork_type => generated 79 bytes in 36 msecs (HTTP/1.1 200) 4 headers in 156 bytes (1 switches on core 0)
2026-04-20 11:19:41.205 8 WARNING neutron.scheduler.dhcp_agent_scheduler [None req-5a8f2f8e-73b8-423f-bd15-ae929441302e fc964f02a42b4fb4946d4ae990d0d7eb 71a37c1717f447e7a91d68845ec2ac2d - - default default] No more DHCP agents
2026-04-20 11:19:41.206 8 WARNING neutron.api.rpc.agentnotifiers.dhcp_rpc_agent_api [None req-5a8f2f8e-73b8-423f-bd15-ae929441302e fc964f02a42b4fb4946d4ae990d0d7eb 71a37c1717f447e7a91d68845ec2ac2d - - default default] Unable to schedule network 0cd1a3af-457b-4479-b2a9-8fbd16e6de11: no agents available; will retry on subsequent port and subnet creation events.
2026-04-20 11:19:41.281 7 INFO neutron_taas.services.taas.taas_plugin [None req-0cdc61d0-559d-427d-9483-523eb67c3b6b 7b11c409f51742268796bdacfd719cdb 6cc736b43eca43c9a1d10660051a99ad - - default default] TaaS: Handle Delete Port: 8a5f832a-dc64-4c04-a661-254c4a57a613
2026-04-20 11:19:41.284 7 INFO neutron_taas.services.taas.tap_mirror_plugin [None req-0cdc61d0-559d-427d-9483-523eb67c3b6b 7b11c409f51742268796bdacfd719cdb 6cc736b43eca43c9a1d10660051a99ad - - default default] Tap Mirror: Handle Delete Port: 8a5f832a-dc64-4c04-a661-254c4a57a613 [pid: 7|app: 0|req: 837/1661] 10.0.0.70 () {32 vars in 725 bytes} [Mon Apr 20 11:19:41 2026] DELETE /v2.0/networks/3b8609bd-d6d2-4b11-8000-d2ca772983e6 => generated 0 bytes in 317 msecs (HTTP/1.1 204) 3 headers in 131 bytes (1 switches on core 0)
2026-04-20 11:19:41.807 7 INFO neutron.db.ovn_revision_numbers_db [None req-f229c70d-1d1e-4622-8693-5802f56da378 d67039c46ecc451cbe736e9f36e32d7e edfd19d1ebce450eb34bd05b71db1667 - - default default] Successfully bumped revision number for resource 5d58e42b-d44e-4cb5-8b9b-0f746546bcd3 (type: security_groups) to 1
2026-04-20 11:19:41.820 7 INFO neutron.db.ovn_revision_numbers_db [None req-f229c70d-1d1e-4622-8693-5802f56da378 d67039c46ecc451cbe736e9f36e32d7e edfd19d1ebce450eb34bd05b71db1667 - - default default] Successfully bumped revision number for resource 42d93ed3-b184-4eb7-9179-9822f4407c83 (type: security_group_rules) to 0
2026-04-20 11:19:41.832 7 INFO neutron.db.ovn_revision_numbers_db [None req-f229c70d-1d1e-4622-8693-5802f56da378 d67039c46ecc451cbe736e9f36e32d7e edfd19d1ebce450eb34bd05b71db1667 - - default default] Successfully bumped revision number for resource 95fd7acd-7468-460b-ba29-a6e6862a1282 (type: security_group_rules) to 0
2026-04-20 11:19:41.844 7 INFO neutron.db.ovn_revision_numbers_db [None req-f229c70d-1d1e-4622-8693-5802f56da378 d67039c46ecc451cbe736e9f36e32d7e edfd19d1ebce450eb34bd05b71db1667 - - default default] Successfully bumped revision number for resource a4ac93e6-eb74-476e-b33a-2ac86f922aa9 (type: security_group_rules) to 0
2026-04-20 11:19:41.858 7 INFO neutron.db.ovn_revision_numbers_db [None req-f229c70d-1d1e-4622-8693-5802f56da378 d67039c46ecc451cbe736e9f36e32d7e edfd19d1ebce450eb34bd05b71db1667 - - default default] Successfully bumped revision number for resource aa96c4e3-d997-43df-931f-55a826a8d1ff (type: security_group_rules) to 0
2026-04-20 11:19:41.947 7 INFO neutron.db.segments_db [None req-f229c70d-1d1e-4622-8693-5802f56da378 d67039c46ecc451cbe736e9f36e32d7e edfd19d1ebce450eb34bd05b71db1667 - - default default] Added segment 2ccd86aa-7a99-42e8-8ed1-0b6e4fb3021b of type geneve for network c0e9b90e-545b-491c-8aee-5c677e1a060b
2026-04-20 11:19:42.037 8 INFO neutron.db.ovn_revision_numbers_db [None req-5a8f2f8e-73b8-423f-bd15-ae929441302e fc964f02a42b4fb4946d4ae990d0d7eb 71a37c1717f447e7a91d68845ec2ac2d - - default default] Successfully bumped revision number for resource 23b13aeb-57dd-4404-b106-8507311ef9fd (type: floatingips) to 1
2026-04-20 11:19:42.038 8 INFO neutron.db.l3_db [None req-5a8f2f8e-73b8-423f-bd15-ae929441302e fc964f02a42b4fb4946d4ae990d0d7eb 71a37c1717f447e7a91d68845ec2ac2d - - default default] Floating IP 23b13aeb-57dd-4404-b106-8507311ef9fd associated. External IP: 10.96.250.220, port: 9337c92e-1bd0-4079-9347-9d3c57dcf5bd.
2026-04-20 11:19:42.062 7 INFO neutron.db.ovn_revision_numbers_db [None req-f229c70d-1d1e-4622-8693-5802f56da378 d67039c46ecc451cbe736e9f36e32d7e edfd19d1ebce450eb34bd05b71db1667 - - default default] Successfully bumped revision number for resource c0e9b90e-545b-491c-8aee-5c677e1a060b (type: networks) to 1 [pid: 8|app: 0|req: 825/1662] 10.0.0.70 () {34 vars in 676 bytes} [Mon Apr 20 11:19:40 2026] POST /v2.0/floatingips => generated 843 bytes in 1122 msecs (HTTP/1.1 201) 4 headers in 162 bytes (1 switches on core 0) [pid: 8|app: 0|req: 826/1663] 10.0.0.50 () {34 vars in 989 bytes} [Mon Apr 20 11:19:42 2026] GET /v2.0/ports?device_id=d8f71ee6-2b7f-4445-a699-771fbf91b808 => generated 12 bytes in 16 msecs (HTTP/1.1 200) 4 headers in 156 bytes (1 switches on core 0)
2026-04-20 11:19:42.238 8 INFO neutron_taas.services.taas.taas_plugin [None req-61b80a53-a723-4a13-8059-fe6e99264fc6 7b11c409f51742268796bdacfd719cdb 6cc736b43eca43c9a1d10660051a99ad - - default default] TaaS: Handle Delete Port: 05352873-0c85-41ba-8919-1c09c4d2083e
2026-04-20 11:19:42.241 8 INFO neutron_taas.services.taas.tap_mirror_plugin [None req-61b80a53-a723-4a13-8059-fe6e99264fc6 7b11c409f51742268796bdacfd719cdb 6cc736b43eca43c9a1d10660051a99ad - - default default] Tap Mirror: Handle Delete Port: 05352873-0c85-41ba-8919-1c09c4d2083e
2026-04-20 11:19:42.241 7 WARNING neutron.scheduler.dhcp_agent_scheduler [None req-f229c70d-1d1e-4622-8693-5802f56da378 d67039c46ecc451cbe736e9f36e32d7e edfd19d1ebce450eb34bd05b71db1667 - - default default] No more DHCP agents
2026-04-20 11:19:42.244 7 WARNING neutron.api.rpc.agentnotifiers.dhcp_rpc_agent_api [None req-f229c70d-1d1e-4622-8693-5802f56da378 d67039c46ecc451cbe736e9f36e32d7e edfd19d1ebce450eb34bd05b71db1667 - - default default] Unable to schedule network c0e9b90e-545b-491c-8aee-5c677e1a060b: no agents available; will retry on subsequent port and subnet creation events.
