2026-04-20 11:19:51.445 8 INFO neutron.db.segments_db [None req-18e8282f-8db2-4dd1-b162-a97a09cb4278 1dc896e22235483882465e795f4bdd18 0306c81c57c54f04a2c5b05bd46c3e65 - - default default] Added segment 3f72c514-a094-4a03-96e1-6b2ff4c0e763 of type geneve for network 8242b706-261e-40a1-abc5-eccd337a1f11
2026-04-20 11:19:51.449 8 INFO neutron.plugins.ml2.drivers.ovn.mech_driver.mech_driver [None req-7511799a-e4fe-4687-9a65-3e6251c0f37a - - - - - -] OVN reports status down for port: 9242fd04-88f6-49d7-960d-a56d0dcc2133
2026-04-20 11:19:51.483 7 INFO neutron.db.ovn_revision_numbers_db [None req-55d748af-6917-4b3d-b63a-2b69e3776858 93069efa6e2c4311a4151d723665db13 6b0886672e8441dbbb5309a4bd97500e - - default default] Successfully bumped revision number for resource 9242fd04-88f6-49d7-960d-a56d0dcc2133 (type: ports) to 1 [pid: 7|app: 0|req: 879/1749] 10.0.0.70 () {34 vars in 663 bytes} [Mon Apr 20 11:19:51 2026] POST /v2.0/ports => generated 743 bytes in 368 msecs (HTTP/1.1 201) 4 headers in 162 bytes (1 switches on core 0) /var/lib/openstack/lib/python3.12/site-packages/pycadf/identifier.py:70: UserWarning: Invalid uuid: neutron. To ensure interoperability, identifiers should be a valid uuid. warnings.warn(('Invalid uuid: %s. To ensure interoperability, ' [pid: 7|app: 0|req: 880/1750] 10.0.0.50 () {34 vars in 1119 bytes} [Mon Apr 20 11:19:51 2026] GET /v2.0/security-groups?id=28435393-f69b-42e1-871f-c3be3255bd9b&id=7282b557-a10f-4553-b848-9f2fa88735f7&fields=id&fields=name => generated 206 bytes in 31 msecs (HTTP/1.1 200) 4 headers in 157 bytes (1 switches on core 0)
2026-04-20 11:19:51.611 8 INFO neutron.db.ovn_revision_numbers_db [None req-18e8282f-8db2-4dd1-b162-a97a09cb4278 1dc896e22235483882465e795f4bdd18 0306c81c57c54f04a2c5b05bd46c3e65 - - default default] Successfully bumped revision number for resource 32e3f235-d74a-4173-8ef3-e092a53bf3de (type: networks) to 1
2026-04-20 11:19:51.750 7 INFO neutron.db.ovn_revision_numbers_db [None req-eaf15230-f719-42c9-9277-a67c0be340f9 8deabd2d8f8f4286970b3c2493f85da0 2f275f3f76224529aa2af5e6e9c9525b - - default default] Successfully bumped revision number for resource 15694984-4500-45d8-a76c-b66fda1fe3bf (type: security_groups) to 1
2026-04-20 11:19:51.768 7 INFO neutron.db.ovn_revision_numbers_db [None req-eaf15230-f719-42c9-9277-a67c0be340f9 8deabd2d8f8f4286970b3c2493f85da0 2f275f3f76224529aa2af5e6e9c9525b - - default default] Successfully bumped revision number for resource 05451c1a-69a0-4908-9810-908f6fd9f741 (type: security_group_rules) to 0
2026-04-20 11:19:51.789 7 INFO neutron.db.ovn_revision_numbers_db [None req-eaf15230-f719-42c9-9277-a67c0be340f9 8deabd2d8f8f4286970b3c2493f85da0 2f275f3f76224529aa2af5e6e9c9525b - - default default] Successfully bumped revision number for resource 25d943f8-6508-45f1-923a-16fa49410695 (type: security_group_rules) to 0
2026-04-20 11:19:51.805 7 INFO neutron.db.ovn_revision_numbers_db [None req-eaf15230-f719-42c9-9277-a67c0be340f9 8deabd2d8f8f4286970b3c2493f85da0 2f275f3f76224529aa2af5e6e9c9525b - - default default] Successfully bumped revision number for resource 67ffd7b9-5ebd-474b-93fb-3bca84f510c2 (type: security_group_rules) to 0
2026-04-20 11:19:51.818 7 INFO neutron.db.ovn_revision_numbers_db [None req-eaf15230-f719-42c9-9277-a67c0be340f9 8deabd2d8f8f4286970b3c2493f85da0 2f275f3f76224529aa2af5e6e9c9525b - - default default] Successfully bumped revision number for resource e44f5014-23e8-4c8e-b2bd-b0ebbd96012e (type: security_group_rules) to 0
2026-04-20 11:19:51.820 8 WARNING neutron.scheduler.dhcp_agent_scheduler [None req-18e8282f-8db2-4dd1-b162-a97a09cb4278 1dc896e22235483882465e795f4bdd18 0306c81c57c54f04a2c5b05bd46c3e65 - - default default] No more DHCP agents
2026-04-20 11:19:51.822 8 WARNING neutron.api.rpc.agentnotifiers.dhcp_rpc_agent_api [None req-18e8282f-8db2-4dd1-b162-a97a09cb4278 1dc896e22235483882465e795f4bdd18 0306c81c57c54f04a2c5b05bd46c3e65 - - default default] Unable to schedule network 32e3f235-d74a-4173-8ef3-e092a53bf3de: no agents available; will retry on subsequent port and subnet creation events.
2026-04-20 11:19:51.884 7 INFO neutron.plugins.ml2.drivers.ovn.mech_driver.mech_driver [None req-ebe380a7-41fa-4610-aeb5-83b38679b9f8 - - - - - -] OVN reports status down for port: fbbbb4b7-f331-4c26-aae3-489e780a9f38
2026-04-20 11:19:51.904 8 INFO neutron.db.ovn_revision_numbers_db [None req-18e8282f-8db2-4dd1-b162-a97a09cb4278 1dc896e22235483882465e795f4bdd18 0306c81c57c54f04a2c5b05bd46c3e65 - - default default] Successfully bumped revision number for resource fbbbb4b7-f331-4c26-aae3-489e780a9f38 (type: ports) to 1
2026-04-20 11:19:51.922 7 INFO neutron.db.segments_db [None req-eaf15230-f719-42c9-9277-a67c0be340f9 8deabd2d8f8f4286970b3c2493f85da0 2f275f3f76224529aa2af5e6e9c9525b - - default default] Added segment c6c05dd9-365a-477c-bba9-db55040fc23d of type geneve for network 9685d2ea-76f4-437b-a0a8-6706de03b8ed
2026-04-20 11:19:51.984 8 INFO neutron.db.ovn_revision_numbers_db [None req-18e8282f-8db2-4dd1-b162-a97a09cb4278 1dc896e22235483882465e795f4bdd18 0306c81c57c54f04a2c5b05bd46c3e65 - - default default] Successfully bumped revision number for resource 8242b706-261e-40a1-abc5-eccd337a1f11 (type: networks) to 1
2026-04-20 11:19:52.089 7 INFO neutron.db.ovn_revision_numbers_db [None req-eaf15230-f719-42c9-9277-a67c0be340f9 8deabd2d8f8f4286970b3c2493f85da0 2f275f3f76224529aa2af5e6e9c9525b - - default default] Successfully bumped revision number for resource 9685d2ea-76f4-437b-a0a8-6706de03b8ed (type: networks) to 1
2026-04-20 11:19:52.154 8 WARNING neutron.scheduler.dhcp_agent_scheduler [None req-18e8282f-8db2-4dd1-b162-a97a09cb4278 1dc896e22235483882465e795f4bdd18 0306c81c57c54f04a2c5b05bd46c3e65 - - default default] No more DHCP agents
2026-04-20 11:19:52.155 8 WARNING neutron.api.rpc.agentnotifiers.dhcp_rpc_agent_api [None req-18e8282f-8db2-4dd1-b162-a97a09cb4278 1dc896e22235483882465e795f4bdd18 0306c81c57c54f04a2c5b05bd46c3e65 - - default default] Unable to schedule network 8242b706-261e-40a1-abc5-eccd337a1f11: no agents available; will retry on subsequent port and subnet creation events.
2026-04-20 11:19:52.221 7 INFO neutron.plugins.ml2.drivers.ovn.mech_driver.mech_driver [None req-ebe380a7-41fa-4610-aeb5-83b38679b9f8 - - - - - -] OVN reports status down for port: a69839fe-132e-4738-adb7-b5d8e0d310bc
2026-04-20 11:19:52.239 8 INFO neutron.db.ovn_revision_numbers_db [None req-18e8282f-8db2-4dd1-b162-a97a09cb4278 1dc896e22235483882465e795f4bdd18 0306c81c57c54f04a2c5b05bd46c3e65 - - default default] Successfully bumped revision number for resource a69839fe-132e-4738-adb7-b5d8e0d310bc (type: ports) to 1 [pid: 8|app: 0|req: 871/1751] 10.0.0.70 () {34 vars in 669 bytes} [Mon Apr 20 11:19:50 2026] POST /v2.0/networks => generated 1283 bytes in 1319 msecs (HTTP/1.1 201) 4 headers in 163 bytes (1 switches on core 0)
2026-04-20 11:19:52.319 7 WARNING neutron.scheduler.dhcp_agent_scheduler [None req-eaf15230-f719-42c9-9277-a67c0be340f9 8deabd2d8f8f4286970b3c2493f85da0 2f275f3f76224529aa2af5e6e9c9525b - - default default] No more DHCP agents
2026-04-20 11:19:52.323 7 WARNING neutron.api.rpc.agentnotifiers.dhcp_rpc_agent_api [None req-eaf15230-f719-42c9-9277-a67c0be340f9 8deabd2d8f8f4286970b3c2493f85da0 2f275f3f76224529aa2af5e6e9c9525b - - default default] Unable to schedule network 9685d2ea-76f4-437b-a0a8-6706de03b8ed: no agents available; will retry on subsequent port and subnet creation events.
2026-04-20 11:19:52.353 8 INFO neutron.db.segments_db [None req-04f13a0a-5daf-4a22-a43e-1de4fe3338e4 93069efa6e2c4311a4151d723665db13 6b0886672e8441dbbb5309a4bd97500e - - default default] Added segment fe31cb53-047b-43f2-971a-b72e71076f2e of type geneve for network 77f4b8ab-78f0-4ea3-a7ca-6d8c46bbca82
2026-04-20 11:19:52.378 7 INFO neutron.plugins.ml2.drivers.ovn.mech_driver.mech_driver [None req-ebe380a7-41fa-4610-aeb5-83b38679b9f8 - - - - - -] OVN reports status down for port: 5e7d38b9-d992-4c1c-a112-b86f2ed917d2
2026-04-20 11:19:52.438 7 INFO neutron.db.ovn_revision_numbers_db [None req-eaf15230-f719-42c9-9277-a67c0be340f9 8deabd2d8f8f4286970b3c2493f85da0 2f275f3f76224529aa2af5e6e9c9525b - - default default] Successfully bumped revision number for resource 5e7d38b9-d992-4c1c-a112-b86f2ed917d2 (type: ports) to 1
2026-04-20 11:19:52.494 8 INFO neutron.db.ovn_revision_numbers_db [None req-04f13a0a-5daf-4a22-a43e-1de4fe3338e4 93069efa6e2c4311a4151d723665db13 6b0886672e8441dbbb5309a4bd97500e - - default default] Successfully bumped revision number for resource 77f4b8ab-78f0-4ea3-a7ca-6d8c46bbca82 (type: networks) to 1 [pid: 7|app: 0|req: 881/1752] 10.0.0.70 () {34 vars in 669 bytes} [Mon Apr 20 11:19:51 2026] POST /v2.0/networks => generated 646 bytes in 942 msecs (HTTP/1.1 201) 4 headers in 162 bytes (1 switches on core 0) [pid: 7|app: 0|req: 882/1753] 10.0.0.70 () {32 vars in 648 bytes} [Mon Apr 20 11:19:52 2026] GET /v2.0/networks => generated 1970 bytes in 52 msecs (HTTP/1.1 200) 4 headers in 158 bytes (1 switches on core 0)
2026-04-20 11:19:52.657 8 WARNING neutron.scheduler.dhcp_agent_scheduler [None req-04f13a0a-5daf-4a22-a43e-1de4fe3338e4 93069efa6e2c4311a4151d723665db13 6b0886672e8441dbbb5309a4bd97500e - - default default] No more DHCP agents
2026-04-20 11:19:52.658 8 WARNING neutron.api.rpc.agentnotifiers.dhcp_rpc_agent_api [None req-04f13a0a-5daf-4a22-a43e-1de4fe3338e4 93069efa6e2c4311a4151d723665db13 6b0886672e8441dbbb5309a4bd97500e - - default default] Unable to schedule network 77f4b8ab-78f0-4ea3-a7ca-6d8c46bbca82: no agents available; will retry on subsequent port and subnet creation events.
2026-04-20 11:19:52.722 8 INFO neutron.plugins.ml2.drivers.ovn.mech_driver.mech_driver [None req-7511799a-e4fe-4687-9a65-3e6251c0f37a - - - - - -] OVN reports status down for port: d200f7c5-34dc-4171-aa70-8d16b30ec7b3
2026-04-20 11:19:52.769 7 WARNING neutron.scheduler.dhcp_agent_scheduler [None req-cc7cd207-5d55-4764-9523-98a501bf4953 8deabd2d8f8f4286970b3c2493f85da0 2f275f3f76224529aa2af5e6e9c9525b - - default default] No more DHCP agents
2026-04-20 11:19:52.771 7 WARNING neutron.api.rpc.agentnotifiers.dhcp_rpc_agent_api [None req-cc7cd207-5d55-4764-9523-98a501bf4953 8deabd2d8f8f4286970b3c2493f85da0 2f275f3f76224529aa2af5e6e9c9525b - - default default] Unable to schedule network 9685d2ea-76f4-437b-a0a8-6706de03b8ed: no agents available; will retry on subsequent port and subnet creation events.
2026-04-20 11:19:52.773 8 INFO neutron.db.ovn_revision_numbers_db [None req-04f13a0a-5daf-4a22-a43e-1de4fe3338e4 93069efa6e2c4311a4151d723665db13 6b0886672e8441dbbb5309a4bd97500e - - default default] Successfully bumped revision number for resource d200f7c5-34dc-4171-aa70-8d16b30ec7b3 (type: ports) to 1 [pid: 8|app: 0|req: 872/1754] 10.0.0.70 () {34 vars in 669 bytes} [Mon Apr 20 11:19:52 2026] POST /v2.0/networks => generated 651 bytes in 547 msecs (HTTP/1.1 201) 4 headers in 162 bytes (1 switches on core 0)
2026-04-20 11:19:52.921 8 INFO neutron_taas.services.taas.taas_plugin [None req-30430a86-be4b-4a91-be96-b6042542be4c 1dc896e22235483882465e795f4bdd18 0306c81c57c54f04a2c5b05bd46c3e65 - - default default] TaaS: Handle Delete Port: fbbbb4b7-f331-4c26-aae3-489e780a9f38
2026-04-20 11:19:52.924 8 INFO neutron_taas.services.taas.tap_mirror_plugin [None req-30430a86-be4b-4a91-be96-b6042542be4c 1dc896e22235483882465e795f4bdd18 0306c81c57c54f04a2c5b05bd46c3e65 - - default default] Tap Mirror: Handle Delete Port: fbbbb4b7-f331-4c26-aae3-489e780a9f38
2026-04-20 11:19:53.103 8 INFO neutron.services.segments.plugin [-] Segment 1c6506d4-e91f-4383-a34f-8d045cd16749 resource provider aggregate not found
2026-04-20 11:19:53.107 8 INFO neutron.services.segments.plugin [-] Segment 1c6506d4-e91f-4383-a34f-8d045cd16749 resource provider aggregate not found
2026-04-20 11:19:53.122 8 INFO neutron.services.segments.plugin [-] Segment 1c6506d4-e91f-4383-a34f-8d045cd16749 resource provider not found; error: Placement Client Error (4xx): {"errors": [{"status": 404, "title": "Not Found", "detail": "The resource could not be found.\n\n No resource provider with uuid 1c6506d4-e91f-4383-a34f-8d045cd16749 found for delete ", "request_id": "req-18b800f0-6ce3-4ff4-83d9-01a1225d643c"}]}
2026-04-20 11:19:53.126 8 INFO neutron.services.segments.plugin [-] Segment 1c6506d4-e91f-4383-a34f-8d045cd16749 resource provider not found; error: Placement Client Error (4xx): {"errors": [{"status": 404, "title": "Not Found", "detail": "The resource could not be found.\n\n No resource provider with uuid 1c6506d4-e91f-4383-a34f-8d045cd16749 found for delete ", "request_id": "req-d39b997f-1e1c-4fb0-922b-4cd30490f9dc"}]} [pid: 8|app: 0|req: 873/1755] 10.0.0.70 () {32 vars in 725 bytes} [Mon Apr 20 11:19:52 2026] DELETE /v2.0/networks/32e3f235-d74a-4173-8ef3-e092a53bf3de => generated 0 bytes in 336 msecs (HTTP/1.1 204) 3 headers in 131 bytes (1 switches on core 0) [pid: 8|app: 0|req: 874/1756] 10.0.0.50 () {34 vars in 989 bytes} [Mon Apr 20 11:19:53 2026] GET /v2.0/ports?device_id=d8f71ee6-2b7f-4445-a699-771fbf91b808 => generated 1012 bytes in 35 msecs (HTTP/1.1 200) 4 headers in 158 bytes (1 switches on core 0) [pid: 8|app: 0|req: 875/1757] 199.204.45.205 () {34 vars in 994 bytes} [Mon Apr 20 11:19:53 2026] GET /v2.0/ports?device_id=d8f71ee6-2b7f-4445-a699-771fbf91b808 => generated 1250 bytes in 50 msecs (HTTP/1.1 200) 4 headers in 158 bytes (1 switches on core 0)
2026-04-20 11:19:53.241 7 INFO neutron.db.ovn_revision_numbers_db [None req-2c249b72-0b2d-46bd-82e6-6bae8969b162 - - - - - -] Successfully bumped revision number for resource 5e7d38b9-d992-4c1c-a112-b86f2ed917d2 (type: ports) to 2
2026-04-20 11:19:53.270 7 INFO neutron.db.ovn_revision_numbers_db [None req-2c249b72-0b2d-46bd-82e6-6bae8969b162 - - - - - -] Successfully bumped revision number for resource b70d90de-b963-401d-844d-2a642cad6e5f (type: subnets) to 0 [pid: 7|app: 0|req: 883/1758] 10.0.0.70 () {34 vars in 668 bytes} [Mon Apr 20 11:19:52 2026] POST /v2.0/subnets => generated 626 bytes in 723 msecs (HTTP/1.1 201) 4 headers in 162 bytes (1 switches on core 0)
2026-04-20 11:19:53.393 7 INFO neutron_taas.services.taas.taas_plugin [None req-a4573cb7-c63b-404b-8da4-d88ca0a4d299 1dc896e22235483882465e795f4bdd18 0306c81c57c54f04a2c5b05bd46c3e65 - - default default] TaaS: Handle Delete Port: a69839fe-132e-4738-adb7-b5d8e0d310bc
2026-04-20 11:19:53.395 7 INFO neutron_taas.services.taas.tap_mirror_plugin [None req-a4573cb7-c63b-404b-8da4-d88ca0a4d299 1dc896e22235483882465e795f4bdd18 0306c81c57c54f04a2c5b05bd46c3e65 - - default default] Tap Mirror: Handle Delete Port: a69839fe-132e-4738-adb7-b5d8e0d310bc
2026-04-20 11:19:53.457 8 WARNING neutron.scheduler.dhcp_agent_scheduler [None req-4b6ed65d-831b-4cc9-9ae6-b3d013c43c3b 93069efa6e2c4311a4151d723665db13 6b0886672e8441dbbb5309a4bd97500e - - default default] No more DHCP agents
2026-04-20 11:19:53.459 8 WARNING neutron.api.rpc.agentnotifiers.dhcp_rpc_agent_api [None req-4b6ed65d-831b-4cc9-9ae6-b3d013c43c3b 93069efa6e2c4311a4151d723665db13 6b0886672e8441dbbb5309a4bd97500e - - default default] Unable to schedule network 77f4b8ab-78f0-4ea3-a7ca-6d8c46bbca82: no agents available; will retry on subsequent port and subnet creation events.
2026-04-20 11:19:53.565 7 INFO neutron.plugins.ml2.drivers.ovn.mech_driver.mech_driver [None req-ebe380a7-41fa-4610-aeb5-83b38679b9f8 - - - - - -] OVN reports status down for port: 29aa5361-b66d-4fe7-b9c5-9a72413c1427
2026-04-20 11:19:53.591 8 INFO neutron.db.ovn_revision_numbers_db [None req-4b6ed65d-831b-4cc9-9ae6-b3d013c43c3b 93069efa6e2c4311a4151d723665db13 6b0886672e8441dbbb5309a4bd97500e - - default default] Successfully bumped revision number for resource 29aa5361-b66d-4fe7-b9c5-9a72413c1427 (type: ports) to 1
2026-04-20 11:19:53.614 7 INFO neutron.services.segments.plugin [-] Segment 3f72c514-a094-4a03-96e1-6b2ff4c0e763 resource provider aggregate not found
2026-04-20 11:19:53.618 7 INFO neutron.services.segments.plugin [-] Segment 3f72c514-a094-4a03-96e1-6b2ff4c0e763 resource provider aggregate not found [pid: 8|app: 0|req: 876/1759] 10.0.0.70 () {34 vars in 663 bytes} [Mon Apr 20 11:19:53 2026] POST /v2.0/ports => generated 743 bytes in 392 msecs (HTTP/1.1 201) 4 headers in 162 bytes (1 switches on core 0) /var/lib/openstack/lib/python3.12/site-packages/pycadf/identifier.py:70: UserWarning: Invalid uuid: neutron. To ensure interoperability, identifiers should be a valid uuid. warnings.warn(('Invalid uuid: %s. To ensure interoperability, '
2026-04-20 11:19:53.640 7 INFO neutron.services.segments.plugin [-] Segment 3f72c514-a094-4a03-96e1-6b2ff4c0e763 resource provider not found; error: Placement Client Error (4xx): {"errors": [{"status": 404, "title": "Not Found", "detail": "The resource could not be found.\n\n No resource provider with uuid 3f72c514-a094-4a03-96e1-6b2ff4c0e763 found for delete ", "request_id": "req-d99c9524-b75e-4fbf-ad8f-e7042427ccaa"}]}
2026-04-20 11:19:53.652 7 INFO neutron.services.segments.plugin [-] Segment 3f72c514-a094-4a03-96e1-6b2ff4c0e763 resource provider not found; error: Placement Client Error (4xx): {"errors": [{"status": 404, "title": "Not Found", "detail": "The resource could not be found.\n\n No resource provider with uuid 3f72c514-a094-4a03-96e1-6b2ff4c0e763 found for delete ", "request_id": "req-314aaf9a-8e49-4f3f-bfce-5c004d90b0cc"}]} [pid: 8|app: 0|req: 877/1760] 10.0.0.50 () {34 vars in 1119 bytes} [Mon Apr 20 11:19:53 2026] GET /v2.0/security-groups?id=28435393-f69b-42e1-871f-c3be3255bd9b&id=7282b557-a10f-4553-b848-9f2fa88735f7&fields=id&fields=name => generated 206 bytes in 51 msecs (HTTP/1.1 200) 4 headers in 157 bytes (1 switches on core 0) [pid: 7|app: 0|req: 884/1761] 10.0.0.70 () {32 vars in 725 bytes} [Mon Apr 20 11:19:53 2026] DELETE /v2.0/networks/8242b706-261e-40a1-abc5-eccd337a1f11 => generated 0 bytes in 410 msecs (HTTP/1.1 204) 3 headers in 131 bytes (1 switches on core 0) [pid: 8|app: 0|req: 878/1762] 199.204.45.205 () {34 vars in 1124 bytes} [Mon Apr 20 11:19:53 2026] GET /v2.0/security-groups?id=7282b557-a10f-4553-b848-9f2fa88735f7&id=28435393-f69b-42e1-871f-c3be3255bd9b&fields=id&fields=name => generated 206 bytes in 46 msecs (HTTP/1.1 200) 4 headers in 157 bytes (1 switches on core 0)
2026-04-20 11:19:53.812 8 INFO neutron.db.segments_db [None req-07492e45-eeab-4fc9-beaf-d3bbb1194794 93069efa6e2c4311a4151d723665db13 6b0886672e8441dbbb5309a4bd97500e - - default default] Added segment 998bf7eb-73f9-436b-9c03-72a2d459949e of type geneve for network 982c37e6-0846-4596-a819-bed0b1b8d299
2026-04-20 11:19:53.862 7 INFO neutron.plugins.ml2.drivers.ovn.mech_driver.mech_driver [None req-ebe380a7-41fa-4610-aeb5-83b38679b9f8 - - - - - -] OVN reports status up for port: 44632d53-dfed-4878-94d0-3ab31973f7c0
2026-04-20 11:19:53.885 7 INFO neutron.plugins.ml2.plugin [None req-ebe380a7-41fa-4610-aeb5-83b38679b9f8 - - - - - -] Attempt 1 to provision port 44632d53-dfed-4878-94d0-3ab31973f7c0
2026-04-20 11:19:53.961 8 INFO neutron.db.ovn_revision_numbers_db [None req-07492e45-eeab-4fc9-beaf-d3bbb1194794 93069efa6e2c4311a4151d723665db13 6b0886672e8441dbbb5309a4bd97500e - - default default] Successfully bumped revision number for resource 982c37e6-0846-4596-a819-bed0b1b8d299 (type: networks) to 1
2026-04-20 11:19:54.114 8 WARNING neutron.scheduler.dhcp_agent_scheduler [None req-07492e45-eeab-4fc9-beaf-d3bbb1194794 93069efa6e2c4311a4151d723665db13 6b0886672e8441dbbb5309a4bd97500e - - default default] No more DHCP agents
2026-04-20 11:19:54.116 8 WARNING neutron.api.rpc.agentnotifiers.dhcp_rpc_agent_api [None req-07492e45-eeab-4fc9-beaf-d3bbb1194794 93069efa6e2c4311a4151d723665db13 6b0886672e8441dbbb5309a4bd97500e - - default default] Unable to schedule network 982c37e6-0846-4596-a819-bed0b1b8d299: no agents available; will retry on subsequent port and subnet creation events.
2026-04-20 11:19:54.121 7 INFO neutron.notifiers.nova [-] Nova event matching ['req-249b7c1c-d1b6-4825-95b5-b88d4120f36a'] response: {'server_uuid': 'd8f71ee6-2b7f-4445-a699-771fbf91b808', 'name': 'network-vif-plugged', 'status': 'completed', 'tag': '44632d53-dfed-4878-94d0-3ab31973f7c0', 'code': 200}
2026-04-20 11:19:54.176 8 INFO neutron.plugins.ml2.drivers.ovn.mech_driver.mech_driver [None req-7511799a-e4fe-4687-9a65-3e6251c0f37a - - - - - -] OVN reports status down for port: f8248538-55c6-4b9e-8d37-1fa2e3190efe
2026-04-20 11:19:54.268 8 INFO neutron.db.ovn_revision_numbers_db [None req-07492e45-eeab-4fc9-beaf-d3bbb1194794 93069efa6e2c4311a4151d723665db13 6b0886672e8441dbbb5309a4bd97500e - - default default] Successfully bumped revision number for resource f8248538-55c6-4b9e-8d37-1fa2e3190efe (type: ports) to 1 [pid: 8|app: 0|req: 879/1763] 10.0.0.70 () {34 vars in 669 bytes} [Mon Apr 20 11:19:53 2026] POST /v2.0/networks => generated 651 bytes in 601 msecs (HTTP/1.1 201) 4 headers in 162 bytes (1 switches on core 0) [pid: 8|app: 0|req: 880/1764] 10.0.0.70 () {32 vars in 648 bytes} [Mon Apr 20 11:19:54 2026] GET /v2.0/networks => generated 689 bytes in 49 msecs (HTTP/1.1 200) 4 headers in 157 bytes (1 switches on core 0)
2026-04-20 11:19:54.479 7 INFO neutron.db.ovn_revision_numbers_db [None req-ebe380a7-41fa-4610-aeb5-83b38679b9f8 - - - - - -] Successfully bumped revision number for resource 44632d53-dfed-4878-94d0-3ab31973f7c0 (type: ports) to 5
2026-04-20 11:19:54.490 7 WARNING neutron.scheduler.dhcp_agent_scheduler [None req-168ef645-d5b7-434e-bf3a-4cca1512d31a 8deabd2d8f8f4286970b3c2493f85da0 2f275f3f76224529aa2af5e6e9c9525b - - default default] No more DHCP agents
2026-04-20 11:19:54.492 7 WARNING neutron.api.rpc.agentnotifiers.dhcp_rpc_agent_api [None req-168ef645-d5b7-434e-bf3a-4cca1512d31a 8deabd2d8f8f4286970b3c2493f85da0 2f275f3f76224529aa2af5e6e9c9525b - - default default] Unable to schedule network 0cd1a3af-457b-4479-b2a9-8fbd16e6de11: no agents available; will retry on subsequent port and subnet creation events.
2026-04-20 11:19:54.671 7 INFO neutron.plugins.ml2.drivers.ovn.mech_driver.mech_driver [None req-ddbbab66-2059-4521-abda-7066a715f78f - - - - - -] OVN reports status down for port: 66c446d5-54b7-488b-b931-be5c071e79c9
2026-04-20 11:19:54.676 8 WARNING neutron.scheduler.dhcp_agent_scheduler [None req-c5c293e9-92cd-4c9d-a77d-e3131f7556bf 93069efa6e2c4311a4151d723665db13 6b0886672e8441dbbb5309a4bd97500e - - default default] No more DHCP agents
2026-04-20 11:19:54.679 8 WARNING neutron.api.rpc.agentnotifiers.dhcp_rpc_agent_api [None req-c5c293e9-92cd-4c9d-a77d-e3131f7556bf 93069efa6e2c4311a4151d723665db13 6b0886672e8441dbbb5309a4bd97500e - - default default] Unable to schedule network 982c37e6-0846-4596-a819-bed0b1b8d299: no agents available; will retry on subsequent port and subnet creation events.
2026-04-20 11:19:54.749 8 INFO neutron.plugins.ml2.drivers.ovn.mech_driver.mech_driver [None req-7511799a-e4fe-4687-9a65-3e6251c0f37a - - - - - -] OVN reports status down for port: d92f4caa-e99c-489b-a8bd-e13ff82730ec
2026-04-20 11:19:54.750 7 INFO neutron.db.ovn_revision_numbers_db [None req-168ef645-d5b7-434e-bf3a-4cca1512d31a 8deabd2d8f8f4286970b3c2493f85da0 2f275f3f76224529aa2af5e6e9c9525b - - default default] Successfully bumped revision number for resource 66c446d5-54b7-488b-b931-be5c071e79c9 (type: ports) to 1
2026-04-20 11:19:54.821 8 INFO neutron.db.ovn_revision_numbers_db [None req-c5c293e9-92cd-4c9d-a77d-e3131f7556bf 93069efa6e2c4311a4151d723665db13 6b0886672e8441dbbb5309a4bd97500e - - default default] Successfully bumped revision number for resource d92f4caa-e99c-489b-a8bd-e13ff82730ec (type: ports) to 1 [pid: 8|app: 0|req: 881/1765] 10.0.0.70 () {34 vars in 663 bytes} [Mon Apr 20 11:19:54 2026] POST /v2.0/ports => generated 743 bytes in 517 msecs (HTTP/1.1 201) 4 headers in 162 bytes (1 switches on core 0) /var/lib/openstack/lib/python3.12/site-packages/pycadf/identifier.py:70: UserWarning: Invalid uuid: neutron. To ensure interoperability, identifiers should be a valid uuid. warnings.warn(('Invalid uuid: %s. To ensure interoperability, '
2026-04-20 11:19:55.008 8 INFO neutron.db.segments_db [None req-416ae088-02b7-4bdc-a743-5d71091c4418 1dc896e22235483882465e795f4bdd18 0306c81c57c54f04a2c5b05bd46c3e65 - - default default] Added segment 9215df92-4b13-40ca-a4a9-4a6db8670160 of type geneve for network ed4f1536-20fb-4723-b47c-532d3f07b913
2026-04-20 11:19:55.119 8 INFO neutron.db.ovn_revision_numbers_db [None req-416ae088-02b7-4bdc-a743-5d71091c4418 1dc896e22235483882465e795f4bdd18 0306c81c57c54f04a2c5b05bd46c3e65 - - default default] Successfully bumped revision number for resource ed4f1536-20fb-4723-b47c-532d3f07b913 (type: networks) to 1
2026-04-20 11:19:55.287 8 WARNING neutron.scheduler.dhcp_agent_scheduler [None req-416ae088-02b7-4bdc-a743-5d71091c4418 1dc896e22235483882465e795f4bdd18 0306c81c57c54f04a2c5b05bd46c3e65 - - default default] No more DHCP agents
2026-04-20 11:19:55.288 8 WARNING neutron.api.rpc.agentnotifiers.dhcp_rpc_agent_api [None req-416ae088-02b7-4bdc-a743-5d71091c4418 1dc896e22235483882465e795f4bdd18 0306c81c57c54f04a2c5b05bd46c3e65 - - default default] Unable to schedule network ed4f1536-20fb-4723-b47c-532d3f07b913: no agents available; will retry on subsequent port and subnet creation events.
2026-04-20 11:19:55.361 7 INFO neutron.plugins.ml2.drivers.ovn.mech_driver.mech_driver [None req-ddbbab66-2059-4521-abda-7066a715f78f - - - - - -] OVN reports status down for port: 02c02d3c-a11d-4cb1-82be-bb663fd8e9ab
2026-04-20 11:19:55.367 8 INFO neutron.db.ovn_revision_numbers_db [None req-416ae088-02b7-4bdc-a743-5d71091c4418 1dc896e22235483882465e795f4bdd18 0306c81c57c54f04a2c5b05bd46c3e65 - - default default] Successfully bumped revision number for resource 02c02d3c-a11d-4cb1-82be-bb663fd8e9ab (type: ports) to 1 [pid: 8|app: 0|req: 882/1766] 10.0.0.70 () {34 vars in 669 bytes} [Mon Apr 20 11:19:54 2026] POST /v2.0/networks => generated 669 bytes in 486 msecs (HTTP/1.1 201) 4 headers in 162 bytes (1 switches on core 0) [pid: 8|app: 0|req: 883/1767] 10.0.0.50 () {34 vars in 989 bytes} [Mon Apr 20 11:19:55 2026] GET /v2.0/ports?device_id=d8f71ee6-2b7f-4445-a699-771fbf91b808 => generated 1014 bytes in 81 msecs (HTTP/1.1 200) 4 headers in 158 bytes (1 switches on core 0)
2026-04-20 11:19:55.559 8 INFO neutron.db.segments_db [None req-428c6add-06ce-408c-9d4c-ecea8622e570 93069efa6e2c4311a4151d723665db13 6b0886672e8441dbbb5309a4bd97500e - - default default] Added segment d39723bb-e6f7-4bdc-87b8-5e2a98308e0a of type geneve for network 448ea408-3ee9-4a3c-a317-ed79bb6a405b
2026-04-20 11:19:55.561 7 INFO neutron.plugins.ml2.drivers.ovn.mech_driver.ovsdb.commands [None req-f1f1cc50-fbe3-4d88-88b9-125473244ac7 - - - - - -] Schedule LRP lrp-66c446d5-54b7-488b-b931-be5c071e79c9 on gateway 71018356-b6cd-4b5d-aa57-1911f3ff8029 with priority 1
2026-04-20 11:19:55.604 7 INFO neutron.plugins.ml2.drivers.ovn.mech_driver.mech_driver [None req-ddbbab66-2059-4521-abda-7066a715f78f - - - - - -] OVN reports status up for port: 66c446d5-54b7-488b-b931-be5c071e79c9
2026-04-20 11:19:55.626 7 INFO neutron.plugins.ml2.plugin [None req-ddbbab66-2059-4521-abda-7066a715f78f - - - - - -] Attempt 1 to provision port 66c446d5-54b7-488b-b931-be5c071e79c9
2026-04-20 11:19:55.657 7 INFO neutron.db.ovn_revision_numbers_db [None req-168ef645-d5b7-434e-bf3a-4cca1512d31a 8deabd2d8f8f4286970b3c2493f85da0 2f275f3f76224529aa2af5e6e9c9525b - - default default] Successfully bumped revision number for resource 66c446d5-54b7-488b-b931-be5c071e79c9 (type: router_ports) to 1
2026-04-20 11:19:55.686 8 INFO neutron.db.ovn_revision_numbers_db [None req-428c6add-06ce-408c-9d4c-ecea8622e570 93069efa6e2c4311a4151d723665db13 6b0886672e8441dbbb5309a4bd97500e - - default default] Successfully bumped revision number for resource 448ea408-3ee9-4a3c-a317-ed79bb6a405b (type: networks) to 1
2026-04-20 11:19:55.762 7 INFO neutron.db.ovn_revision_numbers_db [None req-168ef645-d5b7-434e-bf3a-4cca1512d31a 8deabd2d8f8f4286970b3c2493f85da0 2f275f3f76224529aa2af5e6e9c9525b - - default default] Successfully bumped revision number for resource cd384950-b151-45d7-bfde-c35981a84df0 (type: routers) to 2 [pid: 7|app: 0|req: 885/1768] 10.0.0.70 () {34 vars in 668 bytes} [Mon Apr 20 11:19:53 2026] POST /v2.0/routers => generated 935 bytes in 2088 msecs (HTTP/1.1 201) 4 headers in 162 bytes (1 switches on core 0) /var/lib/openstack/lib/python3.12/site-packages/pycadf/identifier.py:70: UserWarning: Invalid uuid: neutron. To ensure interoperability, identifiers should be a valid uuid. warnings.warn(('Invalid uuid: %s. To ensure interoperability, '
2026-04-20 11:19:55.841 8 WARNING neutron.scheduler.dhcp_agent_scheduler [None req-428c6add-06ce-408c-9d4c-ecea8622e570 93069efa6e2c4311a4151d723665db13 6b0886672e8441dbbb5309a4bd97500e - - default default] No more DHCP agents
2026-04-20 11:19:55.843 8 WARNING neutron.api.rpc.agentnotifiers.dhcp_rpc_agent_api [None req-428c6add-06ce-408c-9d4c-ecea8622e570 93069efa6e2c4311a4151d723665db13 6b0886672e8441dbbb5309a4bd97500e - - default default] Unable to schedule network 448ea408-3ee9-4a3c-a317-ed79bb6a405b: no agents available; will retry on subsequent port and subnet creation events.
2026-04-20 11:19:55.916 7 INFO neutron.db.segments_db [None req-d5df31fe-8426-4496-b0a1-8f6acbd44735 1dc896e22235483882465e795f4bdd18 0306c81c57c54f04a2c5b05bd46c3e65 - - default default] Added segment e5159521-ec87-4edb-8375-c15118f8644d of type geneve for network 3b2185fa-64ee-4cdb-bbbd-a402b6738572
2026-04-20 11:19:55.931 8 INFO neutron.db.ovn_revision_numbers_db [None req-428c6add-06ce-408c-9d4c-ecea8622e570 93069efa6e2c4311a4151d723665db13 6b0886672e8441dbbb5309a4bd97500e - - default default] Successfully bumped revision number for resource 7df51724-57f8-4b36-b858-862292353fcb (type: ports) to 1 [pid: 8|app: 0|req: 884/1769] 10.0.0.70 () {34 vars in 669 bytes} [Mon Apr 20 11:19:55 2026] POST /v2.0/networks => generated 649 bytes in 487 msecs (HTTP/1.1 201) 4 headers in 162 bytes (1 switches on core 0) [pid: 8|app: 0|req: 885/1770] 10.0.0.50 () {34 vars in 1119 bytes} [Mon Apr 20 11:19:55 2026] GET /v2.0/security-groups?id=28435393-f69b-42e1-871f-c3be3255bd9b&id=7282b557-a10f-4553-b848-9f2fa88735f7&fields=id&fields=name => generated 206 bytes in 28 msecs (HTTP/1.1 200) 4 headers in 157 bytes (1 switches on core 0)
2026-04-20 11:19:56.046 7 INFO neutron.db.ovn_revision_numbers_db [None req-d5df31fe-8426-4496-b0a1-8f6acbd44735 1dc896e22235483882465e795f4bdd18 0306c81c57c54f04a2c5b05bd46c3e65 - - default default] Successfully bumped revision number for resource 3b2185fa-64ee-4cdb-bbbd-a402b6738572 (type: networks) to 1
2026-04-20 11:19:56.166 7 INFO neutron.notifiers.nova [-] Nova event matching ['req-25427525-36a0-48d5-9a17-1ffb34273ccf'] response: {'server_uuid': 'd8f71ee6-2b7f-4445-a699-771fbf91b808', 'name': 'network-vif-plugged', 'status': 'completed', 'tag': '44632d53-dfed-4878-94d0-3ab31973f7c0', 'code': 200}
2026-04-20 11:19:56.256 7 WARNING neutron.scheduler.dhcp_agent_scheduler [None req-d5df31fe-8426-4496-b0a1-8f6acbd44735 1dc896e22235483882465e795f4bdd18 0306c81c57c54f04a2c5b05bd46c3e65 - - default default] No more DHCP agents
2026-04-20 11:19:56.258 7 WARNING neutron.api.rpc.agentnotifiers.dhcp_rpc_agent_api [None req-d5df31fe-8426-4496-b0a1-8f6acbd44735 1dc896e22235483882465e795f4bdd18 0306c81c57c54f04a2c5b05bd46c3e65 - - default default] Unable to schedule network 3b2185fa-64ee-4cdb-bbbd-a402b6738572: no agents available; will retry on subsequent port and subnet creation events.
2026-04-20 11:19:56.333 8 INFO neutron.plugins.ml2.drivers.ovn.mech_driver.mech_driver [None req-7511799a-e4fe-4687-9a65-3e6251c0f37a - - - - - -] OVN reports status down for port: 8b6bba91-fdca-4c11-88c7-8135e759943f
2026-04-20 11:19:56.370 7 INFO neutron.db.ovn_revision_numbers_db [None req-d5df31fe-8426-4496-b0a1-8f6acbd44735 1dc896e22235483882465e795f4bdd18 0306c81c57c54f04a2c5b05bd46c3e65 - - default default] Successfully bumped revision number for resource 8b6bba91-fdca-4c11-88c7-8135e759943f (type: ports) to 1 [pid: 7|app: 0|req: 886/1771] 10.0.0.70 () {34 vars in 669 bytes} [Mon Apr 20 11:19:55 2026] POST /v2.0/networks => generated 668 bytes in 611 msecs (HTTP/1.1 201) 4 headers in 162 bytes (1 switches on core 0)
2026-04-20 11:19:56.539 8 WARNING neutron.scheduler.dhcp_agent_scheduler [None req-096e3cf6-2874-408f-81e8-a97b2ea114b8 8deabd2d8f8f4286970b3c2493f85da0 2f275f3f76224529aa2af5e6e9c9525b - - default default] No more DHCP agents
2026-04-20 11:19:56.540 8 WARNING neutron.api.rpc.agentnotifiers.dhcp_rpc_agent_api [None req-096e3cf6-2874-408f-81e8-a97b2ea114b8 8deabd2d8f8f4286970b3c2493f85da0 2f275f3f76224529aa2af5e6e9c9525b - - default default] Unable to schedule network 9685d2ea-76f4-437b-a0a8-6706de03b8ed: no agents available; will retry on subsequent port and subnet creation events.
2026-04-20 11:19:56.610 7 WARNING neutron.scheduler.dhcp_agent_scheduler [None req-f6ed09e2-9b19-41c1-9fd9-4144dba4a9de 93069efa6e2c4311a4151d723665db13 6b0886672e8441dbbb5309a4bd97500e - - default default] No more DHCP agents
2026-04-20 11:19:56.611 7 WARNING neutron.api.rpc.agentnotifiers.dhcp_rpc_agent_api [None req-f6ed09e2-9b19-41c1-9fd9-4144dba4a9de 93069efa6e2c4311a4151d723665db13 6b0886672e8441dbbb5309a4bd97500e - - default default] Unable to schedule network 448ea408-3ee9-4a3c-a317-ed79bb6a405b: no agents available; will retry on subsequent port and subnet creation events.
2026-04-20 11:19:56.733 8 INFO neutron.plugins.ml2.drivers.ovn.mech_driver.mech_driver [None req-7511799a-e4fe-4687-9a65-3e6251c0f37a - - - - - -] OVN reports status down for port: da9ab916-f844-45c2-b7a0-71fa989d8cb9
2026-04-20 11:19:56.734 8 INFO neutron.db.ovn_revision_numbers_db [None req-096e3cf6-2874-408f-81e8-a97b2ea114b8 8deabd2d8f8f4286970b3c2493f85da0 2f275f3f76224529aa2af5e6e9c9525b - - default default] Successfully bumped revision number for resource b3d3aa52-a09c-49e2-a562-a6d5980e33e5 (type: ports) to 1
2026-04-20 11:19:56.756 7 INFO neutron.db.ovn_revision_numbers_db [None req-f6ed09e2-9b19-41c1-9fd9-4144dba4a9de 93069efa6e2c4311a4151d723665db13 6b0886672e8441dbbb5309a4bd97500e - - default default] Successfully bumped revision number for resource da9ab916-f844-45c2-b7a0-71fa989d8cb9 (type: ports) to 1 [pid: 7|app: 0|req: 887/1772] 10.0.0.70 () {34 vars in 663 bytes} [Mon Apr 20 11:19:56 2026] POST /v2.0/ports => generated 743 bytes in 424 msecs (HTTP/1.1 201) 4 headers in 162 bytes (1 switches on core 0) /var/lib/openstack/lib/python3.12/site-packages/pycadf/identifier.py:70: UserWarning: Invalid uuid: neutron. To ensure interoperability, identifiers should be a valid uuid. warnings.warn(('Invalid uuid: %s. To ensure interoperability, '
2026-04-20 11:19:57.549 8 WARNING neutron.scheduler.dhcp_agent_scheduler [None req-096e3cf6-2874-408f-81e8-a97b2ea114b8 8deabd2d8f8f4286970b3c2493f85da0 2f275f3f76224529aa2af5e6e9c9525b - - default default] No more DHCP agents
2026-04-20 11:19:57.550 8 WARNING neutron.api.rpc.agentnotifiers.dhcp_rpc_agent_api [None req-096e3cf6-2874-408f-81e8-a97b2ea114b8 8deabd2d8f8f4286970b3c2493f85da0 2f275f3f76224529aa2af5e6e9c9525b - - default default] Unable to schedule network 9685d2ea-76f4-437b-a0a8-6706de03b8ed: no agents available; will retry on subsequent port and subnet creation events.
2026-04-20 11:19:57.891 8 INFO neutron.db.ovn_revision_numbers_db [None req-096e3cf6-2874-408f-81e8-a97b2ea114b8 8deabd2d8f8f4286970b3c2493f85da0 2f275f3f76224529aa2af5e6e9c9525b - - default default] Successfully bumped revision number for resource b3d3aa52-a09c-49e2-a562-a6d5980e33e5 (type: router_ports) to 1 [pid: 8|app: 0|req: 886/1773] 10.0.0.70 () {34 vars in 782 bytes} [Mon Apr 20 11:19:55 2026] PUT /v2.0/routers/cd384950-b151-45d7-bfde-c35981a84df0/add_router_interface => generated 309 bytes in 1916 msecs (HTTP/1.1 200) 4 headers in 157 bytes (1 switches on core 0)
2026-04-20 11:19:58.002 8 INFO neutron.db.segments_db [None req-6768a299-9415-4420-ac49-00a3a82fe143 93069efa6e2c4311a4151d723665db13 6b0886672e8441dbbb5309a4bd97500e - - default default] Added segment b2530d91-95b7-4062-a870-d76d3db805ff of type geneve for network 4bf53c9c-29eb-4868-ace2-721c7f06d807
2026-04-20 11:19:58.047 7 WARNING neutron.scheduler.dhcp_agent_scheduler [None req-17d8a73c-2d22-4f14-ac93-dd40a4a66332 1dc896e22235483882465e795f4bdd18 0306c81c57c54f04a2c5b05bd46c3e65 - - default default] No more DHCP agents
2026-04-20 11:19:58.049 7 WARNING neutron.api.rpc.agentnotifiers.dhcp_rpc_agent_api [None req-17d8a73c-2d22-4f14-ac93-dd40a4a66332 1dc896e22235483882465e795f4bdd18 0306c81c57c54f04a2c5b05bd46c3e65 - - default default] Unable to schedule network ed4f1536-20fb-4723-b47c-532d3f07b913: no agents available; will retry on subsequent port and subnet creation events.
2026-04-20 11:19:58.172 8 INFO neutron.db.ovn_revision_numbers_db [None req-6768a299-9415-4420-ac49-00a3a82fe143 93069efa6e2c4311a4151d723665db13 6b0886672e8441dbbb5309a4bd97500e - - default default] Successfully bumped revision number for resource 4bf53c9c-29eb-4868-ace2-721c7f06d807 (type: networks) to 1
2026-04-20 11:19:58.198 7 INFO neutron.db.ovn_revision_numbers_db [None req-17d8a73c-2d22-4f14-ac93-dd40a4a66332 1dc896e22235483882465e795f4bdd18 0306c81c57c54f04a2c5b05bd46c3e65 - - default default] Successfully bumped revision number for resource d19686da-5d0a-4201-ba45-47d6ba481883 (type: ports) to 1
2026-04-20 11:19:58.247 7 WARNING neutron.scheduler.dhcp_agent_scheduler [None req-17d8a73c-2d22-4f14-ac93-dd40a4a66332 1dc896e22235483882465e795f4bdd18 0306c81c57c54f04a2c5b05bd46c3e65 - - default default] No more DHCP agents
2026-04-20 11:19:58.248 7 WARNING neutron.api.rpc.agentnotifiers.dhcp_rpc_agent_api [None req-17d8a73c-2d22-4f14-ac93-dd40a4a66332 1dc896e22235483882465e795f4bdd18 0306c81c57c54f04a2c5b05bd46c3e65 - - default default] Unable to schedule network 3b2185fa-64ee-4cdb-bbbd-a402b6738572: no agents available; will retry on subsequent port and subnet creation events.
2026-04-20 11:19:58.329 8 INFO neutron.plugins.ml2.drivers.ovn.mech_driver.mech_driver [None req-7511799a-e4fe-4687-9a65-3e6251c0f37a - - - - - -] OVN reports status down for port: a86f8736-fbf9-4a79-9e70-9048933950a5
2026-04-20 11:19:58.338 7 INFO neutron.db.ovn_revision_numbers_db [None req-17d8a73c-2d22-4f14-ac93-dd40a4a66332 1dc896e22235483882465e795f4bdd18 0306c81c57c54f04a2c5b05bd46c3e65 - - default default] Successfully bumped revision number for resource a86f8736-fbf9-4a79-9e70-9048933950a5 (type: ports) to 1
2026-04-20 11:19:58.377 8 WARNING neutron.scheduler.dhcp_agent_scheduler [None req-6768a299-9415-4420-ac49-00a3a82fe143 93069efa6e2c4311a4151d723665db13 6b0886672e8441dbbb5309a4bd97500e - - default default] No more DHCP agents
2026-04-20 11:19:58.381 8 WARNING neutron.api.rpc.agentnotifiers.dhcp_rpc_agent_api [None req-6768a299-9415-4420-ac49-00a3a82fe143 93069efa6e2c4311a4151d723665db13 6b0886672e8441dbbb5309a4bd97500e - - default default] Unable to schedule network 4bf53c9c-29eb-4868-ace2-721c7f06d807: no agents available; will retry on subsequent port and subnet creation events. [pid: 7|app: 0|req: 888/1774] 10.0.0.70 () {34 vars in 664 bytes} [Mon Apr 20 11:19:56 2026] POST /v2.0/ports => generated 1505 bytes in 1599 msecs (HTTP/1.1 201) 4 headers in 163 bytes (1 switches on core 0) /var/lib/openstack/lib/python3.12/site-packages/pycadf/identifier.py:70: UserWarning: Invalid uuid: neutron. To ensure interoperability, identifiers should be a valid uuid. warnings.warn(('Invalid uuid: %s. To ensure interoperability, '
2026-04-20 11:19:58.490 8 INFO neutron.db.ovn_revision_numbers_db [None req-6768a299-9415-4420-ac49-00a3a82fe143 93069efa6e2c4311a4151d723665db13 6b0886672e8441dbbb5309a4bd97500e - - default default] Successfully bumped revision number for resource c2543ee0-c668-49e7-8f26-2173648d12ac (type: ports) to 1 [pid: 8|app: 0|req: 887/1775] 10.0.0.70 () {34 vars in 669 bytes} [Mon Apr 20 11:19:57 2026] POST /v2.0/networks => generated 651 bytes in 619 msecs (HTTP/1.1 201) 4 headers in 162 bytes (1 switches on core 0) [pid: 7|app: 0|req: 889/1776] 10.0.0.50 () {34 vars in 989 bytes} [Mon Apr 20 11:19:58 2026] GET /v2.0/ports?device_id=d8f71ee6-2b7f-4445-a699-771fbf91b808 => generated 1014 bytes in 102 msecs (HTTP/1.1 200) 4 headers in 158 bytes (1 switches on core 0) [pid: 7|app: 0|req: 890/1777] 10.0.0.70 () {32 vars in 642 bytes} [Mon Apr 20 11:19:58 2026] GET /v2.0/ports => generated 3017 bytes in 46 msecs (HTTP/1.1 200) 4 headers in 158 bytes (1 switches on core 0)
2026-04-20 11:19:58.799 7 WARNING neutron.scheduler.dhcp_agent_scheduler [None req-68d4ac26-cf33-4c4e-bad0-54fcbbf63207 93069efa6e2c4311a4151d723665db13 6b0886672e8441dbbb5309a4bd97500e - - default default] No more DHCP agents
2026-04-20 11:19:58.801 7 WARNING neutron.api.rpc.agentnotifiers.dhcp_rpc_agent_api [None req-68d4ac26-cf33-4c4e-bad0-54fcbbf63207 93069efa6e2c4311a4151d723665db13 6b0886672e8441dbbb5309a4bd97500e - - default default] Unable to schedule network 4bf53c9c-29eb-4868-ace2-721c7f06d807: no agents available; will retry on subsequent port and subnet creation events.
2026-04-20 11:19:58.897 8 INFO neutron.plugins.ml2.drivers.ovn.mech_driver.mech_driver [None req-7511799a-e4fe-4687-9a65-3e6251c0f37a - - - - - -] OVN reports status down for port: af0ed525-9029-4a34-bacb-06ae327148b1
2026-04-20 11:19:58.922 7 INFO neutron.db.ovn_revision_numbers_db [None req-68d4ac26-cf33-4c4e-bad0-54fcbbf63207 93069efa6e2c4311a4151d723665db13 6b0886672e8441dbbb5309a4bd97500e - - default default] Successfully bumped revision number for resource af0ed525-9029-4a34-bacb-06ae327148b1 (type: ports) to 1 [pid: 7|app: 0|req: 891/1778] 10.0.0.70 () {34 vars in 663 bytes} [Mon Apr 20 11:19:58 2026] POST /v2.0/ports => generated 743 bytes in 404 msecs (HTTP/1.1 201) 4 headers in 162 bytes (1 switches on core 0) /var/lib/openstack/lib/python3.12/site-packages/pycadf/identifier.py:70: UserWarning: Invalid uuid: neutron. To ensure interoperability, identifiers should be a valid uuid. warnings.warn(('Invalid uuid: %s. To ensure interoperability, ' [pid: 7|app: 0|req: 892/1779] 10.0.0.50 () {34 vars in 1119 bytes} [Mon Apr 20 11:19:58 2026] GET /v2.0/security-groups?id=28435393-f69b-42e1-871f-c3be3255bd9b&id=7282b557-a10f-4553-b848-9f2fa88735f7&fields=id&fields=name => generated 206 bytes in 38 msecs (HTTP/1.1 200) 4 headers in 157 bytes (1 switches on core 0)
2026-04-20 11:19:59.127 7 INFO neutron_taas.services.taas.taas_plugin [None req-2e6cbf96-142e-4c4a-b1a3-e1829c9afe10 1dc896e22235483882465e795f4bdd18 0306c81c57c54f04a2c5b05bd46c3e65 - - default default] TaaS: Handle Delete Port: d19686da-5d0a-4201-ba45-47d6ba481883
2026-04-20 11:19:59.130 7 INFO neutron_taas.services.taas.tap_mirror_plugin [None req-2e6cbf96-142e-4c4a-b1a3-e1829c9afe10 1dc896e22235483882465e795f4bdd18 0306c81c57c54f04a2c5b05bd46c3e65 - - default default] Tap Mirror: Handle Delete Port: d19686da-5d0a-4201-ba45-47d6ba481883
2026-04-20 11:19:59.251 8 WARNING neutron.scheduler.dhcp_agent_scheduler [None req-f3976307-f873-4767-ad02-fd52db5f8fc2 - - - - - -] No more DHCP agents
2026-04-20 11:19:59.253 8 WARNING neutron.api.rpc.agentnotifiers.dhcp_rpc_agent_api [None req-f3976307-f873-4767-ad02-fd52db5f8fc2 - - - - - -] Unable to schedule network 0cd1a3af-457b-4479-b2a9-8fbd16e6de11: no agents available; will retry on subsequent port and subnet creation events. [pid: 7|app: 0|req: 893/1780] 10.0.0.70 () {32 vars in 719 bytes} [Mon Apr 20 11:19:59 2026] DELETE /v2.0/ports/d19686da-5d0a-4201-ba45-47d6ba481883 => generated 0 bytes in 273 msecs (HTTP/1.1 204) 3 headers in 131 bytes (1 switches on core 0) [pid: 7|app: 0|req: 894/1781] 10.0.0.70 () {34 vars in 746 bytes} [Mon Apr 20 11:19:59 2026] PUT /v2.0/ports/9242fd04-88f6-49d7-960d-a56d0dcc2133/tags => generated 17 bytes in 67 msecs (HTTP/1.1 200) 4 headers in 156 bytes (1 switches on core 0) /var/lib/openstack/lib/python3.12/site-packages/pycadf/identifier.py:70: UserWarning: Invalid uuid: neutron. To ensure interoperability, identifiers should be a valid uuid. warnings.warn(('Invalid uuid: %s. To ensure interoperability, '
2026-04-20 11:19:59.431 8 INFO neutron.db.ovn_revision_numbers_db [None req-f3976307-f873-4767-ad02-fd52db5f8fc2 - - - - - -] Successfully bumped revision number for resource 28dd6c1a-fc34-49fb-9b00-737459ad79cc (type: ports) to 1 [pid: 7|app: 0|req: 895/1782] 10.0.0.50 () {34 vars in 989 bytes} [Mon Apr 20 11:19:59 2026] GET /v2.0/ports?device_id=d8f71ee6-2b7f-4445-a699-771fbf91b808 => generated 1014 bytes in 105 msecs (HTTP/1.1 200) 4 headers in 158 bytes (1 switches on core 0)
2026-04-20 11:19:59.581 7 INFO neutron_taas.services.taas.taas_plugin [None req-8010ec32-46fe-44fb-ba0f-19e3089adaa1 1dc896e22235483882465e795f4bdd18 0306c81c57c54f04a2c5b05bd46c3e65 - - default default] TaaS: Handle Delete Port: a86f8736-fbf9-4a79-9e70-9048933950a5
2026-04-20 11:19:59.584 7 INFO neutron_taas.services.taas.tap_mirror_plugin [None req-8010ec32-46fe-44fb-ba0f-19e3089adaa1 1dc896e22235483882465e795f4bdd18 0306c81c57c54f04a2c5b05bd46c3e65 - - default default] Tap Mirror: Handle Delete Port: a86f8736-fbf9-4a79-9e70-9048933950a5 [pid: 7|app: 0|req: 896/1783] 10.0.0.70 () {32 vars in 719 bytes} [Mon Apr 20 11:19:59 2026] DELETE /v2.0/ports/a86f8736-fbf9-4a79-9e70-9048933950a5 => generated 0 bytes in 246 msecs (HTTP/1.1 204) 3 headers in 131 bytes (1 switches on core 0)
2026-04-20 11:19:59.748 8 INFO neutron.db.ovn_revision_numbers_db [None req-f3976307-f873-4767-ad02-fd52db5f8fc2 - - - - - -] Successfully bumped revision number for resource 28dd6c1a-fc34-49fb-9b00-737459ad79cc (type: ports) to 3 [pid: 7|app: 0|req: 897/1784] 10.0.0.70 () {34 vars in 746 bytes} [Mon Apr 20 11:19:59 2026] PUT /v2.0/ports/29aa5361-b66d-4fe7-b9c5-9a72413c1427/tags => generated 25 bytes in 77 msecs (HTTP/1.1 200) 4 headers in 156 bytes (1 switches on core 0) /var/lib/openstack/lib/python3.12/site-packages/pycadf/identifier.py:70: UserWarning: Invalid uuid: neutron. To ensure interoperability, identifiers should be a valid uuid. warnings.warn(('Invalid uuid: %s. To ensure interoperability, '
2026-04-20 11:19:59.819 8 INFO neutron.db.segments_db [None req-f3976307-f873-4767-ad02-fd52db5f8fc2 - - - - - -] Added segment 9d82f8d8-4448-4b32-8476-69e3c85294fb of type geneve for network 5c722841-fc95-4e8b-9418-67afaffd3e64
2026-04-20 11:19:59.939 8 INFO neutron.db.ovn_revision_numbers_db [None req-819b1eb5-2b8f-4e89-be08-b0635399c24b - - - - - -] Successfully bumped revision number for resource 5c722841-fc95-4e8b-9418-67afaffd3e64 (type: networks) to 1
2026-04-20 11:20:00.083 8 WARNING neutron.scheduler.dhcp_agent_scheduler [None req-819b1eb5-2b8f-4e89-be08-b0635399c24b - - - - - -] No more DHCP agents
2026-04-20 11:20:00.087 8 WARNING neutron.api.rpc.agentnotifiers.dhcp_rpc_agent_api [None req-819b1eb5-2b8f-4e89-be08-b0635399c24b - - - - - -] Unable to schedule network 5c722841-fc95-4e8b-9418-67afaffd3e64: no agents available; will retry on subsequent port and subnet creation events.
2026-04-20 11:20:00.265 8 INFO neutron.plugins.ml2.drivers.ovn.mech_driver.mech_driver [None req-7511799a-e4fe-4687-9a65-3e6251c0f37a - - - - - -] OVN reports status down for port: 3e1d3790-3393-49e4-b59f-02ddbcbec804
2026-04-20 11:20:00.342 8 INFO neutron.db.ovn_revision_numbers_db [None req-819b1eb5-2b8f-4e89-be08-b0635399c24b - - - - - -] Successfully bumped revision number for resource 3e1d3790-3393-49e4-b59f-02ddbcbec804 (type: ports) to 1
2026-04-20 11:20:00.381 7 INFO neutron.db.ovn_revision_numbers_db [None req-62d77316-5f19-4d94-8e49-e2b1e3d9c0b6 06c1d11e79ba4fd7bd80b258bcf1a07d fe69350062a543b1a3871ceb49851843 - - default default] Successfully bumped revision number for resource d8bdb4c6-01e9-4411-b11e-c26b9c2916b1 (type: floatingips) to 1
2026-04-20 11:20:00.543 7 INFO neutron.db.ovn_revision_numbers_db [None req-62d77316-5f19-4d94-8e49-e2b1e3d9c0b6 06c1d11e79ba4fd7bd80b258bcf1a07d fe69350062a543b1a3871ceb49851843 - - default default] Successfully bumped revision number for resource d8bdb4c6-01e9-4411-b11e-c26b9c2916b1 (type: floatingips) to 2
2026-04-20 11:20:00.543 7 INFO neutron.db.l3_db [None req-62d77316-5f19-4d94-8e49-e2b1e3d9c0b6 06c1d11e79ba4fd7bd80b258bcf1a07d fe69350062a543b1a3871ceb49851843 - - default default] Floating IP d8bdb4c6-01e9-4411-b11e-c26b9c2916b1 associated. External IP: 10.96.250.210, port: 44632d53-dfed-4878-94d0-3ab31973f7c0.
2026-04-20 11:20:00.549 8 WARNING neutron.scheduler.dhcp_agent_scheduler [None req-819b1eb5-2b8f-4e89-be08-b0635399c24b - - - - - -] No more DHCP agents
2026-04-20 11:20:00.551 8 WARNING neutron.api.rpc.agentnotifiers.dhcp_rpc_agent_api [None req-819b1eb5-2b8f-4e89-be08-b0635399c24b - - - - - -] Unable to schedule network 5c722841-fc95-4e8b-9418-67afaffd3e64: no agents available; will retry on subsequent port and subnet creation events.
2026-04-20 11:20:00.574 8 INFO neutron.db.ovn_revision_numbers_db [None req-819b1eb5-2b8f-4e89-be08-b0635399c24b - - - - - -] Successfully bumped revision number for resource 5e8e04cf-3695-435a-be8d-65beebd2bdca (type: subnets) to 0 [pid: 7|app: 0|req: 898/1785] 10.0.0.70 () {34 vars in 748 bytes} [Mon Apr 20 11:19:59 2026] PUT /v2.0/floatingips/d8bdb4c6-01e9-4411-b11e-c26b9c2916b1 => generated 856 bytes in 795 msecs (HTTP/1.1 200) 4 headers in 157 bytes (1 switches on core 0)
